2024-05-09T09:38:21.742 INFO:teuthology.orchestra.run.smithi066.stdout:/usr/bin/ceph: stdout Added host 'smithi066' with addr '172.21.15.66'
2024-05-09T09:38:21.742 INFO:teuthology.orchestra.run.smithi066.stdout:/usr/bin/ceph: stderr
2024-05-09T09:38:19.023+0000 7f703bec7700 1 Processor -- start
2024-05-09T09:38:21.742 INFO:teuthology.orchestra.run.smithi066.stdout:/usr/bin/ceph: stderr
2024-05-09T09:38:19.023+0000 7f703bec7700 1 -- start start
2024-05-09T09:38:21.742 INFO:teuthology.orchestra.run.smithi066.stdout:/usr/bin/ceph: stderr
2024-05-09T09:38:19.023+0000 7f703bec7700 1 --2- >> [v2:172.21.15.66:3300/0,v1:172.21.15.66:6789/0] conn(0x7f7034076bf0 0x7f7034105460 unknown :-1 s=NONE pgs=0 cs=0 l=0 rev1=0 crypto rx=0 tx=0 comp rx=0 tx=0).connect
2024-05-09T09:38:21.742 INFO:teuthology.orchestra.run.smithi066.stdout:/usr/bin/ceph: stderr
2024-05-09T09:38:19.023+0000 7f703bec7700 1 -- --> [v2:172.21.15.66:3300/0,v1:172.21.15.66:6789/0] -- mon_getmap magic: 0 v1 -- 0x7f70341059a0 con 0x7f7034076bf0
2024-05-09T09:38:21.742 INFO:teuthology.orchestra.run.smithi066.stdout:/usr/bin/ceph: stderr
2024-05-09T09:38:19.024+0000 7f7039c63700 1 --2- >> [v2:172.21.15.66:3300/0,v1:172.21.15.66:6789/0] conn(0x7f7034076bf0 0x7f7034105460 unknown :-1 s=BANNER_CONNECTING pgs=0 cs=0 l=0 rev1=0 crypto rx=0 tx=0 comp rx=0 tx=0)._handle_peer_banner_payload supported=3 required=0
2024-05-09T09:38:21.742 INFO:teuthology.orchestra.run.smithi066.stdout:/usr/bin/ceph: stderr
2024-05-09T09:38:19.024+0000 7f7039c63700 1 --2- >> [v2:172.21.15.66:3300/0,v1:172.21.15.66:6789/0] conn(0x7f7034076bf0 0x7f7034105460 unknown :-1 s=HELLO_CONNECTING pgs=0 cs=0 l=0 rev1=1 crypto rx=0 tx=0 comp rx=0 tx=0).handle_hello peer v2:172.21.15.66:3300/0 says I am v2:172.21.15.66:54262/0 (socket says 172.21.15.66:54262)
2024-05-09T09:38:21.742 INFO:teuthology.orchestra.run.smithi066.stdout:/usr/bin/ceph: stderr
2024-05-09T09:38:19.024+0000 7f7039c63700 1 -- 172.21.15.66:0/3737954706 learned_addr learned my addr 172.21.15.66:0/3737954706 (peer_addr_for_me v2:172.21.15.66:0/0)
2024-05-09T09:38:21.742 INFO:teuthology.orchestra.run.smithi066.stdout:/usr/bin/ceph: stderr
2024-05-09T09:38:19.024+0000 7f7039c63700 1 -- 172.21.15.66:0/3737954706 --> [v2:172.21.15.66:3300/0,v1:172.21.15.66:6789/0] -- mon_subscribe({config=0+,monmap=0+}) v3 -- 0x7f7034105ae0 con 0x7f7034076bf0
2024-05-09T09:38:21.742 INFO:teuthology.orchestra.run.smithi066.stdout:/usr/bin/ceph: stderr
2024-05-09T09:38:19.024+0000 7f7039c63700 1 --2- 172.21.15.66:0/3737954706 >> [v2:172.21.15.66:3300/0,v1:172.21.15.66:6789/0] conn(0x7f7034076bf0 0x7f7034105460 secure :-1 s=READY pgs=43 cs=0 l=1 rev1=1 crypto rx=0x7f70300098e0 tx=0x7f7030009250 comp rx=0 tx=0).ready entity=mon.0 client_cookie=6b0af6a40d62ed73 server_cookie=0 in_seq=0 out_seq=0
2024-05-09T09:38:21.743 INFO:teuthology.orchestra.run.smithi066.stdout:/usr/bin/ceph: stderr
2024-05-09T09:38:19.024+0000 7f7038c61700 1 -- 172.21.15.66:0/3737954706 <== mon.0 v2:172.21.15.66:3300/0 1 ==== mon_map magic: 0 v1 ==== 229+0+0 (secure 0 0 0) 0x7f703000b860 con 0x7f7034076bf0
2024-05-09T09:38:21.743 INFO:teuthology.orchestra.run.smithi066.stdout:/usr/bin/ceph: stderr
2024-05-09T09:38:19.024+0000 7f7038c61700 1 -- 172.21.15.66:0/3737954706 <== mon.0 v2:172.21.15.66:3300/0 2 ==== config(27 keys) v1 ==== 1044+0+0 (secure 0 0 0) 0x7f703000be50 con 0x7f7034076bf0
2024-05-09T09:38:21.743 INFO:teuthology.orchestra.run.smithi066.stdout:/usr/bin/ceph: stderr
2024-05-09T09:38:19.024+0000 7f7038c61700 1 -- 172.21.15.66:0/3737954706 <== mon.0 v2:172.21.15.66:3300/0 3 ==== mon_map magic: 0 v1 ==== 229+0+0 (secure 0 0 0) 0x7f7030010380 con 0x7f7034076bf0
2024-05-09T09:38:21.743 INFO:teuthology.orchestra.run.smithi066.stdout:/usr/bin/ceph: stderr
2024-05-09T09:38:19.025+0000 7f703bec7700 1 -- 172.21.15.66:0/3737954706 >> [v2:172.21.15.66:3300/0,v1:172.21.15.66:6789/0] conn(0x7f7034076bf0 msgr2=0x7f7034105460 secure :-1 s=STATE_CONNECTION_ESTABLISHED l=1).mark_down
2024-05-09T09:38:21.743 INFO:teuthology.orchestra.run.smithi066.stdout:/usr/bin/ceph: stderr
2024-05-09T09:38:19.025+0000 7f703bec7700 1 --2- 172.21.15.66:0/3737954706 >> [v2:172.21.15.66:3300/0,v1:172.21.15.66:6789/0] conn(0x7f7034076bf0 0x7f7034105460 secure :-1 s=READY pgs=43 cs=0 l=1 rev1=1 crypto rx=0x7f70300098e0 tx=0x7f7030009250 comp rx=0 tx=0).stop
2024-05-09T09:38:21.743 INFO:teuthology.orchestra.run.smithi066.stdout:/usr/bin/ceph: stderr
2024-05-09T09:38:19.025+0000 7f703bec7700 1 -- 172.21.15.66:0/3737954706 shutdown_connections
2024-05-09T09:38:21.743 INFO:teuthology.orchestra.run.smithi066.stdout:/usr/bin/ceph: stderr
2024-05-09T09:38:19.025+0000 7f703bec7700 1 --2- 172.21.15.66:0/3737954706 >> [v2:172.21.15.66:3300/0,v1:172.21.15.66:6789/0] conn(0x7f7034076bf0 0x7f7034105460 unknown :-1 s=CLOSED pgs=43 cs=0 l=1 rev1=1 crypto rx=0 tx=0 comp rx=0 tx=0).stop
2024-05-09T09:38:21.743 INFO:teuthology.orchestra.run.smithi066.stdout:/usr/bin/ceph: stderr
2024-05-09T09:38:19.025+0000 7f703bec7700 1 -- 172.21.15.66:0/3737954706 >> 172.21.15.66:0/3737954706 conn(0x7f70340fcef0 msgr2=0x7f70340ff300 unknown :-1 s=STATE_NONE l=0).mark_down
2024-05-09T09:38:21.743 INFO:teuthology.orchestra.run.smithi066.stdout:/usr/bin/ceph: stderr
2024-05-09T09:38:19.025+0000 7f703bec7700 1 -- 172.21.15.66:0/3737954706 shutdown_connections
2024-05-09T09:38:21.743 INFO:teuthology.orchestra.run.smithi066.stdout:/usr/bin/ceph: stderr
2024-05-09T09:38:19.025+0000 7f703bec7700 1 -- 172.21.15.66:0/3737954706 wait complete.
2024-05-09T09:38:21.743 INFO:teuthology.orchestra.run.smithi066.stdout:/usr/bin/ceph: stderr
2024-05-09T09:38:19.025+0000 7f703bec7700 1 Processor -- start
2024-05-09T09:38:21.743 INFO:teuthology.orchestra.run.smithi066.stdout:/usr/bin/ceph: stderr
2024-05-09T09:38:19.026+0000 7f703bec7700 1 -- start start
2024-05-09T09:38:21.743 INFO:teuthology.orchestra.run.smithi066.stdout:/usr/bin/ceph: stderr
2024-05-09T09:38:19.026+0000 7f703bec7700 1 --2- >> [v2:172.21.15.66:3300/0,v1:172.21.15.66:6789/0] conn(0x7f7034076bf0 0x7f7034102db0 unknown :-1 s=NONE pgs=0 cs=0 l=1 rev1=0 crypto rx=0 tx=0 comp rx=0 tx=0).connect
2024-05-09T09:38:21.743 INFO:teuthology.orchestra.run.smithi066.stdout:/usr/bin/ceph: stderr
2024-05-09T09:38:19.026+0000 7f703bec7700 1 -- --> [v2:172.21.15.66:3300/0,v1:172.21.15.66:6789/0] -- mon_getmap magic: 0 v1 -- 0x7f70341032f0 con 0x7f7034076bf0
2024-05-09T09:38:21.744 INFO:teuthology.orchestra.run.smithi066.stdout:/usr/bin/ceph: stderr
2024-05-09T09:38:19.026+0000 7f7039c63700 1 --2- >> [v2:172.21.15.66:3300/0,v1:172.21.15.66:6789/0] conn(0x7f7034076bf0 0x7f7034102db0 unknown :-1 s=BANNER_CONNECTING pgs=0 cs=0 l=1 rev1=0 crypto rx=0 tx=0 comp rx=0 tx=0)._handle_peer_banner_payload supported=3 required=0
2024-05-09T09:38:21.744 INFO:teuthology.orchestra.run.smithi066.stdout:/usr/bin/ceph: stderr
2024-05-09T09:38:19.026+0000 7f7039c63700 1 --2- >> [v2:172.21.15.66:3300/0,v1:172.21.15.66:6789/0] conn(0x7f7034076bf0 0x7f7034102db0 unknown :-1 s=HELLO_CONNECTING pgs=0 cs=0 l=1 rev1=1 crypto rx=0 tx=0 comp rx=0 tx=0).handle_hello peer v2:172.21.15.66:3300/0 says I am v2:172.21.15.66:54276/0 (socket says 172.21.15.66:54276)
2024-05-09T09:38:21.744 INFO:teuthology.orchestra.run.smithi066.stdout:/usr/bin/ceph: stderr
2024-05-09T09:38:19.026+0000 7f7039c63700 1 -- 172.21.15.66:0/1001500605 learned_addr learned my addr 172.21.15.66:0/1001500605 (peer_addr_for_me v2:172.21.15.66:0/0)
2024-05-09T09:38:21.744 INFO:teuthology.orchestra.run.smithi066.stdout:/usr/bin/ceph: stderr
2024-05-09T09:38:19.026+0000 7f7039c63700 1 -- 172.21.15.66:0/1001500605 --> [v2:172.21.15.66:3300/0,v1:172.21.15.66:6789/0] -- mon_subscribe({config=0+,monmap=0+}) v3 -- 0x7f70300094f0 con 0x7f7034076bf0
2024-05-09T09:38:21.744 INFO:teuthology.orchestra.run.smithi066.stdout:/usr/bin/ceph: stderr
2024-05-09T09:38:19.026+0000 7f7039c63700 1 --2- 172.21.15.66:0/1001500605 >> [v2:172.21.15.66:3300/0,v1:172.21.15.66:6789/0] conn(0x7f7034076bf0 0x7f7034102db0 secure :-1 s=READY pgs=44 cs=0 l=1 rev1=1 crypto rx=0x7f7030003050 tx=0x7f7030009250 comp rx=0 tx=0).ready entity=mon.0 client_cookie=0 server_cookie=0 in_seq=0 out_seq=0
2024-05-09T09:38:21.744 INFO:teuthology.orchestra.run.smithi066.stdout:/usr/bin/ceph: stderr
2024-05-09T09:38:19.026+0000 7f702a7fc700 1 -- 172.21.15.66:0/1001500605 <== mon.0 v2:172.21.15.66:3300/0 1 ==== mon_map magic: 0 v1 ==== 229+0+0 (secure 0 0 0) 0x7f7030010760 con 0x7f7034076bf0
2024-05-09T09:38:21.744 INFO:teuthology.orchestra.run.smithi066.stdout:/usr/bin/ceph: stderr
2024-05-09T09:38:19.026+0000 7f702a7fc700 1 -- 172.21.15.66:0/1001500605 <== mon.0 v2:172.21.15.66:3300/0 2 ==== config(27 keys) v1 ==== 1044+0+0 (secure 0 0 0) 0x7f7030010d50 con 0x7f7034076bf0
2024-05-09T09:38:21.744 INFO:teuthology.orchestra.run.smithi066.stdout:/usr/bin/ceph: stderr
2024-05-09T09:38:19.026+0000 7f703bec7700 1 -- 172.21.15.66:0/1001500605 --> [v2:172.21.15.66:3300/0,v1:172.21.15.66:6789/0] -- mon_subscribe({mgrmap=0+}) v3 -- 0x7f7034101360 con 0x7f7034076bf0
2024-05-09T09:38:21.744 INFO:teuthology.orchestra.run.smithi066.stdout:/usr/bin/ceph: stderr
2024-05-09T09:38:19.026+0000 7f702a7fc700 1 -- 172.21.15.66:0/1001500605 <== mon.0 v2:172.21.15.66:3300/0 3 ==== mon_map magic: 0 v1 ==== 229+0+0 (secure 0 0 0) 0x7f703001ae20 con 0x7f7034076bf0
2024-05-09T09:38:21.744 INFO:teuthology.orchestra.run.smithi066.stdout:/usr/bin/ceph: stderr
2024-05-09T09:38:19.026+0000 7f703bec7700 1 -- 172.21.15.66:0/1001500605 --> [v2:172.21.15.66:3300/0,v1:172.21.15.66:6789/0] -- mon_subscribe({osdmap=0}) v3 -- 0x7f7034101850 con 0x7f7034076bf0
2024-05-09T09:38:21.744 INFO:teuthology.orchestra.run.smithi066.stdout:/usr/bin/ceph: stderr
2024-05-09T09:38:19.027+0000 7f702a7fc700 1 -- 172.21.15.66:0/1001500605 <== mon.0 v2:172.21.15.66:3300/0 4 ==== mgrmap(e 8) v1 ==== 43376+0+0 (secure 0 0 0) 0x7f703002e440 con 0x7f7034076bf0
2024-05-09T09:38:21.744 INFO:teuthology.orchestra.run.smithi066.stdout:/usr/bin/ceph: stderr
2024-05-09T09:38:19.028+0000 7f703bec7700 1 -- 172.21.15.66:0/1001500605 --> [v2:172.21.15.66:3300/0,v1:172.21.15.66:6789/0] -- mon_command({"prefix": "get_command_descriptions"} v 0) v1 -- 0x7f703404bed0 con 0x7f7034076bf0
2024-05-09T09:38:21.744 INFO:teuthology.orchestra.run.smithi066.stdout:/usr/bin/ceph: stderr
2024-05-09T09:38:19.028+0000 7f702a7fc700 1 --2- 172.21.15.66:0/1001500605 >> [v2:172.21.15.66:6800/246170910,v1:172.21.15.66:6801/246170910] conn(0x7f7020036830 0x7f7020038ce0 unknown :-1 s=NONE pgs=0 cs=0 l=1 rev1=0 crypto rx=0 tx=0 comp rx=0 tx=0).connect
2024-05-09T09:38:21.744 INFO:teuthology.orchestra.run.smithi066.stdout:/usr/bin/ceph: stderr
2024-05-09T09:38:19.028+0000 7f702a7fc700 1 -- 172.21.15.66:0/1001500605 <== mon.0 v2:172.21.15.66:3300/0 5 ==== osd_map(2..2 src has 1..2) v4 ==== 936+0+0 (secure 0 0 0) 0x7f703004a680 con 0x7f7034076bf0
2024-05-09T09:38:21.744 INFO:teuthology.orchestra.run.smithi066.stdout:/usr/bin/ceph: stderr
2024-05-09T09:38:19.028+0000 7f7039462700 1 --2- 172.21.15.66:0/1001500605 >> [v2:172.21.15.66:6800/246170910,v1:172.21.15.66:6801/246170910] conn(0x7f7020036830 0x7f7020038ce0 unknown :-1 s=BANNER_CONNECTING pgs=0 cs=0 l=1 rev1=0 crypto rx=0 tx=0 comp rx=0 tx=0)._handle_peer_banner_payload supported=3 required=0
2024-05-09T09:38:21.744 INFO:teuthology.orchestra.run.smithi066.stdout:/usr/bin/ceph: stderr
2024-05-09T09:38:19.028+0000 7f7039462700 1 --2- 172.21.15.66:0/1001500605 >> [v2:172.21.15.66:6800/246170910,v1:172.21.15.66:6801/246170910] conn(0x7f7020036830 0x7f7020038ce0 secure :-1 s=READY pgs=11 cs=0 l=1 rev1=1 crypto rx=0x7f7024009990 tx=0x7f7024006e40 comp rx=0 tx=0).ready entity=mgr.14118 client_cookie=0 server_cookie=0 in_seq=0 out_seq=0
2024-05-09T09:38:21.745 INFO:teuthology.orchestra.run.smithi066.stdout:/usr/bin/ceph: stderr
2024-05-09T09:38:19.032+0000 7f702a7fc700 1 -- 172.21.15.66:0/1001500605 <== mon.0 v2:172.21.15.66:3300/0 6 ==== mon_command_ack([{"prefix": "get_command_descriptions"}]=0 v0) v1 ==== 72+0+176702 (secure 0 0 0) 0x7f7030006d70 con 0x7f7034076bf0
2024-05-09T09:38:21.745 INFO:teuthology.orchestra.run.smithi066.stdout:/usr/bin/ceph: stderr
2024-05-09T09:38:19.237+0000 7f703bec7700 1 -- 172.21.15.66:0/1001500605 --> [v2:172.21.15.66:6800/246170910,v1:172.21.15.66:6801/246170910] -- mgr_command(tid 0: {"prefix": "orch host add", "hostname": "smithi066", "addr": "172.21.15.66", "target": ["mon-mgr", ""]}) v1 -- 0x7f7034101f60 con 0x7f7020036830
2024-05-09T09:38:21.745 INFO:teuthology.orchestra.run.smithi066.stdout:/usr/bin/ceph: stderr
2024-05-09T09:38:21.174+0000 7f702a7fc700 1 -- 172.21.15.66:0/1001500605 <== mgr.14118 v2:172.21.15.66:6800/246170910 1 ==== mgr_command_reply(tid 0: 0 ) v1 ==== 8+0+48 (secure 0 0 0) 0x7f7034101f60 con 0x7f7020036830
2024-05-09T09:38:21.745 INFO:teuthology.orchestra.run.smithi066.stdout:/usr/bin/ceph: stderr
2024-05-09T09:38:21.177+0000 7f703bec7700 1 -- 172.21.15.66:0/1001500605 >> [v2:172.21.15.66:6800/246170910,v1:172.21.15.66:6801/246170910] conn(0x7f7020036830 msgr2=0x7f7020038ce0 secure :-1 s=STATE_CONNECTION_ESTABLISHED l=1).mark_down
2024-05-09T09:38:21.745 INFO:teuthology.orchestra.run.smithi066.stdout:/usr/bin/ceph: stderr
2024-05-09T09:38:21.177+0000 7f703bec7700 1 --2- 172.21.15.66:0/1001500605 >> [v2:172.21.15.66:6800/246170910,v1:172.21.15.66:6801/246170910] conn(0x7f7020036830 0x7f7020038ce0 secure :-1 s=READY pgs=11 cs=0 l=1 rev1=1 crypto rx=0x7f7024009990 tx=0x7f7024006e40 comp rx=0 tx=0).stop
2024-05-09T09:38:21.745 INFO:teuthology.orchestra.run.smithi066.stdout:/usr/bin/ceph: stderr
2024-05-09T09:38:21.177+0000 7f703bec7700 1 -- 172.21.15.66:0/1001500605 >> [v2:172.21.15.66:3300/0,v1:172.21.15.66:6789/0] conn(0x7f7034076bf0 msgr2=0x7f7034102db0 secure :-1 s=STATE_CONNECTION_ESTABLISHED l=1).mark_down
2024-05-09T09:38:21.745 INFO:teuthology.orchestra.run.smithi066.stdout:/usr/bin/ceph: stderr
2024-05-09T09:38:21.177+0000 7f703bec7700 1 --2- 172.21.15.66:0/1001500605 >> [v2:172.21.15.66:3300/0,v1:172.21.15.66:6789/0] conn(0x7f7034076bf0 0x7f7034102db0 secure :-1 s=READY pgs=44 cs=0 l=1 rev1=1 crypto rx=0x7f7030003050 tx=0x7f7030009250 comp rx=0 tx=0).stop
2024-05-09T09:38:21.745 INFO:teuthology.orchestra.run.smithi066.stdout:/usr/bin/ceph: stderr
2024-05-09T09:38:21.177+0000 7f703bec7700 1 -- 172.21.15.66:0/1001500605 shutdown_connections
2024-05-09T09:38:21.745 INFO:teuthology.orchestra.run.smithi066.stdout:/usr/bin/ceph: stderr
2024-05-09T09:38:21.177+0000 7f703bec7700 1 --2- 172.21.15.66:0/1001500605 >> [v2:172.21.15.66:6800/246170910,v1:172.21.15.66:6801/246170910] conn(0x7f7020036830 0x7f7020038ce0 unknown :-1 s=CLOSED pgs=11 cs=0 l=1 rev1=1 crypto rx=0 tx=0 comp rx=0 tx=0).stop
2024-05-09T09:38:21.745 INFO:teuthology.orchestra.run.smithi066.stdout:/usr/bin/ceph: stderr
2024-05-09T09:38:21.177+0000 7f703bec7700 1 --2- 172.21.15.66:0/1001500605 >> [v2:172.21.15.66:3300/0,v1:172.21.15.66:6789/0] conn(0x7f7034076bf0 0x7f7034102db0 unknown :-1 s=CLOSED pgs=44 cs=0 l=1 rev1=1 crypto rx=0 tx=0 comp rx=0 tx=0).stop
2024-05-09T09:38:21.745 INFO:teuthology.orchestra.run.smithi066.stdout:/usr/bin/ceph: stderr
2024-05-09T09:38:21.177+0000 7f703bec7700 1 -- 172.21.15.66:0/1001500605 >> 172.21.15.66:0/1001500605 conn(0x7f70340fcef0 msgr2=0x7f70340fd9f0 unknown :-1 s=STATE_NONE l=0).mark_down
2024-05-09T09:38:21.745 INFO:teuthology.orchestra.run.smithi066.stdout:/usr/bin/ceph: stderr
2024-05-09T09:38:21.177+0000 7f703bec7700 1 -- 172.21.15.66:0/1001500605 shutdown_connections
2024-05-09T09:38:21.745 INFO:teuthology.orchestra.run.smithi066.stdout:/usr/bin/ceph: stderr
2024-05-09T09:38:21.177+0000 7f703bec7700 1 -- 172.21.15.66:0/1001500605 wait complete.
2024-05-09T09:38:21.745 INFO:teuthology.orchestra.run.smithi066.stdout:Deploying mon service with default placement...
2024-05-09T09:38:22.425 INFO:journalctl@ceph.mon.smithi066.smithi066.stdout:May 09 09:38:22 smithi066 ceph-mon[27031]: from='mgr.14118 172.21.15.66:0/623690642' entity='mgr.smithi066.uprank'
2024-05-09T09:38:22.426 INFO:journalctl@ceph.mon.smithi066.smithi066.stdout:May 09 09:38:22 smithi066 ceph-mon[27031]: Added host smithi066
2024-05-09T09:38:22.426 INFO:journalctl@ceph.mon.smithi066.smithi066.stdout:May 09 09:38:22 smithi066 ceph-mon[27031]: from='mgr.14118 172.21.15.66:0/623690642' entity='mgr.smithi066.uprank' cmd=[{"prefix": "config dump", "format": "json"}]: dispatch
2024-05-09T09:38:23.336 INFO:teuthology.orchestra.run.smithi066.stdout:/usr/bin/ceph: stdout Scheduled mon update...
2024-05-09T09:38:23.337 INFO:teuthology.orchestra.run.smithi066.stdout:/usr/bin/ceph: stderr
2024-05-09T09:38:22.198+0000 7fe9d36b8700 1 Processor -- start
2024-05-09T09:38:23.337 INFO:teuthology.orchestra.run.smithi066.stdout:/usr/bin/ceph: stderr
2024-05-09T09:38:22.198+0000 7fe9d36b8700 1 -- start start
2024-05-09T09:38:23.337 INFO:teuthology.orchestra.run.smithi066.stdout:/usr/bin/ceph: stderr
2024-05-09T09:38:22.198+0000 7fe9d36b8700 1 --2- >> [v2:172.21.15.66:3300/0,v1:172.21.15.66:6789/0] conn(0x7fe9cc078c60 0x7fe9cc077210 unknown :-1 s=NONE pgs=0 cs=0 l=0 rev1=0 crypto rx=0 tx=0 comp rx=0 tx=0).connect
2024-05-09T09:38:23.337 INFO:teuthology.orchestra.run.smithi066.stdout:/usr/bin/ceph: stderr
2024-05-09T09:38:22.198+0000 7fe9d36b8700 1 -- --> [v2:172.21.15.66:3300/0,v1:172.21.15.66:6789/0] -- mon_getmap magic: 0 v1 -- 0x7fe9cc079070 con 0x7fe9cc078c60
2024-05-09T09:38:23.337 INFO:teuthology.orchestra.run.smithi066.stdout:/usr/bin/ceph: stderr
2024-05-09T09:38:22.199+0000 7fe9d1454700 1 --2- >> [v2:172.21.15.66:3300/0,v1:172.21.15.66:6789/0] conn(0x7fe9cc078c60 0x7fe9cc077210 unknown :-1 s=BANNER_CONNECTING pgs=0 cs=0 l=0 rev1=0 crypto rx=0 tx=0 comp rx=0 tx=0)._handle_peer_banner_payload supported=3 required=0
2024-05-09T09:38:23.337 INFO:teuthology.orchestra.run.smithi066.stdout:/usr/bin/ceph: stderr
2024-05-09T09:38:22.199+0000 7fe9d1454700 1 --2- >> [v2:172.21.15.66:3300/0,v1:172.21.15.66:6789/0] conn(0x7fe9cc078c60 0x7fe9cc077210 unknown :-1 s=HELLO_CONNECTING pgs=0 cs=0 l=0 rev1=1 crypto rx=0 tx=0 comp rx=0 tx=0).handle_hello peer v2:172.21.15.66:3300/0 says I am v2:172.21.15.66:54290/0 (socket says 172.21.15.66:54290)
2024-05-09T09:38:23.337 INFO:teuthology.orchestra.run.smithi066.stdout:/usr/bin/ceph: stderr
2024-05-09T09:38:22.199+0000 7fe9d1454700 1 -- 172.21.15.66:0/1828593114 learned_addr learned my addr 172.21.15.66:0/1828593114 (peer_addr_for_me v2:172.21.15.66:0/0)
2024-05-09T09:38:23.337 INFO:teuthology.orchestra.run.smithi066.stdout:/usr/bin/ceph: stderr
2024-05-09T09:38:22.199+0000 7fe9d1454700 1 -- 172.21.15.66:0/1828593114 --> [v2:172.21.15.66:3300/0,v1:172.21.15.66:6789/0] -- mon_subscribe({config=0+,monmap=0+}) v3 -- 0x7fe9cc077750 con 0x7fe9cc078c60
2024-05-09T09:38:23.337 INFO:teuthology.orchestra.run.smithi066.stdout:/usr/bin/ceph: stderr
2024-05-09T09:38:22.199+0000 7fe9d1454700 1 --2- 172.21.15.66:0/1828593114 >> [v2:172.21.15.66:3300/0,v1:172.21.15.66:6789/0] conn(0x7fe9cc078c60 0x7fe9cc077210 secure :-1 s=READY pgs=45 cs=0 l=1 rev1=1 crypto rx=0x7fe9c4009e50 tx=0x7fe9c4009840 comp rx=0 tx=0).ready entity=mon.0 client_cookie=73363c870ea85272 server_cookie=0 in_seq=0 out_seq=0
2024-05-09T09:38:23.337 INFO:teuthology.orchestra.run.smithi066.stdout:/usr/bin/ceph: stderr
2024-05-09T09:38:22.199+0000 7fe9cbfff700 1 -- 172.21.15.66:0/1828593114 <== mon.0 v2:172.21.15.66:3300/0 1 ==== mon_map magic: 0 v1 ==== 229+0+0 (secure 0 0 0) 0x7fe9c40092e0 con 0x7fe9cc078c60
2024-05-09T09:38:23.337 INFO:teuthology.orchestra.run.smithi066.stdout:/usr/bin/ceph: stderr
2024-05-09T09:38:22.199+0000 7fe9cbfff700 1 -- 172.21.15.66:0/1828593114 <== mon.0 v2:172.21.15.66:3300/0 2 ==== config(27 keys) v1 ==== 1044+0+0 (secure 0 0 0) 0x7fe9c4012430 con 0x7fe9cc078c60
2024-05-09T09:38:23.337 INFO:teuthology.orchestra.run.smithi066.stdout:/usr/bin/ceph: stderr
2024-05-09T09:38:22.199+0000 7fe9cbfff700 1 -- 172.21.15.66:0/1828593114 <== mon.0 v2:172.21.15.66:3300/0 3 ==== mon_map magic: 0 v1 ==== 229+0+0 (secure 0 0 0) 0x7fe9c40075c0 con 0x7fe9cc078c60
2024-05-09T09:38:23.338 INFO:teuthology.orchestra.run.smithi066.stdout:/usr/bin/ceph: stderr
2024-05-09T09:38:22.200+0000 7fe9d36b8700 1 -- 172.21.15.66:0/1828593114 >> [v2:172.21.15.66:3300/0,v1:172.21.15.66:6789/0] conn(0x7fe9cc078c60 msgr2=0x7fe9cc077210 secure :-1 s=STATE_CONNECTION_ESTABLISHED l=1).mark_down
2024-05-09T09:38:23.338 INFO:teuthology.orchestra.run.smithi066.stdout:/usr/bin/ceph: stderr
2024-05-09T09:38:22.200+0000 7fe9d36b8700 1 --2- 172.21.15.66:0/1828593114 >> [v2:172.21.15.66:3300/0,v1:172.21.15.66:6789/0] conn(0x7fe9cc078c60 0x7fe9cc077210 secure :-1 s=READY pgs=45 cs=0 l=1 rev1=1 crypto rx=0x7fe9c4009e50 tx=0x7fe9c4009840 comp rx=0 tx=0).stop
2024-05-09T09:38:23.338 INFO:teuthology.orchestra.run.smithi066.stdout:/usr/bin/ceph: stderr
2024-05-09T09:38:22.200+0000 7fe9d36b8700 1 -- 172.21.15.66:0/1828593114 shutdown_connections
2024-05-09T09:38:23.338 INFO:teuthology.orchestra.run.smithi066.stdout:/usr/bin/ceph: stderr
2024-05-09T09:38:22.200+0000 7fe9d36b8700 1 --2- 172.21.15.66:0/1828593114 >> [v2:172.21.15.66:3300/0,v1:172.21.15.66:6789/0] conn(0x7fe9cc078c60 0x7fe9cc077210 unknown :-1 s=CLOSED pgs=45 cs=0 l=1 rev1=1 crypto rx=0 tx=0 comp rx=0 tx=0).stop
2024-05-09T09:38:23.338 INFO:teuthology.orchestra.run.smithi066.stdout:/usr/bin/ceph: stderr
2024-05-09T09:38:22.200+0000 7fe9d36b8700 1 -- 172.21.15.66:0/1828593114 >> 172.21.15.66:0/1828593114 conn(0x7fe9cc0fe010 msgr2=0x7fe9cc100420 unknown :-1 s=STATE_NONE l=0).mark_down
2024-05-09T09:38:23.338 INFO:teuthology.orchestra.run.smithi066.stdout:/usr/bin/ceph: stderr
2024-05-09T09:38:22.200+0000 7fe9d36b8700 1 -- 172.21.15.66:0/1828593114 shutdown_connections
2024-05-09T09:38:23.338 INFO:teuthology.orchestra.run.smithi066.stdout:/usr/bin/ceph: stderr
2024-05-09T09:38:22.200+0000 7fe9d36b8700 1 -- 172.21.15.66:0/1828593114 wait complete.
2024-05-09T09:38:23.338 INFO:teuthology.orchestra.run.smithi066.stdout:/usr/bin/ceph: stderr
2024-05-09T09:38:22.200+0000 7fe9d36b8700 1 Processor -- start
2024-05-09T09:38:23.338 INFO:teuthology.orchestra.run.smithi066.stdout:/usr/bin/ceph: stderr
2024-05-09T09:38:22.200+0000 7fe9d36b8700 1 -- start start
2024-05-09T09:38:23.338 INFO:teuthology.orchestra.run.smithi066.stdout:/usr/bin/ceph: stderr
2024-05-09T09:38:22.201+0000 7fe9d36b8700 1 --2- >> [v2:172.21.15.66:3300/0,v1:172.21.15.66:6789/0] conn(0x7fe9cc078c60 0x7fe9cc113830 unknown :-1 s=NONE pgs=0 cs=0 l=1 rev1=0 crypto rx=0 tx=0 comp rx=0 tx=0).connect
2024-05-09T09:38:23.338 INFO:teuthology.orchestra.run.smithi066.stdout:/usr/bin/ceph: stderr
2024-05-09T09:38:22.201+0000 7fe9d36b8700 1 -- --> [v2:172.21.15.66:3300/0,v1:172.21.15.66:6789/0] -- mon_getmap magic: 0 v1 -- 0x7fe9cc113d70 con 0x7fe9cc078c60
2024-05-09T09:38:23.338 INFO:teuthology.orchestra.run.smithi066.stdout:/usr/bin/ceph: stderr
2024-05-09T09:38:22.201+0000 7fe9d1454700 1 --2- >> [v2:172.21.15.66:3300/0,v1:172.21.15.66:6789/0] conn(0x7fe9cc078c60 0x7fe9cc113830 unknown :-1 s=BANNER_CONNECTING pgs=0 cs=0 l=1 rev1=0 crypto rx=0 tx=0 comp rx=0 tx=0)._handle_peer_banner_payload supported=3 required=0
2024-05-09T09:38:23.338 INFO:teuthology.orchestra.run.smithi066.stdout:/usr/bin/ceph: stderr
2024-05-09T09:38:22.201+0000 7fe9d1454700 1 --2- >> [v2:172.21.15.66:3300/0,v1:172.21.15.66:6789/0] conn(0x7fe9cc078c60 0x7fe9cc113830 unknown :-1 s=HELLO_CONNECTING pgs=0 cs=0 l=1 rev1=1 crypto rx=0 tx=0 comp rx=0 tx=0).handle_hello peer v2:172.21.15.66:3300/0 says I am v2:172.21.15.66:54298/0 (socket says 172.21.15.66:54298)
2024-05-09T09:38:23.338 INFO:teuthology.orchestra.run.smithi066.stdout:/usr/bin/ceph: stderr
2024-05-09T09:38:22.201+0000 7fe9d1454700 1 -- 172.21.15.66:0/2403996767 learned_addr learned my addr 172.21.15.66:0/2403996767 (peer_addr_for_me v2:172.21.15.66:0/0)
2024-05-09T09:38:23.339 INFO:teuthology.orchestra.run.smithi066.stdout:/usr/bin/ceph: stderr
2024-05-09T09:38:22.201+0000 7fe9d1454700 1 -- 172.21.15.66:0/2403996767 --> [v2:172.21.15.66:3300/0,v1:172.21.15.66:6789/0] -- mon_subscribe({config=0+,monmap=0+}) v3 -- 0x7fe9c4009ae0 con 0x7fe9cc078c60
2024-05-09T09:38:23.339 INFO:teuthology.orchestra.run.smithi066.stdout:/usr/bin/ceph: stderr
2024-05-09T09:38:22.201+0000 7fe9d1454700 1 --2- 172.21.15.66:0/2403996767 >> [v2:172.21.15.66:3300/0,v1:172.21.15.66:6789/0] conn(0x7fe9cc078c60 0x7fe9cc113830 secure :-1 s=READY pgs=46 cs=0 l=1 rev1=1 crypto rx=0x7fe9c4009fd0 tx=0x7fe9c4009840 comp rx=0 tx=0).ready entity=mon.0 client_cookie=0 server_cookie=0 in_seq=0 out_seq=0
2024-05-09T09:38:23.339 INFO:teuthology.orchestra.run.smithi066.stdout:/usr/bin/ceph: stderr
2024-05-09T09:38:22.201+0000 7fe9c9ffb700 1 -- 172.21.15.66:0/2403996767 <== mon.0 v2:172.21.15.66:3300/0 1 ==== mon_map magic: 0 v1 ==== 229+0+0 (secure 0 0 0) 0x7fe9c40092e0 con 0x7fe9cc078c60
2024-05-09T09:38:23.339 INFO:teuthology.orchestra.run.smithi066.stdout:/usr/bin/ceph: stderr
2024-05-09T09:38:22.201+0000 7fe9c9ffb700 1 -- 172.21.15.66:0/2403996767 <== mon.0 v2:172.21.15.66:3300/0 2 ==== config(27 keys) v1 ==== 1044+0+0 (secure 0 0 0) 0x7fe9c4007cc0 con 0x7fe9cc078c60
2024-05-09T09:38:23.339 INFO:teuthology.orchestra.run.smithi066.stdout:/usr/bin/ceph: stderr
2024-05-09T09:38:22.201+0000 7fe9d36b8700 1 -- 172.21.15.66:0/2403996767 --> [v2:172.21.15.66:3300/0,v1:172.21.15.66:6789/0] -- mon_subscribe({mgrmap=0+}) v3 -- 0x7fe9cc113f70 con 0x7fe9cc078c60
2024-05-09T09:38:23.339 INFO:teuthology.orchestra.run.smithi066.stdout:/usr/bin/ceph: stderr
2024-05-09T09:38:22.201+0000 7fe9c9ffb700 1 -- 172.21.15.66:0/2403996767 <== mon.0 v2:172.21.15.66:3300/0 3 ==== mon_map magic: 0 v1 ==== 229+0+0 (secure 0 0 0) 0x7fe9c401c850 con 0x7fe9cc078c60
2024-05-09T09:38:23.339 INFO:teuthology.orchestra.run.smithi066.stdout:/usr/bin/ceph: stderr
2024-05-09T09:38:22.201+0000 7fe9d36b8700 1 -- 172.21.15.66:0/2403996767 --> [v2:172.21.15.66:3300/0,v1:172.21.15.66:6789/0] -- mon_subscribe({osdmap=0}) v3 -- 0x7fe9cc114ae0 con 0x7fe9cc078c60
2024-05-09T09:38:23.339 INFO:teuthology.orchestra.run.smithi066.stdout:/usr/bin/ceph: stderr
2024-05-09T09:38:22.202+0000 7fe9c9ffb700 1 -- 172.21.15.66:0/2403996767 <== mon.0 v2:172.21.15.66:3300/0 4 ==== mgrmap(e 8) v1 ==== 43376+0+0 (secure 0 0 0) 0x7fe9c4019070 con 0x7fe9cc078c60
2024-05-09T09:38:23.339 INFO:teuthology.orchestra.run.smithi066.stdout:/usr/bin/ceph: stderr
2024-05-09T09:38:22.202+0000 7fe9d36b8700 1 -- 172.21.15.66:0/2403996767 --> [v2:172.21.15.66:3300/0,v1:172.21.15.66:6789/0] -- mon_command({"prefix": "get_command_descriptions"} v 0) v1 -- 0x7fe9cc05f5c0 con 0x7fe9cc078c60
2024-05-09T09:38:23.339 INFO:teuthology.orchestra.run.smithi066.stdout:/usr/bin/ceph: stderr
2024-05-09T09:38:22.203+0000 7fe9c9ffb700 1 --2- 172.21.15.66:0/2403996767 >> [v2:172.21.15.66:6800/246170910,v1:172.21.15.66:6801/246170910] conn(0x7fe9b40368a0 0x7fe9b4038d50 unknown :-1 s=NONE pgs=0 cs=0 l=1 rev1=0 crypto rx=0 tx=0 comp rx=0 tx=0).connect
2024-05-09T09:38:23.340 INFO:teuthology.orchestra.run.smithi066.stdout:/usr/bin/ceph: stderr
2024-05-09T09:38:22.203+0000 7fe9c9ffb700 1 -- 172.21.15.66:0/2403996767 <== mon.0 v2:172.21.15.66:3300/0 5 ==== osd_map(2..2 src has 1..2) v4 ==== 936+0+0 (secure 0 0 0) 0x7fe9c4049e60 con 0x7fe9cc078c60
2024-05-09T09:38:23.340 INFO:teuthology.orchestra.run.smithi066.stdout:/usr/bin/ceph: stderr
2024-05-09T09:38:22.203+0000 7fe9d0c53700 1 --2- 172.21.15.66:0/2403996767 >> [v2:172.21.15.66:6800/246170910,v1:172.21.15.66:6801/246170910] conn(0x7fe9b40368a0 0x7fe9b4038d50 unknown :-1 s=BANNER_CONNECTING pgs=0 cs=0 l=1 rev1=0 crypto rx=0 tx=0 comp rx=0 tx=0)._handle_peer_banner_payload supported=3 required=0
2024-05-09T09:38:23.340 INFO:teuthology.orchestra.run.smithi066.stdout:/usr/bin/ceph: stderr
2024-05-09T09:38:22.203+0000 7fe9d0c53700 1 --2- 172.21.15.66:0/2403996767 >> [v2:172.21.15.66:6800/246170910,v1:172.21.15.66:6801/246170910] conn(0x7fe9b40368a0 0x7fe9b4038d50 secure :-1 s=READY pgs=12 cs=0 l=1 rev1=1 crypto rx=0x7fe9c0009990 tx=0x7fe9c0006e40 comp rx=0 tx=0).ready entity=mgr.14118 client_cookie=0 server_cookie=0 in_seq=0 out_seq=0
2024-05-09T09:38:23.340 INFO:teuthology.orchestra.run.smithi066.stdout:/usr/bin/ceph: stderr
2024-05-09T09:38:22.207+0000 7fe9c9ffb700 1 -- 172.21.15.66:0/2403996767 <== mon.0 v2:172.21.15.66:3300/0 6 ==== mon_command_ack([{"prefix": "get_command_descriptions"}]=0 v0) v1 ==== 72+0+176702 (secure 0 0 0) 0x7fe9c4011570 con 0x7fe9cc078c60
2024-05-09T09:38:23.340 INFO:teuthology.orchestra.run.smithi066.stdout:/usr/bin/ceph: stderr
2024-05-09T09:38:22.415+0000 7fe9d36b8700 1 -- 172.21.15.66:0/2403996767 --> [v2:172.21.15.66:6800/246170910,v1:172.21.15.66:6801/246170910] -- mgr_command(tid 0: {"prefix": "orch apply", "service_type": "mon", "target": ["mon-mgr", ""]}) v1 -- 0x7fe9cc0ff200 con 0x7fe9b40368a0
2024-05-09T09:38:23.340 INFO:teuthology.orchestra.run.smithi066.stdout:/usr/bin/ceph: stderr
2024-05-09T09:38:22.422+0000 7fe9c9ffb700 1 -- 172.21.15.66:0/2403996767 <== mgr.14118 v2:172.21.15.66:6800/246170910 1 ==== mgr_command_reply(tid 0: 0 ) v1 ==== 8+0+24 (secure 0 0 0) 0x7fe9cc0ff200 con 0x7fe9b40368a0
2024-05-09T09:38:23.340 INFO:teuthology.orchestra.run.smithi066.stdout:/usr/bin/ceph: stderr
2024-05-09T09:38:22.425+0000 7fe9d36b8700 1 -- 172.21.15.66:0/2403996767 >> [v2:172.21.15.66:6800/246170910,v1:172.21.15.66:6801/246170910] conn(0x7fe9b40368a0 msgr2=0x7fe9b4038d50 secure :-1 s=STATE_CONNECTION_ESTABLISHED l=1).mark_down
2024-05-09T09:38:23.340 INFO:teuthology.orchestra.run.smithi066.stdout:/usr/bin/ceph: stderr
2024-05-09T09:38:22.425+0000 7fe9d36b8700 1 --2- 172.21.15.66:0/2403996767 >> [v2:172.21.15.66:6800/246170910,v1:172.21.15.66:6801/246170910] conn(0x7fe9b40368a0 0x7fe9b4038d50 secure :-1 s=READY pgs=12 cs=0 l=1 rev1=1 crypto rx=0x7fe9c0009990 tx=0x7fe9c0006e40 comp rx=0 tx=0).stop
2024-05-09T09:38:23.340 INFO:teuthology.orchestra.run.smithi066.stdout:/usr/bin/ceph: stderr
2024-05-09T09:38:22.425+0000 7fe9d36b8700 1 -- 172.21.15.66:0/2403996767 >> [v2:172.21.15.66:3300/0,v1:172.21.15.66:6789/0] conn(0x7fe9cc078c60 msgr2=0x7fe9cc113830 secure :-1 s=STATE_CONNECTION_ESTABLISHED l=1).mark_down
2024-05-09T09:38:23.341 INFO:teuthology.orchestra.run.smithi066.stdout:/usr/bin/ceph: stderr
2024-05-09T09:38:22.425+0000 7fe9d36b8700 1 --2- 172.21.15.66:0/2403996767 >> [v2:172.21.15.66:3300/0,v1:172.21.15.66:6789/0] conn(0x7fe9cc078c60 0x7fe9cc113830 secure :-1 s=READY pgs=46 cs=0 l=1 rev1=1 crypto rx=0x7fe9c4009fd0 tx=0x7fe9c4009840 comp rx=0 tx=0).stop
2024-05-09T09:38:23.341 INFO:teuthology.orchestra.run.smithi066.stdout:/usr/bin/ceph: stderr
2024-05-09T09:38:22.425+0000 7fe9d36b8700 1 -- 172.21.15.66:0/2403996767 shutdown_connections
2024-05-09T09:38:23.341 INFO:teuthology.orchestra.run.smithi066.stdout:/usr/bin/ceph: stderr
2024-05-09T09:38:22.425+0000 7fe9d36b8700 1 --2- 172.21.15.66:0/2403996767 >> [v2:172.21.15.66:6800/246170910,v1:172.21.15.66:6801/246170910] conn(0x7fe9b40368a0 0x7fe9b4038d50 unknown :-1 s=CLOSED pgs=12 cs=0 l=1 rev1=1 crypto rx=0 tx=0 comp rx=0 tx=0).stop
2024-05-09T09:38:23.341 INFO:teuthology.orchestra.run.smithi066.stdout:/usr/bin/ceph: stderr
2024-05-09T09:38:22.425+0000 7fe9d36b8700 1 --2- 172.21.15.66:0/2403996767 >> [v2:172.21.15.66:3300/0,v1:172.21.15.66:6789/0] conn(0x7fe9cc078c60 0x7fe9cc113830 unknown :-1 s=CLOSED pgs=46 cs=0 l=1 rev1=1 crypto rx=0 tx=0 comp rx=0 tx=0).stop
2024-05-09T09:38:23.341 INFO:teuthology.orchestra.run.smithi066.stdout:/usr/bin/ceph: stderr
2024-05-09T09:38:22.425+0000 7fe9d36b8700 1 -- 172.21.15.66:0/2403996767 >> 172.21.15.66:0/2403996767 conn(0x7fe9cc0fe010 msgr2=0x7fe9cc0feaf0 unknown :-1 s=STATE_NONE l=0).mark_down
2024-05-09T09:38:23.341 INFO:teuthology.orchestra.run.smithi066.stdout:/usr/bin/ceph: stderr
2024-05-09T09:38:22.425+0000 7fe9d36b8700 1 -- 172.21.15.66:0/2403996767 shutdown_connections
2024-05-09T09:38:23.341 INFO:teuthology.orchestra.run.smithi066.stdout:/usr/bin/ceph: stderr
2024-05-09T09:38:22.425+0000 7fe9d36b8700 1 -- 172.21.15.66:0/2403996767 wait complete.
2024-05-09T09:38:23.341 INFO:teuthology.orchestra.run.smithi066.stdout:Deploying mgr service with default placement...
2024-05-09T09:38:23.656 INFO:journalctl@ceph.mon.smithi066.smithi066.stdout:May 09 09:38:23 smithi066 ceph-mon[27031]: from='client.14140 -' entity='client.admin' cmd=[{"prefix": "orch apply", "service_type": "mon", "target": ["mon-mgr", ""]}]: dispatch
2024-05-09T09:38:23.656 INFO:journalctl@ceph.mon.smithi066.smithi066.stdout:May 09 09:38:23 smithi066 ceph-mon[27031]: Saving service mon spec with placement count:5
2024-05-09T09:38:23.656 INFO:journalctl@ceph.mon.smithi066.smithi066.stdout:May 09 09:38:23 smithi066 ceph-mon[27031]: from='mgr.14118 172.21.15.66:0/623690642' entity='mgr.smithi066.uprank'
2024-05-09T09:38:25.012 INFO:journalctl@ceph.mon.smithi066.smithi066.stdout:May 09 09:38:24 smithi066 ceph-mon[27031]: from='client.14142 -' entity='client.admin' cmd=[{"prefix": "orch apply", "service_type": "mgr", "target": ["mon-mgr", ""]}]: dispatch
2024-05-09T09:38:25.013 INFO:journalctl@ceph.mon.smithi066.smithi066.stdout:May 09 09:38:24 smithi066 ceph-mon[27031]: Saving service mgr spec with placement count:2
2024-05-09T09:38:25.013 INFO:journalctl@ceph.mon.smithi066.smithi066.stdout:May 09 09:38:24 smithi066 ceph-mon[27031]: from='mgr.14118 172.21.15.66:0/623690642' entity='mgr.smithi066.uprank'
2024-05-09T09:38:25.013 INFO:journalctl@ceph.mon.smithi066.smithi066.stdout:May 09 09:38:24 smithi066 ceph-mon[27031]: from='mgr.14118 172.21.15.66:0/623690642' entity='mgr.smithi066.uprank'
2024-05-09T09:38:25.020 INFO:teuthology.orchestra.run.smithi066.stdout:/usr/bin/ceph: stdout Scheduled mgr update...
2024-05-09T09:38:25.020 INFO:teuthology.orchestra.run.smithi066.stdout:/usr/bin/ceph: stderr
2024-05-09T09:38:23.756+0000 7f10215da700 1 Processor -- start
2024-05-09T09:38:25.020 INFO:teuthology.orchestra.run.smithi066.stdout:/usr/bin/ceph: stderr
2024-05-09T09:38:23.756+0000 7f10215da700 1 -- start start
2024-05-09T09:38:25.020 INFO:teuthology.orchestra.run.smithi066.stdout:/usr/bin/ceph: stderr
2024-05-09T09:38:23.757+0000 7f10215da700 1 --2- >> [v2:172.21.15.66:3300/0,v1:172.21.15.66:6789/0] conn(0x7f101c102810 0x7f101c102c20 unknown :-1 s=NONE pgs=0 cs=0 l=0 rev1=0 crypto rx=0 tx=0 comp rx=0 tx=0).connect
2024-05-09T09:38:25.021 INFO:teuthology.orchestra.run.smithi066.stdout:/usr/bin/ceph: stderr
2024-05-09T09:38:23.757+0000 7f10215da700 1 -- --> [v2:172.21.15.66:3300/0,v1:172.21.15.66:6789/0] -- mon_getmap magic: 0 v1 -- 0x7f101c103160 con 0x7f101c102810
2024-05-09T09:38:25.021 INFO:teuthology.orchestra.run.smithi066.stdout:/usr/bin/ceph: stderr
2024-05-09T09:38:23.757+0000 7f101affd700 1 --2- >> [v2:172.21.15.66:3300/0,v1:172.21.15.66:6789/0] conn(0x7f101c102810 0x7f101c102c20 unknown :-1 s=BANNER_CONNECTING pgs=0 cs=0 l=0 rev1=0 crypto rx=0 tx=0 comp rx=0 tx=0)._handle_peer_banner_payload supported=3 required=0
2024-05-09T09:38:25.021 INFO:teuthology.orchestra.run.smithi066.stdout:/usr/bin/ceph: stderr
2024-05-09T09:38:23.757+0000 7f101affd700 1 --2- >> [v2:172.21.15.66:3300/0,v1:172.21.15.66:6789/0] conn(0x7f101c102810 0x7f101c102c20 unknown :-1 s=HELLO_CONNECTING pgs=0 cs=0 l=0 rev1=1 crypto rx=0 tx=0 comp rx=0 tx=0).handle_hello peer v2:172.21.15.66:3300/0 says I am v2:172.21.15.66:41056/0 (socket says 172.21.15.66:41056)
2024-05-09T09:38:25.021 INFO:teuthology.orchestra.run.smithi066.stdout:/usr/bin/ceph: stderr
2024-05-09T09:38:23.757+0000 7f101affd700 1 -- 172.21.15.66:0/1771380467 learned_addr learned my addr 172.21.15.66:0/1771380467 (peer_addr_for_me v2:172.21.15.66:0/0)
2024-05-09T09:38:25.021 INFO:teuthology.orchestra.run.smithi066.stdout:/usr/bin/ceph: stderr
2024-05-09T09:38:23.757+0000 7f101affd700 1 -- 172.21.15.66:0/1771380467 --> [v2:172.21.15.66:3300/0,v1:172.21.15.66:6789/0] -- mon_subscribe({config=0+,monmap=0+}) v3 -- 0x7f101c1032a0 con 0x7f101c102810
2024-05-09T09:38:25.021 INFO:teuthology.orchestra.run.smithi066.stdout:/usr/bin/ceph: stderr
2024-05-09T09:38:23.757+0000 7f101affd700 1 --2- 172.21.15.66:0/1771380467 >> [v2:172.21.15.66:3300/0,v1:172.21.15.66:6789/0] conn(0x7f101c102810 0x7f101c102c20 secure :-1 s=READY pgs=47 cs=0 l=1 rev1=1 crypto rx=0x7f100c0098e0 tx=0x7f100c009250 comp rx=0 tx=0).ready entity=mon.0 client_cookie=52fd5826a1588a5a server_cookie=0 in_seq=0 out_seq=0
2024-05-09T09:38:25.021 INFO:teuthology.orchestra.run.smithi066.stdout:/usr/bin/ceph: stderr
2024-05-09T09:38:23.757+0000 7f1019ffb700 1 -- 172.21.15.66:0/1771380467 <== mon.0 v2:172.21.15.66:3300/0 1 ==== mon_map magic: 0 v1 ==== 229+0+0 (secure 0 0 0) 0x7f100c00b860 con 0x7f101c102810
2024-05-09T09:38:25.021 INFO:teuthology.orchestra.run.smithi066.stdout:/usr/bin/ceph: stderr
2024-05-09T09:38:23.757+0000 7f1019ffb700 1 -- 172.21.15.66:0/1771380467 <== mon.0 v2:172.21.15.66:3300/0 2 ==== config(27 keys) v1 ==== 1044+0+0 (secure 0 0 0) 0x7f100c00be50 con 0x7f101c102810
2024-05-09T09:38:25.021 INFO:teuthology.orchestra.run.smithi066.stdout:/usr/bin/ceph: stderr
2024-05-09T09:38:23.757+0000 7f1019ffb700 1 -- 172.21.15.66:0/1771380467 <== mon.0 v2:172.21.15.66:3300/0 3 ==== mon_map magic: 0 v1 ==== 229+0+0 (secure 0 0 0) 0x7f100c010380 con 0x7f101c102810
2024-05-09T09:38:25.021 INFO:teuthology.orchestra.run.smithi066.stdout:/usr/bin/ceph: stderr
2024-05-09T09:38:23.758+0000 7f10215da700 1 -- 172.21.15.66:0/1771380467 >> [v2:172.21.15.66:3300/0,v1:172.21.15.66:6789/0] conn(0x7f101c102810 msgr2=0x7f101c102c20 secure :-1 s=STATE_CONNECTION_ESTABLISHED l=1).mark_down
2024-05-09T09:38:25.022 INFO:teuthology.orchestra.run.smithi066.stdout:/usr/bin/ceph: stderr
2024-05-09T09:38:23.758+0000 7f10215da700 1 --2- 172.21.15.66:0/1771380467 >> [v2:172.21.15.66:3300/0,v1:172.21.15.66:6789/0] conn(0x7f101c102810 0x7f101c102c20 secure :-1 s=READY pgs=47 cs=0 l=1 rev1=1 crypto rx=0x7f100c0098e0 tx=0x7f100c009250 comp rx=0 tx=0).stop
2024-05-09T09:38:25.022 INFO:teuthology.orchestra.run.smithi066.stdout:/usr/bin/ceph: stderr
2024-05-09T09:38:23.758+0000 7f10215da700 1 -- 172.21.15.66:0/1771380467 shutdown_connections
2024-05-09T09:38:25.022 INFO:teuthology.orchestra.run.smithi066.stdout:/usr/bin/ceph: stderr
2024-05-09T09:38:23.758+0000 7f10215da700 1 --2- 172.21.15.66:0/1771380467 >> [v2:172.21.15.66:3300/0,v1:172.21.15.66:6789/0] conn(0x7f101c102810 0x7f101c102c20 unknown :-1 s=CLOSED pgs=47 cs=0 l=1 rev1=1 crypto rx=0 tx=0 comp rx=0 tx=0).stop
2024-05-09T09:38:25.022 INFO:teuthology.orchestra.run.smithi066.stdout:/usr/bin/ceph: stderr
2024-05-09T09:38:23.758+0000 7f10215da700 1 -- 172.21.15.66:0/1771380467 >> 172.21.15.66:0/1771380467 conn(0x7f101c0fdfd0 msgr2=0x7f101c1003e0 unknown :-1 s=STATE_NONE l=0).mark_down
2024-05-09T09:38:25.022 INFO:teuthology.orchestra.run.smithi066.stdout:/usr/bin/ceph: stderr
2024-05-09T09:38:23.758+0000 7f10215da700 1 -- 172.21.15.66:0/1771380467 shutdown_connections
2024-05-09T09:38:25.022 INFO:teuthology.orchestra.run.smithi066.stdout:/usr/bin/ceph: stderr
2024-05-09T09:38:23.758+0000 7f10215da700 1 -- 172.21.15.66:0/1771380467 wait complete.
2024-05-09T09:38:25.022 INFO:teuthology.orchestra.run.smithi066.stdout:/usr/bin/ceph: stderr
2024-05-09T09:38:23.759+0000 7f10215da700 1 Processor -- start
2024-05-09T09:38:25.022 INFO:teuthology.orchestra.run.smithi066.stdout:/usr/bin/ceph: stderr
2024-05-09T09:38:23.759+0000 7f10215da700 1 -- start start
2024-05-09T09:38:25.022 INFO:teuthology.orchestra.run.smithi066.stdout:/usr/bin/ceph: stderr
2024-05-09T09:38:23.759+0000 7f10215da700 1 --2- >> [v2:172.21.15.66:3300/0,v1:172.21.15.66:6789/0] conn(0x7f101c102810 0x7f101c078c20 unknown :-1 s=NONE pgs=0 cs=0 l=1 rev1=0 crypto rx=0 tx=0 comp rx=0 tx=0).connect
2024-05-09T09:38:25.023 INFO:teuthology.orchestra.run.smithi066.stdout:/usr/bin/ceph: stderr
2024-05-09T09:38:23.759+0000 7f10215da700 1 -- --> [v2:172.21.15.66:3300/0,v1:172.21.15.66:6789/0] -- mon_getmap magic: 0 v1 -- 0x7f101c079160 con 0x7f101c102810
2024-05-09T09:38:25.023 INFO:teuthology.orchestra.run.smithi066.stdout:/usr/bin/ceph: stderr
2024-05-09T09:38:23.759+0000 7f101affd700 1 --2- >> [v2:172.21.15.66:3300/0,v1:172.21.15.66:6789/0] conn(0x7f101c102810 0x7f101c078c20 unknown :-1 s=BANNER_CONNECTING pgs=0 cs=0 l=1 rev1=0 crypto rx=0 tx=0 comp rx=0 tx=0)._handle_peer_banner_payload supported=3 required=0
2024-05-09T09:38:25.023 INFO:teuthology.orchestra.run.smithi066.stdout:/usr/bin/ceph: stderr
2024-05-09T09:38:23.759+0000 7f101affd700 1 --2- >> [v2:172.21.15.66:3300/0,v1:172.21.15.66:6789/0] conn(0x7f101c102810 0x7f101c078c20 unknown :-1 s=HELLO_CONNECTING pgs=0 cs=0 l=1 rev1=1 crypto rx=0 tx=0 comp rx=0 tx=0).handle_hello peer v2:172.21.15.66:3300/0 says I am v2:172.21.15.66:41072/0 (socket says 172.21.15.66:41072)
2024-05-09T09:38:25.023 INFO:teuthology.orchestra.run.smithi066.stdout:/usr/bin/ceph: stderr
2024-05-09T09:38:23.759+0000 7f101affd700 1 -- 172.21.15.66:0/4121126169 learned_addr learned my addr 172.21.15.66:0/4121126169 (peer_addr_for_me v2:172.21.15.66:0/0)
2024-05-09T09:38:25.023 INFO:teuthology.orchestra.run.smithi066.stdout:/usr/bin/ceph: stderr
2024-05-09T09:38:23.759+0000 7f101affd700 1 -- 172.21.15.66:0/4121126169 --> [v2:172.21.15.66:3300/0,v1:172.21.15.66:6789/0] -- mon_subscribe({config=0+,monmap=0+}) v3 -- 0x7f100c0094f0 con 0x7f101c102810
2024-05-09T09:38:25.023 INFO:teuthology.orchestra.run.smithi066.stdout:/usr/bin/ceph: stderr
2024-05-09T09:38:23.759+0000 7f101affd700 1 --2- 172.21.15.66:0/4121126169 >> [v2:172.21.15.66:3300/0,v1:172.21.15.66:6789/0] conn(0x7f101c102810 0x7f101c078c20 secure :-1 s=READY pgs=48 cs=0 l=1 rev1=1 crypto rx=0x7f100c00ba90 tx=0x7f100c009250 comp rx=0 tx=0).ready entity=mon.0 client_cookie=0 server_cookie=0 in_seq=0 out_seq=0
2024-05-09T09:38:25.023 INFO:teuthology.orchestra.run.smithi066.stdout:/usr/bin/ceph: stderr
2024-05-09T09:38:23.760+0000 7f10037fe700 1 -- 172.21.15.66:0/4121126169 <== mon.0 v2:172.21.15.66:3300/0 1 ==== mon_map magic: 0 v1 ==== 229+0+0 (secure 0 0 0) 0x7f100c0107c0 con 0x7f101c102810
2024-05-09T09:38:25.023 INFO:teuthology.orchestra.run.smithi066.stdout:/usr/bin/ceph: stderr
2024-05-09T09:38:23.760+0000 7f10215da700 1 -- 172.21.15.66:0/4121126169 --> [v2:172.21.15.66:3300/0,v1:172.21.15.66:6789/0] -- mon_subscribe({mgrmap=0+}) v3 -- 0x7f101c0771d0 con 0x7f101c102810
2024-05-09T09:38:25.023 INFO:teuthology.orchestra.run.smithi066.stdout:/usr/bin/ceph: stderr
2024-05-09T09:38:23.760+0000 7f10037fe700 1 -- 172.21.15.66:0/4121126169 <== mon.0 v2:172.21.15.66:3300/0 2 ==== config(27 keys) v1 ==== 1044+0+0 (secure 0 0 0) 0x7f100c010db0 con 0x7f101c102810
2024-05-09T09:38:25.023 INFO:teuthology.orchestra.run.smithi066.stdout:/usr/bin/ceph: stderr
2024-05-09T09:38:23.760+0000 7f10037fe700 1 -- 172.21.15.66:0/4121126169 <== mon.0 v2:172.21.15.66:3300/0 3 ==== mon_map magic: 0 v1 ==== 229+0+0 (secure 0 0 0) 0x7f100c01add0 con 0x7f101c102810
2024-05-09T09:38:25.023 INFO:teuthology.orchestra.run.smithi066.stdout:/usr/bin/ceph: stderr
2024-05-09T09:38:23.760+0000 7f10215da700 1 -- 172.21.15.66:0/4121126169 --> [v2:172.21.15.66:3300/0,v1:172.21.15.66:6789/0] -- mon_subscribe({osdmap=0}) v3 -- 0x7f101c0776c0 con 0x7f101c102810
2024-05-09T09:38:25.023 INFO:teuthology.orchestra.run.smithi066.stdout:/usr/bin/ceph: stderr
2024-05-09T09:38:23.760+0000 7f10037fe700 1 -- 172.21.15.66:0/4121126169 <== mon.0 v2:172.21.15.66:3300/0 4 ==== mgrmap(e 8) v1 ==== 43376+0+0 (secure 0 0 0) 0x7f100c02e440 con 0x7f101c102810
2024-05-09T09:38:25.023 INFO:teuthology.orchestra.run.smithi066.stdout:/usr/bin/ceph: stderr
2024-05-09T09:38:23.761+0000 7f10215da700 1 -- 172.21.15.66:0/4121126169 --> [v2:172.21.15.66:3300/0,v1:172.21.15.66:6789/0] -- mon_command({"prefix": "get_command_descriptions"} v 0) v1 -- 0x7f101c04bed0 con 0x7f101c102810
2024-05-09T09:38:25.023 INFO:teuthology.orchestra.run.smithi066.stdout:/usr/bin/ceph: stderr
2024-05-09T09:38:23.761+0000 7f10037fe700 1 --2- 172.21.15.66:0/4121126169 >> [v2:172.21.15.66:6800/246170910,v1:172.21.15.66:6801/246170910] conn(0x7f1004036850 0x7f1004038d00 unknown :-1 s=NONE pgs=0 cs=0 l=1 rev1=0 crypto rx=0 tx=0 comp rx=0 tx=0).connect
2024-05-09T09:38:25.024 INFO:teuthology.orchestra.run.smithi066.stdout:/usr/bin/ceph: stderr
2024-05-09T09:38:23.761+0000 7f10037fe700 1 -- 172.21.15.66:0/4121126169 <== mon.0 v2:172.21.15.66:3300/0 5 ==== osd_map(2..2 src has 1..2) v4 ==== 936+0+0 (secure 0 0 0) 0x7f100c04a620 con 0x7f101c102810
2024-05-09T09:38:25.024 INFO:teuthology.orchestra.run.smithi066.stdout:/usr/bin/ceph: stderr
2024-05-09T09:38:23.761+0000 7f101a7fc700 1 --2- 172.21.15.66:0/4121126169 >> [v2:172.21.15.66:6800/246170910,v1:172.21.15.66:6801/246170910] conn(0x7f1004036850 0x7f1004038d00 unknown :-1 s=BANNER_CONNECTING pgs=0 cs=0 l=1 rev1=0 crypto rx=0 tx=0 comp rx=0 tx=0)._handle_peer_banner_payload supported=3 required=0
2024-05-09T09:38:25.024 INFO:teuthology.orchestra.run.smithi066.stdout:/usr/bin/ceph: stderr
2024-05-09T09:38:23.761+0000 7f101a7fc700 1 --2- 172.21.15.66:0/4121126169 >> [v2:172.21.15.66:6800/246170910,v1:172.21.15.66:6801/246170910] conn(0x7f1004036850 0x7f1004038d00 secure :-1 s=READY pgs=13 cs=0 l=1 rev1=1 crypto rx=0x7f1010009990 tx=0x7f1010006e40 comp rx=0 tx=0).ready entity=mgr.14118 client_cookie=0 server_cookie=0 in_seq=0 out_seq=0
2024-05-09T09:38:25.024 INFO:teuthology.orchestra.run.smithi066.stdout:/usr/bin/ceph: stderr
2024-05-09T09:38:23.765+0000 7f10037fe700 1 -- 172.21.15.66:0/4121126169 <== mon.0 v2:172.21.15.66:3300/0 6 ==== mon_command_ack([{"prefix": "get_command_descriptions"}]=0 v0) v1 ==== 72+0+176702 (secure 0 0 0) 0x7f100c018940 con 0x7f101c102810
2024-05-09T09:38:25.024 INFO:teuthology.orchestra.run.smithi066.stdout:/usr/bin/ceph: stderr
2024-05-09T09:38:23.972+0000 7f10215da700 1 -- 172.21.15.66:0/4121126169 --> [v2:172.21.15.66:6800/246170910,v1:172.21.15.66:6801/246170910] -- mgr_command(tid 0: {"prefix": "orch apply", "service_type": "mgr", "target": ["mon-mgr", ""]}) v1 -- 0x7f101c077dd0 con 0x7f1004036850
2024-05-09T09:38:25.024 INFO:teuthology.orchestra.run.smithi066.stdout:/usr/bin/ceph: stderr
2024-05-09T09:38:23.977+0000 7f10037fe700 1 -- 172.21.15.66:0/4121126169 <== mgr.14118 v2:172.21.15.66:6800/246170910 1 ==== mgr_command_reply(tid 0: 0 ) v1 ==== 8+0+24 (secure 0 0 0) 0x7f101c077dd0 con 0x7f1004036850
2024-05-09T09:38:25.024 INFO:teuthology.orchestra.run.smithi066.stdout:/usr/bin/ceph: stderr
2024-05-09T09:38:23.979+0000 7f10215da700 1 -- 172.21.15.66:0/4121126169 >> [v2:172.21.15.66:6800/246170910,v1:172.21.15.66:6801/246170910] conn(0x7f1004036850 msgr2=0x7f1004038d00 secure :-1 s=STATE_CONNECTION_ESTABLISHED l=1).mark_down
2024-05-09T09:38:25.024 INFO:teuthology.orchestra.run.smithi066.stdout:/usr/bin/ceph: stderr
2024-05-09T09:38:23.979+0000 7f10215da700 1 --2- 172.21.15.66:0/4121126169 >> [v2:172.21.15.66:6800/246170910,v1:172.21.15.66:6801/246170910] conn(0x7f1004036850 0x7f1004038d00 secure :-1 s=READY pgs=13 cs=0 l=1 rev1=1 crypto rx=0x7f1010009990 tx=0x7f1010006e40 comp rx=0 tx=0).stop
2024-05-09T09:38:25.024 INFO:teuthology.orchestra.run.smithi066.stdout:/usr/bin/ceph: stderr
2024-05-09T09:38:23.979+0000 7f10215da700 1 -- 172.21.15.66:0/4121126169 >> [v2:172.21.15.66:3300/0,v1:172.21.15.66:6789/0] conn(0x7f101c102810 msgr2=0x7f101c078c20 secure :-1 s=STATE_CONNECTION_ESTABLISHED l=1).mark_down
2024-05-09T09:38:25.024 INFO:teuthology.orchestra.run.smithi066.stdout:/usr/bin/ceph: stderr
2024-05-09T09:38:23.979+0000 7f10215da700 1 --2- 172.21.15.66:0/4121126169 >> [v2:172.21.15.66:3300/0,v1:172.21.15.66:6789/0] conn(0x7f101c102810 0x7f101c078c20 secure :-1 s=READY pgs=48 cs=0 l=1 rev1=1 crypto rx=0x7f100c00ba90 tx=0x7f100c009250 comp rx=0 tx=0).stop
2024-05-09T09:38:25.024 INFO:teuthology.orchestra.run.smithi066.stdout:/usr/bin/ceph: stderr
2024-05-09T09:38:23.979+0000 7f10215da700 1 -- 172.21.15.66:0/4121126169 shutdown_connections
2024-05-09T09:38:25.024 INFO:teuthology.orchestra.run.smithi066.stdout:/usr/bin/ceph: stderr
2024-05-09T09:38:23.979+0000 7f10215da700 1 --2- 172.21.15.66:0/4121126169 >> [v2:172.21.15.66:6800/246170910,v1:172.21.15.66:6801/246170910] conn(0x7f1004036850 0x7f1004038d00 unknown :-1 s=CLOSED pgs=13 cs=0 l=1 rev1=1 crypto rx=0 tx=0 comp rx=0 tx=0).stop
2024-05-09T09:38:25.024 INFO:teuthology.orchestra.run.smithi066.stdout:/usr/bin/ceph: stderr
2024-05-09T09:38:23.979+0000 7f10215da700 1 --2- 172.21.15.66:0/4121126169 >> [v2:172.21.15.66:3300/0,v1:172.21.15.66:6789/0] conn(0x7f101c102810 0x7f101c078c20 unknown :-1 s=CLOSED pgs=48 cs=0 l=1 rev1=1 crypto rx=0 tx=0 comp rx=0 tx=0).stop
2024-05-09T09:38:25.024 INFO:teuthology.orchestra.run.smithi066.stdout:/usr/bin/ceph: stderr
2024-05-09T09:38:23.979+0000 7f10215da700 1 -- 172.21.15.66:0/4121126169 >> 172.21.15.66:0/4121126169 conn(0x7f101c0fdfd0 msgr2=0x7f101c0feaf0 unknown :-1 s=STATE_NONE l=0).mark_down
2024-05-09T09:38:25.024 INFO:teuthology.orchestra.run.smithi066.stdout:/usr/bin/ceph: stderr
2024-05-09T09:38:23.979+0000 7f10215da700 1 -- 172.21.15.66:0/4121126169 shutdown_connections
2024-05-09T09:38:25.025 INFO:teuthology.orchestra.run.smithi066.stdout:/usr/bin/ceph: stderr
2024-05-09T09:38:23.979+0000 7f10215da700 1 -- 172.21.15.66:0/4121126169 wait complete.
2024-05-09T09:38:25.025 INFO:teuthology.orchestra.run.smithi066.stdout:Deploying crash service with default placement...
2024-05-09T09:38:26.500 INFO:journalctl@ceph.mon.smithi066.smithi066.stdout:May 09 09:38:26 smithi066 ceph-mon[27031]: from='mgr.14118 172.21.15.66:0/623690642' entity='mgr.smithi066.uprank'
2024-05-09T09:38:26.500 INFO:journalctl@ceph.mon.smithi066.smithi066.stdout:May 09 09:38:26 smithi066 ceph-mon[27031]: from='mgr.14118 172.21.15.66:0/623690642' entity='mgr.smithi066.uprank'
2024-05-09T09:38:26.813 INFO:teuthology.orchestra.run.smithi066.stdout:/usr/bin/ceph: stdout Scheduled crash update...
2024-05-09T09:38:26.814 INFO:teuthology.orchestra.run.smithi066.stdout:/usr/bin/ceph: stderr
2024-05-09T09:38:25.503+0000 7f7cb0a2d700 1 Processor -- start
2024-05-09T09:38:26.814 INFO:teuthology.orchestra.run.smithi066.stdout:/usr/bin/ceph: stderr
2024-05-09T09:38:25.503+0000 7f7cb0a2d700 1 -- start start
