2024-05-09T09:38:16.063 INFO:teuthology.orchestra.run.smithi066.stdout:/usr/bin/ceph: stdout value unchanged
2024-05-09T09:38:16.064 INFO:teuthology.orchestra.run.smithi066.stdout:/usr/bin/ceph: stderr
2024-05-09T09:38:15.303+0000 7fd52b3f2700 1 Processor -- start
2024-05-09T09:38:16.064 INFO:teuthology.orchestra.run.smithi066.stdout:/usr/bin/ceph: stderr
2024-05-09T09:38:15.303+0000 7fd52b3f2700 1 -- start start
2024-05-09T09:38:16.064 INFO:teuthology.orchestra.run.smithi066.stdout:/usr/bin/ceph: stderr
2024-05-09T09:38:15.303+0000 7fd52b3f2700 1 --2- >> [v2:172.21.15.66:3300/0,v1:172.21.15.66:6789/0] conn(0x7fd524076bf0 0x7fd524107880 unknown :-1 s=NONE pgs=0 cs=0 l=0 rev1=0 crypto rx=0 tx=0 comp rx=0 tx=0).connect
2024-05-09T09:38:16.064 INFO:teuthology.orchestra.run.smithi066.stdout:/usr/bin/ceph: stderr
2024-05-09T09:38:15.303+0000 7fd52b3f2700 1 -- --> [v2:172.21.15.66:3300/0,v1:172.21.15.66:6789/0] -- mon_getmap magic: 0 v1 -- 0x7fd524103270 con 0x7fd524076bf0
2024-05-09T09:38:16.064 INFO:teuthology.orchestra.run.smithi066.stdout:/usr/bin/ceph: stderr
2024-05-09T09:38:15.304+0000 7fd52918e700 1 --2- >> [v2:172.21.15.66:3300/0,v1:172.21.15.66:6789/0] conn(0x7fd524076bf0 0x7fd524107880 unknown :-1 s=BANNER_CONNECTING pgs=0 cs=0 l=0 rev1=0 crypto rx=0 tx=0 comp rx=0 tx=0)._handle_peer_banner_payload supported=3 required=0
2024-05-09T09:38:16.064 INFO:teuthology.orchestra.run.smithi066.stdout:/usr/bin/ceph: stderr
2024-05-09T09:38:15.304+0000 7fd52918e700 1 --2- >> [v2:172.21.15.66:3300/0,v1:172.21.15.66:6789/0] conn(0x7fd524076bf0 0x7fd524107880 unknown :-1 s=HELLO_CONNECTING pgs=0 cs=0 l=0 rev1=1 crypto rx=0 tx=0 comp rx=0 tx=0).handle_hello peer v2:172.21.15.66:3300/0 says I am v2:172.21.15.66:54208/0 (socket says 172.21.15.66:54208)
2024-05-09T09:38:16.064 INFO:teuthology.orchestra.run.smithi066.stdout:/usr/bin/ceph: stderr
2024-05-09T09:38:15.304+0000 7fd52918e700 1 -- 172.21.15.66:0/1520156701 learned_addr learned my addr 172.21.15.66:0/1520156701 (peer_addr_for_me v2:172.21.15.66:0/0)
2024-05-09T09:38:16.064 INFO:teuthology.orchestra.run.smithi066.stdout:/usr/bin/ceph: stderr
2024-05-09T09:38:15.304+0000 7fd52918e700 1 -- 172.21.15.66:0/1520156701 --> [v2:172.21.15.66:3300/0,v1:172.21.15.66:6789/0] -- mon_subscribe({config=0+,monmap=0+}) v3 -- 0x7fd524107dc0 con 0x7fd524076bf0
2024-05-09T09:38:16.064 INFO:teuthology.orchestra.run.smithi066.stdout:/usr/bin/ceph: stderr
2024-05-09T09:38:15.304+0000 7fd52918e700 1 --2- 172.21.15.66:0/1520156701 >> [v2:172.21.15.66:3300/0,v1:172.21.15.66:6789/0] conn(0x7fd524076bf0 0x7fd524107880 secure :-1 s=READY pgs=37 cs=0 l=1 rev1=1 crypto rx=0x7fd5200098e0 tx=0x7fd520009250 comp rx=0 tx=0).ready entity=mon.0 client_cookie=2e23fa973fa26746 server_cookie=0 in_seq=0 out_seq=0
2024-05-09T09:38:16.064 INFO:teuthology.orchestra.run.smithi066.stdout:/usr/bin/ceph: stderr
2024-05-09T09:38:15.304+0000 7fd51bfff700 1 -- 172.21.15.66:0/1520156701 <== mon.0 v2:172.21.15.66:3300/0 1 ==== mon_map magic: 0 v1 ==== 229+0+0 (secure 0 0 0) 0x7fd52000b860 con 0x7fd524076bf0
2024-05-09T09:38:16.064 INFO:teuthology.orchestra.run.smithi066.stdout:/usr/bin/ceph: stderr
2024-05-09T09:38:15.304+0000 7fd51bfff700 1 -- 172.21.15.66:0/1520156701 <== mon.0 v2:172.21.15.66:3300/0 2 ==== config(27 keys) v1 ==== 1044+0+0 (secure 0 0 0) 0x7fd52000be50 con 0x7fd524076bf0
2024-05-09T09:38:16.064 INFO:teuthology.orchestra.run.smithi066.stdout:/usr/bin/ceph: stderr
2024-05-09T09:38:15.304+0000 7fd51bfff700 1 -- 172.21.15.66:0/1520156701 <== mon.0 v2:172.21.15.66:3300/0 3 ==== mon_map magic: 0 v1 ==== 229+0+0 (secure 0 0 0) 0x7fd520010380 con 0x7fd524076bf0
2024-05-09T09:38:16.064 INFO:teuthology.orchestra.run.smithi066.stdout:/usr/bin/ceph: stderr
2024-05-09T09:38:15.305+0000 7fd52b3f2700 1 -- 172.21.15.66:0/1520156701 >> [v2:172.21.15.66:3300/0,v1:172.21.15.66:6789/0] conn(0x7fd524076bf0 msgr2=0x7fd524107880 secure :-1 s=STATE_CONNECTION_ESTABLISHED l=1).mark_down
2024-05-09T09:38:16.065 INFO:teuthology.orchestra.run.smithi066.stdout:/usr/bin/ceph: stderr
2024-05-09T09:38:15.305+0000 7fd52b3f2700 1 --2- 172.21.15.66:0/1520156701 >> [v2:172.21.15.66:3300/0,v1:172.21.15.66:6789/0] conn(0x7fd524076bf0 0x7fd524107880 secure :-1 s=READY pgs=37 cs=0 l=1 rev1=1 crypto rx=0x7fd5200098e0 tx=0x7fd520009250 comp rx=0 tx=0).stop
2024-05-09T09:38:16.065 INFO:teuthology.orchestra.run.smithi066.stdout:/usr/bin/ceph: stderr
2024-05-09T09:38:15.305+0000 7fd52b3f2700 1 -- 172.21.15.66:0/1520156701 shutdown_connections
2024-05-09T09:38:16.065 INFO:teuthology.orchestra.run.smithi066.stdout:/usr/bin/ceph: stderr
2024-05-09T09:38:15.305+0000 7fd52b3f2700 1 --2- 172.21.15.66:0/1520156701 >> [v2:172.21.15.66:3300/0,v1:172.21.15.66:6789/0] conn(0x7fd524076bf0 0x7fd524107880 unknown :-1 s=CLOSED pgs=37 cs=0 l=1 rev1=1 crypto rx=0 tx=0 comp rx=0 tx=0).stop
2024-05-09T09:38:16.065 INFO:teuthology.orchestra.run.smithi066.stdout:/usr/bin/ceph: stderr
2024-05-09T09:38:15.305+0000 7fd52b3f2700 1 -- 172.21.15.66:0/1520156701 >> 172.21.15.66:0/1520156701 conn(0x7fd5240fcef0 msgr2=0x7fd5240ff300 unknown :-1 s=STATE_NONE l=0).mark_down
2024-05-09T09:38:16.065 INFO:teuthology.orchestra.run.smithi066.stdout:/usr/bin/ceph: stderr
2024-05-09T09:38:15.305+0000 7fd52b3f2700 1 -- 172.21.15.66:0/1520156701 shutdown_connections
2024-05-09T09:38:16.065 INFO:teuthology.orchestra.run.smithi066.stdout:/usr/bin/ceph: stderr
2024-05-09T09:38:15.305+0000 7fd52b3f2700 1 -- 172.21.15.66:0/1520156701 wait complete.
2024-05-09T09:38:16.065 INFO:teuthology.orchestra.run.smithi066.stdout:/usr/bin/ceph: stderr
2024-05-09T09:38:15.306+0000 7fd52b3f2700 1 Processor -- start
2024-05-09T09:38:16.065 INFO:teuthology.orchestra.run.smithi066.stdout:/usr/bin/ceph: stderr
2024-05-09T09:38:15.306+0000 7fd52b3f2700 1 -- start start
2024-05-09T09:38:16.065 INFO:teuthology.orchestra.run.smithi066.stdout:/usr/bin/ceph: stderr
2024-05-09T09:38:15.306+0000 7fd52b3f2700 1 --2- >> [v2:172.21.15.66:3300/0,v1:172.21.15.66:6789/0] conn(0x7fd524076bf0 0x7fd524113800 unknown :-1 s=NONE pgs=0 cs=0 l=1 rev1=0 crypto rx=0 tx=0 comp rx=0 tx=0).connect
2024-05-09T09:38:16.065 INFO:teuthology.orchestra.run.smithi066.stdout:/usr/bin/ceph: stderr
2024-05-09T09:38:15.306+0000 7fd52b3f2700 1 -- --> [v2:172.21.15.66:3300/0,v1:172.21.15.66:6789/0] -- mon_getmap magic: 0 v1 -- 0x7fd524113d40 con 0x7fd524076bf0
2024-05-09T09:38:16.065 INFO:teuthology.orchestra.run.smithi066.stdout:/usr/bin/ceph: stderr
2024-05-09T09:38:15.306+0000 7fd52918e700 1 --2- >> [v2:172.21.15.66:3300/0,v1:172.21.15.66:6789/0] conn(0x7fd524076bf0 0x7fd524113800 unknown :-1 s=BANNER_CONNECTING pgs=0 cs=0 l=1 rev1=0 crypto rx=0 tx=0 comp rx=0 tx=0)._handle_peer_banner_payload supported=3 required=0
2024-05-09T09:38:16.065 INFO:teuthology.orchestra.run.smithi066.stdout:/usr/bin/ceph: stderr
2024-05-09T09:38:15.306+0000 7fd52918e700 1 --2- >> [v2:172.21.15.66:3300/0,v1:172.21.15.66:6789/0] conn(0x7fd524076bf0 0x7fd524113800 unknown :-1 s=HELLO_CONNECTING pgs=0 cs=0 l=1 rev1=1 crypto rx=0 tx=0 comp rx=0 tx=0).handle_hello peer v2:172.21.15.66:3300/0 says I am v2:172.21.15.66:54218/0 (socket says 172.21.15.66:54218)
2024-05-09T09:38:16.065 INFO:teuthology.orchestra.run.smithi066.stdout:/usr/bin/ceph: stderr
2024-05-09T09:38:15.306+0000 7fd52918e700 1 -- 172.21.15.66:0/670899361 learned_addr learned my addr 172.21.15.66:0/670899361 (peer_addr_for_me v2:172.21.15.66:0/0)
2024-05-09T09:38:16.065 INFO:teuthology.orchestra.run.smithi066.stdout:/usr/bin/ceph: stderr
2024-05-09T09:38:15.306+0000 7fd52918e700 1 -- 172.21.15.66:0/670899361 --> [v2:172.21.15.66:3300/0,v1:172.21.15.66:6789/0] -- mon_subscribe({config=0+,monmap=0+}) v3 -- 0x7fd5200094f0 con 0x7fd524076bf0
2024-05-09T09:38:16.065 INFO:teuthology.orchestra.run.smithi066.stdout:/usr/bin/ceph: stderr
2024-05-09T09:38:15.306+0000 7fd52918e700 1 --2- 172.21.15.66:0/670899361 >> [v2:172.21.15.66:3300/0,v1:172.21.15.66:6789/0] conn(0x7fd524076bf0 0x7fd524113800 secure :-1 s=READY pgs=38 cs=0 l=1 rev1=1 crypto rx=0x7fd520003050 tx=0x7fd520009250 comp rx=0 tx=0).ready entity=mon.0 client_cookie=0 server_cookie=0 in_seq=0 out_seq=0
2024-05-09T09:38:16.066 INFO:teuthology.orchestra.run.smithi066.stdout:/usr/bin/ceph: stderr
2024-05-09T09:38:15.307+0000 7fd519ffb700 1 -- 172.21.15.66:0/670899361 <== mon.0 v2:172.21.15.66:3300/0 1 ==== mon_map magic: 0 v1 ==== 229+0+0 (secure 0 0 0) 0x7fd520010760 con 0x7fd524076bf0
2024-05-09T09:38:16.066 INFO:teuthology.orchestra.run.smithi066.stdout:/usr/bin/ceph: stderr
2024-05-09T09:38:15.307+0000 7fd519ffb700 1 -- 172.21.15.66:0/670899361 <== mon.0 v2:172.21.15.66:3300/0 2 ==== config(27 keys) v1 ==== 1044+0+0 (secure 0 0 0) 0x7fd520010d50 con 0x7fd524076bf0
2024-05-09T09:38:16.066 INFO:teuthology.orchestra.run.smithi066.stdout:/usr/bin/ceph: stderr
2024-05-09T09:38:15.307+0000 7fd52b3f2700 1 -- 172.21.15.66:0/670899361 --> [v2:172.21.15.66:3300/0,v1:172.21.15.66:6789/0] -- mon_subscribe({mgrmap=0+}) v3 -- 0x7fd524113f40 con 0x7fd524076bf0
2024-05-09T09:38:16.066 INFO:teuthology.orchestra.run.smithi066.stdout:/usr/bin/ceph: stderr
2024-05-09T09:38:15.307+0000 7fd519ffb700 1 -- 172.21.15.66:0/670899361 <== mon.0 v2:172.21.15.66:3300/0 3 ==== mon_map magic: 0 v1 ==== 229+0+0 (secure 0 0 0) 0x7fd52001ae20 con 0x7fd524076bf0
2024-05-09T09:38:16.066 INFO:teuthology.orchestra.run.smithi066.stdout:/usr/bin/ceph: stderr
2024-05-09T09:38:15.307+0000 7fd52b3f2700 1 -- 172.21.15.66:0/670899361 --> [v2:172.21.15.66:3300/0,v1:172.21.15.66:6789/0] -- mon_subscribe({osdmap=0}) v3 -- 0x7fd524114ab0 con 0x7fd524076bf0
2024-05-09T09:38:16.066 INFO:teuthology.orchestra.run.smithi066.stdout:/usr/bin/ceph: stderr
2024-05-09T09:38:15.308+0000 7fd519ffb700 1 -- 172.21.15.66:0/670899361 <== mon.0 v2:172.21.15.66:3300/0 4 ==== mgrmap(e 8) v1 ==== 43376+0+0 (secure 0 0 0) 0x7fd52002e440 con 0x7fd524076bf0
2024-05-09T09:38:16.066 INFO:teuthology.orchestra.run.smithi066.stdout:/usr/bin/ceph: stderr
2024-05-09T09:38:15.308+0000 7fd519ffb700 1 --2- 172.21.15.66:0/670899361 >> [v2:172.21.15.66:6800/246170910,v1:172.21.15.66:6801/246170910] conn(0x7fd5100368a0 0x7fd510038d50 unknown :-1 s=NONE pgs=0 cs=0 l=1 rev1=0 crypto rx=0 tx=0 comp rx=0 tx=0).connect
2024-05-09T09:38:16.066 INFO:teuthology.orchestra.run.smithi066.stdout:/usr/bin/ceph: stderr
2024-05-09T09:38:15.308+0000 7fd519ffb700 1 -- 172.21.15.66:0/670899361 <== mon.0 v2:172.21.15.66:3300/0 5 ==== osd_map(2..2 src has 1..2) v4 ==== 936+0+0 (secure 0 0 0) 0x7fd52004a820 con 0x7fd524076bf0
2024-05-09T09:38:16.066 INFO:teuthology.orchestra.run.smithi066.stdout:/usr/bin/ceph: stderr
2024-05-09T09:38:15.308+0000 7fd52b3f2700 1 -- 172.21.15.66:0/670899361 --> [v2:172.21.15.66:3300/0,v1:172.21.15.66:6789/0] -- mon_command({"prefix": "get_command_descriptions"} v 0) v1 -- 0x7fd52405f5c0 con 0x7fd524076bf0
2024-05-09T09:38:16.066 INFO:teuthology.orchestra.run.smithi066.stdout:/usr/bin/ceph: stderr
2024-05-09T09:38:15.308+0000 7fd52898d700 1 --2- 172.21.15.66:0/670899361 >> [v2:172.21.15.66:6800/246170910,v1:172.21.15.66:6801/246170910] conn(0x7fd5100368a0 0x7fd510038d50 unknown :-1 s=BANNER_CONNECTING pgs=0 cs=0 l=1 rev1=0 crypto rx=0 tx=0 comp rx=0 tx=0)._handle_peer_banner_payload supported=3 required=0
2024-05-09T09:38:16.066 INFO:teuthology.orchestra.run.smithi066.stdout:/usr/bin/ceph: stderr
2024-05-09T09:38:15.308+0000 7fd52898d700 1 --2- 172.21.15.66:0/670899361 >> [v2:172.21.15.66:6800/246170910,v1:172.21.15.66:6801/246170910] conn(0x7fd5100368a0 0x7fd510038d50 secure :-1 s=READY pgs=8 cs=0 l=1 rev1=1 crypto rx=0x7fd514009990 tx=0x7fd514006e40 comp rx=0 tx=0).ready entity=mgr.14118 client_cookie=0 server_cookie=0 in_seq=0 out_seq=0
2024-05-09T09:38:16.066 INFO:teuthology.orchestra.run.smithi066.stdout:/usr/bin/ceph: stderr
2024-05-09T09:38:15.313+0000 7fd519ffb700 1 -- 172.21.15.66:0/670899361 <== mon.0 v2:172.21.15.66:3300/0 6 ==== mon_command_ack([{"prefix": "get_command_descriptions"}]=0 v0) v1 ==== 72+0+176702 (secure 0 0 0) 0x7fd520018940 con 0x7fd524076bf0
2024-05-09T09:38:16.066 INFO:teuthology.orchestra.run.smithi066.stdout:/usr/bin/ceph: stderr
2024-05-09T09:38:15.510+0000 7fd52b3f2700 1 -- 172.21.15.66:0/670899361 --> [v2:172.21.15.66:6800/246170910,v1:172.21.15.66:6801/246170910] -- mgr_command(tid 0: {"prefix": "cephadm set-user", "user": "root", "target": ["mon-mgr", ""]}) v1 -- 0x7fd5240fe0b0 con 0x7fd5100368a0
2024-05-09T09:38:16.066 INFO:teuthology.orchestra.run.smithi066.stdout:/usr/bin/ceph: stderr
2024-05-09T09:38:15.510+0000 7fd519ffb700 1 -- 172.21.15.66:0/670899361 <== mgr.14118 v2:172.21.15.66:6800/246170910 1 ==== mgr_command_reply(tid 0: 0 ) v1 ==== 8+0+16 (secure 0 0 0) 0x7fd5240fe0b0 con 0x7fd5100368a0
2024-05-09T09:38:16.067 INFO:teuthology.orchestra.run.smithi066.stdout:/usr/bin/ceph: stderr
2024-05-09T09:38:15.512+0000 7fd52b3f2700 1 -- 172.21.15.66:0/670899361 >> [v2:172.21.15.66:6800/246170910,v1:172.21.15.66:6801/246170910] conn(0x7fd5100368a0 msgr2=0x7fd510038d50 secure :-1 s=STATE_CONNECTION_ESTABLISHED l=1).mark_down
2024-05-09T09:38:16.067 INFO:teuthology.orchestra.run.smithi066.stdout:/usr/bin/ceph: stderr
2024-05-09T09:38:15.512+0000 7fd52b3f2700 1 --2- 172.21.15.66:0/670899361 >> [v2:172.21.15.66:6800/246170910,v1:172.21.15.66:6801/246170910] conn(0x7fd5100368a0 0x7fd510038d50 secure :-1 s=READY pgs=8 cs=0 l=1 rev1=1 crypto rx=0x7fd514009990 tx=0x7fd514006e40 comp rx=0 tx=0).stop
2024-05-09T09:38:16.067 INFO:teuthology.orchestra.run.smithi066.stdout:/usr/bin/ceph: stderr
2024-05-09T09:38:15.513+0000 7fd52b3f2700 1 -- 172.21.15.66:0/670899361 >> [v2:172.21.15.66:3300/0,v1:172.21.15.66:6789/0] conn(0x7fd524076bf0 msgr2=0x7fd524113800 secure :-1 s=STATE_CONNECTION_ESTABLISHED l=1).mark_down
2024-05-09T09:38:16.067 INFO:teuthology.orchestra.run.smithi066.stdout:/usr/bin/ceph: stderr
2024-05-09T09:38:15.513+0000 7fd52b3f2700 1 --2- 172.21.15.66:0/670899361 >> [v2:172.21.15.66:3300/0,v1:172.21.15.66:6789/0] conn(0x7fd524076bf0 0x7fd524113800 secure :-1 s=READY pgs=38 cs=0 l=1 rev1=1 crypto rx=0x7fd520003050 tx=0x7fd520009250 comp rx=0 tx=0).stop
2024-05-09T09:38:16.067 INFO:teuthology.orchestra.run.smithi066.stdout:/usr/bin/ceph: stderr
2024-05-09T09:38:15.513+0000 7fd52b3f2700 1 -- 172.21.15.66:0/670899361 shutdown_connections
2024-05-09T09:38:16.067 INFO:teuthology.orchestra.run.smithi066.stdout:/usr/bin/ceph: stderr
2024-05-09T09:38:15.513+0000 7fd52b3f2700 1 --2- 172.21.15.66:0/670899361 >> [v2:172.21.15.66:6800/246170910,v1:172.21.15.66:6801/246170910] conn(0x7fd5100368a0 0x7fd510038d50 unknown :-1 s=CLOSED pgs=8 cs=0 l=1 rev1=1 crypto rx=0 tx=0 comp rx=0 tx=0).stop
2024-05-09T09:38:16.067 INFO:teuthology.orchestra.run.smithi066.stdout:/usr/bin/ceph: stderr
2024-05-09T09:38:15.513+0000 7fd52b3f2700 1 --2- 172.21.15.66:0/670899361 >> [v2:172.21.15.66:3300/0,v1:172.21.15.66:6789/0] conn(0x7fd524076bf0 0x7fd524113800 unknown :-1 s=CLOSED pgs=38 cs=0 l=1 rev1=1 crypto rx=0 tx=0 comp rx=0 tx=0).stop
2024-05-09T09:38:16.067 INFO:teuthology.orchestra.run.smithi066.stdout:/usr/bin/ceph: stderr
2024-05-09T09:38:15.513+0000 7fd52b3f2700 1 -- 172.21.15.66:0/670899361 >> 172.21.15.66:0/670899361 conn(0x7fd5240fcef0 msgr2=0x7fd5240fd9a0 unknown :-1 s=STATE_NONE l=0).mark_down
2024-05-09T09:38:16.067 INFO:teuthology.orchestra.run.smithi066.stdout:/usr/bin/ceph: stderr
2024-05-09T09:38:15.513+0000 7fd52b3f2700 1 -- 172.21.15.66:0/670899361 shutdown_connections
2024-05-09T09:38:16.067 INFO:teuthology.orchestra.run.smithi066.stdout:/usr/bin/ceph: stderr
2024-05-09T09:38:15.513+0000 7fd52b3f2700 1 -- 172.21.15.66:0/670899361 wait complete.
2024-05-09T09:38:16.067 INFO:teuthology.orchestra.run.smithi066.stdout:Generating ssh key...
2024-05-09T09:38:16.375 INFO:journalctl@ceph.mon.smithi066.smithi066.stdout:May 09 09:38:16 smithi066 ceph-mon[27031]: from='client.14130 -' entity='client.admin' cmd=[{"prefix": "orch set backend", "module_name": "cephadm", "target": ["mon-mgr", ""]}]: dispatch
2024-05-09T09:38:16.375 INFO:journalctl@ceph.mon.smithi066.smithi066.stdout:May 09 09:38:16 smithi066 ceph-mon[27031]: [09/May/2024:09:38:14] ENGINE Serving on https://172.21.15.66:7150
2024-05-09T09:38:16.375 INFO:journalctl@ceph.mon.smithi066.smithi066.stdout:May 09 09:38:16 smithi066 ceph-mon[27031]: [09/May/2024:09:38:14] ENGINE Bus STARTED
2024-05-09T09:38:17.429 INFO:journalctl@ceph.mon.smithi066.smithi066.stdout:May 09 09:38:17 smithi066 ceph-mon[27031]: from='client.14132 -' entity='client.admin' cmd=[{"prefix": "cephadm set-user", "user": "root", "target": ["mon-mgr", ""]}]: dispatch
2024-05-09T09:38:17.429 INFO:journalctl@ceph.mon.smithi066.smithi066.stdout:May 09 09:38:17 smithi066 ceph-mon[27031]: from='mgr.14118 172.21.15.66:0/623690642' entity='mgr.smithi066.uprank'
2024-05-09T09:38:17.429 INFO:journalctl@ceph.mon.smithi066.smithi066.stdout:May 09 09:38:17 smithi066 ceph-mon[27031]: from='mgr.14118 172.21.15.66:0/623690642' entity='mgr.smithi066.uprank'
2024-05-09T09:38:17.436 INFO:teuthology.orchestra.run.smithi066.stdout:/usr/bin/ceph: stderr
2024-05-09T09:38:16.477+0000 7fc3f3858700 1 Processor -- start
2024-05-09T09:38:17.436 INFO:teuthology.orchestra.run.smithi066.stdout:/usr/bin/ceph: stderr
2024-05-09T09:38:16.477+0000 7fc3f3858700 1 -- start start
2024-05-09T09:38:17.436 INFO:teuthology.orchestra.run.smithi066.stdout:/usr/bin/ceph: stderr
2024-05-09T09:38:16.477+0000 7fc3f3858700 1 --2- >> [v2:172.21.15.66:3300/0,v1:172.21.15.66:6789/0] conn(0x7fc3ec076c50 0x7fc3ec105400 unknown :-1 s=NONE pgs=0 cs=0 l=0 rev1=0 crypto rx=0 tx=0 comp rx=0 tx=0).connect
2024-05-09T09:38:17.436 INFO:teuthology.orchestra.run.smithi066.stdout:/usr/bin/ceph: stderr
2024-05-09T09:38:16.477+0000 7fc3f3858700 1 -- --> [v2:172.21.15.66:3300/0,v1:172.21.15.66:6789/0] -- mon_getmap magic: 0 v1 -- 0x7fc3ec105940 con 0x7fc3ec076c50
2024-05-09T09:38:17.436 INFO:teuthology.orchestra.run.smithi066.stdout:/usr/bin/ceph: stderr
2024-05-09T09:38:16.478+0000 7fc3f15f4700 1 --2- >> [v2:172.21.15.66:3300/0,v1:172.21.15.66:6789/0] conn(0x7fc3ec076c50 0x7fc3ec105400 unknown :-1 s=BANNER_CONNECTING pgs=0 cs=0 l=0 rev1=0 crypto rx=0 tx=0 comp rx=0 tx=0)._handle_peer_banner_payload supported=3 required=0
2024-05-09T09:38:17.436 INFO:teuthology.orchestra.run.smithi066.stdout:/usr/bin/ceph: stderr
2024-05-09T09:38:16.478+0000 7fc3f15f4700 1 --2- >> [v2:172.21.15.66:3300/0,v1:172.21.15.66:6789/0] conn(0x7fc3ec076c50 0x7fc3ec105400 unknown :-1 s=HELLO_CONNECTING pgs=0 cs=0 l=0 rev1=1 crypto rx=0 tx=0 comp rx=0 tx=0).handle_hello peer v2:172.21.15.66:3300/0 says I am v2:172.21.15.66:54230/0 (socket says 172.21.15.66:54230)
2024-05-09T09:38:17.436 INFO:teuthology.orchestra.run.smithi066.stdout:/usr/bin/ceph: stderr
2024-05-09T09:38:16.478+0000 7fc3f15f4700 1 -- 172.21.15.66:0/2604305333 learned_addr learned my addr 172.21.15.66:0/2604305333 (peer_addr_for_me v2:172.21.15.66:0/0)
2024-05-09T09:38:17.436 INFO:teuthology.orchestra.run.smithi066.stdout:/usr/bin/ceph: stderr
2024-05-09T09:38:16.478+0000 7fc3f15f4700 1 -- 172.21.15.66:0/2604305333 --> [v2:172.21.15.66:3300/0,v1:172.21.15.66:6789/0] -- mon_subscribe({config=0+,monmap=0+}) v3 -- 0x7fc3ec105a80 con 0x7fc3ec076c50
2024-05-09T09:38:17.436 INFO:teuthology.orchestra.run.smithi066.stdout:/usr/bin/ceph: stderr
2024-05-09T09:38:16.478+0000 7fc3f15f4700 1 --2- 172.21.15.66:0/2604305333 >> [v2:172.21.15.66:3300/0,v1:172.21.15.66:6789/0] conn(0x7fc3ec076c50 0x7fc3ec105400 secure :-1 s=READY pgs=39 cs=0 l=1 rev1=1 crypto rx=0x7fc3e80098e0 tx=0x7fc3e8009250 comp rx=0 tx=0).ready entity=mon.0 client_cookie=35c58a57a0e57e3f server_cookie=0 in_seq=0 out_seq=0
2024-05-09T09:38:17.437 INFO:teuthology.orchestra.run.smithi066.stdout:/usr/bin/ceph: stderr
2024-05-09T09:38:16.478+0000 7fc3e3fff700 1 -- 172.21.15.66:0/2604305333 <== mon.0 v2:172.21.15.66:3300/0 1 ==== mon_map magic: 0 v1 ==== 229+0+0 (secure 0 0 0) 0x7fc3e800b860 con 0x7fc3ec076c50
2024-05-09T09:38:17.437 INFO:teuthology.orchestra.run.smithi066.stdout:/usr/bin/ceph: stderr
2024-05-09T09:38:16.478+0000 7fc3e3fff700 1 -- 172.21.15.66:0/2604305333 <== mon.0 v2:172.21.15.66:3300/0 2 ==== config(27 keys) v1 ==== 1044+0+0 (secure 0 0 0) 0x7fc3e800be50 con 0x7fc3ec076c50
2024-05-09T09:38:17.437 INFO:teuthology.orchestra.run.smithi066.stdout:/usr/bin/ceph: stderr
2024-05-09T09:38:16.478+0000 7fc3e3fff700 1 -- 172.21.15.66:0/2604305333 <== mon.0 v2:172.21.15.66:3300/0 3 ==== mon_map magic: 0 v1 ==== 229+0+0 (secure 0 0 0) 0x7fc3e8010380 con 0x7fc3ec076c50
2024-05-09T09:38:17.437 INFO:teuthology.orchestra.run.smithi066.stdout:/usr/bin/ceph: stderr
2024-05-09T09:38:16.479+0000 7fc3f3858700 1 -- 172.21.15.66:0/2604305333 >> [v2:172.21.15.66:3300/0,v1:172.21.15.66:6789/0] conn(0x7fc3ec076c50 msgr2=0x7fc3ec105400 secure :-1 s=STATE_CONNECTION_ESTABLISHED l=1).mark_down
2024-05-09T09:38:17.437 INFO:teuthology.orchestra.run.smithi066.stdout:/usr/bin/ceph: stderr
2024-05-09T09:38:16.479+0000 7fc3f3858700 1 --2- 172.21.15.66:0/2604305333 >> [v2:172.21.15.66:3300/0,v1:172.21.15.66:6789/0] conn(0x7fc3ec076c50 0x7fc3ec105400 secure :-1 s=READY pgs=39 cs=0 l=1 rev1=1 crypto rx=0x7fc3e80098e0 tx=0x7fc3e8009250 comp rx=0 tx=0).stop
2024-05-09T09:38:17.437 INFO:teuthology.orchestra.run.smithi066.stdout:/usr/bin/ceph: stderr
2024-05-09T09:38:16.479+0000 7fc3f3858700 1 -- 172.21.15.66:0/2604305333 shutdown_connections
2024-05-09T09:38:17.437 INFO:teuthology.orchestra.run.smithi066.stdout:/usr/bin/ceph: stderr
2024-05-09T09:38:16.479+0000 7fc3f3858700 1 --2- 172.21.15.66:0/2604305333 >> [v2:172.21.15.66:3300/0,v1:172.21.15.66:6789/0] conn(0x7fc3ec076c50 0x7fc3ec105400 unknown :-1 s=CLOSED pgs=39 cs=0 l=1 rev1=1 crypto rx=0 tx=0 comp rx=0 tx=0).stop
2024-05-09T09:38:17.437 INFO:teuthology.orchestra.run.smithi066.stdout:/usr/bin/ceph: stderr
2024-05-09T09:38:16.479+0000 7fc3f3858700 1 -- 172.21.15.66:0/2604305333 >> 172.21.15.66:0/2604305333 conn(0x7fc3ec0fcef0 msgr2=0x7fc3ec0ff300 unknown :-1 s=STATE_NONE l=0).mark_down
2024-05-09T09:38:17.437 INFO:teuthology.orchestra.run.smithi066.stdout:/usr/bin/ceph: stderr
2024-05-09T09:38:16.479+0000 7fc3f3858700 1 -- 172.21.15.66:0/2604305333 shutdown_connections
2024-05-09T09:38:17.437 INFO:teuthology.orchestra.run.smithi066.stdout:/usr/bin/ceph: stderr
2024-05-09T09:38:16.479+0000 7fc3f3858700 1 -- 172.21.15.66:0/2604305333 wait complete.
2024-05-09T09:38:17.437 INFO:teuthology.orchestra.run.smithi066.stdout:/usr/bin/ceph: stderr
2024-05-09T09:38:16.480+0000 7fc3f3858700 1 Processor -- start
2024-05-09T09:38:17.437 INFO:teuthology.orchestra.run.smithi066.stdout:/usr/bin/ceph: stderr
2024-05-09T09:38:16.480+0000 7fc3f3858700 1 -- start start
2024-05-09T09:38:17.437 INFO:teuthology.orchestra.run.smithi066.stdout:/usr/bin/ceph: stderr
2024-05-09T09:38:16.480+0000 7fc3f3858700 1 --2- >> [v2:172.21.15.66:3300/0,v1:172.21.15.66:6789/0] conn(0x7fc3ec076c50 0x7fc3ec1115e0 unknown :-1 s=NONE pgs=0 cs=0 l=1 rev1=0 crypto rx=0 tx=0 comp rx=0 tx=0).connect
2024-05-09T09:38:17.437 INFO:teuthology.orchestra.run.smithi066.stdout:/usr/bin/ceph: stderr
2024-05-09T09:38:16.480+0000 7fc3f3858700 1 -- --> [v2:172.21.15.66:3300/0,v1:172.21.15.66:6789/0] -- mon_getmap magic: 0 v1 -- 0x7fc3ec111b20 con 0x7fc3ec076c50
2024-05-09T09:38:17.438 INFO:teuthology.orchestra.run.smithi066.stdout:/usr/bin/ceph: stderr
2024-05-09T09:38:16.480+0000 7fc3f15f4700 1 --2- >> [v2:172.21.15.66:3300/0,v1:172.21.15.66:6789/0] conn(0x7fc3ec076c50 0x7fc3ec1115e0 unknown :-1 s=BANNER_CONNECTING pgs=0 cs=0 l=1 rev1=0 crypto rx=0 tx=0 comp rx=0 tx=0)._handle_peer_banner_payload supported=3 required=0
2024-05-09T09:38:17.438 INFO:teuthology.orchestra.run.smithi066.stdout:/usr/bin/ceph: stderr
2024-05-09T09:38:16.480+0000 7fc3f15f4700 1 --2- >> [v2:172.21.15.66:3300/0,v1:172.21.15.66:6789/0] conn(0x7fc3ec076c50 0x7fc3ec1115e0 unknown :-1 s=HELLO_CONNECTING pgs=0 cs=0 l=1 rev1=1 crypto rx=0 tx=0 comp rx=0 tx=0).handle_hello peer v2:172.21.15.66:3300/0 says I am v2:172.21.15.66:54242/0 (socket says 172.21.15.66:54242)
2024-05-09T09:38:17.438 INFO:teuthology.orchestra.run.smithi066.stdout:/usr/bin/ceph: stderr
2024-05-09T09:38:16.480+0000 7fc3f15f4700 1 -- 172.21.15.66:0/1459548166 learned_addr learned my addr 172.21.15.66:0/1459548166 (peer_addr_for_me v2:172.21.15.66:0/0)
2024-05-09T09:38:17.438 INFO:teuthology.orchestra.run.smithi066.stdout:/usr/bin/ceph: stderr
2024-05-09T09:38:16.480+0000 7fc3f15f4700 1 -- 172.21.15.66:0/1459548166 --> [v2:172.21.15.66:3300/0,v1:172.21.15.66:6789/0] -- mon_subscribe({config=0+,monmap=0+}) v3 -- 0x7fc3e80094f0 con 0x7fc3ec076c50
2024-05-09T09:38:17.438 INFO:teuthology.orchestra.run.smithi066.stdout:/usr/bin/ceph: stderr
2024-05-09T09:38:16.480+0000 7fc3f15f4700 1 --2- 172.21.15.66:0/1459548166 >> [v2:172.21.15.66:3300/0,v1:172.21.15.66:6789/0] conn(0x7fc3ec076c50 0x7fc3ec1115e0 secure :-1 s=READY pgs=40 cs=0 l=1 rev1=1 crypto rx=0x7fc3e8003050 tx=0x7fc3e8009250 comp rx=0 tx=0).ready entity=mon.0 client_cookie=0 server_cookie=0 in_seq=0 out_seq=0
2024-05-09T09:38:17.438 INFO:teuthology.orchestra.run.smithi066.stdout:/usr/bin/ceph: stderr
2024-05-09T09:38:16.480+0000 7fc3e1ffb700 1 -- 172.21.15.66:0/1459548166 <== mon.0 v2:172.21.15.66:3300/0 1 ==== mon_map magic: 0 v1 ==== 229+0+0 (secure 0 0 0) 0x7fc3e8010760 con 0x7fc3ec076c50
2024-05-09T09:38:17.438 INFO:teuthology.orchestra.run.smithi066.stdout:/usr/bin/ceph: stderr
2024-05-09T09:38:16.481+0000 7fc3e1ffb700 1 -- 172.21.15.66:0/1459548166 <== mon.0 v2:172.21.15.66:3300/0 2 ==== config(27 keys) v1 ==== 1044+0+0 (secure 0 0 0) 0x7fc3e8010d50 con 0x7fc3ec076c50
2024-05-09T09:38:17.438 INFO:teuthology.orchestra.run.smithi066.stdout:/usr/bin/ceph: stderr
2024-05-09T09:38:16.481+0000 7fc3f3858700 1 -- 172.21.15.66:0/1459548166 --> [v2:172.21.15.66:3300/0,v1:172.21.15.66:6789/0] -- mon_subscribe({mgrmap=0+}) v3 -- 0x7fc3ec111d20 con 0x7fc3ec076c50
2024-05-09T09:38:17.438 INFO:teuthology.orchestra.run.smithi066.stdout:/usr/bin/ceph: stderr
2024-05-09T09:38:16.481+0000 7fc3e1ffb700 1 -- 172.21.15.66:0/1459548166 <== mon.0 v2:172.21.15.66:3300/0 3 ==== mon_map magic: 0 v1 ==== 229+0+0 (secure 0 0 0) 0x7fc3e801ae20 con 0x7fc3ec076c50
2024-05-09T09:38:17.438 INFO:teuthology.orchestra.run.smithi066.stdout:/usr/bin/ceph: stderr
2024-05-09T09:38:16.481+0000 7fc3f3858700 1 -- 172.21.15.66:0/1459548166 --> [v2:172.21.15.66:3300/0,v1:172.21.15.66:6789/0] -- mon_subscribe({osdmap=0}) v3 -- 0x7fc3ec112890 con 0x7fc3ec076c50
2024-05-09T09:38:17.438 INFO:teuthology.orchestra.run.smithi066.stdout:/usr/bin/ceph: stderr
2024-05-09T09:38:16.482+0000 7fc3e1ffb700 1 -- 172.21.15.66:0/1459548166 <== mon.0 v2:172.21.15.66:3300/0 4 ==== mgrmap(e 8) v1 ==== 43376+0+0 (secure 0 0 0) 0x7fc3e802e440 con 0x7fc3ec076c50
2024-05-09T09:38:17.438 INFO:teuthology.orchestra.run.smithi066.stdout:/usr/bin/ceph: stderr
2024-05-09T09:38:16.482+0000 7fc3e1ffb700 1 --2- 172.21.15.66:0/1459548166 >> [v2:172.21.15.66:6800/246170910,v1:172.21.15.66:6801/246170910] conn(0x7fc3d80368a0 0x7fc3d8038d50 unknown :-1 s=NONE pgs=0 cs=0 l=1 rev1=0 crypto rx=0 tx=0 comp rx=0 tx=0).connect
2024-05-09T09:38:17.438 INFO:teuthology.orchestra.run.smithi066.stdout:/usr/bin/ceph: stderr
2024-05-09T09:38:16.482+0000 7fc3e1ffb700 1 -- 172.21.15.66:0/1459548166 <== mon.0 v2:172.21.15.66:3300/0 5 ==== osd_map(2..2 src has 1..2) v4 ==== 936+0+0 (secure 0 0 0) 0x7fc3e804a510 con 0x7fc3ec076c50
2024-05-09T09:38:17.439 INFO:teuthology.orchestra.run.smithi066.stdout:/usr/bin/ceph: stderr
2024-05-09T09:38:16.482+0000 7fc3f0df3700 1 --2- 172.21.15.66:0/1459548166 >> [v2:172.21.15.66:6800/246170910,v1:172.21.15.66:6801/246170910] conn(0x7fc3d80368a0 0x7fc3d8038d50 unknown :-1 s=BANNER_CONNECTING pgs=0 cs=0 l=1 rev1=0 crypto rx=0 tx=0 comp rx=0 tx=0)._handle_peer_banner_payload supported=3 required=0
2024-05-09T09:38:17.439 INFO:teuthology.orchestra.run.smithi066.stdout:/usr/bin/ceph: stderr
2024-05-09T09:38:16.482+0000 7fc3f3858700 1 -- 172.21.15.66:0/1459548166 --> [v2:172.21.15.66:3300/0,v1:172.21.15.66:6789/0] -- mon_command({"prefix": "get_command_descriptions"} v 0) v1 -- 0x7fc3ec05f5c0 con 0x7fc3ec076c50
2024-05-09T09:38:17.439 INFO:teuthology.orchestra.run.smithi066.stdout:/usr/bin/ceph: stderr
2024-05-09T09:38:16.482+0000 7fc3f0df3700 1 --2- 172.21.15.66:0/1459548166 >> [v2:172.21.15.66:6800/246170910,v1:172.21.15.66:6801/246170910] conn(0x7fc3d80368a0 0x7fc3d8038d50 secure :-1 s=READY pgs=9 cs=0 l=1 rev1=1 crypto rx=0x7fc3dc009990 tx=0x7fc3dc006e40 comp rx=0 tx=0).ready entity=mgr.14118 client_cookie=0 server_cookie=0 in_seq=0 out_seq=0
2024-05-09T09:38:17.439 INFO:teuthology.orchestra.run.smithi066.stdout:/usr/bin/ceph: stderr
2024-05-09T09:38:16.487+0000 7fc3e1ffb700 1 -- 172.21.15.66:0/1459548166 <== mon.0 v2:172.21.15.66:3300/0 6 ==== mon_command_ack([{"prefix": "get_command_descriptions"}]=0 v0) v1 ==== 72+0+176702 (secure 0 0 0) 0x7fc3e8018940 con 0x7fc3ec076c50
2024-05-09T09:38:17.439 INFO:teuthology.orchestra.run.smithi066.stdout:/usr/bin/ceph: stderr
2024-05-09T09:38:16.684+0000 7fc3f3858700 1 -- 172.21.15.66:0/1459548166 --> [v2:172.21.15.66:6800/246170910,v1:172.21.15.66:6801/246170910] -- mgr_command(tid 0: {"prefix": "cephadm generate-key", "target": ["mon-mgr", ""]}) v1 -- 0x7fc3ec0fe0b0 con 0x7fc3d80368a0
2024-05-09T09:38:17.439 INFO:teuthology.orchestra.run.smithi066.stdout:/usr/bin/ceph: stderr
2024-05-09T09:38:16.908+0000 7fc3e1ffb700 1 -- 172.21.15.66:0/1459548166 <== mgr.14118 v2:172.21.15.66:6800/246170910 1 ==== mgr_command_reply(tid 0: 0 ) v1 ==== 8+0+0 (secure 0 0 0) 0x7fc3ec0fe0b0 con 0x7fc3d80368a0
2024-05-09T09:38:17.439 INFO:teuthology.orchestra.run.smithi066.stdout:/usr/bin/ceph: stderr
2024-05-09T09:38:16.910+0000 7fc3f3858700 1 -- 172.21.15.66:0/1459548166 >> [v2:172.21.15.66:6800/246170910,v1:172.21.15.66:6801/246170910] conn(0x7fc3d80368a0 msgr2=0x7fc3d8038d50 secure :-1 s=STATE_CONNECTION_ESTABLISHED l=1).mark_down
2024-05-09T09:38:17.439 INFO:teuthology.orchestra.run.smithi066.stdout:/usr/bin/ceph: stderr
2024-05-09T09:38:16.910+0000 7fc3f3858700 1 --2- 172.21.15.66:0/1459548166 >> [v2:172.21.15.66:6800/246170910,v1:172.21.15.66:6801/246170910] conn(0x7fc3d80368a0 0x7fc3d8038d50 secure :-1 s=READY pgs=9 cs=0 l=1 rev1=1 crypto rx=0x7fc3dc009990 tx=0x7fc3dc006e40 comp rx=0 tx=0).stop
2024-05-09T09:38:17.439 INFO:teuthology.orchestra.run.smithi066.stdout:/usr/bin/ceph: stderr
2024-05-09T09:38:16.910+0000 7fc3f3858700 1 -- 172.21.15.66:0/1459548166 >> [v2:172.21.15.66:3300/0,v1:172.21.15.66:6789/0] conn(0x7fc3ec076c50 msgr2=0x7fc3ec1115e0 secure :-1 s=STATE_CONNECTION_ESTABLISHED l=1).mark_down
2024-05-09T09:38:17.439 INFO:teuthology.orchestra.run.smithi066.stdout:/usr/bin/ceph: stderr
2024-05-09T09:38:16.910+0000 7fc3f3858700 1 --2- 172.21.15.66:0/1459548166 >> [v2:172.21.15.66:3300/0,v1:172.21.15.66:6789/0] conn(0x7fc3ec076c50 0x7fc3ec1115e0 secure :-1 s=READY pgs=40 cs=0 l=1 rev1=1 crypto rx=0x7fc3e8003050 tx=0x7fc3e8009250 comp rx=0 tx=0).stop
2024-05-09T09:38:17.439 INFO:teuthology.orchestra.run.smithi066.stdout:/usr/bin/ceph: stderr
2024-05-09T09:38:16.910+0000 7fc3f3858700 1 -- 172.21.15.66:0/1459548166 shutdown_connections
2024-05-09T09:38:17.439 INFO:teuthology.orchestra.run.smithi066.stdout:/usr/bin/ceph: stderr
2024-05-09T09:38:16.910+0000 7fc3f3858700 1 --2- 172.21.15.66:0/1459548166 >> [v2:172.21.15.66:6800/246170910,v1:172.21.15.66:6801/246170910] conn(0x7fc3d80368a0 0x7fc3d8038d50 unknown :-1 s=CLOSED pgs=9 cs=0 l=1 rev1=1 crypto rx=0 tx=0 comp rx=0 tx=0).stop
2024-05-09T09:38:17.439 INFO:teuthology.orchestra.run.smithi066.stdout:/usr/bin/ceph: stderr
2024-05-09T09:38:16.910+0000 7fc3f3858700 1 --2- 172.21.15.66:0/1459548166 >> [v2:172.21.15.66:3300/0,v1:172.21.15.66:6789/0] conn(0x7fc3ec076c50 0x7fc3ec1115e0 unknown :-1 s=CLOSED pgs=40 cs=0 l=1 rev1=1 crypto rx=0 tx=0 comp rx=0 tx=0).stop
2024-05-09T09:38:17.439 INFO:teuthology.orchestra.run.smithi066.stdout:/usr/bin/ceph: stderr
2024-05-09T09:38:16.910+0000 7fc3f3858700 1 -- 172.21.15.66:0/1459548166 >> 172.21.15.66:0/1459548166 conn(0x7fc3ec0fcef0 msgr2=0x7fc3ec0fd9a0 unknown :-1 s=STATE_NONE l=0).mark_down
2024-05-09T09:38:17.439 INFO:teuthology.orchestra.run.smithi066.stdout:/usr/bin/ceph: stderr
2024-05-09T09:38:16.910+0000 7fc3f3858700 1 -- 172.21.15.66:0/1459548166 shutdown_connections
2024-05-09T09:38:17.440 INFO:teuthology.orchestra.run.smithi066.stdout:/usr/bin/ceph: stderr
2024-05-09T09:38:16.910+0000 7fc3f3858700 1 -- 172.21.15.66:0/1459548166 wait complete.
2024-05-09T09:38:18.500 INFO:journalctl@ceph.mon.smithi066.smithi066.stdout:May 09 09:38:18 smithi066 ceph-mon[27031]: from='client.14134 -' entity='client.admin' cmd=[{"prefix": "cephadm generate-key", "target": ["mon-mgr", ""]}]: dispatch
2024-05-09T09:38:18.500 INFO:journalctl@ceph.mon.smithi066.smithi066.stdout:May 09 09:38:18 smithi066 ceph-mon[27031]: Generating ssh key...
2024-05-09T09:38:18.601 INFO:teuthology.orchestra.run.smithi066.stdout:/usr/bin/ceph: stdout ssh-rsa AAAAB3NzaC1yc2EAAAADAQABAAABgQDVIVHlte5sd54awrWJ/o+PChO/C36iIP2Rdnt49vgoV5os80ShOhLfEaCj07v/Gn9jJS5JhWZiyj/v9KC6ASUQKrRykwtz3zmO4p4X5SypgXJUp8zvX2SaN1cNQ14Bu/QynKS6eT+tY9CHNHHRiq0a1UuE32SFsoIW5n1RFOJ45cEVNgb7GX2JM3HRd7YoRcMlQtsvBeSCt/moAU9Q6q8CYuSRWa6XaqFVaMDXsWuGCEPeOSLmxML3bbGZfe35IyZaLCS4nOG7rRFgnfY0fNF3twhHgpRmoFT1EX2BPI/VckuB3uOB5owahUebT4Ht5d2Bzc0YsQNE9yRFGkIIuLX4eZ/cxmBHOOi6yyl+wjbWChbQp7iGDpJEqCwg8MR7dv0tnQRFQEHRMf1iZ6myr6z/RYAKSE9y/lESIzPUuv5A/WdxK7NtJsXNy4HpXsITeFXUryQUGoFmYrP+EolgEk1VLOE/Gl7cp2gXr/YWIYQp7200iGtd+jK7lsse8LfUCtk= ceph-ad123214-0de7-11ef-bc98-c7b262605968
2024-05-09T09:38:18.601 INFO:teuthology.orchestra.run.smithi066.stdout:/usr/bin/ceph: stderr
2024-05-09T09:38:17.797+0000 7fd9088aa700 1 Processor -- start
2024-05-09T09:38:18.601 INFO:teuthology.orchestra.run.smithi066.stdout:/usr/bin/ceph: stderr
2024-05-09T09:38:17.797+0000 7fd9088aa700 1 -- start start
2024-05-09T09:38:18.601 INFO:teuthology.orchestra.run.smithi066.stdout:/usr/bin/ceph: stderr
2024-05-09T09:38:17.798+0000 7fd9088aa700 1 --2- >> [v2:172.21.15.66:3300/0,v1:172.21.15.66:6789/0] conn(0x7fd904076bf0 0x7fd904105460 unknown :-1 s=NONE pgs=0 cs=0 l=0 rev1=0 crypto rx=0 tx=0 comp rx=0 tx=0).connect
2024-05-09T09:38:18.602 INFO:teuthology.orchestra.run.smithi066.stdout:/usr/bin/ceph: stderr
2024-05-09T09:38:17.798+0000 7fd9088aa700 1 -- --> [v2:172.21.15.66:3300/0,v1:172.21.15.66:6789/0] -- mon_getmap magic: 0 v1 -- 0x7fd9041059a0 con 0x7fd904076bf0
2024-05-09T09:38:18.602 INFO:teuthology.orchestra.run.smithi066.stdout:/usr/bin/ceph: stderr
2024-05-09T09:38:17.798+0000 7fd90259c700 1 --2- >> [v2:172.21.15.66:3300/0,v1:172.21.15.66:6789/0] conn(0x7fd904076bf0 0x7fd904105460 unknown :-1 s=BANNER_CONNECTING pgs=0 cs=0 l=0 rev1=0 crypto rx=0 tx=0 comp rx=0 tx=0)._handle_peer_banner_payload supported=3 required=0
2024-05-09T09:38:18.602 INFO:teuthology.orchestra.run.smithi066.stdout:/usr/bin/ceph: stderr
2024-05-09T09:38:17.798+0000 7fd90259c700 1 --2- >> [v2:172.21.15.66:3300/0,v1:172.21.15.66:6789/0] conn(0x7fd904076bf0 0x7fd904105460 unknown :-1 s=HELLO_CONNECTING pgs=0 cs=0 l=0 rev1=1 crypto rx=0 tx=0 comp rx=0 tx=0).handle_hello peer v2:172.21.15.66:3300/0 says I am v2:172.21.15.66:54244/0 (socket says 172.21.15.66:54244)
2024-05-09T09:38:18.602 INFO:teuthology.orchestra.run.smithi066.stdout:/usr/bin/ceph: stderr
2024-05-09T09:38:17.798+0000 7fd90259c700 1 -- 172.21.15.66:0/15621937 learned_addr learned my addr 172.21.15.66:0/15621937 (peer_addr_for_me v2:172.21.15.66:0/0)
2024-05-09T09:38:18.602 INFO:teuthology.orchestra.run.smithi066.stdout:/usr/bin/ceph: stderr
2024-05-09T09:38:17.798+0000 7fd90259c700 1 -- 172.21.15.66:0/15621937 --> [v2:172.21.15.66:3300/0,v1:172.21.15.66:6789/0] -- mon_subscribe({config=0+,monmap=0+}) v3 -- 0x7fd904105ae0 con 0x7fd904076bf0
2024-05-09T09:38:18.602 INFO:teuthology.orchestra.run.smithi066.stdout:/usr/bin/ceph: stderr
2024-05-09T09:38:17.799+0000 7fd90259c700 1 --2- 172.21.15.66:0/15621937 >> [v2:172.21.15.66:3300/0,v1:172.21.15.66:6789/0] conn(0x7fd904076bf0 0x7fd904105460 secure :-1 s=READY pgs=41 cs=0 l=1 rev1=1 crypto rx=0x7fd8f40098e0 tx=0x7fd8f4009250 comp rx=0 tx=0).ready entity=mon.0 client_cookie=a6c6f7788628ea98 server_cookie=0 in_seq=0 out_seq=0
2024-05-09T09:38:18.602 INFO:teuthology.orchestra.run.smithi066.stdout:/usr/bin/ceph: stderr
2024-05-09T09:38:17.799+0000 7fd90159a700 1 -- 172.21.15.66:0/15621937 <== mon.0 v2:172.21.15.66:3300/0 1 ==== mon_map magic: 0 v1 ==== 229+0+0 (secure 0 0 0) 0x7fd8f400b860 con 0x7fd904076bf0
2024-05-09T09:38:18.602 INFO:teuthology.orchestra.run.smithi066.stdout:/usr/bin/ceph: stderr
2024-05-09T09:38:17.799+0000 7fd90159a700 1 -- 172.21.15.66:0/15621937 <== mon.0 v2:172.21.15.66:3300/0 2 ==== config(27 keys) v1 ==== 1044+0+0 (secure 0 0 0) 0x7fd8f400be50 con 0x7fd904076bf0
2024-05-09T09:38:18.602 INFO:teuthology.orchestra.run.smithi066.stdout:/usr/bin/ceph: stderr
2024-05-09T09:38:17.799+0000 7fd90159a700 1 -- 172.21.15.66:0/15621937 <== mon.0 v2:172.21.15.66:3300/0 3 ==== mon_map magic: 0 v1 ==== 229+0+0 (secure 0 0 0) 0x7fd8f4010380 con 0x7fd904076bf0
2024-05-09T09:38:18.602 INFO:teuthology.orchestra.run.smithi066.stdout:/usr/bin/ceph: stderr
2024-05-09T09:38:17.799+0000 7fd9088aa700 1 -- 172.21.15.66:0/15621937 >> [v2:172.21.15.66:3300/0,v1:172.21.15.66:6789/0] conn(0x7fd904076bf0 msgr2=0x7fd904105460 secure :-1 s=STATE_CONNECTION_ESTABLISHED l=1).mark_down
2024-05-09T09:38:18.602 INFO:teuthology.orchestra.run.smithi066.stdout:/usr/bin/ceph: stderr
2024-05-09T09:38:17.799+0000 7fd9088aa700 1 --2- 172.21.15.66:0/15621937 >> [v2:172.21.15.66:3300/0,v1:172.21.15.66:6789/0] conn(0x7fd904076bf0 0x7fd904105460 secure :-1 s=READY pgs=41 cs=0 l=1 rev1=1 crypto rx=0x7fd8f40098e0 tx=0x7fd8f4009250 comp rx=0 tx=0).stop
2024-05-09T09:38:18.602 INFO:teuthology.orchestra.run.smithi066.stdout:/usr/bin/ceph: stderr
2024-05-09T09:38:17.799+0000 7fd9088aa700 1 -- 172.21.15.66:0/15621937 shutdown_connections
2024-05-09T09:38:18.602 INFO:teuthology.orchestra.run.smithi066.stdout:/usr/bin/ceph: stderr
2024-05-09T09:38:17.799+0000 7fd9088aa700 1 --2- 172.21.15.66:0/15621937 >> [v2:172.21.15.66:3300/0,v1:172.21.15.66:6789/0] conn(0x7fd904076bf0 0x7fd904105460 unknown :-1 s=CLOSED pgs=41 cs=0 l=1 rev1=1 crypto rx=0 tx=0 comp rx=0 tx=0).stop
2024-05-09T09:38:18.603 INFO:teuthology.orchestra.run.smithi066.stdout:/usr/bin/ceph: stderr
2024-05-09T09:38:17.799+0000 7fd9088aa700 1 -- 172.21.15.66:0/15621937 >> 172.21.15.66:0/15621937 conn(0x7fd9040fcef0 msgr2=0x7fd9040ff300 unknown :-1 s=STATE_NONE l=0).mark_down
2024-05-09T09:38:18.603 INFO:teuthology.orchestra.run.smithi066.stdout:/usr/bin/ceph: stderr
2024-05-09T09:38:17.799+0000 7fd9088aa700 1 -- 172.21.15.66:0/15621937 shutdown_connections
2024-05-09T09:38:18.603 INFO:teuthology.orchestra.run.smithi066.stdout:/usr/bin/ceph: stderr
2024-05-09T09:38:17.799+0000 7fd9088aa700 1 -- 172.21.15.66:0/15621937 wait complete.
2024-05-09T09:38:18.603 INFO:teuthology.orchestra.run.smithi066.stdout:/usr/bin/ceph: stderr
2024-05-09T09:38:17.800+0000 7fd9088aa700 1 Processor -- start
2024-05-09T09:38:18.603 INFO:teuthology.orchestra.run.smithi066.stdout:/usr/bin/ceph: stderr
2024-05-09T09:38:17.800+0000 7fd9088aa700 1 -- start start
2024-05-09T09:38:18.603 INFO:teuthology.orchestra.run.smithi066.stdout:/usr/bin/ceph: stderr
2024-05-09T09:38:17.800+0000 7fd9088aa700 1 --2- >> [v2:172.21.15.66:3300/0,v1:172.21.15.66:6789/0] conn(0x7fd904076bf0 0x7fd904102db0 unknown :-1 s=NONE pgs=0 cs=0 l=1 rev1=0 crypto rx=0 tx=0 comp rx=0 tx=0).connect
2024-05-09T09:38:18.603 INFO:teuthology.orchestra.run.smithi066.stdout:/usr/bin/ceph: stderr
2024-05-09T09:38:17.800+0000 7fd9088aa700 1 -- --> [v2:172.21.15.66:3300/0,v1:172.21.15.66:6789/0] -- mon_getmap magic: 0 v1 -- 0x7fd9041032f0 con 0x7fd904076bf0
2024-05-09T09:38:18.603 INFO:teuthology.orchestra.run.smithi066.stdout:/usr/bin/ceph: stderr
2024-05-09T09:38:17.800+0000 7fd90259c700 1 --2- >> [v2:172.21.15.66:3300/0,v1:172.21.15.66:6789/0] conn(0x7fd904076bf0 0x7fd904102db0 unknown :-1 s=BANNER_CONNECTING pgs=0 cs=0 l=1 rev1=0 crypto rx=0 tx=0 comp rx=0 tx=0)._handle_peer_banner_payload supported=3 required=0
2024-05-09T09:38:18.603 INFO:teuthology.orchestra.run.smithi066.stdout:/usr/bin/ceph: stderr
2024-05-09T09:38:17.800+0000 7fd90259c700 1 --2- >> [v2:172.21.15.66:3300/0,v1:172.21.15.66:6789/0] conn(0x7fd904076bf0 0x7fd904102db0 unknown :-1 s=HELLO_CONNECTING pgs=0 cs=0 l=1 rev1=1 crypto rx=0 tx=0 comp rx=0 tx=0).handle_hello peer v2:172.21.15.66:3300/0 says I am v2:172.21.15.66:54252/0 (socket says 172.21.15.66:54252)
2024-05-09T09:38:18.603 INFO:teuthology.orchestra.run.smithi066.stdout:/usr/bin/ceph: stderr
2024-05-09T09:38:17.800+0000 7fd90259c700 1 -- 172.21.15.66:0/3350602177 learned_addr learned my addr 172.21.15.66:0/3350602177 (peer_addr_for_me v2:172.21.15.66:0/0)
2024-05-09T09:38:18.603 INFO:teuthology.orchestra.run.smithi066.stdout:/usr/bin/ceph: stderr
2024-05-09T09:38:17.801+0000 7fd90259c700 1 -- 172.21.15.66:0/3350602177 --> [v2:172.21.15.66:3300/0,v1:172.21.15.66:6789/0] -- mon_subscribe({config=0+,monmap=0+}) v3 -- 0x7fd8f40094f0 con 0x7fd904076bf0
2024-05-09T09:38:18.603 INFO:teuthology.orchestra.run.smithi066.stdout:/usr/bin/ceph: stderr
2024-05-09T09:38:17.801+0000 7fd90259c700 1 --2- 172.21.15.66:0/3350602177 >> [v2:172.21.15.66:3300/0,v1:172.21.15.66:6789/0] conn(0x7fd904076bf0 0x7fd904102db0 secure :-1 s=READY pgs=42 cs=0 l=1 rev1=1 crypto rx=0x7fd8f4003050 tx=0x7fd8f4009250 comp rx=0 tx=0).ready entity=mon.0 client_cookie=0 server_cookie=0 in_seq=0 out_seq=0
2024-05-09T09:38:18.603 INFO:teuthology.orchestra.run.smithi066.stdout:/usr/bin/ceph: stderr
2024-05-09T09:38:17.801+0000 7fd8f2ffd700 1 -- 172.21.15.66:0/3350602177 <== mon.0 v2:172.21.15.66:3300/0 1 ==== mon_map magic: 0 v1 ==== 229+0+0 (secure 0 0 0) 0x7fd8f4010760 con 0x7fd904076bf0
2024-05-09T09:38:18.603 INFO:teuthology.orchestra.run.smithi066.stdout:/usr/bin/ceph: stderr
2024-05-09T09:38:17.801+0000 7fd8f2ffd700 1 -- 172.21.15.66:0/3350602177 <== mon.0 v2:172.21.15.66:3300/0 2 ==== config(27 keys) v1 ==== 1044+0+0 (secure 0 0 0) 0x7fd8f4010d50 con 0x7fd904076bf0
2024-05-09T09:38:18.603 INFO:teuthology.orchestra.run.smithi066.stdout:/usr/bin/ceph: stderr
2024-05-09T09:38:17.801+0000 7fd9088aa700 1 -- 172.21.15.66:0/3350602177 --> [v2:172.21.15.66:3300/0,v1:172.21.15.66:6789/0] -- mon_subscribe({mgrmap=0+}) v3 -- 0x7fd904101360 con 0x7fd904076bf0
2024-05-09T09:38:18.604 INFO:teuthology.orchestra.run.smithi066.stdout:/usr/bin/ceph: stderr
2024-05-09T09:38:17.801+0000 7fd8f2ffd700 1 -- 172.21.15.66:0/3350602177 <== mon.0 v2:172.21.15.66:3300/0 3 ==== mon_map magic: 0 v1 ==== 229+0+0 (secure 0 0 0) 0x7fd8f401ae20 con 0x7fd904076bf0
2024-05-09T09:38:18.604 INFO:teuthology.orchestra.run.smithi066.stdout:/usr/bin/ceph: stderr
2024-05-09T09:38:17.801+0000 7fd9088aa700 1 -- 172.21.15.66:0/3350602177 --> [v2:172.21.15.66:3300/0,v1:172.21.15.66:6789/0] -- mon_subscribe({osdmap=0}) v3 -- 0x7fd904101850 con 0x7fd904076bf0
2024-05-09T09:38:18.604 INFO:teuthology.orchestra.run.smithi066.stdout:/usr/bin/ceph: stderr
2024-05-09T09:38:17.802+0000 7fd8f2ffd700 1 -- 172.21.15.66:0/3350602177 <== mon.0 v2:172.21.15.66:3300/0 4 ==== mgrmap(e 8) v1 ==== 43376+0+0 (secure 0 0 0) 0x7fd8f402e440 con 0x7fd904076bf0
2024-05-09T09:38:18.604 INFO:teuthology.orchestra.run.smithi066.stdout:/usr/bin/ceph: stderr
2024-05-09T09:38:17.802+0000 7fd8f2ffd700 1 --2- 172.21.15.66:0/3350602177 >> [v2:172.21.15.66:6800/246170910,v1:172.21.15.66:6801/246170910] conn(0x7fd8ec0368a0 0x7fd8ec038d50 unknown :-1 s=NONE pgs=0 cs=0 l=1 rev1=0 crypto rx=0 tx=0 comp rx=0 tx=0).connect
2024-05-09T09:38:18.604 INFO:teuthology.orchestra.run.smithi066.stdout:/usr/bin/ceph: stderr
2024-05-09T09:38:17.802+0000 7fd9088aa700 1 -- 172.21.15.66:0/3350602177 --> [v2:172.21.15.66:3300/0,v1:172.21.15.66:6789/0] -- mon_command({"prefix": "get_command_descriptions"} v 0) v1 -- 0x7fd90404bed0 con 0x7fd904076bf0
2024-05-09T09:38:18.604 INFO:teuthology.orchestra.run.smithi066.stdout:/usr/bin/ceph: stderr
2024-05-09T09:38:17.802+0000 7fd8f2ffd700 1 -- 172.21.15.66:0/3350602177 <== mon.0 v2:172.21.15.66:3300/0 5 ==== osd_map(2..2 src has 1..2) v4 ==== 936+0+0 (secure 0 0 0) 0x7fd8f404a490 con 0x7fd904076bf0
2024-05-09T09:38:18.604 INFO:teuthology.orchestra.run.smithi066.stdout:/usr/bin/ceph: stderr
2024-05-09T09:38:17.802+0000 7fd901d9b700 1 --2- 172.21.15.66:0/3350602177 >> [v2:172.21.15.66:6800/246170910,v1:172.21.15.66:6801/246170910] conn(0x7fd8ec0368a0 0x7fd8ec038d50 unknown :-1 s=BANNER_CONNECTING pgs=0 cs=0 l=1 rev1=0 crypto rx=0 tx=0 comp rx=0 tx=0)._handle_peer_banner_payload supported=3 required=0
2024-05-09T09:38:18.604 INFO:teuthology.orchestra.run.smithi066.stdout:/usr/bin/ceph: stderr
2024-05-09T09:38:17.803+0000 7fd901d9b700 1 --2- 172.21.15.66:0/3350602177 >> [v2:172.21.15.66:6800/246170910,v1:172.21.15.66:6801/246170910] conn(0x7fd8ec0368a0 0x7fd8ec038d50 secure :-1 s=READY pgs=10 cs=0 l=1 rev1=1 crypto rx=0x7fd8f8009990 tx=0x7fd8f8006e40 comp rx=0 tx=0).ready entity=mgr.14118 client_cookie=0 server_cookie=0 in_seq=0 out_seq=0
2024-05-09T09:38:18.604 INFO:teuthology.orchestra.run.smithi066.stdout:/usr/bin/ceph: stderr
2024-05-09T09:38:17.807+0000 7fd8f2ffd700 1 -- 172.21.15.66:0/3350602177 <== mon.0 v2:172.21.15.66:3300/0 6 ==== mon_command_ack([{"prefix": "get_command_descriptions"}]=0 v0) v1 ==== 72+0+176702 (secure 0 0 0) 0x7fd8f4018940 con 0x7fd904076bf0
2024-05-09T09:38:18.604 INFO:teuthology.orchestra.run.smithi066.stdout:/usr/bin/ceph: stderr
2024-05-09T09:38:18.002+0000 7fd9088aa700 1 -- 172.21.15.66:0/3350602177 --> [v2:172.21.15.66:6800/246170910,v1:172.21.15.66:6801/246170910] -- mgr_command(tid 0: {"prefix": "cephadm get-pub-key", "target": ["mon-mgr", ""]}) v1 -- 0x7fd904101f60 con 0x7fd8ec0368a0
2024-05-09T09:38:18.604 INFO:teuthology.orchestra.run.smithi066.stdout:/usr/bin/ceph: stderr
2024-05-09T09:38:18.003+0000 7fd8f2ffd700 1 -- 172.21.15.66:0/3350602177 <== mgr.14118 v2:172.21.15.66:6800/246170910 1 ==== mgr_command_reply(tid 0: 0 ) v1 ==== 8+0+595 (secure 0 0 0) 0x7fd904101f60 con 0x7fd8ec0368a0
2024-05-09T09:38:18.604 INFO:teuthology.orchestra.run.smithi066.stdout:/usr/bin/ceph: stderr
2024-05-09T09:38:18.005+0000 7fd9088aa700 1 -- 172.21.15.66:0/3350602177 >> [v2:172.21.15.66:6800/246170910,v1:172.21.15.66:6801/246170910] conn(0x7fd8ec0368a0 msgr2=0x7fd8ec038d50 secure :-1 s=STATE_CONNECTION_ESTABLISHED l=1).mark_down
2024-05-09T09:38:18.604 INFO:teuthology.orchestra.run.smithi066.stdout:/usr/bin/ceph: stderr
2024-05-09T09:38:18.005+0000 7fd9088aa700 1 --2- 172.21.15.66:0/3350602177 >> [v2:172.21.15.66:6800/246170910,v1:172.21.15.66:6801/246170910] conn(0x7fd8ec0368a0 0x7fd8ec038d50 secure :-1 s=READY pgs=10 cs=0 l=1 rev1=1 crypto rx=0x7fd8f8009990 tx=0x7fd8f8006e40 comp rx=0 tx=0).stop
2024-05-09T09:38:18.605 INFO:teuthology.orchestra.run.smithi066.stdout:/usr/bin/ceph: stderr
2024-05-09T09:38:18.005+0000 7fd9088aa700 1 -- 172.21.15.66:0/3350602177 >> [v2:172.21.15.66:3300/0,v1:172.21.15.66:6789/0] conn(0x7fd904076bf0 msgr2=0x7fd904102db0 secure :-1 s=STATE_CONNECTION_ESTABLISHED l=1).mark_down
2024-05-09T09:38:18.605 INFO:teuthology.orchestra.run.smithi066.stdout:/usr/bin/ceph: stderr
2024-05-09T09:38:18.005+0000 7fd9088aa700 1 --2- 172.21.15.66:0/3350602177 >> [v2:172.21.15.66:3300/0,v1:172.21.15.66:6789/0] conn(0x7fd904076bf0 0x7fd904102db0 secure :-1 s=READY pgs=42 cs=0 l=1 rev1=1 crypto rx=0x7fd8f4003050 tx=0x7fd8f4009250 comp rx=0 tx=0).stop
2024-05-09T09:38:18.605 INFO:teuthology.orchestra.run.smithi066.stdout:/usr/bin/ceph: stderr
2024-05-09T09:38:18.005+0000 7fd9088aa700 1 -- 172.21.15.66:0/3350602177 shutdown_connections
2024-05-09T09:38:18.605 INFO:teuthology.orchestra.run.smithi066.stdout:/usr/bin/ceph: stderr
2024-05-09T09:38:18.005+0000 7fd9088aa700 1 --2- 172.21.15.66:0/3350602177 >> [v2:172.21.15.66:6800/246170910,v1:172.21.15.66:6801/246170910] conn(0x7fd8ec0368a0 0x7fd8ec038d50 unknown :-1 s=CLOSED pgs=10 cs=0 l=1 rev1=1 crypto rx=0 tx=0 comp rx=0 tx=0).stop
2024-05-09T09:38:18.605 INFO:teuthology.orchestra.run.smithi066.stdout:/usr/bin/ceph: stderr
2024-05-09T09:38:18.005+0000 7fd9088aa700 1 --2- 172.21.15.66:0/3350602177 >> [v2:172.21.15.66:3300/0,v1:172.21.15.66:6789/0] conn(0x7fd904076bf0 0x7fd904102db0 unknown :-1 s=CLOSED pgs=42 cs=0 l=1 rev1=1 crypto rx=0 tx=0 comp rx=0 tx=0).stop
2024-05-09T09:38:18.605 INFO:teuthology.orchestra.run.smithi066.stdout:/usr/bin/ceph: stderr
2024-05-09T09:38:18.005+0000 7fd9088aa700 1 -- 172.21.15.66:0/3350602177 >> 172.21.15.66:0/3350602177 conn(0x7fd9040fcef0 msgr2=0x7fd9040fd9f0 unknown :-1 s=STATE_NONE l=0).mark_down
2024-05-09T09:38:18.605 INFO:teuthology.orchestra.run.smithi066.stdout:/usr/bin/ceph: stderr
2024-05-09T09:38:18.005+0000 7fd9088aa700 1 -- 172.21.15.66:0/3350602177 shutdown_connections
2024-05-09T09:38:18.605 INFO:teuthology.orchestra.run.smithi066.stdout:/usr/bin/ceph: stderr
2024-05-09T09:38:18.005+0000 7fd9088aa700 1 -- 172.21.15.66:0/3350602177 wait complete.
2024-05-09T09:38:18.605 INFO:teuthology.orchestra.run.smithi066.stdout:Wrote public SSH key to /home/ubuntu/cephtest/ceph.pub
2024-05-09T09:38:18.605 INFO:teuthology.orchestra.run.smithi066.stdout:Adding key to root@localhost authorized_keys...
2024-05-09T09:38:18.605 INFO:teuthology.orchestra.run.smithi066.stdout:Adding host smithi066...
2024-05-09T09:38:19.357 INFO:journalctl@ceph.mon.smithi066.smithi066.stdout:May 09 09:38:19 smithi066 ceph-mon[27031]: from='client.14136 -' entity='client.admin' cmd=[{"prefix": "cephadm get-pub-key", "target": ["mon-mgr", ""]}]: dispatch
2024-05-09T09:38:20.250 INFO:journalctl@ceph.mon.smithi066.smithi066.stdout:May 09 09:38:20 smithi066 ceph-mon[27031]: from='client.14138 -' entity='client.admin' cmd=[{"prefix": "orch host add", "hostname": "smithi066", "addr": "172.21.15.66", "target": ["mon-mgr", ""]}]: dispatch
2024-05-09T09:38:21.492 INFO:journalctl@ceph.mon.smithi066.smithi066.stdout:May 09 09:38:21 smithi066 ceph-mon[27031]: Deploying cephadm binary to smithi066
