2024-05-10T10:28:39.380 INFO:teuthology.orchestra.run.smithi112.stdout:/usr/bin/ceph: stderr
2024-05-10T10:28:38.433+0000 7fb7ccbef700 1 -- 172.21.15.112:0/3726496463 wait complete.
2024-05-10T10:28:39.380 INFO:teuthology.orchestra.run.smithi112.stdout:/usr/bin/ceph: stderr
2024-05-10T10:28:38.433+0000 7fb7ccbef700 1 Processor -- start
2024-05-10T10:28:39.380 INFO:teuthology.orchestra.run.smithi112.stdout:/usr/bin/ceph: stderr
2024-05-10T10:28:38.433+0000 7fb7ccbef700 1 -- start start
2024-05-10T10:28:39.380 INFO:teuthology.orchestra.run.smithi112.stdout:/usr/bin/ceph: stderr
2024-05-10T10:28:38.434+0000 7fb7ccbef700 1 --2- >> [v2:172.21.15.112:3300/0,v1:172.21.15.112:6789/0] conn(0x7fb7c8109700 0x7fb7c819ed40 unknown :-1 s=NONE pgs=0 cs=0 l=1 rev1=0 crypto rx=0 tx=0 comp rx=0 tx=0).connect
2024-05-10T10:28:39.380 INFO:teuthology.orchestra.run.smithi112.stdout:/usr/bin/ceph: stderr
2024-05-10T10:28:38.434+0000 7fb7ccbef700 1 -- --> [v2:172.21.15.112:3300/0,v1:172.21.15.112:6789/0] -- mon_getmap magic: 0 -- 0x7fb7c810cfd0 con 0x7fb7c8109700
2024-05-10T10:28:39.380 INFO:teuthology.orchestra.run.smithi112.stdout:/usr/bin/ceph: stderr
2024-05-10T10:28:38.434+0000 7fb7c659c700 1 --2- >> [v2:172.21.15.112:3300/0,v1:172.21.15.112:6789/0] conn(0x7fb7c8109700 0x7fb7c819ed40 unknown :-1 s=BANNER_CONNECTING pgs=0 cs=0 l=1 rev1=0 crypto rx=0 tx=0 comp rx=0 tx=0)._handle_peer_banner_payload supported=3 required=0
2024-05-10T10:28:39.380 INFO:teuthology.orchestra.run.smithi112.stdout:/usr/bin/ceph: stderr
2024-05-10T10:28:38.434+0000 7fb7c659c700 1 --2- >> [v2:172.21.15.112:3300/0,v1:172.21.15.112:6789/0] conn(0x7fb7c8109700 0x7fb7c819ed40 unknown :-1 s=HELLO_CONNECTING pgs=0 cs=0 l=1 rev1=1 crypto rx=0 tx=0 comp rx=0 tx=0).handle_hello peer v2:172.21.15.112:3300/0 says I am v2:172.21.15.112:55446/0 (socket says 172.21.15.112:55446)
2024-05-10T10:28:39.380 INFO:teuthology.orchestra.run.smithi112.stdout:/usr/bin/ceph: stderr
2024-05-10T10:28:38.434+0000 7fb7c659c700 1 -- 172.21.15.112:0/2779980860 learned_addr learned my addr 172.21.15.112:0/2779980860 (peer_addr_for_me v2:172.21.15.112:0/0)
2024-05-10T10:28:39.380 INFO:teuthology.orchestra.run.smithi112.stdout:/usr/bin/ceph: stderr
2024-05-10T10:28:38.434+0000 7fb7c659c700 1 -- 172.21.15.112:0/2779980860 --> [v2:172.21.15.112:3300/0,v1:172.21.15.112:6789/0] -- mon_subscribe({config=0+,monmap=0+}) -- 0x7fb7c819f280 con 0x7fb7c8109700
2024-05-10T10:28:39.381 INFO:teuthology.orchestra.run.smithi112.stdout:/usr/bin/ceph: stderr
2024-05-10T10:28:38.434+0000 7fb7c659c700 1 --2- 172.21.15.112:0/2779980860 >> [v2:172.21.15.112:3300/0,v1:172.21.15.112:6789/0] conn(0x7fb7c8109700 0x7fb7c819ed40 secure :-1 s=READY pgs=73 cs=0 l=1 rev1=1 crypto rx=0x7fb7b8004660 tx=0x7fb7b8011a30 comp rx=0 tx=0).ready entity=mon.0 client_cookie=0 server_cookie=0 in_seq=0 out_seq=0
2024-05-10T10:28:39.381 INFO:teuthology.orchestra.run.smithi112.stdout:/usr/bin/ceph: stderr
2024-05-10T10:28:38.434+0000 7fb7b77fe700 1 -- 172.21.15.112:0/2779980860 <== mon.0 v2:172.21.15.112:3300/0 1 ==== mon_map magic: 0 ==== 205+0+0 (secure 0 0 0) 0x7fb7b8003aa0 con 0x7fb7c8109700
2024-05-10T10:28:39.381 INFO:teuthology.orchestra.run.smithi112.stdout:/usr/bin/ceph: stderr
2024-05-10T10:28:38.434+0000 7fb7ccbef700 1 -- 172.21.15.112:0/2779980860 --> [v2:172.21.15.112:3300/0,v1:172.21.15.112:6789/0] -- mon_subscribe({mgrmap=0+}) -- 0x7fb7c819f510 con 0x7fb7c8109700
2024-05-10T10:28:39.381 INFO:teuthology.orchestra.run.smithi112.stdout:/usr/bin/ceph: stderr
2024-05-10T10:28:38.434+0000 7fb7ccbef700 1 -- 172.21.15.112:0/2779980860 --> [v2:172.21.15.112:3300/0,v1:172.21.15.112:6789/0] -- mon_subscribe({osdmap=0}) -- 0x7fb7c81a2200 con 0x7fb7c8109700
2024-05-10T10:28:39.381 INFO:teuthology.orchestra.run.smithi112.stdout:/usr/bin/ceph: stderr
2024-05-10T10:28:38.435+0000 7fb7b77fe700 1 -- 172.21.15.112:0/2779980860 <== mon.0 v2:172.21.15.112:3300/0 2 ==== config(25 keys) ==== 1063+0+0 (secure 0 0 0) 0x7fb7b8004300 con 0x7fb7c8109700
2024-05-10T10:28:39.381 INFO:teuthology.orchestra.run.smithi112.stdout:/usr/bin/ceph: stderr
2024-05-10T10:28:38.435+0000 7fb7b77fe700 1 -- 172.21.15.112:0/2779980860 <== mon.0 v2:172.21.15.112:3300/0 3 ==== mon_map magic: 0 ==== 205+0+0 (secure 0 0 0) 0x7fb7b8023400 con 0x7fb7c8109700
2024-05-10T10:28:39.381 INFO:teuthology.orchestra.run.smithi112.stdout:/usr/bin/ceph: stderr
2024-05-10T10:28:38.435+0000 7fb7ccbef700 1 -- 172.21.15.112:0/2779980860 --> [v2:172.21.15.112:3300/0,v1:172.21.15.112:6789/0] -- mon_command({"prefix": "get_command_descriptions"} v 0) -- 0x7fb7a8005330 con 0x7fb7c8109700
2024-05-10T10:28:39.381 INFO:teuthology.orchestra.run.smithi112.stdout:/usr/bin/ceph: stderr
2024-05-10T10:28:38.436+0000 7fb7b77fe700 1 -- 172.21.15.112:0/2779980860 <== mon.0 v2:172.21.15.112:3300/0 4 ==== mgrmap(e 12) ==== 50235+0+0 (secure 0 0 0) 0x7fb7b80235a0 con 0x7fb7c8109700
2024-05-10T10:28:39.381 INFO:teuthology.orchestra.run.smithi112.stdout:/usr/bin/ceph: stderr
2024-05-10T10:28:38.436+0000 7fb7b77fe700 1 --2- 172.21.15.112:0/2779980860 >> [v2:172.21.15.112:6800/1898750131,v1:172.21.15.112:6801/1898750131] conn(0x7fb7b003e470 0x7fb7b0040930 unknown :-1 s=NONE pgs=0 cs=0 l=1 rev1=0 crypto rx=0 tx=0 comp rx=0 tx=0).connect
2024-05-10T10:28:39.381 INFO:teuthology.orchestra.run.smithi112.stdout:/usr/bin/ceph: stderr
2024-05-10T10:28:38.436+0000 7fb7b77fe700 1 -- 172.21.15.112:0/2779980860 <== mon.0 v2:172.21.15.112:3300/0 5 ==== osd_map(3..3 src has 1..3) ==== 1155+0+0 (secure 0 0 0) 0x7fb7b8053fa0 con 0x7fb7c8109700
2024-05-10T10:28:39.381 INFO:teuthology.orchestra.run.smithi112.stdout:/usr/bin/ceph: stderr
2024-05-10T10:28:38.436+0000 7fb7c5d9b700 1 --2- 172.21.15.112:0/2779980860 >> [v2:172.21.15.112:6800/1898750131,v1:172.21.15.112:6801/1898750131] conn(0x7fb7b003e470 0x7fb7b0040930 unknown :-1 s=BANNER_CONNECTING pgs=0 cs=0 l=1 rev1=0 crypto rx=0 tx=0 comp rx=0 tx=0)._handle_peer_banner_payload supported=3 required=0
2024-05-10T10:28:39.382 INFO:teuthology.orchestra.run.smithi112.stdout:/usr/bin/ceph: stderr
2024-05-10T10:28:38.436+0000 7fb7c5d9b700 1 --2- 172.21.15.112:0/2779980860 >> [v2:172.21.15.112:6800/1898750131,v1:172.21.15.112:6801/1898750131] conn(0x7fb7b003e470 0x7fb7b0040930 secure :-1 s=READY pgs=9 cs=0 l=1 rev1=1 crypto rx=0x7fb7bc006fd0 tx=0x7fb7bc006e40 comp rx=0 tx=0).ready entity=mgr.14150 client_cookie=0 server_cookie=0 in_seq=0 out_seq=0
2024-05-10T10:28:39.382 INFO:teuthology.orchestra.run.smithi112.stdout:/usr/bin/ceph: stderr
2024-05-10T10:28:38.441+0000 7fb7b77fe700 1 -- 172.21.15.112:0/2779980860 <== mon.0 v2:172.21.15.112:3300/0 6 ==== mon_command_ack([{"prefix": "get_command_descriptions"}]=0 v0) ==== 72+0+191839 (secure 0 0 0) 0x7fb7b801f030 con 0x7fb7c8109700
2024-05-10T10:28:39.382 INFO:teuthology.orchestra.run.smithi112.stdout:/usr/bin/ceph: stderr
2024-05-10T10:28:38.661+0000 7fb7ccbef700 1 -- 172.21.15.112:0/2779980860 --> [v2:172.21.15.112:3300/0,v1:172.21.15.112:6789/0] -- mon_command({"prefix": "config get", "who": "mgr", "key": "mgr/dashboard/ssl_server_port"} v 0) -- 0x7fb7a8005620 con 0x7fb7c8109700
2024-05-10T10:28:39.382 INFO:teuthology.orchestra.run.smithi112.stdout:/usr/bin/ceph: stderr
2024-05-10T10:28:38.661+0000 7fb7b77fe700 1 -- 172.21.15.112:0/2779980860 <== mon.0 v2:172.21.15.112:3300/0 7 ==== mon_command_ack([{"prefix": "config get", "who": "mgr", "key": "mgr/dashboard/ssl_server_port"}]=0 v8) ==== 112+0+5 (secure 0 0 0) 0x7fb7b8019ce0 con 0x7fb7c8109700
2024-05-10T10:28:39.382 INFO:teuthology.orchestra.run.smithi112.stdout:/usr/bin/ceph: stderr
2024-05-10T10:28:38.664+0000 7fb7ccbef700 1 -- 172.21.15.112:0/2779980860 >> [v2:172.21.15.112:6800/1898750131,v1:172.21.15.112:6801/1898750131] conn(0x7fb7b003e470 msgr2=0x7fb7b0040930 secure :-1 s=STATE_CONNECTION_ESTABLISHED l=1).mark_down
2024-05-10T10:28:39.382 INFO:teuthology.orchestra.run.smithi112.stdout:/usr/bin/ceph: stderr
2024-05-10T10:28:38.664+0000 7fb7ccbef700 1 --2- 172.21.15.112:0/2779980860 >> [v2:172.21.15.112:6800/1898750131,v1:172.21.15.112:6801/1898750131] conn(0x7fb7b003e470 0x7fb7b0040930 secure :-1 s=READY pgs=9 cs=0 l=1 rev1=1 crypto rx=0x7fb7bc006fd0 tx=0x7fb7bc006e40 comp rx=0 tx=0).stop
2024-05-10T10:28:39.382 INFO:teuthology.orchestra.run.smithi112.stdout:/usr/bin/ceph: stderr
2024-05-10T10:28:38.664+0000 7fb7ccbef700 1 -- 172.21.15.112:0/2779980860 >> [v2:172.21.15.112:3300/0,v1:172.21.15.112:6789/0] conn(0x7fb7c8109700 msgr2=0x7fb7c819ed40 secure :-1 s=STATE_CONNECTION_ESTABLISHED l=1).mark_down
2024-05-10T10:28:39.382 INFO:teuthology.orchestra.run.smithi112.stdout:/usr/bin/ceph: stderr
2024-05-10T10:28:38.664+0000 7fb7ccbef700 1 --2- 172.21.15.112:0/2779980860 >> [v2:172.21.15.112:3300/0,v1:172.21.15.112:6789/0] conn(0x7fb7c8109700 0x7fb7c819ed40 secure :-1 s=READY pgs=73 cs=0 l=1 rev1=1 crypto rx=0x7fb7b8004660 tx=0x7fb7b8011a30 comp rx=0 tx=0).stop
2024-05-10T10:28:39.382 INFO:teuthology.orchestra.run.smithi112.stdout:/usr/bin/ceph: stderr
2024-05-10T10:28:38.664+0000 7fb7ccbef700 1 -- 172.21.15.112:0/2779980860 shutdown_connections
2024-05-10T10:28:39.382 INFO:teuthology.orchestra.run.smithi112.stdout:/usr/bin/ceph: stderr
2024-05-10T10:28:38.664+0000 7fb7ccbef700 1 --2- 172.21.15.112:0/2779980860 >> [v2:172.21.15.112:6800/1898750131,v1:172.21.15.112:6801/1898750131] conn(0x7fb7b003e470 0x7fb7b0040930 unknown :-1 s=CLOSED pgs=9 cs=0 l=1 rev1=1 crypto rx=0 tx=0 comp rx=0 tx=0).stop
2024-05-10T10:28:39.382 INFO:teuthology.orchestra.run.smithi112.stdout:/usr/bin/ceph: stderr
2024-05-10T10:28:38.664+0000 7fb7ccbef700 1 --2- 172.21.15.112:0/2779980860 >> [v2:172.21.15.112:3300/0,v1:172.21.15.112:6789/0] conn(0x7fb7c8109700 0x7fb7c819ed40 unknown :-1 s=CLOSED pgs=73 cs=0 l=1 rev1=1 crypto rx=0 tx=0 comp rx=0 tx=0).stop
2024-05-10T10:28:39.382 INFO:teuthology.orchestra.run.smithi112.stdout:/usr/bin/ceph: stderr
2024-05-10T10:28:38.664+0000 7fb7ccbef700 1 -- 172.21.15.112:0/2779980860 >> 172.21.15.112:0/2779980860 conn(0x7fb7c81030f0 msgr2=0x7fb7c8103bd0 unknown :-1 s=STATE_NONE l=0).mark_down
2024-05-10T10:28:39.383 INFO:teuthology.orchestra.run.smithi112.stdout:/usr/bin/ceph: stderr
2024-05-10T10:28:38.664+0000 7fb7ccbef700 1 -- 172.21.15.112:0/2779980860 shutdown_connections
2024-05-10T10:28:39.383 INFO:teuthology.orchestra.run.smithi112.stdout:/usr/bin/ceph: stderr
2024-05-10T10:28:38.664+0000 7fb7ccbef700 1 -- 172.21.15.112:0/2779980860 wait complete.
2024-05-10T10:28:39.387 INFO:teuthology.orchestra.run.smithi112.stdout:Non-zero exit code 1 from systemctl is-enabled firewalld.service
2024-05-10T10:28:39.387 INFO:teuthology.orchestra.run.smithi112.stdout:systemctl: stdout disabled
2024-05-10T10:28:39.396 INFO:teuthology.orchestra.run.smithi112.stdout:Non-zero exit code 3 from systemctl is-active firewalld.service
2024-05-10T10:28:39.396 INFO:teuthology.orchestra.run.smithi112.stdout:systemctl: stdout inactive
2024-05-10T10:28:39.396 INFO:teuthology.orchestra.run.smithi112.stdout:firewalld.service is not enabled
2024-05-10T10:28:39.396 INFO:teuthology.orchestra.run.smithi112.stdout:Not possible to open ports <[8443]>. firewalld.service is not available
2024-05-10T10:28:39.398 INFO:teuthology.orchestra.run.smithi112.stdout:Ceph Dashboard is now available at:
2024-05-10T10:28:39.398 INFO:teuthology.orchestra.run.smithi112.stdout:
2024-05-10T10:28:39.398 INFO:teuthology.orchestra.run.smithi112.stdout: URL: https://smithi112.front.sepia.ceph.com:8443/
2024-05-10T10:28:39.398 INFO:teuthology.orchestra.run.smithi112.stdout: User: admin
2024-05-10T10:28:39.398 INFO:teuthology.orchestra.run.smithi112.stdout: Password: mymmdfbn1k
2024-05-10T10:28:39.398 INFO:teuthology.orchestra.run.smithi112.stdout:
2024-05-10T10:28:39.399 INFO:teuthology.orchestra.run.smithi112.stdout:Saving cluster configuration to /var/lib/ceph/ccd347ac-0eb7-11ef-bc98-c7b262605968/config directory
2024-05-10T10:28:39.399 INFO:teuthology.orchestra.run.smithi112.stdout:Enabling autotune for osd_memory_target
2024-05-10T10:28:40.617 INFO:teuthology.orchestra.run.smithi112.stdout:/usr/bin/ceph: stderr
2024-05-10T10:28:39.839+0000 7f574fe18700 1 Processor -- start
2024-05-10T10:28:40.618 INFO:teuthology.orchestra.run.smithi112.stdout:/usr/bin/ceph: stderr
2024-05-10T10:28:39.839+0000 7f574fe18700 1 -- start start
2024-05-10T10:28:40.618 INFO:teuthology.orchestra.run.smithi112.stdout:/usr/bin/ceph: stderr
2024-05-10T10:28:39.839+0000 7f574fe18700 1 --2- >> [v2:172.21.15.112:3300/0,v1:172.21.15.112:6789/0] conn(0x7f5748107570 0x7f5748107990 unknown :-1 s=NONE pgs=0 cs=0 l=0 rev1=0 crypto rx=0 tx=0 comp rx=0 tx=0).connect
2024-05-10T10:28:40.618 INFO:teuthology.orchestra.run.smithi112.stdout:/usr/bin/ceph: stderr
2024-05-10T10:28:39.839+0000 7f574fe18700 1 -- --> [v2:172.21.15.112:3300/0,v1:172.21.15.112:6789/0] -- mon_getmap magic: 0 -- 0x7f574807cdd0 con 0x7f5748107570
2024-05-10T10:28:40.618 INFO:teuthology.orchestra.run.smithi112.stdout:/usr/bin/ceph: stderr
2024-05-10T10:28:39.839+0000 7f574dbb4700 1 --2- >> [v2:172.21.15.112:3300/0,v1:172.21.15.112:6789/0] conn(0x7f5748107570 0x7f5748107990 unknown :-1 s=BANNER_CONNECTING pgs=0 cs=0 l=0 rev1=0 crypto rx=0 tx=0 comp rx=0 tx=0)._handle_peer_banner_payload supported=3 required=0
2024-05-10T10:28:40.618 INFO:teuthology.orchestra.run.smithi112.stdout:/usr/bin/ceph: stderr
2024-05-10T10:28:39.839+0000 7f574dbb4700 1 --2- >> [v2:172.21.15.112:3300/0,v1:172.21.15.112:6789/0] conn(0x7f5748107570 0x7f5748107990 unknown :-1 s=HELLO_CONNECTING pgs=0 cs=0 l=0 rev1=1 crypto rx=0 tx=0 comp rx=0 tx=0).handle_hello peer v2:172.21.15.112:3300/0 says I am v2:172.21.15.112:55450/0 (socket says 172.21.15.112:55450)
2024-05-10T10:28:40.618 INFO:teuthology.orchestra.run.smithi112.stdout:/usr/bin/ceph: stderr
2024-05-10T10:28:39.839+0000 7f574dbb4700 1 -- 172.21.15.112:0/2439890914 learned_addr learned my addr 172.21.15.112:0/2439890914 (peer_addr_for_me v2:172.21.15.112:0/0)
2024-05-10T10:28:40.618 INFO:teuthology.orchestra.run.smithi112.stdout:/usr/bin/ceph: stderr
2024-05-10T10:28:39.840+0000 7f574dbb4700 1 -- 172.21.15.112:0/2439890914 --> [v2:172.21.15.112:3300/0,v1:172.21.15.112:6789/0] -- mon_subscribe({config=0+,monmap=0+}) -- 0x7f5748107ed0 con 0x7f5748107570
2024-05-10T10:28:40.618 INFO:teuthology.orchestra.run.smithi112.stdout:/usr/bin/ceph: stderr
2024-05-10T10:28:39.840+0000 7f574dbb4700 1 --2- 172.21.15.112:0/2439890914 >> [v2:172.21.15.112:3300/0,v1:172.21.15.112:6789/0] conn(0x7f5748107570 0x7f5748107990 secure :-1 s=READY pgs=74 cs=0 l=1 rev1=1 crypto rx=0x7f57440098a0 tx=0x7f5744009bb0 comp rx=0 tx=0).ready entity=mon.0 client_cookie=baea61367781ca2c server_cookie=0 in_seq=0 out_seq=0
2024-05-10T10:28:40.618 INFO:teuthology.orchestra.run.smithi112.stdout:/usr/bin/ceph: stderr
2024-05-10T10:28:39.840+0000 7f574cbb2700 1 -- 172.21.15.112:0/2439890914 <== mon.0 v2:172.21.15.112:3300/0 1 ==== mon_map magic: 0 ==== 205+0+0 (secure 0 0 0) 0x7f5744004160 con 0x7f5748107570
2024-05-10T10:28:40.618 INFO:teuthology.orchestra.run.smithi112.stdout:/usr/bin/ceph: stderr
2024-05-10T10:28:39.840+0000 7f574cbb2700 1 -- 172.21.15.112:0/2439890914 <== mon.0 v2:172.21.15.112:3300/0 2 ==== config(25 keys) ==== 1063+0+0 (secure 0 0 0) 0x7f5744004300 con 0x7f5748107570
2024-05-10T10:28:40.618 INFO:teuthology.orchestra.run.smithi112.stdout:/usr/bin/ceph: stderr
2024-05-10T10:28:39.840+0000 7f574cbb2700 1 -- 172.21.15.112:0/2439890914 <== mon.0 v2:172.21.15.112:3300/0 3 ==== mon_map magic: 0 ==== 205+0+0 (secure 0 0 0) 0x7f5744011960 con 0x7f5748107570
2024-05-10T10:28:40.619 INFO:teuthology.orchestra.run.smithi112.stdout:/usr/bin/ceph: stderr
2024-05-10T10:28:39.840+0000 7f574fe18700 1 -- 172.21.15.112:0/2439890914 >> [v2:172.21.15.112:3300/0,v1:172.21.15.112:6789/0] conn(0x7f5748107570 msgr2=0x7f5748107990 secure :-1 s=STATE_CONNECTION_ESTABLISHED l=1).mark_down
2024-05-10T10:28:40.619 INFO:teuthology.orchestra.run.smithi112.stdout:/usr/bin/ceph: stderr
2024-05-10T10:28:39.840+0000 7f574fe18700 1 --2- 172.21.15.112:0/2439890914 >> [v2:172.21.15.112:3300/0,v1:172.21.15.112:6789/0] conn(0x7f5748107570 0x7f5748107990 secure :-1 s=READY pgs=74 cs=0 l=1 rev1=1 crypto rx=0x7f57440098a0 tx=0x7f5744009bb0 comp rx=0 tx=0).stop
2024-05-10T10:28:40.619 INFO:teuthology.orchestra.run.smithi112.stdout:/usr/bin/ceph: stderr
2024-05-10T10:28:39.841+0000 7f574fe18700 1 -- 172.21.15.112:0/2439890914 shutdown_connections
2024-05-10T10:28:40.619 INFO:teuthology.orchestra.run.smithi112.stdout:/usr/bin/ceph: stderr
2024-05-10T10:28:39.841+0000 7f574fe18700 1 --2- 172.21.15.112:0/2439890914 >> [v2:172.21.15.112:3300/0,v1:172.21.15.112:6789/0] conn(0x7f5748107570 0x7f5748107990 unknown :-1 s=CLOSED pgs=74 cs=0 l=1 rev1=1 crypto rx=0 tx=0 comp rx=0 tx=0).stop
2024-05-10T10:28:40.619 INFO:teuthology.orchestra.run.smithi112.stdout:/usr/bin/ceph: stderr
2024-05-10T10:28:39.841+0000 7f574fe18700 1 -- 172.21.15.112:0/2439890914 >> 172.21.15.112:0/2439890914 conn(0x7f57481030f0 msgr2=0x7f5748105550 unknown :-1 s=STATE_NONE l=0).mark_down
2024-05-10T10:28:40.619 INFO:teuthology.orchestra.run.smithi112.stdout:/usr/bin/ceph: stderr
2024-05-10T10:28:39.841+0000 7f574fe18700 1 -- 172.21.15.112:0/2439890914 shutdown_connections
2024-05-10T10:28:40.619 INFO:teuthology.orchestra.run.smithi112.stdout:/usr/bin/ceph: stderr
2024-05-10T10:28:39.841+0000 7f574fe18700 1 -- 172.21.15.112:0/2439890914 wait complete.
2024-05-10T10:28:40.619 INFO:teuthology.orchestra.run.smithi112.stdout:/usr/bin/ceph: stderr
2024-05-10T10:28:39.841+0000 7f574fe18700 1 Processor -- start
2024-05-10T10:28:40.619 INFO:teuthology.orchestra.run.smithi112.stdout:/usr/bin/ceph: stderr
2024-05-10T10:28:39.841+0000 7f574fe18700 1 -- start start
2024-05-10T10:28:40.619 INFO:teuthology.orchestra.run.smithi112.stdout:/usr/bin/ceph: stderr
2024-05-10T10:28:39.841+0000 7f574fe18700 1 --2- >> [v2:172.21.15.112:3300/0,v1:172.21.15.112:6789/0] conn(0x7f5748107570 0x7f574819ece0 unknown :-1 s=NONE pgs=0 cs=0 l=1 rev1=0 crypto rx=0 tx=0 comp rx=0 tx=0).connect
2024-05-10T10:28:40.619 INFO:teuthology.orchestra.run.smithi112.stdout:/usr/bin/ceph: stderr
2024-05-10T10:28:39.841+0000 7f574fe18700 1 -- --> [v2:172.21.15.112:3300/0,v1:172.21.15.112:6789/0] -- mon_getmap magic: 0 -- 0x7f5748108ee0 con 0x7f5748107570
2024-05-10T10:28:40.619 INFO:teuthology.orchestra.run.smithi112.stdout:/usr/bin/ceph: stderr
2024-05-10T10:28:39.842+0000 7f574dbb4700 1 --2- >> [v2:172.21.15.112:3300/0,v1:172.21.15.112:6789/0] conn(0x7f5748107570 0x7f574819ece0 unknown :-1 s=BANNER_CONNECTING pgs=0 cs=0 l=1 rev1=0 crypto rx=0 tx=0 comp rx=0 tx=0)._handle_peer_banner_payload supported=3 required=0
2024-05-10T10:28:40.619 INFO:teuthology.orchestra.run.smithi112.stdout:/usr/bin/ceph: stderr
2024-05-10T10:28:39.842+0000 7f574dbb4700 1 --2- >> [v2:172.21.15.112:3300/0,v1:172.21.15.112:6789/0] conn(0x7f5748107570 0x7f574819ece0 unknown :-1 s=HELLO_CONNECTING pgs=0 cs=0 l=1 rev1=1 crypto rx=0 tx=0 comp rx=0 tx=0).handle_hello peer v2:172.21.15.112:3300/0 says I am v2:172.21.15.112:55462/0 (socket says 172.21.15.112:55462)
2024-05-10T10:28:40.619 INFO:teuthology.orchestra.run.smithi112.stdout:/usr/bin/ceph: stderr
2024-05-10T10:28:39.842+0000 7f574dbb4700 1 -- 172.21.15.112:0/3564977856 learned_addr learned my addr 172.21.15.112:0/3564977856 (peer_addr_for_me v2:172.21.15.112:0/0)
2024-05-10T10:28:40.620 INFO:teuthology.orchestra.run.smithi112.stdout:/usr/bin/ceph: stderr
2024-05-10T10:28:39.842+0000 7f574dbb4700 1 -- 172.21.15.112:0/3564977856 --> [v2:172.21.15.112:3300/0,v1:172.21.15.112:6789/0] -- mon_subscribe({config=0+,monmap=0+}) -- 0x7f574819f220 con 0x7f5748107570
2024-05-10T10:28:40.620 INFO:teuthology.orchestra.run.smithi112.stdout:/usr/bin/ceph: stderr
2024-05-10T10:28:39.842+0000 7f574dbb4700 1 --2- 172.21.15.112:0/3564977856 >> [v2:172.21.15.112:3300/0,v1:172.21.15.112:6789/0] conn(0x7f5748107570 0x7f574819ece0 secure :-1 s=READY pgs=75 cs=0 l=1 rev1=1 crypto rx=0x7f5744011670 tx=0x7f5744011a30 comp rx=0 tx=0).ready entity=mon.0 client_cookie=0 server_cookie=0 in_seq=0 out_seq=0
2024-05-10T10:28:40.620 INFO:teuthology.orchestra.run.smithi112.stdout:/usr/bin/ceph: stderr
2024-05-10T10:28:39.842+0000 7f573effd700 1 -- 172.21.15.112:0/3564977856 <== mon.0 v2:172.21.15.112:3300/0 1 ==== mon_map magic: 0 ==== 205+0+0 (secure 0 0 0) 0x7f574401f070 con 0x7f5748107570
2024-05-10T10:28:40.620 INFO:teuthology.orchestra.run.smithi112.stdout:/usr/bin/ceph: stderr
2024-05-10T10:28:39.842+0000 7f573effd700 1 -- 172.21.15.112:0/3564977856 <== mon.0 v2:172.21.15.112:3300/0 2 ==== config(25 keys) ==== 1063+0+0 (secure 0 0 0) 0x7f5744003b20 con 0x7f5748107570
2024-05-10T10:28:40.620 INFO:teuthology.orchestra.run.smithi112.stdout:/usr/bin/ceph: stderr
2024-05-10T10:28:39.842+0000 7f574fe18700 1 -- 172.21.15.112:0/3564977856 --> [v2:172.21.15.112:3300/0,v1:172.21.15.112:6789/0] -- mon_subscribe({mgrmap=0+}) -- 0x7f574819f4b0 con 0x7f5748107570
2024-05-10T10:28:40.620 INFO:teuthology.orchestra.run.smithi112.stdout:/usr/bin/ceph: stderr
2024-05-10T10:28:39.842+0000 7f573effd700 1 -- 172.21.15.112:0/3564977856 <== mon.0 v2:172.21.15.112:3300/0 3 ==== mon_map magic: 0 ==== 205+0+0 (secure 0 0 0) 0x7f57440195f0 con 0x7f5748107570
2024-05-10T10:28:40.620 INFO:teuthology.orchestra.run.smithi112.stdout:/usr/bin/ceph: stderr
2024-05-10T10:28:39.842+0000 7f574fe18700 1 -- 172.21.15.112:0/3564977856 --> [v2:172.21.15.112:3300/0,v1:172.21.15.112:6789/0] -- mon_subscribe({osdmap=0}) -- 0x7f57481a2190 con 0x7f5748107570
2024-05-10T10:28:40.620 INFO:teuthology.orchestra.run.smithi112.stdout:/usr/bin/ceph: stderr
2024-05-10T10:28:39.843+0000 7f574fe18700 1 -- 172.21.15.112:0/3564977856 --> [v2:172.21.15.112:3300/0,v1:172.21.15.112:6789/0] -- mon_command({"prefix": "get_command_descriptions"} v 0) -- 0x7f5748064b00 con 0x7f5748107570
2024-05-10T10:28:40.620 INFO:teuthology.orchestra.run.smithi112.stdout:/usr/bin/ceph: stderr
2024-05-10T10:28:39.843+0000 7f573effd700 1 -- 172.21.15.112:0/3564977856 <== mon.0 v2:172.21.15.112:3300/0 4 ==== mgrmap(e 13) ==== 50279+0+0 (secure 0 0 0) 0x7f5744022070 con 0x7f5748107570
2024-05-10T10:28:40.620 INFO:teuthology.orchestra.run.smithi112.stdout:/usr/bin/ceph: stderr
2024-05-10T10:28:39.843+0000 7f573effd700 1 --2- 172.21.15.112:0/3564977856 >> [v2:172.21.15.112:6800/1898750131,v1:172.21.15.112:6801/1898750131] conn(0x7f573403e5c0 0x7f5734040a80 unknown :-1 s=NONE pgs=0 cs=0 l=1 rev1=0 crypto rx=0 tx=0 comp rx=0 tx=0).connect
2024-05-10T10:28:40.620 INFO:teuthology.orchestra.run.smithi112.stdout:/usr/bin/ceph: stderr
2024-05-10T10:28:39.843+0000 7f573effd700 1 -- 172.21.15.112:0/3564977856 <== mon.0 v2:172.21.15.112:3300/0 5 ==== osd_map(3..3 src has 1..3) ==== 1155+0+0 (secure 0 0 0) 0x7f5744053cf0 con 0x7f5748107570
2024-05-10T10:28:40.620 INFO:teuthology.orchestra.run.smithi112.stdout:/usr/bin/ceph: stderr
2024-05-10T10:28:39.843+0000 7f574d3b3700 1 --2- 172.21.15.112:0/3564977856 >> [v2:172.21.15.112:6800/1898750131,v1:172.21.15.112:6801/1898750131] conn(0x7f573403e5c0 0x7f5734040a80 unknown :-1 s=BANNER_CONNECTING pgs=0 cs=0 l=1 rev1=0 crypto rx=0 tx=0 comp rx=0 tx=0)._handle_peer_banner_payload supported=3 required=0
2024-05-10T10:28:40.620 INFO:teuthology.orchestra.run.smithi112.stdout:/usr/bin/ceph: stderr
2024-05-10T10:28:39.844+0000 7f574d3b3700 1 --2- 172.21.15.112:0/3564977856 >> [v2:172.21.15.112:6800/1898750131,v1:172.21.15.112:6801/1898750131] conn(0x7f573403e5c0 0x7f5734040a80 secure :-1 s=READY pgs=10 cs=0 l=1 rev1=1 crypto rx=0x7f5738006fd0 tx=0x7f5738006e40 comp rx=0 tx=0).ready entity=mgr.14150 client_cookie=0 server_cookie=0 in_seq=0 out_seq=0
2024-05-10T10:28:40.621 INFO:teuthology.orchestra.run.smithi112.stdout:/usr/bin/ceph: stderr
2024-05-10T10:28:39.848+0000 7f573effd700 1 -- 172.21.15.112:0/3564977856 <== mon.0 v2:172.21.15.112:3300/0 6 ==== mon_command_ack([{"prefix": "get_command_descriptions"}]=0 v0) ==== 72+0+191839 (secure 0 0 0) 0x7f57440172b0 con 0x7f5748107570
2024-05-10T10:28:40.621 INFO:teuthology.orchestra.run.smithi112.stdout:/usr/bin/ceph: stderr
2024-05-10T10:28:40.048+0000 7f574fe18700 1 -- 172.21.15.112:0/3564977856 --> [v2:172.21.15.112:3300/0,v1:172.21.15.112:6789/0] -- mon_command([{prefix=config set, name=osd_memory_target_autotune}] v 0) -- 0x7f574802e810 con 0x7f5748107570
2024-05-10T10:28:40.621 INFO:teuthology.orchestra.run.smithi112.stdout:/usr/bin/ceph: stderr
2024-05-10T10:28:40.048+0000 7f573effd700 1 -- 172.21.15.112:0/3564977856 <== mon.0 v2:172.21.15.112:3300/0 7 ==== mon_command_ack([{prefix=config set, name=osd_memory_target_autotune}]=0 v8)=0 v8) ==== 127+0+0 (secure 0 0 0) 0x7f574401baf0 con 0x7f5748107570
2024-05-10T10:28:40.621 INFO:teuthology.orchestra.run.smithi112.stdout:/usr/bin/ceph: stderr
2024-05-10T10:28:40.050+0000 7f574fe18700 1 -- 172.21.15.112:0/3564977856 >> [v2:172.21.15.112:6800/1898750131,v1:172.21.15.112:6801/1898750131] conn(0x7f573403e5c0 msgr2=0x7f5734040a80 secure :-1 s=STATE_CONNECTION_ESTABLISHED l=1).mark_down
2024-05-10T10:28:40.621 INFO:teuthology.orchestra.run.smithi112.stdout:/usr/bin/ceph: stderr
2024-05-10T10:28:40.050+0000 7f574fe18700 1 --2- 172.21.15.112:0/3564977856 >> [v2:172.21.15.112:6800/1898750131,v1:172.21.15.112:6801/1898750131] conn(0x7f573403e5c0 0x7f5734040a80 secure :-1 s=READY pgs=10 cs=0 l=1 rev1=1 crypto rx=0x7f5738006fd0 tx=0x7f5738006e40 comp rx=0 tx=0).stop
2024-05-10T10:28:40.621 INFO:teuthology.orchestra.run.smithi112.stdout:/usr/bin/ceph: stderr
2024-05-10T10:28:40.050+0000 7f574fe18700 1 -- 172.21.15.112:0/3564977856 >> [v2:172.21.15.112:3300/0,v1:172.21.15.112:6789/0] conn(0x7f5748107570 msgr2=0x7f574819ece0 secure :-1 s=STATE_CONNECTION_ESTABLISHED l=1).mark_down
2024-05-10T10:28:40.621 INFO:teuthology.orchestra.run.smithi112.stdout:/usr/bin/ceph: stderr
2024-05-10T10:28:40.050+0000 7f574fe18700 1 --2- 172.21.15.112:0/3564977856 >> [v2:172.21.15.112:3300/0,v1:172.21.15.112:6789/0] conn(0x7f5748107570 0x7f574819ece0 secure :-1 s=READY pgs=75 cs=0 l=1 rev1=1 crypto rx=0x7f5744011670 tx=0x7f5744011a30 comp rx=0 tx=0).stop
2024-05-10T10:28:40.621 INFO:teuthology.orchestra.run.smithi112.stdout:/usr/bin/ceph: stderr
2024-05-10T10:28:40.050+0000 7f574fe18700 1 -- 172.21.15.112:0/3564977856 shutdown_connections
2024-05-10T10:28:40.621 INFO:teuthology.orchestra.run.smithi112.stdout:/usr/bin/ceph: stderr
2024-05-10T10:28:40.050+0000 7f574fe18700 1 --2- 172.21.15.112:0/3564977856 >> [v2:172.21.15.112:6800/1898750131,v1:172.21.15.112:6801/1898750131] conn(0x7f573403e5c0 0x7f5734040a80 unknown :-1 s=CLOSED pgs=10 cs=0 l=1 rev1=1 crypto rx=0 tx=0 comp rx=0 tx=0).stop
2024-05-10T10:28:40.621 INFO:teuthology.orchestra.run.smithi112.stdout:/usr/bin/ceph: stderr
2024-05-10T10:28:40.050+0000 7f574fe18700 1 --2- 172.21.15.112:0/3564977856 >> [v2:172.21.15.112:3300/0,v1:172.21.15.112:6789/0] conn(0x7f5748107570 0x7f574819ece0 unknown :-1 s=CLOSED pgs=75 cs=0 l=1 rev1=1 crypto rx=0 tx=0 comp rx=0 tx=0).stop
2024-05-10T10:28:40.621 INFO:teuthology.orchestra.run.smithi112.stdout:/usr/bin/ceph: stderr
2024-05-10T10:28:40.050+0000 7f574fe18700 1 -- 172.21.15.112:0/3564977856 >> 172.21.15.112:0/3564977856 conn(0x7f57481030f0 msgr2=0x7f57481959e0 unknown :-1 s=STATE_NONE l=0).mark_down
2024-05-10T10:28:40.621 INFO:teuthology.orchestra.run.smithi112.stdout:/usr/bin/ceph: stderr
2024-05-10T10:28:40.051+0000 7f574fe18700 1 -- 172.21.15.112:0/3564977856 shutdown_connections
2024-05-10T10:28:40.621 INFO:teuthology.orchestra.run.smithi112.stdout:/usr/bin/ceph: stderr
2024-05-10T10:28:40.051+0000 7f574fe18700 1 -- 172.21.15.112:0/3564977856 wait complete.
2024-05-10T10:28:40.937 INFO:journalctl@ceph.mon.a.smithi112.stdout:May 10 10:28:40 smithi112 ceph-mon[30100]: mgrmap e13: x(active, since 6s)
2024-05-10T10:28:41.937 INFO:teuthology.orchestra.run.smithi112.stdout:/usr/bin/ceph: stderr
2024-05-10T10:28:41.038+0000 7f3ab000e700 1 Processor -- start
2024-05-10T10:28:41.937 INFO:teuthology.orchestra.run.smithi112.stdout:/usr/bin/ceph: stderr
2024-05-10T10:28:41.038+0000 7f3ab000e700 1 -- start start
2024-05-10T10:28:41.937 INFO:teuthology.orchestra.run.smithi112.stdout:/usr/bin/ceph: stderr
2024-05-10T10:28:41.038+0000 7f3ab000e700 1 --2- >> [v2:172.21.15.112:3300/0,v1:172.21.15.112:6789/0] conn(0x7f3aa8109740 0x7f3aa810bb30 unknown :-1 s=NONE pgs=0 cs=0 l=0 rev1=0 crypto rx=0 tx=0 comp rx=0 tx=0).connect
2024-05-10T10:28:41.937 INFO:teuthology.orchestra.run.smithi112.stdout:/usr/bin/ceph: stderr
2024-05-10T10:28:41.038+0000 7f3ab000e700 1 -- --> [v2:172.21.15.112:3300/0,v1:172.21.15.112:6789/0] -- mon_getmap magic: 0 -- 0x7f3aa807ce10 con 0x7f3aa8109740
2024-05-10T10:28:41.937 INFO:teuthology.orchestra.run.smithi112.stdout:/usr/bin/ceph: stderr
2024-05-10T10:28:41.039+0000 7f3aaddaa700 1 --2- >> [v2:172.21.15.112:3300/0,v1:172.21.15.112:6789/0] conn(0x7f3aa8109740 0x7f3aa810bb30 unknown :-1 s=BANNER_CONNECTING pgs=0 cs=0 l=0 rev1=0 crypto rx=0 tx=0 comp rx=0 tx=0)._handle_peer_banner_payload supported=3 required=0
2024-05-10T10:28:41.937 INFO:teuthology.orchestra.run.smithi112.stdout:/usr/bin/ceph: stderr
2024-05-10T10:28:41.039+0000 7f3aaddaa700 1 --2- >> [v2:172.21.15.112:3300/0,v1:172.21.15.112:6789/0] conn(0x7f3aa8109740 0x7f3aa810bb30 unknown :-1 s=HELLO_CONNECTING pgs=0 cs=0 l=0 rev1=1 crypto rx=0 tx=0 comp rx=0 tx=0).handle_hello peer v2:172.21.15.112:3300/0 says I am v2:172.21.15.112:55464/0 (socket says 172.21.15.112:55464)
2024-05-10T10:28:41.937 INFO:teuthology.orchestra.run.smithi112.stdout:/usr/bin/ceph: stderr
2024-05-10T10:28:41.039+0000 7f3aaddaa700 1 -- 172.21.15.112:0/1927861773 learned_addr learned my addr 172.21.15.112:0/1927861773 (peer_addr_for_me v2:172.21.15.112:0/0)
2024-05-10T10:28:41.937 INFO:teuthology.orchestra.run.smithi112.stdout:/usr/bin/ceph: stderr
2024-05-10T10:28:41.039+0000 7f3aaddaa700 1 -- 172.21.15.112:0/1927861773 --> [v2:172.21.15.112:3300/0,v1:172.21.15.112:6789/0] -- mon_subscribe({config=0+,monmap=0+}) -- 0x7f3aa810c070 con 0x7f3aa8109740
2024-05-10T10:28:41.937 INFO:teuthology.orchestra.run.smithi112.stdout:/usr/bin/ceph: stderr
2024-05-10T10:28:41.039+0000 7f3aaddaa700 1 --2- 172.21.15.112:0/1927861773 >> [v2:172.21.15.112:3300/0,v1:172.21.15.112:6789/0] conn(0x7f3aa8109740 0x7f3aa810bb30 secure :-1 s=READY pgs=76 cs=0 l=1 rev1=1 crypto rx=0x7f3aa40098a0 tx=0x7f3aa4009bb0 comp rx=0 tx=0).ready entity=mon.0 client_cookie=7d9af3dd19969f9d server_cookie=0 in_seq=0 out_seq=0
2024-05-10T10:28:41.937 INFO:teuthology.orchestra.run.smithi112.stdout:/usr/bin/ceph: stderr
2024-05-10T10:28:41.039+0000 7f3aacda8700 1 -- 172.21.15.112:0/1927861773 <== mon.0 v2:172.21.15.112:3300/0 1 ==== mon_map magic: 0 ==== 205+0+0 (secure 0 0 0) 0x7f3aa4004160 con 0x7f3aa8109740
2024-05-10T10:28:41.938 INFO:teuthology.orchestra.run.smithi112.stdout:/usr/bin/ceph: stderr
2024-05-10T10:28:41.039+0000 7f3aacda8700 1 -- 172.21.15.112:0/1927861773 <== mon.0 v2:172.21.15.112:3300/0 2 ==== config(25 keys) ==== 1063+0+0 (secure 0 0 0) 0x7f3aa4004300 con 0x7f3aa8109740
2024-05-10T10:28:41.938 INFO:teuthology.orchestra.run.smithi112.stdout:/usr/bin/ceph: stderr
2024-05-10T10:28:41.039+0000 7f3aacda8700 1 -- 172.21.15.112:0/1927861773 <== mon.0 v2:172.21.15.112:3300/0 3 ==== mon_map magic: 0 ==== 205+0+0 (secure 0 0 0) 0x7f3aa4011960 con 0x7f3aa8109740
2024-05-10T10:28:41.938 INFO:teuthology.orchestra.run.smithi112.stdout:/usr/bin/ceph: stderr
2024-05-10T10:28:41.040+0000 7f3ab000e700 1 -- 172.21.15.112:0/1927861773 >> [v2:172.21.15.112:3300/0,v1:172.21.15.112:6789/0] conn(0x7f3aa8109740 msgr2=0x7f3aa810bb30 secure :-1 s=STATE_CONNECTION_ESTABLISHED l=1).mark_down
2024-05-10T10:28:41.938 INFO:teuthology.orchestra.run.smithi112.stdout:/usr/bin/ceph: stderr
2024-05-10T10:28:41.040+0000 7f3ab000e700 1 --2- 172.21.15.112:0/1927861773 >> [v2:172.21.15.112:3300/0,v1:172.21.15.112:6789/0] conn(0x7f3aa8109740 0x7f3aa810bb30 secure :-1 s=READY pgs=76 cs=0 l=1 rev1=1 crypto rx=0x7f3aa40098a0 tx=0x7f3aa4009bb0 comp rx=0 tx=0).stop
2024-05-10T10:28:41.938 INFO:teuthology.orchestra.run.smithi112.stdout:/usr/bin/ceph: stderr
2024-05-10T10:28:41.040+0000 7f3ab000e700 1 -- 172.21.15.112:0/1927861773 shutdown_connections
2024-05-10T10:28:41.938 INFO:teuthology.orchestra.run.smithi112.stdout:/usr/bin/ceph: stderr
2024-05-10T10:28:41.040+0000 7f3ab000e700 1 --2- 172.21.15.112:0/1927861773 >> [v2:172.21.15.112:3300/0,v1:172.21.15.112:6789/0] conn(0x7f3aa8109740 0x7f3aa810bb30 unknown :-1 s=CLOSED pgs=76 cs=0 l=1 rev1=1 crypto rx=0 tx=0 comp rx=0 tx=0).stop
2024-05-10T10:28:41.938 INFO:teuthology.orchestra.run.smithi112.stdout:/usr/bin/ceph: stderr
2024-05-10T10:28:41.040+0000 7f3ab000e700 1 -- 172.21.15.112:0/1927861773 >> 172.21.15.112:0/1927861773 conn(0x7f3aa81030f0 msgr2=0x7f3aa8105550 unknown :-1 s=STATE_NONE l=0).mark_down
2024-05-10T10:28:41.938 INFO:teuthology.orchestra.run.smithi112.stdout:/usr/bin/ceph: stderr
2024-05-10T10:28:41.040+0000 7f3ab000e700 1 -- 172.21.15.112:0/1927861773 shutdown_connections
2024-05-10T10:28:41.939 INFO:teuthology.orchestra.run.smithi112.stdout:/usr/bin/ceph: stderr
2024-05-10T10:28:41.040+0000 7f3ab000e700 1 -- 172.21.15.112:0/1927861773 wait complete.
2024-05-10T10:28:41.939 INFO:teuthology.orchestra.run.smithi112.stdout:/usr/bin/ceph: stderr
2024-05-10T10:28:41.040+0000 7f3ab000e700 1 Processor -- start
2024-05-10T10:28:41.939 INFO:teuthology.orchestra.run.smithi112.stdout:/usr/bin/ceph: stderr
2024-05-10T10:28:41.040+0000 7f3ab000e700 1 -- start start
2024-05-10T10:28:41.939 INFO:teuthology.orchestra.run.smithi112.stdout:/usr/bin/ceph: stderr
2024-05-10T10:28:41.041+0000 7f3ab000e700 1 --2- >> [v2:172.21.15.112:3300/0,v1:172.21.15.112:6789/0] conn(0x7f3aa8109740 0x7f3aa8108fc0 unknown :-1 s=NONE pgs=0 cs=0 l=1 rev1=0 crypto rx=0 tx=0 comp rx=0 tx=0).connect
2024-05-10T10:28:41.939 INFO:teuthology.orchestra.run.smithi112.stdout:/usr/bin/ceph: stderr
2024-05-10T10:28:41.041+0000 7f3ab000e700 1 -- --> [v2:172.21.15.112:3300/0,v1:172.21.15.112:6789/0] -- mon_getmap magic: 0 -- 0x7f3aa810cfc0 con 0x7f3aa8109740
2024-05-10T10:28:41.939 INFO:teuthology.orchestra.run.smithi112.stdout:/usr/bin/ceph: stderr
2024-05-10T10:28:41.041+0000 7f3aaddaa700 1 --2- >> [v2:172.21.15.112:3300/0,v1:172.21.15.112:6789/0] conn(0x7f3aa8109740 0x7f3aa8108fc0 unknown :-1 s=BANNER_CONNECTING pgs=0 cs=0 l=1 rev1=0 crypto rx=0 tx=0 comp rx=0 tx=0)._handle_peer_banner_payload supported=3 required=0
2024-05-10T10:28:41.939 INFO:teuthology.orchestra.run.smithi112.stdout:/usr/bin/ceph: stderr
2024-05-10T10:28:41.041+0000 7f3aaddaa700 1 --2- >> [v2:172.21.15.112:3300/0,v1:172.21.15.112:6789/0] conn(0x7f3aa8109740 0x7f3aa8108fc0 unknown :-1 s=HELLO_CONNECTING pgs=0 cs=0 l=1 rev1=1 crypto rx=0 tx=0 comp rx=0 tx=0).handle_hello peer v2:172.21.15.112:3300/0 says I am v2:172.21.15.112:55470/0 (socket says 172.21.15.112:55470)
2024-05-10T10:28:41.939 INFO:teuthology.orchestra.run.smithi112.stdout:/usr/bin/ceph: stderr
2024-05-10T10:28:41.041+0000 7f3aaddaa700 1 -- 172.21.15.112:0/1864739609 learned_addr learned my addr 172.21.15.112:0/1864739609 (peer_addr_for_me v2:172.21.15.112:0/0)
2024-05-10T10:28:41.939 INFO:teuthology.orchestra.run.smithi112.stdout:/usr/bin/ceph: stderr
2024-05-10T10:28:41.041+0000 7f3aaddaa700 1 -- 172.21.15.112:0/1864739609 --> [v2:172.21.15.112:3300/0,v1:172.21.15.112:6789/0] -- mon_subscribe({config=0+,monmap=0+}) -- 0x7f3aa8109500 con 0x7f3aa8109740
2024-05-10T10:28:41.939 INFO:teuthology.orchestra.run.smithi112.stdout:/usr/bin/ceph: stderr
2024-05-10T10:28:41.041+0000 7f3aaddaa700 1 --2- 172.21.15.112:0/1864739609 >> [v2:172.21.15.112:3300/0,v1:172.21.15.112:6789/0] conn(0x7f3aa8109740 0x7f3aa8108fc0 secure :-1 s=READY pgs=77 cs=0 l=1 rev1=1 crypto rx=0x7f3aa4004660 tx=0x7f3aa4011a30 comp rx=0 tx=0).ready entity=mon.0 client_cookie=0 server_cookie=0 in_seq=0 out_seq=0
2024-05-10T10:28:41.939 INFO:teuthology.orchestra.run.smithi112.stdout:/usr/bin/ceph: stderr
2024-05-10T10:28:41.041+0000 7f3a9effd700 1 -- 172.21.15.112:0/1864739609 <== mon.0 v2:172.21.15.112:3300/0 1 ==== mon_map magic: 0 ==== 205+0+0 (secure 0 0 0) 0x7f3aa4003aa0 con 0x7f3aa8109740
2024-05-10T10:28:41.939 INFO:teuthology.orchestra.run.smithi112.stdout:/usr/bin/ceph: stderr
2024-05-10T10:28:41.041+0000 7f3a9effd700 1 -- 172.21.15.112:0/1864739609 <== mon.0 v2:172.21.15.112:3300/0 2 ==== config(25 keys) ==== 1063+0+0 (secure 0 0 0) 0x7f3aa401b8d0 con 0x7f3aa8109740
2024-05-10T10:28:41.939 INFO:teuthology.orchestra.run.smithi112.stdout:/usr/bin/ceph: stderr
2024-05-10T10:28:41.041+0000 7f3ab000e700 1 -- 172.21.15.112:0/1864739609 --> [v2:172.21.15.112:3300/0,v1:172.21.15.112:6789/0] -- mon_subscribe({mgrmap=0+}) -- 0x7f3aa81076f0 con 0x7f3aa8109740
2024-05-10T10:28:41.939 INFO:teuthology.orchestra.run.smithi112.stdout:/usr/bin/ceph: stderr
2024-05-10T10:28:41.041+0000 7f3a9effd700 1 -- 172.21.15.112:0/1864739609 <== mon.0 v2:172.21.15.112:3300/0 3 ==== mon_map magic: 0 ==== 205+0+0 (secure 0 0 0) 0x7f3aa4023820 con 0x7f3aa8109740
2024-05-10T10:28:41.940 INFO:teuthology.orchestra.run.smithi112.stdout:/usr/bin/ceph: stderr
2024-05-10T10:28:41.041+0000 7f3ab000e700 1 -- 172.21.15.112:0/1864739609 --> [v2:172.21.15.112:3300/0,v1:172.21.15.112:6789/0] -- mon_subscribe({osdmap=0}) -- 0x7f3aa8107c30 con 0x7f3aa8109740
2024-05-10T10:28:41.940 INFO:teuthology.orchestra.run.smithi112.stdout:/usr/bin/ceph: stderr
2024-05-10T10:28:41.042+0000 7f3a9effd700 1 -- 172.21.15.112:0/1864739609 <== mon.0 v2:172.21.15.112:3300/0 4 ==== mgrmap(e 13) ==== 50279+0+0 (secure 0 0 0) 0x7f3aa401b440 con 0x7f3aa8109740
2024-05-10T10:28:41.940 INFO:teuthology.orchestra.run.smithi112.stdout:/usr/bin/ceph: stderr
2024-05-10T10:28:41.042+0000 7f3ab000e700 1 -- 172.21.15.112:0/1864739609 --> [v2:172.21.15.112:3300/0,v1:172.21.15.112:6789/0] -- mon_command({"prefix": "get_command_descriptions"} v 0) -- 0x7f3aa8064b00 con 0x7f3aa8109740
2024-05-10T10:28:41.940 INFO:teuthology.orchestra.run.smithi112.stdout:/usr/bin/ceph: stderr
2024-05-10T10:28:41.042+0000 7f3a9effd700 1 --2- 172.21.15.112:0/1864739609 >> [v2:172.21.15.112:6800/1898750131,v1:172.21.15.112:6801/1898750131] conn(0x7f3a9403e570 0x7f3a94040a30 unknown :-1 s=NONE pgs=0 cs=0 l=1 rev1=0 crypto rx=0 tx=0 comp rx=0 tx=0).connect
2024-05-10T10:28:41.940 INFO:teuthology.orchestra.run.smithi112.stdout:/usr/bin/ceph: stderr
2024-05-10T10:28:41.043+0000 7f3a9effd700 1 -- 172.21.15.112:0/1864739609 <== mon.0 v2:172.21.15.112:3300/0 5 ==== osd_map(3..3 src has 1..3) ==== 1155+0+0 (secure 0 0 0) 0x7f3aa4053fa0 con 0x7f3aa8109740
2024-05-10T10:28:41.940 INFO:teuthology.orchestra.run.smithi112.stdout:/usr/bin/ceph: stderr
2024-05-10T10:28:41.043+0000 7f3aad5a9700 1 --2- 172.21.15.112:0/1864739609 >> [v2:172.21.15.112:6800/1898750131,v1:172.21.15.112:6801/1898750131] conn(0x7f3a9403e570 0x7f3a94040a30 unknown :-1 s=BANNER_CONNECTING pgs=0 cs=0 l=1 rev1=0 crypto rx=0 tx=0 comp rx=0 tx=0)._handle_peer_banner_payload supported=3 required=0
2024-05-10T10:28:41.940 INFO:teuthology.orchestra.run.smithi112.stdout:/usr/bin/ceph: stderr
2024-05-10T10:28:41.043+0000 7f3aad5a9700 1 --2- 172.21.15.112:0/1864739609 >> [v2:172.21.15.112:6800/1898750131,v1:172.21.15.112:6801/1898750131] conn(0x7f3a9403e570 0x7f3a94040a30 secure :-1 s=READY pgs=11 cs=0 l=1 rev1=1 crypto rx=0x7f3a98006fd0 tx=0x7f3a98006e40 comp rx=0 tx=0).ready entity=mgr.14150 client_cookie=0 server_cookie=0 in_seq=0 out_seq=0
2024-05-10T10:28:41.940 INFO:teuthology.orchestra.run.smithi112.stdout:/usr/bin/ceph: stderr
2024-05-10T10:28:41.047+0000 7f3a9effd700 1 -- 172.21.15.112:0/1864739609 <== mon.0 v2:172.21.15.112:3300/0 6 ==== mon_command_ack([{"prefix": "get_command_descriptions"}]=0 v0) ==== 72+0+191839 (secure 0 0 0) 0x7f3aa401f030 con 0x7f3aa8109740
2024-05-10T10:28:41.940 INFO:teuthology.orchestra.run.smithi112.stdout:/usr/bin/ceph: stderr
2024-05-10T10:28:41.362+0000 7f3ab000e700 1 -- 172.21.15.112:0/1864739609 --> [v2:172.21.15.112:3300/0,v1:172.21.15.112:6789/0] -- mon_command([{prefix=config-key set, key=mgr/dashboard/cluster/status}] v 0) -- 0x7f3aa8107eb0 con 0x7f3aa8109740
2024-05-10T10:28:41.940 INFO:teuthology.orchestra.run.smithi112.stdout:/usr/bin/ceph: stderr
2024-05-10T10:28:41.365+0000 7f3a9effd700 1 -- 172.21.15.112:0/1864739609 <== mon.0 v2:172.21.15.112:3300/0 7 ==== mon_command_ack([{prefix=config-key set, key=mgr/dashboard/cluster/status}]=0 set mgr/dashboard/cluster/status v27)=0 set mgr/dashboard/cluster/status v27) ==== 153+0+0 (secure 0 0 0) 0x7f3aa40239c0 con 0x7f3aa8109740
2024-05-10T10:28:41.940 INFO:teuthology.orchestra.run.smithi112.stdout:/usr/bin/ceph: stderr
2024-05-10T10:28:41.367+0000 7f3ab000e700 1 -- 172.21.15.112:0/1864739609 >> [v2:172.21.15.112:6800/1898750131,v1:172.21.15.112:6801/1898750131] conn(0x7f3a9403e570 msgr2=0x7f3a94040a30 secure :-1 s=STATE_CONNECTION_ESTABLISHED l=1).mark_down
2024-05-10T10:28:41.940 INFO:teuthology.orchestra.run.smithi112.stdout:/usr/bin/ceph: stderr
2024-05-10T10:28:41.367+0000 7f3ab000e700 1 --2- 172.21.15.112:0/1864739609 >> [v2:172.21.15.112:6800/1898750131,v1:172.21.15.112:6801/1898750131] conn(0x7f3a9403e570 0x7f3a94040a30 secure :-1 s=READY pgs=11 cs=0 l=1 rev1=1 crypto rx=0x7f3a98006fd0 tx=0x7f3a98006e40 comp rx=0 tx=0).stop
2024-05-10T10:28:41.940 INFO:teuthology.orchestra.run.smithi112.stdout:/usr/bin/ceph: stderr
2024-05-10T10:28:41.367+0000 7f3ab000e700 1 -- 172.21.15.112:0/1864739609 >> [v2:172.21.15.112:3300/0,v1:172.21.15.112:6789/0] conn(0x7f3aa8109740 msgr2=0x7f3aa8108fc0 secure :-1 s=STATE_CONNECTION_ESTABLISHED l=1).mark_down
2024-05-10T10:28:41.941 INFO:teuthology.orchestra.run.smithi112.stdout:/usr/bin/ceph: stderr
2024-05-10T10:28:41.367+0000 7f3ab000e700 1 --2- 172.21.15.112:0/1864739609 >> [v2:172.21.15.112:3300/0,v1:172.21.15.112:6789/0] conn(0x7f3aa8109740 0x7f3aa8108fc0 secure :-1 s=READY pgs=77 cs=0 l=1 rev1=1 crypto rx=0x7f3aa4004660 tx=0x7f3aa4011a30 comp rx=0 tx=0).stop
2024-05-10T10:28:41.941 INFO:teuthology.orchestra.run.smithi112.stdout:/usr/bin/ceph: stderr
2024-05-10T10:28:41.367+0000 7f3ab000e700 1 -- 172.21.15.112:0/1864739609 shutdown_connections
2024-05-10T10:28:41.941 INFO:teuthology.orchestra.run.smithi112.stdout:/usr/bin/ceph: stderr
2024-05-10T10:28:41.367+0000 7f3ab000e700 1 --2- 172.21.15.112:0/1864739609 >> [v2:172.21.15.112:6800/1898750131,v1:172.21.15.112:6801/1898750131] conn(0x7f3a9403e570 0x7f3a94040a30 unknown :-1 s=CLOSED pgs=11 cs=0 l=1 rev1=1 crypto rx=0 tx=0 comp rx=0 tx=0).stop
2024-05-10T10:28:41.941 INFO:teuthology.orchestra.run.smithi112.stdout:/usr/bin/ceph: stderr
2024-05-10T10:28:41.367+0000 7f3ab000e700 1 --2- 172.21.15.112:0/1864739609 >> [v2:172.21.15.112:3300/0,v1:172.21.15.112:6789/0] conn(0x7f3aa8109740 0x7f3aa8108fc0 unknown :-1 s=CLOSED pgs=77 cs=0 l=1 rev1=1 crypto rx=0 tx=0 comp rx=0 tx=0).stop
2024-05-10T10:28:41.941 INFO:teuthology.orchestra.run.smithi112.stdout:/usr/bin/ceph: stderr
2024-05-10T10:28:41.367+0000 7f3ab000e700 1 -- 172.21.15.112:0/1864739609 >> 172.21.15.112:0/1864739609 conn(0x7f3aa81030f0 msgr2=0x7f3aa8103c50 unknown :-1 s=STATE_NONE l=0).mark_down
2024-05-10T10:28:41.941 INFO:teuthology.orchestra.run.smithi112.stdout:/usr/bin/ceph: stderr
2024-05-10T10:28:41.368+0000 7f3ab000e700 1 -- 172.21.15.112:0/1864739609 shutdown_connections
2024-05-10T10:28:41.941 INFO:teuthology.orchestra.run.smithi112.stdout:/usr/bin/ceph: stderr
2024-05-10T10:28:41.368+0000 7f3ab000e700 1 -- 172.21.15.112:0/1864739609 wait complete.
2024-05-10T10:28:41.941 INFO:teuthology.orchestra.run.smithi112.stdout:/usr/bin/ceph: stderr set mgr/dashboard/cluster/status
2024-05-10T10:28:41.941 INFO:teuthology.orchestra.run.smithi112.stdout:You can access the Ceph CLI as following in case of multi-cluster or non-default config:
2024-05-10T10:28:41.941 INFO:teuthology.orchestra.run.smithi112.stdout:
2024-05-10T10:28:41.941 INFO:teuthology.orchestra.run.smithi112.stdout: sudo /home/ubuntu/cephtest/cephadm shell --fsid ccd347ac-0eb7-11ef-bc98-c7b262605968 -c /etc/ceph/ceph.conf -k /etc/ceph/ceph.client.admin.keyring
2024-05-10T10:28:41.941 INFO:teuthology.orchestra.run.smithi112.stdout:
2024-05-10T10:28:41.941 INFO:teuthology.orchestra.run.smithi112.stdout:Or, if you are only running a single cluster on this host:
2024-05-10T10:28:41.941 INFO:teuthology.orchestra.run.smithi112.stdout:
2024-05-10T10:28:41.942 INFO:teuthology.orchestra.run.smithi112.stdout: sudo /home/ubuntu/cephtest/cephadm shell
2024-05-10T10:28:41.942 INFO:teuthology.orchestra.run.smithi112.stdout:
2024-05-10T10:28:41.942 INFO:teuthology.orchestra.run.smithi112.stdout:Please consider enabling telemetry to help improve Ceph:
2024-05-10T10:28:41.942 INFO:teuthology.orchestra.run.smithi112.stdout:
2024-05-10T10:28:41.942 INFO:teuthology.orchestra.run.smithi112.stdout: ceph telemetry on
2024-05-10T10:28:41.942 INFO:teuthology.orchestra.run.smithi112.stdout:
2024-05-10T10:28:41.942 INFO:teuthology.orchestra.run.smithi112.stdout:For more information see:
2024-05-10T10:28:41.942 INFO:teuthology.orchestra.run.smithi112.stdout:
2024-05-10T10:28:41.942 INFO:teuthology.orchestra.run.smithi112.stdout: https://docs.ceph.com/en/latest/mgr/telemetry/
2024-05-10T10:28:41.942 INFO:teuthology.orchestra.run.smithi112.stdout:
2024-05-10T10:28:41.942 INFO:teuthology.orchestra.run.smithi112.stdout:Bootstrap complete.
2024-05-10T10:28:41.969 INFO:tasks.cephadm:Fetching config...
2024-05-10T10:28:41.969 DEBUG:teuthology.orchestra.run.smithi112:> set -ex
2024-05-10T10:28:41.970 DEBUG:teuthology.orchestra.run.smithi112:> dd if=/etc/ceph/ceph.conf of=/dev/stdout
2024-05-10T10:28:41.985 INFO:tasks.cephadm:Fetching client.admin keyring...
2024-05-10T10:28:41.985 DEBUG:teuthology.orchestra.run.smithi112:> set -ex
2024-05-10T10:28:41.985 DEBUG:teuthology.orchestra.run.smithi112:> dd if=/etc/ceph/ceph.client.admin.keyring of=/dev/stdout
2024-05-10T10:28:42.040 INFO:tasks.cephadm:Fetching mon keyring...
2024-05-10T10:28:42.041 DEBUG:teuthology.orchestra.run.smithi112:> set -ex
2024-05-10T10:28:42.041 DEBUG:teuthology.orchestra.run.smithi112:> sudo dd if=/var/lib/ceph/ccd347ac-0eb7-11ef-bc98-c7b262605968/mon.a/keyring of=/dev/stdout
2024-05-10T10:28:42.105 INFO:tasks.cephadm:Fetching pub ssh key...
2024-05-10T10:28:42.105 DEBUG:teuthology.orchestra.run.smithi112:> set -ex
2024-05-10T10:28:42.105 DEBUG:teuthology.orchestra.run.smithi112:> dd if=/home/ubuntu/cephtest/ceph.pub of=/dev/stdout
2024-05-10T10:28:42.161 INFO:tasks.cephadm:Installing pub ssh key for root users...
2024-05-10T10:28:42.162 DEBUG:teuthology.orchestra.run.smithi112:> sudo install -d -m 0700 /root/.ssh && echo 'ssh-rsa AAAAB3NzaC1yc2EAAAADAQABAAABgQC2hdUSu47XMzAMSNGOxfjVNEZMTm9TCpY4AeqDUzinCSXRTX4CTKj81XooOOwCdTepbszvHg+c5xeebnFClN7Oiwp2tdNGEoV9kT5HdVam3Nv5kVU2V8QtlDcsRXoFmgtGc6egp5RmasNY8PVC3nUFb2J6t+SfW784nyNMtspReiTbJutcYIhJbp2UMWRIGLf15pC5Ie5b5aThlEnEvjZhZnx0cB13XTS3M1EiJQW6KTFmEcJvy5ywshpxxVetigNohJhiqZGlqD1QTvdhAbW8/4T5oTf116kIBHsL2fOq3hYQr7OKL58WqfOHsERY6ugg37W99L4eCbnWoWdk721cbcgVNboERr/TLW09mRfnT8cS/mjHn2GAccafoKTMwaFjOTHa0r8ibn/b3DnF4MEOwlHnsDwnGx4jXSQXYZi/TeHoziNVWujvDQx1Dk67ccJ6cwk/9aesLIeylzY9UAzOVMrz/0D5Q98JUxiDgeWFqQV8gmIXdLFVbRxtAM5InWE= ceph-ccd347ac-0eb7-11ef-bc98-c7b262605968' | sudo tee -a /root/.ssh/authorized_keys && sudo chmod 0600 /root/.ssh/authorized_keys
2024-05-10T10:28:42.250 INFO:teuthology.orchestra.run.smithi112.stdout:ssh-rsa AAAAB3NzaC1yc2EAAAADAQABAAABgQC2hdUSu47XMzAMSNGOxfjVNEZMTm9TCpY4AeqDUzinCSXRTX4CTKj81XooOOwCdTepbszvHg+c5xeebnFClN7Oiwp2tdNGEoV9kT5HdVam3Nv5kVU2V8QtlDcsRXoFmgtGc6egp5RmasNY8PVC3nUFb2J6t+SfW784nyNMtspReiTbJutcYIhJbp2UMWRIGLf15pC5Ie5b5aThlEnEvjZhZnx0cB13XTS3M1EiJQW6KTFmEcJvy5ywshpxxVetigNohJhiqZGlqD1QTvdhAbW8/4T5oTf116kIBHsL2fOq3hYQr7OKL58WqfOHsERY6ugg37W99L4eCbnWoWdk721cbcgVNboERr/TLW09mRfnT8cS/mjHn2GAccafoKTMwaFjOTHa0r8ibn/b3DnF4MEOwlHnsDwnGx4jXSQXYZi/TeHoziNVWujvDQx1Dk67ccJ6cwk/9aesLIeylzY9UAzOVMrz/0D5Q98JUxiDgeWFqQV8gmIXdLFVbRxtAM5InWE= ceph-ccd347ac-0eb7-11ef-bc98-c7b262605968
2024-05-10T10:28:42.263 DEBUG:teuthology.orchestra.run.smithi148:> sudo install -d -m 0700 /root/.ssh && echo 'ssh-rsa AAAAB3NzaC1yc2EAAAADAQABAAABgQC2hdUSu47XMzAMSNGOxfjVNEZMTm9TCpY4AeqDUzinCSXRTX4CTKj81XooOOwCdTepbszvHg+c5xeebnFClN7Oiwp2tdNGEoV9kT5HdVam3Nv5kVU2V8QtlDcsRXoFmgtGc6egp5RmasNY8PVC3nUFb2J6t+SfW784nyNMtspReiTbJutcYIhJbp2UMWRIGLf15pC5Ie5b5aThlEnEvjZhZnx0cB13XTS3M1EiJQW6KTFmEcJvy5ywshpxxVetigNohJhiqZGlqD1QTvdhAbW8/4T5oTf116kIBHsL2fOq3hYQr7OKL58WqfOHsERY6ugg37W99L4eCbnWoWdk721cbcgVNboERr/TLW09mRfnT8cS/mjHn2GAccafoKTMwaFjOTHa0r8ibn/b3DnF4MEOwlHnsDwnGx4jXSQXYZi/TeHoziNVWujvDQx1Dk67ccJ6cwk/9aesLIeylzY9UAzOVMrz/0D5Q98JUxiDgeWFqQV8gmIXdLFVbRxtAM5InWE= ceph-ccd347ac-0eb7-11ef-bc98-c7b262605968' | sudo tee -a /root/.ssh/authorized_keys && sudo chmod 0600 /root/.ssh/authorized_keys
2024-05-10T10:28:42.305 INFO:teuthology.orchestra.run.smithi148.stdout:ssh-rsa AAAAB3NzaC1yc2EAAAADAQABAAABgQC2hdUSu47XMzAMSNGOxfjVNEZMTm9TCpY4AeqDUzinCSXRTX4CTKj81XooOOwCdTepbszvHg+c5xeebnFClN7Oiwp2tdNGEoV9kT5HdVam3Nv5kVU2V8QtlDcsRXoFmgtGc6egp5RmasNY8PVC3nUFb2J6t+SfW784nyNMtspReiTbJutcYIhJbp2UMWRIGLf15pC5Ie5b5aThlEnEvjZhZnx0cB13XTS3M1EiJQW6KTFmEcJvy5ywshpxxVetigNohJhiqZGlqD1QTvdhAbW8/4T5oTf116kIBHsL2fOq3hYQr7OKL58WqfOHsERY6ugg37W99L4eCbnWoWdk721cbcgVNboERr/TLW09mRfnT8cS/mjHn2GAccafoKTMwaFjOTHa0r8ibn/b3DnF4MEOwlHnsDwnGx4jXSQXYZi/TeHoziNVWujvDQx1Dk67ccJ6cwk/9aesLIeylzY9UAzOVMrz/0D5Q98JUxiDgeWFqQV8gmIXdLFVbRxtAM5InWE= ceph-ccd347ac-0eb7-11ef-bc98-c7b262605968
2024-05-10T10:28:42.317 DEBUG:teuthology.orchestra.run.smithi195:> sudo install -d -m 0700 /root/.ssh && echo 'ssh-rsa AAAAB3NzaC1yc2EAAAADAQABAAABgQC2hdUSu47XMzAMSNGOxfjVNEZMTm9TCpY4AeqDUzinCSXRTX4CTKj81XooOOwCdTepbszvHg+c5xeebnFClN7Oiwp2tdNGEoV9kT5HdVam3Nv5kVU2V8QtlDcsRXoFmgtGc6egp5RmasNY8PVC3nUFb2J6t+SfW784nyNMtspReiTbJutcYIhJbp2UMWRIGLf15pC5Ie5b5aThlEnEvjZhZnx0cB13XTS3M1EiJQW6KTFmEcJvy5ywshpxxVetigNohJhiqZGlqD1QTvdhAbW8/4T5oTf116kIBHsL2fOq3hYQr7OKL58WqfOHsERY6ugg37W99L4eCbnWoWdk721cbcgVNboERr/TLW09mRfnT8cS/mjHn2GAccafoKTMwaFjOTHa0r8ibn/b3DnF4MEOwlHnsDwnGx4jXSQXYZi/TeHoziNVWujvDQx1Dk67ccJ6cwk/9aesLIeylzY9UAzOVMrz/0D5Q98JUxiDgeWFqQV8gmIXdLFVbRxtAM5InWE= ceph-ccd347ac-0eb7-11ef-bc98-c7b262605968' | sudo tee -a /root/.ssh/authorized_keys && sudo chmod 0600 /root/.ssh/authorized_keys
