2024-05-10T10:28:12.476+0000 7fc5032a0700 1 -- 172.21.15.112:0/1051863765 >> [v2:172.21.15.112:3300/0,v1:172.21.15.112:6789/0] conn(0x7fc4fc109110 msgr2=0x7fc4fc109530 secure :-1 s=STATE_CONNECTION_ESTABLISHED l=1).mark_down
2024-05-10T10:28:13.215 INFO:teuthology.orchestra.run.smithi112.stdout:/usr/bin/ceph: stderr
2024-05-10T10:28:12.476+0000 7fc5032a0700 1 --2- 172.21.15.112:0/1051863765 >> [v2:172.21.15.112:3300/0,v1:172.21.15.112:6789/0] conn(0x7fc4fc109110 0x7fc4fc109530 secure :-1 s=READY pgs=41 cs=0 l=1 rev1=1 crypto rx=0x7fc4f40098a0 tx=0x7fc4f4009bb0 comp rx=0 tx=0).stop
2024-05-10T10:28:13.215 INFO:teuthology.orchestra.run.smithi112.stdout:/usr/bin/ceph: stderr
2024-05-10T10:28:12.476+0000 7fc5032a0700 1 -- 172.21.15.112:0/1051863765 shutdown_connections
2024-05-10T10:28:13.215 INFO:teuthology.orchestra.run.smithi112.stdout:/usr/bin/ceph: stderr
2024-05-10T10:28:12.476+0000 7fc5032a0700 1 --2- 172.21.15.112:0/1051863765 >> [v2:172.21.15.112:3300/0,v1:172.21.15.112:6789/0] conn(0x7fc4fc109110 0x7fc4fc109530 unknown :-1 s=CLOSED pgs=41 cs=0 l=1 rev1=1 crypto rx=0 tx=0 comp rx=0 tx=0).stop
2024-05-10T10:28:13.215 INFO:teuthology.orchestra.run.smithi112.stdout:/usr/bin/ceph: stderr
2024-05-10T10:28:12.476+0000 7fc5032a0700 1 -- 172.21.15.112:0/1051863765 >> 172.21.15.112:0/1051863765 conn(0x7fc4fc1028e0 msgr2=0x7fc4fc104d00 unknown :-1 s=STATE_NONE l=0).mark_down
2024-05-10T10:28:13.215 INFO:teuthology.orchestra.run.smithi112.stdout:/usr/bin/ceph: stderr
2024-05-10T10:28:12.476+0000 7fc5032a0700 1 -- 172.21.15.112:0/1051863765 shutdown_connections
2024-05-10T10:28:13.215 INFO:teuthology.orchestra.run.smithi112.stdout:/usr/bin/ceph: stderr
2024-05-10T10:28:12.476+0000 7fc5032a0700 1 -- 172.21.15.112:0/1051863765 wait complete.
2024-05-10T10:28:13.215 INFO:teuthology.orchestra.run.smithi112.stdout:/usr/bin/ceph: stderr
2024-05-10T10:28:12.477+0000 7fc5032a0700 1 Processor -- start
2024-05-10T10:28:13.215 INFO:teuthology.orchestra.run.smithi112.stdout:/usr/bin/ceph: stderr
2024-05-10T10:28:12.477+0000 7fc5032a0700 1 -- start start
2024-05-10T10:28:13.216 INFO:teuthology.orchestra.run.smithi112.stdout:/usr/bin/ceph: stderr
2024-05-10T10:28:12.477+0000 7fc5032a0700 1 --2- >> [v2:172.21.15.112:3300/0,v1:172.21.15.112:6789/0] conn(0x7fc4fc109110 0x7fc4fc107740 unknown :-1 s=NONE pgs=0 cs=0 l=1 rev1=0 crypto rx=0 tx=0 comp rx=0 tx=0).connect
2024-05-10T10:28:13.216 INFO:teuthology.orchestra.run.smithi112.stdout:/usr/bin/ceph: stderr
2024-05-10T10:28:12.477+0000 7fc5032a0700 1 -- --> [v2:172.21.15.112:3300/0,v1:172.21.15.112:6789/0] -- mon_getmap magic: 0 -- 0x7fc4fc10bfb0 con 0x7fc4fc109110
2024-05-10T10:28:13.216 INFO:teuthology.orchestra.run.smithi112.stdout:/usr/bin/ceph: stderr
2024-05-10T10:28:12.477+0000 7fc50103c700 1 --2- >> [v2:172.21.15.112:3300/0,v1:172.21.15.112:6789/0] conn(0x7fc4fc109110 0x7fc4fc107740 unknown :-1 s=BANNER_CONNECTING pgs=0 cs=0 l=1 rev1=0 crypto rx=0 tx=0 comp rx=0 tx=0)._handle_peer_banner_payload supported=3 required=0
2024-05-10T10:28:13.216 INFO:teuthology.orchestra.run.smithi112.stdout:/usr/bin/ceph: stderr
2024-05-10T10:28:12.477+0000 7fc50103c700 1 --2- >> [v2:172.21.15.112:3300/0,v1:172.21.15.112:6789/0] conn(0x7fc4fc109110 0x7fc4fc107740 unknown :-1 s=HELLO_CONNECTING pgs=0 cs=0 l=1 rev1=1 crypto rx=0 tx=0 comp rx=0 tx=0).handle_hello peer v2:172.21.15.112:3300/0 says I am v2:172.21.15.112:44452/0 (socket says 172.21.15.112:44452)
2024-05-10T10:28:13.216 INFO:teuthology.orchestra.run.smithi112.stdout:/usr/bin/ceph: stderr
2024-05-10T10:28:12.477+0000 7fc50103c700 1 -- 172.21.15.112:0/601465300 learned_addr learned my addr 172.21.15.112:0/601465300 (peer_addr_for_me v2:172.21.15.112:0/0)
2024-05-10T10:28:13.216 INFO:teuthology.orchestra.run.smithi112.stdout:/usr/bin/ceph: stderr
2024-05-10T10:28:12.477+0000 7fc50103c700 1 -- 172.21.15.112:0/601465300 --> [v2:172.21.15.112:3300/0,v1:172.21.15.112:6789/0] -- mon_subscribe({config=0+,monmap=0+}) -- 0x7fc4fc19f790 con 0x7fc4fc109110
2024-05-10T10:28:13.216 INFO:teuthology.orchestra.run.smithi112.stdout:/usr/bin/ceph: stderr
2024-05-10T10:28:12.477+0000 7fc50103c700 1 --2- 172.21.15.112:0/601465300 >> [v2:172.21.15.112:3300/0,v1:172.21.15.112:6789/0] conn(0x7fc4fc109110 0x7fc4fc107740 secure :-1 s=READY pgs=42 cs=0 l=1 rev1=1 crypto rx=0x7fc4f40119b0 tx=0x7fc4f4011a90 comp rx=0 tx=0).ready entity=mon.0 client_cookie=0 server_cookie=0 in_seq=0 out_seq=0
2024-05-10T10:28:13.216 INFO:teuthology.orchestra.run.smithi112.stdout:/usr/bin/ceph: stderr
2024-05-10T10:28:12.477+0000 7fc4fa7fc700 1 -- 172.21.15.112:0/601465300 <== mon.0 v2:172.21.15.112:3300/0 1 ==== mon_map magic: 0 ==== 205+0+0 (secure 0 0 0) 0x7fc4f4003af0 con 0x7fc4fc109110
2024-05-10T10:28:13.216 INFO:teuthology.orchestra.run.smithi112.stdout:/usr/bin/ceph: stderr
2024-05-10T10:28:12.477+0000 7fc4fa7fc700 1 -- 172.21.15.112:0/601465300 <== mon.0 v2:172.21.15.112:3300/0 2 ==== config(25 keys) ==== 1032+0+0 (secure 0 0 0) 0x7fc4f401a8a0 con 0x7fc4fc109110
2024-05-10T10:28:13.216 INFO:teuthology.orchestra.run.smithi112.stdout:/usr/bin/ceph: stderr
2024-05-10T10:28:12.477+0000 7fc5032a0700 1 -- 172.21.15.112:0/601465300 --> [v2:172.21.15.112:3300/0,v1:172.21.15.112:6789/0] -- mon_subscribe({mgrmap=0+}) -- 0x7fc4fc19f960 con 0x7fc4fc109110
2024-05-10T10:28:13.216 INFO:teuthology.orchestra.run.smithi112.stdout:/usr/bin/ceph: stderr
2024-05-10T10:28:12.477+0000 7fc4fa7fc700 1 -- 172.21.15.112:0/601465300 <== mon.0 v2:172.21.15.112:3300/0 3 ==== mon_map magic: 0 ==== 205+0+0 (secure 0 0 0) 0x7fc4f4024830 con 0x7fc4fc109110
2024-05-10T10:28:13.216 INFO:teuthology.orchestra.run.smithi112.stdout:/usr/bin/ceph: stderr
2024-05-10T10:28:12.477+0000 7fc5032a0700 1 -- 172.21.15.112:0/601465300 --> [v2:172.21.15.112:3300/0,v1:172.21.15.112:6789/0] -- mon_subscribe({osdmap=0}) -- 0x7fc4fc19fd00 con 0x7fc4fc109110
2024-05-10T10:28:13.216 INFO:teuthology.orchestra.run.smithi112.stdout:/usr/bin/ceph: stderr
2024-05-10T10:28:12.478+0000 7fc5032a0700 1 -- 172.21.15.112:0/601465300 --> [v2:172.21.15.112:3300/0,v1:172.21.15.112:6789/0] -- mon_command({"prefix": "get_command_descriptions"} v 0) -- 0x7fc4fc10c130 con 0x7fc4fc109110
2024-05-10T10:28:13.217 INFO:teuthology.orchestra.run.smithi112.stdout:/usr/bin/ceph: stderr
2024-05-10T10:28:12.478+0000 7fc4fa7fc700 1 -- 172.21.15.112:0/601465300 <== mon.0 v2:172.21.15.112:3300/0 4 ==== mgrmap(e 8) ==== 50222+0+0 (secure 0 0 0) 0x7fc4f4022020 con 0x7fc4fc109110
2024-05-10T10:28:13.217 INFO:teuthology.orchestra.run.smithi112.stdout:/usr/bin/ceph: stderr
2024-05-10T10:28:12.479+0000 7fc4fa7fc700 1 --2- 172.21.15.112:0/601465300 >> [v2:172.21.15.112:6800/2836147288,v1:172.21.15.112:6801/2836147288] conn(0x7fc4e403e470 0x7fc4e4040930 unknown :-1 s=NONE pgs=0 cs=0 l=1 rev1=0 crypto rx=0 tx=0 comp rx=0 tx=0).connect
2024-05-10T10:28:13.217 INFO:teuthology.orchestra.run.smithi112.stdout:/usr/bin/ceph: stderr
2024-05-10T10:28:12.479+0000 7fc4fa7fc700 1 -- 172.21.15.112:0/601465300 <== mon.0 v2:172.21.15.112:3300/0 5 ==== osd_map(2..2 src has 1..2) ==== 940+0+0 (secure 0 0 0) 0x7fc4f4053a30 con 0x7fc4fc109110
2024-05-10T10:28:13.217 INFO:teuthology.orchestra.run.smithi112.stdout:/usr/bin/ceph: stderr
2024-05-10T10:28:12.479+0000 7fc50083b700 1 --2- 172.21.15.112:0/601465300 >> [v2:172.21.15.112:6800/2836147288,v1:172.21.15.112:6801/2836147288] conn(0x7fc4e403e470 0x7fc4e4040930 unknown :-1 s=BANNER_CONNECTING pgs=0 cs=0 l=1 rev1=0 crypto rx=0 tx=0 comp rx=0 tx=0)._handle_peer_banner_payload supported=3 required=0
2024-05-10T10:28:13.217 INFO:teuthology.orchestra.run.smithi112.stdout:/usr/bin/ceph: stderr
2024-05-10T10:28:12.479+0000 7fc50083b700 1 --2- 172.21.15.112:0/601465300 >> [v2:172.21.15.112:6800/2836147288,v1:172.21.15.112:6801/2836147288] conn(0x7fc4e403e470 0x7fc4e4040930 secure :-1 s=READY pgs=10 cs=0 l=1 rev1=1 crypto rx=0x7fc4f0006fd0 tx=0x7fc4f0006e40 comp rx=0 tx=0).ready entity=mgr.14118 client_cookie=0 server_cookie=0 in_seq=0 out_seq=0
2024-05-10T10:28:13.217 INFO:teuthology.orchestra.run.smithi112.stdout:/usr/bin/ceph: stderr
2024-05-10T10:28:12.484+0000 7fc4fa7fc700 1 -- 172.21.15.112:0/601465300 <== mon.0 v2:172.21.15.112:3300/0 6 ==== mon_command_ack([{"prefix": "get_command_descriptions"}]=0 v0) ==== 72+0+191839 (secure 0 0 0) 0x7fc4f4019de0 con 0x7fc4fc109110
2024-05-10T10:28:13.217 INFO:teuthology.orchestra.run.smithi112.stdout:/usr/bin/ceph: stderr
2024-05-10T10:28:12.692+0000 7fc5032a0700 1 -- 172.21.15.112:0/601465300 --> [v2:172.21.15.112:6800/2836147288,v1:172.21.15.112:6801/2836147288] -- mgr_command(tid 0: {"prefix": "cephadm get-pub-key", "target": ["mon-mgr", ""]}) -- 0x7fc4fc103a60 con 0x7fc4e403e470
2024-05-10T10:28:13.217 INFO:teuthology.orchestra.run.smithi112.stdout:/usr/bin/ceph: stderr
2024-05-10T10:28:12.692+0000 7fc4fa7fc700 1 -- 172.21.15.112:0/601465300 <== mgr.14118 v2:172.21.15.112:6800/2836147288 1 ==== mgr_command_reply(tid 0: 0 ) ==== 8+0+595 (secure 0 0 0) 0x7fc4fc103a60 con 0x7fc4e403e470
2024-05-10T10:28:13.217 INFO:teuthology.orchestra.run.smithi112.stdout:/usr/bin/ceph: stderr
2024-05-10T10:28:12.694+0000 7fc5032a0700 1 -- 172.21.15.112:0/601465300 >> [v2:172.21.15.112:6800/2836147288,v1:172.21.15.112:6801/2836147288] conn(0x7fc4e403e470 msgr2=0x7fc4e4040930 secure :-1 s=STATE_CONNECTION_ESTABLISHED l=1).mark_down
2024-05-10T10:28:13.217 INFO:teuthology.orchestra.run.smithi112.stdout:/usr/bin/ceph: stderr
2024-05-10T10:28:12.694+0000 7fc5032a0700 1 --2- 172.21.15.112:0/601465300 >> [v2:172.21.15.112:6800/2836147288,v1:172.21.15.112:6801/2836147288] conn(0x7fc4e403e470 0x7fc4e4040930 secure :-1 s=READY pgs=10 cs=0 l=1 rev1=1 crypto rx=0x7fc4f0006fd0 tx=0x7fc4f0006e40 comp rx=0 tx=0).stop
2024-05-10T10:28:13.217 INFO:teuthology.orchestra.run.smithi112.stdout:/usr/bin/ceph: stderr
2024-05-10T10:28:12.694+0000 7fc5032a0700 1 -- 172.21.15.112:0/601465300 >> [v2:172.21.15.112:3300/0,v1:172.21.15.112:6789/0] conn(0x7fc4fc109110 msgr2=0x7fc4fc107740 secure :-1 s=STATE_CONNECTION_ESTABLISHED l=1).mark_down
2024-05-10T10:28:13.217 INFO:teuthology.orchestra.run.smithi112.stdout:/usr/bin/ceph: stderr
2024-05-10T10:28:12.694+0000 7fc5032a0700 1 --2- 172.21.15.112:0/601465300 >> [v2:172.21.15.112:3300/0,v1:172.21.15.112:6789/0] conn(0x7fc4fc109110 0x7fc4fc107740 secure :-1 s=READY pgs=42 cs=0 l=1 rev1=1 crypto rx=0x7fc4f40119b0 tx=0x7fc4f4011a90 comp rx=0 tx=0).stop
2024-05-10T10:28:13.217 INFO:teuthology.orchestra.run.smithi112.stdout:/usr/bin/ceph: stderr
2024-05-10T10:28:12.694+0000 7fc5032a0700 1 -- 172.21.15.112:0/601465300 shutdown_connections
2024-05-10T10:28:13.218 INFO:teuthology.orchestra.run.smithi112.stdout:/usr/bin/ceph: stderr
2024-05-10T10:28:12.694+0000 7fc5032a0700 1 --2- 172.21.15.112:0/601465300 >> [v2:172.21.15.112:6800/2836147288,v1:172.21.15.112:6801/2836147288] conn(0x7fc4e403e470 0x7fc4e4040930 unknown :-1 s=CLOSED pgs=10 cs=0 l=1 rev1=1 crypto rx=0 tx=0 comp rx=0 tx=0).stop
2024-05-10T10:28:13.218 INFO:teuthology.orchestra.run.smithi112.stdout:/usr/bin/ceph: stderr
2024-05-10T10:28:12.694+0000 7fc5032a0700 1 --2- 172.21.15.112:0/601465300 >> [v2:172.21.15.112:3300/0,v1:172.21.15.112:6789/0] conn(0x7fc4fc109110 0x7fc4fc107740 unknown :-1 s=CLOSED pgs=42 cs=0 l=1 rev1=1 crypto rx=0 tx=0 comp rx=0 tx=0).stop
2024-05-10T10:28:13.218 INFO:teuthology.orchestra.run.smithi112.stdout:/usr/bin/ceph: stderr
2024-05-10T10:28:12.694+0000 7fc5032a0700 1 -- 172.21.15.112:0/601465300 >> 172.21.15.112:0/601465300 conn(0x7fc4fc1028e0 msgr2=0x7fc4fc103350 unknown :-1 s=STATE_NONE l=0).mark_down
2024-05-10T10:28:13.218 INFO:teuthology.orchestra.run.smithi112.stdout:/usr/bin/ceph: stderr
2024-05-10T10:28:12.694+0000 7fc5032a0700 1 -- 172.21.15.112:0/601465300 shutdown_connections
2024-05-10T10:28:13.218 INFO:teuthology.orchestra.run.smithi112.stdout:/usr/bin/ceph: stderr
2024-05-10T10:28:12.694+0000 7fc5032a0700 1 -- 172.21.15.112:0/601465300 wait complete.
2024-05-10T10:28:13.218 INFO:teuthology.orchestra.run.smithi112.stdout:Wrote public SSH key to /home/ubuntu/cephtest/ceph.pub
2024-05-10T10:28:13.218 INFO:teuthology.orchestra.run.smithi112.stdout:Adding key to root@localhost authorized_keys...
2024-05-10T10:28:13.218 INFO:teuthology.orchestra.run.smithi112.stdout:Adding host smithi112...
2024-05-10T10:28:13.579 INFO:journalctl@ceph.mon.a.smithi112.stdout:May 10 10:28:13 smithi112 ceph-mon[30100]: from='client.14136 -' entity='client.admin' cmd=[{"prefix": "cephadm get-pub-key", "target": ["mon-mgr", ""]}]: dispatch
2024-05-10T10:28:14.750 INFO:journalctl@ceph.mon.a.smithi112.stdout:May 10 10:28:14 smithi112 ceph-mon[30100]: from='client.14138 -' entity='client.admin' cmd=[{"prefix": "orch host add", "hostname": "smithi112", "addr": "172.21.15.112", "target": ["mon-mgr", ""]}]: dispatch
2024-05-10T10:28:15.829 INFO:journalctl@ceph.mon.a.smithi112.stdout:May 10 10:28:15 smithi112 ceph-mon[30100]: Deploying cephadm binary to smithi112
2024-05-10T10:28:18.671 INFO:teuthology.orchestra.run.smithi112.stdout:/usr/bin/ceph: stdout Added host 'smithi112' with addr '172.21.15.112'
2024-05-10T10:28:18.671 INFO:teuthology.orchestra.run.smithi112.stdout:/usr/bin/ceph: stderr
2024-05-10T10:28:13.633+0000 7f38f1692700 1 Processor -- start
2024-05-10T10:28:18.671 INFO:teuthology.orchestra.run.smithi112.stdout:/usr/bin/ceph: stderr
2024-05-10T10:28:13.633+0000 7f38f1692700 1 -- start start
2024-05-10T10:28:18.671 INFO:teuthology.orchestra.run.smithi112.stdout:/usr/bin/ceph: stderr
2024-05-10T10:28:13.633+0000 7f38f1692700 1 --2- >> [v2:172.21.15.112:3300/0,v1:172.21.15.112:6789/0] conn(0x7f38ec107b50 0x7f38ec107f70 unknown :-1 s=NONE pgs=0 cs=0 l=0 rev1=0 crypto rx=0 tx=0 comp rx=0 tx=0).connect
2024-05-10T10:28:18.671 INFO:teuthology.orchestra.run.smithi112.stdout:/usr/bin/ceph: stderr
2024-05-10T10:28:13.633+0000 7f38f1692700 1 -- --> [v2:172.21.15.112:3300/0,v1:172.21.15.112:6789/0] -- mon_getmap magic: 0 -- 0x7f38ec108540 con 0x7f38ec107b50
2024-05-10T10:28:18.671 INFO:teuthology.orchestra.run.smithi112.stdout:/usr/bin/ceph: stderr
2024-05-10T10:28:13.633+0000 7f38eaffd700 1 --2- >> [v2:172.21.15.112:3300/0,v1:172.21.15.112:6789/0] conn(0x7f38ec107b50 0x7f38ec107f70 unknown :-1 s=BANNER_CONNECTING pgs=0 cs=0 l=0 rev1=0 crypto rx=0 tx=0 comp rx=0 tx=0)._handle_peer_banner_payload supported=3 required=0
2024-05-10T10:28:18.671 INFO:teuthology.orchestra.run.smithi112.stdout:/usr/bin/ceph: stderr
2024-05-10T10:28:13.634+0000 7f38eaffd700 1 --2- >> [v2:172.21.15.112:3300/0,v1:172.21.15.112:6789/0] conn(0x7f38ec107b50 0x7f38ec107f70 unknown :-1 s=HELLO_CONNECTING pgs=0 cs=0 l=0 rev1=1 crypto rx=0 tx=0 comp rx=0 tx=0).handle_hello peer v2:172.21.15.112:3300/0 says I am v2:172.21.15.112:44460/0 (socket says 172.21.15.112:44460)
2024-05-10T10:28:18.671 INFO:teuthology.orchestra.run.smithi112.stdout:/usr/bin/ceph: stderr
2024-05-10T10:28:13.634+0000 7f38eaffd700 1 -- 172.21.15.112:0/283907179 learned_addr learned my addr 172.21.15.112:0/283907179 (peer_addr_for_me v2:172.21.15.112:0/0)
2024-05-10T10:28:18.671 INFO:teuthology.orchestra.run.smithi112.stdout:/usr/bin/ceph: stderr
2024-05-10T10:28:13.634+0000 7f38eaffd700 1 -- 172.21.15.112:0/283907179 --> [v2:172.21.15.112:3300/0,v1:172.21.15.112:6789/0] -- mon_subscribe({config=0+,monmap=0+}) -- 0x7f38ec108d50 con 0x7f38ec107b50
2024-05-10T10:28:18.671 INFO:teuthology.orchestra.run.smithi112.stdout:/usr/bin/ceph: stderr
2024-05-10T10:28:13.634+0000 7f38eaffd700 1 --2- 172.21.15.112:0/283907179 >> [v2:172.21.15.112:3300/0,v1:172.21.15.112:6789/0] conn(0x7f38ec107b50 0x7f38ec107f70 secure :-1 s=READY pgs=43 cs=0 l=1 rev1=1 crypto rx=0x7f38dc00bb40 tx=0x7f38dc00be50 comp rx=0 tx=0).ready entity=mon.0 client_cookie=a0ebda6ab4f4548a server_cookie=0 in_seq=0 out_seq=0
2024-05-10T10:28:18.672 INFO:teuthology.orchestra.run.smithi112.stdout:/usr/bin/ceph: stderr
2024-05-10T10:28:13.634+0000 7f38e9ffb700 1 -- 172.21.15.112:0/283907179 <== mon.0 v2:172.21.15.112:3300/0 1 ==== mon_map magic: 0 ==== 205+0+0 (secure 0 0 0) 0x7f38dc00dbe0 con 0x7f38ec107b50
2024-05-10T10:28:18.672 INFO:teuthology.orchestra.run.smithi112.stdout:/usr/bin/ceph: stderr
2024-05-10T10:28:13.634+0000 7f38e9ffb700 1 -- 172.21.15.112:0/283907179 <== mon.0 v2:172.21.15.112:3300/0 2 ==== config(25 keys) ==== 1032+0+0 (secure 0 0 0) 0x7f38dc0044a0 con 0x7f38ec107b50
2024-05-10T10:28:18.672 INFO:teuthology.orchestra.run.smithi112.stdout:/usr/bin/ceph: stderr
2024-05-10T10:28:13.634+0000 7f38e9ffb700 1 -- 172.21.15.112:0/283907179 <== mon.0 v2:172.21.15.112:3300/0 3 ==== mon_map magic: 0 ==== 205+0+0 (secure 0 0 0) 0x7f38dc003e30 con 0x7f38ec107b50
2024-05-10T10:28:18.672 INFO:teuthology.orchestra.run.smithi112.stdout:/usr/bin/ceph: stderr
2024-05-10T10:28:13.635+0000 7f38f1692700 1 -- 172.21.15.112:0/283907179 >> [v2:172.21.15.112:3300/0,v1:172.21.15.112:6789/0] conn(0x7f38ec107b50 msgr2=0x7f38ec107f70 secure :-1 s=STATE_CONNECTION_ESTABLISHED l=1).mark_down
2024-05-10T10:28:18.672 INFO:teuthology.orchestra.run.smithi112.stdout:/usr/bin/ceph: stderr
2024-05-10T10:28:13.635+0000 7f38f1692700 1 --2- 172.21.15.112:0/283907179 >> [v2:172.21.15.112:3300/0,v1:172.21.15.112:6789/0] conn(0x7f38ec107b50 0x7f38ec107f70 secure :-1 s=READY pgs=43 cs=0 l=1 rev1=1 crypto rx=0x7f38dc00bb40 tx=0x7f38dc00be50 comp rx=0 tx=0).stop
2024-05-10T10:28:18.672 INFO:teuthology.orchestra.run.smithi112.stdout:/usr/bin/ceph: stderr
2024-05-10T10:28:13.635+0000 7f38f1692700 1 -- 172.21.15.112:0/283907179 shutdown_connections
2024-05-10T10:28:18.672 INFO:teuthology.orchestra.run.smithi112.stdout:/usr/bin/ceph: stderr
2024-05-10T10:28:13.635+0000 7f38f1692700 1 --2- 172.21.15.112:0/283907179 >> [v2:172.21.15.112:3300/0,v1:172.21.15.112:6789/0] conn(0x7f38ec107b50 0x7f38ec107f70 unknown :-1 s=CLOSED pgs=43 cs=0 l=1 rev1=1 crypto rx=0 tx=0 comp rx=0 tx=0).stop
2024-05-10T10:28:18.672 INFO:teuthology.orchestra.run.smithi112.stdout:/usr/bin/ceph: stderr
2024-05-10T10:28:13.635+0000 7f38f1692700 1 -- 172.21.15.112:0/283907179 >> 172.21.15.112:0/283907179 conn(0x7f38ec1030f0 msgr2=0x7f38ec105530 unknown :-1 s=STATE_NONE l=0).mark_down
2024-05-10T10:28:18.672 INFO:teuthology.orchestra.run.smithi112.stdout:/usr/bin/ceph: stderr
2024-05-10T10:28:13.635+0000 7f38f1692700 1 -- 172.21.15.112:0/283907179 shutdown_connections
2024-05-10T10:28:18.672 INFO:teuthology.orchestra.run.smithi112.stdout:/usr/bin/ceph: stderr
2024-05-10T10:28:13.635+0000 7f38f1692700 1 -- 172.21.15.112:0/283907179 wait complete.
2024-05-10T10:28:18.672 INFO:teuthology.orchestra.run.smithi112.stdout:/usr/bin/ceph: stderr
2024-05-10T10:28:13.635+0000 7f38f1692700 1 Processor -- start
2024-05-10T10:28:18.672 INFO:teuthology.orchestra.run.smithi112.stdout:/usr/bin/ceph: stderr
2024-05-10T10:28:13.635+0000 7f38f1692700 1 -- start start
2024-05-10T10:28:18.672 INFO:teuthology.orchestra.run.smithi112.stdout:/usr/bin/ceph: stderr
2024-05-10T10:28:13.636+0000 7f38f1692700 1 --2- >> [v2:172.21.15.112:3300/0,v1:172.21.15.112:6789/0] conn(0x7f38ec107b50 0x7f38ec19a900 unknown :-1 s=NONE pgs=0 cs=0 l=1 rev1=0 crypto rx=0 tx=0 comp rx=0 tx=0).connect
2024-05-10T10:28:18.672 INFO:teuthology.orchestra.run.smithi112.stdout:/usr/bin/ceph: stderr
2024-05-10T10:28:13.636+0000 7f38f1692700 1 -- --> [v2:172.21.15.112:3300/0,v1:172.21.15.112:6789/0] -- mon_getmap magic: 0 -- 0x7f38ec07bf90 con 0x7f38ec107b50
2024-05-10T10:28:18.673 INFO:teuthology.orchestra.run.smithi112.stdout:/usr/bin/ceph: stderr
2024-05-10T10:28:13.636+0000 7f38eaffd700 1 --2- >> [v2:172.21.15.112:3300/0,v1:172.21.15.112:6789/0] conn(0x7f38ec107b50 0x7f38ec19a900 unknown :-1 s=BANNER_CONNECTING pgs=0 cs=0 l=1 rev1=0 crypto rx=0 tx=0 comp rx=0 tx=0)._handle_peer_banner_payload supported=3 required=0
2024-05-10T10:28:18.673 INFO:teuthology.orchestra.run.smithi112.stdout:/usr/bin/ceph: stderr
2024-05-10T10:28:13.636+0000 7f38eaffd700 1 --2- >> [v2:172.21.15.112:3300/0,v1:172.21.15.112:6789/0] conn(0x7f38ec107b50 0x7f38ec19a900 unknown :-1 s=HELLO_CONNECTING pgs=0 cs=0 l=1 rev1=1 crypto rx=0 tx=0 comp rx=0 tx=0).handle_hello peer v2:172.21.15.112:3300/0 says I am v2:172.21.15.112:44476/0 (socket says 172.21.15.112:44476)
2024-05-10T10:28:18.673 INFO:teuthology.orchestra.run.smithi112.stdout:/usr/bin/ceph: stderr
2024-05-10T10:28:13.636+0000 7f38eaffd700 1 -- 172.21.15.112:0/3519529824 learned_addr learned my addr 172.21.15.112:0/3519529824 (peer_addr_for_me v2:172.21.15.112:0/0)
2024-05-10T10:28:18.673 INFO:teuthology.orchestra.run.smithi112.stdout:/usr/bin/ceph: stderr
2024-05-10T10:28:13.636+0000 7f38eaffd700 1 -- 172.21.15.112:0/3519529824 --> [v2:172.21.15.112:3300/0,v1:172.21.15.112:6789/0] -- mon_subscribe({config=0+,monmap=0+}) -- 0x7f38ec19ae40 con 0x7f38ec107b50
2024-05-10T10:28:18.673 INFO:teuthology.orchestra.run.smithi112.stdout:/usr/bin/ceph: stderr
2024-05-10T10:28:13.636+0000 7f38eaffd700 1 --2- 172.21.15.112:0/3519529824 >> [v2:172.21.15.112:3300/0,v1:172.21.15.112:6789/0] conn(0x7f38ec107b50 0x7f38ec19a900 secure :-1 s=READY pgs=44 cs=0 l=1 rev1=1 crypto rx=0x7f38dc00bfd0 tx=0x7f38dc003f80 comp rx=0 tx=0).ready entity=mon.0 client_cookie=0 server_cookie=0 in_seq=0 out_seq=0
2024-05-10T10:28:18.673 INFO:teuthology.orchestra.run.smithi112.stdout:/usr/bin/ceph: stderr
2024-05-10T10:28:13.636+0000 7f38d3fff700 1 -- 172.21.15.112:0/3519529824 <== mon.0 v2:172.21.15.112:3300/0 1 ==== mon_map magic: 0 ==== 205+0+0 (secure 0 0 0) 0x7f38dc027070 con 0x7f38ec107b50
2024-05-10T10:28:18.673 INFO:teuthology.orchestra.run.smithi112.stdout:/usr/bin/ceph: stderr
2024-05-10T10:28:13.636+0000 7f38d3fff700 1 -- 172.21.15.112:0/3519529824 <== mon.0 v2:172.21.15.112:3300/0 2 ==== config(25 keys) ==== 1032+0+0 (secure 0 0 0) 0x7f38dc010a40 con 0x7f38ec107b50
2024-05-10T10:28:18.673 INFO:teuthology.orchestra.run.smithi112.stdout:/usr/bin/ceph: stderr
2024-05-10T10:28:13.636+0000 7f38f1692700 1 -- 172.21.15.112:0/3519529824 --> [v2:172.21.15.112:3300/0,v1:172.21.15.112:6789/0] -- mon_subscribe({mgrmap=0+}) -- 0x7f38ec19b0d0 con 0x7f38ec107b50
2024-05-10T10:28:18.673 INFO:teuthology.orchestra.run.smithi112.stdout:/usr/bin/ceph: stderr
2024-05-10T10:28:13.636+0000 7f38d3fff700 1 -- 172.21.15.112:0/3519529824 <== mon.0 v2:172.21.15.112:3300/0 3 ==== mon_map magic: 0 ==== 205+0+0 (secure 0 0 0) 0x7f38dc022ad0 con 0x7f38ec107b50
2024-05-10T10:28:18.673 INFO:teuthology.orchestra.run.smithi112.stdout:/usr/bin/ceph: stderr
2024-05-10T10:28:13.636+0000 7f38f1692700 1 -- 172.21.15.112:0/3519529824 --> [v2:172.21.15.112:3300/0,v1:172.21.15.112:6789/0] -- mon_subscribe({osdmap=0}) -- 0x7f38ec19ddc0 con 0x7f38ec107b50
2024-05-10T10:28:18.673 INFO:teuthology.orchestra.run.smithi112.stdout:/usr/bin/ceph: stderr
2024-05-10T10:28:13.637+0000 7f38d3fff700 1 -- 172.21.15.112:0/3519529824 <== mon.0 v2:172.21.15.112:3300/0 4 ==== mgrmap(e 8) ==== 50222+0+0 (secure 0 0 0) 0x7f38dc02a070 con 0x7f38ec107b50
2024-05-10T10:28:18.673 INFO:teuthology.orchestra.run.smithi112.stdout:/usr/bin/ceph: stderr
2024-05-10T10:28:13.637+0000 7f38f1692700 1 -- 172.21.15.112:0/3519529824 --> [v2:172.21.15.112:3300/0,v1:172.21.15.112:6789/0] -- mon_command({"prefix": "get_command_descriptions"} v 0) -- 0x7f38ec064b00 con 0x7f38ec107b50
2024-05-10T10:28:18.673 INFO:teuthology.orchestra.run.smithi112.stdout:/usr/bin/ceph: stderr
2024-05-10T10:28:13.638+0000 7f38d3fff700 1 --2- 172.21.15.112:0/3519529824 >> [v2:172.21.15.112:6800/2836147288,v1:172.21.15.112:6801/2836147288] conn(0x7f38d403e470 0x7f38d4040930 unknown :-1 s=NONE pgs=0 cs=0 l=1 rev1=0 crypto rx=0 tx=0 comp rx=0 tx=0).connect
2024-05-10T10:28:18.673 INFO:teuthology.orchestra.run.smithi112.stdout:/usr/bin/ceph: stderr
2024-05-10T10:28:13.638+0000 7f38d3fff700 1 -- 172.21.15.112:0/3519529824 <== mon.0 v2:172.21.15.112:3300/0 5 ==== osd_map(2..2 src has 1..2) ==== 940+0+0 (secure 0 0 0) 0x7f38dc01f070 con 0x7f38ec107b50
2024-05-10T10:28:18.674 INFO:teuthology.orchestra.run.smithi112.stdout:/usr/bin/ceph: stderr
2024-05-10T10:28:13.638+0000 7f38ea7fc700 1 --2- 172.21.15.112:0/3519529824 >> [v2:172.21.15.112:6800/2836147288,v1:172.21.15.112:6801/2836147288] conn(0x7f38d403e470 0x7f38d4040930 unknown :-1 s=BANNER_CONNECTING pgs=0 cs=0 l=1 rev1=0 crypto rx=0 tx=0 comp rx=0 tx=0)._handle_peer_banner_payload supported=3 required=0
2024-05-10T10:28:18.674 INFO:teuthology.orchestra.run.smithi112.stdout:/usr/bin/ceph: stderr
2024-05-10T10:28:13.638+0000 7f38ea7fc700 1 --2- 172.21.15.112:0/3519529824 >> [v2:172.21.15.112:6800/2836147288,v1:172.21.15.112:6801/2836147288] conn(0x7f38d403e470 0x7f38d4040930 secure :-1 s=READY pgs=11 cs=0 l=1 rev1=1 crypto rx=0x7f38e0006fd0 tx=0x7f38e0006e40 comp rx=0 tx=0).ready entity=mgr.14118 client_cookie=0 server_cookie=0 in_seq=0 out_seq=0
2024-05-10T10:28:18.674 INFO:teuthology.orchestra.run.smithi112.stdout:/usr/bin/ceph: stderr
2024-05-10T10:28:13.643+0000 7f38d3fff700 1 -- 172.21.15.112:0/3519529824 <== mon.0 v2:172.21.15.112:3300/0 6 ==== mon_command_ack([{"prefix": "get_command_descriptions"}]=0 v0) ==== 72+0+191839 (secure 0 0 0) 0x7f38dc015070 con 0x7f38ec107b50
2024-05-10T10:28:18.674 INFO:teuthology.orchestra.run.smithi112.stdout:/usr/bin/ceph: stderr
2024-05-10T10:28:13.848+0000 7f38f1692700 1 -- 172.21.15.112:0/3519529824 --> [v2:172.21.15.112:6800/2836147288,v1:172.21.15.112:6801/2836147288] -- mgr_command(tid 0: {"prefix": "orch host add", "hostname": "smithi112", "addr": "172.21.15.112", "target": ["mon-mgr", ""]}) -- 0x7f38ec0008d0 con 0x7f38d403e470
2024-05-10T10:28:18.674 INFO:teuthology.orchestra.run.smithi112.stdout:/usr/bin/ceph: stderr
2024-05-10T10:28:18.020+0000 7f38d3fff700 1 -- 172.21.15.112:0/3519529824 <== mgr.14118 v2:172.21.15.112:6800/2836147288 1 ==== mgr_command_reply(tid 0: 0 ) ==== 8+0+49 (secure 0 0 0) 0x7f38ec0008d0 con 0x7f38d403e470
2024-05-10T10:28:18.674 INFO:teuthology.orchestra.run.smithi112.stdout:/usr/bin/ceph: stderr
2024-05-10T10:28:18.024+0000 7f38f1692700 1 -- 172.21.15.112:0/3519529824 >> [v2:172.21.15.112:6800/2836147288,v1:172.21.15.112:6801/2836147288] conn(0x7f38d403e470 msgr2=0x7f38d4040930 secure :-1 s=STATE_CONNECTION_ESTABLISHED l=1).mark_down
2024-05-10T10:28:18.674 INFO:teuthology.orchestra.run.smithi112.stdout:/usr/bin/ceph: stderr
2024-05-10T10:28:18.024+0000 7f38f1692700 1 --2- 172.21.15.112:0/3519529824 >> [v2:172.21.15.112:6800/2836147288,v1:172.21.15.112:6801/2836147288] conn(0x7f38d403e470 0x7f38d4040930 secure :-1 s=READY pgs=11 cs=0 l=1 rev1=1 crypto rx=0x7f38e0006fd0 tx=0x7f38e0006e40 comp rx=0 tx=0).stop
2024-05-10T10:28:18.674 INFO:teuthology.orchestra.run.smithi112.stdout:/usr/bin/ceph: stderr
2024-05-10T10:28:18.024+0000 7f38f1692700 1 -- 172.21.15.112:0/3519529824 >> [v2:172.21.15.112:3300/0,v1:172.21.15.112:6789/0] conn(0x7f38ec107b50 msgr2=0x7f38ec19a900 secure :-1 s=STATE_CONNECTION_ESTABLISHED l=1).mark_down
2024-05-10T10:28:18.674 INFO:teuthology.orchestra.run.smithi112.stdout:/usr/bin/ceph: stderr
2024-05-10T10:28:18.024+0000 7f38f1692700 1 --2- 172.21.15.112:0/3519529824 >> [v2:172.21.15.112:3300/0,v1:172.21.15.112:6789/0] conn(0x7f38ec107b50 0x7f38ec19a900 secure :-1 s=READY pgs=44 cs=0 l=1 rev1=1 crypto rx=0x7f38dc00bfd0 tx=0x7f38dc003f80 comp rx=0 tx=0).stop
2024-05-10T10:28:18.674 INFO:teuthology.orchestra.run.smithi112.stdout:/usr/bin/ceph: stderr
2024-05-10T10:28:18.024+0000 7f38f1692700 1 -- 172.21.15.112:0/3519529824 shutdown_connections
2024-05-10T10:28:18.674 INFO:teuthology.orchestra.run.smithi112.stdout:/usr/bin/ceph: stderr
2024-05-10T10:28:18.024+0000 7f38f1692700 1 --2- 172.21.15.112:0/3519529824 >> [v2:172.21.15.112:6800/2836147288,v1:172.21.15.112:6801/2836147288] conn(0x7f38d403e470 0x7f38d4040930 unknown :-1 s=CLOSED pgs=11 cs=0 l=1 rev1=1 crypto rx=0 tx=0 comp rx=0 tx=0).stop
2024-05-10T10:28:18.674 INFO:teuthology.orchestra.run.smithi112.stdout:/usr/bin/ceph: stderr
2024-05-10T10:28:18.024+0000 7f38f1692700 1 --2- 172.21.15.112:0/3519529824 >> [v2:172.21.15.112:3300/0,v1:172.21.15.112:6789/0] conn(0x7f38ec107b50 0x7f38ec19a900 unknown :-1 s=CLOSED pgs=44 cs=0 l=1 rev1=1 crypto rx=0 tx=0 comp rx=0 tx=0).stop
2024-05-10T10:28:18.674 INFO:teuthology.orchestra.run.smithi112.stdout:/usr/bin/ceph: stderr
2024-05-10T10:28:18.024+0000 7f38f1692700 1 -- 172.21.15.112:0/3519529824 >> 172.21.15.112:0/3519529824 conn(0x7f38ec1030f0 msgr2=0x7f38ec191520 unknown :-1 s=STATE_NONE l=0).mark_down
2024-05-10T10:28:18.674 INFO:teuthology.orchestra.run.smithi112.stdout:/usr/bin/ceph: stderr
2024-05-10T10:28:18.024+0000 7f38f1692700 1 -- 172.21.15.112:0/3519529824 shutdown_connections
2024-05-10T10:28:18.674 INFO:teuthology.orchestra.run.smithi112.stdout:/usr/bin/ceph: stderr
2024-05-10T10:28:18.024+0000 7f38f1692700 1 -- 172.21.15.112:0/3519529824 wait complete.
2024-05-10T10:28:18.675 INFO:teuthology.orchestra.run.smithi112.stdout:Deploying unmanaged mon service...
2024-05-10T10:28:19.311 INFO:journalctl@ceph.mon.a.smithi112.stdout:May 10 10:28:19 smithi112 ceph-mon[30100]: from='mgr.14118 172.21.15.112:0/2513048400' entity='mgr.x'
2024-05-10T10:28:19.311 INFO:journalctl@ceph.mon.a.smithi112.stdout:May 10 10:28:19 smithi112 ceph-mon[30100]: Added host smithi112
2024-05-10T10:28:19.311 INFO:journalctl@ceph.mon.a.smithi112.stdout:May 10 10:28:19 smithi112 ceph-mon[30100]: from='mgr.14118 172.21.15.112:0/2513048400' entity='mgr.x' cmd=[{"prefix": "config dump", "format": "json"}]: dispatch
2024-05-10T10:28:20.064 INFO:teuthology.orchestra.run.smithi112.stdout:/usr/bin/ceph: stdout Scheduled mon update...
2024-05-10T10:28:20.064 INFO:teuthology.orchestra.run.smithi112.stdout:/usr/bin/ceph: stderr
2024-05-10T10:28:19.077+0000 7fe36965c700 1 Processor -- start
2024-05-10T10:28:20.064 INFO:teuthology.orchestra.run.smithi112.stdout:/usr/bin/ceph: stderr
2024-05-10T10:28:19.077+0000 7fe36965c700 1 -- start start
2024-05-10T10:28:20.064 INFO:teuthology.orchestra.run.smithi112.stdout:/usr/bin/ceph: stderr
2024-05-10T10:28:19.077+0000 7fe36965c700 1 --2- >> [v2:172.21.15.112:3300/0,v1:172.21.15.112:6789/0] conn(0x7fe364107b60 0x7fe364107f80 unknown :-1 s=NONE pgs=0 cs=0 l=0 rev1=0 crypto rx=0 tx=0 comp rx=0 tx=0).connect
2024-05-10T10:28:20.064 INFO:teuthology.orchestra.run.smithi112.stdout:/usr/bin/ceph: stderr
2024-05-10T10:28:19.077+0000 7fe36965c700 1 -- --> [v2:172.21.15.112:3300/0,v1:172.21.15.112:6789/0] -- mon_getmap magic: 0 -- 0x7fe364108550 con 0x7fe364107b60
2024-05-10T10:28:20.065 INFO:teuthology.orchestra.run.smithi112.stdout:/usr/bin/ceph: stderr
2024-05-10T10:28:19.077+0000 7fe362ffd700 1 --2- >> [v2:172.21.15.112:3300/0,v1:172.21.15.112:6789/0] conn(0x7fe364107b60 0x7fe364107f80 unknown :-1 s=BANNER_CONNECTING pgs=0 cs=0 l=0 rev1=0 crypto rx=0 tx=0 comp rx=0 tx=0)._handle_peer_banner_payload supported=3 required=0
2024-05-10T10:28:20.065 INFO:teuthology.orchestra.run.smithi112.stdout:/usr/bin/ceph: stderr
2024-05-10T10:28:19.077+0000 7fe362ffd700 1 --2- >> [v2:172.21.15.112:3300/0,v1:172.21.15.112:6789/0] conn(0x7fe364107b60 0x7fe364107f80 unknown :-1 s=HELLO_CONNECTING pgs=0 cs=0 l=0 rev1=1 crypto rx=0 tx=0 comp rx=0 tx=0).handle_hello peer v2:172.21.15.112:3300/0 says I am v2:172.21.15.112:33022/0 (socket says 172.21.15.112:33022)
2024-05-10T10:28:20.065 INFO:teuthology.orchestra.run.smithi112.stdout:/usr/bin/ceph: stderr
2024-05-10T10:28:19.077+0000 7fe362ffd700 1 -- 172.21.15.112:0/1691687998 learned_addr learned my addr 172.21.15.112:0/1691687998 (peer_addr_for_me v2:172.21.15.112:0/0)
2024-05-10T10:28:20.065 INFO:teuthology.orchestra.run.smithi112.stdout:/usr/bin/ceph: stderr
2024-05-10T10:28:19.078+0000 7fe362ffd700 1 -- 172.21.15.112:0/1691687998 --> [v2:172.21.15.112:3300/0,v1:172.21.15.112:6789/0] -- mon_subscribe({config=0+,monmap=0+}) -- 0x7fe364108d60 con 0x7fe364107b60
2024-05-10T10:28:20.065 INFO:teuthology.orchestra.run.smithi112.stdout:/usr/bin/ceph: stderr
2024-05-10T10:28:19.078+0000 7fe362ffd700 1 --2- 172.21.15.112:0/1691687998 >> [v2:172.21.15.112:3300/0,v1:172.21.15.112:6789/0] conn(0x7fe364107b60 0x7fe364107f80 secure :-1 s=READY pgs=45 cs=0 l=1 rev1=1 crypto rx=0x7fe3540098a0 tx=0x7fe354009bb0 comp rx=0 tx=0).ready entity=mon.0 client_cookie=3933730ddcc0ad6 server_cookie=0 in_seq=0 out_seq=0
2024-05-10T10:28:20.065 INFO:teuthology.orchestra.run.smithi112.stdout:/usr/bin/ceph: stderr
2024-05-10T10:28:19.078+0000 7fe361ffb700 1 -- 172.21.15.112:0/1691687998 <== mon.0 v2:172.21.15.112:3300/0 1 ==== mon_map magic: 0 ==== 205+0+0 (secure 0 0 0) 0x7fe354004160 con 0x7fe364107b60
2024-05-10T10:28:20.065 INFO:teuthology.orchestra.run.smithi112.stdout:/usr/bin/ceph: stderr
2024-05-10T10:28:19.078+0000 7fe361ffb700 1 -- 172.21.15.112:0/1691687998 <== mon.0 v2:172.21.15.112:3300/0 2 ==== config(25 keys) ==== 1032+0+0 (secure 0 0 0) 0x7fe354004300 con 0x7fe364107b60
2024-05-10T10:28:20.065 INFO:teuthology.orchestra.run.smithi112.stdout:/usr/bin/ceph: stderr
2024-05-10T10:28:19.078+0000 7fe361ffb700 1 -- 172.21.15.112:0/1691687998 <== mon.0 v2:172.21.15.112:3300/0 3 ==== mon_map magic: 0 ==== 205+0+0 (secure 0 0 0) 0x7fe3540119e0 con 0x7fe364107b60
2024-05-10T10:28:20.065 INFO:teuthology.orchestra.run.smithi112.stdout:/usr/bin/ceph: stderr
2024-05-10T10:28:19.079+0000 7fe36965c700 1 -- 172.21.15.112:0/1691687998 >> [v2:172.21.15.112:3300/0,v1:172.21.15.112:6789/0] conn(0x7fe364107b60 msgr2=0x7fe364107f80 secure :-1 s=STATE_CONNECTION_ESTABLISHED l=1).mark_down
2024-05-10T10:28:20.065 INFO:teuthology.orchestra.run.smithi112.stdout:/usr/bin/ceph: stderr
2024-05-10T10:28:19.079+0000 7fe36965c700 1 --2- 172.21.15.112:0/1691687998 >> [v2:172.21.15.112:3300/0,v1:172.21.15.112:6789/0] conn(0x7fe364107b60 0x7fe364107f80 secure :-1 s=READY pgs=45 cs=0 l=1 rev1=1 crypto rx=0x7fe3540098a0 tx=0x7fe354009bb0 comp rx=0 tx=0).stop
2024-05-10T10:28:20.065 INFO:teuthology.orchestra.run.smithi112.stdout:/usr/bin/ceph: stderr
2024-05-10T10:28:19.079+0000 7fe36965c700 1 -- 172.21.15.112:0/1691687998 shutdown_connections
2024-05-10T10:28:20.065 INFO:teuthology.orchestra.run.smithi112.stdout:/usr/bin/ceph: stderr
2024-05-10T10:28:19.079+0000 7fe36965c700 1 --2- 172.21.15.112:0/1691687998 >> [v2:172.21.15.112:3300/0,v1:172.21.15.112:6789/0] conn(0x7fe364107b60 0x7fe364107f80 unknown :-1 s=CLOSED pgs=45 cs=0 l=1 rev1=1 crypto rx=0 tx=0 comp rx=0 tx=0).stop
2024-05-10T10:28:20.066 INFO:teuthology.orchestra.run.smithi112.stdout:/usr/bin/ceph: stderr
2024-05-10T10:28:19.079+0000 7fe36965c700 1 -- 172.21.15.112:0/1691687998 >> 172.21.15.112:0/1691687998 conn(0x7fe364103100 msgr2=0x7fe364105540 unknown :-1 s=STATE_NONE l=0).mark_down
2024-05-10T10:28:20.066 INFO:teuthology.orchestra.run.smithi112.stdout:/usr/bin/ceph: stderr
2024-05-10T10:28:19.079+0000 7fe36965c700 1 -- 172.21.15.112:0/1691687998 shutdown_connections
2024-05-10T10:28:20.066 INFO:teuthology.orchestra.run.smithi112.stdout:/usr/bin/ceph: stderr
2024-05-10T10:28:19.079+0000 7fe36965c700 1 -- 172.21.15.112:0/1691687998 wait complete.
2024-05-10T10:28:20.066 INFO:teuthology.orchestra.run.smithi112.stdout:/usr/bin/ceph: stderr
2024-05-10T10:28:19.079+0000 7fe36965c700 1 Processor -- start
2024-05-10T10:28:20.066 INFO:teuthology.orchestra.run.smithi112.stdout:/usr/bin/ceph: stderr
2024-05-10T10:28:19.079+0000 7fe36965c700 1 -- start start
2024-05-10T10:28:20.066 INFO:teuthology.orchestra.run.smithi112.stdout:/usr/bin/ceph: stderr
2024-05-10T10:28:19.080+0000 7fe36965c700 1 --2- >> [v2:172.21.15.112:3300/0,v1:172.21.15.112:6789/0] conn(0x7fe364107b60 0x7fe36419caa0 unknown :-1 s=NONE pgs=0 cs=0 l=1 rev1=0 crypto rx=0 tx=0 comp rx=0 tx=0).connect
2024-05-10T10:28:20.066 INFO:teuthology.orchestra.run.smithi112.stdout:/usr/bin/ceph: stderr
2024-05-10T10:28:19.080+0000 7fe36965c700 1 -- --> [v2:172.21.15.112:3300/0,v1:172.21.15.112:6789/0] -- mon_getmap magic: 0 -- 0x7fe36410bf90 con 0x7fe364107b60
2024-05-10T10:28:20.066 INFO:teuthology.orchestra.run.smithi112.stdout:/usr/bin/ceph: stderr
2024-05-10T10:28:19.080+0000 7fe362ffd700 1 --2- >> [v2:172.21.15.112:3300/0,v1:172.21.15.112:6789/0] conn(0x7fe364107b60 0x7fe36419caa0 unknown :-1 s=BANNER_CONNECTING pgs=0 cs=0 l=1 rev1=0 crypto rx=0 tx=0 comp rx=0 tx=0)._handle_peer_banner_payload supported=3 required=0
2024-05-10T10:28:20.067 INFO:teuthology.orchestra.run.smithi112.stdout:/usr/bin/ceph: stderr
2024-05-10T10:28:19.080+0000 7fe362ffd700 1 --2- >> [v2:172.21.15.112:3300/0,v1:172.21.15.112:6789/0] conn(0x7fe364107b60 0x7fe36419caa0 unknown :-1 s=HELLO_CONNECTING pgs=0 cs=0 l=1 rev1=1 crypto rx=0 tx=0 comp rx=0 tx=0).handle_hello peer v2:172.21.15.112:3300/0 says I am v2:172.21.15.112:33026/0 (socket says 172.21.15.112:33026)
2024-05-10T10:28:20.067 INFO:teuthology.orchestra.run.smithi112.stdout:/usr/bin/ceph: stderr
2024-05-10T10:28:19.080+0000 7fe362ffd700 1 -- 172.21.15.112:0/2585111217 learned_addr learned my addr 172.21.15.112:0/2585111217 (peer_addr_for_me v2:172.21.15.112:0/0)
2024-05-10T10:28:20.067 INFO:teuthology.orchestra.run.smithi112.stdout:/usr/bin/ceph: stderr
2024-05-10T10:28:19.080+0000 7fe362ffd700 1 -- 172.21.15.112:0/2585111217 --> [v2:172.21.15.112:3300/0,v1:172.21.15.112:6789/0] -- mon_subscribe({config=0+,monmap=0+}) -- 0x7fe36419cfe0 con 0x7fe364107b60
2024-05-10T10:28:20.067 INFO:teuthology.orchestra.run.smithi112.stdout:/usr/bin/ceph: stderr
2024-05-10T10:28:19.080+0000 7fe362ffd700 1 --2- 172.21.15.112:0/2585111217 >> [v2:172.21.15.112:3300/0,v1:172.21.15.112:6789/0] conn(0x7fe364107b60 0x7fe36419caa0 secure :-1 s=READY pgs=46 cs=0 l=1 rev1=1 crypto rx=0x7fe3540119b0 tx=0x7fe354011a90 comp rx=0 tx=0).ready entity=mon.0 client_cookie=0 server_cookie=0 in_seq=0 out_seq=0
2024-05-10T10:28:20.067 INFO:teuthology.orchestra.run.smithi112.stdout:/usr/bin/ceph: stderr
2024-05-10T10:28:19.080+0000 7fe34bfff700 1 -- 172.21.15.112:0/2585111217 <== mon.0 v2:172.21.15.112:3300/0 1 ==== mon_map magic: 0 ==== 205+0+0 (secure 0 0 0) 0x7fe354003b70 con 0x7fe364107b60
2024-05-10T10:28:20.067 INFO:teuthology.orchestra.run.smithi112.stdout:/usr/bin/ceph: stderr
2024-05-10T10:28:19.080+0000 7fe36965c700 1 -- 172.21.15.112:0/2585111217 --> [v2:172.21.15.112:3300/0,v1:172.21.15.112:6789/0] -- mon_subscribe({mgrmap=0+}) -- 0x7fe36419d270 con 0x7fe364107b60
2024-05-10T10:28:20.067 INFO:teuthology.orchestra.run.smithi112.stdout:/usr/bin/ceph: stderr
2024-05-10T10:28:19.080+0000 7fe34bfff700 1 -- 172.21.15.112:0/2585111217 <== mon.0 v2:172.21.15.112:3300/0 2 ==== config(25 keys) ==== 1032+0+0 (secure 0 0 0) 0x7fe35401a8a0 con 0x7fe364107b60
2024-05-10T10:28:20.067 INFO:teuthology.orchestra.run.smithi112.stdout:/usr/bin/ceph: stderr
2024-05-10T10:28:19.080+0000 7fe34bfff700 1 -- 172.21.15.112:0/2585111217 <== mon.0 v2:172.21.15.112:3300/0 3 ==== mon_map magic: 0 ==== 205+0+0 (secure 0 0 0) 0x7fe354024830 con 0x7fe364107b60
2024-05-10T10:28:20.067 INFO:teuthology.orchestra.run.smithi112.stdout:/usr/bin/ceph: stderr
2024-05-10T10:28:19.080+0000 7fe36965c700 1 -- 172.21.15.112:0/2585111217 --> [v2:172.21.15.112:3300/0,v1:172.21.15.112:6789/0] -- mon_subscribe({osdmap=0}) -- 0x7fe36419ff60 con 0x7fe364107b60
2024-05-10T10:28:20.067 INFO:teuthology.orchestra.run.smithi112.stdout:/usr/bin/ceph: stderr
2024-05-10T10:28:19.081+0000 7fe34bfff700 1 -- 172.21.15.112:0/2585111217 <== mon.0 v2:172.21.15.112:3300/0 4 ==== mgrmap(e 8) ==== 50222+0+0 (secure 0 0 0) 0x7fe354022020 con 0x7fe364107b60
2024-05-10T10:28:20.068 INFO:teuthology.orchestra.run.smithi112.stdout:/usr/bin/ceph: stderr
2024-05-10T10:28:19.081+0000 7fe36965c700 1 -- 172.21.15.112:0/2585111217 --> [v2:172.21.15.112:3300/0,v1:172.21.15.112:6789/0] -- mon_command({"prefix": "get_command_descriptions"} v 0) -- 0x7fe36410c110 con 0x7fe364107b60
2024-05-10T10:28:20.068 INFO:teuthology.orchestra.run.smithi112.stdout:/usr/bin/ceph: stderr
2024-05-10T10:28:19.081+0000 7fe34bfff700 1 --2- 172.21.15.112:0/2585111217 >> [v2:172.21.15.112:6800/2836147288,v1:172.21.15.112:6801/2836147288] conn(0x7fe34c03e420 0x7fe34c0408e0 unknown :-1 s=NONE pgs=0 cs=0 l=1 rev1=0 crypto rx=0 tx=0 comp rx=0 tx=0).connect
2024-05-10T10:28:20.068 INFO:teuthology.orchestra.run.smithi112.stdout:/usr/bin/ceph: stderr
2024-05-10T10:28:19.082+0000 7fe34bfff700 1 -- 172.21.15.112:0/2585111217 <== mon.0 v2:172.21.15.112:3300/0 5 ==== osd_map(2..2 src has 1..2) ==== 940+0+0 (secure 0 0 0) 0x7fe354053ac0 con 0x7fe364107b60
2024-05-10T10:28:20.068 INFO:teuthology.orchestra.run.smithi112.stdout:/usr/bin/ceph: stderr
2024-05-10T10:28:19.082+0000 7fe3627fc700 1 --2- 172.21.15.112:0/2585111217 >> [v2:172.21.15.112:6800/2836147288,v1:172.21.15.112:6801/2836147288] conn(0x7fe34c03e420 0x7fe34c0408e0 unknown :-1 s=BANNER_CONNECTING pgs=0 cs=0 l=1 rev1=0 crypto rx=0 tx=0 comp rx=0 tx=0)._handle_peer_banner_payload supported=3 required=0
2024-05-10T10:28:20.068 INFO:teuthology.orchestra.run.smithi112.stdout:/usr/bin/ceph: stderr
2024-05-10T10:28:19.082+0000 7fe3627fc700 1 --2- 172.21.15.112:0/2585111217 >> [v2:172.21.15.112:6800/2836147288,v1:172.21.15.112:6801/2836147288] conn(0x7fe34c03e420 0x7fe34c0408e0 secure :-1 s=READY pgs=12 cs=0 l=1 rev1=1 crypto rx=0x7fe358006fd0 tx=0x7fe358006e40 comp rx=0 tx=0).ready entity=mgr.14118 client_cookie=0 server_cookie=0 in_seq=0 out_seq=0
2024-05-10T10:28:20.068 INFO:teuthology.orchestra.run.smithi112.stdout:/usr/bin/ceph: stderr
2024-05-10T10:28:19.087+0000 7fe34bfff700 1 -- 172.21.15.112:0/2585111217 <== mon.0 v2:172.21.15.112:3300/0 6 ==== mon_command_ack([{"prefix": "get_command_descriptions"}]=0 v0) ==== 72+0+191839 (secure 0 0 0) 0x7fe35400e260 con 0x7fe364107b60
2024-05-10T10:28:20.068 INFO:teuthology.orchestra.run.smithi112.stdout:/usr/bin/ceph: stderr
2024-05-10T10:28:19.309+0000 7fe36965c700 1 -- 172.21.15.112:0/2585111217 --> [v2:172.21.15.112:6800/2836147288,v1:172.21.15.112:6801/2836147288] -- mgr_command(tid 0: {"prefix": "orch apply", "service_type": "mon", "unmanaged": true, "target": ["mon-mgr", ""]}) -- 0x7fe36402e840 con 0x7fe34c03e420
2024-05-10T10:28:20.068 INFO:teuthology.orchestra.run.smithi112.stdout:/usr/bin/ceph: stderr
2024-05-10T10:28:19.317+0000 7fe34bfff700 1 -- 172.21.15.112:0/2585111217 <== mgr.14118 v2:172.21.15.112:6800/2836147288 1 ==== mgr_command_reply(tid 0: 0 ) ==== 8+0+24 (secure 0 0 0) 0x7fe36402e840 con 0x7fe34c03e420
2024-05-10T10:28:20.068 INFO:teuthology.orchestra.run.smithi112.stdout:/usr/bin/ceph: stderr
2024-05-10T10:28:19.319+0000 7fe36965c700 1 -- 172.21.15.112:0/2585111217 >> [v2:172.21.15.112:6800/2836147288,v1:172.21.15.112:6801/2836147288] conn(0x7fe34c03e420 msgr2=0x7fe34c0408e0 secure :-1 s=STATE_CONNECTION_ESTABLISHED l=1).mark_down
2024-05-10T10:28:20.068 INFO:teuthology.orchestra.run.smithi112.stdout:/usr/bin/ceph: stderr
2024-05-10T10:28:19.319+0000 7fe36965c700 1 --2- 172.21.15.112:0/2585111217 >> [v2:172.21.15.112:6800/2836147288,v1:172.21.15.112:6801/2836147288] conn(0x7fe34c03e420 0x7fe34c0408e0 secure :-1 s=READY pgs=12 cs=0 l=1 rev1=1 crypto rx=0x7fe358006fd0 tx=0x7fe358006e40 comp rx=0 tx=0).stop
2024-05-10T10:28:20.068 INFO:teuthology.orchestra.run.smithi112.stdout:/usr/bin/ceph: stderr
2024-05-10T10:28:19.319+0000 7fe36965c700 1 -- 172.21.15.112:0/2585111217 >> [v2:172.21.15.112:3300/0,v1:172.21.15.112:6789/0] conn(0x7fe364107b60 msgr2=0x7fe36419caa0 secure :-1 s=STATE_CONNECTION_ESTABLISHED l=1).mark_down
2024-05-10T10:28:20.068 INFO:teuthology.orchestra.run.smithi112.stdout:/usr/bin/ceph: stderr
2024-05-10T10:28:19.319+0000 7fe36965c700 1 --2- 172.21.15.112:0/2585111217 >> [v2:172.21.15.112:3300/0,v1:172.21.15.112:6789/0] conn(0x7fe364107b60 0x7fe36419caa0 secure :-1 s=READY pgs=46 cs=0 l=1 rev1=1 crypto rx=0x7fe3540119b0 tx=0x7fe354011a90 comp rx=0 tx=0).stop
2024-05-10T10:28:20.068 INFO:teuthology.orchestra.run.smithi112.stdout:/usr/bin/ceph: stderr
2024-05-10T10:28:19.319+0000 7fe36965c700 1 -- 172.21.15.112:0/2585111217 shutdown_connections
2024-05-10T10:28:20.069 INFO:teuthology.orchestra.run.smithi112.stdout:/usr/bin/ceph: stderr
2024-05-10T10:28:19.319+0000 7fe36965c700 1 --2- 172.21.15.112:0/2585111217 >> [v2:172.21.15.112:6800/2836147288,v1:172.21.15.112:6801/2836147288] conn(0x7fe34c03e420 0x7fe34c0408e0 unknown :-1 s=CLOSED pgs=12 cs=0 l=1 rev1=1 crypto rx=0 tx=0 comp rx=0 tx=0).stop
2024-05-10T10:28:20.069 INFO:teuthology.orchestra.run.smithi112.stdout:/usr/bin/ceph: stderr
2024-05-10T10:28:19.319+0000 7fe36965c700 1 --2- 172.21.15.112:0/2585111217 >> [v2:172.21.15.112:3300/0,v1:172.21.15.112:6789/0] conn(0x7fe364107b60 0x7fe36419caa0 unknown :-1 s=CLOSED pgs=46 cs=0 l=1 rev1=1 crypto rx=0 tx=0 comp rx=0 tx=0).stop
2024-05-10T10:28:20.069 INFO:teuthology.orchestra.run.smithi112.stdout:/usr/bin/ceph: stderr
2024-05-10T10:28:19.319+0000 7fe36965c700 1 -- 172.21.15.112:0/2585111217 >> 172.21.15.112:0/2585111217 conn(0x7fe364103100 msgr2=0x7fe364103ed0 unknown :-1 s=STATE_NONE l=0).mark_down
2024-05-10T10:28:20.069 INFO:teuthology.orchestra.run.smithi112.stdout:/usr/bin/ceph: stderr
2024-05-10T10:28:19.320+0000 7fe36965c700 1 -- 172.21.15.112:0/2585111217 shutdown_connections
2024-05-10T10:28:20.069 INFO:teuthology.orchestra.run.smithi112.stdout:/usr/bin/ceph: stderr
2024-05-10T10:28:19.320+0000 7fe36965c700 1 -- 172.21.15.112:0/2585111217 wait complete.
2024-05-10T10:28:20.069 INFO:teuthology.orchestra.run.smithi112.stdout:Deploying unmanaged mgr service...
2024-05-10T10:28:20.580 INFO:journalctl@ceph.mon.a.smithi112.stdout:May 10 10:28:20 smithi112 ceph-mon[30100]: from='client.14140 -' entity='client.admin' cmd=[{"prefix": "orch apply", "service_type": "mon", "unmanaged": true, "target": ["mon-mgr", ""]}]: dispatch
2024-05-10T10:28:20.580 INFO:journalctl@ceph.mon.a.smithi112.stdout:May 10 10:28:20 smithi112 ceph-mon[30100]: Saving service mon spec with placement count:5
2024-05-10T10:28:20.580 INFO:journalctl@ceph.mon.a.smithi112.stdout:May 10 10:28:20 smithi112 ceph-mon[30100]: from='mgr.14118 172.21.15.112:0/2513048400' entity='mgr.x'
2024-05-10T10:28:21.666 INFO:teuthology.orchestra.run.smithi112.stdout:/usr/bin/ceph: stdout Scheduled mgr update...
2024-05-10T10:28:21.666 INFO:teuthology.orchestra.run.smithi112.stdout:/usr/bin/ceph: stderr
2024-05-10T10:28:20.821+0000 7ff5dca2a700 1 Processor -- start
2024-05-10T10:28:21.666 INFO:teuthology.orchestra.run.smithi112.stdout:/usr/bin/ceph: stderr
2024-05-10T10:28:20.821+0000 7ff5dca2a700 1 -- start start
2024-05-10T10:28:21.666 INFO:teuthology.orchestra.run.smithi112.stdout:/usr/bin/ceph: stderr
2024-05-10T10:28:20.821+0000 7ff5dca2a700 1 --2- >> [v2:172.21.15.112:3300/0,v1:172.21.15.112:6789/0] conn(0x7ff5d81096f0 0x7ff5d810bae0 unknown :-1 s=NONE pgs=0 cs=0 l=0 rev1=0 crypto rx=0 tx=0 comp rx=0 tx=0).connect
2024-05-10T10:28:21.666 INFO:teuthology.orchestra.run.smithi112.stdout:/usr/bin/ceph: stderr
2024-05-10T10:28:20.821+0000 7ff5dca2a700 1 -- --> [v2:172.21.15.112:3300/0,v1:172.21.15.112:6789/0] -- mon_getmap magic: 0 -- 0x7ff5d807ce70 con 0x7ff5d81096f0
2024-05-10T10:28:21.666 INFO:teuthology.orchestra.run.smithi112.stdout:/usr/bin/ceph: stderr
2024-05-10T10:28:20.821+0000 7ff5d659c700 1 --2- >> [v2:172.21.15.112:3300/0,v1:172.21.15.112:6789/0] conn(0x7ff5d81096f0 0x7ff5d810bae0 unknown :-1 s=BANNER_CONNECTING pgs=0 cs=0 l=0 rev1=0 crypto rx=0 tx=0 comp rx=0 tx=0)._handle_peer_banner_payload supported=3 required=0
2024-05-10T10:28:21.666 INFO:teuthology.orchestra.run.smithi112.stdout:/usr/bin/ceph: stderr
2024-05-10T10:28:20.821+0000 7ff5d659c700 1 --2- >> [v2:172.21.15.112:3300/0,v1:172.21.15.112:6789/0] conn(0x7ff5d81096f0 0x7ff5d810bae0 unknown :-1 s=HELLO_CONNECTING pgs=0 cs=0 l=0 rev1=1 crypto rx=0 tx=0 comp rx=0 tx=0).handle_hello peer v2:172.21.15.112:3300/0 says I am v2:172.21.15.112:33042/0 (socket says 172.21.15.112:33042)
2024-05-10T10:28:21.666 INFO:teuthology.orchestra.run.smithi112.stdout:/usr/bin/ceph: stderr
2024-05-10T10:28:20.821+0000 7ff5d659c700 1 -- 172.21.15.112:0/3846069983 learned_addr learned my addr 172.21.15.112:0/3846069983 (peer_addr_for_me v2:172.21.15.112:0/0)
2024-05-10T10:28:21.666 INFO:teuthology.orchestra.run.smithi112.stdout:/usr/bin/ceph: stderr
2024-05-10T10:28:20.821+0000 7ff5d659c700 1 -- 172.21.15.112:0/3846069983 --> [v2:172.21.15.112:3300/0,v1:172.21.15.112:6789/0] -- mon_subscribe({config=0+,monmap=0+}) -- 0x7ff5d810c020 con 0x7ff5d81096f0
2024-05-10T10:28:21.666 INFO:teuthology.orchestra.run.smithi112.stdout:/usr/bin/ceph: stderr
2024-05-10T10:28:20.822+0000 7ff5d659c700 1 --2- 172.21.15.112:0/3846069983 >> [v2:172.21.15.112:3300/0,v1:172.21.15.112:6789/0] conn(0x7ff5d81096f0 0x7ff5d810bae0 secure :-1 s=READY pgs=47 cs=0 l=1 rev1=1 crypto rx=0x7ff5c80098a0 tx=0x7ff5c8009bb0 comp rx=0 tx=0).ready entity=mon.0 client_cookie=5c69955cbdf52946 server_cookie=0 in_seq=0 out_seq=0
2024-05-10T10:28:21.666 INFO:teuthology.orchestra.run.smithi112.stdout:/usr/bin/ceph: stderr
2024-05-10T10:28:20.822+0000 7ff5d559a700 1 -- 172.21.15.112:0/3846069983 <== mon.0 v2:172.21.15.112:3300/0 1 ==== mon_map magic: 0 ==== 205+0+0 (secure 0 0 0) 0x7ff5c8004160 con 0x7ff5d81096f0
2024-05-10T10:28:21.667 INFO:teuthology.orchestra.run.smithi112.stdout:/usr/bin/ceph: stderr
2024-05-10T10:28:20.822+0000 7ff5d559a700 1 -- 172.21.15.112:0/3846069983 <== mon.0 v2:172.21.15.112:3300/0 2 ==== config(25 keys) ==== 1032+0+0 (secure 0 0 0) 0x7ff5c8004300 con 0x7ff5d81096f0
2024-05-10T10:28:21.667 INFO:teuthology.orchestra.run.smithi112.stdout:/usr/bin/ceph: stderr
2024-05-10T10:28:20.822+0000 7ff5d559a700 1 -- 172.21.15.112:0/3846069983 <== mon.0 v2:172.21.15.112:3300/0 3 ==== mon_map magic: 0 ==== 205+0+0 (secure 0 0 0) 0x7ff5c80119e0 con 0x7ff5d81096f0
2024-05-10T10:28:21.667 INFO:teuthology.orchestra.run.smithi112.stdout:/usr/bin/ceph: stderr
2024-05-10T10:28:20.822+0000 7ff5dca2a700 1 -- 172.21.15.112:0/3846069983 >> [v2:172.21.15.112:3300/0,v1:172.21.15.112:6789/0] conn(0x7ff5d81096f0 msgr2=0x7ff5d810bae0 secure :-1 s=STATE_CONNECTION_ESTABLISHED l=1).mark_down
2024-05-10T10:28:21.667 INFO:teuthology.orchestra.run.smithi112.stdout:/usr/bin/ceph: stderr
2024-05-10T10:28:20.822+0000 7ff5dca2a700 1 --2- 172.21.15.112:0/3846069983 >> [v2:172.21.15.112:3300/0,v1:172.21.15.112:6789/0] conn(0x7ff5d81096f0 0x7ff5d810bae0 secure :-1 s=READY pgs=47 cs=0 l=1 rev1=1 crypto rx=0x7ff5c80098a0 tx=0x7ff5c8009bb0 comp rx=0 tx=0).stop
