2024-05-10T10:44:34.488+0000 7f737affd700 1 -- 172.21.15.107:0/1084911401 >> [v2:172.21.15.107:6800/1956906497,v1:172.21.15.107:6801/1956906497] conn(0x7f736403e470 msgr2=0x7f7364040930 unknown :-1 s=STATE_CONNECTING_RE l=1).process reconnect failed to v2:172.21.15.107:6800/1956906497
2024-05-10T10:44:35.443 INFO:teuthology.orchestra.run.smithi107.stdout:/usr/bin/ceph: stderr
2024-05-10T10:44:34.488+0000 7f737affd700 1 --2- 172.21.15.107:0/1084911401 >> [v2:172.21.15.107:6800/1956906497,v1:172.21.15.107:6801/1956906497] conn(0x7f736403e470 0x7f7364040930 unknown :-1 s=START_CONNECT pgs=0 cs=0 l=1 rev1=0 crypto rx=0 tx=0 comp rx=0 tx=0)._fault waiting 0.200000
2024-05-10T10:44:35.443 INFO:teuthology.orchestra.run.smithi107.stdout:/usr/bin/ceph: stderr
2024-05-10T10:44:34.493+0000 7f7378ff9700 1 -- 172.21.15.107:0/1084911401 <== mon.0 v2:172.21.15.107:3300/0 6 ==== mon_command_ack([{"prefix": "get_command_descriptions"}]=0 v0) ==== 72+0+191839 (secure 0 0 0) 0x7f7370011e20 con 0x7f737c108060
2024-05-10T10:44:35.443 INFO:teuthology.orchestra.run.smithi107.stdout:/usr/bin/ceph: stderr
2024-05-10T10:44:34.689+0000 7f737affd700 1 -- 172.21.15.107:0/1084911401 >> [v2:172.21.15.107:6800/1956906497,v1:172.21.15.107:6801/1956906497] conn(0x7f736403e470 msgr2=0x7f7364040930 unknown :-1 s=STATE_CONNECTING_RE l=1).process reconnect failed to v2:172.21.15.107:6800/1956906497
2024-05-10T10:44:35.443 INFO:teuthology.orchestra.run.smithi107.stdout:/usr/bin/ceph: stderr
2024-05-10T10:44:34.689+0000 7f737affd700 1 --2- 172.21.15.107:0/1084911401 >> [v2:172.21.15.107:6800/1956906497,v1:172.21.15.107:6801/1956906497] conn(0x7f736403e470 0x7f7364040930 unknown :-1 s=START_CONNECT pgs=0 cs=0 l=1 rev1=0 crypto rx=0 tx=0 comp rx=0 tx=0)._fault waiting 0.400000
2024-05-10T10:44:35.444 INFO:teuthology.orchestra.run.smithi107.stdout:/usr/bin/ceph: stderr
2024-05-10T10:44:34.801+0000 7f7381d6b700 1 -- 172.21.15.107:0/1084911401 --> [v2:172.21.15.107:3300/0,v1:172.21.15.107:6789/0] -- mon_command({"prefix": "mgr stat"} v 0) -- 0x7f737c0640b0 con 0x7f737c108060
2024-05-10T10:44:35.444 INFO:teuthology.orchestra.run.smithi107.stdout:/usr/bin/ceph: stderr
2024-05-10T10:44:34.802+0000 7f7378ff9700 1 -- 172.21.15.107:0/1084911401 <== mon.0 v2:172.21.15.107:3300/0 7 ==== mon_command_ack([{"prefix": "mgr stat"}]=0 v5) ==== 56+0+88 (secure 0 0 0) 0x7f7370017e90 con 0x7f737c108060
2024-05-10T10:44:35.444 INFO:teuthology.orchestra.run.smithi107.stdout:/usr/bin/ceph: stderr
2024-05-10T10:44:34.805+0000 7f7381d6b700 1 -- 172.21.15.107:0/1084911401 >> [v2:172.21.15.107:6800/1956906497,v1:172.21.15.107:6801/1956906497] conn(0x7f736403e470 msgr2=0x7f7364040930 unknown :-1 s=STATE_CONNECTING l=1).mark_down
2024-05-10T10:44:35.444 INFO:teuthology.orchestra.run.smithi107.stdout:/usr/bin/ceph: stderr
2024-05-10T10:44:34.805+0000 7f7381d6b700 1 --2- 172.21.15.107:0/1084911401 >> [v2:172.21.15.107:6800/1956906497,v1:172.21.15.107:6801/1956906497] conn(0x7f736403e470 0x7f7364040930 unknown :-1 s=START_CONNECT pgs=0 cs=0 l=1 rev1=0 crypto rx=0 tx=0 comp rx=0 tx=0).stop
2024-05-10T10:44:35.444 INFO:teuthology.orchestra.run.smithi107.stdout:/usr/bin/ceph: stderr
2024-05-10T10:44:34.805+0000 7f7381d6b700 1 -- 172.21.15.107:0/1084911401 >> [v2:172.21.15.107:3300/0,v1:172.21.15.107:6789/0] conn(0x7f737c108060 msgr2=0x7f737c19d090 secure :-1 s=STATE_CONNECTION_ESTABLISHED l=1).mark_down
2024-05-10T10:44:35.444 INFO:teuthology.orchestra.run.smithi107.stdout:/usr/bin/ceph: stderr
2024-05-10T10:44:34.805+0000 7f7381d6b700 1 --2- 172.21.15.107:0/1084911401 >> [v2:172.21.15.107:3300/0,v1:172.21.15.107:6789/0] conn(0x7f737c108060 0x7f737c19d090 secure :-1 s=READY pgs=27 cs=0 l=1 rev1=1 crypto rx=0x7f7370006af0 tx=0x7f7370011c10 comp rx=0 tx=0).stop
2024-05-10T10:44:35.444 INFO:teuthology.orchestra.run.smithi107.stdout:/usr/bin/ceph: stderr
2024-05-10T10:44:34.805+0000 7f7381d6b700 1 -- 172.21.15.107:0/1084911401 shutdown_connections
2024-05-10T10:44:35.444 INFO:teuthology.orchestra.run.smithi107.stdout:/usr/bin/ceph: stderr
2024-05-10T10:44:34.805+0000 7f7381d6b700 1 --2- 172.21.15.107:0/1084911401 >> [v2:172.21.15.107:6800/1956906497,v1:172.21.15.107:6801/1956906497] conn(0x7f736403e470 0x7f7364040930 unknown :-1 s=CLOSED pgs=0 cs=0 l=1 rev1=0 crypto rx=0 tx=0 comp rx=0 tx=0).stop
2024-05-10T10:44:35.444 INFO:teuthology.orchestra.run.smithi107.stdout:/usr/bin/ceph: stderr
2024-05-10T10:44:34.805+0000 7f7381d6b700 1 --2- 172.21.15.107:0/1084911401 >> [v2:172.21.15.107:3300/0,v1:172.21.15.107:6789/0] conn(0x7f737c108060 0x7f737c19d090 unknown :-1 s=CLOSED pgs=27 cs=0 l=1 rev1=1 crypto rx=0 tx=0 comp rx=0 tx=0).stop
2024-05-10T10:44:35.444 INFO:teuthology.orchestra.run.smithi107.stdout:/usr/bin/ceph: stderr
2024-05-10T10:44:34.805+0000 7f7381d6b700 1 -- 172.21.15.107:0/1084911401 >> 172.21.15.107:0/1084911401 conn(0x7f737c103620 msgr2=0x7f737c1044c0 unknown :-1 s=STATE_NONE l=0).mark_down
2024-05-10T10:44:35.445 INFO:teuthology.orchestra.run.smithi107.stdout:/usr/bin/ceph: stderr
2024-05-10T10:44:34.805+0000 7f7381d6b700 1 -- 172.21.15.107:0/1084911401 shutdown_connections
2024-05-10T10:44:35.445 INFO:teuthology.orchestra.run.smithi107.stdout:/usr/bin/ceph: stderr
2024-05-10T10:44:34.805+0000 7f7381d6b700 1 -- 172.21.15.107:0/1084911401 wait complete.
2024-05-10T10:44:35.445 INFO:teuthology.orchestra.run.smithi107.stdout:Waiting for the mgr to restart...
2024-05-10T10:44:35.445 INFO:teuthology.orchestra.run.smithi107.stdout:Waiting for mgr epoch 5...
2024-05-10T10:44:35.719 INFO:journalctl@ceph.mgr.x.smithi107.stdout:May 10 10:44:35 smithi107 ceph-0ba8a8e4-0eba-11ef-bc98-c7b262605968-mgr-x[30602]:
2024-05-10T10:44:35.540+0000 7f0b31666200 -1 mgr[py] Module osd_support has missing NOTIFY_TYPES member
2024-05-10T10:44:35.720 INFO:journalctl@ceph.mgr.x.smithi107.stdout:May 10 10:44:35 smithi107 ceph-0ba8a8e4-0eba-11ef-bc98-c7b262605968-mgr-x[30602]:
2024-05-10T10:44:35.718+0000 7f0b31666200 -1 mgr[py] Module iostat has missing NOTIFY_TYPES member
2024-05-10T10:44:36.304 INFO:journalctl@ceph.mgr.x.smithi107.stdout:May 10 10:44:36 smithi107 ceph-0ba8a8e4-0eba-11ef-bc98-c7b262605968-mgr-x[30602]:
2024-05-10T10:44:36.012+0000 7f0b31666200 -1 mgr[py] Module alerts has missing NOTIFY_TYPES member
2024-05-10T10:44:36.304 INFO:journalctl@ceph.mgr.x.smithi107.stdout:May 10 10:44:36 smithi107 ceph-0ba8a8e4-0eba-11ef-bc98-c7b262605968-mgr-x[30602]:
2024-05-10T10:44:36.104+0000 7f0b31666200 -1 mgr[py] Module selftest has missing NOTIFY_TYPES member
2024-05-10T10:44:36.304 INFO:journalctl@ceph.mgr.x.smithi107.stdout:May 10 10:44:36 smithi107 ceph-0ba8a8e4-0eba-11ef-bc98-c7b262605968-mgr-x[30602]:
2024-05-10T10:44:36.302+0000 7f0b31666200 -1 mgr[py] Module pg_autoscaler has missing NOTIFY_TYPES member
2024-05-10T10:44:36.675 INFO:journalctl@ceph.mgr.x.smithi107.stdout:May 10 10:44:36 smithi107 ceph-0ba8a8e4-0eba-11ef-bc98-c7b262605968-mgr-x[30602]:
2024-05-10T10:44:36.494+0000 7f0b31666200 -1 mgr[py] Module test_orchestrator has missing NOTIFY_TYPES member
2024-05-10T10:44:37.422 INFO:journalctl@ceph.mgr.x.smithi107.stdout:May 10 10:44:37 smithi107 ceph-0ba8a8e4-0eba-11ef-bc98-c7b262605968-mgr-x[30602]:
2024-05-10T10:44:37.099+0000 7f0b31666200 -1 mgr[py] Module rook has missing NOTIFY_TYPES member
2024-05-10T10:44:37.422 INFO:journalctl@ceph.mgr.x.smithi107.stdout:May 10 10:44:37 smithi107 ceph-0ba8a8e4-0eba-11ef-bc98-c7b262605968-mgr-x[30602]:
2024-05-10T10:44:37.318+0000 7f0b31666200 -1 mgr[py] Module smb has missing NOTIFY_TYPES member
2024-05-10T10:44:38.175 INFO:journalctl@ceph.mgr.x.smithi107.stdout:May 10 10:44:37 smithi107 ceph-0ba8a8e4-0eba-11ef-bc98-c7b262605968-mgr-x[30602]:
2024-05-10T10:44:37.745+0000 7f0b31666200 -1 mgr[py] Module volumes has missing NOTIFY_TYPES member
2024-05-10T10:44:38.175 INFO:journalctl@ceph.mgr.x.smithi107.stdout:May 10 10:44:37 smithi107 ceph-0ba8a8e4-0eba-11ef-bc98-c7b262605968-mgr-x[30602]:
2024-05-10T10:44:37.841+0000 7f0b31666200 -1 mgr[py] Module crash has missing NOTIFY_TYPES member
2024-05-10T10:44:38.558 INFO:journalctl@ceph.mgr.x.smithi107.stdout:May 10 10:44:38 smithi107 ceph-0ba8a8e4-0eba-11ef-bc98-c7b262605968-mgr-x[30602]:
2024-05-10T10:44:38.206+0000 7f0b31666200 -1 mgr[py] Module rgw has missing NOTIFY_TYPES member
2024-05-10T10:44:38.842 INFO:journalctl@ceph.mgr.x.smithi107.stdout:May 10 10:44:38 smithi107 ceph-0ba8a8e4-0eba-11ef-bc98-c7b262605968-mgr-x[30602]:
2024-05-10T10:44:38.556+0000 7f0b31666200 -1 mgr[py] Module prometheus has missing NOTIFY_TYPES member
2024-05-10T10:44:38.842 INFO:journalctl@ceph.mgr.x.smithi107.stdout:May 10 10:44:38 smithi107 ceph-0ba8a8e4-0eba-11ef-bc98-c7b262605968-mgr-x[30602]:
2024-05-10T10:44:38.648+0000 7f0b31666200 -1 mgr[py] Module devicehealth has missing NOTIFY_TYPES member
2024-05-10T10:44:39.118 INFO:journalctl@ceph.mgr.x.smithi107.stdout:May 10 10:44:38 smithi107 ceph-0ba8a8e4-0eba-11ef-bc98-c7b262605968-mgr-x[30602]:
2024-05-10T10:44:38.889+0000 7f0b31666200 -1 mgr[py] Module telemetry has missing NOTIFY_TYPES member
2024-05-10T10:44:39.118 INFO:journalctl@ceph.mgr.x.smithi107.stdout:May 10 10:44:39 smithi107 ceph-0ba8a8e4-0eba-11ef-bc98-c7b262605968-mgr-x[30602]:
2024-05-10T10:44:39.021+0000 7f0b31666200 -1 mgr[py] Module diskprediction_local has missing NOTIFY_TYPES member
2024-05-10T10:44:39.425 INFO:journalctl@ceph.mgr.x.smithi107.stdout:May 10 10:44:39 smithi107 ceph-0ba8a8e4-0eba-11ef-bc98-c7b262605968-mgr-x[30602]:
2024-05-10T10:44:39.116+0000 7f0b31666200 -1 mgr[py] Module osd_perf_query has missing NOTIFY_TYPES member
2024-05-10T10:44:39.925 INFO:journalctl@ceph.mgr.x.smithi107.stdout:May 10 10:44:39 smithi107 ceph-0ba8a8e4-0eba-11ef-bc98-c7b262605968-mgr-x[30602]:
2024-05-10T10:44:39.437+0000 7f0b31666200 -1 mgr[py] Module rbd_support has missing NOTIFY_TYPES member
2024-05-10T10:44:39.925 INFO:journalctl@ceph.mgr.x.smithi107.stdout:May 10 10:44:39 smithi107 ceph-0ba8a8e4-0eba-11ef-bc98-c7b262605968-mgr-x[30602]:
2024-05-10T10:44:39.530+0000 7f0b31666200 -1 mgr[py] Module zabbix has missing NOTIFY_TYPES member
2024-05-10T10:44:40.391 INFO:journalctl@ceph.mgr.x.smithi107.stdout:May 10 10:44:40 smithi107 ceph-0ba8a8e4-0eba-11ef-bc98-c7b262605968-mgr-x[30602]:
2024-05-10T10:44:40.123+0000 7f0b31666200 -1 mgr[py] Module status has missing NOTIFY_TYPES member
2024-05-10T10:44:40.391 INFO:journalctl@ceph.mgr.x.smithi107.stdout:May 10 10:44:40 smithi107 ceph-0ba8a8e4-0eba-11ef-bc98-c7b262605968-mgr-x[30602]:
2024-05-10T10:44:40.337+0000 7f0b31666200 -1 mgr[py] Module nfs has missing NOTIFY_TYPES member
2024-05-10T10:44:40.675 INFO:journalctl@ceph.mon.a.smithi107.stdout:May 10 10:44:40 smithi107 ceph-mon[30373]: Active manager daemon x restarted
2024-05-10T10:44:40.675 INFO:journalctl@ceph.mon.a.smithi107.stdout:May 10 10:44:40 smithi107 ceph-mon[30373]: Activating manager daemon x
2024-05-10T10:44:40.675 INFO:journalctl@ceph.mon.a.smithi107.stdout:May 10 10:44:40 smithi107 ceph-mon[30373]: osdmap e2: 0 total, 0 up, 0 in
2024-05-10T10:44:40.675 INFO:journalctl@ceph.mon.a.smithi107.stdout:May 10 10:44:40 smithi107 ceph-mon[30373]: mgrmap e6: x(active, starting, since 0.00351171s)
2024-05-10T10:44:40.676 INFO:journalctl@ceph.mon.a.smithi107.stdout:May 10 10:44:40 smithi107 ceph-mon[30373]: from='mgr.14120 172.21.15.107:0/3421914114' entity='mgr.x' cmd=[{"prefix": "mon metadata", "id": "a"}]: dispatch
2024-05-10T10:44:40.676 INFO:journalctl@ceph.mon.a.smithi107.stdout:May 10 10:44:40 smithi107 ceph-mon[30373]: from='mgr.14120 172.21.15.107:0/3421914114' entity='mgr.x' cmd=[{"prefix": "mgr metadata", "who": "x", "id": "x"}]: dispatch
2024-05-10T10:44:40.676 INFO:journalctl@ceph.mon.a.smithi107.stdout:May 10 10:44:40 smithi107 ceph-mon[30373]: from='mgr.14120 172.21.15.107:0/3421914114' entity='mgr.x' cmd=[{"prefix": "mds metadata"}]: dispatch
2024-05-10T10:44:40.676 INFO:journalctl@ceph.mon.a.smithi107.stdout:May 10 10:44:40 smithi107 ceph-mon[30373]: from='mgr.14120 172.21.15.107:0/3421914114' entity='mgr.x' cmd=[{"prefix": "osd metadata"}]: dispatch
2024-05-10T10:44:40.676 INFO:journalctl@ceph.mon.a.smithi107.stdout:May 10 10:44:40 smithi107 ceph-mon[30373]: from='mgr.14120 172.21.15.107:0/3421914114' entity='mgr.x' cmd=[{"prefix": "mon metadata"}]: dispatch
2024-05-10T10:44:40.676 INFO:journalctl@ceph.mon.a.smithi107.stdout:May 10 10:44:40 smithi107 ceph-mon[30373]: Manager daemon x is now available
2024-05-10T10:44:40.676 INFO:journalctl@ceph.mon.a.smithi107.stdout:May 10 10:44:40 smithi107 ceph-mon[30373]: from='mgr.14120 172.21.15.107:0/3421914114' entity='mgr.x'
2024-05-10T10:44:40.676 INFO:journalctl@ceph.mon.a.smithi107.stdout:May 10 10:44:40 smithi107 ceph-mon[30373]: from='mgr.14120 172.21.15.107:0/3421914114' entity='mgr.x'
2024-05-10T10:44:40.676 INFO:journalctl@ceph.mon.a.smithi107.stdout:May 10 10:44:40 smithi107 ceph-mon[30373]: from='mgr.14120 172.21.15.107:0/3421914114' entity='mgr.x' cmd=[{"prefix": "config dump", "format": "json"}]: dispatch
2024-05-10T10:44:40.676 INFO:journalctl@ceph.mon.a.smithi107.stdout:May 10 10:44:40 smithi107 ceph-mon[30373]: from='mgr.14120 172.21.15.107:0/3421914114' entity='mgr.x' cmd=[{"prefix": "config dump", "format": "json"}]: dispatch
2024-05-10T10:44:40.676 INFO:journalctl@ceph.mon.a.smithi107.stdout:May 10 10:44:40 smithi107 ceph-mon[30373]: from='mgr.14120 172.21.15.107:0/3421914114' entity='mgr.x' cmd=[{"prefix":"config rm","who":"mgr","name":"mgr/rbd_support/x/mirror_snapshot_schedule"}]: dispatch
2024-05-10T10:44:41.675 INFO:journalctl@ceph.mon.a.smithi107.stdout:May 10 10:44:41 smithi107 ceph-mon[30373]: Found migration_current of "None". Setting to last migration.
2024-05-10T10:44:41.675 INFO:journalctl@ceph.mon.a.smithi107.stdout:May 10 10:44:41 smithi107 ceph-mon[30373]: from='mgr.14120 172.21.15.107:0/3421914114' entity='mgr.x' cmd=[{"prefix":"config rm","who":"mgr","name":"mgr/rbd_support/x/trash_purge_schedule"}]: dispatch
2024-05-10T10:44:41.675 INFO:journalctl@ceph.mon.a.smithi107.stdout:May 10 10:44:41 smithi107 ceph-mon[30373]: mgrmap e7: x(active, since 1.00584s)
2024-05-10T10:44:42.020 INFO:teuthology.orchestra.run.smithi107.stdout:/usr/bin/ceph: stdout {
2024-05-10T10:44:42.020 INFO:teuthology.orchestra.run.smithi107.stdout:/usr/bin/ceph: stdout "mgrmap_epoch": 7,
2024-05-10T10:44:42.020 INFO:teuthology.orchestra.run.smithi107.stdout:/usr/bin/ceph: stdout "initialized": true
2024-05-10T10:44:42.020 INFO:teuthology.orchestra.run.smithi107.stdout:/usr/bin/ceph: stdout }
2024-05-10T10:44:42.021 INFO:teuthology.orchestra.run.smithi107.stdout:/usr/bin/ceph: stderr
2024-05-10T10:44:35.831+0000 7f6c3c87b700 1 Processor -- start
2024-05-10T10:44:42.021 INFO:teuthology.orchestra.run.smithi107.stdout:/usr/bin/ceph: stderr
2024-05-10T10:44:35.831+0000 7f6c3c87b700 1 -- start start
2024-05-10T10:44:42.021 INFO:teuthology.orchestra.run.smithi107.stdout:/usr/bin/ceph: stderr
2024-05-10T10:44:35.831+0000 7f6c3c87b700 1 --2- >> [v2:172.21.15.107:3300/0,v1:172.21.15.107:6789/0] conn(0x7f6c38108070 0x7f6c38108490 unknown :-1 s=NONE pgs=0 cs=0 l=0 rev1=0 crypto rx=0 tx=0 comp rx=0 tx=0).connect
2024-05-10T10:44:42.021 INFO:teuthology.orchestra.run.smithi107.stdout:/usr/bin/ceph: stderr
2024-05-10T10:44:35.831+0000 7f6c3c87b700 1 -- --> [v2:172.21.15.107:3300/0,v1:172.21.15.107:6789/0] -- mon_getmap magic: 0 -- 0x7f6c38108a60 con 0x7f6c38108070
2024-05-10T10:44:42.021 INFO:teuthology.orchestra.run.smithi107.stdout:/usr/bin/ceph: stderr
2024-05-10T10:44:35.832+0000 7f6c3659c700 1 --2- >> [v2:172.21.15.107:3300/0,v1:172.21.15.107:6789/0] conn(0x7f6c38108070 0x7f6c38108490 unknown :-1 s=BANNER_CONNECTING pgs=0 cs=0 l=0 rev1=0 crypto rx=0 tx=0 comp rx=0 tx=0)._handle_peer_banner_payload supported=3 required=0
2024-05-10T10:44:42.021 INFO:teuthology.orchestra.run.smithi107.stdout:/usr/bin/ceph: stderr
2024-05-10T10:44:35.832+0000 7f6c3659c700 1 --2- >> [v2:172.21.15.107:3300/0,v1:172.21.15.107:6789/0] conn(0x7f6c38108070 0x7f6c38108490 unknown :-1 s=HELLO_CONNECTING pgs=0 cs=0 l=0 rev1=1 crypto rx=0 tx=0 comp rx=0 tx=0).handle_hello peer v2:172.21.15.107:3300/0 says I am v2:172.21.15.107:34496/0 (socket says 172.21.15.107:34496)
2024-05-10T10:44:42.021 INFO:teuthology.orchestra.run.smithi107.stdout:/usr/bin/ceph: stderr
2024-05-10T10:44:35.832+0000 7f6c3659c700 1 -- 172.21.15.107:0/2222219078 learned_addr learned my addr 172.21.15.107:0/2222219078 (peer_addr_for_me v2:172.21.15.107:0/0)
2024-05-10T10:44:42.021 INFO:teuthology.orchestra.run.smithi107.stdout:/usr/bin/ceph: stderr
2024-05-10T10:44:35.832+0000 7f6c3659c700 1 -- 172.21.15.107:0/2222219078 --> [v2:172.21.15.107:3300/0,v1:172.21.15.107:6789/0] -- mon_subscribe({config=0+,monmap=0+}) -- 0x7f6c38109270 con 0x7f6c38108070
2024-05-10T10:44:42.021 INFO:teuthology.orchestra.run.smithi107.stdout:/usr/bin/ceph: stderr
2024-05-10T10:44:35.832+0000 7f6c3659c700 1 --2- 172.21.15.107:0/2222219078 >> [v2:172.21.15.107:3300/0,v1:172.21.15.107:6789/0] conn(0x7f6c38108070 0x7f6c38108490 secure :-1 s=READY pgs=28 cs=0 l=1 rev1=1 crypto rx=0x7f6c280098a0 tx=0x7f6c28009bb0 comp rx=0 tx=0).ready entity=mon.0 client_cookie=873ba8cd1ea20884 server_cookie=0 in_seq=0 out_seq=0
2024-05-10T10:44:42.021 INFO:teuthology.orchestra.run.smithi107.stdout:/usr/bin/ceph: stderr
2024-05-10T10:44:35.832+0000 7f6c3559a700 1 -- 172.21.15.107:0/2222219078 <== mon.0 v2:172.21.15.107:3300/0 1 ==== mon_map magic: 0 ==== 205+0+0 (secure 0 0 0) 0x7f6c28004160 con 0x7f6c38108070
2024-05-10T10:44:42.021 INFO:teuthology.orchestra.run.smithi107.stdout:/usr/bin/ceph: stderr
2024-05-10T10:44:35.832+0000 7f6c3559a700 1 -- 172.21.15.107:0/2222219078 <== mon.0 v2:172.21.15.107:3300/0 2 ==== config(27 keys) ==== 1104+0+0 (secure 0 0 0) 0x7f6c28004300 con 0x7f6c38108070
2024-05-10T10:44:42.021 INFO:teuthology.orchestra.run.smithi107.stdout:/usr/bin/ceph: stderr
2024-05-10T10:44:35.832+0000 7f6c3559a700 1 -- 172.21.15.107:0/2222219078 <== mon.0 v2:172.21.15.107:3300/0 3 ==== mon_map magic: 0 ==== 205+0+0 (secure 0 0 0) 0x7f6c28011b20 con 0x7f6c38108070
2024-05-10T10:44:42.021 INFO:teuthology.orchestra.run.smithi107.stdout:/usr/bin/ceph: stderr
2024-05-10T10:44:35.833+0000 7f6c3c87b700 1 -- 172.21.15.107:0/2222219078 >> [v2:172.21.15.107:3300/0,v1:172.21.15.107:6789/0] conn(0x7f6c38108070 msgr2=0x7f6c38108490 secure :-1 s=STATE_CONNECTION_ESTABLISHED l=1).mark_down
2024-05-10T10:44:42.021 INFO:teuthology.orchestra.run.smithi107.stdout:/usr/bin/ceph: stderr
2024-05-10T10:44:35.833+0000 7f6c3c87b700 1 --2- 172.21.15.107:0/2222219078 >> [v2:172.21.15.107:3300/0,v1:172.21.15.107:6789/0] conn(0x7f6c38108070 0x7f6c38108490 secure :-1 s=READY pgs=28 cs=0 l=1 rev1=1 crypto rx=0x7f6c280098a0 tx=0x7f6c28009bb0 comp rx=0 tx=0).stop
2024-05-10T10:44:42.022 INFO:teuthology.orchestra.run.smithi107.stdout:/usr/bin/ceph: stderr
2024-05-10T10:44:35.833+0000 7f6c3c87b700 1 -- 172.21.15.107:0/2222219078 shutdown_connections
2024-05-10T10:44:42.022 INFO:teuthology.orchestra.run.smithi107.stdout:/usr/bin/ceph: stderr
2024-05-10T10:44:35.833+0000 7f6c3c87b700 1 --2- 172.21.15.107:0/2222219078 >> [v2:172.21.15.107:3300/0,v1:172.21.15.107:6789/0] conn(0x7f6c38108070 0x7f6c38108490 unknown :-1 s=CLOSED pgs=28 cs=0 l=1 rev1=1 crypto rx=0 tx=0 comp rx=0 tx=0).stop
2024-05-10T10:44:42.022 INFO:teuthology.orchestra.run.smithi107.stdout:/usr/bin/ceph: stderr
2024-05-10T10:44:35.833+0000 7f6c3c87b700 1 -- 172.21.15.107:0/2222219078 >> 172.21.15.107:0/2222219078 conn(0x7f6c38103610 msgr2=0x7f6c38105a50 unknown :-1 s=STATE_NONE l=0).mark_down
2024-05-10T10:44:42.022 INFO:teuthology.orchestra.run.smithi107.stdout:/usr/bin/ceph: stderr
2024-05-10T10:44:35.833+0000 7f6c3c87b700 1 -- 172.21.15.107:0/2222219078 shutdown_connections
2024-05-10T10:44:42.022 INFO:teuthology.orchestra.run.smithi107.stdout:/usr/bin/ceph: stderr
2024-05-10T10:44:35.833+0000 7f6c3c87b700 1 -- 172.21.15.107:0/2222219078 wait complete.
2024-05-10T10:44:42.022 INFO:teuthology.orchestra.run.smithi107.stdout:/usr/bin/ceph: stderr
2024-05-10T10:44:35.834+0000 7f6c3c87b700 1 Processor -- start
2024-05-10T10:44:42.022 INFO:teuthology.orchestra.run.smithi107.stdout:/usr/bin/ceph: stderr
2024-05-10T10:44:35.834+0000 7f6c3c87b700 1 -- start start
2024-05-10T10:44:42.022 INFO:teuthology.orchestra.run.smithi107.stdout:/usr/bin/ceph: stderr
2024-05-10T10:44:35.834+0000 7f6c3c87b700 1 --2- >> [v2:172.21.15.107:3300/0,v1:172.21.15.107:6789/0] conn(0x7f6c38108070 0x7f6c3819d0d0 unknown :-1 s=NONE pgs=0 cs=0 l=1 rev1=0 crypto rx=0 tx=0 comp rx=0 tx=0).connect
2024-05-10T10:44:42.022 INFO:teuthology.orchestra.run.smithi107.stdout:/usr/bin/ceph: stderr
2024-05-10T10:44:35.834+0000 7f6c3c87b700 1 -- --> [v2:172.21.15.107:3300/0,v1:172.21.15.107:6789/0] -- mon_getmap magic: 0 -- 0x7f6c3810c620 con 0x7f6c38108070
2024-05-10T10:44:42.022 INFO:teuthology.orchestra.run.smithi107.stdout:/usr/bin/ceph: stderr
2024-05-10T10:44:35.834+0000 7f6c3659c700 1 --2- >> [v2:172.21.15.107:3300/0,v1:172.21.15.107:6789/0] conn(0x7f6c38108070 0x7f6c3819d0d0 unknown :-1 s=BANNER_CONNECTING pgs=0 cs=0 l=1 rev1=0 crypto rx=0 tx=0 comp rx=0 tx=0)._handle_peer_banner_payload supported=3 required=0
2024-05-10T10:44:42.022 INFO:teuthology.orchestra.run.smithi107.stdout:/usr/bin/ceph: stderr
2024-05-10T10:44:35.834+0000 7f6c3659c700 1 --2- >> [v2:172.21.15.107:3300/0,v1:172.21.15.107:6789/0] conn(0x7f6c38108070 0x7f6c3819d0d0 unknown :-1 s=HELLO_CONNECTING pgs=0 cs=0 l=1 rev1=1 crypto rx=0 tx=0 comp rx=0 tx=0).handle_hello peer v2:172.21.15.107:3300/0 says I am v2:172.21.15.107:34502/0 (socket says 172.21.15.107:34502)
2024-05-10T10:44:42.022 INFO:teuthology.orchestra.run.smithi107.stdout:/usr/bin/ceph: stderr
2024-05-10T10:44:35.834+0000 7f6c3659c700 1 -- 172.21.15.107:0/2332295756 learned_addr learned my addr 172.21.15.107:0/2332295756 (peer_addr_for_me v2:172.21.15.107:0/0)
2024-05-10T10:44:42.022 INFO:teuthology.orchestra.run.smithi107.stdout:/usr/bin/ceph: stderr
2024-05-10T10:44:35.834+0000 7f6c3659c700 1 -- 172.21.15.107:0/2332295756 --> [v2:172.21.15.107:3300/0,v1:172.21.15.107:6789/0] -- mon_subscribe({config=0+,monmap=0+}) -- 0x7f6c3819d610 con 0x7f6c38108070
2024-05-10T10:44:42.022 INFO:teuthology.orchestra.run.smithi107.stdout:/usr/bin/ceph: stderr
2024-05-10T10:44:35.834+0000 7f6c3659c700 1 --2- 172.21.15.107:0/2332295756 >> [v2:172.21.15.107:3300/0,v1:172.21.15.107:6789/0] conn(0x7f6c38108070 0x7f6c3819d0d0 secure :-1 s=READY pgs=29 cs=0 l=1 rev1=1 crypto rx=0x7f6c28006af0 tx=0x7f6c28011c10 comp rx=0 tx=0).ready entity=mon.0 client_cookie=0 server_cookie=0 in_seq=0 out_seq=0
2024-05-10T10:44:42.023 INFO:teuthology.orchestra.run.smithi107.stdout:/usr/bin/ceph: stderr
2024-05-10T10:44:35.835+0000 7f6c277fe700 1 -- 172.21.15.107:0/2332295756 <== mon.0 v2:172.21.15.107:3300/0 1 ==== mon_map magic: 0 ==== 205+0+0 (secure 0 0 0) 0x7f6c28003930 con 0x7f6c38108070
2024-05-10T10:44:42.023 INFO:teuthology.orchestra.run.smithi107.stdout:/usr/bin/ceph: stderr
2024-05-10T10:44:35.835+0000 7f6c277fe700 1 -- 172.21.15.107:0/2332295756 <== mon.0 v2:172.21.15.107:3300/0 2 ==== config(27 keys) ==== 1104+0+0 (secure 0 0 0) 0x7f6c28003ad0 con 0x7f6c38108070
2024-05-10T10:44:42.023 INFO:teuthology.orchestra.run.smithi107.stdout:/usr/bin/ceph: stderr
2024-05-10T10:44:35.835+0000 7f6c3c87b700 1 -- 172.21.15.107:0/2332295756 --> [v2:172.21.15.107:3300/0,v1:172.21.15.107:6789/0] -- mon_subscribe({mgrmap=0+}) -- 0x7f6c3819d8a0 con 0x7f6c38108070
2024-05-10T10:44:42.023 INFO:teuthology.orchestra.run.smithi107.stdout:/usr/bin/ceph: stderr
2024-05-10T10:44:35.835+0000 7f6c277fe700 1 -- 172.21.15.107:0/2332295756 <== mon.0 v2:172.21.15.107:3300/0 3 ==== mon_map magic: 0 ==== 205+0+0 (secure 0 0 0) 0x7f6c28019610 con 0x7f6c38108070
2024-05-10T10:44:42.023 INFO:teuthology.orchestra.run.smithi107.stdout:/usr/bin/ceph: stderr
2024-05-10T10:44:35.835+0000 7f6c3c87b700 1 -- 172.21.15.107:0/2332295756 --> [v2:172.21.15.107:3300/0,v1:172.21.15.107:6789/0] -- mon_subscribe({osdmap=0}) -- 0x7f6c3819dd00 con 0x7f6c38108070
2024-05-10T10:44:42.023 INFO:teuthology.orchestra.run.smithi107.stdout:/usr/bin/ceph: stderr
2024-05-10T10:44:35.836+0000 7f6c277fe700 1 -- 172.21.15.107:0/2332295756 <== mon.0 v2:172.21.15.107:3300/0 4 ==== mgrmap(e 5) ==== 50222+0+0 (secure 0 0 0) 0x7f6c28019880 con 0x7f6c38108070
2024-05-10T10:44:42.023 INFO:teuthology.orchestra.run.smithi107.stdout:/usr/bin/ceph: stderr
2024-05-10T10:44:35.836+0000 7f6c277fe700 1 --2- 172.21.15.107:0/2332295756 >> [v2:172.21.15.107:6800/1956906497,v1:172.21.15.107:6801/1956906497] conn(0x7f6c2003e470 0x7f6c20040930 unknown :-1 s=NONE pgs=0 cs=0 l=1 rev1=0 crypto rx=0 tx=0 comp rx=0 tx=0).connect
2024-05-10T10:44:42.023 INFO:teuthology.orchestra.run.smithi107.stdout:/usr/bin/ceph: stderr
2024-05-10T10:44:35.836+0000 7f6c277fe700 1 -- 172.21.15.107:0/2332295756 --> [v2:172.21.15.107:6800/1956906497,v1:172.21.15.107:6801/1956906497] -- command(tid 0: {"prefix": "get_command_descriptions"}) -- 0x7f6c20041040 con 0x7f6c2003e470
2024-05-10T10:44:42.023 INFO:teuthology.orchestra.run.smithi107.stdout:/usr/bin/ceph: stderr
2024-05-10T10:44:35.836+0000 7f6c35d9b700 1 -- 172.21.15.107:0/2332295756 >> [v2:172.21.15.107:6800/1956906497,v1:172.21.15.107:6801/1956906497] conn(0x7f6c2003e470 msgr2=0x7f6c20040930 unknown :-1 s=STATE_CONNECTING_RE l=1).process reconnect failed to v2:172.21.15.107:6800/1956906497
2024-05-10T10:44:42.023 INFO:teuthology.orchestra.run.smithi107.stdout:/usr/bin/ceph: stderr
2024-05-10T10:44:35.836+0000 7f6c277fe700 1 -- 172.21.15.107:0/2332295756 <== mon.0 v2:172.21.15.107:3300/0 5 ==== osd_map(1..1 src has 1..1) ==== 725+0+0 (secure 0 0 0) 0x7f6c28053a10 con 0x7f6c38108070
2024-05-10T10:44:42.023 INFO:teuthology.orchestra.run.smithi107.stdout:/usr/bin/ceph: stderr
2024-05-10T10:44:35.836+0000 7f6c35d9b700 1 --2- 172.21.15.107:0/2332295756 >> [v2:172.21.15.107:6800/1956906497,v1:172.21.15.107:6801/1956906497] conn(0x7f6c2003e470 0x7f6c20040930 unknown :-1 s=START_CONNECT pgs=0 cs=0 l=1 rev1=0 crypto rx=0 tx=0 comp rx=0 tx=0)._fault waiting 0.200000
2024-05-10T10:44:42.023 INFO:teuthology.orchestra.run.smithi107.stdout:/usr/bin/ceph: stderr
2024-05-10T10:44:36.037+0000 7f6c35d9b700 1 -- 172.21.15.107:0/2332295756 >> [v2:172.21.15.107:6800/1956906497,v1:172.21.15.107:6801/1956906497] conn(0x7f6c2003e470 msgr2=0x7f6c20040930 unknown :-1 s=STATE_CONNECTING_RE l=1).process reconnect failed to v2:172.21.15.107:6800/1956906497
2024-05-10T10:44:42.023 INFO:teuthology.orchestra.run.smithi107.stdout:/usr/bin/ceph: stderr
2024-05-10T10:44:36.037+0000 7f6c35d9b700 1 --2- 172.21.15.107:0/2332295756 >> [v2:172.21.15.107:6800/1956906497,v1:172.21.15.107:6801/1956906497] conn(0x7f6c2003e470 0x7f6c20040930 unknown :-1 s=START_CONNECT pgs=0 cs=0 l=1 rev1=0 crypto rx=0 tx=0 comp rx=0 tx=0)._fault waiting 0.400000
2024-05-10T10:44:42.023 INFO:teuthology.orchestra.run.smithi107.stdout:/usr/bin/ceph: stderr
2024-05-10T10:44:36.438+0000 7f6c35d9b700 1 -- 172.21.15.107:0/2332295756 >> [v2:172.21.15.107:6800/1956906497,v1:172.21.15.107:6801/1956906497] conn(0x7f6c2003e470 msgr2=0x7f6c20040930 unknown :-1 s=STATE_CONNECTING_RE l=1).process reconnect failed to v2:172.21.15.107:6800/1956906497
2024-05-10T10:44:42.024 INFO:teuthology.orchestra.run.smithi107.stdout:/usr/bin/ceph: stderr
2024-05-10T10:44:36.438+0000 7f6c35d9b700 1 --2- 172.21.15.107:0/2332295756 >> [v2:172.21.15.107:6800/1956906497,v1:172.21.15.107:6801/1956906497] conn(0x7f6c2003e470 0x7f6c20040930 unknown :-1 s=START_CONNECT pgs=0 cs=0 l=1 rev1=0 crypto rx=0 tx=0 comp rx=0 tx=0)._fault waiting 0.800000
2024-05-10T10:44:42.024 INFO:teuthology.orchestra.run.smithi107.stdout:/usr/bin/ceph: stderr
2024-05-10T10:44:37.239+0000 7f6c35d9b700 1 -- 172.21.15.107:0/2332295756 >> [v2:172.21.15.107:6800/1956906497,v1:172.21.15.107:6801/1956906497] conn(0x7f6c2003e470 msgr2=0x7f6c20040930 unknown :-1 s=STATE_CONNECTING_RE l=1).process reconnect failed to v2:172.21.15.107:6800/1956906497
2024-05-10T10:44:42.024 INFO:teuthology.orchestra.run.smithi107.stdout:/usr/bin/ceph: stderr
2024-05-10T10:44:37.239+0000 7f6c35d9b700 1 --2- 172.21.15.107:0/2332295756 >> [v2:172.21.15.107:6800/1956906497,v1:172.21.15.107:6801/1956906497] conn(0x7f6c2003e470 0x7f6c20040930 unknown :-1 s=START_CONNECT pgs=0 cs=0 l=1 rev1=0 crypto rx=0 tx=0 comp rx=0 tx=0)._fault waiting 1.600000
2024-05-10T10:44:42.024 INFO:teuthology.orchestra.run.smithi107.stdout:/usr/bin/ceph: stderr
2024-05-10T10:44:38.840+0000 7f6c35d9b700 1 -- 172.21.15.107:0/2332295756 >> [v2:172.21.15.107:6800/1956906497,v1:172.21.15.107:6801/1956906497] conn(0x7f6c2003e470 msgr2=0x7f6c20040930 unknown :-1 s=STATE_CONNECTING_RE l=1).process reconnect failed to v2:172.21.15.107:6800/1956906497
2024-05-10T10:44:42.024 INFO:teuthology.orchestra.run.smithi107.stdout:/usr/bin/ceph: stderr
2024-05-10T10:44:38.840+0000 7f6c35d9b700 1 --2- 172.21.15.107:0/2332295756 >> [v2:172.21.15.107:6800/1956906497,v1:172.21.15.107:6801/1956906497] conn(0x7f6c2003e470 0x7f6c20040930 unknown :-1 s=START_CONNECT pgs=0 cs=0 l=1 rev1=0 crypto rx=0 tx=0 comp rx=0 tx=0)._fault waiting 3.200000
2024-05-10T10:44:42.024 INFO:teuthology.orchestra.run.smithi107.stdout:/usr/bin/ceph: stderr
2024-05-10T10:44:40.340+0000 7f6c277fe700 1 -- 172.21.15.107:0/2332295756 <== mon.0 v2:172.21.15.107:3300/0 6 ==== mgrmap(e 6) ==== 49989+0+0 (secure 0 0 0) 0x7f6c2800fd80 con 0x7f6c38108070
2024-05-10T10:44:42.024 INFO:teuthology.orchestra.run.smithi107.stdout:/usr/bin/ceph: stderr
2024-05-10T10:44:40.341+0000 7f6c277fe700 1 -- 172.21.15.107:0/2332295756 >> [v2:172.21.15.107:6800/1956906497,v1:172.21.15.107:6801/1956906497] conn(0x7f6c2003e470 msgr2=0x7f6c20040930 unknown :-1 s=STATE_CONNECTING l=1).mark_down
2024-05-10T10:44:42.024 INFO:teuthology.orchestra.run.smithi107.stdout:/usr/bin/ceph: stderr
2024-05-10T10:44:40.341+0000 7f6c277fe700 1 --2- 172.21.15.107:0/2332295756 >> [v2:172.21.15.107:6800/1956906497,v1:172.21.15.107:6801/1956906497] conn(0x7f6c2003e470 0x7f6c20040930 unknown :-1 s=START_CONNECT pgs=0 cs=0 l=1 rev1=0 crypto rx=0 tx=0 comp rx=0 tx=0).stop
2024-05-10T10:44:42.024 INFO:teuthology.orchestra.run.smithi107.stdout:/usr/bin/ceph: stderr
2024-05-10T10:44:41.342+0000 7f6c277fe700 1 -- 172.21.15.107:0/2332295756 <== mon.0 v2:172.21.15.107:3300/0 7 ==== mgrmap(e 7) ==== 50116+0+0 (secure 0 0 0) 0x7f6c28055b30 con 0x7f6c38108070
2024-05-10T10:44:42.024 INFO:teuthology.orchestra.run.smithi107.stdout:/usr/bin/ceph: stderr
2024-05-10T10:44:41.342+0000 7f6c277fe700 1 --2- 172.21.15.107:0/2332295756 >> [v2:172.21.15.107:6800/892499090,v1:172.21.15.107:6801/892499090] conn(0x7f6c20041d60 0x7f6c20044150 unknown :-1 s=NONE pgs=0 cs=0 l=1 rev1=0 crypto rx=0 tx=0 comp rx=0 tx=0).connect
2024-05-10T10:44:42.024 INFO:teuthology.orchestra.run.smithi107.stdout:/usr/bin/ceph: stderr
2024-05-10T10:44:41.342+0000 7f6c277fe700 1 -- 172.21.15.107:0/2332295756 --> [v2:172.21.15.107:6800/892499090,v1:172.21.15.107:6801/892499090] -- command(tid 0: {"prefix": "get_command_descriptions"}) -- 0x7f6c28022e70 con 0x7f6c20041d60
2024-05-10T10:44:42.024 INFO:teuthology.orchestra.run.smithi107.stdout:/usr/bin/ceph: stderr
2024-05-10T10:44:41.343+0000 7f6c35d9b700 1 --2- 172.21.15.107:0/2332295756 >> [v2:172.21.15.107:6800/892499090,v1:172.21.15.107:6801/892499090] conn(0x7f6c20041d60 0x7f6c20044150 unknown :-1 s=BANNER_CONNECTING pgs=0 cs=0 l=1 rev1=0 crypto rx=0 tx=0 comp rx=0 tx=0)._handle_peer_banner_payload supported=3 required=0
2024-05-10T10:44:42.024 INFO:teuthology.orchestra.run.smithi107.stdout:/usr/bin/ceph: stderr
2024-05-10T10:44:41.343+0000 7f6c35d9b700 1 --2- 172.21.15.107:0/2332295756 >> [v2:172.21.15.107:6800/892499090,v1:172.21.15.107:6801/892499090] conn(0x7f6c20041d60 0x7f6c20044150 secure :-1 s=READY pgs=3 cs=0 l=1 rev1=1 crypto rx=0x7f6c2c003a10 tx=0x7f6c2c0092b0 comp rx=0 tx=0).ready entity=mgr.14120 client_cookie=0 server_cookie=0 in_seq=0 out_seq=0
2024-05-10T10:44:42.024 INFO:teuthology.orchestra.run.smithi107.stdout:/usr/bin/ceph: stderr
2024-05-10T10:44:41.344+0000 7f6c277fe700 1 -- 172.21.15.107:0/2332295756 <== mgr.14120 v2:172.21.15.107:6800/892499090 1 ==== command_reply(tid 0: 0 ) ==== 8+0+9564 (secure 0 0 0) 0x7f6c28022e70 con 0x7f6c20041d60
2024-05-10T10:44:42.024 INFO:teuthology.orchestra.run.smithi107.stdout:/usr/bin/ceph: stderr
2024-05-10T10:44:41.358+0000 7f6c3c87b700 1 -- 172.21.15.107:0/2332295756 --> [v2:172.21.15.107:6800/892499090,v1:172.21.15.107:6801/892499090] -- command(tid 1: {"prefix": "mgr_status"}) -- 0x7f6c38064b00 con 0x7f6c20041d60
2024-05-10T10:44:42.025 INFO:teuthology.orchestra.run.smithi107.stdout:/usr/bin/ceph: stderr
2024-05-10T10:44:41.358+0000 7f6c277fe700 1 -- 172.21.15.107:0/2332295756 <== mgr.14120 v2:172.21.15.107:6800/892499090 2 ==== command_reply(tid 1: 0 ) ==== 8+0+51 (secure 0 0 0) 0x7f6c38064b00 con 0x7f6c20041d60
2024-05-10T10:44:42.025 INFO:teuthology.orchestra.run.smithi107.stdout:/usr/bin/ceph: stderr
2024-05-10T10:44:41.358+0000 7f6c3c87b700 1 -- 172.21.15.107:0/2332295756 >> [v2:172.21.15.107:6800/892499090,v1:172.21.15.107:6801/892499090] conn(0x7f6c20041d60 msgr2=0x7f6c20044150 secure :-1 s=STATE_CONNECTION_ESTABLISHED l=1).mark_down
2024-05-10T10:44:42.025 INFO:teuthology.orchestra.run.smithi107.stdout:/usr/bin/ceph: stderr
2024-05-10T10:44:41.358+0000 7f6c3c87b700 1 --2- 172.21.15.107:0/2332295756 >> [v2:172.21.15.107:6800/892499090,v1:172.21.15.107:6801/892499090] conn(0x7f6c20041d60 0x7f6c20044150 secure :-1 s=READY pgs=3 cs=0 l=1 rev1=1 crypto rx=0x7f6c2c003a10 tx=0x7f6c2c0092b0 comp rx=0 tx=0).stop
2024-05-10T10:44:42.025 INFO:teuthology.orchestra.run.smithi107.stdout:/usr/bin/ceph: stderr
2024-05-10T10:44:41.358+0000 7f6c3c87b700 1 -- 172.21.15.107:0/2332295756 >> [v2:172.21.15.107:3300/0,v1:172.21.15.107:6789/0] conn(0x7f6c38108070 msgr2=0x7f6c3819d0d0 secure :-1 s=STATE_CONNECTION_ESTABLISHED l=1).mark_down
2024-05-10T10:44:42.025 INFO:teuthology.orchestra.run.smithi107.stdout:/usr/bin/ceph: stderr
2024-05-10T10:44:41.358+0000 7f6c3c87b700 1 --2- 172.21.15.107:0/2332295756 >> [v2:172.21.15.107:3300/0,v1:172.21.15.107:6789/0] conn(0x7f6c38108070 0x7f6c3819d0d0 secure :-1 s=READY pgs=29 cs=0 l=1 rev1=1 crypto rx=0x7f6c28006af0 tx=0x7f6c28011c10 comp rx=0 tx=0).stop
2024-05-10T10:44:42.025 INFO:teuthology.orchestra.run.smithi107.stdout:/usr/bin/ceph: stderr
2024-05-10T10:44:41.358+0000 7f6c3c87b700 1 -- 172.21.15.107:0/2332295756 shutdown_connections
2024-05-10T10:44:42.025 INFO:teuthology.orchestra.run.smithi107.stdout:/usr/bin/ceph: stderr
2024-05-10T10:44:41.358+0000 7f6c3c87b700 1 --2- 172.21.15.107:0/2332295756 >> [v2:172.21.15.107:6800/892499090,v1:172.21.15.107:6801/892499090] conn(0x7f6c20041d60 0x7f6c20044150 unknown :-1 s=CLOSED pgs=3 cs=0 l=1 rev1=1 crypto rx=0 tx=0 comp rx=0 tx=0).stop
2024-05-10T10:44:42.025 INFO:teuthology.orchestra.run.smithi107.stdout:/usr/bin/ceph: stderr
2024-05-10T10:44:41.358+0000 7f6c3c87b700 1 --2- 172.21.15.107:0/2332295756 >> [v2:172.21.15.107:3300/0,v1:172.21.15.107:6789/0] conn(0x7f6c38108070 0x7f6c3819d0d0 unknown :-1 s=CLOSED pgs=29 cs=0 l=1 rev1=1 crypto rx=0 tx=0 comp rx=0 tx=0).stop
2024-05-10T10:44:42.025 INFO:teuthology.orchestra.run.smithi107.stdout:/usr/bin/ceph: stderr
2024-05-10T10:44:41.358+0000 7f6c3c87b700 1 --2- 172.21.15.107:0/2332295756 >> [v2:172.21.15.107:6800/1956906497,v1:172.21.15.107:6801/1956906497] conn(0x7f6c2003e470 0x7f6c20040930 unknown :-1 s=CLOSED pgs=0 cs=0 l=1 rev1=0 crypto rx=0 tx=0 comp rx=0 tx=0).stop
2024-05-10T10:44:42.025 INFO:teuthology.orchestra.run.smithi107.stdout:/usr/bin/ceph: stderr
2024-05-10T10:44:41.358+0000 7f6c3c87b700 1 -- 172.21.15.107:0/2332295756 >> 172.21.15.107:0/2332295756 conn(0x7f6c38103610 msgr2=0x7f6c381044d0 unknown :-1 s=STATE_NONE l=0).mark_down
2024-05-10T10:44:42.025 INFO:teuthology.orchestra.run.smithi107.stdout:/usr/bin/ceph: stderr
2024-05-10T10:44:41.359+0000 7f6c3c87b700 1 -- 172.21.15.107:0/2332295756 shutdown_connections
2024-05-10T10:44:42.025 INFO:teuthology.orchestra.run.smithi107.stdout:/usr/bin/ceph: stderr
2024-05-10T10:44:41.359+0000 7f6c3c87b700 1 -- 172.21.15.107:0/2332295756 wait complete.
2024-05-10T10:44:42.025 INFO:teuthology.orchestra.run.smithi107.stdout:mgr epoch 5 is available
2024-05-10T10:44:42.025 INFO:teuthology.orchestra.run.smithi107.stdout:Setting orchestrator backend to cephadm...
2024-05-10T10:44:42.925 INFO:journalctl@ceph.mon.a.smithi107.stdout:May 10 10:44:42 smithi107 ceph-mon[30373]: from='client.14124 -' entity='client.admin' cmd=[{"prefix": "get_command_descriptions"}]: dispatch
2024-05-10T10:44:42.925 INFO:journalctl@ceph.mon.a.smithi107.stdout:May 10 10:44:42 smithi107 ceph-mon[30373]: from='client.14124 -' entity='client.admin' cmd=[{"prefix": "mgr_status"}]: dispatch
2024-05-10T10:44:42.925 INFO:journalctl@ceph.mon.a.smithi107.stdout:May 10 10:44:42 smithi107 ceph-mon[30373]: from='mgr.14120 172.21.15.107:0/3421914114' entity='mgr.x'
2024-05-10T10:44:42.925 INFO:journalctl@ceph.mon.a.smithi107.stdout:May 10 10:44:42 smithi107 ceph-mon[30373]: from='mgr.14120 172.21.15.107:0/3421914114' entity='mgr.x'
2024-05-10T10:44:42.926 INFO:journalctl@ceph.mon.a.smithi107.stdout:May 10 10:44:42 smithi107 ceph-mon[30373]: [10/May/2024:10:44:41] ENGINE Bus STARTING
2024-05-10T10:44:42.926 INFO:journalctl@ceph.mon.a.smithi107.stdout:May 10 10:44:42 smithi107 ceph-mon[30373]: [10/May/2024:10:44:41] ENGINE Serving on http://172.21.15.107:8765
2024-05-10T10:44:42.926 INFO:journalctl@ceph.mon.a.smithi107.stdout:May 10 10:44:42 smithi107 ceph-mon[30373]: [10/May/2024:10:44:42] ENGINE Serving on https://172.21.15.107:7150
2024-05-10T10:44:42.926 INFO:journalctl@ceph.mon.a.smithi107.stdout:May 10 10:44:42 smithi107 ceph-mon[30373]: [10/May/2024:10:44:42] ENGINE Bus STARTED
2024-05-10T10:44:42.926 INFO:journalctl@ceph.mon.a.smithi107.stdout:May 10 10:44:42 smithi107 ceph-mon[30373]: from='mgr.14120 172.21.15.107:0/3421914114' entity='mgr.x' cmd=[{"prefix": "config dump", "format": "json"}]: dispatch
2024-05-10T10:44:43.259 INFO:teuthology.orchestra.run.smithi107.stdout:/usr/bin/ceph: stderr
2024-05-10T10:44:42.439+0000 7f2059272700 1 Processor -- start
2024-05-10T10:44:43.259 INFO:teuthology.orchestra.run.smithi107.stdout:/usr/bin/ceph: stderr
2024-05-10T10:44:42.439+0000 7f2059272700 1 -- start start
2024-05-10T10:44:43.259 INFO:teuthology.orchestra.run.smithi107.stdout:/usr/bin/ceph: stderr
2024-05-10T10:44:42.439+0000 7f2059272700 1 --2- >> [v2:172.21.15.107:3300/0,v1:172.21.15.107:6789/0] conn(0x7f20541074f0 0x7f2054107910 unknown :-1 s=NONE pgs=0 cs=0 l=0 rev1=0 crypto rx=0 tx=0 comp rx=0 tx=0).connect
2024-05-10T10:44:43.259 INFO:teuthology.orchestra.run.smithi107.stdout:/usr/bin/ceph: stderr
2024-05-10T10:44:42.439+0000 7f2059272700 1 -- --> [v2:172.21.15.107:3300/0,v1:172.21.15.107:6789/0] -- mon_getmap magic: 0 -- 0x7f2054107ee0 con 0x7f20541074f0
2024-05-10T10:44:43.259 INFO:teuthology.orchestra.run.smithi107.stdout:/usr/bin/ceph: stderr
2024-05-10T10:44:42.439+0000 7f2052ffd700 1 --2- >> [v2:172.21.15.107:3300/0,v1:172.21.15.107:6789/0] conn(0x7f20541074f0 0x7f2054107910 unknown :-1 s=BANNER_CONNECTING pgs=0 cs=0 l=0 rev1=0 crypto rx=0 tx=0 comp rx=0 tx=0)._handle_peer_banner_payload supported=3 required=0
2024-05-10T10:44:43.259 INFO:teuthology.orchestra.run.smithi107.stdout:/usr/bin/ceph: stderr
2024-05-10T10:44:42.439+0000 7f2052ffd700 1 --2- >> [v2:172.21.15.107:3300/0,v1:172.21.15.107:6789/0] conn(0x7f20541074f0 0x7f2054107910 unknown :-1 s=HELLO_CONNECTING pgs=0 cs=0 l=0 rev1=1 crypto rx=0 tx=0 comp rx=0 tx=0).handle_hello peer v2:172.21.15.107:3300/0 says I am v2:172.21.15.107:59342/0 (socket says 172.21.15.107:59342)
2024-05-10T10:44:43.259 INFO:teuthology.orchestra.run.smithi107.stdout:/usr/bin/ceph: stderr
2024-05-10T10:44:42.439+0000 7f2052ffd700 1 -- 172.21.15.107:0/4218279353 learned_addr learned my addr 172.21.15.107:0/4218279353 (peer_addr_for_me v2:172.21.15.107:0/0)
2024-05-10T10:44:43.259 INFO:teuthology.orchestra.run.smithi107.stdout:/usr/bin/ceph: stderr
2024-05-10T10:44:42.440+0000 7f2052ffd700 1 -- 172.21.15.107:0/4218279353 --> [v2:172.21.15.107:3300/0,v1:172.21.15.107:6789/0] -- mon_subscribe({config=0+,monmap=0+}) -- 0x7f205410a490 con 0x7f20541074f0
2024-05-10T10:44:43.260 INFO:teuthology.orchestra.run.smithi107.stdout:/usr/bin/ceph: stderr
2024-05-10T10:44:42.440+0000 7f2052ffd700 1 --2- 172.21.15.107:0/4218279353 >> [v2:172.21.15.107:3300/0,v1:172.21.15.107:6789/0] conn(0x7f20541074f0 0x7f2054107910 secure :-1 s=READY pgs=37 cs=0 l=1 rev1=1 crypto rx=0x7f20440098a0 tx=0x7f2044009bb0 comp rx=0 tx=0).ready entity=mon.0 client_cookie=18a990976601ad3e server_cookie=0 in_seq=0 out_seq=0
2024-05-10T10:44:43.260 INFO:teuthology.orchestra.run.smithi107.stdout:/usr/bin/ceph: stderr
2024-05-10T10:44:42.440+0000 7f2051ffb700 1 -- 172.21.15.107:0/4218279353 <== mon.0 v2:172.21.15.107:3300/0 1 ==== mon_map magic: 0 ==== 205+0+0 (secure 0 0 0) 0x7f2044004160 con 0x7f20541074f0
2024-05-10T10:44:43.260 INFO:teuthology.orchestra.run.smithi107.stdout:/usr/bin/ceph: stderr
2024-05-10T10:44:42.440+0000 7f2051ffb700 1 -- 172.21.15.107:0/4218279353 <== mon.0 v2:172.21.15.107:3300/0 2 ==== config(27 keys) ==== 1104+0+0 (secure 0 0 0) 0x7f2044004300 con 0x7f20541074f0
2024-05-10T10:44:43.260 INFO:teuthology.orchestra.run.smithi107.stdout:/usr/bin/ceph: stderr
2024-05-10T10:44:42.440+0000 7f2051ffb700 1 -- 172.21.15.107:0/4218279353 <== mon.0 v2:172.21.15.107:3300/0 3 ==== mon_map magic: 0 ==== 205+0+0 (secure 0 0 0) 0x7f2044011b20 con 0x7f20541074f0
2024-05-10T10:44:43.260 INFO:teuthology.orchestra.run.smithi107.stdout:/usr/bin/ceph: stderr
2024-05-10T10:44:42.440+0000 7f2059272700 1 -- 172.21.15.107:0/4218279353 >> [v2:172.21.15.107:3300/0,v1:172.21.15.107:6789/0] conn(0x7f20541074f0 msgr2=0x7f2054107910 secure :-1 s=STATE_CONNECTION_ESTABLISHED l=1).mark_down
2024-05-10T10:44:43.260 INFO:teuthology.orchestra.run.smithi107.stdout:/usr/bin/ceph: stderr
2024-05-10T10:44:42.440+0000 7f2059272700 1 --2- 172.21.15.107:0/4218279353 >> [v2:172.21.15.107:3300/0,v1:172.21.15.107:6789/0] conn(0x7f20541074f0 0x7f2054107910 secure :-1 s=READY pgs=37 cs=0 l=1 rev1=1 crypto rx=0x7f20440098a0 tx=0x7f2044009bb0 comp rx=0 tx=0).stop
2024-05-10T10:44:43.260 INFO:teuthology.orchestra.run.smithi107.stdout:/usr/bin/ceph: stderr
2024-05-10T10:44:42.441+0000 7f2059272700 1 -- 172.21.15.107:0/4218279353 shutdown_connections
2024-05-10T10:44:43.260 INFO:teuthology.orchestra.run.smithi107.stdout:/usr/bin/ceph: stderr
2024-05-10T10:44:42.441+0000 7f2059272700 1 --2- 172.21.15.107:0/4218279353 >> [v2:172.21.15.107:3300/0,v1:172.21.15.107:6789/0] conn(0x7f20541074f0 0x7f2054107910 unknown :-1 s=CLOSED pgs=37 cs=0 l=1 rev1=1 crypto rx=0 tx=0 comp rx=0 tx=0).stop
2024-05-10T10:44:43.260 INFO:teuthology.orchestra.run.smithi107.stdout:/usr/bin/ceph: stderr
2024-05-10T10:44:42.441+0000 7f2059272700 1 -- 172.21.15.107:0/4218279353 >> 172.21.15.107:0/4218279353 conn(0x7f2054102e90 msgr2=0x7f20541052b0 unknown :-1 s=STATE_NONE l=0).mark_down
2024-05-10T10:44:43.260 INFO:teuthology.orchestra.run.smithi107.stdout:/usr/bin/ceph: stderr
2024-05-10T10:44:42.441+0000 7f2059272700 1 -- 172.21.15.107:0/4218279353 shutdown_connections
2024-05-10T10:44:43.260 INFO:teuthology.orchestra.run.smithi107.stdout:/usr/bin/ceph: stderr
2024-05-10T10:44:42.441+0000 7f2059272700 1 -- 172.21.15.107:0/4218279353 wait complete.
2024-05-10T10:44:43.260 INFO:teuthology.orchestra.run.smithi107.stdout:/usr/bin/ceph: stderr
2024-05-10T10:44:42.441+0000 7f2059272700 1 Processor -- start
2024-05-10T10:44:43.260 INFO:teuthology.orchestra.run.smithi107.stdout:/usr/bin/ceph: stderr
2024-05-10T10:44:42.441+0000 7f2059272700 1 -- start start
2024-05-10T10:44:43.260 INFO:teuthology.orchestra.run.smithi107.stdout:/usr/bin/ceph: stderr
2024-05-10T10:44:42.442+0000 7f2059272700 1 --2- >> [v2:172.21.15.107:3300/0,v1:172.21.15.107:6789/0] conn(0x7f20541074f0 0x7f205419d070 unknown :-1 s=NONE pgs=0 cs=0 l=1 rev1=0 crypto rx=0 tx=0 comp rx=0 tx=0).connect
2024-05-10T10:44:43.261 INFO:teuthology.orchestra.run.smithi107.stdout:/usr/bin/ceph: stderr
2024-05-10T10:44:42.442+0000 7f2059272700 1 -- --> [v2:172.21.15.107:3300/0,v1:172.21.15.107:6789/0] -- mon_getmap magic: 0 -- 0x7f205410d6c0 con 0x7f20541074f0
2024-05-10T10:44:43.261 INFO:teuthology.orchestra.run.smithi107.stdout:/usr/bin/ceph: stderr
2024-05-10T10:44:42.442+0000 7f2052ffd700 1 --2- >> [v2:172.21.15.107:3300/0,v1:172.21.15.107:6789/0] conn(0x7f20541074f0 0x7f205419d070 unknown :-1 s=BANNER_CONNECTING pgs=0 cs=0 l=1 rev1=0 crypto rx=0 tx=0 comp rx=0 tx=0)._handle_peer_banner_payload supported=3 required=0
2024-05-10T10:44:43.261 INFO:teuthology.orchestra.run.smithi107.stdout:/usr/bin/ceph: stderr
2024-05-10T10:44:42.442+0000 7f2052ffd700 1 --2- >> [v2:172.21.15.107:3300/0,v1:172.21.15.107:6789/0] conn(0x7f20541074f0 0x7f205419d070 unknown :-1 s=HELLO_CONNECTING pgs=0 cs=0 l=1 rev1=1 crypto rx=0 tx=0 comp rx=0 tx=0).handle_hello peer v2:172.21.15.107:3300/0 says I am v2:172.21.15.107:59344/0 (socket says 172.21.15.107:59344)
2024-05-10T10:44:43.261 INFO:teuthology.orchestra.run.smithi107.stdout:/usr/bin/ceph: stderr
2024-05-10T10:44:42.442+0000 7f2052ffd700 1 -- 172.21.15.107:0/3312571163 learned_addr learned my addr 172.21.15.107:0/3312571163 (peer_addr_for_me v2:172.21.15.107:0/0)
2024-05-10T10:44:43.261 INFO:teuthology.orchestra.run.smithi107.stdout:/usr/bin/ceph: stderr
2024-05-10T10:44:42.442+0000 7f2052ffd700 1 -- 172.21.15.107:0/3312571163 --> [v2:172.21.15.107:3300/0,v1:172.21.15.107:6789/0] -- mon_subscribe({config=0+,monmap=0+}) -- 0x7f205419d5b0 con 0x7f20541074f0
2024-05-10T10:44:43.261 INFO:teuthology.orchestra.run.smithi107.stdout:/usr/bin/ceph: stderr
2024-05-10T10:44:42.442+0000 7f2052ffd700 1 --2- 172.21.15.107:0/3312571163 >> [v2:172.21.15.107:3300/0,v1:172.21.15.107:6789/0] conn(0x7f20541074f0 0x7f205419d070 secure :-1 s=READY pgs=38 cs=0 l=1 rev1=1 crypto rx=0x7f20440116a0 tx=0x7f2044011ce0 comp rx=0 tx=0).ready entity=mon.0 client_cookie=0 server_cookie=0 in_seq=0 out_seq=0
2024-05-10T10:44:43.261 INFO:teuthology.orchestra.run.smithi107.stdout:/usr/bin/ceph: stderr
2024-05-10T10:44:42.442+0000 7f203bfff700 1 -- 172.21.15.107:0/3312571163 <== mon.0 v2:172.21.15.107:3300/0 1 ==== mon_map magic: 0 ==== 205+0+0 (secure 0 0 0) 0x7f2044003ab0 con 0x7f20541074f0
2024-05-10T10:44:43.261 INFO:teuthology.orchestra.run.smithi107.stdout:/usr/bin/ceph: stderr
2024-05-10T10:44:42.442+0000 7f203bfff700 1 -- 172.21.15.107:0/3312571163 <== mon.0 v2:172.21.15.107:3300/0 2 ==== config(27 keys) ==== 1104+0+0 (secure 0 0 0) 0x7f2044003c50 con 0x7f20541074f0
2024-05-10T10:44:43.261 INFO:teuthology.orchestra.run.smithi107.stdout:/usr/bin/ceph: stderr
2024-05-10T10:44:42.442+0000 7f2059272700 1 -- 172.21.15.107:0/3312571163 --> [v2:172.21.15.107:3300/0,v1:172.21.15.107:6789/0] -- mon_subscribe({mgrmap=0+}) -- 0x7f205419d840 con 0x7f20541074f0
2024-05-10T10:44:43.261 INFO:teuthology.orchestra.run.smithi107.stdout:/usr/bin/ceph: stderr
2024-05-10T10:44:42.442+0000 7f203bfff700 1 -- 172.21.15.107:0/3312571163 <== mon.0 v2:172.21.15.107:3300/0 3 ==== mon_map magic: 0 ==== 205+0+0 (secure 0 0 0) 0x7f2044019870 con 0x7f20541074f0
2024-05-10T10:44:43.261 INFO:teuthology.orchestra.run.smithi107.stdout:/usr/bin/ceph: stderr
2024-05-10T10:44:42.442+0000 7f2059272700 1 -- 172.21.15.107:0/3312571163 --> [v2:172.21.15.107:3300/0,v1:172.21.15.107:6789/0] -- mon_subscribe({osdmap=0}) -- 0x7f205419dca0 con 0x7f20541074f0
2024-05-10T10:44:43.261 INFO:teuthology.orchestra.run.smithi107.stdout:/usr/bin/ceph: stderr
2024-05-10T10:44:42.443+0000 7f203bfff700 1 -- 172.21.15.107:0/3312571163 <== mon.0 v2:172.21.15.107:3300/0 4 ==== mgrmap(e 7) ==== 50116+0+0 (secure 0 0 0) 0x7f2044019b30 con 0x7f20541074f0
2024-05-10T10:44:43.261 INFO:teuthology.orchestra.run.smithi107.stdout:/usr/bin/ceph: stderr
2024-05-10T10:44:42.443+0000 7f2059272700 1 -- 172.21.15.107:0/3312571163 --> [v2:172.21.15.107:3300/0,v1:172.21.15.107:6789/0] -- mon_command({"prefix": "get_command_descriptions"} v 0) -- 0x7f2054064b00 con 0x7f20541074f0
2024-05-10T10:44:43.261 INFO:teuthology.orchestra.run.smithi107.stdout:/usr/bin/ceph: stderr
2024-05-10T10:44:42.443+0000 7f203bfff700 1 --2- 172.21.15.107:0/3312571163 >> [v2:172.21.15.107:6800/892499090,v1:172.21.15.107:6801/892499090] conn(0x7f203c03e310 0x7f203c0407d0 unknown :-1 s=NONE pgs=0 cs=0 l=1 rev1=0 crypto rx=0 tx=0 comp rx=0 tx=0).connect
2024-05-10T10:44:43.262 INFO:teuthology.orchestra.run.smithi107.stdout:/usr/bin/ceph: stderr
2024-05-10T10:44:42.443+0000 7f203bfff700 1 -- 172.21.15.107:0/3312571163 <== mon.0 v2:172.21.15.107:3300/0 5 ==== osd_map(2..2 src has 1..2) ==== 940+0+0 (secure 0 0 0) 0x7f2044053680 con 0x7f20541074f0
2024-05-10T10:44:43.262 INFO:teuthology.orchestra.run.smithi107.stdout:/usr/bin/ceph: stderr
2024-05-10T10:44:42.444+0000 7f20527fc700 1 --2- 172.21.15.107:0/3312571163 >> [v2:172.21.15.107:6800/892499090,v1:172.21.15.107:6801/892499090] conn(0x7f203c03e310 0x7f203c0407d0 unknown :-1 s=BANNER_CONNECTING pgs=0 cs=0 l=1 rev1=0 crypto rx=0 tx=0 comp rx=0 tx=0)._handle_peer_banner_payload supported=3 required=0
2024-05-10T10:44:43.262 INFO:teuthology.orchestra.run.smithi107.stdout:/usr/bin/ceph: stderr
2024-05-10T10:44:42.444+0000 7f20527fc700 1 --2- 172.21.15.107:0/3312571163 >> [v2:172.21.15.107:6800/892499090,v1:172.21.15.107:6801/892499090] conn(0x7f203c03e310 0x7f203c0407d0 secure :-1 s=READY pgs=7 cs=0 l=1 rev1=1 crypto rx=0x7f2048006fd0 tx=0x7f2048006e40 comp rx=0 tx=0).ready entity=mgr.14120 client_cookie=0 server_cookie=0 in_seq=0 out_seq=0
2024-05-10T10:44:43.262 INFO:teuthology.orchestra.run.smithi107.stdout:/usr/bin/ceph: stderr
2024-05-10T10:44:42.448+0000 7f203bfff700 1 -- 172.21.15.107:0/3312571163 <== mon.0 v2:172.21.15.107:3300/0 6 ==== mon_command_ack([{"prefix": "get_command_descriptions"}]=0 v0) ==== 72+0+191839 (secure 0 0 0) 0x7f2044011e20 con 0x7f20541074f0
2024-05-10T10:44:43.262 INFO:teuthology.orchestra.run.smithi107.stdout:/usr/bin/ceph: stderr
