2024-05-10T10:44:42.593+0000 7f203bfff700 1 -- 172.21.15.107:0/3312571163 <== mon.0 v2:172.21.15.107:3300/0 7 ==== mgrmap(e 8) ==== 50222+0+0 (secure 0 0 0) 0x7f204402dcd0 con 0x7f20541074f0
2024-05-10T10:44:43.262 INFO:teuthology.orchestra.run.smithi107.stdout:/usr/bin/ceph: stderr
2024-05-10T10:44:42.669+0000 7f2059272700 1 -- 172.21.15.107:0/3312571163 --> [v2:172.21.15.107:6800/892499090,v1:172.21.15.107:6801/892499090] -- mgr_command(tid 0: {"prefix": "orch set backend", "module_name": "cephadm", "target": ["mon-mgr", ""]}) -- 0x7f2054104020 con 0x7f203c03e310
2024-05-10T10:44:43.262 INFO:teuthology.orchestra.run.smithi107.stdout:/usr/bin/ceph: stderr
2024-05-10T10:44:42.674+0000 7f203bfff700 1 -- 172.21.15.107:0/3312571163 <== mgr.14120 v2:172.21.15.107:6800/892499090 1 ==== mgr_command_reply(tid 0: 0 ) ==== 8+0+0 (secure 0 0 0) 0x7f2054104020 con 0x7f203c03e310
2024-05-10T10:44:43.262 INFO:teuthology.orchestra.run.smithi107.stdout:/usr/bin/ceph: stderr
2024-05-10T10:44:42.676+0000 7f2059272700 1 -- 172.21.15.107:0/3312571163 >> [v2:172.21.15.107:6800/892499090,v1:172.21.15.107:6801/892499090] conn(0x7f203c03e310 msgr2=0x7f203c0407d0 secure :-1 s=STATE_CONNECTION_ESTABLISHED l=1).mark_down
2024-05-10T10:44:43.262 INFO:teuthology.orchestra.run.smithi107.stdout:/usr/bin/ceph: stderr
2024-05-10T10:44:42.676+0000 7f2059272700 1 --2- 172.21.15.107:0/3312571163 >> [v2:172.21.15.107:6800/892499090,v1:172.21.15.107:6801/892499090] conn(0x7f203c03e310 0x7f203c0407d0 secure :-1 s=READY pgs=7 cs=0 l=1 rev1=1 crypto rx=0x7f2048006fd0 tx=0x7f2048006e40 comp rx=0 tx=0).stop
2024-05-10T10:44:43.262 INFO:teuthology.orchestra.run.smithi107.stdout:/usr/bin/ceph: stderr
2024-05-10T10:44:42.676+0000 7f2059272700 1 -- 172.21.15.107:0/3312571163 >> [v2:172.21.15.107:3300/0,v1:172.21.15.107:6789/0] conn(0x7f20541074f0 msgr2=0x7f205419d070 secure :-1 s=STATE_CONNECTION_ESTABLISHED l=1).mark_down
2024-05-10T10:44:43.262 INFO:teuthology.orchestra.run.smithi107.stdout:/usr/bin/ceph: stderr
2024-05-10T10:44:42.676+0000 7f2059272700 1 --2- 172.21.15.107:0/3312571163 >> [v2:172.21.15.107:3300/0,v1:172.21.15.107:6789/0] conn(0x7f20541074f0 0x7f205419d070 secure :-1 s=READY pgs=38 cs=0 l=1 rev1=1 crypto rx=0x7f20440116a0 tx=0x7f2044011ce0 comp rx=0 tx=0).stop
2024-05-10T10:44:43.262 INFO:teuthology.orchestra.run.smithi107.stdout:/usr/bin/ceph: stderr
2024-05-10T10:44:42.676+0000 7f2059272700 1 -- 172.21.15.107:0/3312571163 shutdown_connections
2024-05-10T10:44:43.262 INFO:teuthology.orchestra.run.smithi107.stdout:/usr/bin/ceph: stderr
2024-05-10T10:44:42.676+0000 7f2059272700 1 --2- 172.21.15.107:0/3312571163 >> [v2:172.21.15.107:6800/892499090,v1:172.21.15.107:6801/892499090] conn(0x7f203c03e310 0x7f203c0407d0 unknown :-1 s=CLOSED pgs=7 cs=0 l=1 rev1=1 crypto rx=0 tx=0 comp rx=0 tx=0).stop
2024-05-10T10:44:43.263 INFO:teuthology.orchestra.run.smithi107.stdout:/usr/bin/ceph: stderr
2024-05-10T10:44:42.676+0000 7f2059272700 1 --2- 172.21.15.107:0/3312571163 >> [v2:172.21.15.107:3300/0,v1:172.21.15.107:6789/0] conn(0x7f20541074f0 0x7f205419d070 unknown :-1 s=CLOSED pgs=38 cs=0 l=1 rev1=1 crypto rx=0 tx=0 comp rx=0 tx=0).stop
2024-05-10T10:44:43.263 INFO:teuthology.orchestra.run.smithi107.stdout:/usr/bin/ceph: stderr
2024-05-10T10:44:42.676+0000 7f2059272700 1 -- 172.21.15.107:0/3312571163 >> 172.21.15.107:0/3312571163 conn(0x7f2054102e90 msgr2=0x7f2054103910 unknown :-1 s=STATE_NONE l=0).mark_down
2024-05-10T10:44:43.263 INFO:teuthology.orchestra.run.smithi107.stdout:/usr/bin/ceph: stderr
2024-05-10T10:44:42.677+0000 7f2059272700 1 -- 172.21.15.107:0/3312571163 shutdown_connections
2024-05-10T10:44:43.263 INFO:teuthology.orchestra.run.smithi107.stdout:/usr/bin/ceph: stderr
2024-05-10T10:44:42.677+0000 7f2059272700 1 -- 172.21.15.107:0/3312571163 wait complete.
2024-05-10T10:44:43.876 INFO:journalctl@ceph.mon.a.smithi107.stdout:May 10 10:44:43 smithi107 ceph-mon[30373]: mgrmap e8: x(active, since 2s)
2024-05-10T10:44:43.876 INFO:journalctl@ceph.mon.a.smithi107.stdout:May 10 10:44:43 smithi107 ceph-mon[30373]: from='client.14132 -' entity='client.admin' cmd=[{"prefix": "orch set backend", "module_name": "cephadm", "target": ["mon-mgr", ""]}]: dispatch
2024-05-10T10:44:43.876 INFO:journalctl@ceph.mon.a.smithi107.stdout:May 10 10:44:43 smithi107 ceph-mon[30373]: from='mgr.14120 172.21.15.107:0/3421914114' entity='mgr.x'
2024-05-10T10:44:43.877 INFO:journalctl@ceph.mon.a.smithi107.stdout:May 10 10:44:43 smithi107 ceph-mon[30373]: from='mgr.14120 172.21.15.107:0/3421914114' entity='mgr.x' cmd=[{"prefix": "config dump", "format": "json"}]: dispatch
2024-05-10T10:44:44.483 INFO:teuthology.orchestra.run.smithi107.stdout:/usr/bin/ceph: stdout value unchanged
2024-05-10T10:44:44.483 INFO:teuthology.orchestra.run.smithi107.stdout:/usr/bin/ceph: stderr
2024-05-10T10:44:43.658+0000 7f459b3a4700 1 Processor -- start
2024-05-10T10:44:44.483 INFO:teuthology.orchestra.run.smithi107.stdout:/usr/bin/ceph: stderr
2024-05-10T10:44:43.658+0000 7f459b3a4700 1 -- start start
2024-05-10T10:44:44.484 INFO:teuthology.orchestra.run.smithi107.stdout:/usr/bin/ceph: stderr
2024-05-10T10:44:43.658+0000 7f459b3a4700 1 --2- >> [v2:172.21.15.107:3300/0,v1:172.21.15.107:6789/0] conn(0x7f4594109240 0x7f4594109660 unknown :-1 s=NONE pgs=0 cs=0 l=0 rev1=0 crypto rx=0 tx=0 comp rx=0 tx=0).connect
2024-05-10T10:44:44.484 INFO:teuthology.orchestra.run.smithi107.stdout:/usr/bin/ceph: stderr
2024-05-10T10:44:43.658+0000 7f459b3a4700 1 -- --> [v2:172.21.15.107:3300/0,v1:172.21.15.107:6789/0] -- mon_getmap magic: 0 -- 0x7f4594109c30 con 0x7f4594109240
2024-05-10T10:44:44.484 INFO:teuthology.orchestra.run.smithi107.stdout:/usr/bin/ceph: stderr
2024-05-10T10:44:43.658+0000 7f4599140700 1 --2- >> [v2:172.21.15.107:3300/0,v1:172.21.15.107:6789/0] conn(0x7f4594109240 0x7f4594109660 unknown :-1 s=BANNER_CONNECTING pgs=0 cs=0 l=0 rev1=0 crypto rx=0 tx=0 comp rx=0 tx=0)._handle_peer_banner_payload supported=3 required=0
2024-05-10T10:44:44.484 INFO:teuthology.orchestra.run.smithi107.stdout:/usr/bin/ceph: stderr
2024-05-10T10:44:43.658+0000 7f4599140700 1 --2- >> [v2:172.21.15.107:3300/0,v1:172.21.15.107:6789/0] conn(0x7f4594109240 0x7f4594109660 unknown :-1 s=HELLO_CONNECTING pgs=0 cs=0 l=0 rev1=1 crypto rx=0 tx=0 comp rx=0 tx=0).handle_hello peer v2:172.21.15.107:3300/0 says I am v2:172.21.15.107:59352/0 (socket says 172.21.15.107:59352)
2024-05-10T10:44:44.484 INFO:teuthology.orchestra.run.smithi107.stdout:/usr/bin/ceph: stderr
2024-05-10T10:44:43.658+0000 7f4599140700 1 -- 172.21.15.107:0/1333651093 learned_addr learned my addr 172.21.15.107:0/1333651093 (peer_addr_for_me v2:172.21.15.107:0/0)
2024-05-10T10:44:44.484 INFO:teuthology.orchestra.run.smithi107.stdout:/usr/bin/ceph: stderr
2024-05-10T10:44:43.658+0000 7f4599140700 1 -- 172.21.15.107:0/1333651093 --> [v2:172.21.15.107:3300/0,v1:172.21.15.107:6789/0] -- mon_subscribe({config=0+,monmap=0+}) -- 0x7f459410a3a0 con 0x7f4594109240
2024-05-10T10:44:44.484 INFO:teuthology.orchestra.run.smithi107.stdout:/usr/bin/ceph: stderr
2024-05-10T10:44:43.659+0000 7f4599140700 1 --2- 172.21.15.107:0/1333651093 >> [v2:172.21.15.107:3300/0,v1:172.21.15.107:6789/0] conn(0x7f4594109240 0x7f4594109660 secure :-1 s=READY pgs=39 cs=0 l=1 rev1=1 crypto rx=0x7f45840098a0 tx=0x7f4584009bb0 comp rx=0 tx=0).ready entity=mon.0 client_cookie=a83c20db66348bb5 server_cookie=0 in_seq=0 out_seq=0
2024-05-10T10:44:44.484 INFO:teuthology.orchestra.run.smithi107.stdout:/usr/bin/ceph: stderr
2024-05-10T10:44:43.659+0000 7f458bfff700 1 -- 172.21.15.107:0/1333651093 <== mon.0 v2:172.21.15.107:3300/0 1 ==== mon_map magic: 0 ==== 205+0+0 (secure 0 0 0) 0x7f4584004160 con 0x7f4594109240
2024-05-10T10:44:44.484 INFO:teuthology.orchestra.run.smithi107.stdout:/usr/bin/ceph: stderr
2024-05-10T10:44:43.659+0000 7f458bfff700 1 -- 172.21.15.107:0/1333651093 <== mon.0 v2:172.21.15.107:3300/0 2 ==== config(27 keys) ==== 1104+0+0 (secure 0 0 0) 0x7f4584004300 con 0x7f4594109240
2024-05-10T10:44:44.484 INFO:teuthology.orchestra.run.smithi107.stdout:/usr/bin/ceph: stderr
2024-05-10T10:44:43.659+0000 7f458bfff700 1 -- 172.21.15.107:0/1333651093 <== mon.0 v2:172.21.15.107:3300/0 3 ==== mon_map magic: 0 ==== 205+0+0 (secure 0 0 0) 0x7f4584011b20 con 0x7f4594109240
2024-05-10T10:44:44.484 INFO:teuthology.orchestra.run.smithi107.stdout:/usr/bin/ceph: stderr
2024-05-10T10:44:43.659+0000 7f459b3a4700 1 -- 172.21.15.107:0/1333651093 >> [v2:172.21.15.107:3300/0,v1:172.21.15.107:6789/0] conn(0x7f4594109240 msgr2=0x7f4594109660 secure :-1 s=STATE_CONNECTION_ESTABLISHED l=1).mark_down
2024-05-10T10:44:44.484 INFO:teuthology.orchestra.run.smithi107.stdout:/usr/bin/ceph: stderr
2024-05-10T10:44:43.659+0000 7f459b3a4700 1 --2- 172.21.15.107:0/1333651093 >> [v2:172.21.15.107:3300/0,v1:172.21.15.107:6789/0] conn(0x7f4594109240 0x7f4594109660 secure :-1 s=READY pgs=39 cs=0 l=1 rev1=1 crypto rx=0x7f45840098a0 tx=0x7f4584009bb0 comp rx=0 tx=0).stop
2024-05-10T10:44:44.484 INFO:teuthology.orchestra.run.smithi107.stdout:/usr/bin/ceph: stderr
2024-05-10T10:44:43.659+0000 7f459b3a4700 1 -- 172.21.15.107:0/1333651093 shutdown_connections
2024-05-10T10:44:44.484 INFO:teuthology.orchestra.run.smithi107.stdout:/usr/bin/ceph: stderr
2024-05-10T10:44:43.659+0000 7f459b3a4700 1 --2- 172.21.15.107:0/1333651093 >> [v2:172.21.15.107:3300/0,v1:172.21.15.107:6789/0] conn(0x7f4594109240 0x7f4594109660 unknown :-1 s=CLOSED pgs=39 cs=0 l=1 rev1=1 crypto rx=0 tx=0 comp rx=0 tx=0).stop
2024-05-10T10:44:44.485 INFO:teuthology.orchestra.run.smithi107.stdout:/usr/bin/ceph: stderr
2024-05-10T10:44:43.659+0000 7f459b3a4700 1 -- 172.21.15.107:0/1333651093 >> 172.21.15.107:0/1333651093 conn(0x7f4594104840 msgr2=0x7f4594106c60 unknown :-1 s=STATE_NONE l=0).mark_down
2024-05-10T10:44:44.485 INFO:teuthology.orchestra.run.smithi107.stdout:/usr/bin/ceph: stderr
2024-05-10T10:44:43.659+0000 7f459b3a4700 1 -- 172.21.15.107:0/1333651093 shutdown_connections
2024-05-10T10:44:44.485 INFO:teuthology.orchestra.run.smithi107.stdout:/usr/bin/ceph: stderr
2024-05-10T10:44:43.659+0000 7f459b3a4700 1 -- 172.21.15.107:0/1333651093 wait complete.
2024-05-10T10:44:44.485 INFO:teuthology.orchestra.run.smithi107.stdout:/usr/bin/ceph: stderr
2024-05-10T10:44:43.660+0000 7f459b3a4700 1 Processor -- start
2024-05-10T10:44:44.485 INFO:teuthology.orchestra.run.smithi107.stdout:/usr/bin/ceph: stderr
2024-05-10T10:44:43.660+0000 7f459b3a4700 1 -- start start
2024-05-10T10:44:44.485 INFO:teuthology.orchestra.run.smithi107.stdout:/usr/bin/ceph: stderr
2024-05-10T10:44:43.660+0000 7f459b3a4700 1 --2- >> [v2:172.21.15.107:3300/0,v1:172.21.15.107:6789/0] conn(0x7f4594109240 0x7f459407eb90 unknown :-1 s=NONE pgs=0 cs=0 l=1 rev1=0 crypto rx=0 tx=0 comp rx=0 tx=0).connect
2024-05-10T10:44:44.485 INFO:teuthology.orchestra.run.smithi107.stdout:/usr/bin/ceph: stderr
2024-05-10T10:44:43.660+0000 7f459b3a4700 1 -- --> [v2:172.21.15.107:3300/0,v1:172.21.15.107:6789/0] -- mon_getmap magic: 0 -- 0x7f459410d5d0 con 0x7f4594109240
2024-05-10T10:44:44.485 INFO:teuthology.orchestra.run.smithi107.stdout:/usr/bin/ceph: stderr
2024-05-10T10:44:43.660+0000 7f4599140700 1 --2- >> [v2:172.21.15.107:3300/0,v1:172.21.15.107:6789/0] conn(0x7f4594109240 0x7f459407eb90 unknown :-1 s=BANNER_CONNECTING pgs=0 cs=0 l=1 rev1=0 crypto rx=0 tx=0 comp rx=0 tx=0)._handle_peer_banner_payload supported=3 required=0
2024-05-10T10:44:44.485 INFO:teuthology.orchestra.run.smithi107.stdout:/usr/bin/ceph: stderr
2024-05-10T10:44:43.660+0000 7f4599140700 1 --2- >> [v2:172.21.15.107:3300/0,v1:172.21.15.107:6789/0] conn(0x7f4594109240 0x7f459407eb90 unknown :-1 s=HELLO_CONNECTING pgs=0 cs=0 l=1 rev1=1 crypto rx=0 tx=0 comp rx=0 tx=0).handle_hello peer v2:172.21.15.107:3300/0 says I am v2:172.21.15.107:59356/0 (socket says 172.21.15.107:59356)
2024-05-10T10:44:44.485 INFO:teuthology.orchestra.run.smithi107.stdout:/usr/bin/ceph: stderr
2024-05-10T10:44:43.660+0000 7f4599140700 1 -- 172.21.15.107:0/2193816306 learned_addr learned my addr 172.21.15.107:0/2193816306 (peer_addr_for_me v2:172.21.15.107:0/0)
2024-05-10T10:44:44.485 INFO:teuthology.orchestra.run.smithi107.stdout:/usr/bin/ceph: stderr
2024-05-10T10:44:43.661+0000 7f4599140700 1 -- 172.21.15.107:0/2193816306 --> [v2:172.21.15.107:3300/0,v1:172.21.15.107:6789/0] -- mon_subscribe({config=0+,monmap=0+}) -- 0x7f459407f0d0 con 0x7f4594109240
2024-05-10T10:44:44.485 INFO:teuthology.orchestra.run.smithi107.stdout:/usr/bin/ceph: stderr
2024-05-10T10:44:43.661+0000 7f4599140700 1 --2- 172.21.15.107:0/2193816306 >> [v2:172.21.15.107:3300/0,v1:172.21.15.107:6789/0] conn(0x7f4594109240 0x7f459407eb90 secure :-1 s=READY pgs=40 cs=0 l=1 rev1=1 crypto rx=0x7f45840117e0 tx=0x7f4584011ba0 comp rx=0 tx=0).ready entity=mon.0 client_cookie=0 server_cookie=0 in_seq=0 out_seq=0
2024-05-10T10:44:44.485 INFO:teuthology.orchestra.run.smithi107.stdout:/usr/bin/ceph: stderr
2024-05-10T10:44:43.661+0000 7f458a7fc700 1 -- 172.21.15.107:0/2193816306 <== mon.0 v2:172.21.15.107:3300/0 1 ==== mon_map magic: 0 ==== 205+0+0 (secure 0 0 0) 0x7f45840039f0 con 0x7f4594109240
2024-05-10T10:44:44.485 INFO:teuthology.orchestra.run.smithi107.stdout:/usr/bin/ceph: stderr
2024-05-10T10:44:43.661+0000 7f458a7fc700 1 -- 172.21.15.107:0/2193816306 <== mon.0 v2:172.21.15.107:3300/0 2 ==== config(27 keys) ==== 1104+0+0 (secure 0 0 0) 0x7f4584003b90 con 0x7f4594109240
2024-05-10T10:44:44.486 INFO:teuthology.orchestra.run.smithi107.stdout:/usr/bin/ceph: stderr
2024-05-10T10:44:43.661+0000 7f459b3a4700 1 -- 172.21.15.107:0/2193816306 --> [v2:172.21.15.107:3300/0,v1:172.21.15.107:6789/0] -- mon_subscribe({mgrmap=0+}) -- 0x7f459407d2c0 con 0x7f4594109240
2024-05-10T10:44:44.486 INFO:teuthology.orchestra.run.smithi107.stdout:/usr/bin/ceph: stderr
2024-05-10T10:44:43.661+0000 7f458a7fc700 1 -- 172.21.15.107:0/2193816306 <== mon.0 v2:172.21.15.107:3300/0 3 ==== mon_map magic: 0 ==== 205+0+0 (secure 0 0 0) 0x7f458401a690 con 0x7f4594109240
2024-05-10T10:44:44.486 INFO:teuthology.orchestra.run.smithi107.stdout:/usr/bin/ceph: stderr
2024-05-10T10:44:43.661+0000 7f459b3a4700 1 -- 172.21.15.107:0/2193816306 --> [v2:172.21.15.107:3300/0,v1:172.21.15.107:6789/0] -- mon_subscribe({osdmap=0}) -- 0x7f459407d780 con 0x7f4594109240
2024-05-10T10:44:44.486 INFO:teuthology.orchestra.run.smithi107.stdout:/usr/bin/ceph: stderr
2024-05-10T10:44:43.662+0000 7f458a7fc700 1 -- 172.21.15.107:0/2193816306 <== mon.0 v2:172.21.15.107:3300/0 4 ==== mgrmap(e 8) ==== 50222+0+0 (secure 0 0 0) 0x7f458401a940 con 0x7f4594109240
2024-05-10T10:44:44.486 INFO:teuthology.orchestra.run.smithi107.stdout:/usr/bin/ceph: stderr
2024-05-10T10:44:43.662+0000 7f459b3a4700 1 -- 172.21.15.107:0/2193816306 --> [v2:172.21.15.107:3300/0,v1:172.21.15.107:6789/0] -- mon_command({"prefix": "get_command_descriptions"} v 0) -- 0x7f4594064b00 con 0x7f4594109240
2024-05-10T10:44:44.486 INFO:teuthology.orchestra.run.smithi107.stdout:/usr/bin/ceph: stderr
2024-05-10T10:44:43.662+0000 7f458a7fc700 1 --2- 172.21.15.107:0/2193816306 >> [v2:172.21.15.107:6800/892499090,v1:172.21.15.107:6801/892499090] conn(0x7f458003e420 0x7f45800408e0 unknown :-1 s=NONE pgs=0 cs=0 l=1 rev1=0 crypto rx=0 tx=0 comp rx=0 tx=0).connect
2024-05-10T10:44:44.486 INFO:teuthology.orchestra.run.smithi107.stdout:/usr/bin/ceph: stderr
2024-05-10T10:44:43.662+0000 7f458a7fc700 1 -- 172.21.15.107:0/2193816306 <== mon.0 v2:172.21.15.107:3300/0 5 ==== osd_map(2..2 src has 1..2) ==== 940+0+0 (secure 0 0 0) 0x7f4584053ae0 con 0x7f4594109240
2024-05-10T10:44:44.486 INFO:teuthology.orchestra.run.smithi107.stdout:/usr/bin/ceph: stderr
2024-05-10T10:44:43.662+0000 7f459893f700 1 --2- 172.21.15.107:0/2193816306 >> [v2:172.21.15.107:6800/892499090,v1:172.21.15.107:6801/892499090] conn(0x7f458003e420 0x7f45800408e0 unknown :-1 s=BANNER_CONNECTING pgs=0 cs=0 l=1 rev1=0 crypto rx=0 tx=0 comp rx=0 tx=0)._handle_peer_banner_payload supported=3 required=0
2024-05-10T10:44:44.486 INFO:teuthology.orchestra.run.smithi107.stdout:/usr/bin/ceph: stderr
2024-05-10T10:44:43.663+0000 7f459893f700 1 --2- 172.21.15.107:0/2193816306 >> [v2:172.21.15.107:6800/892499090,v1:172.21.15.107:6801/892499090] conn(0x7f458003e420 0x7f45800408e0 secure :-1 s=READY pgs=8 cs=0 l=1 rev1=1 crypto rx=0x7f4590006fd0 tx=0x7f4590006e40 comp rx=0 tx=0).ready entity=mgr.14120 client_cookie=0 server_cookie=0 in_seq=0 out_seq=0
2024-05-10T10:44:44.486 INFO:teuthology.orchestra.run.smithi107.stdout:/usr/bin/ceph: stderr
2024-05-10T10:44:43.667+0000 7f458a7fc700 1 -- 172.21.15.107:0/2193816306 <== mon.0 v2:172.21.15.107:3300/0 6 ==== mon_command_ack([{"prefix": "get_command_descriptions"}]=0 v0) ==== 72+0+191839 (secure 0 0 0) 0x7f4584011e20 con 0x7f4594109240
2024-05-10T10:44:44.486 INFO:teuthology.orchestra.run.smithi107.stdout:/usr/bin/ceph: stderr
2024-05-10T10:44:43.875+0000 7f459b3a4700 1 -- 172.21.15.107:0/2193816306 --> [v2:172.21.15.107:6800/892499090,v1:172.21.15.107:6801/892499090] -- mgr_command(tid 0: {"prefix": "cephadm set-user", "user": "root", "target": ["mon-mgr", ""]}) -- 0x7f45941059f0 con 0x7f458003e420
2024-05-10T10:44:44.486 INFO:teuthology.orchestra.run.smithi107.stdout:/usr/bin/ceph: stderr
2024-05-10T10:44:43.876+0000 7f458a7fc700 1 -- 172.21.15.107:0/2193816306 <== mgr.14120 v2:172.21.15.107:6800/892499090 1 ==== mgr_command_reply(tid 0: 0 ) ==== 8+0+16 (secure 0 0 0) 0x7f45941059f0 con 0x7f458003e420
2024-05-10T10:44:44.486 INFO:teuthology.orchestra.run.smithi107.stdout:/usr/bin/ceph: stderr
2024-05-10T10:44:43.878+0000 7f459b3a4700 1 -- 172.21.15.107:0/2193816306 >> [v2:172.21.15.107:6800/892499090,v1:172.21.15.107:6801/892499090] conn(0x7f458003e420 msgr2=0x7f45800408e0 secure :-1 s=STATE_CONNECTION_ESTABLISHED l=1).mark_down
2024-05-10T10:44:44.486 INFO:teuthology.orchestra.run.smithi107.stdout:/usr/bin/ceph: stderr
2024-05-10T10:44:43.878+0000 7f459b3a4700 1 --2- 172.21.15.107:0/2193816306 >> [v2:172.21.15.107:6800/892499090,v1:172.21.15.107:6801/892499090] conn(0x7f458003e420 0x7f45800408e0 secure :-1 s=READY pgs=8 cs=0 l=1 rev1=1 crypto rx=0x7f4590006fd0 tx=0x7f4590006e40 comp rx=0 tx=0).stop
2024-05-10T10:44:44.487 INFO:teuthology.orchestra.run.smithi107.stdout:/usr/bin/ceph: stderr
2024-05-10T10:44:43.878+0000 7f459b3a4700 1 -- 172.21.15.107:0/2193816306 >> [v2:172.21.15.107:3300/0,v1:172.21.15.107:6789/0] conn(0x7f4594109240 msgr2=0x7f459407eb90 secure :-1 s=STATE_CONNECTION_ESTABLISHED l=1).mark_down
2024-05-10T10:44:44.487 INFO:teuthology.orchestra.run.smithi107.stdout:/usr/bin/ceph: stderr
2024-05-10T10:44:43.878+0000 7f459b3a4700 1 --2- 172.21.15.107:0/2193816306 >> [v2:172.21.15.107:3300/0,v1:172.21.15.107:6789/0] conn(0x7f4594109240 0x7f459407eb90 secure :-1 s=READY pgs=40 cs=0 l=1 rev1=1 crypto rx=0x7f45840117e0 tx=0x7f4584011ba0 comp rx=0 tx=0).stop
2024-05-10T10:44:44.487 INFO:teuthology.orchestra.run.smithi107.stdout:/usr/bin/ceph: stderr
2024-05-10T10:44:43.878+0000 7f459b3a4700 1 -- 172.21.15.107:0/2193816306 shutdown_connections
2024-05-10T10:44:44.487 INFO:teuthology.orchestra.run.smithi107.stdout:/usr/bin/ceph: stderr
2024-05-10T10:44:43.878+0000 7f459b3a4700 1 --2- 172.21.15.107:0/2193816306 >> [v2:172.21.15.107:6800/892499090,v1:172.21.15.107:6801/892499090] conn(0x7f458003e420 0x7f45800408e0 unknown :-1 s=CLOSED pgs=8 cs=0 l=1 rev1=1 crypto rx=0 tx=0 comp rx=0 tx=0).stop
2024-05-10T10:44:44.487 INFO:teuthology.orchestra.run.smithi107.stdout:/usr/bin/ceph: stderr
2024-05-10T10:44:43.878+0000 7f459b3a4700 1 --2- 172.21.15.107:0/2193816306 >> [v2:172.21.15.107:3300/0,v1:172.21.15.107:6789/0] conn(0x7f4594109240 0x7f459407eb90 unknown :-1 s=CLOSED pgs=40 cs=0 l=1 rev1=1 crypto rx=0 tx=0 comp rx=0 tx=0).stop
2024-05-10T10:44:44.487 INFO:teuthology.orchestra.run.smithi107.stdout:/usr/bin/ceph: stderr
2024-05-10T10:44:43.878+0000 7f459b3a4700 1 -- 172.21.15.107:0/2193816306 >> 172.21.15.107:0/2193816306 conn(0x7f4594104840 msgr2=0x7f45941052e0 unknown :-1 s=STATE_NONE l=0).mark_down
2024-05-10T10:44:44.487 INFO:teuthology.orchestra.run.smithi107.stdout:/usr/bin/ceph: stderr
2024-05-10T10:44:43.878+0000 7f459b3a4700 1 -- 172.21.15.107:0/2193816306 shutdown_connections
2024-05-10T10:44:44.487 INFO:teuthology.orchestra.run.smithi107.stdout:/usr/bin/ceph: stderr
2024-05-10T10:44:43.878+0000 7f459b3a4700 1 -- 172.21.15.107:0/2193816306 wait complete.
2024-05-10T10:44:44.487 INFO:teuthology.orchestra.run.smithi107.stdout:Generating ssh key...
2024-05-10T10:44:44.725 INFO:journalctl@ceph.mon.a.smithi107.stdout:May 10 10:44:44 smithi107 ceph-mon[30373]: from='client.14134 -' entity='client.admin' cmd=[{"prefix": "cephadm set-user", "user": "root", "target": ["mon-mgr", ""]}]: dispatch
2024-05-10T10:44:45.379 INFO:journalctl@ceph.mgr.x.smithi107.stdout:May 10 10:44:45 smithi107 ceph-0ba8a8e4-0eba-11ef-bc98-c7b262605968-mgr-x[30602]: Generating public/private rsa key pair.
2024-05-10T10:44:45.380 INFO:journalctl@ceph.mgr.x.smithi107.stdout:May 10 10:44:45 smithi107 ceph-0ba8a8e4-0eba-11ef-bc98-c7b262605968-mgr-x[30602]: Your identification has been saved in /tmp/tmp2425h8fy/key.
2024-05-10T10:44:45.380 INFO:journalctl@ceph.mgr.x.smithi107.stdout:May 10 10:44:45 smithi107 ceph-0ba8a8e4-0eba-11ef-bc98-c7b262605968-mgr-x[30602]: Your public key has been saved in /tmp/tmp2425h8fy/key.pub.
2024-05-10T10:44:45.380 INFO:journalctl@ceph.mgr.x.smithi107.stdout:May 10 10:44:45 smithi107 ceph-0ba8a8e4-0eba-11ef-bc98-c7b262605968-mgr-x[30602]: The key fingerprint is:
2024-05-10T10:44:45.380 INFO:journalctl@ceph.mgr.x.smithi107.stdout:May 10 10:44:45 smithi107 ceph-0ba8a8e4-0eba-11ef-bc98-c7b262605968-mgr-x[30602]: SHA256:1vmnXiJdhAgSqY/npiDlYe85Fa0OaZgNR/vm2il5bb8 ceph-0ba8a8e4-0eba-11ef-bc98-c7b262605968
2024-05-10T10:44:45.380 INFO:journalctl@ceph.mgr.x.smithi107.stdout:May 10 10:44:45 smithi107 ceph-0ba8a8e4-0eba-11ef-bc98-c7b262605968-mgr-x[30602]: The key's randomart image is:
2024-05-10T10:44:45.380 INFO:journalctl@ceph.mgr.x.smithi107.stdout:May 10 10:44:45 smithi107 ceph-0ba8a8e4-0eba-11ef-bc98-c7b262605968-mgr-x[30602]: +---[RSA 3072]----+
2024-05-10T10:44:45.380 INFO:journalctl@ceph.mgr.x.smithi107.stdout:May 10 10:44:45 smithi107 ceph-0ba8a8e4-0eba-11ef-bc98-c7b262605968-mgr-x[30602]: | oo. |
2024-05-10T10:44:45.380 INFO:journalctl@ceph.mgr.x.smithi107.stdout:May 10 10:44:45 smithi107 ceph-0ba8a8e4-0eba-11ef-bc98-c7b262605968-mgr-x[30602]: | . .. . . . |
2024-05-10T10:44:45.380 INFO:journalctl@ceph.mgr.x.smithi107.stdout:May 10 10:44:45 smithi107 ceph-0ba8a8e4-0eba-11ef-bc98-c7b262605968-mgr-x[30602]: | . o . . . . |
2024-05-10T10:44:45.381 INFO:journalctl@ceph.mgr.x.smithi107.stdout:May 10 10:44:45 smithi107 ceph-0ba8a8e4-0eba-11ef-bc98-c7b262605968-mgr-x[30602]: | . + . .. . . |
2024-05-10T10:44:45.381 INFO:journalctl@ceph.mgr.x.smithi107.stdout:May 10 10:44:45 smithi107 ceph-0ba8a8e4-0eba-11ef-bc98-c7b262605968-mgr-x[30602]: | +* = oS o . |
2024-05-10T10:44:45.381 INFO:journalctl@ceph.mgr.x.smithi107.stdout:May 10 10:44:45 smithi107 ceph-0ba8a8e4-0eba-11ef-bc98-c7b262605968-mgr-x[30602]: | +oo* B. o . |
2024-05-10T10:44:45.381 INFO:journalctl@ceph.mgr.x.smithi107.stdout:May 10 10:44:45 smithi107 ceph-0ba8a8e4-0eba-11ef-bc98-c7b262605968-mgr-x[30602]: |. o..X . . + o |
2024-05-10T10:44:45.381 INFO:journalctl@ceph.mgr.x.smithi107.stdout:May 10 10:44:45 smithi107 ceph-0ba8a8e4-0eba-11ef-bc98-c7b262605968-mgr-x[30602]: | . o+o*.o . = |
2024-05-10T10:44:45.381 INFO:journalctl@ceph.mgr.x.smithi107.stdout:May 10 10:44:45 smithi107 ceph-0ba8a8e4-0eba-11ef-bc98-c7b262605968-mgr-x[30602]: | =Bo. .Eoo |
2024-05-10T10:44:45.381 INFO:journalctl@ceph.mgr.x.smithi107.stdout:May 10 10:44:45 smithi107 ceph-0ba8a8e4-0eba-11ef-bc98-c7b262605968-mgr-x[30602]: +----[SHA256]-----+
2024-05-10T10:44:45.675 INFO:journalctl@ceph.mon.a.smithi107.stdout:May 10 10:44:45 smithi107 ceph-mon[30373]: from='client.14136 -' entity='client.admin' cmd=[{"prefix": "cephadm generate-key", "target": ["mon-mgr", ""]}]: dispatch
2024-05-10T10:44:45.675 INFO:journalctl@ceph.mon.a.smithi107.stdout:May 10 10:44:45 smithi107 ceph-mon[30373]: Generating ssh key...
2024-05-10T10:44:45.675 INFO:journalctl@ceph.mon.a.smithi107.stdout:May 10 10:44:45 smithi107 ceph-mon[30373]: from='mgr.14120 172.21.15.107:0/3421914114' entity='mgr.x'
2024-05-10T10:44:45.675 INFO:journalctl@ceph.mon.a.smithi107.stdout:May 10 10:44:45 smithi107 ceph-mon[30373]: from='mgr.14120 172.21.15.107:0/3421914114' entity='mgr.x'
2024-05-10T10:44:45.957 INFO:teuthology.orchestra.run.smithi107.stdout:/usr/bin/ceph: stderr
2024-05-10T10:44:44.914+0000 7f125764b700 1 Processor -- start
2024-05-10T10:44:45.957 INFO:teuthology.orchestra.run.smithi107.stdout:/usr/bin/ceph: stderr
2024-05-10T10:44:44.914+0000 7f125764b700 1 -- start start
2024-05-10T10:44:45.957 INFO:teuthology.orchestra.run.smithi107.stdout:/usr/bin/ceph: stderr
2024-05-10T10:44:44.914+0000 7f125764b700 1 --2- >> [v2:172.21.15.107:3300/0,v1:172.21.15.107:6789/0] conn(0x7f125010a770 0x7f125010ab90 unknown :-1 s=NONE pgs=0 cs=0 l=0 rev1=0 crypto rx=0 tx=0 comp rx=0 tx=0).connect
2024-05-10T10:44:45.957 INFO:teuthology.orchestra.run.smithi107.stdout:/usr/bin/ceph: stderr
2024-05-10T10:44:44.914+0000 7f125764b700 1 -- --> [v2:172.21.15.107:3300/0,v1:172.21.15.107:6789/0] -- mon_getmap magic: 0 -- 0x7f125010b160 con 0x7f125010a770
2024-05-10T10:44:45.957 INFO:teuthology.orchestra.run.smithi107.stdout:/usr/bin/ceph: stderr
2024-05-10T10:44:44.915+0000 7f12553e7700 1 --2- >> [v2:172.21.15.107:3300/0,v1:172.21.15.107:6789/0] conn(0x7f125010a770 0x7f125010ab90 unknown :-1 s=BANNER_CONNECTING pgs=0 cs=0 l=0 rev1=0 crypto rx=0 tx=0 comp rx=0 tx=0)._handle_peer_banner_payload supported=3 required=0
2024-05-10T10:44:45.957 INFO:teuthology.orchestra.run.smithi107.stdout:/usr/bin/ceph: stderr
2024-05-10T10:44:44.915+0000 7f12553e7700 1 --2- >> [v2:172.21.15.107:3300/0,v1:172.21.15.107:6789/0] conn(0x7f125010a770 0x7f125010ab90 unknown :-1 s=HELLO_CONNECTING pgs=0 cs=0 l=0 rev1=1 crypto rx=0 tx=0 comp rx=0 tx=0).handle_hello peer v2:172.21.15.107:3300/0 says I am v2:172.21.15.107:59362/0 (socket says 172.21.15.107:59362)
2024-05-10T10:44:45.957 INFO:teuthology.orchestra.run.smithi107.stdout:/usr/bin/ceph: stderr
2024-05-10T10:44:44.915+0000 7f12553e7700 1 -- 172.21.15.107:0/3371792894 learned_addr learned my addr 172.21.15.107:0/3371792894 (peer_addr_for_me v2:172.21.15.107:0/0)
2024-05-10T10:44:45.957 INFO:teuthology.orchestra.run.smithi107.stdout:/usr/bin/ceph: stderr
2024-05-10T10:44:44.915+0000 7f12553e7700 1 -- 172.21.15.107:0/3371792894 --> [v2:172.21.15.107:3300/0,v1:172.21.15.107:6789/0] -- mon_subscribe({config=0+,monmap=0+}) -- 0x7f125010b2e0 con 0x7f125010a770
2024-05-10T10:44:45.958 INFO:teuthology.orchestra.run.smithi107.stdout:/usr/bin/ceph: stderr
2024-05-10T10:44:44.915+0000 7f12553e7700 1 --2- 172.21.15.107:0/3371792894 >> [v2:172.21.15.107:3300/0,v1:172.21.15.107:6789/0] conn(0x7f125010a770 0x7f125010ab90 secure :-1 s=READY pgs=41 cs=0 l=1 rev1=1 crypto rx=0x7f124c0098a0 tx=0x7f124c009bb0 comp rx=0 tx=0).ready entity=mon.0 client_cookie=2f4a2e1d210adf30 server_cookie=0 in_seq=0 out_seq=0
2024-05-10T10:44:45.958 INFO:teuthology.orchestra.run.smithi107.stdout:/usr/bin/ceph: stderr
2024-05-10T10:44:44.915+0000 7f1247fff700 1 -- 172.21.15.107:0/3371792894 <== mon.0 v2:172.21.15.107:3300/0 1 ==== mon_map magic: 0 ==== 205+0+0 (secure 0 0 0) 0x7f124c004160 con 0x7f125010a770
2024-05-10T10:44:45.958 INFO:teuthology.orchestra.run.smithi107.stdout:/usr/bin/ceph: stderr
2024-05-10T10:44:44.915+0000 7f1247fff700 1 -- 172.21.15.107:0/3371792894 <== mon.0 v2:172.21.15.107:3300/0 2 ==== config(27 keys) ==== 1104+0+0 (secure 0 0 0) 0x7f124c004300 con 0x7f125010a770
2024-05-10T10:44:45.958 INFO:teuthology.orchestra.run.smithi107.stdout:/usr/bin/ceph: stderr
2024-05-10T10:44:44.915+0000 7f1247fff700 1 -- 172.21.15.107:0/3371792894 <== mon.0 v2:172.21.15.107:3300/0 3 ==== mon_map magic: 0 ==== 205+0+0 (secure 0 0 0) 0x7f124c011b20 con 0x7f125010a770
2024-05-10T10:44:45.958 INFO:teuthology.orchestra.run.smithi107.stdout:/usr/bin/ceph: stderr
2024-05-10T10:44:44.916+0000 7f125764b700 1 -- 172.21.15.107:0/3371792894 >> [v2:172.21.15.107:3300/0,v1:172.21.15.107:6789/0] conn(0x7f125010a770 msgr2=0x7f125010ab90 secure :-1 s=STATE_CONNECTION_ESTABLISHED l=1).mark_down
2024-05-10T10:44:45.958 INFO:teuthology.orchestra.run.smithi107.stdout:/usr/bin/ceph: stderr
2024-05-10T10:44:44.916+0000 7f125764b700 1 --2- 172.21.15.107:0/3371792894 >> [v2:172.21.15.107:3300/0,v1:172.21.15.107:6789/0] conn(0x7f125010a770 0x7f125010ab90 secure :-1 s=READY pgs=41 cs=0 l=1 rev1=1 crypto rx=0x7f124c0098a0 tx=0x7f124c009bb0 comp rx=0 tx=0).stop
2024-05-10T10:44:45.958 INFO:teuthology.orchestra.run.smithi107.stdout:/usr/bin/ceph: stderr
2024-05-10T10:44:44.916+0000 7f125764b700 1 -- 172.21.15.107:0/3371792894 shutdown_connections
2024-05-10T10:44:45.958 INFO:teuthology.orchestra.run.smithi107.stdout:/usr/bin/ceph: stderr
2024-05-10T10:44:44.916+0000 7f125764b700 1 --2- 172.21.15.107:0/3371792894 >> [v2:172.21.15.107:3300/0,v1:172.21.15.107:6789/0] conn(0x7f125010a770 0x7f125010ab90 unknown :-1 s=CLOSED pgs=41 cs=0 l=1 rev1=1 crypto rx=0 tx=0 comp rx=0 tx=0).stop
2024-05-10T10:44:45.958 INFO:teuthology.orchestra.run.smithi107.stdout:/usr/bin/ceph: stderr
2024-05-10T10:44:44.916+0000 7f125764b700 1 -- 172.21.15.107:0/3371792894 >> 172.21.15.107:0/3371792894 conn(0x7f1250102df0 msgr2=0x7f1250105210 unknown :-1 s=STATE_NONE l=0).mark_down
2024-05-10T10:44:45.958 INFO:teuthology.orchestra.run.smithi107.stdout:/usr/bin/ceph: stderr
2024-05-10T10:44:44.916+0000 7f125764b700 1 -- 172.21.15.107:0/3371792894 shutdown_connections
2024-05-10T10:44:45.958 INFO:teuthology.orchestra.run.smithi107.stdout:/usr/bin/ceph: stderr
2024-05-10T10:44:44.916+0000 7f125764b700 1 -- 172.21.15.107:0/3371792894 wait complete.
2024-05-10T10:44:45.958 INFO:teuthology.orchestra.run.smithi107.stdout:/usr/bin/ceph: stderr
2024-05-10T10:44:44.916+0000 7f125764b700 1 Processor -- start
2024-05-10T10:44:45.958 INFO:teuthology.orchestra.run.smithi107.stdout:/usr/bin/ceph: stderr
2024-05-10T10:44:44.916+0000 7f125764b700 1 -- start start
2024-05-10T10:44:45.959 INFO:teuthology.orchestra.run.smithi107.stdout:/usr/bin/ceph: stderr
2024-05-10T10:44:44.917+0000 7f125764b700 1 --2- >> [v2:172.21.15.107:3300/0,v1:172.21.15.107:6789/0] conn(0x7f125010a770 0x7f1250109d90 unknown :-1 s=NONE pgs=0 cs=0 l=1 rev1=0 crypto rx=0 tx=0 comp rx=0 tx=0).connect
2024-05-10T10:44:45.959 INFO:teuthology.orchestra.run.smithi107.stdout:/usr/bin/ceph: stderr
2024-05-10T10:44:44.917+0000 7f125764b700 1 -- --> [v2:172.21.15.107:3300/0,v1:172.21.15.107:6789/0] -- mon_getmap magic: 0 -- 0x7f1250107f60 con 0x7f125010a770
2024-05-10T10:44:45.959 INFO:teuthology.orchestra.run.smithi107.stdout:/usr/bin/ceph: stderr
2024-05-10T10:44:44.917+0000 7f12553e7700 1 --2- >> [v2:172.21.15.107:3300/0,v1:172.21.15.107:6789/0] conn(0x7f125010a770 0x7f1250109d90 unknown :-1 s=BANNER_CONNECTING pgs=0 cs=0 l=1 rev1=0 crypto rx=0 tx=0 comp rx=0 tx=0)._handle_peer_banner_payload supported=3 required=0
2024-05-10T10:44:45.959 INFO:teuthology.orchestra.run.smithi107.stdout:/usr/bin/ceph: stderr
2024-05-10T10:44:44.917+0000 7f12553e7700 1 --2- >> [v2:172.21.15.107:3300/0,v1:172.21.15.107:6789/0] conn(0x7f125010a770 0x7f1250109d90 unknown :-1 s=HELLO_CONNECTING pgs=0 cs=0 l=1 rev1=1 crypto rx=0 tx=0 comp rx=0 tx=0).handle_hello peer v2:172.21.15.107:3300/0 says I am v2:172.21.15.107:59372/0 (socket says 172.21.15.107:59372)
2024-05-10T10:44:45.959 INFO:teuthology.orchestra.run.smithi107.stdout:/usr/bin/ceph: stderr
2024-05-10T10:44:44.917+0000 7f12553e7700 1 -- 172.21.15.107:0/281952109 learned_addr learned my addr 172.21.15.107:0/281952109 (peer_addr_for_me v2:172.21.15.107:0/0)
2024-05-10T10:44:45.959 INFO:teuthology.orchestra.run.smithi107.stdout:/usr/bin/ceph: stderr
2024-05-10T10:44:44.917+0000 7f12553e7700 1 -- 172.21.15.107:0/281952109 --> [v2:172.21.15.107:3300/0,v1:172.21.15.107:6789/0] -- mon_subscribe({config=0+,monmap=0+}) -- 0x7f125010a2d0 con 0x7f125010a770
2024-05-10T10:44:45.959 INFO:teuthology.orchestra.run.smithi107.stdout:/usr/bin/ceph: stderr
2024-05-10T10:44:44.917+0000 7f12553e7700 1 --2- 172.21.15.107:0/281952109 >> [v2:172.21.15.107:3300/0,v1:172.21.15.107:6789/0] conn(0x7f125010a770 0x7f1250109d90 secure :-1 s=READY pgs=42 cs=0 l=1 rev1=1 crypto rx=0x7f124c006af0 tx=0x7f124c011c10 comp rx=0 tx=0).ready entity=mon.0 client_cookie=0 server_cookie=0 in_seq=0 out_seq=0
2024-05-10T10:44:45.959 INFO:teuthology.orchestra.run.smithi107.stdout:/usr/bin/ceph: stderr
2024-05-10T10:44:44.917+0000 7f12467fc700 1 -- 172.21.15.107:0/281952109 <== mon.0 v2:172.21.15.107:3300/0 1 ==== mon_map magic: 0 ==== 205+0+0 (secure 0 0 0) 0x7f124c003930 con 0x7f125010a770
2024-05-10T10:44:45.959 INFO:teuthology.orchestra.run.smithi107.stdout:/usr/bin/ceph: stderr
2024-05-10T10:44:44.917+0000 7f12467fc700 1 -- 172.21.15.107:0/281952109 <== mon.0 v2:172.21.15.107:3300/0 2 ==== config(27 keys) ==== 1104+0+0 (secure 0 0 0) 0x7f124c003ad0 con 0x7f125010a770
2024-05-10T10:44:45.959 INFO:teuthology.orchestra.run.smithi107.stdout:/usr/bin/ceph: stderr
2024-05-10T10:44:44.917+0000 7f125764b700 1 -- 172.21.15.107:0/281952109 --> [v2:172.21.15.107:3300/0,v1:172.21.15.107:6789/0] -- mon_subscribe({mgrmap=0+}) -- 0x7f12501084c0 con 0x7f125010a770
2024-05-10T10:44:45.959 INFO:teuthology.orchestra.run.smithi107.stdout:/usr/bin/ceph: stderr
2024-05-10T10:44:44.917+0000 7f12467fc700 1 -- 172.21.15.107:0/281952109 <== mon.0 v2:172.21.15.107:3300/0 3 ==== mon_map magic: 0 ==== 205+0+0 (secure 0 0 0) 0x7f124c019610 con 0x7f125010a770
2024-05-10T10:44:45.959 INFO:teuthology.orchestra.run.smithi107.stdout:/usr/bin/ceph: stderr
2024-05-10T10:44:44.917+0000 7f125764b700 1 -- 172.21.15.107:0/281952109 --> [v2:172.21.15.107:3300/0,v1:172.21.15.107:6789/0] -- mon_subscribe({osdmap=0}) -- 0x7f1250108980 con 0x7f125010a770
2024-05-10T10:44:45.959 INFO:teuthology.orchestra.run.smithi107.stdout:/usr/bin/ceph: stderr
2024-05-10T10:44:44.918+0000 7f12467fc700 1 -- 172.21.15.107:0/281952109 <== mon.0 v2:172.21.15.107:3300/0 4 ==== mgrmap(e 8) ==== 50222+0+0 (secure 0 0 0) 0x7f124c01a430 con 0x7f125010a770
2024-05-10T10:44:45.959 INFO:teuthology.orchestra.run.smithi107.stdout:/usr/bin/ceph: stderr
2024-05-10T10:44:44.918+0000 7f125764b700 1 -- 172.21.15.107:0/281952109 --> [v2:172.21.15.107:3300/0,v1:172.21.15.107:6789/0] -- mon_command({"prefix": "get_command_descriptions"} v 0) -- 0x7f125010d740 con 0x7f125010a770
2024-05-10T10:44:45.960 INFO:teuthology.orchestra.run.smithi107.stdout:/usr/bin/ceph: stderr
2024-05-10T10:44:44.918+0000 7f12467fc700 1 --2- 172.21.15.107:0/281952109 >> [v2:172.21.15.107:6800/892499090,v1:172.21.15.107:6801/892499090] conn(0x7f123c03e470 0x7f123c040930 unknown :-1 s=NONE pgs=0 cs=0 l=1 rev1=0 crypto rx=0 tx=0 comp rx=0 tx=0).connect
2024-05-10T10:44:45.960 INFO:teuthology.orchestra.run.smithi107.stdout:/usr/bin/ceph: stderr
2024-05-10T10:44:44.919+0000 7f12467fc700 1 -- 172.21.15.107:0/281952109 <== mon.0 v2:172.21.15.107:3300/0 5 ==== osd_map(2..2 src has 1..2) ==== 940+0+0 (secure 0 0 0) 0x7f124c053a00 con 0x7f125010a770
2024-05-10T10:44:45.960 INFO:teuthology.orchestra.run.smithi107.stdout:/usr/bin/ceph: stderr
2024-05-10T10:44:44.919+0000 7f1254be6700 1 --2- 172.21.15.107:0/281952109 >> [v2:172.21.15.107:6800/892499090,v1:172.21.15.107:6801/892499090] conn(0x7f123c03e470 0x7f123c040930 unknown :-1 s=BANNER_CONNECTING pgs=0 cs=0 l=1 rev1=0 crypto rx=0 tx=0 comp rx=0 tx=0)._handle_peer_banner_payload supported=3 required=0
2024-05-10T10:44:45.960 INFO:teuthology.orchestra.run.smithi107.stdout:/usr/bin/ceph: stderr
2024-05-10T10:44:44.919+0000 7f1254be6700 1 --2- 172.21.15.107:0/281952109 >> [v2:172.21.15.107:6800/892499090,v1:172.21.15.107:6801/892499090] conn(0x7f123c03e470 0x7f123c040930 secure :-1 s=READY pgs=9 cs=0 l=1 rev1=1 crypto rx=0x7f1240006fd0 tx=0x7f1240006e40 comp rx=0 tx=0).ready entity=mgr.14120 client_cookie=0 server_cookie=0 in_seq=0 out_seq=0
2024-05-10T10:44:45.960 INFO:teuthology.orchestra.run.smithi107.stdout:/usr/bin/ceph: stderr
2024-05-10T10:44:44.923+0000 7f12467fc700 1 -- 172.21.15.107:0/281952109 <== mon.0 v2:172.21.15.107:3300/0 6 ==== mon_command_ack([{"prefix": "get_command_descriptions"}]=0 v0) ==== 72+0+191839 (secure 0 0 0) 0x7f124c011e20 con 0x7f125010a770
2024-05-10T10:44:45.960 INFO:teuthology.orchestra.run.smithi107.stdout:/usr/bin/ceph: stderr
2024-05-10T10:44:45.125+0000 7f125764b700 1 -- 172.21.15.107:0/281952109 --> [v2:172.21.15.107:6800/892499090,v1:172.21.15.107:6801/892499090] -- mgr_command(tid 0: {"prefix": "cephadm generate-key", "target": ["mon-mgr", ""]}) -- 0x7f1250109290 con 0x7f123c03e470
2024-05-10T10:44:45.960 INFO:teuthology.orchestra.run.smithi107.stdout:/usr/bin/ceph: stderr
2024-05-10T10:44:45.365+0000 7f12467fc700 1 -- 172.21.15.107:0/281952109 <== mgr.14120 v2:172.21.15.107:6800/892499090 1 ==== mgr_command_reply(tid 0: 0 ) ==== 8+0+0 (secure 0 0 0) 0x7f1250109290 con 0x7f123c03e470
2024-05-10T10:44:45.960 INFO:teuthology.orchestra.run.smithi107.stdout:/usr/bin/ceph: stderr
2024-05-10T10:44:45.367+0000 7f125764b700 1 -- 172.21.15.107:0/281952109 >> [v2:172.21.15.107:6800/892499090,v1:172.21.15.107:6801/892499090] conn(0x7f123c03e470 msgr2=0x7f123c040930 secure :-1 s=STATE_CONNECTION_ESTABLISHED l=1).mark_down
2024-05-10T10:44:45.960 INFO:teuthology.orchestra.run.smithi107.stdout:/usr/bin/ceph: stderr
2024-05-10T10:44:45.367+0000 7f125764b700 1 --2- 172.21.15.107:0/281952109 >> [v2:172.21.15.107:6800/892499090,v1:172.21.15.107:6801/892499090] conn(0x7f123c03e470 0x7f123c040930 secure :-1 s=READY pgs=9 cs=0 l=1 rev1=1 crypto rx=0x7f1240006fd0 tx=0x7f1240006e40 comp rx=0 tx=0).stop
2024-05-10T10:44:45.960 INFO:teuthology.orchestra.run.smithi107.stdout:/usr/bin/ceph: stderr
2024-05-10T10:44:45.367+0000 7f125764b700 1 -- 172.21.15.107:0/281952109 >> [v2:172.21.15.107:3300/0,v1:172.21.15.107:6789/0] conn(0x7f125010a770 msgr2=0x7f1250109d90 secure :-1 s=STATE_CONNECTION_ESTABLISHED l=1).mark_down
2024-05-10T10:44:45.961 INFO:teuthology.orchestra.run.smithi107.stdout:/usr/bin/ceph: stderr
2024-05-10T10:44:45.367+0000 7f125764b700 1 --2- 172.21.15.107:0/281952109 >> [v2:172.21.15.107:3300/0,v1:172.21.15.107:6789/0] conn(0x7f125010a770 0x7f1250109d90 secure :-1 s=READY pgs=42 cs=0 l=1 rev1=1 crypto rx=0x7f124c006af0 tx=0x7f124c011c10 comp rx=0 tx=0).stop
2024-05-10T10:44:45.961 INFO:teuthology.orchestra.run.smithi107.stdout:/usr/bin/ceph: stderr
2024-05-10T10:44:45.367+0000 7f125764b700 1 -- 172.21.15.107:0/281952109 shutdown_connections
2024-05-10T10:44:45.961 INFO:teuthology.orchestra.run.smithi107.stdout:/usr/bin/ceph: stderr
2024-05-10T10:44:45.367+0000 7f125764b700 1 --2- 172.21.15.107:0/281952109 >> [v2:172.21.15.107:6800/892499090,v1:172.21.15.107:6801/892499090] conn(0x7f123c03e470 0x7f123c040930 unknown :-1 s=CLOSED pgs=9 cs=0 l=1 rev1=1 crypto rx=0 tx=0 comp rx=0 tx=0).stop
2024-05-10T10:44:45.961 INFO:teuthology.orchestra.run.smithi107.stdout:/usr/bin/ceph: stderr
2024-05-10T10:44:45.367+0000 7f125764b700 1 --2- 172.21.15.107:0/281952109 >> [v2:172.21.15.107:3300/0,v1:172.21.15.107:6789/0] conn(0x7f125010a770 0x7f1250109d90 unknown :-1 s=CLOSED pgs=42 cs=0 l=1 rev1=1 crypto rx=0 tx=0 comp rx=0 tx=0).stop
2024-05-10T10:44:45.961 INFO:teuthology.orchestra.run.smithi107.stdout:/usr/bin/ceph: stderr
2024-05-10T10:44:45.367+0000 7f125764b700 1 -- 172.21.15.107:0/281952109 >> 172.21.15.107:0/281952109 conn(0x7f1250102df0 msgr2=0x7f1250103950 unknown :-1 s=STATE_NONE l=0).mark_down
2024-05-10T10:44:45.961 INFO:teuthology.orchestra.run.smithi107.stdout:/usr/bin/ceph: stderr
2024-05-10T10:44:45.367+0000 7f125764b700 1 -- 172.21.15.107:0/281952109 shutdown_connections
2024-05-10T10:44:45.961 INFO:teuthology.orchestra.run.smithi107.stdout:/usr/bin/ceph: stderr
2024-05-10T10:44:45.367+0000 7f125764b700 1 -- 172.21.15.107:0/281952109 wait complete.
2024-05-10T10:44:47.163 INFO:teuthology.orchestra.run.smithi107.stdout:/usr/bin/ceph: stdout ssh-rsa AAAAB3NzaC1yc2EAAAADAQABAAABgQDZ2jTjakOAcd0dEY2ebwicktqPpIyZd5J5sAmljeNwXxd+BOEVLk8ObiPRjrpWzL9DzPbLPM9yfDQJLWlDXzmHggoqlxHVsnfr55OIXBg+XI3u1PPolN2yy1EfZey1SKGXxSlD/O0e0FiJFuvwo0BnncCI0FLYxj1yQ6Ova14aTMpQWhTuOf65HJK6pDtIxiDYtcBhWDSsPjcuxGSGSHFPXg33FzDSfndcBRC2T1wQ2QVYYF1W/lRhOZwhqfvAnJNus4WVnrT7k1GGQajWulEHddcs2xfiMKCXGO+hTWyLJmuh+/tkW20COdOaA5O9LcCDCqO9vJgtN7ZwpVulpflUQ5QSGWbqksgxHFI5GSdB49xIyEmVKfHBL8pS6zYUFwkL3NL+QvOjxvFOVSQVdI412nKXXMipQLvxrHNQEvBJxqiW0yTxH9OOCE/vx+QzC8FrOgG73AkhFKIdsxq1v5DHN8YBHvUMxxw73oRKMwqJSK2Qwy9Y8dPAFXu8dIbN9Mc= ceph-0ba8a8e4-0eba-11ef-bc98-c7b262605968
2024-05-10T10:44:47.164 INFO:teuthology.orchestra.run.smithi107.stdout:/usr/bin/ceph: stderr
2024-05-10T10:44:46.395+0000 7f4bacdf6700 1 Processor -- start
2024-05-10T10:44:47.164 INFO:teuthology.orchestra.run.smithi107.stdout:/usr/bin/ceph: stderr
2024-05-10T10:44:46.395+0000 7f4bacdf6700 1 -- start start
2024-05-10T10:44:47.164 INFO:teuthology.orchestra.run.smithi107.stdout:/usr/bin/ceph: stderr
2024-05-10T10:44:46.396+0000 7f4bacdf6700 1 --2- >> [v2:172.21.15.107:3300/0,v1:172.21.15.107:6789/0] conn(0x7f4ba81080c0 0x7f4ba81084e0 unknown :-1 s=NONE pgs=0 cs=0 l=0 rev1=0 crypto rx=0 tx=0 comp rx=0 tx=0).connect
2024-05-10T10:44:47.164 INFO:teuthology.orchestra.run.smithi107.stdout:/usr/bin/ceph: stderr
2024-05-10T10:44:46.396+0000 7f4bacdf6700 1 -- --> [v2:172.21.15.107:3300/0,v1:172.21.15.107:6789/0] -- mon_getmap magic: 0 -- 0x7f4ba8108ab0 con 0x7f4ba81080c0
2024-05-10T10:44:47.164 INFO:teuthology.orchestra.run.smithi107.stdout:/usr/bin/ceph: stderr
2024-05-10T10:44:46.396+0000 7f4ba659c700 1 --2- >> [v2:172.21.15.107:3300/0,v1:172.21.15.107:6789/0] conn(0x7f4ba81080c0 0x7f4ba81084e0 unknown :-1 s=BANNER_CONNECTING pgs=0 cs=0 l=0 rev1=0 crypto rx=0 tx=0 comp rx=0 tx=0)._handle_peer_banner_payload supported=3 required=0
2024-05-10T10:44:47.164 INFO:teuthology.orchestra.run.smithi107.stdout:/usr/bin/ceph: stderr
2024-05-10T10:44:46.396+0000 7f4ba659c700 1 --2- >> [v2:172.21.15.107:3300/0,v1:172.21.15.107:6789/0] conn(0x7f4ba81080c0 0x7f4ba81084e0 unknown :-1 s=HELLO_CONNECTING pgs=0 cs=0 l=0 rev1=1 crypto rx=0 tx=0 comp rx=0 tx=0).handle_hello peer v2:172.21.15.107:3300/0 says I am v2:172.21.15.107:59384/0 (socket says 172.21.15.107:59384)
2024-05-10T10:44:47.164 INFO:teuthology.orchestra.run.smithi107.stdout:/usr/bin/ceph: stderr
2024-05-10T10:44:46.396+0000 7f4ba659c700 1 -- 172.21.15.107:0/4137192523 learned_addr learned my addr 172.21.15.107:0/4137192523 (peer_addr_for_me v2:172.21.15.107:0/0)
2024-05-10T10:44:47.164 INFO:teuthology.orchestra.run.smithi107.stdout:/usr/bin/ceph: stderr
2024-05-10T10:44:46.396+0000 7f4ba659c700 1 -- 172.21.15.107:0/4137192523 --> [v2:172.21.15.107:3300/0,v1:172.21.15.107:6789/0] -- mon_subscribe({config=0+,monmap=0+}) -- 0x7f4ba81092c0 con 0x7f4ba81080c0
2024-05-10T10:44:47.164 INFO:teuthology.orchestra.run.smithi107.stdout:/usr/bin/ceph: stderr
2024-05-10T10:44:46.396+0000 7f4ba659c700 1 --2- 172.21.15.107:0/4137192523 >> [v2:172.21.15.107:3300/0,v1:172.21.15.107:6789/0] conn(0x7f4ba81080c0 0x7f4ba81084e0 secure :-1 s=READY pgs=43 cs=0 l=1 rev1=1 crypto rx=0x7f4b980098a0 tx=0x7f4b98009bb0 comp rx=0 tx=0).ready entity=mon.0 client_cookie=4a9b72991c94be5a server_cookie=0 in_seq=0 out_seq=0
2024-05-10T10:44:47.164 INFO:teuthology.orchestra.run.smithi107.stdout:/usr/bin/ceph: stderr
2024-05-10T10:44:46.396+0000 7f4ba559a700 1 -- 172.21.15.107:0/4137192523 <== mon.0 v2:172.21.15.107:3300/0 1 ==== mon_map magic: 0 ==== 205+0+0 (secure 0 0 0) 0x7f4b98004160 con 0x7f4ba81080c0
2024-05-10T10:44:47.165 INFO:teuthology.orchestra.run.smithi107.stdout:/usr/bin/ceph: stderr
2024-05-10T10:44:46.396+0000 7f4ba559a700 1 -- 172.21.15.107:0/4137192523 <== mon.0 v2:172.21.15.107:3300/0 2 ==== config(27 keys) ==== 1104+0+0 (secure 0 0 0) 0x7f4b98004300 con 0x7f4ba81080c0
2024-05-10T10:44:47.165 INFO:teuthology.orchestra.run.smithi107.stdout:/usr/bin/ceph: stderr
2024-05-10T10:44:46.396+0000 7f4ba559a700 1 -- 172.21.15.107:0/4137192523 <== mon.0 v2:172.21.15.107:3300/0 3 ==== mon_map magic: 0 ==== 205+0+0 (secure 0 0 0) 0x7f4b98011b20 con 0x7f4ba81080c0
2024-05-10T10:44:47.165 INFO:teuthology.orchestra.run.smithi107.stdout:/usr/bin/ceph: stderr
2024-05-10T10:44:46.397+0000 7f4bacdf6700 1 -- 172.21.15.107:0/4137192523 >> [v2:172.21.15.107:3300/0,v1:172.21.15.107:6789/0] conn(0x7f4ba81080c0 msgr2=0x7f4ba81084e0 secure :-1 s=STATE_CONNECTION_ESTABLISHED l=1).mark_down
2024-05-10T10:44:47.165 INFO:teuthology.orchestra.run.smithi107.stdout:/usr/bin/ceph: stderr
2024-05-10T10:44:46.397+0000 7f4bacdf6700 1 --2- 172.21.15.107:0/4137192523 >> [v2:172.21.15.107:3300/0,v1:172.21.15.107:6789/0] conn(0x7f4ba81080c0 0x7f4ba81084e0 secure :-1 s=READY pgs=43 cs=0 l=1 rev1=1 crypto rx=0x7f4b980098a0 tx=0x7f4b98009bb0 comp rx=0 tx=0).stop
2024-05-10T10:44:47.165 INFO:teuthology.orchestra.run.smithi107.stdout:/usr/bin/ceph: stderr
2024-05-10T10:44:46.397+0000 7f4bacdf6700 1 -- 172.21.15.107:0/4137192523 shutdown_connections
2024-05-10T10:44:47.165 INFO:teuthology.orchestra.run.smithi107.stdout:/usr/bin/ceph: stderr
2024-05-10T10:44:46.397+0000 7f4bacdf6700 1 --2- 172.21.15.107:0/4137192523 >> [v2:172.21.15.107:3300/0,v1:172.21.15.107:6789/0] conn(0x7f4ba81080c0 0x7f4ba81084e0 unknown :-1 s=CLOSED pgs=43 cs=0 l=1 rev1=1 crypto rx=0 tx=0 comp rx=0 tx=0).stop
2024-05-10T10:44:47.165 INFO:teuthology.orchestra.run.smithi107.stdout:/usr/bin/ceph: stderr
2024-05-10T10:44:46.397+0000 7f4bacdf6700 1 -- 172.21.15.107:0/4137192523 >> 172.21.15.107:0/4137192523 conn(0x7f4ba8103680 msgr2=0x7f4ba8105aa0 unknown :-1 s=STATE_NONE l=0).mark_down
2024-05-10T10:44:47.165 INFO:teuthology.orchestra.run.smithi107.stdout:/usr/bin/ceph: stderr
2024-05-10T10:44:46.397+0000 7f4bacdf6700 1 -- 172.21.15.107:0/4137192523 shutdown_connections
2024-05-10T10:44:47.165 INFO:teuthology.orchestra.run.smithi107.stdout:/usr/bin/ceph: stderr
2024-05-10T10:44:46.397+0000 7f4bacdf6700 1 -- 172.21.15.107:0/4137192523 wait complete.
2024-05-10T10:44:47.165 INFO:teuthology.orchestra.run.smithi107.stdout:/usr/bin/ceph: stderr
2024-05-10T10:44:46.398+0000 7f4bacdf6700 1 Processor -- start
2024-05-10T10:44:47.165 INFO:teuthology.orchestra.run.smithi107.stdout:/usr/bin/ceph: stderr
2024-05-10T10:44:46.398+0000 7f4bacdf6700 1 -- start start
2024-05-10T10:44:47.165 INFO:teuthology.orchestra.run.smithi107.stdout:/usr/bin/ceph: stderr
2024-05-10T10:44:46.398+0000 7f4bacdf6700 1 --2- >> [v2:172.21.15.107:3300/0,v1:172.21.15.107:6789/0] conn(0x7f4ba81080c0 0x7f4ba807ca90 unknown :-1 s=NONE pgs=0 cs=0 l=1 rev1=0 crypto rx=0 tx=0 comp rx=0 tx=0).connect
2024-05-10T10:44:47.165 INFO:teuthology.orchestra.run.smithi107.stdout:/usr/bin/ceph: stderr
2024-05-10T10:44:46.398+0000 7f4bacdf6700 1 -- --> [v2:172.21.15.107:3300/0,v1:172.21.15.107:6789/0] -- mon_getmap magic: 0 -- 0x7f4ba810c670 con 0x7f4ba81080c0
2024-05-10T10:44:47.165 INFO:teuthology.orchestra.run.smithi107.stdout:/usr/bin/ceph: stderr
2024-05-10T10:44:46.398+0000 7f4ba659c700 1 --2- >> [v2:172.21.15.107:3300/0,v1:172.21.15.107:6789/0] conn(0x7f4ba81080c0 0x7f4ba807ca90 unknown :-1 s=BANNER_CONNECTING pgs=0 cs=0 l=1 rev1=0 crypto rx=0 tx=0 comp rx=0 tx=0)._handle_peer_banner_payload supported=3 required=0
2024-05-10T10:44:47.166 INFO:teuthology.orchestra.run.smithi107.stdout:/usr/bin/ceph: stderr
2024-05-10T10:44:46.398+0000 7f4ba659c700 1 --2- >> [v2:172.21.15.107:3300/0,v1:172.21.15.107:6789/0] conn(0x7f4ba81080c0 0x7f4ba807ca90 unknown :-1 s=HELLO_CONNECTING pgs=0 cs=0 l=1 rev1=1 crypto rx=0 tx=0 comp rx=0 tx=0).handle_hello peer v2:172.21.15.107:3300/0 says I am v2:172.21.15.107:59396/0 (socket says 172.21.15.107:59396)
2024-05-10T10:44:47.166 INFO:teuthology.orchestra.run.smithi107.stdout:/usr/bin/ceph: stderr
2024-05-10T10:44:46.398+0000 7f4ba659c700 1 -- 172.21.15.107:0/27141778 learned_addr learned my addr 172.21.15.107:0/27141778 (peer_addr_for_me v2:172.21.15.107:0/0)
2024-05-10T10:44:47.166 INFO:teuthology.orchestra.run.smithi107.stdout:/usr/bin/ceph: stderr
2024-05-10T10:44:46.398+0000 7f4ba659c700 1 -- 172.21.15.107:0/27141778 --> [v2:172.21.15.107:3300/0,v1:172.21.15.107:6789/0] -- mon_subscribe({config=0+,monmap=0+}) -- 0x7f4ba819fd90 con 0x7f4ba81080c0
2024-05-10T10:44:47.166 INFO:teuthology.orchestra.run.smithi107.stdout:/usr/bin/ceph: stderr
2024-05-10T10:44:46.399+0000 7f4ba659c700 1 --2- 172.21.15.107:0/27141778 >> [v2:172.21.15.107:3300/0,v1:172.21.15.107:6789/0] conn(0x7f4ba81080c0 0x7f4ba807ca90 secure :-1 s=READY pgs=44 cs=0 l=1 rev1=1 crypto rx=0x7f4b98006af0 tx=0x7f4b98011ce0 comp rx=0 tx=0).ready entity=mon.0 client_cookie=0 server_cookie=0 in_seq=0 out_seq=0
2024-05-10T10:44:47.166 INFO:teuthology.orchestra.run.smithi107.stdout:/usr/bin/ceph: stderr
2024-05-10T10:44:46.399+0000 7f4b977fe700 1 -- 172.21.15.107:0/27141778 <== mon.0 v2:172.21.15.107:3300/0 1 ==== mon_map magic: 0 ==== 205+0+0 (secure 0 0 0) 0x7f4b98003b90 con 0x7f4ba81080c0
2024-05-10T10:44:47.166 INFO:teuthology.orchestra.run.smithi107.stdout:/usr/bin/ceph: stderr
2024-05-10T10:44:46.399+0000 7f4b977fe700 1 -- 172.21.15.107:0/27141778 <== mon.0 v2:172.21.15.107:3300/0 2 ==== config(27 keys) ==== 1104+0+0 (secure 0 0 0) 0x7f4b98003d30 con 0x7f4ba81080c0
2024-05-10T10:44:47.166 INFO:teuthology.orchestra.run.smithi107.stdout:/usr/bin/ceph: stderr
2024-05-10T10:44:46.399+0000 7f4b977fe700 1 -- 172.21.15.107:0/27141778 <== mon.0 v2:172.21.15.107:3300/0 3 ==== mon_map magic: 0 ==== 205+0+0 (secure 0 0 0) 0x7f4b980197c0 con 0x7f4ba81080c0
2024-05-10T10:44:47.166 INFO:teuthology.orchestra.run.smithi107.stdout:/usr/bin/ceph: stderr
2024-05-10T10:44:46.399+0000 7f4bacdf6700 1 -- 172.21.15.107:0/27141778 --> [v2:172.21.15.107:3300/0,v1:172.21.15.107:6789/0] -- mon_subscribe({mgrmap=0+}) -- 0x7f4ba819ff60 con 0x7f4ba81080c0
2024-05-10T10:44:47.166 INFO:teuthology.orchestra.run.smithi107.stdout:/usr/bin/ceph: stderr
2024-05-10T10:44:46.399+0000 7f4bacdf6700 1 -- 172.21.15.107:0/27141778 --> [v2:172.21.15.107:3300/0,v1:172.21.15.107:6789/0] -- mon_subscribe({osdmap=0}) -- 0x7f4ba81a0300 con 0x7f4ba81080c0
