2024-05-10T11:01:38.275+0000 7f36821c2700 1 -- 172.21.15.62:0/1511290175 --> [v2:172.21.15.62:6800/3241920410,v1:172.21.15.62:6801/3241920410] -- mgr_command(tid 0: {"prefix": "cephadm get-pub-key", "target": ["mon-mgr", ""]}) -- 0x7f367c1046f0 con 0x7f366803e420
2024-05-10T11:01:38.805 INFO:teuthology.orchestra.run.smithi062.stdout:/usr/bin/ceph: stderr
2024-05-10T11:01:38.276+0000 7f3678ff9700 1 -- 172.21.15.62:0/1511290175 <== mgr.14120 v2:172.21.15.62:6800/3241920410 1 ==== mgr_command_reply(tid 0: 0 ) ==== 8+0+595 (secure 0 0 0) 0x7f367c1046f0 con 0x7f366803e420
2024-05-10T11:01:38.805 INFO:teuthology.orchestra.run.smithi062.stdout:/usr/bin/ceph: stderr
2024-05-10T11:01:38.279+0000 7f36821c2700 1 -- 172.21.15.62:0/1511290175 >> [v2:172.21.15.62:6800/3241920410,v1:172.21.15.62:6801/3241920410] conn(0x7f366803e420 msgr2=0x7f36680408e0 secure :-1 s=STATE_CONNECTION_ESTABLISHED l=1).mark_down
2024-05-10T11:01:38.805 INFO:teuthology.orchestra.run.smithi062.stdout:/usr/bin/ceph: stderr
2024-05-10T11:01:38.279+0000 7f36821c2700 1 --2- 172.21.15.62:0/1511290175 >> [v2:172.21.15.62:6800/3241920410,v1:172.21.15.62:6801/3241920410] conn(0x7f366803e420 0x7f36680408e0 secure :-1 s=READY pgs=10 cs=0 l=1 rev1=1 crypto rx=0x7f3664006fd0 tx=0x7f3664006e40 comp rx=0 tx=0).stop
2024-05-10T11:01:38.805 INFO:teuthology.orchestra.run.smithi062.stdout:/usr/bin/ceph: stderr
2024-05-10T11:01:38.279+0000 7f36821c2700 1 -- 172.21.15.62:0/1511290175 >> [v2:172.21.15.62:3300/0,v1:172.21.15.62:6789/0] conn(0x7f367c109b80 msgr2=0x7f367c19cf90 secure :-1 s=STATE_CONNECTION_ESTABLISHED l=1).mark_down
2024-05-10T11:01:38.805 INFO:teuthology.orchestra.run.smithi062.stdout:/usr/bin/ceph: stderr
2024-05-10T11:01:38.279+0000 7f36821c2700 1 --2- 172.21.15.62:0/1511290175 >> [v2:172.21.15.62:3300/0,v1:172.21.15.62:6789/0] conn(0x7f367c109b80 0x7f367c19cf90 secure :-1 s=READY pgs=44 cs=0 l=1 rev1=1 crypto rx=0x7f366c003f40 tx=0x7f366c011890 comp rx=0 tx=0).stop
2024-05-10T11:01:38.805 INFO:teuthology.orchestra.run.smithi062.stdout:/usr/bin/ceph: stderr
2024-05-10T11:01:38.279+0000 7f36821c2700 1 -- 172.21.15.62:0/1511290175 shutdown_connections
2024-05-10T11:01:38.805 INFO:teuthology.orchestra.run.smithi062.stdout:/usr/bin/ceph: stderr
2024-05-10T11:01:38.279+0000 7f36821c2700 1 --2- 172.21.15.62:0/1511290175 >> [v2:172.21.15.62:6800/3241920410,v1:172.21.15.62:6801/3241920410] conn(0x7f366803e420 0x7f36680408e0 unknown :-1 s=CLOSED pgs=10 cs=0 l=1 rev1=1 crypto rx=0 tx=0 comp rx=0 tx=0).stop
2024-05-10T11:01:38.805 INFO:teuthology.orchestra.run.smithi062.stdout:/usr/bin/ceph: stderr
2024-05-10T11:01:38.279+0000 7f36821c2700 1 --2- 172.21.15.62:0/1511290175 >> [v2:172.21.15.62:3300/0,v1:172.21.15.62:6789/0] conn(0x7f367c109b80 0x7f367c19cf90 unknown :-1 s=CLOSED pgs=44 cs=0 l=1 rev1=1 crypto rx=0 tx=0 comp rx=0 tx=0).stop
2024-05-10T11:01:38.806 INFO:teuthology.orchestra.run.smithi062.stdout:/usr/bin/ceph: stderr
2024-05-10T11:01:38.279+0000 7f36821c2700 1 -- 172.21.15.62:0/1511290175 >> 172.21.15.62:0/1511290175 conn(0x7f367c103530 msgr2=0x7f367c103fe0 unknown :-1 s=STATE_NONE l=0).mark_down
2024-05-10T11:01:38.806 INFO:teuthology.orchestra.run.smithi062.stdout:/usr/bin/ceph: stderr
2024-05-10T11:01:38.279+0000 7f36821c2700 1 -- 172.21.15.62:0/1511290175 shutdown_connections
2024-05-10T11:01:38.806 INFO:teuthology.orchestra.run.smithi062.stdout:/usr/bin/ceph: stderr
2024-05-10T11:01:38.279+0000 7f36821c2700 1 -- 172.21.15.62:0/1511290175 wait complete.
2024-05-10T11:01:38.806 INFO:teuthology.orchestra.run.smithi062.stdout:Wrote public SSH key to /home/ubuntu/cephtest/ceph.pub
2024-05-10T11:01:38.806 INFO:teuthology.orchestra.run.smithi062.stdout:Adding key to root@localhost authorized_keys...
2024-05-10T11:01:38.806 INFO:teuthology.orchestra.run.smithi062.stdout:Adding host smithi062...
2024-05-10T11:01:39.188 INFO:journalctl@ceph.mon.a.smithi062.stdout:May 10 11:01:39 smithi062 ceph-mon[30167]: from='client.14138 -' entity='client.admin' cmd=[{"prefix": "cephadm get-pub-key", "target": ["mon-mgr", ""]}]: dispatch
2024-05-10T11:01:40.378 INFO:journalctl@ceph.mon.a.smithi062.stdout:May 10 11:01:40 smithi062 ceph-mon[30167]: from='client.14140 -' entity='client.admin' cmd=[{"prefix": "orch host add", "hostname": "smithi062", "addr": "172.21.15.62", "target": ["mon-mgr", ""]}]: dispatch
2024-05-10T11:01:41.438 INFO:journalctl@ceph.mon.a.smithi062.stdout:May 10 11:01:41 smithi062 ceph-mon[30167]: Deploying cephadm binary to smithi062
2024-05-10T11:01:44.451 INFO:teuthology.orchestra.run.smithi062.stdout:/usr/bin/ceph: stdout Added host 'smithi062' with addr '172.21.15.62'
2024-05-10T11:01:44.451 INFO:teuthology.orchestra.run.smithi062.stdout:/usr/bin/ceph: stderr
2024-05-10T11:01:39.254+0000 7f0419aa3700 1 Processor -- start
2024-05-10T11:01:44.452 INFO:teuthology.orchestra.run.smithi062.stdout:/usr/bin/ceph: stderr
2024-05-10T11:01:39.254+0000 7f0419aa3700 1 -- start start
2024-05-10T11:01:44.452 INFO:teuthology.orchestra.run.smithi062.stdout:/usr/bin/ceph: stderr
2024-05-10T11:01:39.254+0000 7f0419aa3700 1 --2- >> [v2:172.21.15.62:3300/0,v1:172.21.15.62:6789/0] conn(0x7f0414109080 0x7f04141094a0 unknown :-1 s=NONE pgs=0 cs=0 l=0 rev1=0 crypto rx=0 tx=0 comp rx=0 tx=0).connect
2024-05-10T11:01:44.452 INFO:teuthology.orchestra.run.smithi062.stdout:/usr/bin/ceph: stderr
2024-05-10T11:01:39.254+0000 7f0419aa3700 1 -- --> [v2:172.21.15.62:3300/0,v1:172.21.15.62:6789/0] -- mon_getmap magic: 0 -- 0x7f0414109a70 con 0x7f0414109080
2024-05-10T11:01:44.452 INFO:teuthology.orchestra.run.smithi062.stdout:/usr/bin/ceph: stderr
2024-05-10T11:01:39.254+0000 7f04137fe700 1 --2- >> [v2:172.21.15.62:3300/0,v1:172.21.15.62:6789/0] conn(0x7f0414109080 0x7f04141094a0 unknown :-1 s=BANNER_CONNECTING pgs=0 cs=0 l=0 rev1=0 crypto rx=0 tx=0 comp rx=0 tx=0)._handle_peer_banner_payload supported=3 required=0
2024-05-10T11:01:44.452 INFO:teuthology.orchestra.run.smithi062.stdout:/usr/bin/ceph: stderr
2024-05-10T11:01:39.254+0000 7f04137fe700 1 --2- >> [v2:172.21.15.62:3300/0,v1:172.21.15.62:6789/0] conn(0x7f0414109080 0x7f04141094a0 unknown :-1 s=HELLO_CONNECTING pgs=0 cs=0 l=0 rev1=1 crypto rx=0 tx=0 comp rx=0 tx=0).handle_hello peer v2:172.21.15.62:3300/0 says I am v2:172.21.15.62:45884/0 (socket says 172.21.15.62:45884)
2024-05-10T11:01:44.452 INFO:teuthology.orchestra.run.smithi062.stdout:/usr/bin/ceph: stderr
2024-05-10T11:01:39.254+0000 7f04137fe700 1 -- 172.21.15.62:0/4089147599 learned_addr learned my addr 172.21.15.62:0/4089147599 (peer_addr_for_me v2:172.21.15.62:0/0)
2024-05-10T11:01:44.452 INFO:teuthology.orchestra.run.smithi062.stdout:/usr/bin/ceph: stderr
2024-05-10T11:01:39.255+0000 7f04137fe700 1 -- 172.21.15.62:0/4089147599 --> [v2:172.21.15.62:3300/0,v1:172.21.15.62:6789/0] -- mon_subscribe({config=0+,monmap=0+}) -- 0x7f041410a280 con 0x7f0414109080
2024-05-10T11:01:44.452 INFO:teuthology.orchestra.run.smithi062.stdout:/usr/bin/ceph: stderr
2024-05-10T11:01:39.255+0000 7f04137fe700 1 --2- 172.21.15.62:0/4089147599 >> [v2:172.21.15.62:3300/0,v1:172.21.15.62:6789/0] conn(0x7f0414109080 0x7f04141094a0 secure :-1 s=READY pgs=45 cs=0 l=1 rev1=1 crypto rx=0x7f04040098a0 tx=0x7f0404009bb0 comp rx=0 tx=0).ready entity=mon.0 client_cookie=8dcc0eb3e884b906 server_cookie=0 in_seq=0 out_seq=0
2024-05-10T11:01:44.452 INFO:teuthology.orchestra.run.smithi062.stdout:/usr/bin/ceph: stderr
2024-05-10T11:01:39.255+0000 7f04127fc700 1 -- 172.21.15.62:0/4089147599 <== mon.0 v2:172.21.15.62:3300/0 1 ==== mon_map magic: 0 ==== 205+0+0 (secure 0 0 0) 0x7f0404004160 con 0x7f0414109080
2024-05-10T11:01:44.452 INFO:teuthology.orchestra.run.smithi062.stdout:/usr/bin/ceph: stderr
2024-05-10T11:01:39.255+0000 7f04127fc700 1 -- 172.21.15.62:0/4089147599 <== mon.0 v2:172.21.15.62:3300/0 2 ==== config(26 keys) ==== 1070+0+0 (secure 0 0 0) 0x7f0404004300 con 0x7f0414109080
2024-05-10T11:01:44.452 INFO:teuthology.orchestra.run.smithi062.stdout:/usr/bin/ceph: stderr
2024-05-10T11:01:39.255+0000 7f04127fc700 1 -- 172.21.15.62:0/4089147599 <== mon.0 v2:172.21.15.62:3300/0 3 ==== mon_map magic: 0 ==== 205+0+0 (secure 0 0 0) 0x7f0404011af0 con 0x7f0414109080
2024-05-10T11:01:44.452 INFO:teuthology.orchestra.run.smithi062.stdout:/usr/bin/ceph: stderr
2024-05-10T11:01:39.255+0000 7f0419aa3700 1 -- 172.21.15.62:0/4089147599 >> [v2:172.21.15.62:3300/0,v1:172.21.15.62:6789/0] conn(0x7f0414109080 msgr2=0x7f04141094a0 secure :-1 s=STATE_CONNECTION_ESTABLISHED l=1).mark_down
2024-05-10T11:01:44.453 INFO:teuthology.orchestra.run.smithi062.stdout:/usr/bin/ceph: stderr
2024-05-10T11:01:39.255+0000 7f0419aa3700 1 --2- 172.21.15.62:0/4089147599 >> [v2:172.21.15.62:3300/0,v1:172.21.15.62:6789/0] conn(0x7f0414109080 0x7f04141094a0 secure :-1 s=READY pgs=45 cs=0 l=1 rev1=1 crypto rx=0x7f04040098a0 tx=0x7f0404009bb0 comp rx=0 tx=0).stop
2024-05-10T11:01:44.453 INFO:teuthology.orchestra.run.smithi062.stdout:/usr/bin/ceph: stderr
2024-05-10T11:01:39.256+0000 7f0419aa3700 1 -- 172.21.15.62:0/4089147599 shutdown_connections
2024-05-10T11:01:44.453 INFO:teuthology.orchestra.run.smithi062.stdout:/usr/bin/ceph: stderr
2024-05-10T11:01:39.256+0000 7f0419aa3700 1 --2- 172.21.15.62:0/4089147599 >> [v2:172.21.15.62:3300/0,v1:172.21.15.62:6789/0] conn(0x7f0414109080 0x7f04141094a0 unknown :-1 s=CLOSED pgs=45 cs=0 l=1 rev1=1 crypto rx=0 tx=0 comp rx=0 tx=0).stop
2024-05-10T11:01:44.453 INFO:teuthology.orchestra.run.smithi062.stdout:/usr/bin/ceph: stderr
2024-05-10T11:01:39.256+0000 7f0419aa3700 1 -- 172.21.15.62:0/4089147599 >> 172.21.15.62:0/4089147599 conn(0x7f0414104620 msgr2=0x7f0414106a60 unknown :-1 s=STATE_NONE l=0).mark_down
2024-05-10T11:01:44.453 INFO:teuthology.orchestra.run.smithi062.stdout:/usr/bin/ceph: stderr
2024-05-10T11:01:39.256+0000 7f0419aa3700 1 -- 172.21.15.62:0/4089147599 shutdown_connections
2024-05-10T11:01:44.453 INFO:teuthology.orchestra.run.smithi062.stdout:/usr/bin/ceph: stderr
2024-05-10T11:01:39.256+0000 7f0419aa3700 1 -- 172.21.15.62:0/4089147599 wait complete.
2024-05-10T11:01:44.453 INFO:teuthology.orchestra.run.smithi062.stdout:/usr/bin/ceph: stderr
2024-05-10T11:01:39.256+0000 7f0419aa3700 1 Processor -- start
2024-05-10T11:01:44.453 INFO:teuthology.orchestra.run.smithi062.stdout:/usr/bin/ceph: stderr
2024-05-10T11:01:39.257+0000 7f0419aa3700 1 -- start start
2024-05-10T11:01:44.453 INFO:teuthology.orchestra.run.smithi062.stdout:/usr/bin/ceph: stderr
2024-05-10T11:01:39.257+0000 7f0419aa3700 1 --2- >> [v2:172.21.15.62:3300/0,v1:172.21.15.62:6789/0] conn(0x7f0414109080 0x7f041419d010 unknown :-1 s=NONE pgs=0 cs=0 l=1 rev1=0 crypto rx=0 tx=0 comp rx=0 tx=0).connect
2024-05-10T11:01:44.453 INFO:teuthology.orchestra.run.smithi062.stdout:/usr/bin/ceph: stderr
2024-05-10T11:01:39.257+0000 7f0419aa3700 1 -- --> [v2:172.21.15.62:3300/0,v1:172.21.15.62:6789/0] -- mon_getmap magic: 0 -- 0x7f041410d630 con 0x7f0414109080
2024-05-10T11:01:44.453 INFO:teuthology.orchestra.run.smithi062.stdout:/usr/bin/ceph: stderr
2024-05-10T11:01:39.257+0000 7f04137fe700 1 --2- >> [v2:172.21.15.62:3300/0,v1:172.21.15.62:6789/0] conn(0x7f0414109080 0x7f041419d010 unknown :-1 s=BANNER_CONNECTING pgs=0 cs=0 l=1 rev1=0 crypto rx=0 tx=0 comp rx=0 tx=0)._handle_peer_banner_payload supported=3 required=0
2024-05-10T11:01:44.453 INFO:teuthology.orchestra.run.smithi062.stdout:/usr/bin/ceph: stderr
2024-05-10T11:01:39.257+0000 7f04137fe700 1 --2- >> [v2:172.21.15.62:3300/0,v1:172.21.15.62:6789/0] conn(0x7f0414109080 0x7f041419d010 unknown :-1 s=HELLO_CONNECTING pgs=0 cs=0 l=1 rev1=1 crypto rx=0 tx=0 comp rx=0 tx=0).handle_hello peer v2:172.21.15.62:3300/0 says I am v2:172.21.15.62:45894/0 (socket says 172.21.15.62:45894)
2024-05-10T11:01:44.453 INFO:teuthology.orchestra.run.smithi062.stdout:/usr/bin/ceph: stderr
2024-05-10T11:01:39.257+0000 7f04137fe700 1 -- 172.21.15.62:0/2196919251 learned_addr learned my addr 172.21.15.62:0/2196919251 (peer_addr_for_me v2:172.21.15.62:0/0)
2024-05-10T11:01:44.453 INFO:teuthology.orchestra.run.smithi062.stdout:/usr/bin/ceph: stderr
2024-05-10T11:01:39.257+0000 7f04137fe700 1 -- 172.21.15.62:0/2196919251 --> [v2:172.21.15.62:3300/0,v1:172.21.15.62:6789/0] -- mon_subscribe({config=0+,monmap=0+}) -- 0x7f041419d550 con 0x7f0414109080
2024-05-10T11:01:44.454 INFO:teuthology.orchestra.run.smithi062.stdout:/usr/bin/ceph: stderr
2024-05-10T11:01:39.257+0000 7f04137fe700 1 --2- 172.21.15.62:0/2196919251 >> [v2:172.21.15.62:3300/0,v1:172.21.15.62:6789/0] conn(0x7f0414109080 0x7f041419d010 secure :-1 s=READY pgs=46 cs=0 l=1 rev1=1 crypto rx=0x7f0404000c00 tx=0x7f0404011b70 comp rx=0 tx=0).ready entity=mon.0 client_cookie=0 server_cookie=0 in_seq=0 out_seq=0
2024-05-10T11:01:44.454 INFO:teuthology.orchestra.run.smithi062.stdout:/usr/bin/ceph: stderr
2024-05-10T11:01:39.257+0000 7f0410ff9700 1 -- 172.21.15.62:0/2196919251 <== mon.0 v2:172.21.15.62:3300/0 1 ==== mon_map magic: 0 ==== 205+0+0 (secure 0 0 0) 0x7f0404003b20 con 0x7f0414109080
2024-05-10T11:01:44.454 INFO:teuthology.orchestra.run.smithi062.stdout:/usr/bin/ceph: stderr
2024-05-10T11:01:39.257+0000 7f0410ff9700 1 -- 172.21.15.62:0/2196919251 <== mon.0 v2:172.21.15.62:3300/0 2 ==== config(26 keys) ==== 1070+0+0 (secure 0 0 0) 0x7f040401a8c0 con 0x7f0414109080
2024-05-10T11:01:44.454 INFO:teuthology.orchestra.run.smithi062.stdout:/usr/bin/ceph: stderr
2024-05-10T11:01:39.257+0000 7f0419aa3700 1 -- 172.21.15.62:0/2196919251 --> [v2:172.21.15.62:3300/0,v1:172.21.15.62:6789/0] -- mon_subscribe({mgrmap=0+}) -- 0x7f041419d7e0 con 0x7f0414109080
2024-05-10T11:01:44.454 INFO:teuthology.orchestra.run.smithi062.stdout:/usr/bin/ceph: stderr
2024-05-10T11:01:39.257+0000 7f0410ff9700 1 -- 172.21.15.62:0/2196919251 <== mon.0 v2:172.21.15.62:3300/0 3 ==== mon_map magic: 0 ==== 205+0+0 (secure 0 0 0) 0x7f0404024940 con 0x7f0414109080
2024-05-10T11:01:44.454 INFO:teuthology.orchestra.run.smithi062.stdout:/usr/bin/ceph: stderr
2024-05-10T11:01:39.258+0000 7f0419aa3700 1 -- 172.21.15.62:0/2196919251 --> [v2:172.21.15.62:3300/0,v1:172.21.15.62:6789/0] -- mon_subscribe({osdmap=0}) -- 0x7f04141a04d0 con 0x7f0414109080
2024-05-10T11:01:44.454 INFO:teuthology.orchestra.run.smithi062.stdout:/usr/bin/ceph: stderr
2024-05-10T11:01:39.259+0000 7f0410ff9700 1 -- 172.21.15.62:0/2196919251 <== mon.0 v2:172.21.15.62:3300/0 4 ==== mgrmap(e 8) ==== 50222+0+0 (secure 0 0 0) 0x7f0404022020 con 0x7f0414109080
2024-05-10T11:01:44.454 INFO:teuthology.orchestra.run.smithi062.stdout:/usr/bin/ceph: stderr
2024-05-10T11:01:39.259+0000 7f0419aa3700 1 -- 172.21.15.62:0/2196919251 --> [v2:172.21.15.62:3300/0,v1:172.21.15.62:6789/0] -- mon_command({"prefix": "get_command_descriptions"} v 0) -- 0x7f0414064b00 con 0x7f0414109080
2024-05-10T11:01:44.454 INFO:teuthology.orchestra.run.smithi062.stdout:/usr/bin/ceph: stderr
2024-05-10T11:01:39.259+0000 7f0410ff9700 1 --2- 172.21.15.62:0/2196919251 >> [v2:172.21.15.62:6800/3241920410,v1:172.21.15.62:6801/3241920410] conn(0x7f03fc03e470 0x7f03fc040930 unknown :-1 s=NONE pgs=0 cs=0 l=1 rev1=0 crypto rx=0 tx=0 comp rx=0 tx=0).connect
2024-05-10T11:01:44.454 INFO:teuthology.orchestra.run.smithi062.stdout:/usr/bin/ceph: stderr
2024-05-10T11:01:39.259+0000 7f0410ff9700 1 -- 172.21.15.62:0/2196919251 <== mon.0 v2:172.21.15.62:3300/0 5 ==== osd_map(2..2 src has 1..2) ==== 940+0+0 (secure 0 0 0) 0x7f0404053890 con 0x7f0414109080
2024-05-10T11:01:44.454 INFO:teuthology.orchestra.run.smithi062.stdout:/usr/bin/ceph: stderr
2024-05-10T11:01:39.259+0000 7f0412ffd700 1 --2- 172.21.15.62:0/2196919251 >> [v2:172.21.15.62:6800/3241920410,v1:172.21.15.62:6801/3241920410] conn(0x7f03fc03e470 0x7f03fc040930 unknown :-1 s=BANNER_CONNECTING pgs=0 cs=0 l=1 rev1=0 crypto rx=0 tx=0 comp rx=0 tx=0)._handle_peer_banner_payload supported=3 required=0
2024-05-10T11:01:44.454 INFO:teuthology.orchestra.run.smithi062.stdout:/usr/bin/ceph: stderr
2024-05-10T11:01:39.259+0000 7f0412ffd700 1 --2- 172.21.15.62:0/2196919251 >> [v2:172.21.15.62:6800/3241920410,v1:172.21.15.62:6801/3241920410] conn(0x7f03fc03e470 0x7f03fc040930 secure :-1 s=READY pgs=11 cs=0 l=1 rev1=1 crypto rx=0x7f0408006fd0 tx=0x7f0408006e40 comp rx=0 tx=0).ready entity=mgr.14120 client_cookie=0 server_cookie=0 in_seq=0 out_seq=0
2024-05-10T11:01:44.454 INFO:teuthology.orchestra.run.smithi062.stdout:/usr/bin/ceph: stderr
2024-05-10T11:01:39.264+0000 7f0410ff9700 1 -- 172.21.15.62:0/2196919251 <== mon.0 v2:172.21.15.62:3300/0 6 ==== mon_command_ack([{"prefix": "get_command_descriptions"}]=0 v0) ==== 72+0+191839 (secure 0 0 0) 0x7f0404018dc0 con 0x7f0414109080
2024-05-10T11:01:44.454 INFO:teuthology.orchestra.run.smithi062.stdout:/usr/bin/ceph: stderr
2024-05-10T11:01:39.482+0000 7f0419aa3700 1 -- 172.21.15.62:0/2196919251 --> [v2:172.21.15.62:6800/3241920410,v1:172.21.15.62:6801/3241920410] -- mgr_command(tid 0: {"prefix": "orch host add", "hostname": "smithi062", "addr": "172.21.15.62", "target": ["mon-mgr", ""]}) -- 0x7f0414105820 con 0x7f03fc03e470
2024-05-10T11:01:44.455 INFO:teuthology.orchestra.run.smithi062.stdout:/usr/bin/ceph: stderr
2024-05-10T11:01:43.782+0000 7f0410ff9700 1 -- 172.21.15.62:0/2196919251 <== mgr.14120 v2:172.21.15.62:6800/3241920410 1 ==== mgr_command_reply(tid 0: 0 ) ==== 8+0+48 (secure 0 0 0) 0x7f0414105820 con 0x7f03fc03e470
2024-05-10T11:01:44.455 INFO:teuthology.orchestra.run.smithi062.stdout:/usr/bin/ceph: stderr
2024-05-10T11:01:43.785+0000 7f0419aa3700 1 -- 172.21.15.62:0/2196919251 >> [v2:172.21.15.62:6800/3241920410,v1:172.21.15.62:6801/3241920410] conn(0x7f03fc03e470 msgr2=0x7f03fc040930 secure :-1 s=STATE_CONNECTION_ESTABLISHED l=1).mark_down
2024-05-10T11:01:44.455 INFO:teuthology.orchestra.run.smithi062.stdout:/usr/bin/ceph: stderr
2024-05-10T11:01:43.785+0000 7f0419aa3700 1 --2- 172.21.15.62:0/2196919251 >> [v2:172.21.15.62:6800/3241920410,v1:172.21.15.62:6801/3241920410] conn(0x7f03fc03e470 0x7f03fc040930 secure :-1 s=READY pgs=11 cs=0 l=1 rev1=1 crypto rx=0x7f0408006fd0 tx=0x7f0408006e40 comp rx=0 tx=0).stop
2024-05-10T11:01:44.455 INFO:teuthology.orchestra.run.smithi062.stdout:/usr/bin/ceph: stderr
2024-05-10T11:01:43.785+0000 7f0419aa3700 1 -- 172.21.15.62:0/2196919251 >> [v2:172.21.15.62:3300/0,v1:172.21.15.62:6789/0] conn(0x7f0414109080 msgr2=0x7f041419d010 secure :-1 s=STATE_CONNECTION_ESTABLISHED l=1).mark_down
2024-05-10T11:01:44.455 INFO:teuthology.orchestra.run.smithi062.stdout:/usr/bin/ceph: stderr
2024-05-10T11:01:43.785+0000 7f0419aa3700 1 --2- 172.21.15.62:0/2196919251 >> [v2:172.21.15.62:3300/0,v1:172.21.15.62:6789/0] conn(0x7f0414109080 0x7f041419d010 secure :-1 s=READY pgs=46 cs=0 l=1 rev1=1 crypto rx=0x7f0404000c00 tx=0x7f0404011b70 comp rx=0 tx=0).stop
2024-05-10T11:01:44.455 INFO:teuthology.orchestra.run.smithi062.stdout:/usr/bin/ceph: stderr
2024-05-10T11:01:43.785+0000 7f0419aa3700 1 -- 172.21.15.62:0/2196919251 shutdown_connections
2024-05-10T11:01:44.455 INFO:teuthology.orchestra.run.smithi062.stdout:/usr/bin/ceph: stderr
2024-05-10T11:01:43.785+0000 7f0419aa3700 1 --2- 172.21.15.62:0/2196919251 >> [v2:172.21.15.62:6800/3241920410,v1:172.21.15.62:6801/3241920410] conn(0x7f03fc03e470 0x7f03fc040930 unknown :-1 s=CLOSED pgs=11 cs=0 l=1 rev1=1 crypto rx=0 tx=0 comp rx=0 tx=0).stop
2024-05-10T11:01:44.455 INFO:teuthology.orchestra.run.smithi062.stdout:/usr/bin/ceph: stderr
2024-05-10T11:01:43.785+0000 7f0419aa3700 1 --2- 172.21.15.62:0/2196919251 >> [v2:172.21.15.62:3300/0,v1:172.21.15.62:6789/0] conn(0x7f0414109080 0x7f041419d010 unknown :-1 s=CLOSED pgs=46 cs=0 l=1 rev1=1 crypto rx=0 tx=0 comp rx=0 tx=0).stop
2024-05-10T11:01:44.455 INFO:teuthology.orchestra.run.smithi062.stdout:/usr/bin/ceph: stderr
2024-05-10T11:01:43.785+0000 7f0419aa3700 1 -- 172.21.15.62:0/2196919251 >> 172.21.15.62:0/2196919251 conn(0x7f0414104620 msgr2=0x7f0414105110 unknown :-1 s=STATE_NONE l=0).mark_down
2024-05-10T11:01:44.455 INFO:teuthology.orchestra.run.smithi062.stdout:/usr/bin/ceph: stderr
2024-05-10T11:01:43.785+0000 7f0419aa3700 1 -- 172.21.15.62:0/2196919251 shutdown_connections
2024-05-10T11:01:44.455 INFO:teuthology.orchestra.run.smithi062.stdout:/usr/bin/ceph: stderr
2024-05-10T11:01:43.786+0000 7f0419aa3700 1 -- 172.21.15.62:0/2196919251 wait complete.
2024-05-10T11:01:44.455 INFO:teuthology.orchestra.run.smithi062.stdout:Deploying unmanaged mon service...
2024-05-10T11:01:44.998 INFO:journalctl@ceph.mon.a.smithi062.stdout:May 10 11:01:44 smithi062 ceph-mon[30167]: from='mgr.14120 172.21.15.62:0/3105602134' entity='mgr.x'
2024-05-10T11:01:44.998 INFO:journalctl@ceph.mon.a.smithi062.stdout:May 10 11:01:44 smithi062 ceph-mon[30167]: Added host smithi062
2024-05-10T11:01:44.998 INFO:journalctl@ceph.mon.a.smithi062.stdout:May 10 11:01:44 smithi062 ceph-mon[30167]: from='mgr.14120 172.21.15.62:0/3105602134' entity='mgr.x' cmd=[{"prefix": "config dump", "format": "json"}]: dispatch
2024-05-10T11:01:45.913 INFO:teuthology.orchestra.run.smithi062.stdout:/usr/bin/ceph: stdout Scheduled mon update...
2024-05-10T11:01:45.913 INFO:teuthology.orchestra.run.smithi062.stdout:/usr/bin/ceph: stderr
2024-05-10T11:01:44.996+0000 7f77250c6700 1 Processor -- start
2024-05-10T11:01:45.913 INFO:teuthology.orchestra.run.smithi062.stdout:/usr/bin/ceph: stderr
2024-05-10T11:01:44.996+0000 7f77250c6700 1 -- start start
2024-05-10T11:01:45.913 INFO:teuthology.orchestra.run.smithi062.stdout:/usr/bin/ceph: stderr
2024-05-10T11:01:44.996+0000 7f77250c6700 1 --2- >> [v2:172.21.15.62:3300/0,v1:172.21.15.62:6789/0] conn(0x7f7720109b80 0x7f772010bf70 unknown :-1 s=NONE pgs=0 cs=0 l=0 rev1=0 crypto rx=0 tx=0 comp rx=0 tx=0).connect
2024-05-10T11:01:45.913 INFO:teuthology.orchestra.run.smithi062.stdout:/usr/bin/ceph: stderr
2024-05-10T11:01:44.996+0000 7f77250c6700 1 -- --> [v2:172.21.15.62:3300/0,v1:172.21.15.62:6789/0] -- mon_getmap magic: 0 -- 0x7f772007d600 con 0x7f7720109b80
2024-05-10T11:01:45.913 INFO:teuthology.orchestra.run.smithi062.stdout:/usr/bin/ceph: stderr
2024-05-10T11:01:44.997+0000 7f771ed9d700 1 --2- >> [v2:172.21.15.62:3300/0,v1:172.21.15.62:6789/0] conn(0x7f7720109b80 0x7f772010bf70 unknown :-1 s=BANNER_CONNECTING pgs=0 cs=0 l=0 rev1=0 crypto rx=0 tx=0 comp rx=0 tx=0)._handle_peer_banner_payload supported=3 required=0
2024-05-10T11:01:45.913 INFO:teuthology.orchestra.run.smithi062.stdout:/usr/bin/ceph: stderr
2024-05-10T11:01:44.997+0000 7f771ed9d700 1 --2- >> [v2:172.21.15.62:3300/0,v1:172.21.15.62:6789/0] conn(0x7f7720109b80 0x7f772010bf70 unknown :-1 s=HELLO_CONNECTING pgs=0 cs=0 l=0 rev1=1 crypto rx=0 tx=0 comp rx=0 tx=0).handle_hello peer v2:172.21.15.62:3300/0 says I am v2:172.21.15.62:45902/0 (socket says 172.21.15.62:45902)
2024-05-10T11:01:45.913 INFO:teuthology.orchestra.run.smithi062.stdout:/usr/bin/ceph: stderr
2024-05-10T11:01:44.997+0000 7f771ed9d700 1 -- 172.21.15.62:0/2376834187 learned_addr learned my addr 172.21.15.62:0/2376834187 (peer_addr_for_me v2:172.21.15.62:0/0)
2024-05-10T11:01:45.913 INFO:teuthology.orchestra.run.smithi062.stdout:/usr/bin/ceph: stderr
2024-05-10T11:01:44.997+0000 7f771ed9d700 1 -- 172.21.15.62:0/2376834187 --> [v2:172.21.15.62:3300/0,v1:172.21.15.62:6789/0] -- mon_subscribe({config=0+,monmap=0+}) -- 0x7f772010c4b0 con 0x7f7720109b80
2024-05-10T11:01:45.913 INFO:teuthology.orchestra.run.smithi062.stdout:/usr/bin/ceph: stderr
2024-05-10T11:01:44.997+0000 7f771ed9d700 1 --2- 172.21.15.62:0/2376834187 >> [v2:172.21.15.62:3300/0,v1:172.21.15.62:6789/0] conn(0x7f7720109b80 0x7f772010bf70 secure :-1 s=READY pgs=47 cs=0 l=1 rev1=1 crypto rx=0x7f7710009e80 tx=0x7f771000b330 comp rx=0 tx=0).ready entity=mon.0 client_cookie=684d4e1cb552dcf8 server_cookie=0 in_seq=0 out_seq=0
2024-05-10T11:01:45.913 INFO:teuthology.orchestra.run.smithi062.stdout:/usr/bin/ceph: stderr
2024-05-10T11:01:44.997+0000 7f771e59c700 1 -- 172.21.15.62:0/2376834187 <== mon.0 v2:172.21.15.62:3300/0 1 ==== mon_map magic: 0 ==== 205+0+0 (secure 0 0 0) 0x7f7710017070 con 0x7f7720109b80
2024-05-10T11:01:45.914 INFO:teuthology.orchestra.run.smithi062.stdout:/usr/bin/ceph: stderr
2024-05-10T11:01:44.997+0000 7f771e59c700 1 -- 172.21.15.62:0/2376834187 <== mon.0 v2:172.21.15.62:3300/0 2 ==== config(26 keys) ==== 1070+0+0 (secure 0 0 0) 0x7f771000b8c0 con 0x7f7720109b80
2024-05-10T11:01:45.914 INFO:teuthology.orchestra.run.smithi062.stdout:/usr/bin/ceph: stderr
2024-05-10T11:01:44.997+0000 7f771e59c700 1 -- 172.21.15.62:0/2376834187 <== mon.0 v2:172.21.15.62:3300/0 3 ==== mon_map magic: 0 ==== 205+0+0 (secure 0 0 0) 0x7f7710004490 con 0x7f7720109b80
2024-05-10T11:01:45.914 INFO:teuthology.orchestra.run.smithi062.stdout:/usr/bin/ceph: stderr
2024-05-10T11:01:44.998+0000 7f77250c6700 1 -- 172.21.15.62:0/2376834187 >> [v2:172.21.15.62:3300/0,v1:172.21.15.62:6789/0] conn(0x7f7720109b80 msgr2=0x7f772010bf70 secure :-1 s=STATE_CONNECTION_ESTABLISHED l=1).mark_down
2024-05-10T11:01:45.914 INFO:teuthology.orchestra.run.smithi062.stdout:/usr/bin/ceph: stderr
2024-05-10T11:01:44.998+0000 7f77250c6700 1 --2- 172.21.15.62:0/2376834187 >> [v2:172.21.15.62:3300/0,v1:172.21.15.62:6789/0] conn(0x7f7720109b80 0x7f772010bf70 secure :-1 s=READY pgs=47 cs=0 l=1 rev1=1 crypto rx=0x7f7710009e80 tx=0x7f771000b330 comp rx=0 tx=0).stop
2024-05-10T11:01:45.914 INFO:teuthology.orchestra.run.smithi062.stdout:/usr/bin/ceph: stderr
2024-05-10T11:01:44.998+0000 7f77250c6700 1 -- 172.21.15.62:0/2376834187 shutdown_connections
2024-05-10T11:01:45.914 INFO:teuthology.orchestra.run.smithi062.stdout:/usr/bin/ceph: stderr
2024-05-10T11:01:44.998+0000 7f77250c6700 1 --2- 172.21.15.62:0/2376834187 >> [v2:172.21.15.62:3300/0,v1:172.21.15.62:6789/0] conn(0x7f7720109b80 0x7f772010bf70 unknown :-1 s=CLOSED pgs=47 cs=0 l=1 rev1=1 crypto rx=0 tx=0 comp rx=0 tx=0).stop
2024-05-10T11:01:45.914 INFO:teuthology.orchestra.run.smithi062.stdout:/usr/bin/ceph: stderr
2024-05-10T11:01:44.998+0000 7f77250c6700 1 -- 172.21.15.62:0/2376834187 >> 172.21.15.62:0/2376834187 conn(0x7f7720103530 msgr2=0x7f7720105950 unknown :-1 s=STATE_NONE l=0).mark_down
2024-05-10T11:01:45.914 INFO:teuthology.orchestra.run.smithi062.stdout:/usr/bin/ceph: stderr
2024-05-10T11:01:44.998+0000 7f77250c6700 1 -- 172.21.15.62:0/2376834187 shutdown_connections
2024-05-10T11:01:45.915 INFO:teuthology.orchestra.run.smithi062.stdout:/usr/bin/ceph: stderr
2024-05-10T11:01:44.998+0000 7f77250c6700 1 -- 172.21.15.62:0/2376834187 wait complete.
2024-05-10T11:01:45.915 INFO:teuthology.orchestra.run.smithi062.stdout:/usr/bin/ceph: stderr
2024-05-10T11:01:44.999+0000 7f77250c6700 1 Processor -- start
2024-05-10T11:01:45.915 INFO:teuthology.orchestra.run.smithi062.stdout:/usr/bin/ceph: stderr
2024-05-10T11:01:44.999+0000 7f77250c6700 1 -- start start
2024-05-10T11:01:45.915 INFO:teuthology.orchestra.run.smithi062.stdout:/usr/bin/ceph: stderr
2024-05-10T11:01:44.999+0000 7f77250c6700 1 --2- >> [v2:172.21.15.62:3300/0,v1:172.21.15.62:6789/0] conn(0x7f7720109b80 0x7f7720109400 unknown :-1 s=NONE pgs=0 cs=0 l=1 rev1=0 crypto rx=0 tx=0 comp rx=0 tx=0).connect
2024-05-10T11:01:45.915 INFO:teuthology.orchestra.run.smithi062.stdout:/usr/bin/ceph: stderr
2024-05-10T11:01:44.999+0000 7f77250c6700 1 -- --> [v2:172.21.15.62:3300/0,v1:172.21.15.62:6789/0] -- mon_getmap magic: 0 -- 0x7f772010d3c0 con 0x7f7720109b80
2024-05-10T11:01:45.915 INFO:teuthology.orchestra.run.smithi062.stdout:/usr/bin/ceph: stderr
2024-05-10T11:01:44.999+0000 7f771ed9d700 1 --2- >> [v2:172.21.15.62:3300/0,v1:172.21.15.62:6789/0] conn(0x7f7720109b80 0x7f7720109400 unknown :-1 s=BANNER_CONNECTING pgs=0 cs=0 l=1 rev1=0 crypto rx=0 tx=0 comp rx=0 tx=0)._handle_peer_banner_payload supported=3 required=0
2024-05-10T11:01:45.915 INFO:teuthology.orchestra.run.smithi062.stdout:/usr/bin/ceph: stderr
2024-05-10T11:01:44.999+0000 7f771ed9d700 1 --2- >> [v2:172.21.15.62:3300/0,v1:172.21.15.62:6789/0] conn(0x7f7720109b80 0x7f7720109400 unknown :-1 s=HELLO_CONNECTING pgs=0 cs=0 l=1 rev1=1 crypto rx=0 tx=0 comp rx=0 tx=0).handle_hello peer v2:172.21.15.62:3300/0 says I am v2:172.21.15.62:45912/0 (socket says 172.21.15.62:45912)
2024-05-10T11:01:45.915 INFO:teuthology.orchestra.run.smithi062.stdout:/usr/bin/ceph: stderr
2024-05-10T11:01:44.999+0000 7f771ed9d700 1 -- 172.21.15.62:0/292160632 learned_addr learned my addr 172.21.15.62:0/292160632 (peer_addr_for_me v2:172.21.15.62:0/0)
2024-05-10T11:01:45.915 INFO:teuthology.orchestra.run.smithi062.stdout:/usr/bin/ceph: stderr
2024-05-10T11:01:45.000+0000 7f771ed9d700 1 -- 172.21.15.62:0/292160632 --> [v2:172.21.15.62:3300/0,v1:172.21.15.62:6789/0] -- mon_subscribe({config=0+,monmap=0+}) -- 0x7f7720109940 con 0x7f7720109b80
2024-05-10T11:01:45.915 INFO:teuthology.orchestra.run.smithi062.stdout:/usr/bin/ceph: stderr
2024-05-10T11:01:45.000+0000 7f771ed9d700 1 --2- 172.21.15.62:0/292160632 >> [v2:172.21.15.62:3300/0,v1:172.21.15.62:6789/0] conn(0x7f7720109b80 0x7f7720109400 secure :-1 s=READY pgs=48 cs=0 l=1 rev1=1 crypto rx=0x7f771000b7b0 tx=0x7f771000be20 comp rx=0 tx=0).ready entity=mon.0 client_cookie=0 server_cookie=0 in_seq=0 out_seq=0
2024-05-10T11:01:45.915 INFO:teuthology.orchestra.run.smithi062.stdout:/usr/bin/ceph: stderr
2024-05-10T11:01:45.000+0000 7f771cd99700 1 -- 172.21.15.62:0/292160632 <== mon.0 v2:172.21.15.62:3300/0 1 ==== mon_map magic: 0 ==== 205+0+0 (secure 0 0 0) 0x7f7710020020 con 0x7f7720109b80
2024-05-10T11:01:45.915 INFO:teuthology.orchestra.run.smithi062.stdout:/usr/bin/ceph: stderr
2024-05-10T11:01:45.000+0000 7f771cd99700 1 -- 172.21.15.62:0/292160632 <== mon.0 v2:172.21.15.62:3300/0 2 ==== config(26 keys) ==== 1070+0+0 (secure 0 0 0) 0x7f7710012430 con 0x7f7720109b80
2024-05-10T11:01:45.915 INFO:teuthology.orchestra.run.smithi062.stdout:/usr/bin/ceph: stderr
2024-05-10T11:01:45.000+0000 7f77250c6700 1 -- 172.21.15.62:0/292160632 --> [v2:172.21.15.62:3300/0,v1:172.21.15.62:6789/0] -- mon_subscribe({mgrmap=0+}) -- 0x7f7720107b30 con 0x7f7720109b80
2024-05-10T11:01:45.915 INFO:teuthology.orchestra.run.smithi062.stdout:/usr/bin/ceph: stderr
2024-05-10T11:01:45.000+0000 7f771cd99700 1 -- 172.21.15.62:0/292160632 <== mon.0 v2:172.21.15.62:3300/0 3 ==== mon_map magic: 0 ==== 205+0+0 (secure 0 0 0) 0x7f7710017040 con 0x7f7720109b80
2024-05-10T11:01:45.915 INFO:teuthology.orchestra.run.smithi062.stdout:/usr/bin/ceph: stderr
2024-05-10T11:01:45.000+0000 7f77250c6700 1 -- 172.21.15.62:0/292160632 --> [v2:172.21.15.62:3300/0,v1:172.21.15.62:6789/0] -- mon_subscribe({osdmap=0}) -- 0x7f7720108070 con 0x7f7720109b80
2024-05-10T11:01:45.916 INFO:teuthology.orchestra.run.smithi062.stdout:/usr/bin/ceph: stderr
2024-05-10T11:01:45.001+0000 7f771cd99700 1 -- 172.21.15.62:0/292160632 <== mon.0 v2:172.21.15.62:3300/0 4 ==== mgrmap(e 8) ==== 50222+0+0 (secure 0 0 0) 0x7f7710023020 con 0x7f7720109b80
2024-05-10T11:01:45.916 INFO:teuthology.orchestra.run.smithi062.stdout:/usr/bin/ceph: stderr
2024-05-10T11:01:45.001+0000 7f77250c6700 1 -- 172.21.15.62:0/292160632 --> [v2:172.21.15.62:3300/0,v1:172.21.15.62:6789/0] -- mon_command({"prefix": "get_command_descriptions"} v 0) -- 0x7f7720064b00 con 0x7f7720109b80
2024-05-10T11:01:45.916 INFO:teuthology.orchestra.run.smithi062.stdout:/usr/bin/ceph: stderr
2024-05-10T11:01:45.001+0000 7f771cd99700 1 --2- 172.21.15.62:0/292160632 >> [v2:172.21.15.62:6800/3241920410,v1:172.21.15.62:6801/3241920410] conn(0x7f770c03e420 0x7f770c0408e0 unknown :-1 s=NONE pgs=0 cs=0 l=1 rev1=0 crypto rx=0 tx=0 comp rx=0 tx=0).connect
2024-05-10T11:01:45.916 INFO:teuthology.orchestra.run.smithi062.stdout:/usr/bin/ceph: stderr
2024-05-10T11:01:45.001+0000 7f771cd99700 1 -- 172.21.15.62:0/292160632 <== mon.0 v2:172.21.15.62:3300/0 5 ==== osd_map(2..2 src has 1..2) ==== 940+0+0 (secure 0 0 0) 0x7f771000f050 con 0x7f7720109b80
2024-05-10T11:01:45.916 INFO:teuthology.orchestra.run.smithi062.stdout:/usr/bin/ceph: stderr
2024-05-10T11:01:45.001+0000 7f771659c700 1 --2- 172.21.15.62:0/292160632 >> [v2:172.21.15.62:6800/3241920410,v1:172.21.15.62:6801/3241920410] conn(0x7f770c03e420 0x7f770c0408e0 unknown :-1 s=BANNER_CONNECTING pgs=0 cs=0 l=1 rev1=0 crypto rx=0 tx=0 comp rx=0 tx=0)._handle_peer_banner_payload supported=3 required=0
2024-05-10T11:01:45.916 INFO:teuthology.orchestra.run.smithi062.stdout:/usr/bin/ceph: stderr
2024-05-10T11:01:45.002+0000 7f771659c700 1 --2- 172.21.15.62:0/292160632 >> [v2:172.21.15.62:6800/3241920410,v1:172.21.15.62:6801/3241920410] conn(0x7f770c03e420 0x7f770c0408e0 secure :-1 s=READY pgs=12 cs=0 l=1 rev1=1 crypto rx=0x7f7708006fd0 tx=0x7f7708006e40 comp rx=0 tx=0).ready entity=mgr.14120 client_cookie=0 server_cookie=0 in_seq=0 out_seq=0
2024-05-10T11:01:45.916 INFO:teuthology.orchestra.run.smithi062.stdout:/usr/bin/ceph: stderr
2024-05-10T11:01:45.006+0000 7f771cd99700 1 -- 172.21.15.62:0/292160632 <== mon.0 v2:172.21.15.62:3300/0 6 ==== mon_command_ack([{"prefix": "get_command_descriptions"}]=0 v0) ==== 72+0+191839 (secure 0 0 0) 0x7f771002a020 con 0x7f7720109b80
2024-05-10T11:01:45.916 INFO:teuthology.orchestra.run.smithi062.stdout:/usr/bin/ceph: stderr
2024-05-10T11:01:45.240+0000 7f77250c6700 1 -- 172.21.15.62:0/292160632 --> [v2:172.21.15.62:6800/3241920410,v1:172.21.15.62:6801/3241920410] -- mgr_command(tid 0: {"prefix": "orch apply", "service_type": "mon", "unmanaged": true, "target": ["mon-mgr", ""]}) -- 0x7f7720104700 con 0x7f770c03e420
2024-05-10T11:01:45.916 INFO:teuthology.orchestra.run.smithi062.stdout:/usr/bin/ceph: stderr
2024-05-10T11:01:45.248+0000 7f771cd99700 1 -- 172.21.15.62:0/292160632 <== mgr.14120 v2:172.21.15.62:6800/3241920410 1 ==== mgr_command_reply(tid 0: 0 ) ==== 8+0+24 (secure 0 0 0) 0x7f7720104700 con 0x7f770c03e420
2024-05-10T11:01:45.916 INFO:teuthology.orchestra.run.smithi062.stdout:/usr/bin/ceph: stderr
2024-05-10T11:01:45.250+0000 7f77250c6700 1 -- 172.21.15.62:0/292160632 >> [v2:172.21.15.62:6800/3241920410,v1:172.21.15.62:6801/3241920410] conn(0x7f770c03e420 msgr2=0x7f770c0408e0 secure :-1 s=STATE_CONNECTION_ESTABLISHED l=1).mark_down
2024-05-10T11:01:45.916 INFO:teuthology.orchestra.run.smithi062.stdout:/usr/bin/ceph: stderr
2024-05-10T11:01:45.250+0000 7f77250c6700 1 --2- 172.21.15.62:0/292160632 >> [v2:172.21.15.62:6800/3241920410,v1:172.21.15.62:6801/3241920410] conn(0x7f770c03e420 0x7f770c0408e0 secure :-1 s=READY pgs=12 cs=0 l=1 rev1=1 crypto rx=0x7f7708006fd0 tx=0x7f7708006e40 comp rx=0 tx=0).stop
2024-05-10T11:01:45.917 INFO:teuthology.orchestra.run.smithi062.stdout:/usr/bin/ceph: stderr
2024-05-10T11:01:45.250+0000 7f77250c6700 1 -- 172.21.15.62:0/292160632 >> [v2:172.21.15.62:3300/0,v1:172.21.15.62:6789/0] conn(0x7f7720109b80 msgr2=0x7f7720109400 secure :-1 s=STATE_CONNECTION_ESTABLISHED l=1).mark_down
2024-05-10T11:01:45.917 INFO:teuthology.orchestra.run.smithi062.stdout:/usr/bin/ceph: stderr
2024-05-10T11:01:45.250+0000 7f77250c6700 1 --2- 172.21.15.62:0/292160632 >> [v2:172.21.15.62:3300/0,v1:172.21.15.62:6789/0] conn(0x7f7720109b80 0x7f7720109400 secure :-1 s=READY pgs=48 cs=0 l=1 rev1=1 crypto rx=0x7f771000b7b0 tx=0x7f771000be20 comp rx=0 tx=0).stop
2024-05-10T11:01:45.917 INFO:teuthology.orchestra.run.smithi062.stdout:/usr/bin/ceph: stderr
2024-05-10T11:01:45.250+0000 7f77250c6700 1 -- 172.21.15.62:0/292160632 shutdown_connections
2024-05-10T11:01:45.917 INFO:teuthology.orchestra.run.smithi062.stdout:/usr/bin/ceph: stderr
2024-05-10T11:01:45.250+0000 7f77250c6700 1 --2- 172.21.15.62:0/292160632 >> [v2:172.21.15.62:6800/3241920410,v1:172.21.15.62:6801/3241920410] conn(0x7f770c03e420 0x7f770c0408e0 unknown :-1 s=CLOSED pgs=12 cs=0 l=1 rev1=1 crypto rx=0 tx=0 comp rx=0 tx=0).stop
2024-05-10T11:01:45.917 INFO:teuthology.orchestra.run.smithi062.stdout:/usr/bin/ceph: stderr
2024-05-10T11:01:45.250+0000 7f77250c6700 1 --2- 172.21.15.62:0/292160632 >> [v2:172.21.15.62:3300/0,v1:172.21.15.62:6789/0] conn(0x7f7720109b80 0x7f7720109400 unknown :-1 s=CLOSED pgs=48 cs=0 l=1 rev1=1 crypto rx=0 tx=0 comp rx=0 tx=0).stop
2024-05-10T11:01:45.917 INFO:teuthology.orchestra.run.smithi062.stdout:/usr/bin/ceph: stderr
2024-05-10T11:01:45.250+0000 7f77250c6700 1 -- 172.21.15.62:0/292160632 >> 172.21.15.62:0/292160632 conn(0x7f7720103530 msgr2=0x7f7720103ff0 unknown :-1 s=STATE_NONE l=0).mark_down
2024-05-10T11:01:45.917 INFO:teuthology.orchestra.run.smithi062.stdout:/usr/bin/ceph: stderr
2024-05-10T11:01:45.251+0000 7f77250c6700 1 -- 172.21.15.62:0/292160632 shutdown_connections
2024-05-10T11:01:45.917 INFO:teuthology.orchestra.run.smithi062.stdout:/usr/bin/ceph: stderr
2024-05-10T11:01:45.251+0000 7f77250c6700 1 -- 172.21.15.62:0/292160632 wait complete.
2024-05-10T11:01:45.917 INFO:teuthology.orchestra.run.smithi062.stdout:Deploying unmanaged mgr service...
2024-05-10T11:01:46.558 INFO:journalctl@ceph.mon.a.smithi062.stdout:May 10 11:01:46 smithi062 ceph-mon[30167]: from='client.14142 -' entity='client.admin' cmd=[{"prefix": "orch apply", "service_type": "mon", "unmanaged": true, "target": ["mon-mgr", ""]}]: dispatch
2024-05-10T11:01:46.558 INFO:journalctl@ceph.mon.a.smithi062.stdout:May 10 11:01:46 smithi062 ceph-mon[30167]: Saving service mon spec with placement count:5
2024-05-10T11:01:46.558 INFO:journalctl@ceph.mon.a.smithi062.stdout:May 10 11:01:46 smithi062 ceph-mon[30167]: from='mgr.14120 172.21.15.62:0/3105602134' entity='mgr.x'
2024-05-10T11:01:47.924 INFO:teuthology.orchestra.run.smithi062.stdout:/usr/bin/ceph: stdout Scheduled mgr update...
2024-05-10T11:01:47.925 INFO:teuthology.orchestra.run.smithi062.stdout:/usr/bin/ceph: stderr
2024-05-10T11:01:47.131+0000 7f22db735700 1 Processor -- start
2024-05-10T11:01:47.925 INFO:teuthology.orchestra.run.smithi062.stdout:/usr/bin/ceph: stderr
2024-05-10T11:01:47.131+0000 7f22db735700 1 -- start start
2024-05-10T11:01:47.925 INFO:teuthology.orchestra.run.smithi062.stdout:/usr/bin/ceph: stderr
2024-05-10T11:01:47.131+0000 7f22db735700 1 --2- >> [v2:172.21.15.62:3300/0,v1:172.21.15.62:6789/0] conn(0x7f22d41078f0 0x7f22d4109d20 unknown :-1 s=NONE pgs=0 cs=0 l=0 rev1=0 crypto rx=0 tx=0 comp rx=0 tx=0).connect
2024-05-10T11:01:47.925 INFO:teuthology.orchestra.run.smithi062.stdout:/usr/bin/ceph: stderr
2024-05-10T11:01:47.131+0000 7f22db735700 1 -- --> [v2:172.21.15.62:3300/0,v1:172.21.15.62:6789/0] -- mon_getmap magic: 0 -- 0x7f22d407d6c0 con 0x7f22d41078f0
2024-05-10T11:01:47.925 INFO:teuthology.orchestra.run.smithi062.stdout:/usr/bin/ceph: stderr
2024-05-10T11:01:47.132+0000 7f22d94d1700 1 --2- >> [v2:172.21.15.62:3300/0,v1:172.21.15.62:6789/0] conn(0x7f22d41078f0 0x7f22d4109d20 unknown :-1 s=BANNER_CONNECTING pgs=0 cs=0 l=0 rev1=0 crypto rx=0 tx=0 comp rx=0 tx=0)._handle_peer_banner_payload supported=3 required=0
2024-05-10T11:01:47.925 INFO:teuthology.orchestra.run.smithi062.stdout:/usr/bin/ceph: stderr
2024-05-10T11:01:47.132+0000 7f22d94d1700 1 --2- >> [v2:172.21.15.62:3300/0,v1:172.21.15.62:6789/0] conn(0x7f22d41078f0 0x7f22d4109d20 unknown :-1 s=HELLO_CONNECTING pgs=0 cs=0 l=0 rev1=1 crypto rx=0 tx=0 comp rx=0 tx=0).handle_hello peer v2:172.21.15.62:3300/0 says I am v2:172.21.15.62:45928/0 (socket says 172.21.15.62:45928)
2024-05-10T11:01:47.925 INFO:teuthology.orchestra.run.smithi062.stdout:/usr/bin/ceph: stderr
2024-05-10T11:01:47.132+0000 7f22d94d1700 1 -- 172.21.15.62:0/2292359553 learned_addr learned my addr 172.21.15.62:0/2292359553 (peer_addr_for_me v2:172.21.15.62:0/0)
2024-05-10T11:01:47.925 INFO:teuthology.orchestra.run.smithi062.stdout:/usr/bin/ceph: stderr
2024-05-10T11:01:47.132+0000 7f22d94d1700 1 -- 172.21.15.62:0/2292359553 --> [v2:172.21.15.62:3300/0,v1:172.21.15.62:6789/0] -- mon_subscribe({config=0+,monmap=0+}) -- 0x7f22d410a260 con 0x7f22d41078f0
2024-05-10T11:01:47.925 INFO:teuthology.orchestra.run.smithi062.stdout:/usr/bin/ceph: stderr
2024-05-10T11:01:47.132+0000 7f22d94d1700 1 --2- 172.21.15.62:0/2292359553 >> [v2:172.21.15.62:3300/0,v1:172.21.15.62:6789/0] conn(0x7f22d41078f0 0x7f22d4109d20 secure :-1 s=READY pgs=49 cs=0 l=1 rev1=1 crypto rx=0x7f22d00098a0 tx=0x7f22d0009bb0 comp rx=0 tx=0).ready entity=mon.0 client_cookie=b47f28cd3ea5ba3d server_cookie=0 in_seq=0 out_seq=0
2024-05-10T11:01:47.925 INFO:teuthology.orchestra.run.smithi062.stdout:/usr/bin/ceph: stderr
2024-05-10T11:01:47.132+0000 7f22cbfff700 1 -- 172.21.15.62:0/2292359553 <== mon.0 v2:172.21.15.62:3300/0 1 ==== mon_map magic: 0 ==== 205+0+0 (secure 0 0 0) 0x7f22d0004160 con 0x7f22d41078f0
2024-05-10T11:01:47.925 INFO:teuthology.orchestra.run.smithi062.stdout:/usr/bin/ceph: stderr
2024-05-10T11:01:47.132+0000 7f22cbfff700 1 -- 172.21.15.62:0/2292359553 <== mon.0 v2:172.21.15.62:3300/0 2 ==== config(26 keys) ==== 1101+0+0 (secure 0 0 0) 0x7f22d0004300 con 0x7f22d41078f0
2024-05-10T11:01:47.925 INFO:teuthology.orchestra.run.smithi062.stdout:/usr/bin/ceph: stderr
2024-05-10T11:01:47.132+0000 7f22cbfff700 1 -- 172.21.15.62:0/2292359553 <== mon.0 v2:172.21.15.62:3300/0 3 ==== mon_map magic: 0 ==== 205+0+0 (secure 0 0 0) 0x7f22d0011a20 con 0x7f22d41078f0
2024-05-10T11:01:47.926 INFO:teuthology.orchestra.run.smithi062.stdout:/usr/bin/ceph: stderr
2024-05-10T11:01:47.133+0000 7f22db735700 1 -- 172.21.15.62:0/2292359553 >> [v2:172.21.15.62:3300/0,v1:172.21.15.62:6789/0] conn(0x7f22d41078f0 msgr2=0x7f22d4109d20 secure :-1 s=STATE_CONNECTION_ESTABLISHED l=1).mark_down
2024-05-10T11:01:47.926 INFO:teuthology.orchestra.run.smithi062.stdout:/usr/bin/ceph: stderr
2024-05-10T11:01:47.133+0000 7f22db735700 1 --2- 172.21.15.62:0/2292359553 >> [v2:172.21.15.62:3300/0,v1:172.21.15.62:6789/0] conn(0x7f22d41078f0 0x7f22d4109d20 secure :-1 s=READY pgs=49 cs=0 l=1 rev1=1 crypto rx=0x7f22d00098a0 tx=0x7f22d0009bb0 comp rx=0 tx=0).stop
2024-05-10T11:01:47.926 INFO:teuthology.orchestra.run.smithi062.stdout:/usr/bin/ceph: stderr
2024-05-10T11:01:47.133+0000 7f22db735700 1 -- 172.21.15.62:0/2292359553 shutdown_connections
2024-05-10T11:01:47.926 INFO:teuthology.orchestra.run.smithi062.stdout:/usr/bin/ceph: stderr
2024-05-10T11:01:47.133+0000 7f22db735700 1 --2- 172.21.15.62:0/2292359553 >> [v2:172.21.15.62:3300/0,v1:172.21.15.62:6789/0] conn(0x7f22d41078f0 0x7f22d4109d20 unknown :-1 s=CLOSED pgs=49 cs=0 l=1 rev1=1 crypto rx=0 tx=0 comp rx=0 tx=0).stop
2024-05-10T11:01:47.926 INFO:teuthology.orchestra.run.smithi062.stdout:/usr/bin/ceph: stderr
2024-05-10T11:01:47.133+0000 7f22db735700 1 -- 172.21.15.62:0/2292359553 >> 172.21.15.62:0/2292359553 conn(0x7f22d4103530 msgr2=0x7f22d4105970 unknown :-1 s=STATE_NONE l=0).mark_down
2024-05-10T11:01:47.926 INFO:teuthology.orchestra.run.smithi062.stdout:/usr/bin/ceph: stderr
2024-05-10T11:01:47.133+0000 7f22db735700 1 -- 172.21.15.62:0/2292359553 shutdown_connections
2024-05-10T11:01:47.926 INFO:teuthology.orchestra.run.smithi062.stdout:/usr/bin/ceph: stderr
2024-05-10T11:01:47.133+0000 7f22db735700 1 -- 172.21.15.62:0/2292359553 wait complete.
2024-05-10T11:01:47.926 INFO:teuthology.orchestra.run.smithi062.stdout:/usr/bin/ceph: stderr
2024-05-10T11:01:47.134+0000 7f22db735700 1 Processor -- start
2024-05-10T11:01:47.926 INFO:teuthology.orchestra.run.smithi062.stdout:/usr/bin/ceph: stderr
2024-05-10T11:01:47.134+0000 7f22db735700 1 -- start start
2024-05-10T11:01:47.926 INFO:teuthology.orchestra.run.smithi062.stdout:/usr/bin/ceph: stderr
2024-05-10T11:01:47.134+0000 7f22db735700 1 --2- >> [v2:172.21.15.62:3300/0,v1:172.21.15.62:6789/0] conn(0x7f22d41078f0 0x7f22d41a3560 unknown :-1 s=NONE pgs=0 cs=0 l=1 rev1=0 crypto rx=0 tx=0 comp rx=0 tx=0).connect
2024-05-10T11:01:47.926 INFO:teuthology.orchestra.run.smithi062.stdout:/usr/bin/ceph: stderr
2024-05-10T11:01:47.134+0000 7f22db735700 1 -- --> [v2:172.21.15.62:3300/0,v1:172.21.15.62:6789/0] -- mon_getmap magic: 0 -- 0x7f22d410b2d0 con 0x7f22d41078f0
2024-05-10T11:01:47.926 INFO:teuthology.orchestra.run.smithi062.stdout:/usr/bin/ceph: stderr
2024-05-10T11:01:47.134+0000 7f22d94d1700 1 --2- >> [v2:172.21.15.62:3300/0,v1:172.21.15.62:6789/0] conn(0x7f22d41078f0 0x7f22d41a3560 unknown :-1 s=BANNER_CONNECTING pgs=0 cs=0 l=1 rev1=0 crypto rx=0 tx=0 comp rx=0 tx=0)._handle_peer_banner_payload supported=3 required=0
2024-05-10T11:01:47.926 INFO:teuthology.orchestra.run.smithi062.stdout:/usr/bin/ceph: stderr
2024-05-10T11:01:47.134+0000 7f22d94d1700 1 --2- >> [v2:172.21.15.62:3300/0,v1:172.21.15.62:6789/0] conn(0x7f22d41078f0 0x7f22d41a3560 unknown :-1 s=HELLO_CONNECTING pgs=0 cs=0 l=1 rev1=1 crypto rx=0 tx=0 comp rx=0 tx=0).handle_hello peer v2:172.21.15.62:3300/0 says I am v2:172.21.15.62:45944/0 (socket says 172.21.15.62:45944)
2024-05-10T11:01:47.927 INFO:teuthology.orchestra.run.smithi062.stdout:/usr/bin/ceph: stderr
2024-05-10T11:01:47.134+0000 7f22d94d1700 1 -- 172.21.15.62:0/2882331285 learned_addr learned my addr 172.21.15.62:0/2882331285 (peer_addr_for_me v2:172.21.15.62:0/0)
2024-05-10T11:01:47.927 INFO:teuthology.orchestra.run.smithi062.stdout:/usr/bin/ceph: stderr
2024-05-10T11:01:47.135+0000 7f22d94d1700 1 -- 172.21.15.62:0/2882331285 --> [v2:172.21.15.62:3300/0,v1:172.21.15.62:6789/0] -- mon_subscribe({config=0+,monmap=0+}) -- 0x7f22d41a3aa0 con 0x7f22d41078f0
2024-05-10T11:01:47.927 INFO:teuthology.orchestra.run.smithi062.stdout:/usr/bin/ceph: stderr
2024-05-10T11:01:47.135+0000 7f22d94d1700 1 --2- 172.21.15.62:0/2882331285 >> [v2:172.21.15.62:3300/0,v1:172.21.15.62:6789/0] conn(0x7f22d41078f0 0x7f22d41a3560 secure :-1 s=READY pgs=50 cs=0 l=1 rev1=1 crypto rx=0x7f22d0000c00 tx=0x7f22d0011aa0 comp rx=0 tx=0).ready entity=mon.0 client_cookie=0 server_cookie=0 in_seq=0 out_seq=0
2024-05-10T11:01:47.927 INFO:teuthology.orchestra.run.smithi062.stdout:/usr/bin/ceph: stderr
2024-05-10T11:01:47.135+0000 7f22ca7fc700 1 -- 172.21.15.62:0/2882331285 <== mon.0 v2:172.21.15.62:3300/0 1 ==== mon_map magic: 0 ==== 205+0+0 (secure 0 0 0) 0x7f22d0003aa0 con 0x7f22d41078f0
2024-05-10T11:01:47.927 INFO:teuthology.orchestra.run.smithi062.stdout:/usr/bin/ceph: stderr
2024-05-10T11:01:47.135+0000 7f22ca7fc700 1 -- 172.21.15.62:0/2882331285 <== mon.0 v2:172.21.15.62:3300/0 2 ==== config(26 keys) ==== 1101+0+0 (secure 0 0 0) 0x7f22d001b8f0 con 0x7f22d41078f0
2024-05-10T11:01:47.927 INFO:teuthology.orchestra.run.smithi062.stdout:/usr/bin/ceph: stderr
2024-05-10T11:01:47.135+0000 7f22db735700 1 -- 172.21.15.62:0/2882331285 --> [v2:172.21.15.62:3300/0,v1:172.21.15.62:6789/0] -- mon_subscribe({mgrmap=0+}) -- 0x7f22d41a3d30 con 0x7f22d41078f0
2024-05-10T11:01:47.927 INFO:teuthology.orchestra.run.smithi062.stdout:/usr/bin/ceph: stderr
2024-05-10T11:01:47.135+0000 7f22ca7fc700 1 -- 172.21.15.62:0/2882331285 <== mon.0 v2:172.21.15.62:3300/0 3 ==== mon_map magic: 0 ==== 205+0+0 (secure 0 0 0) 0x7f22d0023870 con 0x7f22d41078f0
2024-05-10T11:01:47.927 INFO:teuthology.orchestra.run.smithi062.stdout:/usr/bin/ceph: stderr
2024-05-10T11:01:47.135+0000 7f22db735700 1 -- 172.21.15.62:0/2882331285 --> [v2:172.21.15.62:3300/0,v1:172.21.15.62:6789/0] -- mon_subscribe({osdmap=0}) -- 0x7f22d41a6a20 con 0x7f22d41078f0
2024-05-10T11:01:47.927 INFO:teuthology.orchestra.run.smithi062.stdout:/usr/bin/ceph: stderr
2024-05-10T11:01:47.136+0000 7f22db735700 1 -- 172.21.15.62:0/2882331285 --> [v2:172.21.15.62:3300/0,v1:172.21.15.62:6789/0] -- mon_command({"prefix": "get_command_descriptions"} v 0) -- 0x7f22d4064b00 con 0x7f22d41078f0
2024-05-10T11:01:47.927 INFO:teuthology.orchestra.run.smithi062.stdout:/usr/bin/ceph: stderr
2024-05-10T11:01:47.136+0000 7f22ca7fc700 1 -- 172.21.15.62:0/2882331285 <== mon.0 v2:172.21.15.62:3300/0 4 ==== mgrmap(e 8) ==== 50222+0+0 (secure 0 0 0) 0x7f22d0023b20 con 0x7f22d41078f0
2024-05-10T11:01:47.927 INFO:teuthology.orchestra.run.smithi062.stdout:/usr/bin/ceph: stderr
2024-05-10T11:01:47.137+0000 7f22ca7fc700 1 --2- 172.21.15.62:0/2882331285 >> [v2:172.21.15.62:6800/3241920410,v1:172.21.15.62:6801/3241920410] conn(0x7f22c003e4c0 0x7f22c0040980 unknown :-1 s=NONE pgs=0 cs=0 l=1 rev1=0 crypto rx=0 tx=0 comp rx=0 tx=0).connect
2024-05-10T11:01:47.927 INFO:teuthology.orchestra.run.smithi062.stdout:/usr/bin/ceph: stderr
2024-05-10T11:01:47.137+0000 7f22ca7fc700 1 -- 172.21.15.62:0/2882331285 <== mon.0 v2:172.21.15.62:3300/0 5 ==== osd_map(2..2 src has 1..2) ==== 940+0+0 (secure 0 0 0) 0x7f22d0053d80 con 0x7f22d41078f0
2024-05-10T11:01:47.927 INFO:teuthology.orchestra.run.smithi062.stdout:/usr/bin/ceph: stderr
2024-05-10T11:01:47.137+0000 7f22d8cd0700 1 --2- 172.21.15.62:0/2882331285 >> [v2:172.21.15.62:6800/3241920410,v1:172.21.15.62:6801/3241920410] conn(0x7f22c003e4c0 0x7f22c0040980 unknown :-1 s=BANNER_CONNECTING pgs=0 cs=0 l=1 rev1=0 crypto rx=0 tx=0 comp rx=0 tx=0)._handle_peer_banner_payload supported=3 required=0
2024-05-10T11:01:47.927 INFO:teuthology.orchestra.run.smithi062.stdout:/usr/bin/ceph: stderr
2024-05-10T11:01:47.137+0000 7f22d8cd0700 1 --2- 172.21.15.62:0/2882331285 >> [v2:172.21.15.62:6800/3241920410,v1:172.21.15.62:6801/3241920410] conn(0x7f22c003e4c0 0x7f22c0040980 secure :-1 s=READY pgs=13 cs=0 l=1 rev1=1 crypto rx=0x7f22c4006fd0 tx=0x7f22c4006e40 comp rx=0 tx=0).ready entity=mgr.14120 client_cookie=0 server_cookie=0 in_seq=0 out_seq=0
2024-05-10T11:01:47.928 INFO:teuthology.orchestra.run.smithi062.stdout:/usr/bin/ceph: stderr
2024-05-10T11:01:47.142+0000 7f22ca7fc700 1 -- 172.21.15.62:0/2882331285 <== mon.0 v2:172.21.15.62:3300/0 6 ==== mon_command_ack([{"prefix": "get_command_descriptions"}]=0 v0) ==== 72+0+191839 (secure 0 0 0) 0x7f22d001f030 con 0x7f22d41078f0
2024-05-10T11:01:47.928 INFO:teuthology.orchestra.run.smithi062.stdout:/usr/bin/ceph: stderr
2024-05-10T11:01:47.396+0000 7f22db735700 1 -- 172.21.15.62:0/2882331285 --> [v2:172.21.15.62:6800/3241920410,v1:172.21.15.62:6801/3241920410] -- mgr_command(tid 0: {"prefix": "orch apply", "service_type": "mgr", "unmanaged": true, "target": ["mon-mgr", ""]}) -- 0x7f22d402e6a0 con 0x7f22c003e4c0
2024-05-10T11:01:47.928 INFO:teuthology.orchestra.run.smithi062.stdout:/usr/bin/ceph: stderr
2024-05-10T11:01:47.401+0000 7f22ca7fc700 1 -- 172.21.15.62:0/2882331285 <== mgr.14120 v2:172.21.15.62:6800/3241920410 1 ==== mgr_command_reply(tid 0: 0 ) ==== 8+0+24 (secure 0 0 0) 0x7f22d402e6a0 con 0x7f22c003e4c0
2024-05-10T11:01:47.928 INFO:teuthology.orchestra.run.smithi062.stdout:/usr/bin/ceph: stderr
2024-05-10T11:01:47.403+0000 7f22db735700 1 -- 172.21.15.62:0/2882331285 >> [v2:172.21.15.62:6800/3241920410,v1:172.21.15.62:6801/3241920410] conn(0x7f22c003e4c0 msgr2=0x7f22c0040980 secure :-1 s=STATE_CONNECTION_ESTABLISHED l=1).mark_down
