2024-05-10T11:01:53.368 INFO:teuthology.orchestra.run.smithi062.stdout:/usr/bin/ceph: stderr
2024-05-10T11:01:52.325+0000 7fddf1ffb700 1 -- 172.21.15.62:0/48383099 <== mon.0 v2:172.21.15.62:3300/0 8 ==== mgrmap(e 9) ==== 50235+0+0 (secure 0 0 0) 0x7fdde8019ce0 con 0x7fddf4109af0
2024-05-10T11:01:53.368 INFO:teuthology.orchestra.run.smithi062.stdout:/usr/bin/ceph: stderr
2024-05-10T11:01:52.326+0000 7fddfb132700 1 -- 172.21.15.62:0/48383099 >> [v2:172.21.15.62:6800/3241920410,v1:172.21.15.62:6801/3241920410] conn(0x7fdde403e4c0 msgr2=0x7fdde4040980 secure :-1 s=STATE_CONNECTION_ESTABLISHED l=1).mark_down
2024-05-10T11:01:53.368 INFO:teuthology.orchestra.run.smithi062.stdout:/usr/bin/ceph: stderr
2024-05-10T11:01:52.326+0000 7fddfb132700 1 --2- 172.21.15.62:0/48383099 >> [v2:172.21.15.62:6800/3241920410,v1:172.21.15.62:6801/3241920410] conn(0x7fdde403e4c0 0x7fdde4040980 secure :-1 s=READY pgs=16 cs=0 l=1 rev1=1 crypto rx=0x7fdde0006fd0 tx=0x7fdde0006e40 comp rx=0 tx=0).stop
2024-05-10T11:01:53.369 INFO:teuthology.orchestra.run.smithi062.stdout:/usr/bin/ceph: stderr
2024-05-10T11:01:52.326+0000 7fddfb132700 1 -- 172.21.15.62:0/48383099 >> [v2:172.21.15.62:3300/0,v1:172.21.15.62:6789/0] conn(0x7fddf4109af0 msgr2=0x7fddf419cf50 secure :-1 s=STATE_CONNECTION_ESTABLISHED l=1).mark_down
2024-05-10T11:01:53.369 INFO:teuthology.orchestra.run.smithi062.stdout:/usr/bin/ceph: stderr
2024-05-10T11:01:52.326+0000 7fddfb132700 1 --2- 172.21.15.62:0/48383099 >> [v2:172.21.15.62:3300/0,v1:172.21.15.62:6789/0] conn(0x7fddf4109af0 0x7fddf419cf50 secure :-1 s=READY pgs=56 cs=0 l=1 rev1=1 crypto rx=0x7fdde8000c00 tx=0x7fdde8011aa0 comp rx=0 tx=0).stop
2024-05-10T11:01:53.369 INFO:teuthology.orchestra.run.smithi062.stdout:/usr/bin/ceph: stderr
2024-05-10T11:01:52.326+0000 7fddfb132700 1 -- 172.21.15.62:0/48383099 shutdown_connections
2024-05-10T11:01:53.369 INFO:teuthology.orchestra.run.smithi062.stdout:/usr/bin/ceph: stderr
2024-05-10T11:01:52.326+0000 7fddfb132700 1 --2- 172.21.15.62:0/48383099 >> [v2:172.21.15.62:6800/3241920410,v1:172.21.15.62:6801/3241920410] conn(0x7fdde403e4c0 0x7fdde4040980 unknown :-1 s=CLOSED pgs=16 cs=0 l=1 rev1=1 crypto rx=0 tx=0 comp rx=0 tx=0).stop
2024-05-10T11:01:53.369 INFO:teuthology.orchestra.run.smithi062.stdout:/usr/bin/ceph: stderr
2024-05-10T11:01:52.326+0000 7fddfb132700 1 --2- 172.21.15.62:0/48383099 >> [v2:172.21.15.62:3300/0,v1:172.21.15.62:6789/0] conn(0x7fddf4109af0 0x7fddf419cf50 unknown :-1 s=CLOSED pgs=56 cs=0 l=1 rev1=1 crypto rx=0 tx=0 comp rx=0 tx=0).stop
2024-05-10T11:01:53.369 INFO:teuthology.orchestra.run.smithi062.stdout:/usr/bin/ceph: stderr
2024-05-10T11:01:52.326+0000 7fddfb132700 1 -- 172.21.15.62:0/48383099 >> 172.21.15.62:0/48383099 conn(0x7fddf4103520 msgr2=0x7fddf4103f70 unknown :-1 s=STATE_NONE l=0).mark_down
2024-05-10T11:01:53.369 INFO:teuthology.orchestra.run.smithi062.stdout:/usr/bin/ceph: stderr
2024-05-10T11:01:52.327+0000 7fddfb132700 1 -- 172.21.15.62:0/48383099 shutdown_connections
2024-05-10T11:01:53.369 INFO:teuthology.orchestra.run.smithi062.stdout:/usr/bin/ceph: stderr
2024-05-10T11:01:52.327+0000 7fddfb132700 1 -- 172.21.15.62:0/48383099 wait complete.
2024-05-10T11:01:54.688 INFO:journalctl@ceph.mon.a.smithi062.stdout:May 10 11:01:54 smithi062 ceph-mon[30167]: from='client.? 172.21.15.62:0/519077219' entity='client.admin' cmd=[{"prefix": "mgr stat"}]: dispatch
2024-05-10T11:01:54.688 INFO:journalctl@ceph.mgr.x.smithi062.stdout:May 10 11:01:54 smithi062 ceph-73419d1a-0ebc-11ef-bc98-c7b262605968-mgr-x[30402]:
2024-05-10T11:01:54.513+0000 7f89fa5c5200 -1 mgr[py] Module telegraf has missing NOTIFY_TYPES member
2024-05-10T11:01:54.804 INFO:teuthology.orchestra.run.smithi062.stdout:/usr/bin/ceph: stdout {
2024-05-10T11:01:54.804 INFO:teuthology.orchestra.run.smithi062.stdout:/usr/bin/ceph: stdout "epoch": 9,
2024-05-10T11:01:54.804 INFO:teuthology.orchestra.run.smithi062.stdout:/usr/bin/ceph: stdout "available": true,
2024-05-10T11:01:54.804 INFO:teuthology.orchestra.run.smithi062.stdout:/usr/bin/ceph: stdout "active_name": "x",
2024-05-10T11:01:54.805 INFO:teuthology.orchestra.run.smithi062.stdout:/usr/bin/ceph: stdout "num_standby": 0
2024-05-10T11:01:54.805 INFO:teuthology.orchestra.run.smithi062.stdout:/usr/bin/ceph: stdout }
2024-05-10T11:01:54.805 INFO:teuthology.orchestra.run.smithi062.stdout:/usr/bin/ceph: stderr
2024-05-10T11:01:53.800+0000 7f485abea700 1 Processor -- start
2024-05-10T11:01:54.805 INFO:teuthology.orchestra.run.smithi062.stdout:/usr/bin/ceph: stderr
2024-05-10T11:01:53.800+0000 7f485abea700 1 -- start start
2024-05-10T11:01:54.805 INFO:teuthology.orchestra.run.smithi062.stdout:/usr/bin/ceph: stderr
2024-05-10T11:01:53.801+0000 7f485abea700 1 --2- >> [v2:172.21.15.62:3300/0,v1:172.21.15.62:6789/0] conn(0x7f4854107f80 0x7f48541083a0 unknown :-1 s=NONE pgs=0 cs=0 l=0 rev1=0 crypto rx=0 tx=0 comp rx=0 tx=0).connect
2024-05-10T11:01:54.805 INFO:teuthology.orchestra.run.smithi062.stdout:/usr/bin/ceph: stderr
2024-05-10T11:01:53.801+0000 7f485abea700 1 -- --> [v2:172.21.15.62:3300/0,v1:172.21.15.62:6789/0] -- mon_getmap magic: 0 -- 0x7f4854108970 con 0x7f4854107f80
2024-05-10T11:01:54.805 INFO:teuthology.orchestra.run.smithi062.stdout:/usr/bin/ceph: stderr
2024-05-10T11:01:53.801+0000 7f4858986700 1 --2- >> [v2:172.21.15.62:3300/0,v1:172.21.15.62:6789/0] conn(0x7f4854107f80 0x7f48541083a0 unknown :-1 s=BANNER_CONNECTING pgs=0 cs=0 l=0 rev1=0 crypto rx=0 tx=0 comp rx=0 tx=0)._handle_peer_banner_payload supported=3 required=0
2024-05-10T11:01:54.805 INFO:teuthology.orchestra.run.smithi062.stdout:/usr/bin/ceph: stderr
2024-05-10T11:01:53.801+0000 7f4858986700 1 --2- >> [v2:172.21.15.62:3300/0,v1:172.21.15.62:6789/0] conn(0x7f4854107f80 0x7f48541083a0 unknown :-1 s=HELLO_CONNECTING pgs=0 cs=0 l=0 rev1=1 crypto rx=0 tx=0 comp rx=0 tx=0).handle_hello peer v2:172.21.15.62:3300/0 says I am v2:172.21.15.62:50596/0 (socket says 172.21.15.62:50596)
2024-05-10T11:01:54.805 INFO:teuthology.orchestra.run.smithi062.stdout:/usr/bin/ceph: stderr
2024-05-10T11:01:53.801+0000 7f4858986700 1 -- 172.21.15.62:0/1505725140 learned_addr learned my addr 172.21.15.62:0/1505725140 (peer_addr_for_me v2:172.21.15.62:0/0)
2024-05-10T11:01:54.805 INFO:teuthology.orchestra.run.smithi062.stdout:/usr/bin/ceph: stderr
2024-05-10T11:01:53.801+0000 7f4858986700 1 -- 172.21.15.62:0/1505725140 --> [v2:172.21.15.62:3300/0,v1:172.21.15.62:6789/0] -- mon_subscribe({config=0+,monmap=0+}) -- 0x7f4854109180 con 0x7f4854107f80
2024-05-10T11:01:54.805 INFO:teuthology.orchestra.run.smithi062.stdout:/usr/bin/ceph: stderr
2024-05-10T11:01:53.801+0000 7f4858986700 1 --2- 172.21.15.62:0/1505725140 >> [v2:172.21.15.62:3300/0,v1:172.21.15.62:6789/0] conn(0x7f4854107f80 0x7f48541083a0 secure :-1 s=READY pgs=59 cs=0 l=1 rev1=1 crypto rx=0x7f483c0098a0 tx=0x7f483c009bb0 comp rx=0 tx=0).ready entity=mon.0 client_cookie=f2114fa2d4c5388e server_cookie=0 in_seq=0 out_seq=0
2024-05-10T11:01:54.805 INFO:teuthology.orchestra.run.smithi062.stdout:/usr/bin/ceph: stderr
2024-05-10T11:01:53.801+0000 7f48537fe700 1 -- 172.21.15.62:0/1505725140 <== mon.0 v2:172.21.15.62:3300/0 1 ==== mon_map magic: 0 ==== 205+0+0 (secure 0 0 0) 0x7f483c004160 con 0x7f4854107f80
2024-05-10T11:01:54.805 INFO:teuthology.orchestra.run.smithi062.stdout:/usr/bin/ceph: stderr
2024-05-10T11:01:53.801+0000 7f48537fe700 1 -- 172.21.15.62:0/1505725140 <== mon.0 v2:172.21.15.62:3300/0 2 ==== config(26 keys) ==== 1101+0+0 (secure 0 0 0) 0x7f483c004300 con 0x7f4854107f80
2024-05-10T11:01:54.805 INFO:teuthology.orchestra.run.smithi062.stdout:/usr/bin/ceph: stderr
2024-05-10T11:01:53.801+0000 7f48537fe700 1 -- 172.21.15.62:0/1505725140 <== mon.0 v2:172.21.15.62:3300/0 3 ==== mon_map magic: 0 ==== 205+0+0 (secure 0 0 0) 0x7f483c011a20 con 0x7f4854107f80
2024-05-10T11:01:54.806 INFO:teuthology.orchestra.run.smithi062.stdout:/usr/bin/ceph: stderr
2024-05-10T11:01:53.802+0000 7f485abea700 1 -- 172.21.15.62:0/1505725140 >> [v2:172.21.15.62:3300/0,v1:172.21.15.62:6789/0] conn(0x7f4854107f80 msgr2=0x7f48541083a0 secure :-1 s=STATE_CONNECTION_ESTABLISHED l=1).mark_down
2024-05-10T11:01:54.806 INFO:teuthology.orchestra.run.smithi062.stdout:/usr/bin/ceph: stderr
2024-05-10T11:01:53.802+0000 7f485abea700 1 --2- 172.21.15.62:0/1505725140 >> [v2:172.21.15.62:3300/0,v1:172.21.15.62:6789/0] conn(0x7f4854107f80 0x7f48541083a0 secure :-1 s=READY pgs=59 cs=0 l=1 rev1=1 crypto rx=0x7f483c0098a0 tx=0x7f483c009bb0 comp rx=0 tx=0).stop
2024-05-10T11:01:54.806 INFO:teuthology.orchestra.run.smithi062.stdout:/usr/bin/ceph: stderr
2024-05-10T11:01:53.802+0000 7f485abea700 1 -- 172.21.15.62:0/1505725140 shutdown_connections
2024-05-10T11:01:54.806 INFO:teuthology.orchestra.run.smithi062.stdout:/usr/bin/ceph: stderr
2024-05-10T11:01:53.802+0000 7f485abea700 1 --2- 172.21.15.62:0/1505725140 >> [v2:172.21.15.62:3300/0,v1:172.21.15.62:6789/0] conn(0x7f4854107f80 0x7f48541083a0 unknown :-1 s=CLOSED pgs=59 cs=0 l=1 rev1=1 crypto rx=0 tx=0 comp rx=0 tx=0).stop
2024-05-10T11:01:54.806 INFO:teuthology.orchestra.run.smithi062.stdout:/usr/bin/ceph: stderr
2024-05-10T11:01:53.802+0000 7f485abea700 1 -- 172.21.15.62:0/1505725140 >> 172.21.15.62:0/1505725140 conn(0x7f4854103520 msgr2=0x7f4854105960 unknown :-1 s=STATE_NONE l=0).mark_down
2024-05-10T11:01:54.806 INFO:teuthology.orchestra.run.smithi062.stdout:/usr/bin/ceph: stderr
2024-05-10T11:01:53.802+0000 7f485abea700 1 -- 172.21.15.62:0/1505725140 shutdown_connections
2024-05-10T11:01:54.806 INFO:teuthology.orchestra.run.smithi062.stdout:/usr/bin/ceph: stderr
2024-05-10T11:01:53.802+0000 7f485abea700 1 -- 172.21.15.62:0/1505725140 wait complete.
2024-05-10T11:01:54.806 INFO:teuthology.orchestra.run.smithi062.stdout:/usr/bin/ceph: stderr
2024-05-10T11:01:53.803+0000 7f485abea700 1 Processor -- start
2024-05-10T11:01:54.806 INFO:teuthology.orchestra.run.smithi062.stdout:/usr/bin/ceph: stderr
2024-05-10T11:01:53.803+0000 7f485abea700 1 -- start start
2024-05-10T11:01:54.806 INFO:teuthology.orchestra.run.smithi062.stdout:/usr/bin/ceph: stderr
2024-05-10T11:01:53.803+0000 7f485abea700 1 --2- >> [v2:172.21.15.62:3300/0,v1:172.21.15.62:6789/0] conn(0x7f4854107f80 0x7f485419ad40 unknown :-1 s=NONE pgs=0 cs=0 l=1 rev1=0 crypto rx=0 tx=0 comp rx=0 tx=0).connect
2024-05-10T11:01:54.806 INFO:teuthology.orchestra.run.smithi062.stdout:/usr/bin/ceph: stderr
2024-05-10T11:01:53.803+0000 7f485abea700 1 -- --> [v2:172.21.15.62:3300/0,v1:172.21.15.62:6789/0] -- mon_getmap magic: 0 -- 0x7f485407bf50 con 0x7f4854107f80
2024-05-10T11:01:54.806 INFO:teuthology.orchestra.run.smithi062.stdout:/usr/bin/ceph: stderr
2024-05-10T11:01:53.803+0000 7f4858986700 1 --2- >> [v2:172.21.15.62:3300/0,v1:172.21.15.62:6789/0] conn(0x7f4854107f80 0x7f485419ad40 unknown :-1 s=BANNER_CONNECTING pgs=0 cs=0 l=1 rev1=0 crypto rx=0 tx=0 comp rx=0 tx=0)._handle_peer_banner_payload supported=3 required=0
2024-05-10T11:01:54.806 INFO:teuthology.orchestra.run.smithi062.stdout:/usr/bin/ceph: stderr
2024-05-10T11:01:53.803+0000 7f4858986700 1 --2- >> [v2:172.21.15.62:3300/0,v1:172.21.15.62:6789/0] conn(0x7f4854107f80 0x7f485419ad40 unknown :-1 s=HELLO_CONNECTING pgs=0 cs=0 l=1 rev1=1 crypto rx=0 tx=0 comp rx=0 tx=0).handle_hello peer v2:172.21.15.62:3300/0 says I am v2:172.21.15.62:50608/0 (socket says 172.21.15.62:50608)
2024-05-10T11:01:54.806 INFO:teuthology.orchestra.run.smithi062.stdout:/usr/bin/ceph: stderr
2024-05-10T11:01:53.803+0000 7f4858986700 1 -- 172.21.15.62:0/519077219 learned_addr learned my addr 172.21.15.62:0/519077219 (peer_addr_for_me v2:172.21.15.62:0/0)
2024-05-10T11:01:54.807 INFO:teuthology.orchestra.run.smithi062.stdout:/usr/bin/ceph: stderr
2024-05-10T11:01:53.803+0000 7f4858986700 1 -- 172.21.15.62:0/519077219 --> [v2:172.21.15.62:3300/0,v1:172.21.15.62:6789/0] -- mon_subscribe({config=0+,monmap=0+}) -- 0x7f485419b280 con 0x7f4854107f80
2024-05-10T11:01:54.807 INFO:teuthology.orchestra.run.smithi062.stdout:/usr/bin/ceph: stderr
2024-05-10T11:01:53.804+0000 7f4858986700 1 --2- 172.21.15.62:0/519077219 >> [v2:172.21.15.62:3300/0,v1:172.21.15.62:6789/0] conn(0x7f4854107f80 0x7f485419ad40 secure :-1 s=READY pgs=60 cs=0 l=1 rev1=1 crypto rx=0x7f483c0116e0 tx=0x7f483c011aa0 comp rx=0 tx=0).ready entity=mon.0 client_cookie=0 server_cookie=0 in_seq=0 out_seq=0
2024-05-10T11:01:54.807 INFO:teuthology.orchestra.run.smithi062.stdout:/usr/bin/ceph: stderr
2024-05-10T11:01:53.804+0000 7f4851ffb700 1 -- 172.21.15.62:0/519077219 <== mon.0 v2:172.21.15.62:3300/0 1 ==== mon_map magic: 0 ==== 205+0+0 (secure 0 0 0) 0x7f483c0039e0 con 0x7f4854107f80
2024-05-10T11:01:54.807 INFO:teuthology.orchestra.run.smithi062.stdout:/usr/bin/ceph: stderr
2024-05-10T11:01:53.804+0000 7f4851ffb700 1 -- 172.21.15.62:0/519077219 <== mon.0 v2:172.21.15.62:3300/0 2 ==== config(26 keys) ==== 1101+0+0 (secure 0 0 0) 0x7f483c01b8f0 con 0x7f4854107f80
2024-05-10T11:01:54.807 INFO:teuthology.orchestra.run.smithi062.stdout:/usr/bin/ceph: stderr
2024-05-10T11:01:53.804+0000 7f485abea700 1 -- 172.21.15.62:0/519077219 --> [v2:172.21.15.62:3300/0,v1:172.21.15.62:6789/0] -- mon_subscribe({mgrmap=0+}) -- 0x7f485419b510 con 0x7f4854107f80
2024-05-10T11:01:54.807 INFO:teuthology.orchestra.run.smithi062.stdout:/usr/bin/ceph: stderr
2024-05-10T11:01:53.804+0000 7f4851ffb700 1 -- 172.21.15.62:0/519077219 <== mon.0 v2:172.21.15.62:3300/0 3 ==== mon_map magic: 0 ==== 205+0+0 (secure 0 0 0) 0x7f483c023760 con 0x7f4854107f80
2024-05-10T11:01:54.807 INFO:teuthology.orchestra.run.smithi062.stdout:/usr/bin/ceph: stderr
2024-05-10T11:01:53.804+0000 7f485abea700 1 -- 172.21.15.62:0/519077219 --> [v2:172.21.15.62:3300/0,v1:172.21.15.62:6789/0] -- mon_subscribe({osdmap=0}) -- 0x7f485419e200 con 0x7f4854107f80
2024-05-10T11:01:54.807 INFO:teuthology.orchestra.run.smithi062.stdout:/usr/bin/ceph: stderr
2024-05-10T11:01:53.805+0000 7f4851ffb700 1 -- 172.21.15.62:0/519077219 <== mon.0 v2:172.21.15.62:3300/0 4 ==== mgrmap(e 9) ==== 50235+0+0 (secure 0 0 0) 0x7f483c023920 con 0x7f4854107f80
2024-05-10T11:01:54.807 INFO:teuthology.orchestra.run.smithi062.stdout:/usr/bin/ceph: stderr
2024-05-10T11:01:53.805+0000 7f4851ffb700 1 --2- 172.21.15.62:0/519077219 >> [v2:172.21.15.62:6800/3241920410,v1:172.21.15.62:6801/3241920410] conn(0x7f48400406f0 0x7f4840042bb0 unknown :-1 s=NONE pgs=0 cs=0 l=1 rev1=0 crypto rx=0 tx=0 comp rx=0 tx=0).connect
2024-05-10T11:01:54.807 INFO:teuthology.orchestra.run.smithi062.stdout:/usr/bin/ceph: stderr
2024-05-10T11:01:53.805+0000 7f485abea700 1 -- 172.21.15.62:0/519077219 --> [v2:172.21.15.62:3300/0,v1:172.21.15.62:6789/0] -- mon_command({"prefix": "get_command_descriptions"} v 0) -- 0x7f4854064b00 con 0x7f4854107f80
2024-05-10T11:01:54.807 INFO:teuthology.orchestra.run.smithi062.stdout:/usr/bin/ceph: stderr
2024-05-10T11:01:53.805+0000 7f4853fff700 1 -- 172.21.15.62:0/519077219 >> [v2:172.21.15.62:6800/3241920410,v1:172.21.15.62:6801/3241920410] conn(0x7f48400406f0 msgr2=0x7f4840042bb0 unknown :-1 s=STATE_CONNECTING_RE l=1).process reconnect failed to v2:172.21.15.62:6800/3241920410
2024-05-10T11:01:54.807 INFO:teuthology.orchestra.run.smithi062.stdout:/usr/bin/ceph: stderr
2024-05-10T11:01:53.805+0000 7f4851ffb700 1 -- 172.21.15.62:0/519077219 <== mon.0 v2:172.21.15.62:3300/0 5 ==== osd_map(2..2 src has 1..2) ==== 940+0+0 (secure 0 0 0) 0x7f483c053e50 con 0x7f4854107f80
2024-05-10T11:01:54.807 INFO:teuthology.orchestra.run.smithi062.stdout:/usr/bin/ceph: stderr
2024-05-10T11:01:53.805+0000 7f4853fff700 1 --2- 172.21.15.62:0/519077219 >> [v2:172.21.15.62:6800/3241920410,v1:172.21.15.62:6801/3241920410] conn(0x7f48400406f0 0x7f4840042bb0 unknown :-1 s=START_CONNECT pgs=0 cs=0 l=1 rev1=0 crypto rx=0 tx=0 comp rx=0 tx=0)._fault waiting 0.200000
2024-05-10T11:01:54.807 INFO:teuthology.orchestra.run.smithi062.stdout:/usr/bin/ceph: stderr
2024-05-10T11:01:53.811+0000 7f4851ffb700 1 -- 172.21.15.62:0/519077219 <== mon.0 v2:172.21.15.62:3300/0 6 ==== mon_command_ack([{"prefix": "get_command_descriptions"}]=0 v0) ==== 72+0+191839 (secure 0 0 0) 0x7f483c01f030 con 0x7f4854107f80
2024-05-10T11:01:54.808 INFO:teuthology.orchestra.run.smithi062.stdout:/usr/bin/ceph: stderr
2024-05-10T11:01:54.006+0000 7f4853fff700 1 -- 172.21.15.62:0/519077219 >> [v2:172.21.15.62:6800/3241920410,v1:172.21.15.62:6801/3241920410] conn(0x7f48400406f0 msgr2=0x7f4840042bb0 unknown :-1 s=STATE_CONNECTING_RE l=1).process reconnect failed to v2:172.21.15.62:6800/3241920410
2024-05-10T11:01:54.808 INFO:teuthology.orchestra.run.smithi062.stdout:/usr/bin/ceph: stderr
2024-05-10T11:01:54.006+0000 7f4853fff700 1 --2- 172.21.15.62:0/519077219 >> [v2:172.21.15.62:6800/3241920410,v1:172.21.15.62:6801/3241920410] conn(0x7f48400406f0 0x7f4840042bb0 unknown :-1 s=START_CONNECT pgs=0 cs=0 l=1 rev1=0 crypto rx=0 tx=0 comp rx=0 tx=0)._fault waiting 0.400000
2024-05-10T11:01:54.808 INFO:teuthology.orchestra.run.smithi062.stdout:/usr/bin/ceph: stderr
2024-05-10T11:01:54.104+0000 7f485abea700 1 -- 172.21.15.62:0/519077219 --> [v2:172.21.15.62:3300/0,v1:172.21.15.62:6789/0] -- mon_command({"prefix": "mgr stat"} v 0) -- 0x7f48541942a0 con 0x7f4854107f80
2024-05-10T11:01:54.808 INFO:teuthology.orchestra.run.smithi062.stdout:/usr/bin/ceph: stderr
2024-05-10T11:01:54.104+0000 7f4851ffb700 1 -- 172.21.15.62:0/519077219 <== mon.0 v2:172.21.15.62:3300/0 7 ==== mon_command_ack([{"prefix": "mgr stat"}]=0 v9) ==== 56+0+88 (secure 0 0 0) 0x7f48541942a0 con 0x7f4854107f80
2024-05-10T11:01:54.808 INFO:teuthology.orchestra.run.smithi062.stdout:/usr/bin/ceph: stderr
2024-05-10T11:01:54.107+0000 7f485abea700 1 -- 172.21.15.62:0/519077219 >> [v2:172.21.15.62:6800/3241920410,v1:172.21.15.62:6801/3241920410] conn(0x7f48400406f0 msgr2=0x7f4840042bb0 unknown :-1 s=STATE_CONNECTING l=1).mark_down
2024-05-10T11:01:54.808 INFO:teuthology.orchestra.run.smithi062.stdout:/usr/bin/ceph: stderr
2024-05-10T11:01:54.107+0000 7f485abea700 1 --2- 172.21.15.62:0/519077219 >> [v2:172.21.15.62:6800/3241920410,v1:172.21.15.62:6801/3241920410] conn(0x7f48400406f0 0x7f4840042bb0 unknown :-1 s=START_CONNECT pgs=0 cs=0 l=1 rev1=0 crypto rx=0 tx=0 comp rx=0 tx=0).stop
2024-05-10T11:01:54.808 INFO:teuthology.orchestra.run.smithi062.stdout:/usr/bin/ceph: stderr
2024-05-10T11:01:54.107+0000 7f485abea700 1 -- 172.21.15.62:0/519077219 >> [v2:172.21.15.62:3300/0,v1:172.21.15.62:6789/0] conn(0x7f4854107f80 msgr2=0x7f485419ad40 secure :-1 s=STATE_CONNECTION_ESTABLISHED l=1).mark_down
2024-05-10T11:01:54.808 INFO:teuthology.orchestra.run.smithi062.stdout:/usr/bin/ceph: stderr
2024-05-10T11:01:54.107+0000 7f485abea700 1 --2- 172.21.15.62:0/519077219 >> [v2:172.21.15.62:3300/0,v1:172.21.15.62:6789/0] conn(0x7f4854107f80 0x7f485419ad40 secure :-1 s=READY pgs=60 cs=0 l=1 rev1=1 crypto rx=0x7f483c0116e0 tx=0x7f483c011aa0 comp rx=0 tx=0).stop
2024-05-10T11:01:54.808 INFO:teuthology.orchestra.run.smithi062.stdout:/usr/bin/ceph: stderr
2024-05-10T11:01:54.107+0000 7f485abea700 1 -- 172.21.15.62:0/519077219 shutdown_connections
2024-05-10T11:01:54.808 INFO:teuthology.orchestra.run.smithi062.stdout:/usr/bin/ceph: stderr
2024-05-10T11:01:54.107+0000 7f485abea700 1 --2- 172.21.15.62:0/519077219 >> [v2:172.21.15.62:6800/3241920410,v1:172.21.15.62:6801/3241920410] conn(0x7f48400406f0 0x7f4840042bb0 unknown :-1 s=CLOSED pgs=0 cs=0 l=1 rev1=0 crypto rx=0 tx=0 comp rx=0 tx=0).stop
2024-05-10T11:01:54.808 INFO:teuthology.orchestra.run.smithi062.stdout:/usr/bin/ceph: stderr
2024-05-10T11:01:54.107+0000 7f485abea700 1 --2- 172.21.15.62:0/519077219 >> [v2:172.21.15.62:3300/0,v1:172.21.15.62:6789/0] conn(0x7f4854107f80 0x7f485419ad40 unknown :-1 s=CLOSED pgs=60 cs=0 l=1 rev1=1 crypto rx=0 tx=0 comp rx=0 tx=0).stop
2024-05-10T11:01:54.808 INFO:teuthology.orchestra.run.smithi062.stdout:/usr/bin/ceph: stderr
2024-05-10T11:01:54.107+0000 7f485abea700 1 -- 172.21.15.62:0/519077219 >> 172.21.15.62:0/519077219 conn(0x7f4854103520 msgr2=0x7f4854191360 unknown :-1 s=STATE_NONE l=0).mark_down
2024-05-10T11:01:54.808 INFO:teuthology.orchestra.run.smithi062.stdout:/usr/bin/ceph: stderr
2024-05-10T11:01:54.107+0000 7f485abea700 1 -- 172.21.15.62:0/519077219 shutdown_connections
2024-05-10T11:01:54.808 INFO:teuthology.orchestra.run.smithi062.stdout:/usr/bin/ceph: stderr
2024-05-10T11:01:54.107+0000 7f485abea700 1 -- 172.21.15.62:0/519077219 wait complete.
2024-05-10T11:01:54.809 INFO:teuthology.orchestra.run.smithi062.stdout:Waiting for the mgr to restart...
2024-05-10T11:01:54.809 INFO:teuthology.orchestra.run.smithi062.stdout:Waiting for mgr epoch 9...
2024-05-10T11:01:55.018 INFO:journalctl@ceph.mgr.x.smithi062.stdout:May 10 11:01:54 smithi062 ceph-73419d1a-0ebc-11ef-bc98-c7b262605968-mgr-x[30402]:
2024-05-10T11:01:54.691+0000 7f89fa5c5200 -1 mgr[py] Module osd_support has missing NOTIFY_TYPES member
2024-05-10T11:01:55.018 INFO:journalctl@ceph.mgr.x.smithi062.stdout:May 10 11:01:54 smithi062 ceph-73419d1a-0ebc-11ef-bc98-c7b262605968-mgr-x[30402]:
2024-05-10T11:01:54.873+0000 7f89fa5c5200 -1 mgr[py] Module iostat has missing NOTIFY_TYPES member
2024-05-10T11:01:55.281 INFO:journalctl@ceph.mgr.x.smithi062.stdout:May 10 11:01:55 smithi062 ceph-73419d1a-0ebc-11ef-bc98-c7b262605968-mgr-x[30402]:
2024-05-10T11:01:55.181+0000 7f89fa5c5200 -1 mgr[py] Module alerts has missing NOTIFY_TYPES member
2024-05-10T11:01:55.282 INFO:journalctl@ceph.mgr.x.smithi062.stdout:May 10 11:01:55 smithi062 ceph-73419d1a-0ebc-11ef-bc98-c7b262605968-mgr-x[30402]:
2024-05-10T11:01:55.281+0000 7f89fa5c5200 -1 mgr[py] Module selftest has missing NOTIFY_TYPES member
2024-05-10T11:01:55.687 INFO:journalctl@ceph.mgr.x.smithi062.stdout:May 10 11:01:55 smithi062 ceph-73419d1a-0ebc-11ef-bc98-c7b262605968-mgr-x[30402]:
2024-05-10T11:01:55.494+0000 7f89fa5c5200 -1 mgr[py] Module pg_autoscaler has missing NOTIFY_TYPES member
2024-05-10T11:01:56.012 INFO:journalctl@ceph.mgr.x.smithi062.stdout:May 10 11:01:55 smithi062 ceph-73419d1a-0ebc-11ef-bc98-c7b262605968-mgr-x[30402]:
2024-05-10T11:01:55.696+0000 7f89fa5c5200 -1 mgr[py] Module test_orchestrator has missing NOTIFY_TYPES member
2024-05-10T11:01:56.623 INFO:journalctl@ceph.mgr.x.smithi062.stdout:May 10 11:01:56 smithi062 ceph-73419d1a-0ebc-11ef-bc98-c7b262605968-mgr-x[30402]:
2024-05-10T11:01:56.328+0000 7f89fa5c5200 -1 mgr[py] Module rook has missing NOTIFY_TYPES member
2024-05-10T11:01:56.623 INFO:journalctl@ceph.mgr.x.smithi062.stdout:May 10 11:01:56 smithi062 ceph-73419d1a-0ebc-11ef-bc98-c7b262605968-mgr-x[30402]:
2024-05-10T11:01:56.559+0000 7f89fa5c5200 -1 mgr[py] Module smb has missing NOTIFY_TYPES member
2024-05-10T11:01:57.438 INFO:journalctl@ceph.mgr.x.smithi062.stdout:May 10 11:01:57 smithi062 ceph-73419d1a-0ebc-11ef-bc98-c7b262605968-mgr-x[30402]:
2024-05-10T11:01:57.006+0000 7f89fa5c5200 -1 mgr[py] Module volumes has missing NOTIFY_TYPES member
2024-05-10T11:01:57.438 INFO:journalctl@ceph.mgr.x.smithi062.stdout:May 10 11:01:57 smithi062 ceph-73419d1a-0ebc-11ef-bc98-c7b262605968-mgr-x[30402]:
2024-05-10T11:01:57.108+0000 7f89fa5c5200 -1 mgr[py] Module crash has missing NOTIFY_TYPES member
2024-05-10T11:01:57.868 INFO:journalctl@ceph.mgr.x.smithi062.stdout:May 10 11:01:57 smithi062 ceph-73419d1a-0ebc-11ef-bc98-c7b262605968-mgr-x[30402]:
2024-05-10T11:01:57.493+0000 7f89fa5c5200 -1 mgr[py] Module rgw has missing NOTIFY_TYPES member
2024-05-10T11:01:57.868 INFO:journalctl@ceph.mgr.x.smithi062.stdout:May 10 11:01:57 smithi062 ceph-73419d1a-0ebc-11ef-bc98-c7b262605968-mgr-x[30402]:
2024-05-10T11:01:57.866+0000 7f89fa5c5200 -1 mgr[py] Module prometheus has missing NOTIFY_TYPES member
2024-05-10T11:01:58.187 INFO:journalctl@ceph.mgr.x.smithi062.stdout:May 10 11:01:57 smithi062 ceph-73419d1a-0ebc-11ef-bc98-c7b262605968-mgr-x[30402]:
2024-05-10T11:01:57.964+0000 7f89fa5c5200 -1 mgr[py] Module devicehealth has missing NOTIFY_TYPES member
2024-05-10T11:01:58.688 INFO:journalctl@ceph.mgr.x.smithi062.stdout:May 10 11:01:58 smithi062 ceph-73419d1a-0ebc-11ef-bc98-c7b262605968-mgr-x[30402]:
2024-05-10T11:01:58.220+0000 7f89fa5c5200 -1 mgr[py] Module telemetry has missing NOTIFY_TYPES member
2024-05-10T11:01:58.688 INFO:journalctl@ceph.mgr.x.smithi062.stdout:May 10 11:01:58 smithi062 ceph-73419d1a-0ebc-11ef-bc98-c7b262605968-mgr-x[30402]:
2024-05-10T11:01:58.360+0000 7f89fa5c5200 -1 mgr[py] Module diskprediction_local has missing NOTIFY_TYPES member
2024-05-10T11:01:58.688 INFO:journalctl@ceph.mgr.x.smithi062.stdout:May 10 11:01:58 smithi062 ceph-73419d1a-0ebc-11ef-bc98-c7b262605968-mgr-x[30402]:
2024-05-10T11:01:58.461+0000 7f89fa5c5200 -1 mgr[py] Module osd_perf_query has missing NOTIFY_TYPES member
2024-05-10T11:01:59.188 INFO:journalctl@ceph.mgr.x.smithi062.stdout:May 10 11:01:58 smithi062 ceph-73419d1a-0ebc-11ef-bc98-c7b262605968-mgr-x[30402]:
2024-05-10T11:01:58.801+0000 7f89fa5c5200 -1 mgr[py] Module rbd_support has missing NOTIFY_TYPES member
2024-05-10T11:01:59.188 INFO:journalctl@ceph.mgr.x.smithi062.stdout:May 10 11:01:58 smithi062 ceph-73419d1a-0ebc-11ef-bc98-c7b262605968-mgr-x[30402]:
2024-05-10T11:01:58.898+0000 7f89fa5c5200 -1 mgr[py] Module zabbix has missing NOTIFY_TYPES member
2024-05-10T11:01:59.811 INFO:journalctl@ceph.mgr.x.smithi062.stdout:May 10 11:01:59 smithi062 ceph-73419d1a-0ebc-11ef-bc98-c7b262605968-mgr-x[30402]:
2024-05-10T11:01:59.530+0000 7f89fa5c5200 -1 mgr[py] Module status has missing NOTIFY_TYPES member
2024-05-10T11:01:59.812 INFO:journalctl@ceph.mgr.x.smithi062.stdout:May 10 11:01:59 smithi062 ceph-73419d1a-0ebc-11ef-bc98-c7b262605968-mgr-x[30402]:
2024-05-10T11:01:59.758+0000 7f89fa5c5200 -1 mgr[py] Module nfs has missing NOTIFY_TYPES member
2024-05-10T11:02:00.188 INFO:journalctl@ceph.mon.a.smithi062.stdout:May 10 11:01:59 smithi062 ceph-mon[30167]: Active manager daemon x restarted
2024-05-10T11:02:00.188 INFO:journalctl@ceph.mon.a.smithi062.stdout:May 10 11:01:59 smithi062 ceph-mon[30167]: Activating manager daemon x
2024-05-10T11:02:00.188 INFO:journalctl@ceph.mon.a.smithi062.stdout:May 10 11:01:59 smithi062 ceph-mon[30167]: osdmap e3: 0 total, 0 up, 0 in
2024-05-10T11:02:00.188 INFO:journalctl@ceph.mon.a.smithi062.stdout:May 10 11:01:59 smithi062 ceph-mon[30167]: mgrmap e10: x(active, starting, since 0.00814822s)
2024-05-10T11:02:00.188 INFO:journalctl@ceph.mon.a.smithi062.stdout:May 10 11:01:59 smithi062 ceph-mon[30167]: from='mgr.14152 172.21.15.62:0/3747792154' entity='mgr.x' cmd=[{"prefix": "mon metadata", "id": "a"}]: dispatch
2024-05-10T11:02:00.188 INFO:journalctl@ceph.mon.a.smithi062.stdout:May 10 11:01:59 smithi062 ceph-mon[30167]: from='mgr.14152 172.21.15.62:0/3747792154' entity='mgr.x' cmd=[{"prefix": "mgr metadata", "who": "x", "id": "x"}]: dispatch
2024-05-10T11:02:00.188 INFO:journalctl@ceph.mon.a.smithi062.stdout:May 10 11:01:59 smithi062 ceph-mon[30167]: from='mgr.14152 172.21.15.62:0/3747792154' entity='mgr.x' cmd=[{"prefix": "mds metadata"}]: dispatch
2024-05-10T11:02:00.188 INFO:journalctl@ceph.mon.a.smithi062.stdout:May 10 11:01:59 smithi062 ceph-mon[30167]: from='mgr.14152 172.21.15.62:0/3747792154' entity='mgr.x' cmd=[{"prefix": "osd metadata"}]: dispatch
2024-05-10T11:02:00.189 INFO:journalctl@ceph.mon.a.smithi062.stdout:May 10 11:01:59 smithi062 ceph-mon[30167]: from='mgr.14152 172.21.15.62:0/3747792154' entity='mgr.x' cmd=[{"prefix": "mon metadata"}]: dispatch
2024-05-10T11:02:00.189 INFO:journalctl@ceph.mon.a.smithi062.stdout:May 10 11:01:59 smithi062 ceph-mon[30167]: Manager daemon x is now available
2024-05-10T11:02:00.189 INFO:journalctl@ceph.mon.a.smithi062.stdout:May 10 11:01:59 smithi062 ceph-mon[30167]: from='mgr.14152 172.21.15.62:0/3747792154' entity='mgr.x' cmd=[{"prefix": "config dump", "format": "json"}]: dispatch
2024-05-10T11:02:01.188 INFO:journalctl@ceph.mon.a.smithi062.stdout:May 10 11:02:00 smithi062 ceph-mon[30167]: from='mgr.14152 172.21.15.62:0/3747792154' entity='mgr.x' cmd=[{"prefix":"config rm","who":"mgr","name":"mgr/rbd_support/x/mirror_snapshot_schedule"}]: dispatch
2024-05-10T11:02:01.188 INFO:journalctl@ceph.mon.a.smithi062.stdout:May 10 11:02:00 smithi062 ceph-mon[30167]: from='mgr.14152 172.21.15.62:0/3747792154' entity='mgr.x' cmd=[{"prefix":"config rm","who":"mgr","name":"mgr/rbd_support/x/trash_purge_schedule"}]: dispatch
2024-05-10T11:02:01.188 INFO:journalctl@ceph.mon.a.smithi062.stdout:May 10 11:02:00 smithi062 ceph-mon[30167]: [10/May/2024:11:02:00] ENGINE Bus STARTING
2024-05-10T11:02:01.188 INFO:journalctl@ceph.mon.a.smithi062.stdout:May 10 11:02:00 smithi062 ceph-mon[30167]: mgrmap e11: x(active, since 1.01094s)
2024-05-10T11:02:01.513 INFO:teuthology.orchestra.run.smithi062.stdout:/usr/bin/ceph: stdout {
2024-05-10T11:02:01.513 INFO:teuthology.orchestra.run.smithi062.stdout:/usr/bin/ceph: stdout "mgrmap_epoch": 11,
2024-05-10T11:02:01.513 INFO:teuthology.orchestra.run.smithi062.stdout:/usr/bin/ceph: stdout "initialized": true
2024-05-10T11:02:01.513 INFO:teuthology.orchestra.run.smithi062.stdout:/usr/bin/ceph: stdout }
2024-05-10T11:02:01.513 INFO:teuthology.orchestra.run.smithi062.stdout:/usr/bin/ceph: stderr
2024-05-10T11:01:55.222+0000 7f0d1f12f700 1 Processor -- start
2024-05-10T11:02:01.514 INFO:teuthology.orchestra.run.smithi062.stdout:/usr/bin/ceph: stderr
2024-05-10T11:01:55.222+0000 7f0d1f12f700 1 -- start start
2024-05-10T11:02:01.514 INFO:teuthology.orchestra.run.smithi062.stdout:/usr/bin/ceph: stderr
2024-05-10T11:01:55.222+0000 7f0d1f12f700 1 --2- >> [v2:172.21.15.62:3300/0,v1:172.21.15.62:6789/0] conn(0x7f0d18109bd0 0x7f0d1810bfc0 unknown :-1 s=NONE pgs=0 cs=0 l=0 rev1=0 crypto rx=0 tx=0 comp rx=0 tx=0).connect
2024-05-10T11:02:01.514 INFO:teuthology.orchestra.run.smithi062.stdout:/usr/bin/ceph: stderr
2024-05-10T11:01:55.222+0000 7f0d1f12f700 1 -- --> [v2:172.21.15.62:3300/0,v1:172.21.15.62:6789/0] -- mon_getmap magic: 0 -- 0x7f0d1807cd50 con 0x7f0d18109bd0
2024-05-10T11:02:01.514 INFO:teuthology.orchestra.run.smithi062.stdout:/usr/bin/ceph: stderr
2024-05-10T11:01:55.223+0000 7f0d1cecb700 1 --2- >> [v2:172.21.15.62:3300/0,v1:172.21.15.62:6789/0] conn(0x7f0d18109bd0 0x7f0d1810bfc0 unknown :-1 s=BANNER_CONNECTING pgs=0 cs=0 l=0 rev1=0 crypto rx=0 tx=0 comp rx=0 tx=0)._handle_peer_banner_payload supported=3 required=0
2024-05-10T11:02:01.514 INFO:teuthology.orchestra.run.smithi062.stdout:/usr/bin/ceph: stderr
2024-05-10T11:01:55.223+0000 7f0d1cecb700 1 --2- >> [v2:172.21.15.62:3300/0,v1:172.21.15.62:6789/0] conn(0x7f0d18109bd0 0x7f0d1810bfc0 unknown :-1 s=HELLO_CONNECTING pgs=0 cs=0 l=0 rev1=1 crypto rx=0 tx=0 comp rx=0 tx=0).handle_hello peer v2:172.21.15.62:3300/0 says I am v2:172.21.15.62:50610/0 (socket says 172.21.15.62:50610)
2024-05-10T11:02:01.514 INFO:teuthology.orchestra.run.smithi062.stdout:/usr/bin/ceph: stderr
2024-05-10T11:01:55.223+0000 7f0d1cecb700 1 -- 172.21.15.62:0/518355469 learned_addr learned my addr 172.21.15.62:0/518355469 (peer_addr_for_me v2:172.21.15.62:0/0)
2024-05-10T11:02:01.514 INFO:teuthology.orchestra.run.smithi062.stdout:/usr/bin/ceph: stderr
2024-05-10T11:01:55.223+0000 7f0d1cecb700 1 -- 172.21.15.62:0/518355469 --> [v2:172.21.15.62:3300/0,v1:172.21.15.62:6789/0] -- mon_subscribe({config=0+,monmap=0+}) -- 0x7f0d1810c500 con 0x7f0d18109bd0
2024-05-10T11:02:01.514 INFO:teuthology.orchestra.run.smithi062.stdout:/usr/bin/ceph: stderr
2024-05-10T11:01:55.223+0000 7f0d1cecb700 1 --2- 172.21.15.62:0/518355469 >> [v2:172.21.15.62:3300/0,v1:172.21.15.62:6789/0] conn(0x7f0d18109bd0 0x7f0d1810bfc0 secure :-1 s=READY pgs=61 cs=0 l=1 rev1=1 crypto rx=0x7f0d0c0098a0 tx=0x7f0d0c009bb0 comp rx=0 tx=0).ready entity=mon.0 client_cookie=465467a0056e22fd server_cookie=0 in_seq=0 out_seq=0
2024-05-10T11:02:01.514 INFO:teuthology.orchestra.run.smithi062.stdout:/usr/bin/ceph: stderr
2024-05-10T11:01:55.223+0000 7f0d177fe700 1 -- 172.21.15.62:0/518355469 <== mon.0 v2:172.21.15.62:3300/0 1 ==== mon_map magic: 0 ==== 205+0+0 (secure 0 0 0) 0x7f0d0c004160 con 0x7f0d18109bd0
2024-05-10T11:02:01.514 INFO:teuthology.orchestra.run.smithi062.stdout:/usr/bin/ceph: stderr
2024-05-10T11:01:55.223+0000 7f0d177fe700 1 -- 172.21.15.62:0/518355469 <== mon.0 v2:172.21.15.62:3300/0 2 ==== config(26 keys) ==== 1101+0+0 (secure 0 0 0) 0x7f0d0c004300 con 0x7f0d18109bd0
2024-05-10T11:02:01.514 INFO:teuthology.orchestra.run.smithi062.stdout:/usr/bin/ceph: stderr
2024-05-10T11:01:55.223+0000 7f0d177fe700 1 -- 172.21.15.62:0/518355469 <== mon.0 v2:172.21.15.62:3300/0 3 ==== mon_map magic: 0 ==== 205+0+0 (secure 0 0 0) 0x7f0d0c011a20 con 0x7f0d18109bd0
2024-05-10T11:02:01.514 INFO:teuthology.orchestra.run.smithi062.stdout:/usr/bin/ceph: stderr
2024-05-10T11:01:55.224+0000 7f0d1f12f700 1 -- 172.21.15.62:0/518355469 >> [v2:172.21.15.62:3300/0,v1:172.21.15.62:6789/0] conn(0x7f0d18109bd0 msgr2=0x7f0d1810bfc0 secure :-1 s=STATE_CONNECTION_ESTABLISHED l=1).mark_down
2024-05-10T11:02:01.514 INFO:teuthology.orchestra.run.smithi062.stdout:/usr/bin/ceph: stderr
2024-05-10T11:01:55.224+0000 7f0d1f12f700 1 --2- 172.21.15.62:0/518355469 >> [v2:172.21.15.62:3300/0,v1:172.21.15.62:6789/0] conn(0x7f0d18109bd0 0x7f0d1810bfc0 secure :-1 s=READY pgs=61 cs=0 l=1 rev1=1 crypto rx=0x7f0d0c0098a0 tx=0x7f0d0c009bb0 comp rx=0 tx=0).stop
2024-05-10T11:02:01.515 INFO:teuthology.orchestra.run.smithi062.stdout:/usr/bin/ceph: stderr
2024-05-10T11:01:55.224+0000 7f0d1f12f700 1 -- 172.21.15.62:0/518355469 shutdown_connections
2024-05-10T11:02:01.515 INFO:teuthology.orchestra.run.smithi062.stdout:/usr/bin/ceph: stderr
2024-05-10T11:01:55.224+0000 7f0d1f12f700 1 --2- 172.21.15.62:0/518355469 >> [v2:172.21.15.62:3300/0,v1:172.21.15.62:6789/0] conn(0x7f0d18109bd0 0x7f0d1810bfc0 unknown :-1 s=CLOSED pgs=61 cs=0 l=1 rev1=1 crypto rx=0 tx=0 comp rx=0 tx=0).stop
2024-05-10T11:02:01.515 INFO:teuthology.orchestra.run.smithi062.stdout:/usr/bin/ceph: stderr
2024-05-10T11:01:55.224+0000 7f0d1f12f700 1 -- 172.21.15.62:0/518355469 >> 172.21.15.62:0/518355469 conn(0x7f0d18103520 msgr2=0x7f0d18105960 unknown :-1 s=STATE_NONE l=0).mark_down
2024-05-10T11:02:01.515 INFO:teuthology.orchestra.run.smithi062.stdout:/usr/bin/ceph: stderr
2024-05-10T11:01:55.224+0000 7f0d1f12f700 1 -- 172.21.15.62:0/518355469 shutdown_connections
2024-05-10T11:02:01.515 INFO:teuthology.orchestra.run.smithi062.stdout:/usr/bin/ceph: stderr
2024-05-10T11:01:55.224+0000 7f0d1f12f700 1 -- 172.21.15.62:0/518355469 wait complete.
2024-05-10T11:02:01.515 INFO:teuthology.orchestra.run.smithi062.stdout:/usr/bin/ceph: stderr
2024-05-10T11:01:55.225+0000 7f0d1f12f700 1 Processor -- start
2024-05-10T11:02:01.515 INFO:teuthology.orchestra.run.smithi062.stdout:/usr/bin/ceph: stderr
2024-05-10T11:01:55.225+0000 7f0d1f12f700 1 -- start start
2024-05-10T11:02:01.515 INFO:teuthology.orchestra.run.smithi062.stdout:/usr/bin/ceph: stderr
2024-05-10T11:01:55.225+0000 7f0d1f12f700 1 --2- >> [v2:172.21.15.62:3300/0,v1:172.21.15.62:6789/0] conn(0x7f0d18109bd0 0x7f0d1819cf30 unknown :-1 s=NONE pgs=0 cs=0 l=1 rev1=0 crypto rx=0 tx=0 comp rx=0 tx=0).connect
2024-05-10T11:02:01.515 INFO:teuthology.orchestra.run.smithi062.stdout:/usr/bin/ceph: stderr
2024-05-10T11:01:55.225+0000 7f0d1f12f700 1 -- --> [v2:172.21.15.62:3300/0,v1:172.21.15.62:6789/0] -- mon_getmap magic: 0 -- 0x7f0d1810d440 con 0x7f0d18109bd0
2024-05-10T11:02:01.515 INFO:teuthology.orchestra.run.smithi062.stdout:/usr/bin/ceph: stderr
2024-05-10T11:01:55.225+0000 7f0d1cecb700 1 --2- >> [v2:172.21.15.62:3300/0,v1:172.21.15.62:6789/0] conn(0x7f0d18109bd0 0x7f0d1819cf30 unknown :-1 s=BANNER_CONNECTING pgs=0 cs=0 l=1 rev1=0 crypto rx=0 tx=0 comp rx=0 tx=0)._handle_peer_banner_payload supported=3 required=0
2024-05-10T11:02:01.515 INFO:teuthology.orchestra.run.smithi062.stdout:/usr/bin/ceph: stderr
2024-05-10T11:01:55.225+0000 7f0d1cecb700 1 --2- >> [v2:172.21.15.62:3300/0,v1:172.21.15.62:6789/0] conn(0x7f0d18109bd0 0x7f0d1819cf30 unknown :-1 s=HELLO_CONNECTING pgs=0 cs=0 l=1 rev1=1 crypto rx=0 tx=0 comp rx=0 tx=0).handle_hello peer v2:172.21.15.62:3300/0 says I am v2:172.21.15.62:50612/0 (socket says 172.21.15.62:50612)
2024-05-10T11:02:01.515 INFO:teuthology.orchestra.run.smithi062.stdout:/usr/bin/ceph: stderr
2024-05-10T11:01:55.225+0000 7f0d1cecb700 1 -- 172.21.15.62:0/1260203649 learned_addr learned my addr 172.21.15.62:0/1260203649 (peer_addr_for_me v2:172.21.15.62:0/0)
2024-05-10T11:02:01.515 INFO:teuthology.orchestra.run.smithi062.stdout:/usr/bin/ceph: stderr
2024-05-10T11:01:55.226+0000 7f0d1cecb700 1 -- 172.21.15.62:0/1260203649 --> [v2:172.21.15.62:3300/0,v1:172.21.15.62:6789/0] -- mon_subscribe({config=0+,monmap=0+}) -- 0x7f0d1819d470 con 0x7f0d18109bd0
2024-05-10T11:02:01.515 INFO:teuthology.orchestra.run.smithi062.stdout:/usr/bin/ceph: stderr
2024-05-10T11:01:55.226+0000 7f0d1cecb700 1 --2- 172.21.15.62:0/1260203649 >> [v2:172.21.15.62:3300/0,v1:172.21.15.62:6789/0] conn(0x7f0d18109bd0 0x7f0d1819cf30 secure :-1 s=READY pgs=62 cs=0 l=1 rev1=1 crypto rx=0x7f0d0c000c00 tx=0x7f0d0c011aa0 comp rx=0 tx=0).ready entity=mon.0 client_cookie=0 server_cookie=0 in_seq=0 out_seq=0
2024-05-10T11:02:01.516 INFO:teuthology.orchestra.run.smithi062.stdout:/usr/bin/ceph: stderr
2024-05-10T11:01:55.226+0000 7f0d15ffb700 1 -- 172.21.15.62:0/1260203649 <== mon.0 v2:172.21.15.62:3300/0 1 ==== mon_map magic: 0 ==== 205+0+0 (secure 0 0 0) 0x7f0d0c003aa0 con 0x7f0d18109bd0
2024-05-10T11:02:01.516 INFO:teuthology.orchestra.run.smithi062.stdout:/usr/bin/ceph: stderr
2024-05-10T11:01:55.226+0000 7f0d15ffb700 1 -- 172.21.15.62:0/1260203649 <== mon.0 v2:172.21.15.62:3300/0 2 ==== config(26 keys) ==== 1101+0+0 (secure 0 0 0) 0x7f0d0c01b8f0 con 0x7f0d18109bd0
2024-05-10T11:02:01.516 INFO:teuthology.orchestra.run.smithi062.stdout:/usr/bin/ceph: stderr
2024-05-10T11:01:55.226+0000 7f0d15ffb700 1 -- 172.21.15.62:0/1260203649 <== mon.0 v2:172.21.15.62:3300/0 3 ==== mon_map magic: 0 ==== 205+0+0 (secure 0 0 0) 0x7f0d0c023870 con 0x7f0d18109bd0
2024-05-10T11:02:01.516 INFO:teuthology.orchestra.run.smithi062.stdout:/usr/bin/ceph: stderr
2024-05-10T11:01:55.226+0000 7f0d1f12f700 1 -- 172.21.15.62:0/1260203649 --> [v2:172.21.15.62:3300/0,v1:172.21.15.62:6789/0] -- mon_subscribe({mgrmap=0+}) -- 0x7f0d1819d700 con 0x7f0d18109bd0
2024-05-10T11:02:01.516 INFO:teuthology.orchestra.run.smithi062.stdout:/usr/bin/ceph: stderr
2024-05-10T11:01:55.226+0000 7f0d1f12f700 1 -- 172.21.15.62:0/1260203649 --> [v2:172.21.15.62:3300/0,v1:172.21.15.62:6789/0] -- mon_subscribe({osdmap=0}) -- 0x7f0d181a03f0 con 0x7f0d18109bd0
2024-05-10T11:02:01.516 INFO:teuthology.orchestra.run.smithi062.stdout:/usr/bin/ceph: stderr
2024-05-10T11:01:55.227+0000 7f0d15ffb700 1 -- 172.21.15.62:0/1260203649 <== mon.0 v2:172.21.15.62:3300/0 4 ==== mgrmap(e 9) ==== 50235+0+0 (secure 0 0 0) 0x7f0d0c023b20 con 0x7f0d18109bd0
2024-05-10T11:02:01.516 INFO:teuthology.orchestra.run.smithi062.stdout:/usr/bin/ceph: stderr
2024-05-10T11:01:55.227+0000 7f0d15ffb700 1 --2- 172.21.15.62:0/1260203649 >> [v2:172.21.15.62:6800/3241920410,v1:172.21.15.62:6801/3241920410] conn(0x7f0d0803e520 0x7f0d080409e0 unknown :-1 s=NONE pgs=0 cs=0 l=1 rev1=0 crypto rx=0 tx=0 comp rx=0 tx=0).connect
2024-05-10T11:02:01.516 INFO:teuthology.orchestra.run.smithi062.stdout:/usr/bin/ceph: stderr
2024-05-10T11:01:55.227+0000 7f0d15ffb700 1 -- 172.21.15.62:0/1260203649 --> [v2:172.21.15.62:6800/3241920410,v1:172.21.15.62:6801/3241920410] -- command(tid 0: {"prefix": "get_command_descriptions"}) -- 0x7f0d080410f0 con 0x7f0d0803e520
2024-05-10T11:02:01.516 INFO:teuthology.orchestra.run.smithi062.stdout:/usr/bin/ceph: stderr
2024-05-10T11:01:55.227+0000 7f0d15ffb700 1 -- 172.21.15.62:0/1260203649 <== mon.0 v2:172.21.15.62:3300/0 5 ==== osd_map(2..2 src has 1..2) ==== 940+0+0 (secure 0 0 0) 0x7f0d0c053ef0 con 0x7f0d18109bd0
2024-05-10T11:02:01.516 INFO:teuthology.orchestra.run.smithi062.stdout:/usr/bin/ceph: stderr
2024-05-10T11:01:55.227+0000 7f0d17fff700 1 -- 172.21.15.62:0/1260203649 >> [v2:172.21.15.62:6800/3241920410,v1:172.21.15.62:6801/3241920410] conn(0x7f0d0803e520 msgr2=0x7f0d080409e0 unknown :-1 s=STATE_CONNECTING_RE l=1).process reconnect failed to v2:172.21.15.62:6800/3241920410
2024-05-10T11:02:01.516 INFO:teuthology.orchestra.run.smithi062.stdout:/usr/bin/ceph: stderr
2024-05-10T11:01:55.228+0000 7f0d17fff700 1 --2- 172.21.15.62:0/1260203649 >> [v2:172.21.15.62:6800/3241920410,v1:172.21.15.62:6801/3241920410] conn(0x7f0d0803e520 0x7f0d080409e0 unknown :-1 s=START_CONNECT pgs=0 cs=0 l=1 rev1=0 crypto rx=0 tx=0 comp rx=0 tx=0)._fault waiting 0.200000
2024-05-10T11:02:01.516 INFO:teuthology.orchestra.run.smithi062.stdout:/usr/bin/ceph: stderr
2024-05-10T11:01:55.429+0000 7f0d17fff700 1 -- 172.21.15.62:0/1260203649 >> [v2:172.21.15.62:6800/3241920410,v1:172.21.15.62:6801/3241920410] conn(0x7f0d0803e520 msgr2=0x7f0d080409e0 unknown :-1 s=STATE_CONNECTING_RE l=1).process reconnect failed to v2:172.21.15.62:6800/3241920410
2024-05-10T11:02:01.516 INFO:teuthology.orchestra.run.smithi062.stdout:/usr/bin/ceph: stderr
2024-05-10T11:01:55.429+0000 7f0d17fff700 1 --2- 172.21.15.62:0/1260203649 >> [v2:172.21.15.62:6800/3241920410,v1:172.21.15.62:6801/3241920410] conn(0x7f0d0803e520 0x7f0d080409e0 unknown :-1 s=START_CONNECT pgs=0 cs=0 l=1 rev1=0 crypto rx=0 tx=0 comp rx=0 tx=0)._fault waiting 0.400000
2024-05-10T11:02:01.516 INFO:teuthology.orchestra.run.smithi062.stdout:/usr/bin/ceph: stderr
2024-05-10T11:01:55.830+0000 7f0d17fff700 1 -- 172.21.15.62:0/1260203649 >> [v2:172.21.15.62:6800/3241920410,v1:172.21.15.62:6801/3241920410] conn(0x7f0d0803e520 msgr2=0x7f0d080409e0 unknown :-1 s=STATE_CONNECTING_RE l=1).process reconnect failed to v2:172.21.15.62:6800/3241920410
2024-05-10T11:02:01.517 INFO:teuthology.orchestra.run.smithi062.stdout:/usr/bin/ceph: stderr
2024-05-10T11:01:55.830+0000 7f0d17fff700 1 --2- 172.21.15.62:0/1260203649 >> [v2:172.21.15.62:6800/3241920410,v1:172.21.15.62:6801/3241920410] conn(0x7f0d0803e520 0x7f0d080409e0 unknown :-1 s=START_CONNECT pgs=0 cs=0 l=1 rev1=0 crypto rx=0 tx=0 comp rx=0 tx=0)._fault waiting 0.800000
2024-05-10T11:02:01.517 INFO:teuthology.orchestra.run.smithi062.stdout:/usr/bin/ceph: stderr
2024-05-10T11:01:56.631+0000 7f0d17fff700 1 -- 172.21.15.62:0/1260203649 >> [v2:172.21.15.62:6800/3241920410,v1:172.21.15.62:6801/3241920410] conn(0x7f0d0803e520 msgr2=0x7f0d080409e0 unknown :-1 s=STATE_CONNECTING_RE l=1).process reconnect failed to v2:172.21.15.62:6800/3241920410
2024-05-10T11:02:01.517 INFO:teuthology.orchestra.run.smithi062.stdout:/usr/bin/ceph: stderr
2024-05-10T11:01:56.631+0000 7f0d17fff700 1 --2- 172.21.15.62:0/1260203649 >> [v2:172.21.15.62:6800/3241920410,v1:172.21.15.62:6801/3241920410] conn(0x7f0d0803e520 0x7f0d080409e0 unknown :-1 s=START_CONNECT pgs=0 cs=0 l=1 rev1=0 crypto rx=0 tx=0 comp rx=0 tx=0)._fault waiting 1.600000
2024-05-10T11:02:01.517 INFO:teuthology.orchestra.run.smithi062.stdout:/usr/bin/ceph: stderr
2024-05-10T11:01:58.231+0000 7f0d17fff700 1 -- 172.21.15.62:0/1260203649 >> [v2:172.21.15.62:6800/3241920410,v1:172.21.15.62:6801/3241920410] conn(0x7f0d0803e520 msgr2=0x7f0d080409e0 unknown :-1 s=STATE_CONNECTING_RE l=1).process reconnect failed to v2:172.21.15.62:6800/3241920410
2024-05-10T11:02:01.517 INFO:teuthology.orchestra.run.smithi062.stdout:/usr/bin/ceph: stderr
2024-05-10T11:01:58.231+0000 7f0d17fff700 1 --2- 172.21.15.62:0/1260203649 >> [v2:172.21.15.62:6800/3241920410,v1:172.21.15.62:6801/3241920410] conn(0x7f0d0803e520 0x7f0d080409e0 unknown :-1 s=START_CONNECT pgs=0 cs=0 l=1 rev1=0 crypto rx=0 tx=0 comp rx=0 tx=0)._fault waiting 3.200000
2024-05-10T11:02:01.517 INFO:teuthology.orchestra.run.smithi062.stdout:/usr/bin/ceph: stderr
2024-05-10T11:01:59.766+0000 7f0d15ffb700 1 -- 172.21.15.62:0/1260203649 <== mon.0 v2:172.21.15.62:3300/0 6 ==== mgrmap(e 10) ==== 50002+0+0 (secure 0 0 0) 0x7f0d0c019ce0 con 0x7f0d18109bd0
2024-05-10T11:02:01.517 INFO:teuthology.orchestra.run.smithi062.stdout:/usr/bin/ceph: stderr
2024-05-10T11:01:59.766+0000 7f0d15ffb700 1 -- 172.21.15.62:0/1260203649 >> [v2:172.21.15.62:6800/3241920410,v1:172.21.15.62:6801/3241920410] conn(0x7f0d0803e520 msgr2=0x7f0d080409e0 unknown :-1 s=STATE_CONNECTING l=1).mark_down
2024-05-10T11:02:01.517 INFO:teuthology.orchestra.run.smithi062.stdout:/usr/bin/ceph: stderr
2024-05-10T11:01:59.766+0000 7f0d15ffb700 1 --2- 172.21.15.62:0/1260203649 >> [v2:172.21.15.62:6800/3241920410,v1:172.21.15.62:6801/3241920410] conn(0x7f0d0803e520 0x7f0d080409e0 unknown :-1 s=START_CONNECT pgs=0 cs=0 l=1 rev1=0 crypto rx=0 tx=0 comp rx=0 tx=0).stop
2024-05-10T11:02:01.517 INFO:teuthology.orchestra.run.smithi062.stdout:/usr/bin/ceph: stderr
2024-05-10T11:02:00.768+0000 7f0d15ffb700 1 -- 172.21.15.62:0/1260203649 <== mon.0 v2:172.21.15.62:3300/0 7 ==== mgrmap(e 11) ==== 50129+0+0 (secure 0 0 0) 0x7f0d0c02b6d0 con 0x7f0d18109bd0
2024-05-10T11:02:01.517 INFO:teuthology.orchestra.run.smithi062.stdout:/usr/bin/ceph: stderr
2024-05-10T11:02:00.768+0000 7f0d15ffb700 1 --2- 172.21.15.62:0/1260203649 >> [v2:172.21.15.62:6800/2714592317,v1:172.21.15.62:6801/2714592317] conn(0x7f0d08041fa0 0x7f0d08044390 unknown :-1 s=NONE pgs=0 cs=0 l=1 rev1=0 crypto rx=0 tx=0 comp rx=0 tx=0).connect
2024-05-10T11:02:01.517 INFO:teuthology.orchestra.run.smithi062.stdout:/usr/bin/ceph: stderr
2024-05-10T11:02:00.768+0000 7f0d15ffb700 1 -- 172.21.15.62:0/1260203649 --> [v2:172.21.15.62:6800/2714592317,v1:172.21.15.62:6801/2714592317] -- command(tid 0: {"prefix": "get_command_descriptions"}) -- 0x7f0d080410f0 con 0x7f0d08041fa0
2024-05-10T11:02:01.517 INFO:teuthology.orchestra.run.smithi062.stdout:/usr/bin/ceph: stderr
2024-05-10T11:02:00.768+0000 7f0d17fff700 1 --2- 172.21.15.62:0/1260203649 >> [v2:172.21.15.62:6800/2714592317,v1:172.21.15.62:6801/2714592317] conn(0x7f0d08041fa0 0x7f0d08044390 unknown :-1 s=BANNER_CONNECTING pgs=0 cs=0 l=1 rev1=0 crypto rx=0 tx=0 comp rx=0 tx=0)._handle_peer_banner_payload supported=3 required=0
2024-05-10T11:02:01.517 INFO:teuthology.orchestra.run.smithi062.stdout:/usr/bin/ceph: stderr
2024-05-10T11:02:00.769+0000 7f0d17fff700 1 --2- 172.21.15.62:0/1260203649 >> [v2:172.21.15.62:6800/2714592317,v1:172.21.15.62:6801/2714592317] conn(0x7f0d08041fa0 0x7f0d08044390 secure :-1 s=READY pgs=3 cs=0 l=1 rev1=1 crypto rx=0x7f0d04003a10 tx=0x7f0d04009270 comp rx=0 tx=0).ready entity=mgr.14152 client_cookie=0 server_cookie=0 in_seq=0 out_seq=0
2024-05-10T11:02:01.517 INFO:teuthology.orchestra.run.smithi062.stdout:/usr/bin/ceph: stderr
2024-05-10T11:02:00.770+0000 7f0d15ffb700 1 -- 172.21.15.62:0/1260203649 <== mgr.14152 v2:172.21.15.62:6800/2714592317 1 ==== command_reply(tid 0: 0 ) ==== 8+0+9564 (secure 0 0 0) 0x7f0d080410f0 con 0x7f0d08041fa0
2024-05-10T11:02:01.518 INFO:teuthology.orchestra.run.smithi062.stdout:/usr/bin/ceph: stderr
2024-05-10T11:02:00.778+0000 7f0d1f12f700 1 -- 172.21.15.62:0/1260203649 --> [v2:172.21.15.62:6800/2714592317,v1:172.21.15.62:6801/2714592317] -- command(tid 1: {"prefix": "mgr_status"}) -- 0x7f0d1819dbe0 con 0x7f0d08041fa0
2024-05-10T11:02:01.518 INFO:teuthology.orchestra.run.smithi062.stdout:/usr/bin/ceph: stderr
2024-05-10T11:02:00.778+0000 7f0d15ffb700 1 -- 172.21.15.62:0/1260203649 <== mgr.14152 v2:172.21.15.62:6800/2714592317 2 ==== command_reply(tid 1: 0 ) ==== 8+0+52 (secure 0 0 0) 0x7f0d1819dbe0 con 0x7f0d08041fa0
2024-05-10T11:02:01.518 INFO:teuthology.orchestra.run.smithi062.stdout:/usr/bin/ceph: stderr
2024-05-10T11:02:00.779+0000 7f0d1f12f700 1 -- 172.21.15.62:0/1260203649 >> [v2:172.21.15.62:6800/2714592317,v1:172.21.15.62:6801/2714592317] conn(0x7f0d08041fa0 msgr2=0x7f0d08044390 secure :-1 s=STATE_CONNECTION_ESTABLISHED l=1).mark_down
2024-05-10T11:02:01.518 INFO:teuthology.orchestra.run.smithi062.stdout:/usr/bin/ceph: stderr
2024-05-10T11:02:00.779+0000 7f0d1f12f700 1 --2- 172.21.15.62:0/1260203649 >> [v2:172.21.15.62:6800/2714592317,v1:172.21.15.62:6801/2714592317] conn(0x7f0d08041fa0 0x7f0d08044390 secure :-1 s=READY pgs=3 cs=0 l=1 rev1=1 crypto rx=0x7f0d04003a10 tx=0x7f0d04009270 comp rx=0 tx=0).stop
2024-05-10T11:02:01.518 INFO:teuthology.orchestra.run.smithi062.stdout:/usr/bin/ceph: stderr
2024-05-10T11:02:00.779+0000 7f0d1f12f700 1 -- 172.21.15.62:0/1260203649 >> [v2:172.21.15.62:3300/0,v1:172.21.15.62:6789/0] conn(0x7f0d18109bd0 msgr2=0x7f0d1819cf30 secure :-1 s=STATE_CONNECTION_ESTABLISHED l=1).mark_down
2024-05-10T11:02:01.518 INFO:teuthology.orchestra.run.smithi062.stdout:/usr/bin/ceph: stderr
2024-05-10T11:02:00.779+0000 7f0d1f12f700 1 --2- 172.21.15.62:0/1260203649 >> [v2:172.21.15.62:3300/0,v1:172.21.15.62:6789/0] conn(0x7f0d18109bd0 0x7f0d1819cf30 secure :-1 s=READY pgs=62 cs=0 l=1 rev1=1 crypto rx=0x7f0d0c000c00 tx=0x7f0d0c011aa0 comp rx=0 tx=0).stop
2024-05-10T11:02:01.518 INFO:teuthology.orchestra.run.smithi062.stdout:/usr/bin/ceph: stderr
2024-05-10T11:02:00.779+0000 7f0d1f12f700 1 -- 172.21.15.62:0/1260203649 shutdown_connections
2024-05-10T11:02:01.518 INFO:teuthology.orchestra.run.smithi062.stdout:/usr/bin/ceph: stderr
2024-05-10T11:02:00.779+0000 7f0d1f12f700 1 --2- 172.21.15.62:0/1260203649 >> [v2:172.21.15.62:6800/2714592317,v1:172.21.15.62:6801/2714592317] conn(0x7f0d08041fa0 0x7f0d08044390 unknown :-1 s=CLOSED pgs=3 cs=0 l=1 rev1=1 crypto rx=0 tx=0 comp rx=0 tx=0).stop
2024-05-10T11:02:01.518 INFO:teuthology.orchestra.run.smithi062.stdout:/usr/bin/ceph: stderr
2024-05-10T11:02:00.779+0000 7f0d1f12f700 1 --2- 172.21.15.62:0/1260203649 >> [v2:172.21.15.62:3300/0,v1:172.21.15.62:6789/0] conn(0x7f0d18109bd0 0x7f0d1819cf30 unknown :-1 s=CLOSED pgs=62 cs=0 l=1 rev1=1 crypto rx=0 tx=0 comp rx=0 tx=0).stop
2024-05-10T11:02:01.518 INFO:teuthology.orchestra.run.smithi062.stdout:/usr/bin/ceph: stderr
2024-05-10T11:02:00.779+0000 7f0d1f12f700 1 --2- 172.21.15.62:0/1260203649 >> [v2:172.21.15.62:6800/3241920410,v1:172.21.15.62:6801/3241920410] conn(0x7f0d0803e520 0x7f0d080409e0 unknown :-1 s=CLOSED pgs=0 cs=0 l=1 rev1=0 crypto rx=0 tx=0 comp rx=0 tx=0).stop
2024-05-10T11:02:01.518 INFO:teuthology.orchestra.run.smithi062.stdout:/usr/bin/ceph: stderr
2024-05-10T11:02:00.779+0000 7f0d1f12f700 1 -- 172.21.15.62:0/1260203649 >> 172.21.15.62:0/1260203649 conn(0x7f0d18103520 msgr2=0x7f0d18103f50 unknown :-1 s=STATE_NONE l=0).mark_down
2024-05-10T11:02:01.518 INFO:teuthology.orchestra.run.smithi062.stdout:/usr/bin/ceph: stderr
2024-05-10T11:02:00.779+0000 7f0d1f12f700 1 -- 172.21.15.62:0/1260203649 shutdown_connections
