2024-05-10T11:01:34.543+0000 7fc687bf9700 1 --2- 172.21.15.62:0/3186877692 >> [v2:172.21.15.62:3300/0,v1:172.21.15.62:6789/0] conn(0x7fc680107f80 0x7fc68019cfd0 unknown :-1 s=CLOSED pgs=38 cs=0 l=1 rev1=1 crypto rx=0 tx=0 comp rx=0 tx=0).stop
2024-05-10T11:01:35.102 INFO:teuthology.orchestra.run.smithi062.stdout:/usr/bin/ceph: stderr
2024-05-10T11:01:34.543+0000 7fc687bf9700 1 -- 172.21.15.62:0/3186877692 >> 172.21.15.62:0/3186877692 conn(0x7fc680103520 msgr2=0x7fc680104380 unknown :-1 s=STATE_NONE l=0).mark_down
2024-05-10T11:01:35.102 INFO:teuthology.orchestra.run.smithi062.stdout:/usr/bin/ceph: stderr
2024-05-10T11:01:34.543+0000 7fc687bf9700 1 -- 172.21.15.62:0/3186877692 shutdown_connections
2024-05-10T11:01:35.102 INFO:teuthology.orchestra.run.smithi062.stdout:/usr/bin/ceph: stderr
2024-05-10T11:01:34.543+0000 7fc687bf9700 1 -- 172.21.15.62:0/3186877692 wait complete.
2024-05-10T11:01:35.460 INFO:journalctl@ceph.mon.a.smithi062.stdout:May 10 11:01:35 smithi062 ceph-mon[30167]: [10/May/2024:11:01:34] ENGINE Bus STARTING
2024-05-10T11:01:35.460 INFO:journalctl@ceph.mon.a.smithi062.stdout:May 10 11:01:35 smithi062 ceph-mon[30167]: [10/May/2024:11:01:34] ENGINE Serving on https://172.21.15.62:7150
2024-05-10T11:01:35.460 INFO:journalctl@ceph.mon.a.smithi062.stdout:May 10 11:01:35 smithi062 ceph-mon[30167]: [10/May/2024:11:01:34] ENGINE Serving on http://172.21.15.62:8765
2024-05-10T11:01:35.460 INFO:journalctl@ceph.mon.a.smithi062.stdout:May 10 11:01:35 smithi062 ceph-mon[30167]: [10/May/2024:11:01:34] ENGINE Bus STARTED
2024-05-10T11:01:35.460 INFO:journalctl@ceph.mon.a.smithi062.stdout:May 10 11:01:35 smithi062 ceph-mon[30167]: mgrmap e8: x(active, since 2s)
2024-05-10T11:01:35.460 INFO:journalctl@ceph.mon.a.smithi062.stdout:May 10 11:01:35 smithi062 ceph-mon[30167]: from='client.14132 -' entity='client.admin' cmd=[{"prefix": "orch set backend", "module_name": "cephadm", "target": ["mon-mgr", ""]}]: dispatch
2024-05-10T11:01:35.460 INFO:journalctl@ceph.mon.a.smithi062.stdout:May 10 11:01:35 smithi062 ceph-mon[30167]: from='mgr.14120 172.21.15.62:0/3105602134' entity='mgr.x'
2024-05-10T11:01:35.460 INFO:journalctl@ceph.mon.a.smithi062.stdout:May 10 11:01:35 smithi062 ceph-mon[30167]: from='mgr.14120 172.21.15.62:0/3105602134' entity='mgr.x' cmd=[{"prefix": "config dump", "format": "json"}]: dispatch
2024-05-10T11:01:36.306 INFO:teuthology.orchestra.run.smithi062.stdout:/usr/bin/ceph: stdout value unchanged
2024-05-10T11:01:36.306 INFO:teuthology.orchestra.run.smithi062.stdout:/usr/bin/ceph: stderr
2024-05-10T11:01:35.490+0000 7fdaef691700 1 Processor -- start
2024-05-10T11:01:36.306 INFO:teuthology.orchestra.run.smithi062.stdout:/usr/bin/ceph: stderr
2024-05-10T11:01:35.490+0000 7fdaef691700 1 -- start start
2024-05-10T11:01:36.306 INFO:teuthology.orchestra.run.smithi062.stdout:/usr/bin/ceph: stderr
2024-05-10T11:01:35.490+0000 7fdaef691700 1 --2- >> [v2:172.21.15.62:3300/0,v1:172.21.15.62:6789/0] conn(0x7fdae8107970 0x7fdae8107d90 unknown :-1 s=NONE pgs=0 cs=0 l=0 rev1=0 crypto rx=0 tx=0 comp rx=0 tx=0).connect
2024-05-10T11:01:36.306 INFO:teuthology.orchestra.run.smithi062.stdout:/usr/bin/ceph: stderr
2024-05-10T11:01:35.491+0000 7fdaef691700 1 -- --> [v2:172.21.15.62:3300/0,v1:172.21.15.62:6789/0] -- mon_getmap magic: 0 -- 0x7fdae807d640 con 0x7fdae8107970
2024-05-10T11:01:36.307 INFO:teuthology.orchestra.run.smithi062.stdout:/usr/bin/ceph: stderr
2024-05-10T11:01:35.491+0000 7fdaed42d700 1 --2- >> [v2:172.21.15.62:3300/0,v1:172.21.15.62:6789/0] conn(0x7fdae8107970 0x7fdae8107d90 unknown :-1 s=BANNER_CONNECTING pgs=0 cs=0 l=0 rev1=0 crypto rx=0 tx=0 comp rx=0 tx=0)._handle_peer_banner_payload supported=3 required=0
2024-05-10T11:01:36.307 INFO:teuthology.orchestra.run.smithi062.stdout:/usr/bin/ceph: stderr
2024-05-10T11:01:35.491+0000 7fdaed42d700 1 --2- >> [v2:172.21.15.62:3300/0,v1:172.21.15.62:6789/0] conn(0x7fdae8107970 0x7fdae8107d90 unknown :-1 s=HELLO_CONNECTING pgs=0 cs=0 l=0 rev1=1 crypto rx=0 tx=0 comp rx=0 tx=0).handle_hello peer v2:172.21.15.62:3300/0 says I am v2:172.21.15.62:36658/0 (socket says 172.21.15.62:36658)
2024-05-10T11:01:36.307 INFO:teuthology.orchestra.run.smithi062.stdout:/usr/bin/ceph: stderr
2024-05-10T11:01:35.491+0000 7fdaed42d700 1 -- 172.21.15.62:0/3618641256 learned_addr learned my addr 172.21.15.62:0/3618641256 (peer_addr_for_me v2:172.21.15.62:0/0)
2024-05-10T11:01:36.307 INFO:teuthology.orchestra.run.smithi062.stdout:/usr/bin/ceph: stderr
2024-05-10T11:01:35.491+0000 7fdaed42d700 1 -- 172.21.15.62:0/3618641256 --> [v2:172.21.15.62:3300/0,v1:172.21.15.62:6789/0] -- mon_subscribe({config=0+,monmap=0+}) -- 0x7fdae81082d0 con 0x7fdae8107970
2024-05-10T11:01:36.307 INFO:teuthology.orchestra.run.smithi062.stdout:/usr/bin/ceph: stderr
2024-05-10T11:01:35.491+0000 7fdaed42d700 1 --2- 172.21.15.62:0/3618641256 >> [v2:172.21.15.62:3300/0,v1:172.21.15.62:6789/0] conn(0x7fdae8107970 0x7fdae8107d90 secure :-1 s=READY pgs=39 cs=0 l=1 rev1=1 crypto rx=0x7fdad8009e80 tx=0x7fdad800b330 comp rx=0 tx=0).ready entity=mon.0 client_cookie=6bdb77bdfbb88dcd server_cookie=0 in_seq=0 out_seq=0
2024-05-10T11:01:36.308 INFO:teuthology.orchestra.run.smithi062.stdout:/usr/bin/ceph: stderr
2024-05-10T11:01:35.491+0000 7fdae7fff700 1 -- 172.21.15.62:0/3618641256 <== mon.0 v2:172.21.15.62:3300/0 1 ==== mon_map magic: 0 ==== 205+0+0 (secure 0 0 0) 0x7fdad8017070 con 0x7fdae8107970
2024-05-10T11:01:36.308 INFO:teuthology.orchestra.run.smithi062.stdout:/usr/bin/ceph: stderr
2024-05-10T11:01:35.491+0000 7fdae7fff700 1 -- 172.21.15.62:0/3618641256 <== mon.0 v2:172.21.15.62:3300/0 2 ==== config(26 keys) ==== 1070+0+0 (secure 0 0 0) 0x7fdad800b8c0 con 0x7fdae8107970
2024-05-10T11:01:36.308 INFO:teuthology.orchestra.run.smithi062.stdout:/usr/bin/ceph: stderr
2024-05-10T11:01:35.491+0000 7fdae7fff700 1 -- 172.21.15.62:0/3618641256 <== mon.0 v2:172.21.15.62:3300/0 3 ==== mon_map magic: 0 ==== 205+0+0 (secure 0 0 0) 0x7fdad8004490 con 0x7fdae8107970
2024-05-10T11:01:36.308 INFO:teuthology.orchestra.run.smithi062.stdout:/usr/bin/ceph: stderr
2024-05-10T11:01:35.492+0000 7fdaef691700 1 -- 172.21.15.62:0/3618641256 >> [v2:172.21.15.62:3300/0,v1:172.21.15.62:6789/0] conn(0x7fdae8107970 msgr2=0x7fdae8107d90 secure :-1 s=STATE_CONNECTION_ESTABLISHED l=1).mark_down
2024-05-10T11:01:36.308 INFO:teuthology.orchestra.run.smithi062.stdout:/usr/bin/ceph: stderr
2024-05-10T11:01:35.492+0000 7fdaef691700 1 --2- 172.21.15.62:0/3618641256 >> [v2:172.21.15.62:3300/0,v1:172.21.15.62:6789/0] conn(0x7fdae8107970 0x7fdae8107d90 secure :-1 s=READY pgs=39 cs=0 l=1 rev1=1 crypto rx=0x7fdad8009e80 tx=0x7fdad800b330 comp rx=0 tx=0).stop
2024-05-10T11:01:36.308 INFO:teuthology.orchestra.run.smithi062.stdout:/usr/bin/ceph: stderr
2024-05-10T11:01:35.492+0000 7fdaef691700 1 -- 172.21.15.62:0/3618641256 shutdown_connections
2024-05-10T11:01:36.309 INFO:teuthology.orchestra.run.smithi062.stdout:/usr/bin/ceph: stderr
2024-05-10T11:01:35.492+0000 7fdaef691700 1 --2- 172.21.15.62:0/3618641256 >> [v2:172.21.15.62:3300/0,v1:172.21.15.62:6789/0] conn(0x7fdae8107970 0x7fdae8107d90 unknown :-1 s=CLOSED pgs=39 cs=0 l=1 rev1=1 crypto rx=0 tx=0 comp rx=0 tx=0).stop
2024-05-10T11:01:36.309 INFO:teuthology.orchestra.run.smithi062.stdout:/usr/bin/ceph: stderr
2024-05-10T11:01:35.492+0000 7fdaef691700 1 -- 172.21.15.62:0/3618641256 >> 172.21.15.62:0/3618641256 conn(0x7fdae8103530 msgr2=0x7fdae8105970 unknown :-1 s=STATE_NONE l=0).mark_down
2024-05-10T11:01:36.309 INFO:teuthology.orchestra.run.smithi062.stdout:/usr/bin/ceph: stderr
2024-05-10T11:01:35.492+0000 7fdaef691700 1 -- 172.21.15.62:0/3618641256 shutdown_connections
2024-05-10T11:01:36.309 INFO:teuthology.orchestra.run.smithi062.stdout:/usr/bin/ceph: stderr
2024-05-10T11:01:35.492+0000 7fdaef691700 1 -- 172.21.15.62:0/3618641256 wait complete.
2024-05-10T11:01:36.309 INFO:teuthology.orchestra.run.smithi062.stdout:/usr/bin/ceph: stderr
2024-05-10T11:01:35.493+0000 7fdaef691700 1 Processor -- start
2024-05-10T11:01:36.309 INFO:teuthology.orchestra.run.smithi062.stdout:/usr/bin/ceph: stderr
2024-05-10T11:01:35.493+0000 7fdaef691700 1 -- start start
2024-05-10T11:01:36.309 INFO:teuthology.orchestra.run.smithi062.stdout:/usr/bin/ceph: stderr
2024-05-10T11:01:35.493+0000 7fdaef691700 1 --2- >> [v2:172.21.15.62:3300/0,v1:172.21.15.62:6789/0] conn(0x7fdae8107970 0x7fdae819f170 unknown :-1 s=NONE pgs=0 cs=0 l=1 rev1=0 crypto rx=0 tx=0 comp rx=0 tx=0).connect
2024-05-10T11:01:36.309 INFO:teuthology.orchestra.run.smithi062.stdout:/usr/bin/ceph: stderr
2024-05-10T11:01:35.493+0000 7fdaef691700 1 -- --> [v2:172.21.15.62:3300/0,v1:172.21.15.62:6789/0] -- mon_getmap magic: 0 -- 0x7fdae8109300 con 0x7fdae8107970
2024-05-10T11:01:36.310 INFO:teuthology.orchestra.run.smithi062.stdout:/usr/bin/ceph: stderr
2024-05-10T11:01:35.493+0000 7fdaed42d700 1 --2- >> [v2:172.21.15.62:3300/0,v1:172.21.15.62:6789/0] conn(0x7fdae8107970 0x7fdae819f170 unknown :-1 s=BANNER_CONNECTING pgs=0 cs=0 l=1 rev1=0 crypto rx=0 tx=0 comp rx=0 tx=0)._handle_peer_banner_payload supported=3 required=0
2024-05-10T11:01:36.310 INFO:teuthology.orchestra.run.smithi062.stdout:/usr/bin/ceph: stderr
2024-05-10T11:01:35.493+0000 7fdaed42d700 1 --2- >> [v2:172.21.15.62:3300/0,v1:172.21.15.62:6789/0] conn(0x7fdae8107970 0x7fdae819f170 unknown :-1 s=HELLO_CONNECTING pgs=0 cs=0 l=1 rev1=1 crypto rx=0 tx=0 comp rx=0 tx=0).handle_hello peer v2:172.21.15.62:3300/0 says I am v2:172.21.15.62:36674/0 (socket says 172.21.15.62:36674)
2024-05-10T11:01:36.310 INFO:teuthology.orchestra.run.smithi062.stdout:/usr/bin/ceph: stderr
2024-05-10T11:01:35.493+0000 7fdaed42d700 1 -- 172.21.15.62:0/1844436042 learned_addr learned my addr 172.21.15.62:0/1844436042 (peer_addr_for_me v2:172.21.15.62:0/0)
2024-05-10T11:01:36.310 INFO:teuthology.orchestra.run.smithi062.stdout:/usr/bin/ceph: stderr
2024-05-10T11:01:35.493+0000 7fdaed42d700 1 -- 172.21.15.62:0/1844436042 --> [v2:172.21.15.62:3300/0,v1:172.21.15.62:6789/0] -- mon_subscribe({config=0+,monmap=0+}) -- 0x7fdae819f6b0 con 0x7fdae8107970
2024-05-10T11:01:36.311 INFO:teuthology.orchestra.run.smithi062.stdout:/usr/bin/ceph: stderr
2024-05-10T11:01:35.493+0000 7fdaed42d700 1 --2- 172.21.15.62:0/1844436042 >> [v2:172.21.15.62:3300/0,v1:172.21.15.62:6789/0] conn(0x7fdae8107970 0x7fdae819f170 secure :-1 s=READY pgs=40 cs=0 l=1 rev1=1 crypto rx=0x7fdad800b7b0 tx=0x7fdad800be90 comp rx=0 tx=0).ready entity=mon.0 client_cookie=0 server_cookie=0 in_seq=0 out_seq=0
2024-05-10T11:01:36.311 INFO:teuthology.orchestra.run.smithi062.stdout:/usr/bin/ceph: stderr
2024-05-10T11:01:35.494+0000 7fdae67fc700 1 -- 172.21.15.62:0/1844436042 <== mon.0 v2:172.21.15.62:3300/0 1 ==== mon_map magic: 0 ==== 205+0+0 (secure 0 0 0) 0x7fdad8020020 con 0x7fdae8107970
2024-05-10T11:01:36.311 INFO:teuthology.orchestra.run.smithi062.stdout:/usr/bin/ceph: stderr
2024-05-10T11:01:35.494+0000 7fdae67fc700 1 -- 172.21.15.62:0/1844436042 <== mon.0 v2:172.21.15.62:3300/0 2 ==== config(26 keys) ==== 1070+0+0 (secure 0 0 0) 0x7fdad8003d10 con 0x7fdae8107970
2024-05-10T11:01:36.311 INFO:teuthology.orchestra.run.smithi062.stdout:/usr/bin/ceph: stderr
2024-05-10T11:01:35.494+0000 7fdaef691700 1 -- 172.21.15.62:0/1844436042 --> [v2:172.21.15.62:3300/0,v1:172.21.15.62:6789/0] -- mon_subscribe({mgrmap=0+}) -- 0x7fdae819f940 con 0x7fdae8107970
2024-05-10T11:01:36.311 INFO:teuthology.orchestra.run.smithi062.stdout:/usr/bin/ceph: stderr
2024-05-10T11:01:35.494+0000 7fdae67fc700 1 -- 172.21.15.62:0/1844436042 <== mon.0 v2:172.21.15.62:3300/0 3 ==== mon_map magic: 0 ==== 205+0+0 (secure 0 0 0) 0x7fdad8017040 con 0x7fdae8107970
2024-05-10T11:01:36.311 INFO:teuthology.orchestra.run.smithi062.stdout:/usr/bin/ceph: stderr
2024-05-10T11:01:35.494+0000 7fdaef691700 1 -- 172.21.15.62:0/1844436042 --> [v2:172.21.15.62:3300/0,v1:172.21.15.62:6789/0] -- mon_subscribe({osdmap=0}) -- 0x7fdae81a2630 con 0x7fdae8107970
2024-05-10T11:01:36.311 INFO:teuthology.orchestra.run.smithi062.stdout:/usr/bin/ceph: stderr
2024-05-10T11:01:35.495+0000 7fdae67fc700 1 -- 172.21.15.62:0/1844436042 <== mon.0 v2:172.21.15.62:3300/0 4 ==== mgrmap(e 8) ==== 50222+0+0 (secure 0 0 0) 0x7fdad8023020 con 0x7fdae8107970
2024-05-10T11:01:36.312 INFO:teuthology.orchestra.run.smithi062.stdout:/usr/bin/ceph: stderr
2024-05-10T11:01:35.495+0000 7fdaef691700 1 -- 172.21.15.62:0/1844436042 --> [v2:172.21.15.62:3300/0,v1:172.21.15.62:6789/0] -- mon_command({"prefix": "get_command_descriptions"} v 0) -- 0x7fdae806a5f0 con 0x7fdae8107970
2024-05-10T11:01:36.312 INFO:teuthology.orchestra.run.smithi062.stdout:/usr/bin/ceph: stderr
2024-05-10T11:01:35.495+0000 7fdae67fc700 1 --2- 172.21.15.62:0/1844436042 >> [v2:172.21.15.62:6800/3241920410,v1:172.21.15.62:6801/3241920410] conn(0x7fdad003e4c0 0x7fdad0040980 unknown :-1 s=NONE pgs=0 cs=0 l=1 rev1=0 crypto rx=0 tx=0 comp rx=0 tx=0).connect
2024-05-10T11:01:36.312 INFO:teuthology.orchestra.run.smithi062.stdout:/usr/bin/ceph: stderr
2024-05-10T11:01:35.495+0000 7fdae67fc700 1 -- 172.21.15.62:0/1844436042 <== mon.0 v2:172.21.15.62:3300/0 5 ==== osd_map(2..2 src has 1..2) ==== 940+0+0 (secure 0 0 0) 0x7fdad800f050 con 0x7fdae8107970
2024-05-10T11:01:36.312 INFO:teuthology.orchestra.run.smithi062.stdout:/usr/bin/ceph: stderr
2024-05-10T11:01:35.495+0000 7fdaecc2c700 1 --2- 172.21.15.62:0/1844436042 >> [v2:172.21.15.62:6800/3241920410,v1:172.21.15.62:6801/3241920410] conn(0x7fdad003e4c0 0x7fdad0040980 unknown :-1 s=BANNER_CONNECTING pgs=0 cs=0 l=1 rev1=0 crypto rx=0 tx=0 comp rx=0 tx=0)._handle_peer_banner_payload supported=3 required=0
2024-05-10T11:01:36.312 INFO:teuthology.orchestra.run.smithi062.stdout:/usr/bin/ceph: stderr
2024-05-10T11:01:35.495+0000 7fdaecc2c700 1 --2- 172.21.15.62:0/1844436042 >> [v2:172.21.15.62:6800/3241920410,v1:172.21.15.62:6801/3241920410] conn(0x7fdad003e4c0 0x7fdad0040980 secure :-1 s=READY pgs=8 cs=0 l=1 rev1=1 crypto rx=0x7fdadc006fd0 tx=0x7fdadc006e40 comp rx=0 tx=0).ready entity=mgr.14120 client_cookie=0 server_cookie=0 in_seq=0 out_seq=0
2024-05-10T11:01:36.313 INFO:teuthology.orchestra.run.smithi062.stdout:/usr/bin/ceph: stderr
2024-05-10T11:01:35.500+0000 7fdae67fc700 1 -- 172.21.15.62:0/1844436042 <== mon.0 v2:172.21.15.62:3300/0 6 ==== mon_command_ack([{"prefix": "get_command_descriptions"}]=0 v0) ==== 72+0+191839 (secure 0 0 0) 0x7fdad802a020 con 0x7fdae8107970
2024-05-10T11:01:36.313 INFO:teuthology.orchestra.run.smithi062.stdout:/usr/bin/ceph: stderr
2024-05-10T11:01:35.720+0000 7fdaef691700 1 -- 172.21.15.62:0/1844436042 --> [v2:172.21.15.62:6800/3241920410,v1:172.21.15.62:6801/3241920410] -- mgr_command(tid 0: {"prefix": "cephadm set-user", "user": "root", "target": ["mon-mgr", ""]}) -- 0x7fdae802e780 con 0x7fdad003e4c0
2024-05-10T11:01:36.313 INFO:teuthology.orchestra.run.smithi062.stdout:/usr/bin/ceph: stderr
2024-05-10T11:01:35.720+0000 7fdae67fc700 1 -- 172.21.15.62:0/1844436042 <== mgr.14120 v2:172.21.15.62:6800/3241920410 1 ==== mgr_command_reply(tid 0: 0 ) ==== 8+0+16 (secure 0 0 0) 0x7fdae802e780 con 0x7fdad003e4c0
2024-05-10T11:01:36.313 INFO:teuthology.orchestra.run.smithi062.stdout:/usr/bin/ceph: stderr
2024-05-10T11:01:35.723+0000 7fdaef691700 1 -- 172.21.15.62:0/1844436042 >> [v2:172.21.15.62:6800/3241920410,v1:172.21.15.62:6801/3241920410] conn(0x7fdad003e4c0 msgr2=0x7fdad0040980 secure :-1 s=STATE_CONNECTION_ESTABLISHED l=1).mark_down
2024-05-10T11:01:36.313 INFO:teuthology.orchestra.run.smithi062.stdout:/usr/bin/ceph: stderr
2024-05-10T11:01:35.723+0000 7fdaef691700 1 --2- 172.21.15.62:0/1844436042 >> [v2:172.21.15.62:6800/3241920410,v1:172.21.15.62:6801/3241920410] conn(0x7fdad003e4c0 0x7fdad0040980 secure :-1 s=READY pgs=8 cs=0 l=1 rev1=1 crypto rx=0x7fdadc006fd0 tx=0x7fdadc006e40 comp rx=0 tx=0).stop
2024-05-10T11:01:36.313 INFO:teuthology.orchestra.run.smithi062.stdout:/usr/bin/ceph: stderr
2024-05-10T11:01:35.723+0000 7fdaef691700 1 -- 172.21.15.62:0/1844436042 >> [v2:172.21.15.62:3300/0,v1:172.21.15.62:6789/0] conn(0x7fdae8107970 msgr2=0x7fdae819f170 secure :-1 s=STATE_CONNECTION_ESTABLISHED l=1).mark_down
2024-05-10T11:01:36.314 INFO:teuthology.orchestra.run.smithi062.stdout:/usr/bin/ceph: stderr
2024-05-10T11:01:35.723+0000 7fdaef691700 1 --2- 172.21.15.62:0/1844436042 >> [v2:172.21.15.62:3300/0,v1:172.21.15.62:6789/0] conn(0x7fdae8107970 0x7fdae819f170 secure :-1 s=READY pgs=40 cs=0 l=1 rev1=1 crypto rx=0x7fdad800b7b0 tx=0x7fdad800be90 comp rx=0 tx=0).stop
2024-05-10T11:01:36.314 INFO:teuthology.orchestra.run.smithi062.stdout:/usr/bin/ceph: stderr
2024-05-10T11:01:35.723+0000 7fdaef691700 1 -- 172.21.15.62:0/1844436042 shutdown_connections
2024-05-10T11:01:36.314 INFO:teuthology.orchestra.run.smithi062.stdout:/usr/bin/ceph: stderr
2024-05-10T11:01:35.723+0000 7fdaef691700 1 --2- 172.21.15.62:0/1844436042 >> [v2:172.21.15.62:6800/3241920410,v1:172.21.15.62:6801/3241920410] conn(0x7fdad003e4c0 0x7fdad0040980 unknown :-1 s=CLOSED pgs=8 cs=0 l=1 rev1=1 crypto rx=0 tx=0 comp rx=0 tx=0).stop
2024-05-10T11:01:36.314 INFO:teuthology.orchestra.run.smithi062.stdout:/usr/bin/ceph: stderr
2024-05-10T11:01:35.723+0000 7fdaef691700 1 --2- 172.21.15.62:0/1844436042 >> [v2:172.21.15.62:3300/0,v1:172.21.15.62:6789/0] conn(0x7fdae8107970 0x7fdae819f170 unknown :-1 s=CLOSED pgs=40 cs=0 l=1 rev1=1 crypto rx=0 tx=0 comp rx=0 tx=0).stop
2024-05-10T11:01:36.314 INFO:teuthology.orchestra.run.smithi062.stdout:/usr/bin/ceph: stderr
2024-05-10T11:01:35.723+0000 7fdaef691700 1 -- 172.21.15.62:0/1844436042 >> 172.21.15.62:0/1844436042 conn(0x7fdae8103530 msgr2=0x7fdae8195de0 unknown :-1 s=STATE_NONE l=0).mark_down
2024-05-10T11:01:36.314 INFO:teuthology.orchestra.run.smithi062.stdout:/usr/bin/ceph: stderr
2024-05-10T11:01:35.723+0000 7fdaef691700 1 -- 172.21.15.62:0/1844436042 shutdown_connections
2024-05-10T11:01:36.314 INFO:teuthology.orchestra.run.smithi062.stdout:/usr/bin/ceph: stderr
2024-05-10T11:01:35.723+0000 7fdaef691700 1 -- 172.21.15.62:0/1844436042 wait complete.
2024-05-10T11:01:36.315 INFO:teuthology.orchestra.run.smithi062.stdout:Generating ssh key...
2024-05-10T11:01:36.641 INFO:journalctl@ceph.mon.a.smithi062.stdout:May 10 11:01:36 smithi062 ceph-mon[30167]: from='client.14134 -' entity='client.admin' cmd=[{"prefix": "cephadm set-user", "user": "root", "target": ["mon-mgr", ""]}]: dispatch
2024-05-10T11:01:37.438 INFO:journalctl@ceph.mgr.x.smithi062.stdout:May 10 11:01:37 smithi062 ceph-73419d1a-0ebc-11ef-bc98-c7b262605968-mgr-x[30402]: Generating public/private rsa key pair.
2024-05-10T11:01:37.438 INFO:journalctl@ceph.mgr.x.smithi062.stdout:May 10 11:01:37 smithi062 ceph-73419d1a-0ebc-11ef-bc98-c7b262605968-mgr-x[30402]: Your identification has been saved in /tmp/tmp81do3k4q/key.
2024-05-10T11:01:37.438 INFO:journalctl@ceph.mgr.x.smithi062.stdout:May 10 11:01:37 smithi062 ceph-73419d1a-0ebc-11ef-bc98-c7b262605968-mgr-x[30402]: Your public key has been saved in /tmp/tmp81do3k4q/key.pub.
2024-05-10T11:01:37.438 INFO:journalctl@ceph.mgr.x.smithi062.stdout:May 10 11:01:37 smithi062 ceph-73419d1a-0ebc-11ef-bc98-c7b262605968-mgr-x[30402]: The key fingerprint is:
2024-05-10T11:01:37.438 INFO:journalctl@ceph.mgr.x.smithi062.stdout:May 10 11:01:37 smithi062 ceph-73419d1a-0ebc-11ef-bc98-c7b262605968-mgr-x[30402]: SHA256:edQo6OXC6t0OcZmikSruruZ+qbSc1x8Dk9BVNtBMpEc ceph-73419d1a-0ebc-11ef-bc98-c7b262605968
2024-05-10T11:01:37.438 INFO:journalctl@ceph.mgr.x.smithi062.stdout:May 10 11:01:37 smithi062 ceph-73419d1a-0ebc-11ef-bc98-c7b262605968-mgr-x[30402]: The key's randomart image is:
2024-05-10T11:01:37.439 INFO:journalctl@ceph.mgr.x.smithi062.stdout:May 10 11:01:37 smithi062 ceph-73419d1a-0ebc-11ef-bc98-c7b262605968-mgr-x[30402]: +---[RSA 3072]----+
2024-05-10T11:01:37.439 INFO:journalctl@ceph.mgr.x.smithi062.stdout:May 10 11:01:37 smithi062 ceph-73419d1a-0ebc-11ef-bc98-c7b262605968-mgr-x[30402]: | oBE |
2024-05-10T11:01:37.439 INFO:journalctl@ceph.mgr.x.smithi062.stdout:May 10 11:01:37 smithi062 ceph-73419d1a-0ebc-11ef-bc98-c7b262605968-mgr-x[30402]: | . ..+o.o |
2024-05-10T11:01:37.439 INFO:journalctl@ceph.mgr.x.smithi062.stdout:May 10 11:01:37 smithi062 ceph-73419d1a-0ebc-11ef-bc98-c7b262605968-mgr-x[30402]: | . ...o.o . |
2024-05-10T11:01:37.439 INFO:journalctl@ceph.mgr.x.smithi062.stdout:May 10 11:01:37 smithi062 ceph-73419d1a-0ebc-11ef-bc98-c7b262605968-mgr-x[30402]: | .+.o.* |
2024-05-10T11:01:37.439 INFO:journalctl@ceph.mgr.x.smithi062.stdout:May 10 11:01:37 smithi062 ceph-73419d1a-0ebc-11ef-bc98-c7b262605968-mgr-x[30402]: | o+* S . |
2024-05-10T11:01:37.439 INFO:journalctl@ceph.mgr.x.smithi062.stdout:May 10 11:01:37 smithi062 ceph-73419d1a-0ebc-11ef-bc98-c7b262605968-mgr-x[30402]: | . +o= . |
2024-05-10T11:01:37.439 INFO:journalctl@ceph.mgr.x.smithi062.stdout:May 10 11:01:37 smithi062 ceph-73419d1a-0ebc-11ef-bc98-c7b262605968-mgr-x[30402]: |... = .o |
2024-05-10T11:01:37.439 INFO:journalctl@ceph.mgr.x.smithi062.stdout:May 10 11:01:37 smithi062 ceph-73419d1a-0ebc-11ef-bc98-c7b262605968-mgr-x[30402]: |+oo= o oo |
2024-05-10T11:01:37.439 INFO:journalctl@ceph.mgr.x.smithi062.stdout:May 10 11:01:37 smithi062 ceph-73419d1a-0ebc-11ef-bc98-c7b262605968-mgr-x[30402]: |O@+ . ooo |
2024-05-10T11:01:37.439 INFO:journalctl@ceph.mgr.x.smithi062.stdout:May 10 11:01:37 smithi062 ceph-73419d1a-0ebc-11ef-bc98-c7b262605968-mgr-x[30402]: +----[SHA256]-----+
2024-05-10T11:01:37.661 INFO:teuthology.orchestra.run.smithi062.stdout:/usr/bin/ceph: stderr
2024-05-10T11:01:36.748+0000 7f27a7d2c700 1 Processor -- start
2024-05-10T11:01:37.661 INFO:teuthology.orchestra.run.smithi062.stdout:/usr/bin/ceph: stderr
2024-05-10T11:01:36.749+0000 7f27a7d2c700 1 -- start start
2024-05-10T11:01:37.662 INFO:teuthology.orchestra.run.smithi062.stdout:/usr/bin/ceph: stderr
2024-05-10T11:01:36.749+0000 7f27a7d2c700 1 --2- >> [v2:172.21.15.62:3300/0,v1:172.21.15.62:6789/0] conn(0x7f27a0109b70 0x7f27a010bf60 unknown :-1 s=NONE pgs=0 cs=0 l=0 rev1=0 crypto rx=0 tx=0 comp rx=0 tx=0).connect
2024-05-10T11:01:37.662 INFO:teuthology.orchestra.run.smithi062.stdout:/usr/bin/ceph: stderr
2024-05-10T11:01:36.749+0000 7f27a7d2c700 1 -- --> [v2:172.21.15.62:3300/0,v1:172.21.15.62:6789/0] -- mon_getmap magic: 0 -- 0x7f27a007d630 con 0x7f27a0109b70
2024-05-10T11:01:37.662 INFO:teuthology.orchestra.run.smithi062.stdout:/usr/bin/ceph: stderr
2024-05-10T11:01:36.749+0000 7f27a5ac8700 1 --2- >> [v2:172.21.15.62:3300/0,v1:172.21.15.62:6789/0] conn(0x7f27a0109b70 0x7f27a010bf60 unknown :-1 s=BANNER_CONNECTING pgs=0 cs=0 l=0 rev1=0 crypto rx=0 tx=0 comp rx=0 tx=0)._handle_peer_banner_payload supported=3 required=0
2024-05-10T11:01:37.662 INFO:teuthology.orchestra.run.smithi062.stdout:/usr/bin/ceph: stderr
2024-05-10T11:01:36.749+0000 7f27a5ac8700 1 --2- >> [v2:172.21.15.62:3300/0,v1:172.21.15.62:6789/0] conn(0x7f27a0109b70 0x7f27a010bf60 unknown :-1 s=HELLO_CONNECTING pgs=0 cs=0 l=0 rev1=1 crypto rx=0 tx=0 comp rx=0 tx=0).handle_hello peer v2:172.21.15.62:3300/0 says I am v2:172.21.15.62:36682/0 (socket says 172.21.15.62:36682)
2024-05-10T11:01:37.662 INFO:teuthology.orchestra.run.smithi062.stdout:/usr/bin/ceph: stderr
2024-05-10T11:01:36.749+0000 7f27a5ac8700 1 -- 172.21.15.62:0/1828798030 learned_addr learned my addr 172.21.15.62:0/1828798030 (peer_addr_for_me v2:172.21.15.62:0/0)
2024-05-10T11:01:37.662 INFO:teuthology.orchestra.run.smithi062.stdout:/usr/bin/ceph: stderr
2024-05-10T11:01:36.749+0000 7f27a5ac8700 1 -- 172.21.15.62:0/1828798030 --> [v2:172.21.15.62:3300/0,v1:172.21.15.62:6789/0] -- mon_subscribe({config=0+,monmap=0+}) -- 0x7f27a010c4a0 con 0x7f27a0109b70
2024-05-10T11:01:37.662 INFO:teuthology.orchestra.run.smithi062.stdout:/usr/bin/ceph: stderr
2024-05-10T11:01:36.749+0000 7f27a5ac8700 1 --2- 172.21.15.62:0/1828798030 >> [v2:172.21.15.62:3300/0,v1:172.21.15.62:6789/0] conn(0x7f27a0109b70 0x7f27a010bf60 secure :-1 s=READY pgs=41 cs=0 l=1 rev1=1 crypto rx=0x7f279c0098a0 tx=0x7f279c009bb0 comp rx=0 tx=0).ready entity=mon.0 client_cookie=c1bd5849e4ec78f6 server_cookie=0 in_seq=0 out_seq=0
2024-05-10T11:01:37.662 INFO:teuthology.orchestra.run.smithi062.stdout:/usr/bin/ceph: stderr
2024-05-10T11:01:36.750+0000 7f27a4ac6700 1 -- 172.21.15.62:0/1828798030 <== mon.0 v2:172.21.15.62:3300/0 1 ==== mon_map magic: 0 ==== 205+0+0 (secure 0 0 0) 0x7f279c004160 con 0x7f27a0109b70
2024-05-10T11:01:37.662 INFO:teuthology.orchestra.run.smithi062.stdout:/usr/bin/ceph: stderr
2024-05-10T11:01:36.750+0000 7f27a4ac6700 1 -- 172.21.15.62:0/1828798030 <== mon.0 v2:172.21.15.62:3300/0 2 ==== config(26 keys) ==== 1070+0+0 (secure 0 0 0) 0x7f279c004300 con 0x7f27a0109b70
2024-05-10T11:01:37.662 INFO:teuthology.orchestra.run.smithi062.stdout:/usr/bin/ceph: stderr
2024-05-10T11:01:36.750+0000 7f27a4ac6700 1 -- 172.21.15.62:0/1828798030 <== mon.0 v2:172.21.15.62:3300/0 3 ==== mon_map magic: 0 ==== 205+0+0 (secure 0 0 0) 0x7f279c011af0 con 0x7f27a0109b70
2024-05-10T11:01:37.662 INFO:teuthology.orchestra.run.smithi062.stdout:/usr/bin/ceph: stderr
2024-05-10T11:01:36.750+0000 7f27a7d2c700 1 -- 172.21.15.62:0/1828798030 >> [v2:172.21.15.62:3300/0,v1:172.21.15.62:6789/0] conn(0x7f27a0109b70 msgr2=0x7f27a010bf60 secure :-1 s=STATE_CONNECTION_ESTABLISHED l=1).mark_down
2024-05-10T11:01:37.662 INFO:teuthology.orchestra.run.smithi062.stdout:/usr/bin/ceph: stderr
2024-05-10T11:01:36.750+0000 7f27a7d2c700 1 --2- 172.21.15.62:0/1828798030 >> [v2:172.21.15.62:3300/0,v1:172.21.15.62:6789/0] conn(0x7f27a0109b70 0x7f27a010bf60 secure :-1 s=READY pgs=41 cs=0 l=1 rev1=1 crypto rx=0x7f279c0098a0 tx=0x7f279c009bb0 comp rx=0 tx=0).stop
2024-05-10T11:01:37.663 INFO:teuthology.orchestra.run.smithi062.stdout:/usr/bin/ceph: stderr
2024-05-10T11:01:36.750+0000 7f27a7d2c700 1 -- 172.21.15.62:0/1828798030 shutdown_connections
2024-05-10T11:01:37.663 INFO:teuthology.orchestra.run.smithi062.stdout:/usr/bin/ceph: stderr
2024-05-10T11:01:36.750+0000 7f27a7d2c700 1 --2- 172.21.15.62:0/1828798030 >> [v2:172.21.15.62:3300/0,v1:172.21.15.62:6789/0] conn(0x7f27a0109b70 0x7f27a010bf60 unknown :-1 s=CLOSED pgs=41 cs=0 l=1 rev1=1 crypto rx=0 tx=0 comp rx=0 tx=0).stop
2024-05-10T11:01:37.663 INFO:teuthology.orchestra.run.smithi062.stdout:/usr/bin/ceph: stderr
2024-05-10T11:01:36.750+0000 7f27a7d2c700 1 -- 172.21.15.62:0/1828798030 >> 172.21.15.62:0/1828798030 conn(0x7f27a0103560 msgr2=0x7f27a01059a0 unknown :-1 s=STATE_NONE l=0).mark_down
2024-05-10T11:01:37.663 INFO:teuthology.orchestra.run.smithi062.stdout:/usr/bin/ceph: stderr
2024-05-10T11:01:36.750+0000 7f27a7d2c700 1 -- 172.21.15.62:0/1828798030 shutdown_connections
2024-05-10T11:01:37.663 INFO:teuthology.orchestra.run.smithi062.stdout:/usr/bin/ceph: stderr
2024-05-10T11:01:36.750+0000 7f27a7d2c700 1 -- 172.21.15.62:0/1828798030 wait complete.
2024-05-10T11:01:37.663 INFO:teuthology.orchestra.run.smithi062.stdout:/usr/bin/ceph: stderr
2024-05-10T11:01:36.751+0000 7f27a7d2c700 1 Processor -- start
2024-05-10T11:01:37.663 INFO:teuthology.orchestra.run.smithi062.stdout:/usr/bin/ceph: stderr
2024-05-10T11:01:36.751+0000 7f27a7d2c700 1 -- start start
2024-05-10T11:01:37.663 INFO:teuthology.orchestra.run.smithi062.stdout:/usr/bin/ceph: stderr
2024-05-10T11:01:36.751+0000 7f27a7d2c700 1 --2- >> [v2:172.21.15.62:3300/0,v1:172.21.15.62:6789/0] conn(0x7f27a0109b70 0x7f27a019cf90 unknown :-1 s=NONE pgs=0 cs=0 l=1 rev1=0 crypto rx=0 tx=0 comp rx=0 tx=0).connect
2024-05-10T11:01:37.663 INFO:teuthology.orchestra.run.smithi062.stdout:/usr/bin/ceph: stderr
2024-05-10T11:01:36.751+0000 7f27a7d2c700 1 -- --> [v2:172.21.15.62:3300/0,v1:172.21.15.62:6789/0] -- mon_getmap magic: 0 -- 0x7f27a010d400 con 0x7f27a0109b70
2024-05-10T11:01:37.663 INFO:teuthology.orchestra.run.smithi062.stdout:/usr/bin/ceph: stderr
2024-05-10T11:01:36.751+0000 7f27a5ac8700 1 --2- >> [v2:172.21.15.62:3300/0,v1:172.21.15.62:6789/0] conn(0x7f27a0109b70 0x7f27a019cf90 unknown :-1 s=BANNER_CONNECTING pgs=0 cs=0 l=1 rev1=0 crypto rx=0 tx=0 comp rx=0 tx=0)._handle_peer_banner_payload supported=3 required=0
2024-05-10T11:01:37.663 INFO:teuthology.orchestra.run.smithi062.stdout:/usr/bin/ceph: stderr
2024-05-10T11:01:36.751+0000 7f27a5ac8700 1 --2- >> [v2:172.21.15.62:3300/0,v1:172.21.15.62:6789/0] conn(0x7f27a0109b70 0x7f27a019cf90 unknown :-1 s=HELLO_CONNECTING pgs=0 cs=0 l=1 rev1=1 crypto rx=0 tx=0 comp rx=0 tx=0).handle_hello peer v2:172.21.15.62:3300/0 says I am v2:172.21.15.62:36696/0 (socket says 172.21.15.62:36696)
2024-05-10T11:01:37.663 INFO:teuthology.orchestra.run.smithi062.stdout:/usr/bin/ceph: stderr
2024-05-10T11:01:36.751+0000 7f27a5ac8700 1 -- 172.21.15.62:0/1933261411 learned_addr learned my addr 172.21.15.62:0/1933261411 (peer_addr_for_me v2:172.21.15.62:0/0)
2024-05-10T11:01:37.663 INFO:teuthology.orchestra.run.smithi062.stdout:/usr/bin/ceph: stderr
2024-05-10T11:01:36.752+0000 7f27a5ac8700 1 -- 172.21.15.62:0/1933261411 --> [v2:172.21.15.62:3300/0,v1:172.21.15.62:6789/0] -- mon_subscribe({config=0+,monmap=0+}) -- 0x7f27a019d4d0 con 0x7f27a0109b70
2024-05-10T11:01:37.664 INFO:teuthology.orchestra.run.smithi062.stdout:/usr/bin/ceph: stderr
2024-05-10T11:01:36.752+0000 7f27a5ac8700 1 --2- 172.21.15.62:0/1933261411 >> [v2:172.21.15.62:3300/0,v1:172.21.15.62:6789/0] conn(0x7f27a0109b70 0x7f27a019cf90 secure :-1 s=READY pgs=42 cs=0 l=1 rev1=1 crypto rx=0x7f279c011ac0 tx=0x7f279c011ba0 comp rx=0 tx=0).ready entity=mon.0 client_cookie=0 server_cookie=0 in_seq=0 out_seq=0
2024-05-10T11:01:37.664 INFO:teuthology.orchestra.run.smithi062.stdout:/usr/bin/ceph: stderr
2024-05-10T11:01:36.752+0000 7f2792ffd700 1 -- 172.21.15.62:0/1933261411 <== mon.0 v2:172.21.15.62:3300/0 1 ==== mon_map magic: 0 ==== 205+0+0 (secure 0 0 0) 0x7f279c003b20 con 0x7f27a0109b70
2024-05-10T11:01:37.664 INFO:teuthology.orchestra.run.smithi062.stdout:/usr/bin/ceph: stderr
2024-05-10T11:01:36.752+0000 7f2792ffd700 1 -- 172.21.15.62:0/1933261411 <== mon.0 v2:172.21.15.62:3300/0 2 ==== config(26 keys) ==== 1070+0+0 (secure 0 0 0) 0x7f279c01a8c0 con 0x7f27a0109b70
2024-05-10T11:01:37.664 INFO:teuthology.orchestra.run.smithi062.stdout:/usr/bin/ceph: stderr
2024-05-10T11:01:36.752+0000 7f27a7d2c700 1 -- 172.21.15.62:0/1933261411 --> [v2:172.21.15.62:3300/0,v1:172.21.15.62:6789/0] -- mon_subscribe({mgrmap=0+}) -- 0x7f27a019d760 con 0x7f27a0109b70
2024-05-10T11:01:37.664 INFO:teuthology.orchestra.run.smithi062.stdout:/usr/bin/ceph: stderr
2024-05-10T11:01:36.752+0000 7f2792ffd700 1 -- 172.21.15.62:0/1933261411 <== mon.0 v2:172.21.15.62:3300/0 3 ==== mon_map magic: 0 ==== 205+0+0 (secure 0 0 0) 0x7f279c0248d0 con 0x7f27a0109b70
2024-05-10T11:01:37.664 INFO:teuthology.orchestra.run.smithi062.stdout:/usr/bin/ceph: stderr
2024-05-10T11:01:36.752+0000 7f27a7d2c700 1 -- 172.21.15.62:0/1933261411 --> [v2:172.21.15.62:3300/0,v1:172.21.15.62:6789/0] -- mon_subscribe({osdmap=0}) -- 0x7f27a01a0450 con 0x7f27a0109b70
2024-05-10T11:01:37.664 INFO:teuthology.orchestra.run.smithi062.stdout:/usr/bin/ceph: stderr
2024-05-10T11:01:36.753+0000 7f2792ffd700 1 -- 172.21.15.62:0/1933261411 <== mon.0 v2:172.21.15.62:3300/0 4 ==== mgrmap(e 8) ==== 50222+0+0 (secure 0 0 0) 0x7f279c022020 con 0x7f27a0109b70
2024-05-10T11:01:37.664 INFO:teuthology.orchestra.run.smithi062.stdout:/usr/bin/ceph: stderr
2024-05-10T11:01:36.753+0000 7f27a7d2c700 1 -- 172.21.15.62:0/1933261411 --> [v2:172.21.15.62:3300/0,v1:172.21.15.62:6789/0] -- mon_command({"prefix": "get_command_descriptions"} v 0) -- 0x7f27a0064b00 con 0x7f27a0109b70
2024-05-10T11:01:37.664 INFO:teuthology.orchestra.run.smithi062.stdout:/usr/bin/ceph: stderr
2024-05-10T11:01:36.753+0000 7f2792ffd700 1 --2- 172.21.15.62:0/1933261411 >> [v2:172.21.15.62:6800/3241920410,v1:172.21.15.62:6801/3241920410] conn(0x7f278c03e4c0 0x7f278c040980 unknown :-1 s=NONE pgs=0 cs=0 l=1 rev1=0 crypto rx=0 tx=0 comp rx=0 tx=0).connect
2024-05-10T11:01:37.664 INFO:teuthology.orchestra.run.smithi062.stdout:/usr/bin/ceph: stderr
2024-05-10T11:01:36.753+0000 7f2792ffd700 1 -- 172.21.15.62:0/1933261411 <== mon.0 v2:172.21.15.62:3300/0 5 ==== osd_map(2..2 src has 1..2) ==== 940+0+0 (secure 0 0 0) 0x7f279c053780 con 0x7f27a0109b70
2024-05-10T11:01:37.664 INFO:teuthology.orchestra.run.smithi062.stdout:/usr/bin/ceph: stderr
2024-05-10T11:01:36.753+0000 7f27a52c7700 1 --2- 172.21.15.62:0/1933261411 >> [v2:172.21.15.62:6800/3241920410,v1:172.21.15.62:6801/3241920410] conn(0x7f278c03e4c0 0x7f278c040980 unknown :-1 s=BANNER_CONNECTING pgs=0 cs=0 l=1 rev1=0 crypto rx=0 tx=0 comp rx=0 tx=0)._handle_peer_banner_payload supported=3 required=0
2024-05-10T11:01:37.664 INFO:teuthology.orchestra.run.smithi062.stdout:/usr/bin/ceph: stderr
2024-05-10T11:01:36.754+0000 7f27a52c7700 1 --2- 172.21.15.62:0/1933261411 >> [v2:172.21.15.62:6800/3241920410,v1:172.21.15.62:6801/3241920410] conn(0x7f278c03e4c0 0x7f278c040980 secure :-1 s=READY pgs=9 cs=0 l=1 rev1=1 crypto rx=0x7f2794006fd0 tx=0x7f2794006e40 comp rx=0 tx=0).ready entity=mgr.14120 client_cookie=0 server_cookie=0 in_seq=0 out_seq=0
2024-05-10T11:01:37.665 INFO:teuthology.orchestra.run.smithi062.stdout:/usr/bin/ceph: stderr
2024-05-10T11:01:36.758+0000 7f2792ffd700 1 -- 172.21.15.62:0/1933261411 <== mon.0 v2:172.21.15.62:3300/0 6 ==== mon_command_ack([{"prefix": "get_command_descriptions"}]=0 v0) ==== 72+0+191839 (secure 0 0 0) 0x7f279c01aa70 con 0x7f27a0109b70
2024-05-10T11:01:37.665 INFO:teuthology.orchestra.run.smithi062.stdout:/usr/bin/ceph: stderr
2024-05-10T11:01:36.977+0000 7f27a7d2c700 1 -- 172.21.15.62:0/1933261411 --> [v2:172.21.15.62:6800/3241920410,v1:172.21.15.62:6801/3241920410] -- mgr_command(tid 0: {"prefix": "cephadm generate-key", "target": ["mon-mgr", ""]}) -- 0x7f27a0104820 con 0x7f278c03e4c0
2024-05-10T11:01:37.665 INFO:teuthology.orchestra.run.smithi062.stdout:/usr/bin/ceph: stderr
2024-05-10T11:01:37.105+0000 7f2792ffd700 1 -- 172.21.15.62:0/1933261411 <== mgr.14120 v2:172.21.15.62:6800/3241920410 1 ==== mgr_command_reply(tid 0: 0 ) ==== 8+0+0 (secure 0 0 0) 0x7f27a0104820 con 0x7f278c03e4c0
2024-05-10T11:01:37.665 INFO:teuthology.orchestra.run.smithi062.stdout:/usr/bin/ceph: stderr
2024-05-10T11:01:37.107+0000 7f27a7d2c700 1 -- 172.21.15.62:0/1933261411 >> [v2:172.21.15.62:6800/3241920410,v1:172.21.15.62:6801/3241920410] conn(0x7f278c03e4c0 msgr2=0x7f278c040980 secure :-1 s=STATE_CONNECTION_ESTABLISHED l=1).mark_down
2024-05-10T11:01:37.665 INFO:teuthology.orchestra.run.smithi062.stdout:/usr/bin/ceph: stderr
2024-05-10T11:01:37.107+0000 7f27a7d2c700 1 --2- 172.21.15.62:0/1933261411 >> [v2:172.21.15.62:6800/3241920410,v1:172.21.15.62:6801/3241920410] conn(0x7f278c03e4c0 0x7f278c040980 secure :-1 s=READY pgs=9 cs=0 l=1 rev1=1 crypto rx=0x7f2794006fd0 tx=0x7f2794006e40 comp rx=0 tx=0).stop
2024-05-10T11:01:37.665 INFO:teuthology.orchestra.run.smithi062.stdout:/usr/bin/ceph: stderr
2024-05-10T11:01:37.107+0000 7f27a7d2c700 1 -- 172.21.15.62:0/1933261411 >> [v2:172.21.15.62:3300/0,v1:172.21.15.62:6789/0] conn(0x7f27a0109b70 msgr2=0x7f27a019cf90 secure :-1 s=STATE_CONNECTION_ESTABLISHED l=1).mark_down
2024-05-10T11:01:37.665 INFO:teuthology.orchestra.run.smithi062.stdout:/usr/bin/ceph: stderr
2024-05-10T11:01:37.107+0000 7f27a7d2c700 1 --2- 172.21.15.62:0/1933261411 >> [v2:172.21.15.62:3300/0,v1:172.21.15.62:6789/0] conn(0x7f27a0109b70 0x7f27a019cf90 secure :-1 s=READY pgs=42 cs=0 l=1 rev1=1 crypto rx=0x7f279c011ac0 tx=0x7f279c011ba0 comp rx=0 tx=0).stop
2024-05-10T11:01:37.665 INFO:teuthology.orchestra.run.smithi062.stdout:/usr/bin/ceph: stderr
2024-05-10T11:01:37.107+0000 7f27a7d2c700 1 -- 172.21.15.62:0/1933261411 shutdown_connections
2024-05-10T11:01:37.665 INFO:teuthology.orchestra.run.smithi062.stdout:/usr/bin/ceph: stderr
2024-05-10T11:01:37.107+0000 7f27a7d2c700 1 --2- 172.21.15.62:0/1933261411 >> [v2:172.21.15.62:6800/3241920410,v1:172.21.15.62:6801/3241920410] conn(0x7f278c03e4c0 0x7f278c040980 unknown :-1 s=CLOSED pgs=9 cs=0 l=1 rev1=1 crypto rx=0 tx=0 comp rx=0 tx=0).stop
2024-05-10T11:01:37.665 INFO:teuthology.orchestra.run.smithi062.stdout:/usr/bin/ceph: stderr
2024-05-10T11:01:37.107+0000 7f27a7d2c700 1 --2- 172.21.15.62:0/1933261411 >> [v2:172.21.15.62:3300/0,v1:172.21.15.62:6789/0] conn(0x7f27a0109b70 0x7f27a019cf90 unknown :-1 s=CLOSED pgs=42 cs=0 l=1 rev1=1 crypto rx=0 tx=0 comp rx=0 tx=0).stop
2024-05-10T11:01:37.665 INFO:teuthology.orchestra.run.smithi062.stdout:/usr/bin/ceph: stderr
2024-05-10T11:01:37.107+0000 7f27a7d2c700 1 -- 172.21.15.62:0/1933261411 >> 172.21.15.62:0/1933261411 conn(0x7f27a0103560 msgr2=0x7f27a0104110 unknown :-1 s=STATE_NONE l=0).mark_down
2024-05-10T11:01:37.665 INFO:teuthology.orchestra.run.smithi062.stdout:/usr/bin/ceph: stderr
2024-05-10T11:01:37.108+0000 7f27a7d2c700 1 -- 172.21.15.62:0/1933261411 shutdown_connections
2024-05-10T11:01:37.665 INFO:teuthology.orchestra.run.smithi062.stdout:/usr/bin/ceph: stderr
2024-05-10T11:01:37.108+0000 7f27a7d2c700 1 -- 172.21.15.62:0/1933261411 wait complete.
2024-05-10T11:01:38.188 INFO:journalctl@ceph.mon.a.smithi062.stdout:May 10 11:01:38 smithi062 ceph-mon[30167]: from='client.14136 -' entity='client.admin' cmd=[{"prefix": "cephadm generate-key", "target": ["mon-mgr", ""]}]: dispatch
2024-05-10T11:01:38.188 INFO:journalctl@ceph.mon.a.smithi062.stdout:May 10 11:01:38 smithi062 ceph-mon[30167]: Generating ssh key...
2024-05-10T11:01:38.188 INFO:journalctl@ceph.mon.a.smithi062.stdout:May 10 11:01:38 smithi062 ceph-mon[30167]: from='mgr.14120 172.21.15.62:0/3105602134' entity='mgr.x'
2024-05-10T11:01:38.188 INFO:journalctl@ceph.mon.a.smithi062.stdout:May 10 11:01:38 smithi062 ceph-mon[30167]: from='mgr.14120 172.21.15.62:0/3105602134' entity='mgr.x'
2024-05-10T11:01:38.802 INFO:teuthology.orchestra.run.smithi062.stdout:/usr/bin/ceph: stdout ssh-rsa AAAAB3NzaC1yc2EAAAADAQABAAABgQDD1hWkYYW29xeLM/CoDOkBjx6+HPaLgAgXgFvs1pqG6ZREgm/Ys/cJzfWllBfKbiEGkQd/semEnIiWsSUfrHvmGeZKvyep4snZqZx3GeHWWL/rheSvVsyguGtxseytIjOdJBFnHLKo3m36yv1hcBT/G7CjpwxshwB+F166/1jNtUmra7/cBlAMnJuPOd+nKrKbFkEuOe/RB+jHXbYiv76pxFZzTsEWKsvmV8pjngAm2jVn3kQYlxT3lxoNDLakW7ADJvy/MGaiZwc480N/tpQLpR5s/eP+l3iRkKNQmwUzTECtpfi00nt+IDjSW2g/xdpDWdSMA2quwetZwfrLgc6qP2thMTnBNhyh22L3f9AmhVt+AxK77GMXUVcFGEg77ZG8xKr/6pb9Mk71MDE3z+xSgsBH4vPmjKJyfQWWHr+MeBQahm5XZXHqEjtuMLBxgcNhNtNkxLCCu3EC/PDWMcn+lCLZ+mNobDEiGh2s/vWyLfErxYpZZhx+1LBJIWH7S7U= ceph-73419d1a-0ebc-11ef-bc98-c7b262605968
2024-05-10T11:01:38.802 INFO:teuthology.orchestra.run.smithi062.stdout:/usr/bin/ceph: stderr
2024-05-10T11:01:38.047+0000 7f36821c2700 1 Processor -- start
2024-05-10T11:01:38.802 INFO:teuthology.orchestra.run.smithi062.stdout:/usr/bin/ceph: stderr
2024-05-10T11:01:38.047+0000 7f36821c2700 1 -- start start
2024-05-10T11:01:38.802 INFO:teuthology.orchestra.run.smithi062.stdout:/usr/bin/ceph: stderr
2024-05-10T11:01:38.048+0000 7f36821c2700 1 --2- >> [v2:172.21.15.62:3300/0,v1:172.21.15.62:6789/0] conn(0x7f367c109b80 0x7f367c10bf70 unknown :-1 s=NONE pgs=0 cs=0 l=0 rev1=0 crypto rx=0 tx=0 comp rx=0 tx=0).connect
2024-05-10T11:01:38.802 INFO:teuthology.orchestra.run.smithi062.stdout:/usr/bin/ceph: stderr
2024-05-10T11:01:38.048+0000 7f36821c2700 1 -- --> [v2:172.21.15.62:3300/0,v1:172.21.15.62:6789/0] -- mon_getmap magic: 0 -- 0x7f367c07d640 con 0x7f367c109b80
2024-05-10T11:01:38.802 INFO:teuthology.orchestra.run.smithi062.stdout:/usr/bin/ceph: stderr
2024-05-10T11:01:38.048+0000 7f367b7fe700 1 --2- >> [v2:172.21.15.62:3300/0,v1:172.21.15.62:6789/0] conn(0x7f367c109b80 0x7f367c10bf70 unknown :-1 s=BANNER_CONNECTING pgs=0 cs=0 l=0 rev1=0 crypto rx=0 tx=0 comp rx=0 tx=0)._handle_peer_banner_payload supported=3 required=0
2024-05-10T11:01:38.802 INFO:teuthology.orchestra.run.smithi062.stdout:/usr/bin/ceph: stderr
2024-05-10T11:01:38.048+0000 7f367b7fe700 1 --2- >> [v2:172.21.15.62:3300/0,v1:172.21.15.62:6789/0] conn(0x7f367c109b80 0x7f367c10bf70 unknown :-1 s=HELLO_CONNECTING pgs=0 cs=0 l=0 rev1=1 crypto rx=0 tx=0 comp rx=0 tx=0).handle_hello peer v2:172.21.15.62:3300/0 says I am v2:172.21.15.62:36700/0 (socket says 172.21.15.62:36700)
2024-05-10T11:01:38.802 INFO:teuthology.orchestra.run.smithi062.stdout:/usr/bin/ceph: stderr
2024-05-10T11:01:38.048+0000 7f367b7fe700 1 -- 172.21.15.62:0/1452990609 learned_addr learned my addr 172.21.15.62:0/1452990609 (peer_addr_for_me v2:172.21.15.62:0/0)
2024-05-10T11:01:38.802 INFO:teuthology.orchestra.run.smithi062.stdout:/usr/bin/ceph: stderr
2024-05-10T11:01:38.048+0000 7f367b7fe700 1 -- 172.21.15.62:0/1452990609 --> [v2:172.21.15.62:3300/0,v1:172.21.15.62:6789/0] -- mon_subscribe({config=0+,monmap=0+}) -- 0x7f367c10c4b0 con 0x7f367c109b80
2024-05-10T11:01:38.802 INFO:teuthology.orchestra.run.smithi062.stdout:/usr/bin/ceph: stderr
2024-05-10T11:01:38.048+0000 7f367b7fe700 1 --2- 172.21.15.62:0/1452990609 >> [v2:172.21.15.62:3300/0,v1:172.21.15.62:6789/0] conn(0x7f367c109b80 0x7f367c10bf70 secure :-1 s=READY pgs=43 cs=0 l=1 rev1=1 crypto rx=0x7f366c0098a0 tx=0x7f366c009bb0 comp rx=0 tx=0).ready entity=mon.0 client_cookie=d02ade421c40a8 server_cookie=0 in_seq=0 out_seq=0
2024-05-10T11:01:38.803 INFO:teuthology.orchestra.run.smithi062.stdout:/usr/bin/ceph: stderr
2024-05-10T11:01:38.048+0000 7f367a7fc700 1 -- 172.21.15.62:0/1452990609 <== mon.0 v2:172.21.15.62:3300/0 1 ==== mon_map magic: 0 ==== 205+0+0 (secure 0 0 0) 0x7f366c004160 con 0x7f367c109b80
2024-05-10T11:01:38.803 INFO:teuthology.orchestra.run.smithi062.stdout:/usr/bin/ceph: stderr
2024-05-10T11:01:38.049+0000 7f367a7fc700 1 -- 172.21.15.62:0/1452990609 <== mon.0 v2:172.21.15.62:3300/0 2 ==== config(26 keys) ==== 1070+0+0 (secure 0 0 0) 0x7f366c004300 con 0x7f367c109b80
2024-05-10T11:01:38.803 INFO:teuthology.orchestra.run.smithi062.stdout:/usr/bin/ceph: stderr
2024-05-10T11:01:38.049+0000 7f367a7fc700 1 -- 172.21.15.62:0/1452990609 <== mon.0 v2:172.21.15.62:3300/0 3 ==== mon_map magic: 0 ==== 205+0+0 (secure 0 0 0) 0x7f366c011af0 con 0x7f367c109b80
2024-05-10T11:01:38.803 INFO:teuthology.orchestra.run.smithi062.stdout:/usr/bin/ceph: stderr
2024-05-10T11:01:38.049+0000 7f36821c2700 1 -- 172.21.15.62:0/1452990609 >> [v2:172.21.15.62:3300/0,v1:172.21.15.62:6789/0] conn(0x7f367c109b80 msgr2=0x7f367c10bf70 secure :-1 s=STATE_CONNECTION_ESTABLISHED l=1).mark_down
2024-05-10T11:01:38.803 INFO:teuthology.orchestra.run.smithi062.stdout:/usr/bin/ceph: stderr
2024-05-10T11:01:38.049+0000 7f36821c2700 1 --2- 172.21.15.62:0/1452990609 >> [v2:172.21.15.62:3300/0,v1:172.21.15.62:6789/0] conn(0x7f367c109b80 0x7f367c10bf70 secure :-1 s=READY pgs=43 cs=0 l=1 rev1=1 crypto rx=0x7f366c0098a0 tx=0x7f366c009bb0 comp rx=0 tx=0).stop
2024-05-10T11:01:38.803 INFO:teuthology.orchestra.run.smithi062.stdout:/usr/bin/ceph: stderr
2024-05-10T11:01:38.049+0000 7f36821c2700 1 -- 172.21.15.62:0/1452990609 shutdown_connections
2024-05-10T11:01:38.803 INFO:teuthology.orchestra.run.smithi062.stdout:/usr/bin/ceph: stderr
2024-05-10T11:01:38.049+0000 7f36821c2700 1 --2- 172.21.15.62:0/1452990609 >> [v2:172.21.15.62:3300/0,v1:172.21.15.62:6789/0] conn(0x7f367c109b80 0x7f367c10bf70 unknown :-1 s=CLOSED pgs=43 cs=0 l=1 rev1=1 crypto rx=0 tx=0 comp rx=0 tx=0).stop
2024-05-10T11:01:38.803 INFO:teuthology.orchestra.run.smithi062.stdout:/usr/bin/ceph: stderr
2024-05-10T11:01:38.049+0000 7f36821c2700 1 -- 172.21.15.62:0/1452990609 >> 172.21.15.62:0/1452990609 conn(0x7f367c103530 msgr2=0x7f367c105970 unknown :-1 s=STATE_NONE l=0).mark_down
2024-05-10T11:01:38.803 INFO:teuthology.orchestra.run.smithi062.stdout:/usr/bin/ceph: stderr
2024-05-10T11:01:38.049+0000 7f36821c2700 1 -- 172.21.15.62:0/1452990609 shutdown_connections
2024-05-10T11:01:38.803 INFO:teuthology.orchestra.run.smithi062.stdout:/usr/bin/ceph: stderr
2024-05-10T11:01:38.049+0000 7f36821c2700 1 -- 172.21.15.62:0/1452990609 wait complete.
2024-05-10T11:01:38.803 INFO:teuthology.orchestra.run.smithi062.stdout:/usr/bin/ceph: stderr
2024-05-10T11:01:38.050+0000 7f36821c2700 1 Processor -- start
2024-05-10T11:01:38.803 INFO:teuthology.orchestra.run.smithi062.stdout:/usr/bin/ceph: stderr
2024-05-10T11:01:38.050+0000 7f36821c2700 1 -- start start
2024-05-10T11:01:38.804 INFO:teuthology.orchestra.run.smithi062.stdout:/usr/bin/ceph: stderr
2024-05-10T11:01:38.050+0000 7f36821c2700 1 --2- >> [v2:172.21.15.62:3300/0,v1:172.21.15.62:6789/0] conn(0x7f367c109b80 0x7f367c19cf90 unknown :-1 s=NONE pgs=0 cs=0 l=1 rev1=0 crypto rx=0 tx=0 comp rx=0 tx=0).connect
2024-05-10T11:01:38.804 INFO:teuthology.orchestra.run.smithi062.stdout:/usr/bin/ceph: stderr
2024-05-10T11:01:38.050+0000 7f36821c2700 1 -- --> [v2:172.21.15.62:3300/0,v1:172.21.15.62:6789/0] -- mon_getmap magic: 0 -- 0x7f367c10d410 con 0x7f367c109b80
2024-05-10T11:01:38.804 INFO:teuthology.orchestra.run.smithi062.stdout:/usr/bin/ceph: stderr
2024-05-10T11:01:38.050+0000 7f367b7fe700 1 --2- >> [v2:172.21.15.62:3300/0,v1:172.21.15.62:6789/0] conn(0x7f367c109b80 0x7f367c19cf90 unknown :-1 s=BANNER_CONNECTING pgs=0 cs=0 l=1 rev1=0 crypto rx=0 tx=0 comp rx=0 tx=0)._handle_peer_banner_payload supported=3 required=0
2024-05-10T11:01:38.804 INFO:teuthology.orchestra.run.smithi062.stdout:/usr/bin/ceph: stderr
2024-05-10T11:01:38.050+0000 7f367b7fe700 1 --2- >> [v2:172.21.15.62:3300/0,v1:172.21.15.62:6789/0] conn(0x7f367c109b80 0x7f367c19cf90 unknown :-1 s=HELLO_CONNECTING pgs=0 cs=0 l=1 rev1=1 crypto rx=0 tx=0 comp rx=0 tx=0).handle_hello peer v2:172.21.15.62:3300/0 says I am v2:172.21.15.62:36712/0 (socket says 172.21.15.62:36712)
2024-05-10T11:01:38.804 INFO:teuthology.orchestra.run.smithi062.stdout:/usr/bin/ceph: stderr
2024-05-10T11:01:38.050+0000 7f367b7fe700 1 -- 172.21.15.62:0/1511290175 learned_addr learned my addr 172.21.15.62:0/1511290175 (peer_addr_for_me v2:172.21.15.62:0/0)
2024-05-10T11:01:38.804 INFO:teuthology.orchestra.run.smithi062.stdout:/usr/bin/ceph: stderr
2024-05-10T11:01:38.051+0000 7f367b7fe700 1 -- 172.21.15.62:0/1511290175 --> [v2:172.21.15.62:3300/0,v1:172.21.15.62:6789/0] -- mon_subscribe({config=0+,monmap=0+}) -- 0x7f367c19d4d0 con 0x7f367c109b80
2024-05-10T11:01:38.804 INFO:teuthology.orchestra.run.smithi062.stdout:/usr/bin/ceph: stderr
2024-05-10T11:01:38.051+0000 7f367b7fe700 1 --2- 172.21.15.62:0/1511290175 >> [v2:172.21.15.62:3300/0,v1:172.21.15.62:6789/0] conn(0x7f367c109b80 0x7f367c19cf90 secure :-1 s=READY pgs=44 cs=0 l=1 rev1=1 crypto rx=0x7f366c003f40 tx=0x7f366c011890 comp rx=0 tx=0).ready entity=mon.0 client_cookie=0 server_cookie=0 in_seq=0 out_seq=0
2024-05-10T11:01:38.804 INFO:teuthology.orchestra.run.smithi062.stdout:/usr/bin/ceph: stderr
2024-05-10T11:01:38.051+0000 7f3678ff9700 1 -- 172.21.15.62:0/1511290175 <== mon.0 v2:172.21.15.62:3300/0 1 ==== mon_map magic: 0 ==== 205+0+0 (secure 0 0 0) 0x7f366c0038b0 con 0x7f367c109b80
2024-05-10T11:01:38.804 INFO:teuthology.orchestra.run.smithi062.stdout:/usr/bin/ceph: stderr
2024-05-10T11:01:38.051+0000 7f36821c2700 1 -- 172.21.15.62:0/1511290175 --> [v2:172.21.15.62:3300/0,v1:172.21.15.62:6789/0] -- mon_subscribe({mgrmap=0+}) -- 0x7f367c19d760 con 0x7f367c109b80
2024-05-10T11:01:38.804 INFO:teuthology.orchestra.run.smithi062.stdout:/usr/bin/ceph: stderr
2024-05-10T11:01:38.051+0000 7f3678ff9700 1 -- 172.21.15.62:0/1511290175 <== mon.0 v2:172.21.15.62:3300/0 2 ==== config(26 keys) ==== 1070+0+0 (secure 0 0 0) 0x7f366c003a50 con 0x7f367c109b80
2024-05-10T11:01:38.804 INFO:teuthology.orchestra.run.smithi062.stdout:/usr/bin/ceph: stderr
2024-05-10T11:01:38.051+0000 7f3678ff9700 1 -- 172.21.15.62:0/1511290175 <== mon.0 v2:172.21.15.62:3300/0 3 ==== mon_map magic: 0 ==== 205+0+0 (secure 0 0 0) 0x7f366c01a5c0 con 0x7f367c109b80
2024-05-10T11:01:38.804 INFO:teuthology.orchestra.run.smithi062.stdout:/usr/bin/ceph: stderr
2024-05-10T11:01:38.051+0000 7f36821c2700 1 -- 172.21.15.62:0/1511290175 --> [v2:172.21.15.62:3300/0,v1:172.21.15.62:6789/0] -- mon_subscribe({osdmap=0}) -- 0x7f367c1a0450 con 0x7f367c109b80
2024-05-10T11:01:38.804 INFO:teuthology.orchestra.run.smithi062.stdout:/usr/bin/ceph: stderr
2024-05-10T11:01:38.052+0000 7f3678ff9700 1 -- 172.21.15.62:0/1511290175 <== mon.0 v2:172.21.15.62:3300/0 4 ==== mgrmap(e 8) ==== 50222+0+0 (secure 0 0 0) 0x7f366c01a8c0 con 0x7f367c109b80
2024-05-10T11:01:38.804 INFO:teuthology.orchestra.run.smithi062.stdout:/usr/bin/ceph: stderr
2024-05-10T11:01:38.052+0000 7f36821c2700 1 -- 172.21.15.62:0/1511290175 --> [v2:172.21.15.62:3300/0,v1:172.21.15.62:6789/0] -- mon_command({"prefix": "get_command_descriptions"} v 0) -- 0x7f367c064b00 con 0x7f367c109b80
2024-05-10T11:01:38.805 INFO:teuthology.orchestra.run.smithi062.stdout:/usr/bin/ceph: stderr
2024-05-10T11:01:38.052+0000 7f3678ff9700 1 --2- 172.21.15.62:0/1511290175 >> [v2:172.21.15.62:6800/3241920410,v1:172.21.15.62:6801/3241920410] conn(0x7f366803e420 0x7f36680408e0 unknown :-1 s=NONE pgs=0 cs=0 l=1 rev1=0 crypto rx=0 tx=0 comp rx=0 tx=0).connect
2024-05-10T11:01:38.805 INFO:teuthology.orchestra.run.smithi062.stdout:/usr/bin/ceph: stderr
2024-05-10T11:01:38.052+0000 7f3678ff9700 1 -- 172.21.15.62:0/1511290175 <== mon.0 v2:172.21.15.62:3300/0 5 ==== osd_map(2..2 src has 1..2) ==== 940+0+0 (secure 0 0 0) 0x7f366c053a70 con 0x7f367c109b80
2024-05-10T11:01:38.805 INFO:teuthology.orchestra.run.smithi062.stdout:/usr/bin/ceph: stderr
2024-05-10T11:01:38.052+0000 7f367affd700 1 --2- 172.21.15.62:0/1511290175 >> [v2:172.21.15.62:6800/3241920410,v1:172.21.15.62:6801/3241920410] conn(0x7f366803e420 0x7f36680408e0 unknown :-1 s=BANNER_CONNECTING pgs=0 cs=0 l=1 rev1=0 crypto rx=0 tx=0 comp rx=0 tx=0)._handle_peer_banner_payload supported=3 required=0
2024-05-10T11:01:38.805 INFO:teuthology.orchestra.run.smithi062.stdout:/usr/bin/ceph: stderr
2024-05-10T11:01:38.053+0000 7f367affd700 1 --2- 172.21.15.62:0/1511290175 >> [v2:172.21.15.62:6800/3241920410,v1:172.21.15.62:6801/3241920410] conn(0x7f366803e420 0x7f36680408e0 secure :-1 s=READY pgs=10 cs=0 l=1 rev1=1 crypto rx=0x7f3664006fd0 tx=0x7f3664006e40 comp rx=0 tx=0).ready entity=mgr.14120 client_cookie=0 server_cookie=0 in_seq=0 out_seq=0
2024-05-10T11:01:38.805 INFO:teuthology.orchestra.run.smithi062.stdout:/usr/bin/ceph: stderr
2024-05-10T11:01:38.057+0000 7f3678ff9700 1 -- 172.21.15.62:0/1511290175 <== mon.0 v2:172.21.15.62:3300/0 6 ==== mon_command_ack([{"prefix": "get_command_descriptions"}]=0 v0) ==== 72+0+191839 (secure 0 0 0) 0x7f366c00e260 con 0x7f367c109b80
2024-05-10T11:01:38.805 INFO:teuthology.orchestra.run.smithi062.stdout:/usr/bin/ceph: stderr
