2024-05-10T11:01:47.928 INFO:teuthology.orchestra.run.smithi062.stdout:/usr/bin/ceph: stderr
2024-05-10T11:01:47.403+0000 7f22db735700 1 --2- 172.21.15.62:0/2882331285 >> [v2:172.21.15.62:6800/3241920410,v1:172.21.15.62:6801/3241920410] conn(0x7f22c003e4c0 0x7f22c0040980 secure :-1 s=READY pgs=13 cs=0 l=1 rev1=1 crypto rx=0x7f22c4006fd0 tx=0x7f22c4006e40 comp rx=0 tx=0).stop
2024-05-10T11:01:47.928 INFO:teuthology.orchestra.run.smithi062.stdout:/usr/bin/ceph: stderr
2024-05-10T11:01:47.403+0000 7f22db735700 1 -- 172.21.15.62:0/2882331285 >> [v2:172.21.15.62:3300/0,v1:172.21.15.62:6789/0] conn(0x7f22d41078f0 msgr2=0x7f22d41a3560 secure :-1 s=STATE_CONNECTION_ESTABLISHED l=1).mark_down
2024-05-10T11:01:47.928 INFO:teuthology.orchestra.run.smithi062.stdout:/usr/bin/ceph: stderr
2024-05-10T11:01:47.403+0000 7f22db735700 1 --2- 172.21.15.62:0/2882331285 >> [v2:172.21.15.62:3300/0,v1:172.21.15.62:6789/0] conn(0x7f22d41078f0 0x7f22d41a3560 secure :-1 s=READY pgs=50 cs=0 l=1 rev1=1 crypto rx=0x7f22d0000c00 tx=0x7f22d0011aa0 comp rx=0 tx=0).stop
2024-05-10T11:01:47.928 INFO:teuthology.orchestra.run.smithi062.stdout:/usr/bin/ceph: stderr
2024-05-10T11:01:47.403+0000 7f22db735700 1 -- 172.21.15.62:0/2882331285 shutdown_connections
2024-05-10T11:01:47.928 INFO:teuthology.orchestra.run.smithi062.stdout:/usr/bin/ceph: stderr
2024-05-10T11:01:47.403+0000 7f22db735700 1 --2- 172.21.15.62:0/2882331285 >> [v2:172.21.15.62:6800/3241920410,v1:172.21.15.62:6801/3241920410] conn(0x7f22c003e4c0 0x7f22c0040980 unknown :-1 s=CLOSED pgs=13 cs=0 l=1 rev1=1 crypto rx=0 tx=0 comp rx=0 tx=0).stop
2024-05-10T11:01:47.928 INFO:teuthology.orchestra.run.smithi062.stdout:/usr/bin/ceph: stderr
2024-05-10T11:01:47.403+0000 7f22db735700 1 --2- 172.21.15.62:0/2882331285 >> [v2:172.21.15.62:3300/0,v1:172.21.15.62:6789/0] conn(0x7f22d41078f0 0x7f22d41a3560 unknown :-1 s=CLOSED pgs=50 cs=0 l=1 rev1=1 crypto rx=0 tx=0 comp rx=0 tx=0).stop
2024-05-10T11:01:47.928 INFO:teuthology.orchestra.run.smithi062.stdout:/usr/bin/ceph: stderr
2024-05-10T11:01:47.403+0000 7f22db735700 1 -- 172.21.15.62:0/2882331285 >> 172.21.15.62:0/2882331285 conn(0x7f22d4103530 msgr2=0x7f22d4105970 unknown :-1 s=STATE_NONE l=0).mark_down
2024-05-10T11:01:47.928 INFO:teuthology.orchestra.run.smithi062.stdout:/usr/bin/ceph: stderr
2024-05-10T11:01:47.403+0000 7f22db735700 1 -- 172.21.15.62:0/2882331285 shutdown_connections
2024-05-10T11:01:47.928 INFO:teuthology.orchestra.run.smithi062.stdout:/usr/bin/ceph: stderr
2024-05-10T11:01:47.403+0000 7f22db735700 1 -- 172.21.15.62:0/2882331285 wait complete.
2024-05-10T11:01:48.043 INFO:journalctl@ceph.mon.a.smithi062.stdout:May 10 11:01:47 smithi062 ceph-mon[30167]: from='mgr.14120 172.21.15.62:0/3105602134' entity='mgr.x'
2024-05-10T11:01:48.043 INFO:journalctl@ceph.mon.a.smithi062.stdout:May 10 11:01:47 smithi062 ceph-mon[30167]: from='mgr.14120 172.21.15.62:0/3105602134' entity='mgr.x'
2024-05-10T11:01:48.043 INFO:journalctl@ceph.mon.a.smithi062.stdout:May 10 11:01:47 smithi062 ceph-mon[30167]: from='mgr.14120 172.21.15.62:0/3105602134' entity='mgr.x'
2024-05-10T11:01:48.938 INFO:journalctl@ceph.mon.a.smithi062.stdout:May 10 11:01:48 smithi062 ceph-mon[30167]: from='client.14144 -' entity='client.admin' cmd=[{"prefix": "orch apply", "service_type": "mgr", "unmanaged": true, "target": ["mon-mgr", ""]}]: dispatch
2024-05-10T11:01:48.938 INFO:journalctl@ceph.mon.a.smithi062.stdout:May 10 11:01:48 smithi062 ceph-mon[30167]: Saving service mgr spec with placement count:2
2024-05-10T11:01:48.938 INFO:journalctl@ceph.mon.a.smithi062.stdout:May 10 11:01:48 smithi062 ceph-mon[30167]: from='client.? 172.21.15.62:0/715451656' entity='client.admin'
2024-05-10T11:01:49.619 INFO:teuthology.orchestra.run.smithi062.stdout:/usr/bin/ceph: stderr
2024-05-10T11:01:48.363+0000 7efcfe34f700 1 Processor -- start
2024-05-10T11:01:49.619 INFO:teuthology.orchestra.run.smithi062.stdout:/usr/bin/ceph: stderr
2024-05-10T11:01:48.363+0000 7efcfe34f700 1 -- start start
2024-05-10T11:01:49.620 INFO:teuthology.orchestra.run.smithi062.stdout:/usr/bin/ceph: stderr
2024-05-10T11:01:48.363+0000 7efcfe34f700 1 --2- >> [v2:172.21.15.62:3300/0,v1:172.21.15.62:6789/0] conn(0x7efcf8109af0 0x7efcf810bee0 unknown :-1 s=NONE pgs=0 cs=0 l=0 rev1=0 crypto rx=0 tx=0 comp rx=0 tx=0).connect
2024-05-10T11:01:49.620 INFO:teuthology.orchestra.run.smithi062.stdout:/usr/bin/ceph: stderr
2024-05-10T11:01:48.364+0000 7efcfe34f700 1 -- --> [v2:172.21.15.62:3300/0,v1:172.21.15.62:6789/0] -- mon_getmap magic: 0 -- 0x7efcf807ce30 con 0x7efcf8109af0
2024-05-10T11:01:49.620 INFO:teuthology.orchestra.run.smithi062.stdout:/usr/bin/ceph: stderr
2024-05-10T11:01:48.364+0000 7efcf7fff700 1 --2- >> [v2:172.21.15.62:3300/0,v1:172.21.15.62:6789/0] conn(0x7efcf8109af0 0x7efcf810bee0 unknown :-1 s=BANNER_CONNECTING pgs=0 cs=0 l=0 rev1=0 crypto rx=0 tx=0 comp rx=0 tx=0)._handle_peer_banner_payload supported=3 required=0
2024-05-10T11:01:49.620 INFO:teuthology.orchestra.run.smithi062.stdout:/usr/bin/ceph: stderr
2024-05-10T11:01:48.364+0000 7efcf7fff700 1 --2- >> [v2:172.21.15.62:3300/0,v1:172.21.15.62:6789/0] conn(0x7efcf8109af0 0x7efcf810bee0 unknown :-1 s=HELLO_CONNECTING pgs=0 cs=0 l=0 rev1=1 crypto rx=0 tx=0 comp rx=0 tx=0).handle_hello peer v2:172.21.15.62:3300/0 says I am v2:172.21.15.62:45948/0 (socket says 172.21.15.62:45948)
2024-05-10T11:01:49.620 INFO:teuthology.orchestra.run.smithi062.stdout:/usr/bin/ceph: stderr
2024-05-10T11:01:48.364+0000 7efcf7fff700 1 -- 172.21.15.62:0/2193238986 learned_addr learned my addr 172.21.15.62:0/2193238986 (peer_addr_for_me v2:172.21.15.62:0/0)
2024-05-10T11:01:49.620 INFO:teuthology.orchestra.run.smithi062.stdout:/usr/bin/ceph: stderr
2024-05-10T11:01:48.364+0000 7efcf7fff700 1 -- 172.21.15.62:0/2193238986 --> [v2:172.21.15.62:3300/0,v1:172.21.15.62:6789/0] -- mon_subscribe({config=0+,monmap=0+}) -- 0x7efcf810c420 con 0x7efcf8109af0
2024-05-10T11:01:49.620 INFO:teuthology.orchestra.run.smithi062.stdout:/usr/bin/ceph: stderr
2024-05-10T11:01:48.364+0000 7efcf7fff700 1 --2- 172.21.15.62:0/2193238986 >> [v2:172.21.15.62:3300/0,v1:172.21.15.62:6789/0] conn(0x7efcf8109af0 0x7efcf810bee0 secure :-1 s=READY pgs=51 cs=0 l=1 rev1=1 crypto rx=0x7efce80098a0 tx=0x7efce8009bb0 comp rx=0 tx=0).ready entity=mon.0 client_cookie=aace0b494f585a7e server_cookie=0 in_seq=0 out_seq=0
2024-05-10T11:01:49.620 INFO:teuthology.orchestra.run.smithi062.stdout:/usr/bin/ceph: stderr
2024-05-10T11:01:48.364+0000 7efcf77fe700 1 -- 172.21.15.62:0/2193238986 <== mon.0 v2:172.21.15.62:3300/0 1 ==== mon_map magic: 0 ==== 205+0+0 (secure 0 0 0) 0x7efce8004160 con 0x7efcf8109af0
2024-05-10T11:01:49.620 INFO:teuthology.orchestra.run.smithi062.stdout:/usr/bin/ceph: stderr
2024-05-10T11:01:48.364+0000 7efcf77fe700 1 -- 172.21.15.62:0/2193238986 <== mon.0 v2:172.21.15.62:3300/0 2 ==== config(26 keys) ==== 1101+0+0 (secure 0 0 0) 0x7efce8004300 con 0x7efcf8109af0
2024-05-10T11:01:49.620 INFO:teuthology.orchestra.run.smithi062.stdout:/usr/bin/ceph: stderr
2024-05-10T11:01:48.364+0000 7efcf77fe700 1 -- 172.21.15.62:0/2193238986 <== mon.0 v2:172.21.15.62:3300/0 3 ==== mon_map magic: 0 ==== 205+0+0 (secure 0 0 0) 0x7efce8011a20 con 0x7efcf8109af0
2024-05-10T11:01:49.620 INFO:teuthology.orchestra.run.smithi062.stdout:/usr/bin/ceph: stderr
2024-05-10T11:01:48.365+0000 7efcfe34f700 1 -- 172.21.15.62:0/2193238986 >> [v2:172.21.15.62:3300/0,v1:172.21.15.62:6789/0] conn(0x7efcf8109af0 msgr2=0x7efcf810bee0 secure :-1 s=STATE_CONNECTION_ESTABLISHED l=1).mark_down
2024-05-10T11:01:49.620 INFO:teuthology.orchestra.run.smithi062.stdout:/usr/bin/ceph: stderr
2024-05-10T11:01:48.365+0000 7efcfe34f700 1 --2- 172.21.15.62:0/2193238986 >> [v2:172.21.15.62:3300/0,v1:172.21.15.62:6789/0] conn(0x7efcf8109af0 0x7efcf810bee0 secure :-1 s=READY pgs=51 cs=0 l=1 rev1=1 crypto rx=0x7efce80098a0 tx=0x7efce8009bb0 comp rx=0 tx=0).stop
2024-05-10T11:01:49.620 INFO:teuthology.orchestra.run.smithi062.stdout:/usr/bin/ceph: stderr
2024-05-10T11:01:48.365+0000 7efcfe34f700 1 -- 172.21.15.62:0/2193238986 shutdown_connections
2024-05-10T11:01:49.621 INFO:teuthology.orchestra.run.smithi062.stdout:/usr/bin/ceph: stderr
2024-05-10T11:01:48.365+0000 7efcfe34f700 1 --2- 172.21.15.62:0/2193238986 >> [v2:172.21.15.62:3300/0,v1:172.21.15.62:6789/0] conn(0x7efcf8109af0 0x7efcf810bee0 unknown :-1 s=CLOSED pgs=51 cs=0 l=1 rev1=1 crypto rx=0 tx=0 comp rx=0 tx=0).stop
2024-05-10T11:01:49.621 INFO:teuthology.orchestra.run.smithi062.stdout:/usr/bin/ceph: stderr
2024-05-10T11:01:48.365+0000 7efcfe34f700 1 -- 172.21.15.62:0/2193238986 >> 172.21.15.62:0/2193238986 conn(0x7efcf8103520 msgr2=0x7efcf8105960 unknown :-1 s=STATE_NONE l=0).mark_down
2024-05-10T11:01:49.621 INFO:teuthology.orchestra.run.smithi062.stdout:/usr/bin/ceph: stderr
2024-05-10T11:01:48.365+0000 7efcfe34f700 1 -- 172.21.15.62:0/2193238986 shutdown_connections
2024-05-10T11:01:49.621 INFO:teuthology.orchestra.run.smithi062.stdout:/usr/bin/ceph: stderr
2024-05-10T11:01:48.365+0000 7efcfe34f700 1 -- 172.21.15.62:0/2193238986 wait complete.
2024-05-10T11:01:49.621 INFO:teuthology.orchestra.run.smithi062.stdout:/usr/bin/ceph: stderr
2024-05-10T11:01:48.366+0000 7efcfe34f700 1 Processor -- start
2024-05-10T11:01:49.621 INFO:teuthology.orchestra.run.smithi062.stdout:/usr/bin/ceph: stderr
2024-05-10T11:01:48.366+0000 7efcfe34f700 1 -- start start
2024-05-10T11:01:49.621 INFO:teuthology.orchestra.run.smithi062.stdout:/usr/bin/ceph: stderr
2024-05-10T11:01:48.366+0000 7efcfe34f700 1 --2- >> [v2:172.21.15.62:3300/0,v1:172.21.15.62:6789/0] conn(0x7efcf8109af0 0x7efcf819cf30 unknown :-1 s=NONE pgs=0 cs=0 l=1 rev1=0 crypto rx=0 tx=0 comp rx=0 tx=0).connect
2024-05-10T11:01:49.621 INFO:teuthology.orchestra.run.smithi062.stdout:/usr/bin/ceph: stderr
2024-05-10T11:01:48.366+0000 7efcfe34f700 1 -- --> [v2:172.21.15.62:3300/0,v1:172.21.15.62:6789/0] -- mon_getmap magic: 0 -- 0x7efcf810d430 con 0x7efcf8109af0
2024-05-10T11:01:49.621 INFO:teuthology.orchestra.run.smithi062.stdout:/usr/bin/ceph: stderr
2024-05-10T11:01:48.366+0000 7efcf7fff700 1 --2- >> [v2:172.21.15.62:3300/0,v1:172.21.15.62:6789/0] conn(0x7efcf8109af0 0x7efcf819cf30 unknown :-1 s=BANNER_CONNECTING pgs=0 cs=0 l=1 rev1=0 crypto rx=0 tx=0 comp rx=0 tx=0)._handle_peer_banner_payload supported=3 required=0
2024-05-10T11:01:49.621 INFO:teuthology.orchestra.run.smithi062.stdout:/usr/bin/ceph: stderr
2024-05-10T11:01:48.366+0000 7efcf7fff700 1 --2- >> [v2:172.21.15.62:3300/0,v1:172.21.15.62:6789/0] conn(0x7efcf8109af0 0x7efcf819cf30 unknown :-1 s=HELLO_CONNECTING pgs=0 cs=0 l=1 rev1=1 crypto rx=0 tx=0 comp rx=0 tx=0).handle_hello peer v2:172.21.15.62:3300/0 says I am v2:172.21.15.62:45960/0 (socket says 172.21.15.62:45960)
2024-05-10T11:01:49.621 INFO:teuthology.orchestra.run.smithi062.stdout:/usr/bin/ceph: stderr
2024-05-10T11:01:48.366+0000 7efcf7fff700 1 -- 172.21.15.62:0/715451656 learned_addr learned my addr 172.21.15.62:0/715451656 (peer_addr_for_me v2:172.21.15.62:0/0)
2024-05-10T11:01:49.621 INFO:teuthology.orchestra.run.smithi062.stdout:/usr/bin/ceph: stderr
2024-05-10T11:01:48.366+0000 7efcf7fff700 1 -- 172.21.15.62:0/715451656 --> [v2:172.21.15.62:3300/0,v1:172.21.15.62:6789/0] -- mon_subscribe({config=0+,monmap=0+}) -- 0x7efcf819d470 con 0x7efcf8109af0
2024-05-10T11:01:49.621 INFO:teuthology.orchestra.run.smithi062.stdout:/usr/bin/ceph: stderr
2024-05-10T11:01:48.366+0000 7efcf7fff700 1 --2- 172.21.15.62:0/715451656 >> [v2:172.21.15.62:3300/0,v1:172.21.15.62:6789/0] conn(0x7efcf8109af0 0x7efcf819cf30 secure :-1 s=READY pgs=52 cs=0 l=1 rev1=1 crypto rx=0x7efce80116e0 tx=0x7efce8011aa0 comp rx=0 tx=0).ready entity=mon.0 client_cookie=0 server_cookie=0 in_seq=0 out_seq=0
2024-05-10T11:01:49.622 INFO:teuthology.orchestra.run.smithi062.stdout:/usr/bin/ceph: stderr
2024-05-10T11:01:48.367+0000 7efcf5ffb700 1 -- 172.21.15.62:0/715451656 <== mon.0 v2:172.21.15.62:3300/0 1 ==== mon_map magic: 0 ==== 205+0+0 (secure 0 0 0) 0x7efce8003a60 con 0x7efcf8109af0
2024-05-10T11:01:49.622 INFO:teuthology.orchestra.run.smithi062.stdout:/usr/bin/ceph: stderr
2024-05-10T11:01:48.367+0000 7efcf5ffb700 1 -- 172.21.15.62:0/715451656 <== mon.0 v2:172.21.15.62:3300/0 2 ==== config(26 keys) ==== 1101+0+0 (secure 0 0 0) 0x7efce801b8f0 con 0x7efcf8109af0
2024-05-10T11:01:49.622 INFO:teuthology.orchestra.run.smithi062.stdout:/usr/bin/ceph: stderr
2024-05-10T11:01:48.367+0000 7efcfe34f700 1 -- 172.21.15.62:0/715451656 --> [v2:172.21.15.62:3300/0,v1:172.21.15.62:6789/0] -- mon_subscribe({mgrmap=0+}) -- 0x7efcf819d700 con 0x7efcf8109af0
2024-05-10T11:01:49.622 INFO:teuthology.orchestra.run.smithi062.stdout:/usr/bin/ceph: stderr
2024-05-10T11:01:48.367+0000 7efcf5ffb700 1 -- 172.21.15.62:0/715451656 <== mon.0 v2:172.21.15.62:3300/0 3 ==== mon_map magic: 0 ==== 205+0+0 (secure 0 0 0) 0x7efce8019860 con 0x7efcf8109af0
2024-05-10T11:01:49.622 INFO:teuthology.orchestra.run.smithi062.stdout:/usr/bin/ceph: stderr
2024-05-10T11:01:48.367+0000 7efcfe34f700 1 -- 172.21.15.62:0/715451656 --> [v2:172.21.15.62:3300/0,v1:172.21.15.62:6789/0] -- mon_subscribe({osdmap=0}) -- 0x7efcf81a03f0 con 0x7efcf8109af0
2024-05-10T11:01:49.622 INFO:teuthology.orchestra.run.smithi062.stdout:/usr/bin/ceph: stderr
2024-05-10T11:01:48.368+0000 7efcfe34f700 1 -- 172.21.15.62:0/715451656 --> [v2:172.21.15.62:3300/0,v1:172.21.15.62:6789/0] -- mon_command({"prefix": "get_command_descriptions"} v 0) -- 0x7efcf8064b00 con 0x7efcf8109af0
2024-05-10T11:01:49.622 INFO:teuthology.orchestra.run.smithi062.stdout:/usr/bin/ceph: stderr
2024-05-10T11:01:48.368+0000 7efcf5ffb700 1 -- 172.21.15.62:0/715451656 <== mon.0 v2:172.21.15.62:3300/0 4 ==== mgrmap(e 8) ==== 50222+0+0 (secure 0 0 0) 0x7efce8019b60 con 0x7efcf8109af0
2024-05-10T11:01:49.622 INFO:teuthology.orchestra.run.smithi062.stdout:/usr/bin/ceph: stderr
2024-05-10T11:01:48.368+0000 7efcf5ffb700 1 --2- 172.21.15.62:0/715451656 >> [v2:172.21.15.62:6800/3241920410,v1:172.21.15.62:6801/3241920410] conn(0x7efce403e420 0x7efce40408e0 unknown :-1 s=NONE pgs=0 cs=0 l=1 rev1=0 crypto rx=0 tx=0 comp rx=0 tx=0).connect
2024-05-10T11:01:49.622 INFO:teuthology.orchestra.run.smithi062.stdout:/usr/bin/ceph: stderr
2024-05-10T11:01:48.368+0000 7efcf5ffb700 1 -- 172.21.15.62:0/715451656 <== mon.0 v2:172.21.15.62:3300/0 5 ==== osd_map(2..2 src has 1..2) ==== 940+0+0 (secure 0 0 0) 0x7efce8053c20 con 0x7efcf8109af0
2024-05-10T11:01:49.622 INFO:teuthology.orchestra.run.smithi062.stdout:/usr/bin/ceph: stderr
2024-05-10T11:01:48.368+0000 7efceffff700 1 --2- 172.21.15.62:0/715451656 >> [v2:172.21.15.62:6800/3241920410,v1:172.21.15.62:6801/3241920410] conn(0x7efce403e420 0x7efce40408e0 unknown :-1 s=BANNER_CONNECTING pgs=0 cs=0 l=1 rev1=0 crypto rx=0 tx=0 comp rx=0 tx=0)._handle_peer_banner_payload supported=3 required=0
2024-05-10T11:01:49.622 INFO:teuthology.orchestra.run.smithi062.stdout:/usr/bin/ceph: stderr
2024-05-10T11:01:48.368+0000 7efceffff700 1 --2- 172.21.15.62:0/715451656 >> [v2:172.21.15.62:6800/3241920410,v1:172.21.15.62:6801/3241920410] conn(0x7efce403e420 0x7efce40408e0 secure :-1 s=READY pgs=14 cs=0 l=1 rev1=1 crypto rx=0x7efce0006fd0 tx=0x7efce0006e40 comp rx=0 tx=0).ready entity=mgr.14120 client_cookie=0 server_cookie=0 in_seq=0 out_seq=0
2024-05-10T11:01:49.622 INFO:teuthology.orchestra.run.smithi062.stdout:/usr/bin/ceph: stderr
2024-05-10T11:01:48.373+0000 7efcf5ffb700 1 -- 172.21.15.62:0/715451656 <== mon.0 v2:172.21.15.62:3300/0 6 ==== mon_command_ack([{"prefix": "get_command_descriptions"}]=0 v0) ==== 72+0+191839 (secure 0 0 0) 0x7efce801f030 con 0x7efcf8109af0
2024-05-10T11:01:49.622 INFO:teuthology.orchestra.run.smithi062.stdout:/usr/bin/ceph: stderr
2024-05-10T11:01:48.598+0000 7efcfe34f700 1 -- 172.21.15.62:0/715451656 --> [v2:172.21.15.62:3300/0,v1:172.21.15.62:6789/0] -- mon_command([{prefix=config set, name=mgr/cephadm/container_init}] v 0) -- 0x7efcf81a0840 con 0x7efcf8109af0
2024-05-10T11:01:49.623 INFO:teuthology.orchestra.run.smithi062.stdout:/usr/bin/ceph: stderr
2024-05-10T11:01:48.600+0000 7efcf5ffb700 1 -- 172.21.15.62:0/715451656 <== mon.0 v2:172.21.15.62:3300/0 7 ==== mon_command_ack([{prefix=config set, name=mgr/cephadm/container_init}]=0 v7)=0 v7) ==== 142+0+0 (secure 0 0 0) 0x7efce80172b0 con 0x7efcf8109af0
2024-05-10T11:01:49.623 INFO:teuthology.orchestra.run.smithi062.stdout:/usr/bin/ceph: stderr
2024-05-10T11:01:48.602+0000 7efcfe34f700 1 -- 172.21.15.62:0/715451656 >> [v2:172.21.15.62:6800/3241920410,v1:172.21.15.62:6801/3241920410] conn(0x7efce403e420 msgr2=0x7efce40408e0 secure :-1 s=STATE_CONNECTION_ESTABLISHED l=1).mark_down
2024-05-10T11:01:49.623 INFO:teuthology.orchestra.run.smithi062.stdout:/usr/bin/ceph: stderr
2024-05-10T11:01:48.603+0000 7efcfe34f700 1 --2- 172.21.15.62:0/715451656 >> [v2:172.21.15.62:6800/3241920410,v1:172.21.15.62:6801/3241920410] conn(0x7efce403e420 0x7efce40408e0 secure :-1 s=READY pgs=14 cs=0 l=1 rev1=1 crypto rx=0x7efce0006fd0 tx=0x7efce0006e40 comp rx=0 tx=0).stop
2024-05-10T11:01:49.623 INFO:teuthology.orchestra.run.smithi062.stdout:/usr/bin/ceph: stderr
2024-05-10T11:01:48.603+0000 7efcfe34f700 1 -- 172.21.15.62:0/715451656 >> [v2:172.21.15.62:3300/0,v1:172.21.15.62:6789/0] conn(0x7efcf8109af0 msgr2=0x7efcf819cf30 secure :-1 s=STATE_CONNECTION_ESTABLISHED l=1).mark_down
2024-05-10T11:01:49.623 INFO:teuthology.orchestra.run.smithi062.stdout:/usr/bin/ceph: stderr
2024-05-10T11:01:48.603+0000 7efcfe34f700 1 --2- 172.21.15.62:0/715451656 >> [v2:172.21.15.62:3300/0,v1:172.21.15.62:6789/0] conn(0x7efcf8109af0 0x7efcf819cf30 secure :-1 s=READY pgs=52 cs=0 l=1 rev1=1 crypto rx=0x7efce80116e0 tx=0x7efce8011aa0 comp rx=0 tx=0).stop
2024-05-10T11:01:49.623 INFO:teuthology.orchestra.run.smithi062.stdout:/usr/bin/ceph: stderr
2024-05-10T11:01:48.603+0000 7efcfe34f700 1 -- 172.21.15.62:0/715451656 shutdown_connections
2024-05-10T11:01:49.623 INFO:teuthology.orchestra.run.smithi062.stdout:/usr/bin/ceph: stderr
2024-05-10T11:01:48.603+0000 7efcfe34f700 1 --2- 172.21.15.62:0/715451656 >> [v2:172.21.15.62:6800/3241920410,v1:172.21.15.62:6801/3241920410] conn(0x7efce403e420 0x7efce40408e0 unknown :-1 s=CLOSED pgs=14 cs=0 l=1 rev1=1 crypto rx=0 tx=0 comp rx=0 tx=0).stop
2024-05-10T11:01:49.623 INFO:teuthology.orchestra.run.smithi062.stdout:/usr/bin/ceph: stderr
2024-05-10T11:01:48.603+0000 7efcfe34f700 1 --2- 172.21.15.62:0/715451656 >> [v2:172.21.15.62:3300/0,v1:172.21.15.62:6789/0] conn(0x7efcf8109af0 0x7efcf819cf30 unknown :-1 s=CLOSED pgs=52 cs=0 l=1 rev1=1 crypto rx=0 tx=0 comp rx=0 tx=0).stop
2024-05-10T11:01:49.623 INFO:teuthology.orchestra.run.smithi062.stdout:/usr/bin/ceph: stderr
2024-05-10T11:01:48.603+0000 7efcfe34f700 1 -- 172.21.15.62:0/715451656 >> 172.21.15.62:0/715451656 conn(0x7efcf8103520 msgr2=0x7efcf8104010 unknown :-1 s=STATE_NONE l=0).mark_down
2024-05-10T11:01:49.623 INFO:teuthology.orchestra.run.smithi062.stdout:/usr/bin/ceph: stderr
2024-05-10T11:01:48.603+0000 7efcfe34f700 1 -- 172.21.15.62:0/715451656 shutdown_connections
2024-05-10T11:01:49.623 INFO:teuthology.orchestra.run.smithi062.stdout:/usr/bin/ceph: stderr
2024-05-10T11:01:48.603+0000 7efcfe34f700 1 -- 172.21.15.62:0/715451656 wait complete.
2024-05-10T11:01:50.846 INFO:journalctl@ceph.mon.a.smithi062.stdout:May 10 11:01:50 smithi062 ceph-mon[30167]: from='mgr.14120 172.21.15.62:0/3105602134' entity='mgr.x'
2024-05-10T11:01:50.846 INFO:journalctl@ceph.mon.a.smithi062.stdout:May 10 11:01:50 smithi062 ceph-mon[30167]: from='client.? 172.21.15.62:0/3806151130' entity='client.admin'
2024-05-10T11:01:50.852 INFO:teuthology.orchestra.run.smithi062.stdout:/usr/bin/ceph: stderr
2024-05-10T11:01:50.056+0000 7fb1c640f700 1 Processor -- start
2024-05-10T11:01:50.852 INFO:teuthology.orchestra.run.smithi062.stdout:/usr/bin/ceph: stderr
2024-05-10T11:01:50.056+0000 7fb1c640f700 1 -- start start
2024-05-10T11:01:50.852 INFO:teuthology.orchestra.run.smithi062.stdout:/usr/bin/ceph: stderr
2024-05-10T11:01:50.056+0000 7fb1c640f700 1 --2- >> [v2:172.21.15.62:3300/0,v1:172.21.15.62:6789/0] conn(0x7fb1c01090b0 0x7fb1c01094d0 unknown :-1 s=NONE pgs=0 cs=0 l=0 rev1=0 crypto rx=0 tx=0 comp rx=0 tx=0).connect
2024-05-10T11:01:50.852 INFO:teuthology.orchestra.run.smithi062.stdout:/usr/bin/ceph: stderr
2024-05-10T11:01:50.056+0000 7fb1c640f700 1 -- --> [v2:172.21.15.62:3300/0,v1:172.21.15.62:6789/0] -- mon_getmap magic: 0 -- 0x7fb1c0109aa0 con 0x7fb1c01090b0
2024-05-10T11:01:50.852 INFO:teuthology.orchestra.run.smithi062.stdout:/usr/bin/ceph: stderr
2024-05-10T11:01:50.056+0000 7fb1bffff700 1 --2- >> [v2:172.21.15.62:3300/0,v1:172.21.15.62:6789/0] conn(0x7fb1c01090b0 0x7fb1c01094d0 unknown :-1 s=BANNER_CONNECTING pgs=0 cs=0 l=0 rev1=0 crypto rx=0 tx=0 comp rx=0 tx=0)._handle_peer_banner_payload supported=3 required=0
2024-05-10T11:01:50.852 INFO:teuthology.orchestra.run.smithi062.stdout:/usr/bin/ceph: stderr
2024-05-10T11:01:50.056+0000 7fb1bffff700 1 --2- >> [v2:172.21.15.62:3300/0,v1:172.21.15.62:6789/0] conn(0x7fb1c01090b0 0x7fb1c01094d0 unknown :-1 s=HELLO_CONNECTING pgs=0 cs=0 l=0 rev1=1 crypto rx=0 tx=0 comp rx=0 tx=0).handle_hello peer v2:172.21.15.62:3300/0 says I am v2:172.21.15.62:50556/0 (socket says 172.21.15.62:50556)
2024-05-10T11:01:50.852 INFO:teuthology.orchestra.run.smithi062.stdout:/usr/bin/ceph: stderr
2024-05-10T11:01:50.056+0000 7fb1bffff700 1 -- 172.21.15.62:0/1536766529 learned_addr learned my addr 172.21.15.62:0/1536766529 (peer_addr_for_me v2:172.21.15.62:0/0)
2024-05-10T11:01:50.852 INFO:teuthology.orchestra.run.smithi062.stdout:/usr/bin/ceph: stderr
2024-05-10T11:01:50.057+0000 7fb1bffff700 1 -- 172.21.15.62:0/1536766529 --> [v2:172.21.15.62:3300/0,v1:172.21.15.62:6789/0] -- mon_subscribe({config=0+,monmap=0+}) -- 0x7fb1c010a2b0 con 0x7fb1c01090b0
2024-05-10T11:01:50.852 INFO:teuthology.orchestra.run.smithi062.stdout:/usr/bin/ceph: stderr
2024-05-10T11:01:50.057+0000 7fb1bffff700 1 --2- 172.21.15.62:0/1536766529 >> [v2:172.21.15.62:3300/0,v1:172.21.15.62:6789/0] conn(0x7fb1c01090b0 0x7fb1c01094d0 secure :-1 s=READY pgs=53 cs=0 l=1 rev1=1 crypto rx=0x7fb1b00098a0 tx=0x7fb1b0009bb0 comp rx=0 tx=0).ready entity=mon.0 client_cookie=a33a961729bfdc45 server_cookie=0 in_seq=0 out_seq=0
2024-05-10T11:01:50.852 INFO:teuthology.orchestra.run.smithi062.stdout:/usr/bin/ceph: stderr
2024-05-10T11:01:50.057+0000 7fb1beffd700 1 -- 172.21.15.62:0/1536766529 <== mon.0 v2:172.21.15.62:3300/0 1 ==== mon_map magic: 0 ==== 205+0+0 (secure 0 0 0) 0x7fb1b0004160 con 0x7fb1c01090b0
2024-05-10T11:01:50.852 INFO:teuthology.orchestra.run.smithi062.stdout:/usr/bin/ceph: stderr
2024-05-10T11:01:50.057+0000 7fb1beffd700 1 -- 172.21.15.62:0/1536766529 <== mon.0 v2:172.21.15.62:3300/0 2 ==== config(26 keys) ==== 1101+0+0 (secure 0 0 0) 0x7fb1b0004300 con 0x7fb1c01090b0
2024-05-10T11:01:50.853 INFO:teuthology.orchestra.run.smithi062.stdout:/usr/bin/ceph: stderr
2024-05-10T11:01:50.057+0000 7fb1beffd700 1 -- 172.21.15.62:0/1536766529 <== mon.0 v2:172.21.15.62:3300/0 3 ==== mon_map magic: 0 ==== 205+0+0 (secure 0 0 0) 0x7fb1b0011a20 con 0x7fb1c01090b0
2024-05-10T11:01:50.853 INFO:teuthology.orchestra.run.smithi062.stdout:/usr/bin/ceph: stderr
2024-05-10T11:01:50.058+0000 7fb1c640f700 1 -- 172.21.15.62:0/1536766529 >> [v2:172.21.15.62:3300/0,v1:172.21.15.62:6789/0] conn(0x7fb1c01090b0 msgr2=0x7fb1c01094d0 secure :-1 s=STATE_CONNECTION_ESTABLISHED l=1).mark_down
2024-05-10T11:01:50.853 INFO:teuthology.orchestra.run.smithi062.stdout:/usr/bin/ceph: stderr
2024-05-10T11:01:50.058+0000 7fb1c640f700 1 --2- 172.21.15.62:0/1536766529 >> [v2:172.21.15.62:3300/0,v1:172.21.15.62:6789/0] conn(0x7fb1c01090b0 0x7fb1c01094d0 secure :-1 s=READY pgs=53 cs=0 l=1 rev1=1 crypto rx=0x7fb1b00098a0 tx=0x7fb1b0009bb0 comp rx=0 tx=0).stop
2024-05-10T11:01:50.853 INFO:teuthology.orchestra.run.smithi062.stdout:/usr/bin/ceph: stderr
2024-05-10T11:01:50.058+0000 7fb1c640f700 1 -- 172.21.15.62:0/1536766529 shutdown_connections
2024-05-10T11:01:50.853 INFO:teuthology.orchestra.run.smithi062.stdout:/usr/bin/ceph: stderr
2024-05-10T11:01:50.058+0000 7fb1c640f700 1 --2- 172.21.15.62:0/1536766529 >> [v2:172.21.15.62:3300/0,v1:172.21.15.62:6789/0] conn(0x7fb1c01090b0 0x7fb1c01094d0 unknown :-1 s=CLOSED pgs=53 cs=0 l=1 rev1=1 crypto rx=0 tx=0 comp rx=0 tx=0).stop
2024-05-10T11:01:50.853 INFO:teuthology.orchestra.run.smithi062.stdout:/usr/bin/ceph: stderr
2024-05-10T11:01:50.058+0000 7fb1c640f700 1 -- 172.21.15.62:0/1536766529 >> 172.21.15.62:0/1536766529 conn(0x7fb1c0104670 msgr2=0x7fb1c0106a90 unknown :-1 s=STATE_NONE l=0).mark_down
2024-05-10T11:01:50.853 INFO:teuthology.orchestra.run.smithi062.stdout:/usr/bin/ceph: stderr
2024-05-10T11:01:50.058+0000 7fb1c640f700 1 -- 172.21.15.62:0/1536766529 shutdown_connections
2024-05-10T11:01:50.853 INFO:teuthology.orchestra.run.smithi062.stdout:/usr/bin/ceph: stderr
2024-05-10T11:01:50.058+0000 7fb1c640f700 1 -- 172.21.15.62:0/1536766529 wait complete.
2024-05-10T11:01:50.853 INFO:teuthology.orchestra.run.smithi062.stdout:/usr/bin/ceph: stderr
2024-05-10T11:01:50.059+0000 7fb1c640f700 1 Processor -- start
2024-05-10T11:01:50.853 INFO:teuthology.orchestra.run.smithi062.stdout:/usr/bin/ceph: stderr
2024-05-10T11:01:50.059+0000 7fb1c640f700 1 -- start start
2024-05-10T11:01:50.853 INFO:teuthology.orchestra.run.smithi062.stdout:/usr/bin/ceph: stderr
2024-05-10T11:01:50.059+0000 7fb1c640f700 1 --2- >> [v2:172.21.15.62:3300/0,v1:172.21.15.62:6789/0] conn(0x7fb1c01090b0 0x7fb1c019d010 unknown :-1 s=NONE pgs=0 cs=0 l=1 rev1=0 crypto rx=0 tx=0 comp rx=0 tx=0).connect
2024-05-10T11:01:50.853 INFO:teuthology.orchestra.run.smithi062.stdout:/usr/bin/ceph: stderr
2024-05-10T11:01:50.059+0000 7fb1c640f700 1 -- --> [v2:172.21.15.62:3300/0,v1:172.21.15.62:6789/0] -- mon_getmap magic: 0 -- 0x7fb1c010d660 con 0x7fb1c01090b0
2024-05-10T11:01:50.854 INFO:teuthology.orchestra.run.smithi062.stdout:/usr/bin/ceph: stderr
2024-05-10T11:01:50.059+0000 7fb1bffff700 1 --2- >> [v2:172.21.15.62:3300/0,v1:172.21.15.62:6789/0] conn(0x7fb1c01090b0 0x7fb1c019d010 unknown :-1 s=BANNER_CONNECTING pgs=0 cs=0 l=1 rev1=0 crypto rx=0 tx=0 comp rx=0 tx=0)._handle_peer_banner_payload supported=3 required=0
2024-05-10T11:01:50.854 INFO:teuthology.orchestra.run.smithi062.stdout:/usr/bin/ceph: stderr
2024-05-10T11:01:50.059+0000 7fb1bffff700 1 --2- >> [v2:172.21.15.62:3300/0,v1:172.21.15.62:6789/0] conn(0x7fb1c01090b0 0x7fb1c019d010 unknown :-1 s=HELLO_CONNECTING pgs=0 cs=0 l=1 rev1=1 crypto rx=0 tx=0 comp rx=0 tx=0).handle_hello peer v2:172.21.15.62:3300/0 says I am v2:172.21.15.62:50566/0 (socket says 172.21.15.62:50566)
2024-05-10T11:01:50.854 INFO:teuthology.orchestra.run.smithi062.stdout:/usr/bin/ceph: stderr
2024-05-10T11:01:50.059+0000 7fb1bffff700 1 -- 172.21.15.62:0/3806151130 learned_addr learned my addr 172.21.15.62:0/3806151130 (peer_addr_for_me v2:172.21.15.62:0/0)
2024-05-10T11:01:50.854 INFO:teuthology.orchestra.run.smithi062.stdout:/usr/bin/ceph: stderr
2024-05-10T11:01:50.059+0000 7fb1bffff700 1 -- 172.21.15.62:0/3806151130 --> [v2:172.21.15.62:3300/0,v1:172.21.15.62:6789/0] -- mon_subscribe({config=0+,monmap=0+}) -- 0x7fb1c019d550 con 0x7fb1c01090b0
2024-05-10T11:01:50.854 INFO:teuthology.orchestra.run.smithi062.stdout:/usr/bin/ceph: stderr
2024-05-10T11:01:50.060+0000 7fb1bffff700 1 --2- 172.21.15.62:0/3806151130 >> [v2:172.21.15.62:3300/0,v1:172.21.15.62:6789/0] conn(0x7fb1c01090b0 0x7fb1c019d010 secure :-1 s=READY pgs=54 cs=0 l=1 rev1=1 crypto rx=0x7fb1b0000c00 tx=0x7fb1b0011aa0 comp rx=0 tx=0).ready entity=mon.0 client_cookie=0 server_cookie=0 in_seq=0 out_seq=0
2024-05-10T11:01:50.854 INFO:teuthology.orchestra.run.smithi062.stdout:/usr/bin/ceph: stderr
2024-05-10T11:01:50.060+0000 7fb1bd7fa700 1 -- 172.21.15.62:0/3806151130 <== mon.0 v2:172.21.15.62:3300/0 1 ==== mon_map magic: 0 ==== 205+0+0 (secure 0 0 0) 0x7fb1b0003aa0 con 0x7fb1c01090b0
2024-05-10T11:01:50.854 INFO:teuthology.orchestra.run.smithi062.stdout:/usr/bin/ceph: stderr
2024-05-10T11:01:50.060+0000 7fb1bd7fa700 1 -- 172.21.15.62:0/3806151130 <== mon.0 v2:172.21.15.62:3300/0 2 ==== config(26 keys) ==== 1101+0+0 (secure 0 0 0) 0x7fb1b001b8f0 con 0x7fb1c01090b0
2024-05-10T11:01:50.854 INFO:teuthology.orchestra.run.smithi062.stdout:/usr/bin/ceph: stderr
2024-05-10T11:01:50.060+0000 7fb1c640f700 1 -- 172.21.15.62:0/3806151130 --> [v2:172.21.15.62:3300/0,v1:172.21.15.62:6789/0] -- mon_subscribe({mgrmap=0+}) -- 0x7fb1c019d7e0 con 0x7fb1c01090b0
2024-05-10T11:01:50.854 INFO:teuthology.orchestra.run.smithi062.stdout:/usr/bin/ceph: stderr
2024-05-10T11:01:50.060+0000 7fb1bd7fa700 1 -- 172.21.15.62:0/3806151130 <== mon.0 v2:172.21.15.62:3300/0 3 ==== mon_map magic: 0 ==== 205+0+0 (secure 0 0 0) 0x7fb1b0023890 con 0x7fb1c01090b0
2024-05-10T11:01:50.854 INFO:teuthology.orchestra.run.smithi062.stdout:/usr/bin/ceph: stderr
2024-05-10T11:01:50.060+0000 7fb1c640f700 1 -- 172.21.15.62:0/3806151130 --> [v2:172.21.15.62:3300/0,v1:172.21.15.62:6789/0] -- mon_subscribe({osdmap=0}) -- 0x7fb1c01a04d0 con 0x7fb1c01090b0
2024-05-10T11:01:50.854 INFO:teuthology.orchestra.run.smithi062.stdout:/usr/bin/ceph: stderr
2024-05-10T11:01:50.061+0000 7fb1c640f700 1 -- 172.21.15.62:0/3806151130 --> [v2:172.21.15.62:3300/0,v1:172.21.15.62:6789/0] -- mon_command({"prefix": "get_command_descriptions"} v 0) -- 0x7fb1c0064b00 con 0x7fb1c01090b0
2024-05-10T11:01:50.854 INFO:teuthology.orchestra.run.smithi062.stdout:/usr/bin/ceph: stderr
2024-05-10T11:01:50.061+0000 7fb1bd7fa700 1 -- 172.21.15.62:0/3806151130 <== mon.0 v2:172.21.15.62:3300/0 4 ==== mgrmap(e 8) ==== 50222+0+0 (secure 0 0 0) 0x7fb1b001b440 con 0x7fb1c01090b0
2024-05-10T11:01:50.854 INFO:teuthology.orchestra.run.smithi062.stdout:/usr/bin/ceph: stderr
2024-05-10T11:01:50.061+0000 7fb1bd7fa700 1 --2- 172.21.15.62:0/3806151130 >> [v2:172.21.15.62:6800/3241920410,v1:172.21.15.62:6801/3241920410] conn(0x7fb1a803e4c0 0x7fb1a8040980 unknown :-1 s=NONE pgs=0 cs=0 l=1 rev1=0 crypto rx=0 tx=0 comp rx=0 tx=0).connect
2024-05-10T11:01:50.854 INFO:teuthology.orchestra.run.smithi062.stdout:/usr/bin/ceph: stderr
2024-05-10T11:01:50.061+0000 7fb1bd7fa700 1 -- 172.21.15.62:0/3806151130 <== mon.0 v2:172.21.15.62:3300/0 5 ==== osd_map(2..2 src has 1..2) ==== 940+0+0 (secure 0 0 0) 0x7fb1b0053de0 con 0x7fb1c01090b0
2024-05-10T11:01:50.855 INFO:teuthology.orchestra.run.smithi062.stdout:/usr/bin/ceph: stderr
2024-05-10T11:01:50.062+0000 7fb1bf7fe700 1 --2- 172.21.15.62:0/3806151130 >> [v2:172.21.15.62:6800/3241920410,v1:172.21.15.62:6801/3241920410] conn(0x7fb1a803e4c0 0x7fb1a8040980 unknown :-1 s=BANNER_CONNECTING pgs=0 cs=0 l=1 rev1=0 crypto rx=0 tx=0 comp rx=0 tx=0)._handle_peer_banner_payload supported=3 required=0
2024-05-10T11:01:50.855 INFO:teuthology.orchestra.run.smithi062.stdout:/usr/bin/ceph: stderr
2024-05-10T11:01:50.062+0000 7fb1bf7fe700 1 --2- 172.21.15.62:0/3806151130 >> [v2:172.21.15.62:6800/3241920410,v1:172.21.15.62:6801/3241920410] conn(0x7fb1a803e4c0 0x7fb1a8040980 secure :-1 s=READY pgs=15 cs=0 l=1 rev1=1 crypto rx=0x7fb1b4006fd0 tx=0x7fb1b4006e40 comp rx=0 tx=0).ready entity=mgr.14120 client_cookie=0 server_cookie=0 in_seq=0 out_seq=0
2024-05-10T11:01:50.855 INFO:teuthology.orchestra.run.smithi062.stdout:/usr/bin/ceph: stderr
2024-05-10T11:01:50.066+0000 7fb1bd7fa700 1 -- 172.21.15.62:0/3806151130 <== mon.0 v2:172.21.15.62:3300/0 6 ==== mon_command_ack([{"prefix": "get_command_descriptions"}]=0 v0) ==== 72+0+191839 (secure 0 0 0) 0x7fb1b001f030 con 0x7fb1c01090b0
2024-05-10T11:01:50.855 INFO:teuthology.orchestra.run.smithi062.stdout:/usr/bin/ceph: stderr
2024-05-10T11:01:50.283+0000 7fb1c640f700 1 -- 172.21.15.62:0/3806151130 --> [v2:172.21.15.62:3300/0,v1:172.21.15.62:6789/0] -- mon_command([{prefix=config set, name=mgr/dashboard/ssl_server_port}] v 0) -- 0x7fb1c01a06a0 con 0x7fb1c01090b0
2024-05-10T11:01:50.855 INFO:teuthology.orchestra.run.smithi062.stdout:/usr/bin/ceph: stderr
2024-05-10T11:01:50.285+0000 7fb1bd7fa700 1 -- 172.21.15.62:0/3806151130 <== mon.0 v2:172.21.15.62:3300/0 7 ==== mon_command_ack([{prefix=config set, name=mgr/dashboard/ssl_server_port}]=0 v8)=0 v8) ==== 130+0+0 (secure 0 0 0) 0x7fb1b0016260 con 0x7fb1c01090b0
2024-05-10T11:01:50.855 INFO:teuthology.orchestra.run.smithi062.stdout:/usr/bin/ceph: stderr
2024-05-10T11:01:50.288+0000 7fb1c640f700 1 -- 172.21.15.62:0/3806151130 >> [v2:172.21.15.62:6800/3241920410,v1:172.21.15.62:6801/3241920410] conn(0x7fb1a803e4c0 msgr2=0x7fb1a8040980 secure :-1 s=STATE_CONNECTION_ESTABLISHED l=1).mark_down
2024-05-10T11:01:50.855 INFO:teuthology.orchestra.run.smithi062.stdout:/usr/bin/ceph: stderr
2024-05-10T11:01:50.288+0000 7fb1c640f700 1 --2- 172.21.15.62:0/3806151130 >> [v2:172.21.15.62:6800/3241920410,v1:172.21.15.62:6801/3241920410] conn(0x7fb1a803e4c0 0x7fb1a8040980 secure :-1 s=READY pgs=15 cs=0 l=1 rev1=1 crypto rx=0x7fb1b4006fd0 tx=0x7fb1b4006e40 comp rx=0 tx=0).stop
2024-05-10T11:01:50.855 INFO:teuthology.orchestra.run.smithi062.stdout:/usr/bin/ceph: stderr
2024-05-10T11:01:50.288+0000 7fb1c640f700 1 -- 172.21.15.62:0/3806151130 >> [v2:172.21.15.62:3300/0,v1:172.21.15.62:6789/0] conn(0x7fb1c01090b0 msgr2=0x7fb1c019d010 secure :-1 s=STATE_CONNECTION_ESTABLISHED l=1).mark_down
2024-05-10T11:01:50.855 INFO:teuthology.orchestra.run.smithi062.stdout:/usr/bin/ceph: stderr
2024-05-10T11:01:50.288+0000 7fb1c640f700 1 --2- 172.21.15.62:0/3806151130 >> [v2:172.21.15.62:3300/0,v1:172.21.15.62:6789/0] conn(0x7fb1c01090b0 0x7fb1c019d010 secure :-1 s=READY pgs=54 cs=0 l=1 rev1=1 crypto rx=0x7fb1b0000c00 tx=0x7fb1b0011aa0 comp rx=0 tx=0).stop
2024-05-10T11:01:50.855 INFO:teuthology.orchestra.run.smithi062.stdout:/usr/bin/ceph: stderr
2024-05-10T11:01:50.288+0000 7fb1c640f700 1 -- 172.21.15.62:0/3806151130 shutdown_connections
2024-05-10T11:01:50.855 INFO:teuthology.orchestra.run.smithi062.stdout:/usr/bin/ceph: stderr
2024-05-10T11:01:50.288+0000 7fb1c640f700 1 --2- 172.21.15.62:0/3806151130 >> [v2:172.21.15.62:6800/3241920410,v1:172.21.15.62:6801/3241920410] conn(0x7fb1a803e4c0 0x7fb1a8040980 unknown :-1 s=CLOSED pgs=15 cs=0 l=1 rev1=1 crypto rx=0 tx=0 comp rx=0 tx=0).stop
2024-05-10T11:01:50.855 INFO:teuthology.orchestra.run.smithi062.stdout:/usr/bin/ceph: stderr
2024-05-10T11:01:50.288+0000 7fb1c640f700 1 --2- 172.21.15.62:0/3806151130 >> [v2:172.21.15.62:3300/0,v1:172.21.15.62:6789/0] conn(0x7fb1c01090b0 0x7fb1c019d010 unknown :-1 s=CLOSED pgs=54 cs=0 l=1 rev1=1 crypto rx=0 tx=0 comp rx=0 tx=0).stop
2024-05-10T11:01:50.855 INFO:teuthology.orchestra.run.smithi062.stdout:/usr/bin/ceph: stderr
2024-05-10T11:01:50.288+0000 7fb1c640f700 1 -- 172.21.15.62:0/3806151130 >> 172.21.15.62:0/3806151130 conn(0x7fb1c0104670 msgr2=0x7fb1c0105180 unknown :-1 s=STATE_NONE l=0).mark_down
2024-05-10T11:01:50.856 INFO:teuthology.orchestra.run.smithi062.stdout:/usr/bin/ceph: stderr
2024-05-10T11:01:50.288+0000 7fb1c640f700 1 -- 172.21.15.62:0/3806151130 shutdown_connections
2024-05-10T11:01:50.856 INFO:teuthology.orchestra.run.smithi062.stdout:/usr/bin/ceph: stderr
2024-05-10T11:01:50.288+0000 7fb1c640f700 1 -- 172.21.15.62:0/3806151130 wait complete.
2024-05-10T11:01:50.856 INFO:teuthology.orchestra.run.smithi062.stdout:Enabling the dashboard module...
2024-05-10T11:01:52.510 INFO:journalctl@ceph.mon.a.smithi062.stdout:May 10 11:01:52 smithi062 ceph-mon[30167]: from='mgr.14120 172.21.15.62:0/3105602134' entity='mgr.x'
2024-05-10T11:01:52.510 INFO:journalctl@ceph.mon.a.smithi062.stdout:May 10 11:01:52 smithi062 ceph-mon[30167]: from='client.? 172.21.15.62:0/48383099' entity='client.admin' cmd=[{"prefix": "mgr module enable", "module": "dashboard"}]: dispatch
2024-05-10T11:01:52.511 INFO:journalctl@ceph.mgr.x.smithi062.stdout:May 10 11:01:52 smithi062 ceph-73419d1a-0ebc-11ef-bc98-c7b262605968-mgr-x[30402]: ignoring --setuser ceph since I am not root
2024-05-10T11:01:52.511 INFO:journalctl@ceph.mgr.x.smithi062.stdout:May 10 11:01:52 smithi062 ceph-73419d1a-0ebc-11ef-bc98-c7b262605968-mgr-x[30402]: ignoring --setgroup ceph since I am not root
2024-05-10T11:01:52.809 INFO:journalctl@ceph.mgr.x.smithi062.stdout:May 10 11:01:52 smithi062 ceph-73419d1a-0ebc-11ef-bc98-c7b262605968-mgr-x[30402]:
2024-05-10T11:01:52.510+0000 7f89fa5c5200 -1 mgr[py] Module balancer has missing NOTIFY_TYPES member
2024-05-10T11:01:52.809 INFO:journalctl@ceph.mgr.x.smithi062.stdout:May 10 11:01:52 smithi062 ceph-73419d1a-0ebc-11ef-bc98-c7b262605968-mgr-x[30402]:
2024-05-10T11:01:52.702+0000 7f89fa5c5200 -1 mgr[py] Module orchestrator has missing NOTIFY_TYPES member
2024-05-10T11:01:52.809 INFO:journalctl@ceph.mgr.x.smithi062.stdout:May 10 11:01:52 smithi062 ceph-73419d1a-0ebc-11ef-bc98-c7b262605968-mgr-x[30402]:
2024-05-10T11:01:52.809+0000 7f89fa5c5200 -1 mgr[py] Module snap_schedule has missing NOTIFY_TYPES member
2024-05-10T11:01:53.358 INFO:journalctl@ceph.mon.a.smithi062.stdout:May 10 11:01:53 smithi062 ceph-mon[30167]: from='client.? 172.21.15.62:0/48383099' entity='client.admin' cmd='[{"prefix": "mgr module enable", "module": "dashboard"}]': finished
2024-05-10T11:01:53.358 INFO:journalctl@ceph.mon.a.smithi062.stdout:May 10 11:01:53 smithi062 ceph-mon[30167]: mgrmap e9: x(active, since 20s)
2024-05-10T11:01:53.358 INFO:journalctl@ceph.mgr.x.smithi062.stdout:May 10 11:01:53 smithi062 ceph-73419d1a-0ebc-11ef-bc98-c7b262605968-mgr-x[30402]:
2024-05-10T11:01:53.134+0000 7f89fa5c5200 -1 mgr[py] Module progress has missing NOTIFY_TYPES member
2024-05-10T11:01:53.358 INFO:journalctl@ceph.mgr.x.smithi062.stdout:May 10 11:01:53 smithi062 ceph-73419d1a-0ebc-11ef-bc98-c7b262605968-mgr-x[30402]:
2024-05-10T11:01:53.223+0000 7f89fa5c5200 -1 mgr[py] Module influx has missing NOTIFY_TYPES member
2024-05-10T11:01:53.365 INFO:teuthology.orchestra.run.smithi062.stdout:/usr/bin/ceph: stderr
2024-05-10T11:01:51.252+0000 7fddfb132700 1 Processor -- start
2024-05-10T11:01:53.365 INFO:teuthology.orchestra.run.smithi062.stdout:/usr/bin/ceph: stderr
2024-05-10T11:01:51.252+0000 7fddfb132700 1 -- start start
2024-05-10T11:01:53.365 INFO:teuthology.orchestra.run.smithi062.stdout:/usr/bin/ceph: stderr
2024-05-10T11:01:51.252+0000 7fddfb132700 1 --2- >> [v2:172.21.15.62:3300/0,v1:172.21.15.62:6789/0] conn(0x7fddf4109af0 0x7fddf410bee0 unknown :-1 s=NONE pgs=0 cs=0 l=0 rev1=0 crypto rx=0 tx=0 comp rx=0 tx=0).connect
2024-05-10T11:01:53.365 INFO:teuthology.orchestra.run.smithi062.stdout:/usr/bin/ceph: stderr
2024-05-10T11:01:51.252+0000 7fddfb132700 1 -- --> [v2:172.21.15.62:3300/0,v1:172.21.15.62:6789/0] -- mon_getmap magic: 0 -- 0x7fddf407ce30 con 0x7fddf4109af0
2024-05-10T11:01:53.365 INFO:teuthology.orchestra.run.smithi062.stdout:/usr/bin/ceph: stderr
2024-05-10T11:01:51.253+0000 7fddf8ece700 1 --2- >> [v2:172.21.15.62:3300/0,v1:172.21.15.62:6789/0] conn(0x7fddf4109af0 0x7fddf410bee0 unknown :-1 s=BANNER_CONNECTING pgs=0 cs=0 l=0 rev1=0 crypto rx=0 tx=0 comp rx=0 tx=0)._handle_peer_banner_payload supported=3 required=0
2024-05-10T11:01:53.365 INFO:teuthology.orchestra.run.smithi062.stdout:/usr/bin/ceph: stderr
2024-05-10T11:01:51.253+0000 7fddf8ece700 1 --2- >> [v2:172.21.15.62:3300/0,v1:172.21.15.62:6789/0] conn(0x7fddf4109af0 0x7fddf410bee0 unknown :-1 s=HELLO_CONNECTING pgs=0 cs=0 l=0 rev1=1 crypto rx=0 tx=0 comp rx=0 tx=0).handle_hello peer v2:172.21.15.62:3300/0 says I am v2:172.21.15.62:50574/0 (socket says 172.21.15.62:50574)
2024-05-10T11:01:53.365 INFO:teuthology.orchestra.run.smithi062.stdout:/usr/bin/ceph: stderr
2024-05-10T11:01:51.253+0000 7fddf8ece700 1 -- 172.21.15.62:0/2613493915 learned_addr learned my addr 172.21.15.62:0/2613493915 (peer_addr_for_me v2:172.21.15.62:0/0)
2024-05-10T11:01:53.366 INFO:teuthology.orchestra.run.smithi062.stdout:/usr/bin/ceph: stderr
2024-05-10T11:01:51.253+0000 7fddf8ece700 1 -- 172.21.15.62:0/2613493915 --> [v2:172.21.15.62:3300/0,v1:172.21.15.62:6789/0] -- mon_subscribe({config=0+,monmap=0+}) -- 0x7fddf410c420 con 0x7fddf4109af0
2024-05-10T11:01:53.366 INFO:teuthology.orchestra.run.smithi062.stdout:/usr/bin/ceph: stderr
2024-05-10T11:01:51.253+0000 7fddf8ece700 1 --2- 172.21.15.62:0/2613493915 >> [v2:172.21.15.62:3300/0,v1:172.21.15.62:6789/0] conn(0x7fddf4109af0 0x7fddf410bee0 secure :-1 s=READY pgs=55 cs=0 l=1 rev1=1 crypto rx=0x7fdde80098a0 tx=0x7fdde8009bb0 comp rx=0 tx=0).ready entity=mon.0 client_cookie=9f448fae1f5a42db server_cookie=0 in_seq=0 out_seq=0
2024-05-10T11:01:53.366 INFO:teuthology.orchestra.run.smithi062.stdout:/usr/bin/ceph: stderr
2024-05-10T11:01:51.254+0000 7fddf37fe700 1 -- 172.21.15.62:0/2613493915 <== mon.0 v2:172.21.15.62:3300/0 1 ==== mon_map magic: 0 ==== 205+0+0 (secure 0 0 0) 0x7fdde8004160 con 0x7fddf4109af0
2024-05-10T11:01:53.366 INFO:teuthology.orchestra.run.smithi062.stdout:/usr/bin/ceph: stderr
2024-05-10T11:01:51.254+0000 7fddf37fe700 1 -- 172.21.15.62:0/2613493915 <== mon.0 v2:172.21.15.62:3300/0 2 ==== config(26 keys) ==== 1101+0+0 (secure 0 0 0) 0x7fdde8004300 con 0x7fddf4109af0
2024-05-10T11:01:53.366 INFO:teuthology.orchestra.run.smithi062.stdout:/usr/bin/ceph: stderr
2024-05-10T11:01:51.254+0000 7fddf37fe700 1 -- 172.21.15.62:0/2613493915 <== mon.0 v2:172.21.15.62:3300/0 3 ==== mon_map magic: 0 ==== 205+0+0 (secure 0 0 0) 0x7fdde8011a20 con 0x7fddf4109af0
2024-05-10T11:01:53.366 INFO:teuthology.orchestra.run.smithi062.stdout:/usr/bin/ceph: stderr
2024-05-10T11:01:51.254+0000 7fddfb132700 1 -- 172.21.15.62:0/2613493915 >> [v2:172.21.15.62:3300/0,v1:172.21.15.62:6789/0] conn(0x7fddf4109af0 msgr2=0x7fddf410bee0 secure :-1 s=STATE_CONNECTION_ESTABLISHED l=1).mark_down
2024-05-10T11:01:53.366 INFO:teuthology.orchestra.run.smithi062.stdout:/usr/bin/ceph: stderr
2024-05-10T11:01:51.254+0000 7fddfb132700 1 --2- 172.21.15.62:0/2613493915 >> [v2:172.21.15.62:3300/0,v1:172.21.15.62:6789/0] conn(0x7fddf4109af0 0x7fddf410bee0 secure :-1 s=READY pgs=55 cs=0 l=1 rev1=1 crypto rx=0x7fdde80098a0 tx=0x7fdde8009bb0 comp rx=0 tx=0).stop
2024-05-10T11:01:53.366 INFO:teuthology.orchestra.run.smithi062.stdout:/usr/bin/ceph: stderr
2024-05-10T11:01:51.254+0000 7fddfb132700 1 -- 172.21.15.62:0/2613493915 shutdown_connections
2024-05-10T11:01:53.366 INFO:teuthology.orchestra.run.smithi062.stdout:/usr/bin/ceph: stderr
2024-05-10T11:01:51.254+0000 7fddfb132700 1 --2- 172.21.15.62:0/2613493915 >> [v2:172.21.15.62:3300/0,v1:172.21.15.62:6789/0] conn(0x7fddf4109af0 0x7fddf410bee0 unknown :-1 s=CLOSED pgs=55 cs=0 l=1 rev1=1 crypto rx=0 tx=0 comp rx=0 tx=0).stop
2024-05-10T11:01:53.366 INFO:teuthology.orchestra.run.smithi062.stdout:/usr/bin/ceph: stderr
2024-05-10T11:01:51.254+0000 7fddfb132700 1 -- 172.21.15.62:0/2613493915 >> 172.21.15.62:0/2613493915 conn(0x7fddf4103520 msgr2=0x7fddf4105960 unknown :-1 s=STATE_NONE l=0).mark_down
2024-05-10T11:01:53.366 INFO:teuthology.orchestra.run.smithi062.stdout:/usr/bin/ceph: stderr
2024-05-10T11:01:51.255+0000 7fddfb132700 1 -- 172.21.15.62:0/2613493915 shutdown_connections
2024-05-10T11:01:53.366 INFO:teuthology.orchestra.run.smithi062.stdout:/usr/bin/ceph: stderr
2024-05-10T11:01:51.255+0000 7fddfb132700 1 -- 172.21.15.62:0/2613493915 wait complete.
2024-05-10T11:01:53.366 INFO:teuthology.orchestra.run.smithi062.stdout:/usr/bin/ceph: stderr
2024-05-10T11:01:51.255+0000 7fddfb132700 1 Processor -- start
2024-05-10T11:01:53.367 INFO:teuthology.orchestra.run.smithi062.stdout:/usr/bin/ceph: stderr
2024-05-10T11:01:51.255+0000 7fddfb132700 1 -- start start
2024-05-10T11:01:53.367 INFO:teuthology.orchestra.run.smithi062.stdout:/usr/bin/ceph: stderr
2024-05-10T11:01:51.255+0000 7fddfb132700 1 --2- >> [v2:172.21.15.62:3300/0,v1:172.21.15.62:6789/0] conn(0x7fddf4109af0 0x7fddf419cf50 unknown :-1 s=NONE pgs=0 cs=0 l=1 rev1=0 crypto rx=0 tx=0 comp rx=0 tx=0).connect
2024-05-10T11:01:53.367 INFO:teuthology.orchestra.run.smithi062.stdout:/usr/bin/ceph: stderr
2024-05-10T11:01:51.255+0000 7fddfb132700 1 -- --> [v2:172.21.15.62:3300/0,v1:172.21.15.62:6789/0] -- mon_getmap magic: 0 -- 0x7fddf410d430 con 0x7fddf4109af0
2024-05-10T11:01:53.367 INFO:teuthology.orchestra.run.smithi062.stdout:/usr/bin/ceph: stderr
2024-05-10T11:01:51.256+0000 7fddf8ece700 1 --2- >> [v2:172.21.15.62:3300/0,v1:172.21.15.62:6789/0] conn(0x7fddf4109af0 0x7fddf419cf50 unknown :-1 s=BANNER_CONNECTING pgs=0 cs=0 l=1 rev1=0 crypto rx=0 tx=0 comp rx=0 tx=0)._handle_peer_banner_payload supported=3 required=0
2024-05-10T11:01:53.367 INFO:teuthology.orchestra.run.smithi062.stdout:/usr/bin/ceph: stderr
2024-05-10T11:01:51.256+0000 7fddf8ece700 1 --2- >> [v2:172.21.15.62:3300/0,v1:172.21.15.62:6789/0] conn(0x7fddf4109af0 0x7fddf419cf50 unknown :-1 s=HELLO_CONNECTING pgs=0 cs=0 l=1 rev1=1 crypto rx=0 tx=0 comp rx=0 tx=0).handle_hello peer v2:172.21.15.62:3300/0 says I am v2:172.21.15.62:50576/0 (socket says 172.21.15.62:50576)
2024-05-10T11:01:53.367 INFO:teuthology.orchestra.run.smithi062.stdout:/usr/bin/ceph: stderr
2024-05-10T11:01:51.256+0000 7fddf8ece700 1 -- 172.21.15.62:0/48383099 learned_addr learned my addr 172.21.15.62:0/48383099 (peer_addr_for_me v2:172.21.15.62:0/0)
2024-05-10T11:01:53.367 INFO:teuthology.orchestra.run.smithi062.stdout:/usr/bin/ceph: stderr
2024-05-10T11:01:51.256+0000 7fddf8ece700 1 -- 172.21.15.62:0/48383099 --> [v2:172.21.15.62:3300/0,v1:172.21.15.62:6789/0] -- mon_subscribe({config=0+,monmap=0+}) -- 0x7fddf419d490 con 0x7fddf4109af0
2024-05-10T11:01:53.367 INFO:teuthology.orchestra.run.smithi062.stdout:/usr/bin/ceph: stderr
2024-05-10T11:01:51.256+0000 7fddf8ece700 1 --2- 172.21.15.62:0/48383099 >> [v2:172.21.15.62:3300/0,v1:172.21.15.62:6789/0] conn(0x7fddf4109af0 0x7fddf419cf50 secure :-1 s=READY pgs=56 cs=0 l=1 rev1=1 crypto rx=0x7fdde8000c00 tx=0x7fdde8011aa0 comp rx=0 tx=0).ready entity=mon.0 client_cookie=0 server_cookie=0 in_seq=0 out_seq=0
2024-05-10T11:01:53.367 INFO:teuthology.orchestra.run.smithi062.stdout:/usr/bin/ceph: stderr
2024-05-10T11:01:51.256+0000 7fddf1ffb700 1 -- 172.21.15.62:0/48383099 <== mon.0 v2:172.21.15.62:3300/0 1 ==== mon_map magic: 0 ==== 205+0+0 (secure 0 0 0) 0x7fdde8003aa0 con 0x7fddf4109af0
2024-05-10T11:01:53.367 INFO:teuthology.orchestra.run.smithi062.stdout:/usr/bin/ceph: stderr
2024-05-10T11:01:51.256+0000 7fddf1ffb700 1 -- 172.21.15.62:0/48383099 <== mon.0 v2:172.21.15.62:3300/0 2 ==== config(26 keys) ==== 1101+0+0 (secure 0 0 0) 0x7fdde801b8f0 con 0x7fddf4109af0
2024-05-10T11:01:53.367 INFO:teuthology.orchestra.run.smithi062.stdout:/usr/bin/ceph: stderr
2024-05-10T11:01:51.256+0000 7fddf1ffb700 1 -- 172.21.15.62:0/48383099 <== mon.0 v2:172.21.15.62:3300/0 3 ==== mon_map magic: 0 ==== 205+0+0 (secure 0 0 0) 0x7fdde8023870 con 0x7fddf4109af0
2024-05-10T11:01:53.367 INFO:teuthology.orchestra.run.smithi062.stdout:/usr/bin/ceph: stderr
2024-05-10T11:01:51.256+0000 7fddfb132700 1 -- 172.21.15.62:0/48383099 --> [v2:172.21.15.62:3300/0,v1:172.21.15.62:6789/0] -- mon_subscribe({mgrmap=0+}) -- 0x7fddf419d720 con 0x7fddf4109af0
2024-05-10T11:01:53.367 INFO:teuthology.orchestra.run.smithi062.stdout:/usr/bin/ceph: stderr
2024-05-10T11:01:51.257+0000 7fddfb132700 1 -- 172.21.15.62:0/48383099 --> [v2:172.21.15.62:3300/0,v1:172.21.15.62:6789/0] -- mon_subscribe({osdmap=0}) -- 0x7fddf41a0410 con 0x7fddf4109af0
2024-05-10T11:01:53.368 INFO:teuthology.orchestra.run.smithi062.stdout:/usr/bin/ceph: stderr
2024-05-10T11:01:51.257+0000 7fddf1ffb700 1 -- 172.21.15.62:0/48383099 <== mon.0 v2:172.21.15.62:3300/0 4 ==== mgrmap(e 8) ==== 50222+0+0 (secure 0 0 0) 0x7fdde8023b20 con 0x7fddf4109af0
2024-05-10T11:01:53.368 INFO:teuthology.orchestra.run.smithi062.stdout:/usr/bin/ceph: stderr
2024-05-10T11:01:51.258+0000 7fddf1ffb700 1 --2- 172.21.15.62:0/48383099 >> [v2:172.21.15.62:6800/3241920410,v1:172.21.15.62:6801/3241920410] conn(0x7fdde403e4c0 0x7fdde4040980 unknown :-1 s=NONE pgs=0 cs=0 l=1 rev1=0 crypto rx=0 tx=0 comp rx=0 tx=0).connect
2024-05-10T11:01:53.368 INFO:teuthology.orchestra.run.smithi062.stdout:/usr/bin/ceph: stderr
2024-05-10T11:01:51.258+0000 7fddf1ffb700 1 -- 172.21.15.62:0/48383099 <== mon.0 v2:172.21.15.62:3300/0 5 ==== osd_map(2..2 src has 1..2) ==== 940+0+0 (secure 0 0 0) 0x7fdde8053d90 con 0x7fddf4109af0
2024-05-10T11:01:53.368 INFO:teuthology.orchestra.run.smithi062.stdout:/usr/bin/ceph: stderr
2024-05-10T11:01:51.258+0000 7fddfb132700 1 -- 172.21.15.62:0/48383099 --> [v2:172.21.15.62:3300/0,v1:172.21.15.62:6789/0] -- mon_command({"prefix": "get_command_descriptions"} v 0) -- 0x7fddf4064b00 con 0x7fddf4109af0
2024-05-10T11:01:53.368 INFO:teuthology.orchestra.run.smithi062.stdout:/usr/bin/ceph: stderr
2024-05-10T11:01:51.258+0000 7fddf3fff700 1 --2- 172.21.15.62:0/48383099 >> [v2:172.21.15.62:6800/3241920410,v1:172.21.15.62:6801/3241920410] conn(0x7fdde403e4c0 0x7fdde4040980 unknown :-1 s=BANNER_CONNECTING pgs=0 cs=0 l=1 rev1=0 crypto rx=0 tx=0 comp rx=0 tx=0)._handle_peer_banner_payload supported=3 required=0
2024-05-10T11:01:53.368 INFO:teuthology.orchestra.run.smithi062.stdout:/usr/bin/ceph: stderr
2024-05-10T11:01:51.258+0000 7fddf3fff700 1 --2- 172.21.15.62:0/48383099 >> [v2:172.21.15.62:6800/3241920410,v1:172.21.15.62:6801/3241920410] conn(0x7fdde403e4c0 0x7fdde4040980 secure :-1 s=READY pgs=16 cs=0 l=1 rev1=1 crypto rx=0x7fdde0006fd0 tx=0x7fdde0006e40 comp rx=0 tx=0).ready entity=mgr.14120 client_cookie=0 server_cookie=0 in_seq=0 out_seq=0
2024-05-10T11:01:53.368 INFO:teuthology.orchestra.run.smithi062.stdout:/usr/bin/ceph: stderr
2024-05-10T11:01:51.267+0000 7fddf1ffb700 1 -- 172.21.15.62:0/48383099 <== mon.0 v2:172.21.15.62:3300/0 6 ==== mon_command_ack([{"prefix": "get_command_descriptions"}]=0 v0) ==== 72+0+191839 (secure 0 0 0) 0x7fdde801f030 con 0x7fddf4109af0
2024-05-10T11:01:53.368 INFO:teuthology.orchestra.run.smithi062.stdout:/usr/bin/ceph: stderr
2024-05-10T11:01:51.543+0000 7fddfb132700 1 -- 172.21.15.62:0/48383099 --> [v2:172.21.15.62:3300/0,v1:172.21.15.62:6789/0] -- mon_command({"prefix": "mgr module enable", "module": "dashboard"} v 0) -- 0x7fddf41a0800 con 0x7fddf4109af0
2024-05-10T11:01:53.368 INFO:teuthology.orchestra.run.smithi062.stdout:/usr/bin/ceph: stderr
2024-05-10T11:01:52.323+0000 7fddf1ffb700 1 -- 172.21.15.62:0/48383099 <== mon.0 v2:172.21.15.62:3300/0 7 ==== mon_command_ack([{"prefix": "mgr module enable", "module": "dashboard"}]=0 v9) ==== 88+0+0 (secure 0 0 0) 0x7fdde800b3e0 con 0x7fddf4109af0
