2024-05-10T11:07:03.461 INFO:teuthology.orchestra.run.smithi100.stdout:/usr/bin/ceph: stderr
2024-05-10T11:07:02.844+0000 7f17e741b700 1 -- 172.21.15.100:0/3608040926 >> 172.21.15.100:0/3608040926 conn(0x7f17e0102fd0 msgr2=0x7f17e0195850 unknown :-1 s=STATE_NONE l=0).mark_down
2024-05-10T11:07:03.461 INFO:teuthology.orchestra.run.smithi100.stdout:/usr/bin/ceph: stderr
2024-05-10T11:07:02.844+0000 7f17e741b700 1 -- 172.21.15.100:0/3608040926 shutdown_connections
2024-05-10T11:07:03.461 INFO:teuthology.orchestra.run.smithi100.stdout:/usr/bin/ceph: stderr
2024-05-10T11:07:02.844+0000 7f17e741b700 1 -- 172.21.15.100:0/3608040926 wait complete.
2024-05-10T11:07:03.461 INFO:teuthology.orchestra.run.smithi100.stdout:Creating initial admin user...
2024-05-10T11:07:03.707 INFO:journalctl@ceph.mon.a.smithi100.stdout:May 10 11:07:03 smithi100 ceph-mon[30296]: mgrmap e12: x(active, since 2s)
2024-05-10T11:07:03.707 INFO:journalctl@ceph.mon.a.smithi100.stdout:May 10 11:07:03 smithi100 ceph-mon[30296]: from='client.14164 -' entity='client.admin' cmd=[{"prefix": "dashboard create-self-signed-cert", "target": ["mon-mgr", ""]}]: dispatch
2024-05-10T11:07:03.707 INFO:journalctl@ceph.mon.a.smithi100.stdout:May 10 11:07:03 smithi100 ceph-mon[30296]: from='mgr.14152 172.21.15.100:0/3064421823' entity='mgr.x'
2024-05-10T11:07:03.707 INFO:journalctl@ceph.mon.a.smithi100.stdout:May 10 11:07:03 smithi100 ceph-mon[30296]: from='mgr.14152 172.21.15.100:0/3064421823' entity='mgr.x'
2024-05-10T11:07:03.707 INFO:journalctl@ceph.mon.a.smithi100.stdout:May 10 11:07:03 smithi100 ceph-mon[30296]: from='mgr.14152 172.21.15.100:0/3064421823' entity='mgr.x'
2024-05-10T11:07:05.538 INFO:journalctl@ceph.mon.a.smithi100.stdout:May 10 11:07:05 smithi100 ceph-mon[30296]: from='client.14166 -' entity='client.admin' cmd=[{"prefix": "dashboard ac-user-create", "username": "admin", "rolename": "administrator", "force_password": true, "pwd_update_required": true, "target": ["mon-mgr", ""]}]: dispatch
2024-05-10T11:07:05.538 INFO:journalctl@ceph.mon.a.smithi100.stdout:May 10 11:07:05 smithi100 ceph-mon[30296]: from='mgr.14152 172.21.15.100:0/3064421823' entity='mgr.x'
2024-05-10T11:07:05.705 INFO:teuthology.orchestra.run.smithi100.stdout:/usr/bin/ceph: stdout {"username": "admin", "password": "$2b$12$qcjeQCLI5TnsCjnAjSlr/.GMzLfGKsi.DSTEeg29fom2Ys4uSZ4au", "roles": ["administrator"], "name": null, "email": null, "lastUpdate": 1715339224, "enabled": true, "pwdExpirationDate": null, "pwdUpdateRequired": true}
2024-05-10T11:07:05.705 INFO:teuthology.orchestra.run.smithi100.stdout:/usr/bin/ceph: stderr
2024-05-10T11:07:03.922+0000 7f2b9c658700 1 Processor -- start
2024-05-10T11:07:05.705 INFO:teuthology.orchestra.run.smithi100.stdout:/usr/bin/ceph: stderr
2024-05-10T11:07:03.922+0000 7f2b9c658700 1 -- start start
2024-05-10T11:07:05.705 INFO:teuthology.orchestra.run.smithi100.stdout:/usr/bin/ceph: stderr
2024-05-10T11:07:03.922+0000 7f2b9c658700 1 --2- >> [v2:172.21.15.100:3300/0,v1:172.21.15.100:6789/0] conn(0x7f2b941095e0 0x7f2b9410b9d0 unknown :-1 s=NONE pgs=0 cs=0 l=0 rev1=0 crypto rx=0 tx=0 comp rx=0 tx=0).connect
2024-05-10T11:07:05.705 INFO:teuthology.orchestra.run.smithi100.stdout:/usr/bin/ceph: stderr
2024-05-10T11:07:03.922+0000 7f2b9c658700 1 -- --> [v2:172.21.15.100:3300/0,v1:172.21.15.100:6789/0] -- mon_getmap magic: 0 -- 0x7f2b9407ce40 con 0x7f2b941095e0
2024-05-10T11:07:05.705 INFO:teuthology.orchestra.run.smithi100.stdout:/usr/bin/ceph: stderr
2024-05-10T11:07:03.922+0000 7f2b9a3f4700 1 --2- >> [v2:172.21.15.100:3300/0,v1:172.21.15.100:6789/0] conn(0x7f2b941095e0 0x7f2b9410b9d0 unknown :-1 s=BANNER_CONNECTING pgs=0 cs=0 l=0 rev1=0 crypto rx=0 tx=0 comp rx=0 tx=0)._handle_peer_banner_payload supported=3 required=0
2024-05-10T11:07:05.706 INFO:teuthology.orchestra.run.smithi100.stdout:/usr/bin/ceph: stderr
2024-05-10T11:07:03.922+0000 7f2b9a3f4700 1 --2- >> [v2:172.21.15.100:3300/0,v1:172.21.15.100:6789/0] conn(0x7f2b941095e0 0x7f2b9410b9d0 unknown :-1 s=HELLO_CONNECTING pgs=0 cs=0 l=0 rev1=1 crypto rx=0 tx=0 comp rx=0 tx=0).handle_hello peer v2:172.21.15.100:3300/0 says I am v2:172.21.15.100:43282/0 (socket says 172.21.15.100:43282)
2024-05-10T11:07:05.706 INFO:teuthology.orchestra.run.smithi100.stdout:/usr/bin/ceph: stderr
2024-05-10T11:07:03.922+0000 7f2b9a3f4700 1 -- 172.21.15.100:0/505904451 learned_addr learned my addr 172.21.15.100:0/505904451 (peer_addr_for_me v2:172.21.15.100:0/0)
2024-05-10T11:07:05.706 INFO:teuthology.orchestra.run.smithi100.stdout:/usr/bin/ceph: stderr
2024-05-10T11:07:03.922+0000 7f2b9a3f4700 1 -- 172.21.15.100:0/505904451 --> [v2:172.21.15.100:3300/0,v1:172.21.15.100:6789/0] -- mon_subscribe({config=0+,monmap=0+}) -- 0x7f2b9410bf10 con 0x7f2b941095e0
2024-05-10T11:07:05.706 INFO:teuthology.orchestra.run.smithi100.stdout:/usr/bin/ceph: stderr
2024-05-10T11:07:03.923+0000 7f2b9a3f4700 1 --2- 172.21.15.100:0/505904451 >> [v2:172.21.15.100:3300/0,v1:172.21.15.100:6789/0] conn(0x7f2b941095e0 0x7f2b9410b9d0 secure :-1 s=READY pgs=72 cs=0 l=1 rev1=1 crypto rx=0x7f2b900098a0 tx=0x7f2b90009bb0 comp rx=0 tx=0).ready entity=mon.0 client_cookie=e40a7321c3f3283b server_cookie=0 in_seq=0 out_seq=0
2024-05-10T11:07:05.706 INFO:teuthology.orchestra.run.smithi100.stdout:/usr/bin/ceph: stderr
2024-05-10T11:07:03.923+0000 7f2b993f2700 1 -- 172.21.15.100:0/505904451 <== mon.0 v2:172.21.15.100:3300/0 1 ==== mon_map magic: 0 ==== 205+0+0 (secure 0 0 0) 0x7f2b90004160 con 0x7f2b941095e0
2024-05-10T11:07:05.706 INFO:teuthology.orchestra.run.smithi100.stdout:/usr/bin/ceph: stderr
2024-05-10T11:07:03.923+0000 7f2b993f2700 1 -- 172.21.15.100:0/505904451 <== mon.0 v2:172.21.15.100:3300/0 2 ==== config(25 keys) ==== 1063+0+0 (secure 0 0 0) 0x7f2b90004300 con 0x7f2b941095e0
2024-05-10T11:07:05.706 INFO:teuthology.orchestra.run.smithi100.stdout:/usr/bin/ceph: stderr
2024-05-10T11:07:03.923+0000 7f2b993f2700 1 -- 172.21.15.100:0/505904451 <== mon.0 v2:172.21.15.100:3300/0 3 ==== mon_map magic: 0 ==== 205+0+0 (secure 0 0 0) 0x7f2b90011960 con 0x7f2b941095e0
2024-05-10T11:07:05.706 INFO:teuthology.orchestra.run.smithi100.stdout:/usr/bin/ceph: stderr
2024-05-10T11:07:03.923+0000 7f2b9c658700 1 -- 172.21.15.100:0/505904451 >> [v2:172.21.15.100:3300/0,v1:172.21.15.100:6789/0] conn(0x7f2b941095e0 msgr2=0x7f2b9410b9d0 secure :-1 s=STATE_CONNECTION_ESTABLISHED l=1).mark_down
2024-05-10T11:07:05.706 INFO:teuthology.orchestra.run.smithi100.stdout:/usr/bin/ceph: stderr
2024-05-10T11:07:03.923+0000 7f2b9c658700 1 --2- 172.21.15.100:0/505904451 >> [v2:172.21.15.100:3300/0,v1:172.21.15.100:6789/0] conn(0x7f2b941095e0 0x7f2b9410b9d0 secure :-1 s=READY pgs=72 cs=0 l=1 rev1=1 crypto rx=0x7f2b900098a0 tx=0x7f2b90009bb0 comp rx=0 tx=0).stop
2024-05-10T11:07:05.706 INFO:teuthology.orchestra.run.smithi100.stdout:/usr/bin/ceph: stderr
2024-05-10T11:07:03.924+0000 7f2b9c658700 1 -- 172.21.15.100:0/505904451 shutdown_connections
2024-05-10T11:07:05.706 INFO:teuthology.orchestra.run.smithi100.stdout:/usr/bin/ceph: stderr
2024-05-10T11:07:03.924+0000 7f2b9c658700 1 --2- 172.21.15.100:0/505904451 >> [v2:172.21.15.100:3300/0,v1:172.21.15.100:6789/0] conn(0x7f2b941095e0 0x7f2b9410b9d0 unknown :-1 s=CLOSED pgs=72 cs=0 l=1 rev1=1 crypto rx=0 tx=0 comp rx=0 tx=0).stop
2024-05-10T11:07:05.706 INFO:teuthology.orchestra.run.smithi100.stdout:/usr/bin/ceph: stderr
2024-05-10T11:07:03.924+0000 7f2b9c658700 1 -- 172.21.15.100:0/505904451 >> 172.21.15.100:0/505904451 conn(0x7f2b94102fd0 msgr2=0x7f2b94105450 unknown :-1 s=STATE_NONE l=0).mark_down
2024-05-10T11:07:05.706 INFO:teuthology.orchestra.run.smithi100.stdout:/usr/bin/ceph: stderr
2024-05-10T11:07:03.924+0000 7f2b9c658700 1 -- 172.21.15.100:0/505904451 shutdown_connections
2024-05-10T11:07:05.707 INFO:teuthology.orchestra.run.smithi100.stdout:/usr/bin/ceph: stderr
2024-05-10T11:07:03.924+0000 7f2b9c658700 1 -- 172.21.15.100:0/505904451 wait complete.
2024-05-10T11:07:05.707 INFO:teuthology.orchestra.run.smithi100.stdout:/usr/bin/ceph: stderr
2024-05-10T11:07:03.924+0000 7f2b9c658700 1 Processor -- start
2024-05-10T11:07:05.707 INFO:teuthology.orchestra.run.smithi100.stdout:/usr/bin/ceph: stderr
2024-05-10T11:07:03.924+0000 7f2b9c658700 1 -- start start
2024-05-10T11:07:05.707 INFO:teuthology.orchestra.run.smithi100.stdout:/usr/bin/ceph: stderr
2024-05-10T11:07:03.924+0000 7f2b9c658700 1 --2- >> [v2:172.21.15.100:3300/0,v1:172.21.15.100:6789/0] conn(0x7f2b941095e0 0x7f2b9419c9b0 unknown :-1 s=NONE pgs=0 cs=0 l=1 rev1=0 crypto rx=0 tx=0 comp rx=0 tx=0).connect
2024-05-10T11:07:05.707 INFO:teuthology.orchestra.run.smithi100.stdout:/usr/bin/ceph: stderr
2024-05-10T11:07:03.924+0000 7f2b9c658700 1 -- --> [v2:172.21.15.100:3300/0,v1:172.21.15.100:6789/0] -- mon_getmap magic: 0 -- 0x7f2b9410cec0 con 0x7f2b941095e0
2024-05-10T11:07:05.707 INFO:teuthology.orchestra.run.smithi100.stdout:/usr/bin/ceph: stderr
2024-05-10T11:07:03.924+0000 7f2b9a3f4700 1 --2- >> [v2:172.21.15.100:3300/0,v1:172.21.15.100:6789/0] conn(0x7f2b941095e0 0x7f2b9419c9b0 unknown :-1 s=BANNER_CONNECTING pgs=0 cs=0 l=1 rev1=0 crypto rx=0 tx=0 comp rx=0 tx=0)._handle_peer_banner_payload supported=3 required=0
2024-05-10T11:07:05.707 INFO:teuthology.orchestra.run.smithi100.stdout:/usr/bin/ceph: stderr
2024-05-10T11:07:03.925+0000 7f2b9a3f4700 1 --2- >> [v2:172.21.15.100:3300/0,v1:172.21.15.100:6789/0] conn(0x7f2b941095e0 0x7f2b9419c9b0 unknown :-1 s=HELLO_CONNECTING pgs=0 cs=0 l=1 rev1=1 crypto rx=0 tx=0 comp rx=0 tx=0).handle_hello peer v2:172.21.15.100:3300/0 says I am v2:172.21.15.100:43292/0 (socket says 172.21.15.100:43292)
2024-05-10T11:07:05.707 INFO:teuthology.orchestra.run.smithi100.stdout:/usr/bin/ceph: stderr
2024-05-10T11:07:03.925+0000 7f2b9a3f4700 1 -- 172.21.15.100:0/2499938269 learned_addr learned my addr 172.21.15.100:0/2499938269 (peer_addr_for_me v2:172.21.15.100:0/0)
2024-05-10T11:07:05.707 INFO:teuthology.orchestra.run.smithi100.stdout:/usr/bin/ceph: stderr
2024-05-10T11:07:03.925+0000 7f2b9a3f4700 1 -- 172.21.15.100:0/2499938269 --> [v2:172.21.15.100:3300/0,v1:172.21.15.100:6789/0] -- mon_subscribe({config=0+,monmap=0+}) -- 0x7f2b9419cef0 con 0x7f2b941095e0
2024-05-10T11:07:05.707 INFO:teuthology.orchestra.run.smithi100.stdout:/usr/bin/ceph: stderr
2024-05-10T11:07:03.925+0000 7f2b9a3f4700 1 --2- 172.21.15.100:0/2499938269 >> [v2:172.21.15.100:3300/0,v1:172.21.15.100:6789/0] conn(0x7f2b941095e0 0x7f2b9419c9b0 secure :-1 s=READY pgs=73 cs=0 l=1 rev1=1 crypto rx=0x7f2b90003e50 tx=0x7f2b90011a30 comp rx=0 tx=0).ready entity=mon.0 client_cookie=0 server_cookie=0 in_seq=0 out_seq=0
2024-05-10T11:07:05.707 INFO:teuthology.orchestra.run.smithi100.stdout:/usr/bin/ceph: stderr
2024-05-10T11:07:03.925+0000 7f2b8b7fe700 1 -- 172.21.15.100:0/2499938269 <== mon.0 v2:172.21.15.100:3300/0 1 ==== mon_map magic: 0 ==== 205+0+0 (secure 0 0 0) 0x7f2b90003a60 con 0x7f2b941095e0
2024-05-10T11:07:05.707 INFO:teuthology.orchestra.run.smithi100.stdout:/usr/bin/ceph: stderr
2024-05-10T11:07:03.925+0000 7f2b8b7fe700 1 -- 172.21.15.100:0/2499938269 <== mon.0 v2:172.21.15.100:3300/0 2 ==== config(25 keys) ==== 1063+0+0 (secure 0 0 0) 0x7f2b9001b8d0 con 0x7f2b941095e0
2024-05-10T11:07:05.707 INFO:teuthology.orchestra.run.smithi100.stdout:/usr/bin/ceph: stderr
2024-05-10T11:07:03.925+0000 7f2b9c658700 1 -- 172.21.15.100:0/2499938269 --> [v2:172.21.15.100:3300/0,v1:172.21.15.100:6789/0] -- mon_subscribe({mgrmap=0+}) -- 0x7f2b9419d180 con 0x7f2b941095e0
2024-05-10T11:07:05.708 INFO:teuthology.orchestra.run.smithi100.stdout:/usr/bin/ceph: stderr
2024-05-10T11:07:03.925+0000 7f2b8b7fe700 1 -- 172.21.15.100:0/2499938269 <== mon.0 v2:172.21.15.100:3300/0 3 ==== mon_map magic: 0 ==== 205+0+0 (secure 0 0 0) 0x7f2b900237d0 con 0x7f2b941095e0
2024-05-10T11:07:05.708 INFO:teuthology.orchestra.run.smithi100.stdout:/usr/bin/ceph: stderr
2024-05-10T11:07:03.925+0000 7f2b9c658700 1 -- 172.21.15.100:0/2499938269 --> [v2:172.21.15.100:3300/0,v1:172.21.15.100:6789/0] -- mon_subscribe({osdmap=0}) -- 0x7f2b9419fe70 con 0x7f2b941095e0
2024-05-10T11:07:05.708 INFO:teuthology.orchestra.run.smithi100.stdout:/usr/bin/ceph: stderr
2024-05-10T11:07:03.926+0000 7f2b8b7fe700 1 -- 172.21.15.100:0/2499938269 <== mon.0 v2:172.21.15.100:3300/0 4 ==== mgrmap(e 12) ==== 50235+0+0 (secure 0 0 0) 0x7f2b9001b440 con 0x7f2b941095e0
2024-05-10T11:07:05.708 INFO:teuthology.orchestra.run.smithi100.stdout:/usr/bin/ceph: stderr
2024-05-10T11:07:03.926+0000 7f2b9c658700 1 -- 172.21.15.100:0/2499938269 --> [v2:172.21.15.100:3300/0,v1:172.21.15.100:6789/0] -- mon_command({"prefix": "get_command_descriptions"} v 0) -- 0x7f2b94064b00 con 0x7f2b941095e0
2024-05-10T11:07:05.708 INFO:teuthology.orchestra.run.smithi100.stdout:/usr/bin/ceph: stderr
2024-05-10T11:07:03.926+0000 7f2b8b7fe700 1 --2- 172.21.15.100:0/2499938269 >> [v2:172.21.15.100:6800/2507287356,v1:172.21.15.100:6801/2507287356] conn(0x7f2b8003e4d0 0x7f2b80040990 unknown :-1 s=NONE pgs=0 cs=0 l=1 rev1=0 crypto rx=0 tx=0 comp rx=0 tx=0).connect
2024-05-10T11:07:05.708 INFO:teuthology.orchestra.run.smithi100.stdout:/usr/bin/ceph: stderr
2024-05-10T11:07:03.926+0000 7f2b8b7fe700 1 -- 172.21.15.100:0/2499938269 <== mon.0 v2:172.21.15.100:3300/0 5 ==== osd_map(3..3 src has 1..3) ==== 1155+0+0 (secure 0 0 0) 0x7f2b90054210 con 0x7f2b941095e0
2024-05-10T11:07:05.708 INFO:teuthology.orchestra.run.smithi100.stdout:/usr/bin/ceph: stderr
2024-05-10T11:07:03.926+0000 7f2b99bf3700 1 --2- 172.21.15.100:0/2499938269 >> [v2:172.21.15.100:6800/2507287356,v1:172.21.15.100:6801/2507287356] conn(0x7f2b8003e4d0 0x7f2b80040990 unknown :-1 s=BANNER_CONNECTING pgs=0 cs=0 l=1 rev1=0 crypto rx=0 tx=0 comp rx=0 tx=0)._handle_peer_banner_payload supported=3 required=0
2024-05-10T11:07:05.708 INFO:teuthology.orchestra.run.smithi100.stdout:/usr/bin/ceph: stderr
2024-05-10T11:07:03.927+0000 7f2b99bf3700 1 --2- 172.21.15.100:0/2499938269 >> [v2:172.21.15.100:6800/2507287356,v1:172.21.15.100:6801/2507287356] conn(0x7f2b8003e4d0 0x7f2b80040990 secure :-1 s=READY pgs=8 cs=0 l=1 rev1=1 crypto rx=0x7f2b84006fd0 tx=0x7f2b84006e40 comp rx=0 tx=0).ready entity=mgr.14152 client_cookie=0 server_cookie=0 in_seq=0 out_seq=0
2024-05-10T11:07:05.708 INFO:teuthology.orchestra.run.smithi100.stdout:/usr/bin/ceph: stderr
2024-05-10T11:07:03.931+0000 7f2b8b7fe700 1 -- 172.21.15.100:0/2499938269 <== mon.0 v2:172.21.15.100:3300/0 6 ==== mon_command_ack([{"prefix": "get_command_descriptions"}]=0 v0) ==== 72+0+191839 (secure 0 0 0) 0x7f2b9001f030 con 0x7f2b941095e0
2024-05-10T11:07:05.708 INFO:teuthology.orchestra.run.smithi100.stdout:/usr/bin/ceph: stderr
2024-05-10T11:07:04.160+0000 7f2b9c658700 1 -- 172.21.15.100:0/2499938269 --> [v2:172.21.15.100:6800/2507287356,v1:172.21.15.100:6801/2507287356] -- mgr_command(tid 0: {"prefix": "dashboard ac-user-create", "username": "admin", "rolename": "administrator", "force_password": true, "pwd_update_required": true, "target": ["mon-mgr", ""]}) -- 0x7f2b9419d660 con 0x7f2b8003e4d0
2024-05-10T11:07:05.708 INFO:teuthology.orchestra.run.smithi100.stdout:/usr/bin/ceph: stderr
2024-05-10T11:07:04.384+0000 7f2b8b7fe700 1 -- 172.21.15.100:0/2499938269 <== mgr.14152 v2:172.21.15.100:6800/2507287356 1 ==== mgr_command_reply(tid 0: 0 ) ==== 8+0+252 (secure 0 0 0) 0x7f2b9419d660 con 0x7f2b8003e4d0
2024-05-10T11:07:05.708 INFO:teuthology.orchestra.run.smithi100.stdout:/usr/bin/ceph: stderr
2024-05-10T11:07:04.386+0000 7f2b9c658700 1 -- 172.21.15.100:0/2499938269 >> [v2:172.21.15.100:6800/2507287356,v1:172.21.15.100:6801/2507287356] conn(0x7f2b8003e4d0 msgr2=0x7f2b80040990 secure :-1 s=STATE_CONNECTION_ESTABLISHED l=1).mark_down
2024-05-10T11:07:05.708 INFO:teuthology.orchestra.run.smithi100.stdout:/usr/bin/ceph: stderr
2024-05-10T11:07:04.386+0000 7f2b9c658700 1 --2- 172.21.15.100:0/2499938269 >> [v2:172.21.15.100:6800/2507287356,v1:172.21.15.100:6801/2507287356] conn(0x7f2b8003e4d0 0x7f2b80040990 secure :-1 s=READY pgs=8 cs=0 l=1 rev1=1 crypto rx=0x7f2b84006fd0 tx=0x7f2b84006e40 comp rx=0 tx=0).stop
2024-05-10T11:07:05.708 INFO:teuthology.orchestra.run.smithi100.stdout:/usr/bin/ceph: stderr
2024-05-10T11:07:04.386+0000 7f2b9c658700 1 -- 172.21.15.100:0/2499938269 >> [v2:172.21.15.100:3300/0,v1:172.21.15.100:6789/0] conn(0x7f2b941095e0 msgr2=0x7f2b9419c9b0 secure :-1 s=STATE_CONNECTION_ESTABLISHED l=1).mark_down
2024-05-10T11:07:05.709 INFO:teuthology.orchestra.run.smithi100.stdout:/usr/bin/ceph: stderr
2024-05-10T11:07:04.386+0000 7f2b9c658700 1 --2- 172.21.15.100:0/2499938269 >> [v2:172.21.15.100:3300/0,v1:172.21.15.100:6789/0] conn(0x7f2b941095e0 0x7f2b9419c9b0 secure :-1 s=READY pgs=73 cs=0 l=1 rev1=1 crypto rx=0x7f2b90003e50 tx=0x7f2b90011a30 comp rx=0 tx=0).stop
2024-05-10T11:07:05.709 INFO:teuthology.orchestra.run.smithi100.stdout:/usr/bin/ceph: stderr
2024-05-10T11:07:04.386+0000 7f2b9c658700 1 -- 172.21.15.100:0/2499938269 shutdown_connections
2024-05-10T11:07:05.709 INFO:teuthology.orchestra.run.smithi100.stdout:/usr/bin/ceph: stderr
2024-05-10T11:07:04.386+0000 7f2b9c658700 1 --2- 172.21.15.100:0/2499938269 >> [v2:172.21.15.100:6800/2507287356,v1:172.21.15.100:6801/2507287356] conn(0x7f2b8003e4d0 0x7f2b80040990 unknown :-1 s=CLOSED pgs=8 cs=0 l=1 rev1=1 crypto rx=0 tx=0 comp rx=0 tx=0).stop
2024-05-10T11:07:05.709 INFO:teuthology.orchestra.run.smithi100.stdout:/usr/bin/ceph: stderr
2024-05-10T11:07:04.386+0000 7f2b9c658700 1 --2- 172.21.15.100:0/2499938269 >> [v2:172.21.15.100:3300/0,v1:172.21.15.100:6789/0] conn(0x7f2b941095e0 0x7f2b9419c9b0 unknown :-1 s=CLOSED pgs=73 cs=0 l=1 rev1=1 crypto rx=0 tx=0 comp rx=0 tx=0).stop
2024-05-10T11:07:05.709 INFO:teuthology.orchestra.run.smithi100.stdout:/usr/bin/ceph: stderr
2024-05-10T11:07:04.386+0000 7f2b9c658700 1 -- 172.21.15.100:0/2499938269 >> 172.21.15.100:0/2499938269 conn(0x7f2b94102fd0 msgr2=0x7f2b94103ab0 unknown :-1 s=STATE_NONE l=0).mark_down
2024-05-10T11:07:05.709 INFO:teuthology.orchestra.run.smithi100.stdout:/usr/bin/ceph: stderr
2024-05-10T11:07:04.386+0000 7f2b9c658700 1 -- 172.21.15.100:0/2499938269 shutdown_connections
2024-05-10T11:07:05.709 INFO:teuthology.orchestra.run.smithi100.stdout:/usr/bin/ceph: stderr
2024-05-10T11:07:04.386+0000 7f2b9c658700 1 -- 172.21.15.100:0/2499938269 wait complete.
2024-05-10T11:07:05.709 INFO:teuthology.orchestra.run.smithi100.stdout:Fetching dashboard port number...
2024-05-10T11:07:06.995 INFO:teuthology.orchestra.run.smithi100.stdout:/usr/bin/ceph: stdout 8443
2024-05-10T11:07:06.995 INFO:teuthology.orchestra.run.smithi100.stdout:/usr/bin/ceph: stderr
2024-05-10T11:07:06.183+0000 7f7a73c67700 1 Processor -- start
2024-05-10T11:07:06.995 INFO:teuthology.orchestra.run.smithi100.stdout:/usr/bin/ceph: stderr
2024-05-10T11:07:06.183+0000 7f7a73c67700 1 -- start start
2024-05-10T11:07:06.995 INFO:teuthology.orchestra.run.smithi100.stdout:/usr/bin/ceph: stderr
2024-05-10T11:07:06.183+0000 7f7a73c67700 1 --2- >> [v2:172.21.15.100:3300/0,v1:172.21.15.100:6789/0] conn(0x7f7a6c107a70 0x7f7a6c107e90 unknown :-1 s=NONE pgs=0 cs=0 l=0 rev1=0 crypto rx=0 tx=0 comp rx=0 tx=0).connect
2024-05-10T11:07:06.995 INFO:teuthology.orchestra.run.smithi100.stdout:/usr/bin/ceph: stderr
2024-05-10T11:07:06.183+0000 7f7a73c67700 1 -- --> [v2:172.21.15.100:3300/0,v1:172.21.15.100:6789/0] -- mon_getmap magic: 0 -- 0x7f7a6c108460 con 0x7f7a6c107a70
2024-05-10T11:07:06.995 INFO:teuthology.orchestra.run.smithi100.stdout:/usr/bin/ceph: stderr
2024-05-10T11:07:06.183+0000 7f7a71a03700 1 --2- >> [v2:172.21.15.100:3300/0,v1:172.21.15.100:6789/0] conn(0x7f7a6c107a70 0x7f7a6c107e90 unknown :-1 s=BANNER_CONNECTING pgs=0 cs=0 l=0 rev1=0 crypto rx=0 tx=0 comp rx=0 tx=0)._handle_peer_banner_payload supported=3 required=0
2024-05-10T11:07:06.995 INFO:teuthology.orchestra.run.smithi100.stdout:/usr/bin/ceph: stderr
2024-05-10T11:07:06.183+0000 7f7a71a03700 1 --2- >> [v2:172.21.15.100:3300/0,v1:172.21.15.100:6789/0] conn(0x7f7a6c107a70 0x7f7a6c107e90 unknown :-1 s=HELLO_CONNECTING pgs=0 cs=0 l=0 rev1=1 crypto rx=0 tx=0 comp rx=0 tx=0).handle_hello peer v2:172.21.15.100:3300/0 says I am v2:172.21.15.100:43298/0 (socket says 172.21.15.100:43298)
2024-05-10T11:07:06.995 INFO:teuthology.orchestra.run.smithi100.stdout:/usr/bin/ceph: stderr
2024-05-10T11:07:06.183+0000 7f7a71a03700 1 -- 172.21.15.100:0/1332538193 learned_addr learned my addr 172.21.15.100:0/1332538193 (peer_addr_for_me v2:172.21.15.100:0/0)
2024-05-10T11:07:06.995 INFO:teuthology.orchestra.run.smithi100.stdout:/usr/bin/ceph: stderr
2024-05-10T11:07:06.184+0000 7f7a71a03700 1 -- 172.21.15.100:0/1332538193 --> [v2:172.21.15.100:3300/0,v1:172.21.15.100:6789/0] -- mon_subscribe({config=0+,monmap=0+}) -- 0x7f7a6c108c70 con 0x7f7a6c107a70
2024-05-10T11:07:06.995 INFO:teuthology.orchestra.run.smithi100.stdout:/usr/bin/ceph: stderr
2024-05-10T11:07:06.184+0000 7f7a71a03700 1 --2- 172.21.15.100:0/1332538193 >> [v2:172.21.15.100:3300/0,v1:172.21.15.100:6789/0] conn(0x7f7a6c107a70 0x7f7a6c107e90 secure :-1 s=READY pgs=74 cs=0 l=1 rev1=1 crypto rx=0x7f7a680098a0 tx=0x7f7a68009bb0 comp rx=0 tx=0).ready entity=mon.0 client_cookie=c4ffd5fcdc776b0c server_cookie=0 in_seq=0 out_seq=0
2024-05-10T11:07:06.995 INFO:teuthology.orchestra.run.smithi100.stdout:/usr/bin/ceph: stderr
2024-05-10T11:07:06.184+0000 7f7a70a01700 1 -- 172.21.15.100:0/1332538193 <== mon.0 v2:172.21.15.100:3300/0 1 ==== mon_map magic: 0 ==== 205+0+0 (secure 0 0 0) 0x7f7a68004160 con 0x7f7a6c107a70
2024-05-10T11:07:06.996 INFO:teuthology.orchestra.run.smithi100.stdout:/usr/bin/ceph: stderr
2024-05-10T11:07:06.184+0000 7f7a70a01700 1 -- 172.21.15.100:0/1332538193 <== mon.0 v2:172.21.15.100:3300/0 2 ==== config(25 keys) ==== 1063+0+0 (secure 0 0 0) 0x7f7a68004300 con 0x7f7a6c107a70
2024-05-10T11:07:06.996 INFO:teuthology.orchestra.run.smithi100.stdout:/usr/bin/ceph: stderr
2024-05-10T11:07:06.184+0000 7f7a70a01700 1 -- 172.21.15.100:0/1332538193 <== mon.0 v2:172.21.15.100:3300/0 3 ==== mon_map magic: 0 ==== 205+0+0 (secure 0 0 0) 0x7f7a68011960 con 0x7f7a6c107a70
2024-05-10T11:07:06.996 INFO:teuthology.orchestra.run.smithi100.stdout:/usr/bin/ceph: stderr
2024-05-10T11:07:06.185+0000 7f7a73c67700 1 -- 172.21.15.100:0/1332538193 >> [v2:172.21.15.100:3300/0,v1:172.21.15.100:6789/0] conn(0x7f7a6c107a70 msgr2=0x7f7a6c107e90 secure :-1 s=STATE_CONNECTION_ESTABLISHED l=1).mark_down
2024-05-10T11:07:06.996 INFO:teuthology.orchestra.run.smithi100.stdout:/usr/bin/ceph: stderr
2024-05-10T11:07:06.185+0000 7f7a73c67700 1 --2- 172.21.15.100:0/1332538193 >> [v2:172.21.15.100:3300/0,v1:172.21.15.100:6789/0] conn(0x7f7a6c107a70 0x7f7a6c107e90 secure :-1 s=READY pgs=74 cs=0 l=1 rev1=1 crypto rx=0x7f7a680098a0 tx=0x7f7a68009bb0 comp rx=0 tx=0).stop
2024-05-10T11:07:06.996 INFO:teuthology.orchestra.run.smithi100.stdout:/usr/bin/ceph: stderr
2024-05-10T11:07:06.185+0000 7f7a73c67700 1 -- 172.21.15.100:0/1332538193 shutdown_connections
2024-05-10T11:07:06.996 INFO:teuthology.orchestra.run.smithi100.stdout:/usr/bin/ceph: stderr
2024-05-10T11:07:06.185+0000 7f7a73c67700 1 --2- 172.21.15.100:0/1332538193 >> [v2:172.21.15.100:3300/0,v1:172.21.15.100:6789/0] conn(0x7f7a6c107a70 0x7f7a6c107e90 unknown :-1 s=CLOSED pgs=74 cs=0 l=1 rev1=1 crypto rx=0 tx=0 comp rx=0 tx=0).stop
2024-05-10T11:07:06.996 INFO:teuthology.orchestra.run.smithi100.stdout:/usr/bin/ceph: stderr
2024-05-10T11:07:06.185+0000 7f7a73c67700 1 -- 172.21.15.100:0/1332538193 >> 172.21.15.100:0/1332538193 conn(0x7f7a6c102fd0 msgr2=0x7f7a6c105450 unknown :-1 s=STATE_NONE l=0).mark_down
2024-05-10T11:07:06.996 INFO:teuthology.orchestra.run.smithi100.stdout:/usr/bin/ceph: stderr
2024-05-10T11:07:06.185+0000 7f7a73c67700 1 -- 172.21.15.100:0/1332538193 shutdown_connections
2024-05-10T11:07:06.996 INFO:teuthology.orchestra.run.smithi100.stdout:/usr/bin/ceph: stderr
2024-05-10T11:07:06.185+0000 7f7a73c67700 1 -- 172.21.15.100:0/1332538193 wait complete.
2024-05-10T11:07:06.996 INFO:teuthology.orchestra.run.smithi100.stdout:/usr/bin/ceph: stderr
2024-05-10T11:07:06.186+0000 7f7a73c67700 1 Processor -- start
2024-05-10T11:07:06.996 INFO:teuthology.orchestra.run.smithi100.stdout:/usr/bin/ceph: stderr
2024-05-10T11:07:06.186+0000 7f7a73c67700 1 -- start start
2024-05-10T11:07:06.996 INFO:teuthology.orchestra.run.smithi100.stdout:/usr/bin/ceph: stderr
2024-05-10T11:07:06.186+0000 7f7a73c67700 1 --2- >> [v2:172.21.15.100:3300/0,v1:172.21.15.100:6789/0] conn(0x7f7a6c107a70 0x7f7a6c07ca40 unknown :-1 s=NONE pgs=0 cs=0 l=1 rev1=0 crypto rx=0 tx=0 comp rx=0 tx=0).connect
2024-05-10T11:07:06.996 INFO:teuthology.orchestra.run.smithi100.stdout:/usr/bin/ceph: stderr
2024-05-10T11:07:06.186+0000 7f7a73c67700 1 -- --> [v2:172.21.15.100:3300/0,v1:172.21.15.100:6789/0] -- mon_getmap magic: 0 -- 0x7f7a6c10bea0 con 0x7f7a6c107a70
2024-05-10T11:07:06.996 INFO:teuthology.orchestra.run.smithi100.stdout:/usr/bin/ceph: stderr
2024-05-10T11:07:06.186+0000 7f7a71a03700 1 --2- >> [v2:172.21.15.100:3300/0,v1:172.21.15.100:6789/0] conn(0x7f7a6c107a70 0x7f7a6c07ca40 unknown :-1 s=BANNER_CONNECTING pgs=0 cs=0 l=1 rev1=0 crypto rx=0 tx=0 comp rx=0 tx=0)._handle_peer_banner_payload supported=3 required=0
2024-05-10T11:07:06.997 INFO:teuthology.orchestra.run.smithi100.stdout:/usr/bin/ceph: stderr
2024-05-10T11:07:06.186+0000 7f7a71a03700 1 --2- >> [v2:172.21.15.100:3300/0,v1:172.21.15.100:6789/0] conn(0x7f7a6c107a70 0x7f7a6c07ca40 unknown :-1 s=HELLO_CONNECTING pgs=0 cs=0 l=1 rev1=1 crypto rx=0 tx=0 comp rx=0 tx=0).handle_hello peer v2:172.21.15.100:3300/0 says I am v2:172.21.15.100:43300/0 (socket says 172.21.15.100:43300)
2024-05-10T11:07:06.997 INFO:teuthology.orchestra.run.smithi100.stdout:/usr/bin/ceph: stderr
2024-05-10T11:07:06.186+0000 7f7a71a03700 1 -- 172.21.15.100:0/1643425211 learned_addr learned my addr 172.21.15.100:0/1643425211 (peer_addr_for_me v2:172.21.15.100:0/0)
2024-05-10T11:07:06.997 INFO:teuthology.orchestra.run.smithi100.stdout:/usr/bin/ceph: stderr
2024-05-10T11:07:06.186+0000 7f7a71a03700 1 -- 172.21.15.100:0/1643425211 --> [v2:172.21.15.100:3300/0,v1:172.21.15.100:6789/0] -- mon_subscribe({config=0+,monmap=0+}) -- 0x7f7a6c19f6a0 con 0x7f7a6c107a70
2024-05-10T11:07:06.997 INFO:teuthology.orchestra.run.smithi100.stdout:/usr/bin/ceph: stderr
2024-05-10T11:07:06.186+0000 7f7a71a03700 1 --2- 172.21.15.100:0/1643425211 >> [v2:172.21.15.100:3300/0,v1:172.21.15.100:6789/0] conn(0x7f7a6c107a70 0x7f7a6c07ca40 secure :-1 s=READY pgs=75 cs=0 l=1 rev1=1 crypto rx=0x7f7a68011670 tx=0x7f7a68011a30 comp rx=0 tx=0).ready entity=mon.0 client_cookie=0 server_cookie=0 in_seq=0 out_seq=0
2024-05-10T11:07:06.997 INFO:teuthology.orchestra.run.smithi100.stdout:/usr/bin/ceph: stderr
2024-05-10T11:07:06.186+0000 7f7a62ffd700 1 -- 172.21.15.100:0/1643425211 <== mon.0 v2:172.21.15.100:3300/0 1 ==== mon_map magic: 0 ==== 205+0+0 (secure 0 0 0) 0x7f7a68003a60 con 0x7f7a6c107a70
2024-05-10T11:07:06.997 INFO:teuthology.orchestra.run.smithi100.stdout:/usr/bin/ceph: stderr
2024-05-10T11:07:06.186+0000 7f7a62ffd700 1 -- 172.21.15.100:0/1643425211 <== mon.0 v2:172.21.15.100:3300/0 2 ==== config(25 keys) ==== 1063+0+0 (secure 0 0 0) 0x7f7a6801b8d0 con 0x7f7a6c107a70
2024-05-10T11:07:06.997 INFO:teuthology.orchestra.run.smithi100.stdout:/usr/bin/ceph: stderr
2024-05-10T11:07:06.186+0000 7f7a73c67700 1 -- 172.21.15.100:0/1643425211 --> [v2:172.21.15.100:3300/0,v1:172.21.15.100:6789/0] -- mon_subscribe({mgrmap=0+}) -- 0x7f7a6c19f870 con 0x7f7a6c107a70
2024-05-10T11:07:06.997 INFO:teuthology.orchestra.run.smithi100.stdout:/usr/bin/ceph: stderr
2024-05-10T11:07:06.186+0000 7f7a62ffd700 1 -- 172.21.15.100:0/1643425211 <== mon.0 v2:172.21.15.100:3300/0 3 ==== mon_map magic: 0 ==== 205+0+0 (secure 0 0 0) 0x7f7a68023790 con 0x7f7a6c107a70
2024-05-10T11:07:06.997 INFO:teuthology.orchestra.run.smithi100.stdout:/usr/bin/ceph: stderr
2024-05-10T11:07:06.187+0000 7f7a73c67700 1 -- 172.21.15.100:0/1643425211 --> [v2:172.21.15.100:3300/0,v1:172.21.15.100:6789/0] -- mon_subscribe({osdmap=0}) -- 0x7f7a6c19fc90 con 0x7f7a6c107a70
2024-05-10T11:07:06.997 INFO:teuthology.orchestra.run.smithi100.stdout:/usr/bin/ceph: stderr
2024-05-10T11:07:06.188+0000 7f7a62ffd700 1 -- 172.21.15.100:0/1643425211 <== mon.0 v2:172.21.15.100:3300/0 4 ==== mgrmap(e 12) ==== 50235+0+0 (secure 0 0 0) 0x7f7a68023a90 con 0x7f7a6c107a70
2024-05-10T11:07:06.997 INFO:teuthology.orchestra.run.smithi100.stdout:/usr/bin/ceph: stderr
2024-05-10T11:07:06.188+0000 7f7a73c67700 1 -- 172.21.15.100:0/1643425211 --> [v2:172.21.15.100:3300/0,v1:172.21.15.100:6789/0] -- mon_command({"prefix": "get_command_descriptions"} v 0) -- 0x7f7a6c10c020 con 0x7f7a6c107a70
2024-05-10T11:07:06.997 INFO:teuthology.orchestra.run.smithi100.stdout:/usr/bin/ceph: stderr
2024-05-10T11:07:06.188+0000 7f7a62ffd700 1 --2- 172.21.15.100:0/1643425211 >> [v2:172.21.15.100:6800/2507287356,v1:172.21.15.100:6801/2507287356] conn(0x7f7a5803e4c0 0x7f7a58040980 unknown :-1 s=NONE pgs=0 cs=0 l=1 rev1=0 crypto rx=0 tx=0 comp rx=0 tx=0).connect
2024-05-10T11:07:06.997 INFO:teuthology.orchestra.run.smithi100.stdout:/usr/bin/ceph: stderr
2024-05-10T11:07:06.188+0000 7f7a62ffd700 1 -- 172.21.15.100:0/1643425211 <== mon.0 v2:172.21.15.100:3300/0 5 ==== osd_map(3..3 src has 1..3) ==== 1155+0+0 (secure 0 0 0) 0x7f7a680541e0 con 0x7f7a6c107a70
2024-05-10T11:07:06.997 INFO:teuthology.orchestra.run.smithi100.stdout:/usr/bin/ceph: stderr
2024-05-10T11:07:06.188+0000 7f7a71202700 1 --2- 172.21.15.100:0/1643425211 >> [v2:172.21.15.100:6800/2507287356,v1:172.21.15.100:6801/2507287356] conn(0x7f7a5803e4c0 0x7f7a58040980 unknown :-1 s=BANNER_CONNECTING pgs=0 cs=0 l=1 rev1=0 crypto rx=0 tx=0 comp rx=0 tx=0)._handle_peer_banner_payload supported=3 required=0
2024-05-10T11:07:06.998 INFO:teuthology.orchestra.run.smithi100.stdout:/usr/bin/ceph: stderr
2024-05-10T11:07:06.188+0000 7f7a71202700 1 --2- 172.21.15.100:0/1643425211 >> [v2:172.21.15.100:6800/2507287356,v1:172.21.15.100:6801/2507287356] conn(0x7f7a5803e4c0 0x7f7a58040980 secure :-1 s=READY pgs=9 cs=0 l=1 rev1=1 crypto rx=0x7f7a5c006fd0 tx=0x7f7a5c006e40 comp rx=0 tx=0).ready entity=mgr.14152 client_cookie=0 server_cookie=0 in_seq=0 out_seq=0
2024-05-10T11:07:06.998 INFO:teuthology.orchestra.run.smithi100.stdout:/usr/bin/ceph: stderr
2024-05-10T11:07:06.193+0000 7f7a62ffd700 1 -- 172.21.15.100:0/1643425211 <== mon.0 v2:172.21.15.100:3300/0 6 ==== mon_command_ack([{"prefix": "get_command_descriptions"}]=0 v0) ==== 72+0+191839 (secure 0 0 0) 0x7f7a6801f030 con 0x7f7a6c107a70
2024-05-10T11:07:06.998 INFO:teuthology.orchestra.run.smithi100.stdout:/usr/bin/ceph: stderr
2024-05-10T11:07:06.385+0000 7f7a62ffd700 1 -- 172.21.15.100:0/1643425211 <== mon.0 v2:172.21.15.100:3300/0 7 ==== mgrmap(e 13) ==== 50279+0+0 (secure 0 0 0) 0x7f7a6802bcd0 con 0x7f7a6c107a70
2024-05-10T11:07:06.998 INFO:teuthology.orchestra.run.smithi100.stdout:/usr/bin/ceph: stderr
2024-05-10T11:07:06.397+0000 7f7a73c67700 1 -- 172.21.15.100:0/1643425211 --> [v2:172.21.15.100:3300/0,v1:172.21.15.100:6789/0] -- mon_command({"prefix": "config get", "who": "mgr", "key": "mgr/dashboard/ssl_server_port"} v 0) -- 0x7f7a6c064b00 con 0x7f7a6c107a70
2024-05-10T11:07:06.998 INFO:teuthology.orchestra.run.smithi100.stdout:/usr/bin/ceph: stderr
2024-05-10T11:07:06.398+0000 7f7a62ffd700 1 -- 172.21.15.100:0/1643425211 <== mon.0 v2:172.21.15.100:3300/0 8 ==== mon_command_ack([{"prefix": "config get", "who": "mgr", "key": "mgr/dashboard/ssl_server_port"}]=0 v8) ==== 112+0+5 (secure 0 0 0) 0x7f7a68019df0 con 0x7f7a6c107a70
2024-05-10T11:07:06.998 INFO:teuthology.orchestra.run.smithi100.stdout:/usr/bin/ceph: stderr
2024-05-10T11:07:06.400+0000 7f7a73c67700 1 -- 172.21.15.100:0/1643425211 >> [v2:172.21.15.100:6800/2507287356,v1:172.21.15.100:6801/2507287356] conn(0x7f7a5803e4c0 msgr2=0x7f7a58040980 secure :-1 s=STATE_CONNECTION_ESTABLISHED l=1).mark_down
2024-05-10T11:07:06.998 INFO:teuthology.orchestra.run.smithi100.stdout:/usr/bin/ceph: stderr
2024-05-10T11:07:06.400+0000 7f7a73c67700 1 --2- 172.21.15.100:0/1643425211 >> [v2:172.21.15.100:6800/2507287356,v1:172.21.15.100:6801/2507287356] conn(0x7f7a5803e4c0 0x7f7a58040980 secure :-1 s=READY pgs=9 cs=0 l=1 rev1=1 crypto rx=0x7f7a5c006fd0 tx=0x7f7a5c006e40 comp rx=0 tx=0).stop
2024-05-10T11:07:06.998 INFO:teuthology.orchestra.run.smithi100.stdout:/usr/bin/ceph: stderr
2024-05-10T11:07:06.400+0000 7f7a73c67700 1 -- 172.21.15.100:0/1643425211 >> [v2:172.21.15.100:3300/0,v1:172.21.15.100:6789/0] conn(0x7f7a6c107a70 msgr2=0x7f7a6c07ca40 secure :-1 s=STATE_CONNECTION_ESTABLISHED l=1).mark_down
2024-05-10T11:07:06.998 INFO:teuthology.orchestra.run.smithi100.stdout:/usr/bin/ceph: stderr
2024-05-10T11:07:06.400+0000 7f7a73c67700 1 --2- 172.21.15.100:0/1643425211 >> [v2:172.21.15.100:3300/0,v1:172.21.15.100:6789/0] conn(0x7f7a6c107a70 0x7f7a6c07ca40 secure :-1 s=READY pgs=75 cs=0 l=1 rev1=1 crypto rx=0x7f7a68011670 tx=0x7f7a68011a30 comp rx=0 tx=0).stop
2024-05-10T11:07:06.998 INFO:teuthology.orchestra.run.smithi100.stdout:/usr/bin/ceph: stderr
2024-05-10T11:07:06.400+0000 7f7a73c67700 1 -- 172.21.15.100:0/1643425211 shutdown_connections
2024-05-10T11:07:06.998 INFO:teuthology.orchestra.run.smithi100.stdout:/usr/bin/ceph: stderr
2024-05-10T11:07:06.400+0000 7f7a73c67700 1 --2- 172.21.15.100:0/1643425211 >> [v2:172.21.15.100:6800/2507287356,v1:172.21.15.100:6801/2507287356] conn(0x7f7a5803e4c0 0x7f7a58040980 unknown :-1 s=CLOSED pgs=9 cs=0 l=1 rev1=1 crypto rx=0 tx=0 comp rx=0 tx=0).stop
2024-05-10T11:07:06.998 INFO:teuthology.orchestra.run.smithi100.stdout:/usr/bin/ceph: stderr
2024-05-10T11:07:06.400+0000 7f7a73c67700 1 --2- 172.21.15.100:0/1643425211 >> [v2:172.21.15.100:3300/0,v1:172.21.15.100:6789/0] conn(0x7f7a6c107a70 0x7f7a6c07ca40 unknown :-1 s=CLOSED pgs=75 cs=0 l=1 rev1=1 crypto rx=0 tx=0 comp rx=0 tx=0).stop
2024-05-10T11:07:06.998 INFO:teuthology.orchestra.run.smithi100.stdout:/usr/bin/ceph: stderr
2024-05-10T11:07:06.400+0000 7f7a73c67700 1 -- 172.21.15.100:0/1643425211 >> 172.21.15.100:0/1643425211 conn(0x7f7a6c102fd0 msgr2=0x7f7a6c103ab0 unknown :-1 s=STATE_NONE l=0).mark_down
2024-05-10T11:07:06.998 INFO:teuthology.orchestra.run.smithi100.stdout:/usr/bin/ceph: stderr
2024-05-10T11:07:06.400+0000 7f7a73c67700 1 -- 172.21.15.100:0/1643425211 shutdown_connections
2024-05-10T11:07:06.999 INFO:teuthology.orchestra.run.smithi100.stdout:/usr/bin/ceph: stderr
2024-05-10T11:07:06.400+0000 7f7a73c67700 1 -- 172.21.15.100:0/1643425211 wait complete.
2024-05-10T11:07:07.000 INFO:teuthology.orchestra.run.smithi100.stdout:Non-zero exit code 1 from systemctl is-enabled firewalld.service
2024-05-10T11:07:07.000 INFO:teuthology.orchestra.run.smithi100.stdout:systemctl: stdout disabled
2024-05-10T11:07:07.008 INFO:teuthology.orchestra.run.smithi100.stdout:Non-zero exit code 3 from systemctl is-active firewalld.service
2024-05-10T11:07:07.008 INFO:teuthology.orchestra.run.smithi100.stdout:systemctl: stdout inactive
2024-05-10T11:07:07.008 INFO:teuthology.orchestra.run.smithi100.stdout:firewalld.service is not enabled
2024-05-10T11:07:07.008 INFO:teuthology.orchestra.run.smithi100.stdout:Not possible to open ports <[8443]>. firewalld.service is not available
2024-05-10T11:07:07.010 INFO:teuthology.orchestra.run.smithi100.stdout:Ceph Dashboard is now available at:
2024-05-10T11:07:07.010 INFO:teuthology.orchestra.run.smithi100.stdout:
2024-05-10T11:07:07.010 INFO:teuthology.orchestra.run.smithi100.stdout: URL: https://smithi100.front.sepia.ceph.com:8443/
2024-05-10T11:07:07.010 INFO:teuthology.orchestra.run.smithi100.stdout: User: admin
2024-05-10T11:07:07.010 INFO:teuthology.orchestra.run.smithi100.stdout: Password: j91q3mdbiv
2024-05-10T11:07:07.011 INFO:teuthology.orchestra.run.smithi100.stdout:
2024-05-10T11:07:07.011 INFO:teuthology.orchestra.run.smithi100.stdout:Saving cluster configuration to /var/lib/ceph/20a542cc-0ebd-11ef-bc98-c7b262605968/config directory
2024-05-10T11:07:07.011 INFO:teuthology.orchestra.run.smithi100.stdout:Enabling autotune for osd_memory_target
2024-05-10T11:07:07.538 INFO:journalctl@ceph.mon.a.smithi100.stdout:May 10 11:07:07 smithi100 ceph-mon[30296]: mgrmap e13: x(active, since 6s)
2024-05-10T11:07:07.538 INFO:journalctl@ceph.mon.a.smithi100.stdout:May 10 11:07:07 smithi100 ceph-mon[30296]: from='client.? 172.21.15.100:0/1643425211' entity='client.admin' cmd=[{"prefix": "config get", "who": "mgr", "key": "mgr/dashboard/ssl_server_port"}]: dispatch
2024-05-10T11:07:08.324 INFO:teuthology.orchestra.run.smithi100.stdout:/usr/bin/ceph: stderr
2024-05-10T11:07:07.434+0000 7f2268dda700 1 Processor -- start
2024-05-10T11:07:08.324 INFO:teuthology.orchestra.run.smithi100.stdout:/usr/bin/ceph: stderr
2024-05-10T11:07:07.434+0000 7f2268dda700 1 -- start start
2024-05-10T11:07:08.324 INFO:teuthology.orchestra.run.smithi100.stdout:/usr/bin/ceph: stderr
2024-05-10T11:07:07.434+0000 7f2268dda700 1 --2- >> [v2:172.21.15.100:3300/0,v1:172.21.15.100:6789/0] conn(0x7f22641095e0 0x7f226410b9d0 unknown :-1 s=NONE pgs=0 cs=0 l=0 rev1=0 crypto rx=0 tx=0 comp rx=0 tx=0).connect
2024-05-10T11:07:08.324 INFO:teuthology.orchestra.run.smithi100.stdout:/usr/bin/ceph: stderr
2024-05-10T11:07:07.434+0000 7f2268dda700 1 -- --> [v2:172.21.15.100:3300/0,v1:172.21.15.100:6789/0] -- mon_getmap magic: 0 -- 0x7f226407ce40 con 0x7f22641095e0
2024-05-10T11:07:08.324 INFO:teuthology.orchestra.run.smithi100.stdout:/usr/bin/ceph: stderr
2024-05-10T11:07:07.435+0000 7f226259c700 1 --2- >> [v2:172.21.15.100:3300/0,v1:172.21.15.100:6789/0] conn(0x7f22641095e0 0x7f226410b9d0 unknown :-1 s=BANNER_CONNECTING pgs=0 cs=0 l=0 rev1=0 crypto rx=0 tx=0 comp rx=0 tx=0)._handle_peer_banner_payload supported=3 required=0
2024-05-10T11:07:08.324 INFO:teuthology.orchestra.run.smithi100.stdout:/usr/bin/ceph: stderr
2024-05-10T11:07:07.435+0000 7f226259c700 1 --2- >> [v2:172.21.15.100:3300/0,v1:172.21.15.100:6789/0] conn(0x7f22641095e0 0x7f226410b9d0 unknown :-1 s=HELLO_CONNECTING pgs=0 cs=0 l=0 rev1=1 crypto rx=0 tx=0 comp rx=0 tx=0).handle_hello peer v2:172.21.15.100:3300/0 says I am v2:172.21.15.100:51366/0 (socket says 172.21.15.100:51366)
2024-05-10T11:07:08.325 INFO:teuthology.orchestra.run.smithi100.stdout:/usr/bin/ceph: stderr
2024-05-10T11:07:07.435+0000 7f226259c700 1 -- 172.21.15.100:0/2829454904 learned_addr learned my addr 172.21.15.100:0/2829454904 (peer_addr_for_me v2:172.21.15.100:0/0)
2024-05-10T11:07:08.325 INFO:teuthology.orchestra.run.smithi100.stdout:/usr/bin/ceph: stderr
2024-05-10T11:07:07.435+0000 7f226259c700 1 -- 172.21.15.100:0/2829454904 --> [v2:172.21.15.100:3300/0,v1:172.21.15.100:6789/0] -- mon_subscribe({config=0+,monmap=0+}) -- 0x7f226410bf10 con 0x7f22641095e0
2024-05-10T11:07:08.325 INFO:teuthology.orchestra.run.smithi100.stdout:/usr/bin/ceph: stderr
2024-05-10T11:07:07.435+0000 7f226259c700 1 --2- 172.21.15.100:0/2829454904 >> [v2:172.21.15.100:3300/0,v1:172.21.15.100:6789/0] conn(0x7f22641095e0 0x7f226410b9d0 secure :-1 s=READY pgs=76 cs=0 l=1 rev1=1 crypto rx=0x7f22580098a0 tx=0x7f2258009bb0 comp rx=0 tx=0).ready entity=mon.0 client_cookie=865cad9d43a3dbbf server_cookie=0 in_seq=0 out_seq=0
2024-05-10T11:07:08.325 INFO:teuthology.orchestra.run.smithi100.stdout:/usr/bin/ceph: stderr
2024-05-10T11:07:07.435+0000 7f226159a700 1 -- 172.21.15.100:0/2829454904 <== mon.0 v2:172.21.15.100:3300/0 1 ==== mon_map magic: 0 ==== 205+0+0 (secure 0 0 0) 0x7f2258004160 con 0x7f22641095e0
2024-05-10T11:07:08.325 INFO:teuthology.orchestra.run.smithi100.stdout:/usr/bin/ceph: stderr
2024-05-10T11:07:07.435+0000 7f226159a700 1 -- 172.21.15.100:0/2829454904 <== mon.0 v2:172.21.15.100:3300/0 2 ==== config(25 keys) ==== 1063+0+0 (secure 0 0 0) 0x7f2258004300 con 0x7f22641095e0
2024-05-10T11:07:08.325 INFO:teuthology.orchestra.run.smithi100.stdout:/usr/bin/ceph: stderr
2024-05-10T11:07:07.435+0000 7f226159a700 1 -- 172.21.15.100:0/2829454904 <== mon.0 v2:172.21.15.100:3300/0 3 ==== mon_map magic: 0 ==== 205+0+0 (secure 0 0 0) 0x7f2258011960 con 0x7f22641095e0
2024-05-10T11:07:08.325 INFO:teuthology.orchestra.run.smithi100.stdout:/usr/bin/ceph: stderr
2024-05-10T11:07:07.436+0000 7f2268dda700 1 -- 172.21.15.100:0/2829454904 >> [v2:172.21.15.100:3300/0,v1:172.21.15.100:6789/0] conn(0x7f22641095e0 msgr2=0x7f226410b9d0 secure :-1 s=STATE_CONNECTION_ESTABLISHED l=1).mark_down
2024-05-10T11:07:08.325 INFO:teuthology.orchestra.run.smithi100.stdout:/usr/bin/ceph: stderr
2024-05-10T11:07:07.436+0000 7f2268dda700 1 --2- 172.21.15.100:0/2829454904 >> [v2:172.21.15.100:3300/0,v1:172.21.15.100:6789/0] conn(0x7f22641095e0 0x7f226410b9d0 secure :-1 s=READY pgs=76 cs=0 l=1 rev1=1 crypto rx=0x7f22580098a0 tx=0x7f2258009bb0 comp rx=0 tx=0).stop
2024-05-10T11:07:08.325 INFO:teuthology.orchestra.run.smithi100.stdout:/usr/bin/ceph: stderr
2024-05-10T11:07:07.436+0000 7f2268dda700 1 -- 172.21.15.100:0/2829454904 shutdown_connections
2024-05-10T11:07:08.325 INFO:teuthology.orchestra.run.smithi100.stdout:/usr/bin/ceph: stderr
2024-05-10T11:07:07.436+0000 7f2268dda700 1 --2- 172.21.15.100:0/2829454904 >> [v2:172.21.15.100:3300/0,v1:172.21.15.100:6789/0] conn(0x7f22641095e0 0x7f226410b9d0 unknown :-1 s=CLOSED pgs=76 cs=0 l=1 rev1=1 crypto rx=0 tx=0 comp rx=0 tx=0).stop
2024-05-10T11:07:08.325 INFO:teuthology.orchestra.run.smithi100.stdout:/usr/bin/ceph: stderr
2024-05-10T11:07:07.436+0000 7f2268dda700 1 -- 172.21.15.100:0/2829454904 >> 172.21.15.100:0/2829454904 conn(0x7f2264102fd0 msgr2=0x7f2264105450 unknown :-1 s=STATE_NONE l=0).mark_down
2024-05-10T11:07:08.325 INFO:teuthology.orchestra.run.smithi100.stdout:/usr/bin/ceph: stderr
2024-05-10T11:07:07.436+0000 7f2268dda700 1 -- 172.21.15.100:0/2829454904 shutdown_connections
2024-05-10T11:07:08.325 INFO:teuthology.orchestra.run.smithi100.stdout:/usr/bin/ceph: stderr
2024-05-10T11:07:07.436+0000 7f2268dda700 1 -- 172.21.15.100:0/2829454904 wait complete.
2024-05-10T11:07:08.326 INFO:teuthology.orchestra.run.smithi100.stdout:/usr/bin/ceph: stderr
2024-05-10T11:07:07.437+0000 7f2268dda700 1 Processor -- start
2024-05-10T11:07:08.326 INFO:teuthology.orchestra.run.smithi100.stdout:/usr/bin/ceph: stderr
2024-05-10T11:07:07.437+0000 7f2268dda700 1 -- start start
2024-05-10T11:07:08.326 INFO:teuthology.orchestra.run.smithi100.stdout:/usr/bin/ceph: stderr
2024-05-10T11:07:07.437+0000 7f2268dda700 1 --2- >> [v2:172.21.15.100:3300/0,v1:172.21.15.100:6789/0] conn(0x7f22641095e0 0x7f226419c9b0 unknown :-1 s=NONE pgs=0 cs=0 l=1 rev1=0 crypto rx=0 tx=0 comp rx=0 tx=0).connect
2024-05-10T11:07:08.326 INFO:teuthology.orchestra.run.smithi100.stdout:/usr/bin/ceph: stderr
2024-05-10T11:07:07.437+0000 7f2268dda700 1 -- --> [v2:172.21.15.100:3300/0,v1:172.21.15.100:6789/0] -- mon_getmap magic: 0 -- 0x7f226410cec0 con 0x7f22641095e0
2024-05-10T11:07:08.326 INFO:teuthology.orchestra.run.smithi100.stdout:/usr/bin/ceph: stderr
2024-05-10T11:07:07.437+0000 7f226259c700 1 --2- >> [v2:172.21.15.100:3300/0,v1:172.21.15.100:6789/0] conn(0x7f22641095e0 0x7f226419c9b0 unknown :-1 s=BANNER_CONNECTING pgs=0 cs=0 l=1 rev1=0 crypto rx=0 tx=0 comp rx=0 tx=0)._handle_peer_banner_payload supported=3 required=0
2024-05-10T11:07:08.326 INFO:teuthology.orchestra.run.smithi100.stdout:/usr/bin/ceph: stderr
2024-05-10T11:07:07.437+0000 7f226259c700 1 --2- >> [v2:172.21.15.100:3300/0,v1:172.21.15.100:6789/0] conn(0x7f22641095e0 0x7f226419c9b0 unknown :-1 s=HELLO_CONNECTING pgs=0 cs=0 l=1 rev1=1 crypto rx=0 tx=0 comp rx=0 tx=0).handle_hello peer v2:172.21.15.100:3300/0 says I am v2:172.21.15.100:51370/0 (socket says 172.21.15.100:51370)
2024-05-10T11:07:08.326 INFO:teuthology.orchestra.run.smithi100.stdout:/usr/bin/ceph: stderr
2024-05-10T11:07:07.437+0000 7f226259c700 1 -- 172.21.15.100:0/1840444620 learned_addr learned my addr 172.21.15.100:0/1840444620 (peer_addr_for_me v2:172.21.15.100:0/0)
2024-05-10T11:07:08.326 INFO:teuthology.orchestra.run.smithi100.stdout:/usr/bin/ceph: stderr
2024-05-10T11:07:07.437+0000 7f226259c700 1 -- 172.21.15.100:0/1840444620 --> [v2:172.21.15.100:3300/0,v1:172.21.15.100:6789/0] -- mon_subscribe({config=0+,monmap=0+}) -- 0x7f226419cef0 con 0x7f22641095e0
2024-05-10T11:07:08.326 INFO:teuthology.orchestra.run.smithi100.stdout:/usr/bin/ceph: stderr
2024-05-10T11:07:07.437+0000 7f226259c700 1 --2- 172.21.15.100:0/1840444620 >> [v2:172.21.15.100:3300/0,v1:172.21.15.100:6789/0] conn(0x7f22641095e0 0x7f226419c9b0 secure :-1 s=READY pgs=77 cs=0 l=1 rev1=1 crypto rx=0x7f2258011670 tx=0x7f2258011a30 comp rx=0 tx=0).ready entity=mon.0 client_cookie=0 server_cookie=0 in_seq=0 out_seq=0
2024-05-10T11:07:08.326 INFO:teuthology.orchestra.run.smithi100.stdout:/usr/bin/ceph: stderr
2024-05-10T11:07:07.438+0000 7f22537fe700 1 -- 172.21.15.100:0/1840444620 <== mon.0 v2:172.21.15.100:3300/0 1 ==== mon_map magic: 0 ==== 205+0+0 (secure 0 0 0) 0x7f2258003a60 con 0x7f22641095e0
2024-05-10T11:07:08.326 INFO:teuthology.orchestra.run.smithi100.stdout:/usr/bin/ceph: stderr
2024-05-10T11:07:07.438+0000 7f22537fe700 1 -- 172.21.15.100:0/1840444620 <== mon.0 v2:172.21.15.100:3300/0 2 ==== config(25 keys) ==== 1063+0+0 (secure 0 0 0) 0x7f225801b8d0 con 0x7f22641095e0
2024-05-10T11:07:08.326 INFO:teuthology.orchestra.run.smithi100.stdout:/usr/bin/ceph: stderr
2024-05-10T11:07:07.438+0000 7f22537fe700 1 -- 172.21.15.100:0/1840444620 <== mon.0 v2:172.21.15.100:3300/0 3 ==== mon_map magic: 0 ==== 205+0+0 (secure 0 0 0) 0x7f2258023790 con 0x7f22641095e0
2024-05-10T11:07:08.326 INFO:teuthology.orchestra.run.smithi100.stdout:/usr/bin/ceph: stderr
2024-05-10T11:07:07.438+0000 7f2268dda700 1 -- 172.21.15.100:0/1840444620 --> [v2:172.21.15.100:3300/0,v1:172.21.15.100:6789/0] -- mon_subscribe({mgrmap=0+}) -- 0x7f226419d180 con 0x7f22641095e0
2024-05-10T11:07:08.326 INFO:teuthology.orchestra.run.smithi100.stdout:/usr/bin/ceph: stderr
2024-05-10T11:07:07.438+0000 7f2268dda700 1 -- 172.21.15.100:0/1840444620 --> [v2:172.21.15.100:3300/0,v1:172.21.15.100:6789/0] -- mon_subscribe({osdmap=0}) -- 0x7f226419fe70 con 0x7f22641095e0
2024-05-10T11:07:08.327 INFO:teuthology.orchestra.run.smithi100.stdout:/usr/bin/ceph: stderr
2024-05-10T11:07:07.439+0000 7f22537fe700 1 -- 172.21.15.100:0/1840444620 <== mon.0 v2:172.21.15.100:3300/0 4 ==== mgrmap(e 13) ==== 50279+0+0 (secure 0 0 0) 0x7f225801b440 con 0x7f22641095e0
2024-05-10T11:07:08.327 INFO:teuthology.orchestra.run.smithi100.stdout:/usr/bin/ceph: stderr
2024-05-10T11:07:07.439+0000 7f2268dda700 1 -- 172.21.15.100:0/1840444620 --> [v2:172.21.15.100:3300/0,v1:172.21.15.100:6789/0] -- mon_command({"prefix": "get_command_descriptions"} v 0) -- 0x7f2264064b00 con 0x7f22641095e0
2024-05-10T11:07:08.327 INFO:teuthology.orchestra.run.smithi100.stdout:/usr/bin/ceph: stderr
2024-05-10T11:07:07.439+0000 7f22537fe700 1 --2- 172.21.15.100:0/1840444620 >> [v2:172.21.15.100:6800/2507287356,v1:172.21.15.100:6801/2507287356] conn(0x7f224c03e560 0x7f224c040a20 unknown :-1 s=NONE pgs=0 cs=0 l=1 rev1=0 crypto rx=0 tx=0 comp rx=0 tx=0).connect
2024-05-10T11:07:08.327 INFO:teuthology.orchestra.run.smithi100.stdout:/usr/bin/ceph: stderr
2024-05-10T11:07:07.439+0000 7f22537fe700 1 -- 172.21.15.100:0/1840444620 <== mon.0 v2:172.21.15.100:3300/0 5 ==== osd_map(3..3 src has 1..3) ==== 1155+0+0 (secure 0 0 0) 0x7f2258054180 con 0x7f22641095e0
2024-05-10T11:07:08.327 INFO:teuthology.orchestra.run.smithi100.stdout:/usr/bin/ceph: stderr
2024-05-10T11:07:07.439+0000 7f2261d9b700 1 --2- 172.21.15.100:0/1840444620 >> [v2:172.21.15.100:6800/2507287356,v1:172.21.15.100:6801/2507287356] conn(0x7f224c03e560 0x7f224c040a20 unknown :-1 s=BANNER_CONNECTING pgs=0 cs=0 l=1 rev1=0 crypto rx=0 tx=0 comp rx=0 tx=0)._handle_peer_banner_payload supported=3 required=0
2024-05-10T11:07:08.327 INFO:teuthology.orchestra.run.smithi100.stdout:/usr/bin/ceph: stderr
2024-05-10T11:07:07.439+0000 7f2261d9b700 1 --2- 172.21.15.100:0/1840444620 >> [v2:172.21.15.100:6800/2507287356,v1:172.21.15.100:6801/2507287356] conn(0x7f224c03e560 0x7f224c040a20 secure :-1 s=READY pgs=10 cs=0 l=1 rev1=1 crypto rx=0x7f2254006fd0 tx=0x7f2254006e40 comp rx=0 tx=0).ready entity=mgr.14152 client_cookie=0 server_cookie=0 in_seq=0 out_seq=0
2024-05-10T11:07:08.327 INFO:teuthology.orchestra.run.smithi100.stdout:/usr/bin/ceph: stderr
2024-05-10T11:07:07.448+0000 7f22537fe700 1 -- 172.21.15.100:0/1840444620 <== mon.0 v2:172.21.15.100:3300/0 6 ==== mon_command_ack([{"prefix": "get_command_descriptions"}]=0 v0) ==== 72+0+191839 (secure 0 0 0) 0x7f225801f030 con 0x7f22641095e0
2024-05-10T11:07:08.327 INFO:teuthology.orchestra.run.smithi100.stdout:/usr/bin/ceph: stderr
2024-05-10T11:07:07.654+0000 7f2268dda700 1 -- 172.21.15.100:0/1840444620 --> [v2:172.21.15.100:3300/0,v1:172.21.15.100:6789/0] -- mon_command([{prefix=config set, name=osd_memory_target_autotune}] v 0) -- 0x7f22641a0490 con 0x7f22641095e0
2024-05-10T11:07:08.327 INFO:teuthology.orchestra.run.smithi100.stdout:/usr/bin/ceph: stderr
2024-05-10T11:07:07.655+0000 7f22537fe700 1 -- 172.21.15.100:0/1840444620 <== mon.0 v2:172.21.15.100:3300/0 7 ==== mon_command_ack([{prefix=config set, name=osd_memory_target_autotune}]=0 v8)=0 v8) ==== 127+0+0 (secure 0 0 0) 0x7f2258016260 con 0x7f22641095e0
2024-05-10T11:07:08.327 INFO:teuthology.orchestra.run.smithi100.stdout:/usr/bin/ceph: stderr
2024-05-10T11:07:07.657+0000 7f2268dda700 1 -- 172.21.15.100:0/1840444620 >> [v2:172.21.15.100:6800/2507287356,v1:172.21.15.100:6801/2507287356] conn(0x7f224c03e560 msgr2=0x7f224c040a20 secure :-1 s=STATE_CONNECTION_ESTABLISHED l=1).mark_down
2024-05-10T11:07:08.327 INFO:teuthology.orchestra.run.smithi100.stdout:/usr/bin/ceph: stderr
2024-05-10T11:07:07.657+0000 7f2268dda700 1 --2- 172.21.15.100:0/1840444620 >> [v2:172.21.15.100:6800/2507287356,v1:172.21.15.100:6801/2507287356] conn(0x7f224c03e560 0x7f224c040a20 secure :-1 s=READY pgs=10 cs=0 l=1 rev1=1 crypto rx=0x7f2254006fd0 tx=0x7f2254006e40 comp rx=0 tx=0).stop
2024-05-10T11:07:08.327 INFO:teuthology.orchestra.run.smithi100.stdout:/usr/bin/ceph: stderr
2024-05-10T11:07:07.657+0000 7f2268dda700 1 -- 172.21.15.100:0/1840444620 >> [v2:172.21.15.100:3300/0,v1:172.21.15.100:6789/0] conn(0x7f22641095e0 msgr2=0x7f226419c9b0 secure :-1 s=STATE_CONNECTION_ESTABLISHED l=1).mark_down
2024-05-10T11:07:08.327 INFO:teuthology.orchestra.run.smithi100.stdout:/usr/bin/ceph: stderr
