2024-05-10T11:09:16.768+0000 7f528ffff700 1 -- 172.21.15.53:0/1639978102 <== mon.0 v2:172.21.15.53:3300/0 3 ==== mon_map magic: 0 ==== 205+0+0 (secure 0 0 0) 0x7f5298017040 con 0x7f52a81097b0
2024-05-10T11:09:17.652 INFO:teuthology.orchestra.run.smithi053.stdout:/usr/bin/ceph: stderr
2024-05-10T11:09:16.768+0000 7f52ad557700 1 -- 172.21.15.53:0/1639978102 --> [v2:172.21.15.53:3300/0,v1:172.21.15.53:6789/0] -- mon_subscribe({osdmap=0}) -- 0x7f52a81a2200 con 0x7f52a81097b0
2024-05-10T11:09:17.652 INFO:teuthology.orchestra.run.smithi053.stdout:/usr/bin/ceph: stderr
2024-05-10T11:09:16.769+0000 7f528ffff700 1 -- 172.21.15.53:0/1639978102 <== mon.0 v2:172.21.15.53:3300/0 4 ==== mgrmap(e 8) ==== 50222+0+0 (secure 0 0 0) 0x7f5298023020 con 0x7f52a81097b0
2024-05-10T11:09:17.652 INFO:teuthology.orchestra.run.smithi053.stdout:/usr/bin/ceph: stderr
2024-05-10T11:09:16.769+0000 7f528ffff700 1 --2- 172.21.15.53:0/1639978102 >> [v2:172.21.15.53:6800/1408829696,v1:172.21.15.53:6801/1408829696] conn(0x7f529003e420 0x7f52900408e0 unknown :-1 s=NONE pgs=0 cs=0 l=1 rev1=0 crypto rx=0 tx=0 comp rx=0 tx=0).connect
2024-05-10T11:09:17.652 INFO:teuthology.orchestra.run.smithi053.stdout:/usr/bin/ceph: stderr
2024-05-10T11:09:16.770+0000 7f528ffff700 1 -- 172.21.15.53:0/1639978102 <== mon.0 v2:172.21.15.53:3300/0 5 ==== osd_map(2..2 src has 1..2) ==== 940+0+0 (secure 0 0 0) 0x7f529800f050 con 0x7f52a81097b0
2024-05-10T11:09:17.652 INFO:teuthology.orchestra.run.smithi053.stdout:/usr/bin/ceph: stderr
2024-05-10T11:09:16.770+0000 7f52ad557700 1 -- 172.21.15.53:0/1639978102 --> [v2:172.21.15.53:3300/0,v1:172.21.15.53:6789/0] -- mon_command({"prefix": "get_command_descriptions"} v 0) -- 0x7f52a8064b00 con 0x7f52a81097b0
2024-05-10T11:09:17.652 INFO:teuthology.orchestra.run.smithi053.stdout:/usr/bin/ceph: stderr
2024-05-10T11:09:16.770+0000 7f52a67fc700 1 --2- 172.21.15.53:0/1639978102 >> [v2:172.21.15.53:6800/1408829696,v1:172.21.15.53:6801/1408829696] conn(0x7f529003e420 0x7f52900408e0 unknown :-1 s=BANNER_CONNECTING pgs=0 cs=0 l=1 rev1=0 crypto rx=0 tx=0 comp rx=0 tx=0)._handle_peer_banner_payload supported=3 required=0
2024-05-10T11:09:17.652 INFO:teuthology.orchestra.run.smithi053.stdout:/usr/bin/ceph: stderr
2024-05-10T11:09:16.770+0000 7f52a67fc700 1 --2- 172.21.15.53:0/1639978102 >> [v2:172.21.15.53:6800/1408829696,v1:172.21.15.53:6801/1408829696] conn(0x7f529003e420 0x7f52900408e0 secure :-1 s=READY pgs=15 cs=0 l=1 rev1=1 crypto rx=0x7f529c006fd0 tx=0x7f529c006e40 comp rx=0 tx=0).ready entity=mgr.14120 client_cookie=0 server_cookie=0 in_seq=0 out_seq=0
2024-05-10T11:09:17.653 INFO:teuthology.orchestra.run.smithi053.stdout:/usr/bin/ceph: stderr
2024-05-10T11:09:16.777+0000 7f528ffff700 1 -- 172.21.15.53:0/1639978102 <== mon.0 v2:172.21.15.53:3300/0 6 ==== mon_command_ack([{"prefix": "get_command_descriptions"}]=0 v0) ==== 72+0+191839 (secure 0 0 0) 0x7f529802a020 con 0x7f52a81097b0
2024-05-10T11:09:17.653 INFO:teuthology.orchestra.run.smithi053.stdout:/usr/bin/ceph: stderr
2024-05-10T11:09:16.997+0000 7f52ad557700 1 -- 172.21.15.53:0/1639978102 --> [v2:172.21.15.53:3300/0,v1:172.21.15.53:6789/0] -- mon_command([{prefix=config set, name=mgr/dashboard/ssl_server_port}] v 0) -- 0x7f52a802e740 con 0x7f52a81097b0
2024-05-10T11:09:17.653 INFO:teuthology.orchestra.run.smithi053.stdout:/usr/bin/ceph: stderr
2024-05-10T11:09:16.999+0000 7f528ffff700 1 -- 172.21.15.53:0/1639978102 <== mon.0 v2:172.21.15.53:3300/0 7 ==== mon_command_ack([{prefix=config set, name=mgr/dashboard/ssl_server_port}]=0 v8)=0 v8) ==== 130+0+0 (secure 0 0 0) 0x7f529802b260 con 0x7f52a81097b0
2024-05-10T11:09:17.653 INFO:teuthology.orchestra.run.smithi053.stdout:/usr/bin/ceph: stderr
2024-05-10T11:09:17.002+0000 7f52ad557700 1 -- 172.21.15.53:0/1639978102 >> [v2:172.21.15.53:6800/1408829696,v1:172.21.15.53:6801/1408829696] conn(0x7f529003e420 msgr2=0x7f52900408e0 secure :-1 s=STATE_CONNECTION_ESTABLISHED l=1).mark_down
2024-05-10T11:09:17.653 INFO:teuthology.orchestra.run.smithi053.stdout:/usr/bin/ceph: stderr
2024-05-10T11:09:17.002+0000 7f52ad557700 1 --2- 172.21.15.53:0/1639978102 >> [v2:172.21.15.53:6800/1408829696,v1:172.21.15.53:6801/1408829696] conn(0x7f529003e420 0x7f52900408e0 secure :-1 s=READY pgs=15 cs=0 l=1 rev1=1 crypto rx=0x7f529c006fd0 tx=0x7f529c006e40 comp rx=0 tx=0).stop
2024-05-10T11:09:17.653 INFO:teuthology.orchestra.run.smithi053.stdout:/usr/bin/ceph: stderr
2024-05-10T11:09:17.002+0000 7f52ad557700 1 -- 172.21.15.53:0/1639978102 >> [v2:172.21.15.53:3300/0,v1:172.21.15.53:6789/0] conn(0x7f52a81097b0 msgr2=0x7f52a819ed40 secure :-1 s=STATE_CONNECTION_ESTABLISHED l=1).mark_down
2024-05-10T11:09:17.653 INFO:teuthology.orchestra.run.smithi053.stdout:/usr/bin/ceph: stderr
2024-05-10T11:09:17.002+0000 7f52ad557700 1 --2- 172.21.15.53:0/1639978102 >> [v2:172.21.15.53:3300/0,v1:172.21.15.53:6789/0] conn(0x7f52a81097b0 0x7f52a819ed40 secure :-1 s=READY pgs=54 cs=0 l=1 rev1=1 crypto rx=0x7f5298009e50 tx=0x7f529800bd50 comp rx=0 tx=0).stop
2024-05-10T11:09:17.653 INFO:teuthology.orchestra.run.smithi053.stdout:/usr/bin/ceph: stderr
2024-05-10T11:09:17.002+0000 7f52ad557700 1 -- 172.21.15.53:0/1639978102 shutdown_connections
2024-05-10T11:09:17.653 INFO:teuthology.orchestra.run.smithi053.stdout:/usr/bin/ceph: stderr
2024-05-10T11:09:17.002+0000 7f52ad557700 1 --2- 172.21.15.53:0/1639978102 >> [v2:172.21.15.53:6800/1408829696,v1:172.21.15.53:6801/1408829696] conn(0x7f529003e420 0x7f52900408e0 unknown :-1 s=CLOSED pgs=15 cs=0 l=1 rev1=1 crypto rx=0 tx=0 comp rx=0 tx=0).stop
2024-05-10T11:09:17.653 INFO:teuthology.orchestra.run.smithi053.stdout:/usr/bin/ceph: stderr
2024-05-10T11:09:17.002+0000 7f52ad557700 1 --2- 172.21.15.53:0/1639978102 >> [v2:172.21.15.53:3300/0,v1:172.21.15.53:6789/0] conn(0x7f52a81097b0 0x7f52a819ed40 unknown :-1 s=CLOSED pgs=54 cs=0 l=1 rev1=1 crypto rx=0 tx=0 comp rx=0 tx=0).stop
2024-05-10T11:09:17.653 INFO:teuthology.orchestra.run.smithi053.stdout:/usr/bin/ceph: stderr
2024-05-10T11:09:17.002+0000 7f52ad557700 1 -- 172.21.15.53:0/1639978102 >> 172.21.15.53:0/1639978102 conn(0x7f52a8103200 msgr2=0x7f52a8103aa0 unknown :-1 s=STATE_NONE l=0).mark_down
2024-05-10T11:09:17.653 INFO:teuthology.orchestra.run.smithi053.stdout:/usr/bin/ceph: stderr
2024-05-10T11:09:17.002+0000 7f52ad557700 1 -- 172.21.15.53:0/1639978102 shutdown_connections
2024-05-10T11:09:17.653 INFO:teuthology.orchestra.run.smithi053.stdout:/usr/bin/ceph: stderr
2024-05-10T11:09:17.002+0000 7f52ad557700 1 -- 172.21.15.53:0/1639978102 wait complete.
2024-05-10T11:09:17.653 INFO:teuthology.orchestra.run.smithi053.stdout:Enabling the dashboard module...
2024-05-10T11:09:18.288 INFO:journalctl@ceph.mon.a.smithi053.stdout:May 10 11:09:18 smithi053 ceph-mon[30153]: from='client.? 172.21.15.53:0/1639978102' entity='client.admin'
2024-05-10T11:09:19.263 INFO:journalctl@ceph.mgr.x.smithi053.stdout:May 10 11:09:19 smithi053 ceph-745ae8e0-0ebd-11ef-bc98-c7b262605968-mgr-x[30380]: ignoring --setuser ceph since I am not root
2024-05-10T11:09:19.263 INFO:journalctl@ceph.mgr.x.smithi053.stdout:May 10 11:09:19 smithi053 ceph-745ae8e0-0ebd-11ef-bc98-c7b262605968-mgr-x[30380]: ignoring --setgroup ceph since I am not root
2024-05-10T11:09:19.263 INFO:journalctl@ceph.mgr.x.smithi053.stdout:May 10 11:09:19 smithi053 ceph-745ae8e0-0ebd-11ef-bc98-c7b262605968-mgr-x[30380]:
2024-05-10T11:09:19.188+0000 7f050932f200 -1 mgr[py] Module balancer has missing NOTIFY_TYPES member
2024-05-10T11:09:19.264 INFO:journalctl@ceph.mon.a.smithi053.stdout:May 10 11:09:19 smithi053 ceph-mon[30153]: from='client.? 172.21.15.53:0/2237248123' entity='client.admin' cmd=[{"prefix": "mgr module enable", "module": "dashboard"}]: dispatch
2024-05-10T11:09:19.264 INFO:journalctl@ceph.mon.a.smithi053.stdout:May 10 11:09:19 smithi053 ceph-mon[30153]: from='mgr.14120 172.21.15.53:0/2069320891' entity='mgr.x'
2024-05-10T11:09:19.569 INFO:journalctl@ceph.mgr.x.smithi053.stdout:May 10 11:09:19 smithi053 ceph-745ae8e0-0ebd-11ef-bc98-c7b262605968-mgr-x[30380]:
2024-05-10T11:09:19.402+0000 7f050932f200 -1 mgr[py] Module orchestrator has missing NOTIFY_TYPES member
2024-05-10T11:09:19.569 INFO:journalctl@ceph.mgr.x.smithi053.stdout:May 10 11:09:19 smithi053 ceph-745ae8e0-0ebd-11ef-bc98-c7b262605968-mgr-x[30380]:
2024-05-10T11:09:19.510+0000 7f050932f200 -1 mgr[py] Module snap_schedule has missing NOTIFY_TYPES member
2024-05-10T11:09:19.642 INFO:teuthology.orchestra.run.smithi053.stdout:/usr/bin/ceph: stderr
2024-05-10T11:09:18.200+0000 7f6976d15700 1 Processor -- start
2024-05-10T11:09:19.642 INFO:teuthology.orchestra.run.smithi053.stdout:/usr/bin/ceph: stderr
2024-05-10T11:09:18.200+0000 7f6976d15700 1 -- start start
2024-05-10T11:09:19.643 INFO:teuthology.orchestra.run.smithi053.stdout:/usr/bin/ceph: stderr
2024-05-10T11:09:18.201+0000 7f6976d15700 1 --2- >> [v2:172.21.15.53:3300/0,v1:172.21.15.53:6789/0] conn(0x7f6970109830 0x7f697010bc20 unknown :-1 s=NONE pgs=0 cs=0 l=0 rev1=0 crypto rx=0 tx=0 comp rx=0 tx=0).connect
2024-05-10T11:09:19.643 INFO:teuthology.orchestra.run.smithi053.stdout:/usr/bin/ceph: stderr
2024-05-10T11:09:18.201+0000 7f6976d15700 1 -- --> [v2:172.21.15.53:3300/0,v1:172.21.15.53:6789/0] -- mon_getmap magic: 0 -- 0x7f697007ce40 con 0x7f6970109830
2024-05-10T11:09:19.643 INFO:teuthology.orchestra.run.smithi053.stdout:/usr/bin/ceph: stderr
2024-05-10T11:09:18.201+0000 7f6974ab1700 1 --2- >> [v2:172.21.15.53:3300/0,v1:172.21.15.53:6789/0] conn(0x7f6970109830 0x7f697010bc20 unknown :-1 s=BANNER_CONNECTING pgs=0 cs=0 l=0 rev1=0 crypto rx=0 tx=0 comp rx=0 tx=0)._handle_peer_banner_payload supported=3 required=0
2024-05-10T11:09:19.643 INFO:teuthology.orchestra.run.smithi053.stdout:/usr/bin/ceph: stderr
2024-05-10T11:09:18.201+0000 7f6974ab1700 1 --2- >> [v2:172.21.15.53:3300/0,v1:172.21.15.53:6789/0] conn(0x7f6970109830 0x7f697010bc20 unknown :-1 s=HELLO_CONNECTING pgs=0 cs=0 l=0 rev1=1 crypto rx=0 tx=0 comp rx=0 tx=0).handle_hello peer v2:172.21.15.53:3300/0 says I am v2:172.21.15.53:33288/0 (socket says 172.21.15.53:33288)
2024-05-10T11:09:19.643 INFO:teuthology.orchestra.run.smithi053.stdout:/usr/bin/ceph: stderr
2024-05-10T11:09:18.201+0000 7f6974ab1700 1 -- 172.21.15.53:0/3002825438 learned_addr learned my addr 172.21.15.53:0/3002825438 (peer_addr_for_me v2:172.21.15.53:0/0)
2024-05-10T11:09:19.643 INFO:teuthology.orchestra.run.smithi053.stdout:/usr/bin/ceph: stderr
2024-05-10T11:09:18.201+0000 7f6974ab1700 1 -- 172.21.15.53:0/3002825438 --> [v2:172.21.15.53:3300/0,v1:172.21.15.53:6789/0] -- mon_subscribe({config=0+,monmap=0+}) -- 0x7f697010c160 con 0x7f6970109830
2024-05-10T11:09:19.643 INFO:teuthology.orchestra.run.smithi053.stdout:/usr/bin/ceph: stderr
2024-05-10T11:09:18.201+0000 7f6974ab1700 1 --2- 172.21.15.53:0/3002825438 >> [v2:172.21.15.53:3300/0,v1:172.21.15.53:6789/0] conn(0x7f6970109830 0x7f697010bc20 secure :-1 s=READY pgs=55 cs=0 l=1 rev1=1 crypto rx=0x7f696c0098a0 tx=0x7f696c009bb0 comp rx=0 tx=0).ready entity=mon.0 client_cookie=d2e63ef248c7b26b server_cookie=0 in_seq=0 out_seq=0
2024-05-10T11:09:19.643 INFO:teuthology.orchestra.run.smithi053.stdout:/usr/bin/ceph: stderr
2024-05-10T11:09:18.201+0000 7f69677fe700 1 -- 172.21.15.53:0/3002825438 <== mon.0 v2:172.21.15.53:3300/0 1 ==== mon_map magic: 0 ==== 205+0+0 (secure 0 0 0) 0x7f696c004160 con 0x7f6970109830
2024-05-10T11:09:19.643 INFO:teuthology.orchestra.run.smithi053.stdout:/usr/bin/ceph: stderr
2024-05-10T11:09:18.202+0000 7f69677fe700 1 -- 172.21.15.53:0/3002825438 <== mon.0 v2:172.21.15.53:3300/0 2 ==== config(25 keys) ==== 1063+0+0 (secure 0 0 0) 0x7f696c004300 con 0x7f6970109830
2024-05-10T11:09:19.644 INFO:teuthology.orchestra.run.smithi053.stdout:/usr/bin/ceph: stderr
2024-05-10T11:09:18.202+0000 7f69677fe700 1 -- 172.21.15.53:0/3002825438 <== mon.0 v2:172.21.15.53:3300/0 3 ==== mon_map magic: 0 ==== 205+0+0 (secure 0 0 0) 0x7f696c011960 con 0x7f6970109830
2024-05-10T11:09:19.644 INFO:teuthology.orchestra.run.smithi053.stdout:/usr/bin/ceph: stderr
2024-05-10T11:09:18.202+0000 7f6976d15700 1 -- 172.21.15.53:0/3002825438 >> [v2:172.21.15.53:3300/0,v1:172.21.15.53:6789/0] conn(0x7f6970109830 msgr2=0x7f697010bc20 secure :-1 s=STATE_CONNECTION_ESTABLISHED l=1).mark_down
2024-05-10T11:09:19.644 INFO:teuthology.orchestra.run.smithi053.stdout:/usr/bin/ceph: stderr
2024-05-10T11:09:18.202+0000 7f6976d15700 1 --2- 172.21.15.53:0/3002825438 >> [v2:172.21.15.53:3300/0,v1:172.21.15.53:6789/0] conn(0x7f6970109830 0x7f697010bc20 secure :-1 s=READY pgs=55 cs=0 l=1 rev1=1 crypto rx=0x7f696c0098a0 tx=0x7f696c009bb0 comp rx=0 tx=0).stop
2024-05-10T11:09:19.644 INFO:teuthology.orchestra.run.smithi053.stdout:/usr/bin/ceph: stderr
2024-05-10T11:09:18.202+0000 7f6976d15700 1 -- 172.21.15.53:0/3002825438 shutdown_connections
2024-05-10T11:09:19.644 INFO:teuthology.orchestra.run.smithi053.stdout:/usr/bin/ceph: stderr
2024-05-10T11:09:18.202+0000 7f6976d15700 1 --2- 172.21.15.53:0/3002825438 >> [v2:172.21.15.53:3300/0,v1:172.21.15.53:6789/0] conn(0x7f6970109830 0x7f697010bc20 unknown :-1 s=CLOSED pgs=55 cs=0 l=1 rev1=1 crypto rx=0 tx=0 comp rx=0 tx=0).stop
2024-05-10T11:09:19.644 INFO:teuthology.orchestra.run.smithi053.stdout:/usr/bin/ceph: stderr
2024-05-10T11:09:18.202+0000 7f6976d15700 1 -- 172.21.15.53:0/3002825438 >> 172.21.15.53:0/3002825438 conn(0x7f6970103200 msgr2=0x7f6970105620 unknown :-1 s=STATE_NONE l=0).mark_down
2024-05-10T11:09:19.644 INFO:teuthology.orchestra.run.smithi053.stdout:/usr/bin/ceph: stderr
2024-05-10T11:09:18.202+0000 7f6976d15700 1 -- 172.21.15.53:0/3002825438 shutdown_connections
2024-05-10T11:09:19.644 INFO:teuthology.orchestra.run.smithi053.stdout:/usr/bin/ceph: stderr
2024-05-10T11:09:18.202+0000 7f6976d15700 1 -- 172.21.15.53:0/3002825438 wait complete.
2024-05-10T11:09:19.644 INFO:teuthology.orchestra.run.smithi053.stdout:/usr/bin/ceph: stderr
2024-05-10T11:09:18.203+0000 7f6976d15700 1 Processor -- start
2024-05-10T11:09:19.644 INFO:teuthology.orchestra.run.smithi053.stdout:/usr/bin/ceph: stderr
2024-05-10T11:09:18.203+0000 7f6976d15700 1 -- start start
2024-05-10T11:09:19.644 INFO:teuthology.orchestra.run.smithi053.stdout:/usr/bin/ceph: stderr
2024-05-10T11:09:18.203+0000 7f6976d15700 1 --2- >> [v2:172.21.15.53:3300/0,v1:172.21.15.53:6789/0] conn(0x7f6970109830 0x7f697019cb50 unknown :-1 s=NONE pgs=0 cs=0 l=1 rev1=0 crypto rx=0 tx=0 comp rx=0 tx=0).connect
2024-05-10T11:09:19.644 INFO:teuthology.orchestra.run.smithi053.stdout:/usr/bin/ceph: stderr
2024-05-10T11:09:18.203+0000 7f6976d15700 1 -- --> [v2:172.21.15.53:3300/0,v1:172.21.15.53:6789/0] -- mon_getmap magic: 0 -- 0x7f697010d0a0 con 0x7f6970109830
2024-05-10T11:09:19.644 INFO:teuthology.orchestra.run.smithi053.stdout:/usr/bin/ceph: stderr
2024-05-10T11:09:18.203+0000 7f6974ab1700 1 --2- >> [v2:172.21.15.53:3300/0,v1:172.21.15.53:6789/0] conn(0x7f6970109830 0x7f697019cb50 unknown :-1 s=BANNER_CONNECTING pgs=0 cs=0 l=1 rev1=0 crypto rx=0 tx=0 comp rx=0 tx=0)._handle_peer_banner_payload supported=3 required=0
2024-05-10T11:09:19.645 INFO:teuthology.orchestra.run.smithi053.stdout:/usr/bin/ceph: stderr
2024-05-10T11:09:18.203+0000 7f6974ab1700 1 --2- >> [v2:172.21.15.53:3300/0,v1:172.21.15.53:6789/0] conn(0x7f6970109830 0x7f697019cb50 unknown :-1 s=HELLO_CONNECTING pgs=0 cs=0 l=1 rev1=1 crypto rx=0 tx=0 comp rx=0 tx=0).handle_hello peer v2:172.21.15.53:3300/0 says I am v2:172.21.15.53:33296/0 (socket says 172.21.15.53:33296)
2024-05-10T11:09:19.645 INFO:teuthology.orchestra.run.smithi053.stdout:/usr/bin/ceph: stderr
2024-05-10T11:09:18.203+0000 7f6974ab1700 1 -- 172.21.15.53:0/2237248123 learned_addr learned my addr 172.21.15.53:0/2237248123 (peer_addr_for_me v2:172.21.15.53:0/0)
2024-05-10T11:09:19.645 INFO:teuthology.orchestra.run.smithi053.stdout:/usr/bin/ceph: stderr
2024-05-10T11:09:18.204+0000 7f6974ab1700 1 -- 172.21.15.53:0/2237248123 --> [v2:172.21.15.53:3300/0,v1:172.21.15.53:6789/0] -- mon_subscribe({config=0+,monmap=0+}) -- 0x7f697019d090 con 0x7f6970109830
2024-05-10T11:09:19.645 INFO:teuthology.orchestra.run.smithi053.stdout:/usr/bin/ceph: stderr
2024-05-10T11:09:18.204+0000 7f6974ab1700 1 --2- 172.21.15.53:0/2237248123 >> [v2:172.21.15.53:3300/0,v1:172.21.15.53:6789/0] conn(0x7f6970109830 0x7f697019cb50 secure :-1 s=READY pgs=56 cs=0 l=1 rev1=1 crypto rx=0x7f696c011670 tx=0x7f696c011a30 comp rx=0 tx=0).ready entity=mon.0 client_cookie=0 server_cookie=0 in_seq=0 out_seq=0
2024-05-10T11:09:19.645 INFO:teuthology.orchestra.run.smithi053.stdout:/usr/bin/ceph: stderr
2024-05-10T11:09:18.204+0000 7f6965ffb700 1 -- 172.21.15.53:0/2237248123 <== mon.0 v2:172.21.15.53:3300/0 1 ==== mon_map magic: 0 ==== 205+0+0 (secure 0 0 0) 0x7f696c01f070 con 0x7f6970109830
2024-05-10T11:09:19.645 INFO:teuthology.orchestra.run.smithi053.stdout:/usr/bin/ceph: stderr
2024-05-10T11:09:18.204+0000 7f6965ffb700 1 -- 172.21.15.53:0/2237248123 <== mon.0 v2:172.21.15.53:3300/0 2 ==== config(25 keys) ==== 1063+0+0 (secure 0 0 0) 0x7f696c003b20 con 0x7f6970109830
2024-05-10T11:09:19.645 INFO:teuthology.orchestra.run.smithi053.stdout:/usr/bin/ceph: stderr
2024-05-10T11:09:18.204+0000 7f6976d15700 1 -- 172.21.15.53:0/2237248123 --> [v2:172.21.15.53:3300/0,v1:172.21.15.53:6789/0] -- mon_subscribe({mgrmap=0+}) -- 0x7f697019d320 con 0x7f6970109830
2024-05-10T11:09:19.645 INFO:teuthology.orchestra.run.smithi053.stdout:/usr/bin/ceph: stderr
2024-05-10T11:09:18.204+0000 7f6965ffb700 1 -- 172.21.15.53:0/2237248123 <== mon.0 v2:172.21.15.53:3300/0 3 ==== mon_map magic: 0 ==== 205+0+0 (secure 0 0 0) 0x7f696c0195f0 con 0x7f6970109830
2024-05-10T11:09:19.645 INFO:teuthology.orchestra.run.smithi053.stdout:/usr/bin/ceph: stderr
2024-05-10T11:09:18.204+0000 7f6976d15700 1 -- 172.21.15.53:0/2237248123 --> [v2:172.21.15.53:3300/0,v1:172.21.15.53:6789/0] -- mon_subscribe({osdmap=0}) -- 0x7f69701a0010 con 0x7f6970109830
2024-05-10T11:09:19.645 INFO:teuthology.orchestra.run.smithi053.stdout:/usr/bin/ceph: stderr
2024-05-10T11:09:18.205+0000 7f6965ffb700 1 -- 172.21.15.53:0/2237248123 <== mon.0 v2:172.21.15.53:3300/0 4 ==== mgrmap(e 8) ==== 50222+0+0 (secure 0 0 0) 0x7f696c022070 con 0x7f6970109830
2024-05-10T11:09:19.645 INFO:teuthology.orchestra.run.smithi053.stdout:/usr/bin/ceph: stderr
2024-05-10T11:09:18.205+0000 7f6976d15700 1 -- 172.21.15.53:0/2237248123 --> [v2:172.21.15.53:3300/0,v1:172.21.15.53:6789/0] -- mon_command({"prefix": "get_command_descriptions"} v 0) -- 0x7f6970064b00 con 0x7f6970109830
2024-05-10T11:09:19.645 INFO:teuthology.orchestra.run.smithi053.stdout:/usr/bin/ceph: stderr
2024-05-10T11:09:18.205+0000 7f6965ffb700 1 --2- 172.21.15.53:0/2237248123 >> [v2:172.21.15.53:6800/1408829696,v1:172.21.15.53:6801/1408829696] conn(0x7f695803e4c0 0x7f6958040980 unknown :-1 s=NONE pgs=0 cs=0 l=1 rev1=0 crypto rx=0 tx=0 comp rx=0 tx=0).connect
2024-05-10T11:09:19.645 INFO:teuthology.orchestra.run.smithi053.stdout:/usr/bin/ceph: stderr
2024-05-10T11:09:18.205+0000 7f6965ffb700 1 -- 172.21.15.53:0/2237248123 <== mon.0 v2:172.21.15.53:3300/0 5 ==== osd_map(2..2 src has 1..2) ==== 940+0+0 (secure 0 0 0) 0x7f696c053ad0 con 0x7f6970109830
2024-05-10T11:09:19.645 INFO:teuthology.orchestra.run.smithi053.stdout:/usr/bin/ceph: stderr
2024-05-10T11:09:18.206+0000 7f6967fff700 1 --2- 172.21.15.53:0/2237248123 >> [v2:172.21.15.53:6800/1408829696,v1:172.21.15.53:6801/1408829696] conn(0x7f695803e4c0 0x7f6958040980 unknown :-1 s=BANNER_CONNECTING pgs=0 cs=0 l=1 rev1=0 crypto rx=0 tx=0 comp rx=0 tx=0)._handle_peer_banner_payload supported=3 required=0
2024-05-10T11:09:19.645 INFO:teuthology.orchestra.run.smithi053.stdout:/usr/bin/ceph: stderr
2024-05-10T11:09:18.206+0000 7f6967fff700 1 --2- 172.21.15.53:0/2237248123 >> [v2:172.21.15.53:6800/1408829696,v1:172.21.15.53:6801/1408829696] conn(0x7f695803e4c0 0x7f6958040980 secure :-1 s=READY pgs=16 cs=0 l=1 rev1=1 crypto rx=0x7f6960006fd0 tx=0x7f6960006e40 comp rx=0 tx=0).ready entity=mgr.14120 client_cookie=0 server_cookie=0 in_seq=0 out_seq=0
2024-05-10T11:09:19.646 INFO:teuthology.orchestra.run.smithi053.stdout:/usr/bin/ceph: stderr
2024-05-10T11:09:18.210+0000 7f6965ffb700 1 -- 172.21.15.53:0/2237248123 <== mon.0 v2:172.21.15.53:3300/0 6 ==== mon_command_ack([{"prefix": "get_command_descriptions"}]=0 v0) ==== 72+0+191839 (secure 0 0 0) 0x7f696c0172b0 con 0x7f6970109830
2024-05-10T11:09:19.646 INFO:teuthology.orchestra.run.smithi053.stdout:/usr/bin/ceph: stderr
2024-05-10T11:09:18.485+0000 7f6976d15700 1 -- 172.21.15.53:0/2237248123 --> [v2:172.21.15.53:3300/0,v1:172.21.15.53:6789/0] -- mon_command({"prefix": "mgr module enable", "module": "dashboard"} v 0) -- 0x7f69701a01e0 con 0x7f6970109830
2024-05-10T11:09:19.646 INFO:teuthology.orchestra.run.smithi053.stdout:/usr/bin/ceph: stderr
2024-05-10T11:09:19.003+0000 7f6965ffb700 1 -- 172.21.15.53:0/2237248123 <== mon.0 v2:172.21.15.53:3300/0 7 ==== mon_command_ack([{"prefix": "mgr module enable", "module": "dashboard"}]=0 v9) ==== 88+0+0 (secure 0 0 0) 0x7f696c01baf0 con 0x7f6970109830
2024-05-10T11:09:19.646 INFO:teuthology.orchestra.run.smithi053.stdout:/usr/bin/ceph: stderr
2024-05-10T11:09:19.005+0000 7f6965ffb700 1 -- 172.21.15.53:0/2237248123 <== mon.0 v2:172.21.15.53:3300/0 8 ==== mgrmap(e 9) ==== 50235+0+0 (secure 0 0 0) 0x7f696c02ca40 con 0x7f6970109830
2024-05-10T11:09:19.646 INFO:teuthology.orchestra.run.smithi053.stdout:/usr/bin/ceph: stderr
2024-05-10T11:09:19.006+0000 7f6976d15700 1 -- 172.21.15.53:0/2237248123 >> [v2:172.21.15.53:6800/1408829696,v1:172.21.15.53:6801/1408829696] conn(0x7f695803e4c0 msgr2=0x7f6958040980 secure :-1 s=STATE_CONNECTION_ESTABLISHED l=1).mark_down
2024-05-10T11:09:19.646 INFO:teuthology.orchestra.run.smithi053.stdout:/usr/bin/ceph: stderr
2024-05-10T11:09:19.006+0000 7f6976d15700 1 --2- 172.21.15.53:0/2237248123 >> [v2:172.21.15.53:6800/1408829696,v1:172.21.15.53:6801/1408829696] conn(0x7f695803e4c0 0x7f6958040980 secure :-1 s=READY pgs=16 cs=0 l=1 rev1=1 crypto rx=0x7f6960006fd0 tx=0x7f6960006e40 comp rx=0 tx=0).stop
2024-05-10T11:09:19.646 INFO:teuthology.orchestra.run.smithi053.stdout:/usr/bin/ceph: stderr
2024-05-10T11:09:19.006+0000 7f6976d15700 1 -- 172.21.15.53:0/2237248123 >> [v2:172.21.15.53:3300/0,v1:172.21.15.53:6789/0] conn(0x7f6970109830 msgr2=0x7f697019cb50 secure :-1 s=STATE_CONNECTION_ESTABLISHED l=1).mark_down
2024-05-10T11:09:19.646 INFO:teuthology.orchestra.run.smithi053.stdout:/usr/bin/ceph: stderr
2024-05-10T11:09:19.006+0000 7f6976d15700 1 --2- 172.21.15.53:0/2237248123 >> [v2:172.21.15.53:3300/0,v1:172.21.15.53:6789/0] conn(0x7f6970109830 0x7f697019cb50 secure :-1 s=READY pgs=56 cs=0 l=1 rev1=1 crypto rx=0x7f696c011670 tx=0x7f696c011a30 comp rx=0 tx=0).stop
2024-05-10T11:09:19.646 INFO:teuthology.orchestra.run.smithi053.stdout:/usr/bin/ceph: stderr
2024-05-10T11:09:19.006+0000 7f6976d15700 1 -- 172.21.15.53:0/2237248123 shutdown_connections
2024-05-10T11:09:19.646 INFO:teuthology.orchestra.run.smithi053.stdout:/usr/bin/ceph: stderr
2024-05-10T11:09:19.006+0000 7f6976d15700 1 --2- 172.21.15.53:0/2237248123 >> [v2:172.21.15.53:6800/1408829696,v1:172.21.15.53:6801/1408829696] conn(0x7f695803e4c0 0x7f6958040980 unknown :-1 s=CLOSED pgs=16 cs=0 l=1 rev1=1 crypto rx=0 tx=0 comp rx=0 tx=0).stop
2024-05-10T11:09:19.646 INFO:teuthology.orchestra.run.smithi053.stdout:/usr/bin/ceph: stderr
2024-05-10T11:09:19.006+0000 7f6976d15700 1 --2- 172.21.15.53:0/2237248123 >> [v2:172.21.15.53:3300/0,v1:172.21.15.53:6789/0] conn(0x7f6970109830 0x7f697019cb50 unknown :-1 s=CLOSED pgs=56 cs=0 l=1 rev1=1 crypto rx=0 tx=0 comp rx=0 tx=0).stop
2024-05-10T11:09:19.646 INFO:teuthology.orchestra.run.smithi053.stdout:/usr/bin/ceph: stderr
2024-05-10T11:09:19.006+0000 7f6976d15700 1 -- 172.21.15.53:0/2237248123 >> 172.21.15.53:0/2237248123 conn(0x7f6970103200 msgr2=0x7f6970103c30 unknown :-1 s=STATE_NONE l=0).mark_down
2024-05-10T11:09:19.646 INFO:teuthology.orchestra.run.smithi053.stdout:/usr/bin/ceph: stderr
2024-05-10T11:09:19.006+0000 7f6976d15700 1 -- 172.21.15.53:0/2237248123 shutdown_connections
2024-05-10T11:09:19.646 INFO:teuthology.orchestra.run.smithi053.stdout:/usr/bin/ceph: stderr
2024-05-10T11:09:19.006+0000 7f6976d15700 1 -- 172.21.15.53:0/2237248123 wait complete.
2024-05-10T11:09:19.886 INFO:journalctl@ceph.mgr.x.smithi053.stdout:May 10 11:09:19 smithi053 ceph-745ae8e0-0ebd-11ef-bc98-c7b262605968-mgr-x[30380]:
2024-05-10T11:09:19.841+0000 7f050932f200 -1 mgr[py] Module progress has missing NOTIFY_TYPES member
2024-05-10T11:09:20.301 INFO:journalctl@ceph.mon.a.smithi053.stdout:May 10 11:09:20 smithi053 ceph-mon[30153]: from='client.? 172.21.15.53:0/2237248123' entity='client.admin' cmd='[{"prefix": "mgr module enable", "module": "dashboard"}]': finished
2024-05-10T11:09:20.301 INFO:journalctl@ceph.mon.a.smithi053.stdout:May 10 11:09:20 smithi053 ceph-mon[30153]: mgrmap e9: x(active, since 19s)
2024-05-10T11:09:20.302 INFO:journalctl@ceph.mgr.x.smithi053.stdout:May 10 11:09:19 smithi053 ceph-745ae8e0-0ebd-11ef-bc98-c7b262605968-mgr-x[30380]:
2024-05-10T11:09:19.937+0000 7f050932f200 -1 mgr[py] Module influx has missing NOTIFY_TYPES member
2024-05-10T11:09:21.069 INFO:journalctl@ceph.mon.a.smithi053.stdout:May 10 11:09:21 smithi053 ceph-mon[30153]: from='client.? 172.21.15.53:0/3436998984' entity='client.admin' cmd=[{"prefix": "mgr stat"}]: dispatch
2024-05-10T11:09:21.133 INFO:teuthology.orchestra.run.smithi053.stdout:/usr/bin/ceph: stdout {
2024-05-10T11:09:21.133 INFO:teuthology.orchestra.run.smithi053.stdout:/usr/bin/ceph: stdout "epoch": 9,
2024-05-10T11:09:21.133 INFO:teuthology.orchestra.run.smithi053.stdout:/usr/bin/ceph: stdout "available": true,
2024-05-10T11:09:21.133 INFO:teuthology.orchestra.run.smithi053.stdout:/usr/bin/ceph: stdout "active_name": "x",
2024-05-10T11:09:21.133 INFO:teuthology.orchestra.run.smithi053.stdout:/usr/bin/ceph: stdout "num_standby": 0
2024-05-10T11:09:21.133 INFO:teuthology.orchestra.run.smithi053.stdout:/usr/bin/ceph: stdout }
2024-05-10T11:09:21.133 INFO:teuthology.orchestra.run.smithi053.stdout:/usr/bin/ceph: stderr
2024-05-10T11:09:20.094+0000 7f7b0a65f700 1 Processor -- start
2024-05-10T11:09:21.133 INFO:teuthology.orchestra.run.smithi053.stdout:/usr/bin/ceph: stderr
2024-05-10T11:09:20.094+0000 7f7b0a65f700 1 -- start start
2024-05-10T11:09:21.133 INFO:teuthology.orchestra.run.smithi053.stdout:/usr/bin/ceph: stderr
2024-05-10T11:09:20.094+0000 7f7b0a65f700 1 --2- >> [v2:172.21.15.53:3300/0,v1:172.21.15.53:6789/0] conn(0x7f7b041097b0 0x7f7b0410bba0 unknown :-1 s=NONE pgs=0 cs=0 l=0 rev1=0 crypto rx=0 tx=0 comp rx=0 tx=0).connect
2024-05-10T11:09:21.133 INFO:teuthology.orchestra.run.smithi053.stdout:/usr/bin/ceph: stderr
2024-05-10T11:09:20.094+0000 7f7b0a65f700 1 -- --> [v2:172.21.15.53:3300/0,v1:172.21.15.53:6789/0] -- mon_getmap magic: 0 -- 0x7f7b0407cec0 con 0x7f7b041097b0
2024-05-10T11:09:21.134 INFO:teuthology.orchestra.run.smithi053.stdout:/usr/bin/ceph: stderr
2024-05-10T11:09:20.095+0000 7f7b03fff700 1 --2- >> [v2:172.21.15.53:3300/0,v1:172.21.15.53:6789/0] conn(0x7f7b041097b0 0x7f7b0410bba0 unknown :-1 s=BANNER_CONNECTING pgs=0 cs=0 l=0 rev1=0 crypto rx=0 tx=0 comp rx=0 tx=0)._handle_peer_banner_payload supported=3 required=0
2024-05-10T11:09:21.134 INFO:teuthology.orchestra.run.smithi053.stdout:/usr/bin/ceph: stderr
2024-05-10T11:09:20.095+0000 7f7b03fff700 1 --2- >> [v2:172.21.15.53:3300/0,v1:172.21.15.53:6789/0] conn(0x7f7b041097b0 0x7f7b0410bba0 unknown :-1 s=HELLO_CONNECTING pgs=0 cs=0 l=0 rev1=1 crypto rx=0 tx=0 comp rx=0 tx=0).handle_hello peer v2:172.21.15.53:3300/0 says I am v2:172.21.15.53:38226/0 (socket says 172.21.15.53:38226)
2024-05-10T11:09:21.134 INFO:teuthology.orchestra.run.smithi053.stdout:/usr/bin/ceph: stderr
2024-05-10T11:09:20.095+0000 7f7b03fff700 1 -- 172.21.15.53:0/2287067132 learned_addr learned my addr 172.21.15.53:0/2287067132 (peer_addr_for_me v2:172.21.15.53:0/0)
2024-05-10T11:09:21.134 INFO:teuthology.orchestra.run.smithi053.stdout:/usr/bin/ceph: stderr
2024-05-10T11:09:20.095+0000 7f7b03fff700 1 -- 172.21.15.53:0/2287067132 --> [v2:172.21.15.53:3300/0,v1:172.21.15.53:6789/0] -- mon_subscribe({config=0+,monmap=0+}) -- 0x7f7b0410c0e0 con 0x7f7b041097b0
2024-05-10T11:09:21.134 INFO:teuthology.orchestra.run.smithi053.stdout:/usr/bin/ceph: stderr
2024-05-10T11:09:20.095+0000 7f7b03fff700 1 --2- 172.21.15.53:0/2287067132 >> [v2:172.21.15.53:3300/0,v1:172.21.15.53:6789/0] conn(0x7f7b041097b0 0x7f7b0410bba0 secure :-1 s=READY pgs=59 cs=0 l=1 rev1=1 crypto rx=0x7f7af40098a0 tx=0x7f7af4009bb0 comp rx=0 tx=0).ready entity=mon.0 client_cookie=836af7c339b6b9b6 server_cookie=0 in_seq=0 out_seq=0
2024-05-10T11:09:21.134 INFO:teuthology.orchestra.run.smithi053.stdout:/usr/bin/ceph: stderr
2024-05-10T11:09:20.095+0000 7f7b02ffd700 1 -- 172.21.15.53:0/2287067132 <== mon.0 v2:172.21.15.53:3300/0 1 ==== mon_map magic: 0 ==== 205+0+0 (secure 0 0 0) 0x7f7af4004160 con 0x7f7b041097b0
2024-05-10T11:09:21.134 INFO:teuthology.orchestra.run.smithi053.stdout:/usr/bin/ceph: stderr
2024-05-10T11:09:20.095+0000 7f7b02ffd700 1 -- 172.21.15.53:0/2287067132 <== mon.0 v2:172.21.15.53:3300/0 2 ==== config(25 keys) ==== 1063+0+0 (secure 0 0 0) 0x7f7af4004300 con 0x7f7b041097b0
2024-05-10T11:09:21.134 INFO:teuthology.orchestra.run.smithi053.stdout:/usr/bin/ceph: stderr
2024-05-10T11:09:20.095+0000 7f7b02ffd700 1 -- 172.21.15.53:0/2287067132 <== mon.0 v2:172.21.15.53:3300/0 3 ==== mon_map magic: 0 ==== 205+0+0 (secure 0 0 0) 0x7f7af4011960 con 0x7f7b041097b0
2024-05-10T11:09:21.134 INFO:teuthology.orchestra.run.smithi053.stdout:/usr/bin/ceph: stderr
2024-05-10T11:09:20.096+0000 7f7b0a65f700 1 -- 172.21.15.53:0/2287067132 >> [v2:172.21.15.53:3300/0,v1:172.21.15.53:6789/0] conn(0x7f7b041097b0 msgr2=0x7f7b0410bba0 secure :-1 s=STATE_CONNECTION_ESTABLISHED l=1).mark_down
2024-05-10T11:09:21.134 INFO:teuthology.orchestra.run.smithi053.stdout:/usr/bin/ceph: stderr
2024-05-10T11:09:20.096+0000 7f7b0a65f700 1 --2- 172.21.15.53:0/2287067132 >> [v2:172.21.15.53:3300/0,v1:172.21.15.53:6789/0] conn(0x7f7b041097b0 0x7f7b0410bba0 secure :-1 s=READY pgs=59 cs=0 l=1 rev1=1 crypto rx=0x7f7af40098a0 tx=0x7f7af4009bb0 comp rx=0 tx=0).stop
2024-05-10T11:09:21.134 INFO:teuthology.orchestra.run.smithi053.stdout:/usr/bin/ceph: stderr
2024-05-10T11:09:20.096+0000 7f7b0a65f700 1 -- 172.21.15.53:0/2287067132 shutdown_connections
2024-05-10T11:09:21.134 INFO:teuthology.orchestra.run.smithi053.stdout:/usr/bin/ceph: stderr
2024-05-10T11:09:20.096+0000 7f7b0a65f700 1 --2- 172.21.15.53:0/2287067132 >> [v2:172.21.15.53:3300/0,v1:172.21.15.53:6789/0] conn(0x7f7b041097b0 0x7f7b0410bba0 unknown :-1 s=CLOSED pgs=59 cs=0 l=1 rev1=1 crypto rx=0 tx=0 comp rx=0 tx=0).stop
2024-05-10T11:09:21.134 INFO:teuthology.orchestra.run.smithi053.stdout:/usr/bin/ceph: stderr
2024-05-10T11:09:20.096+0000 7f7b0a65f700 1 -- 172.21.15.53:0/2287067132 >> 172.21.15.53:0/2287067132 conn(0x7f7b04103200 msgr2=0x7f7b04105620 unknown :-1 s=STATE_NONE l=0).mark_down
2024-05-10T11:09:21.135 INFO:teuthology.orchestra.run.smithi053.stdout:/usr/bin/ceph: stderr
2024-05-10T11:09:20.096+0000 7f7b0a65f700 1 -- 172.21.15.53:0/2287067132 shutdown_connections
2024-05-10T11:09:21.135 INFO:teuthology.orchestra.run.smithi053.stdout:/usr/bin/ceph: stderr
2024-05-10T11:09:20.096+0000 7f7b0a65f700 1 -- 172.21.15.53:0/2287067132 wait complete.
2024-05-10T11:09:21.135 INFO:teuthology.orchestra.run.smithi053.stdout:/usr/bin/ceph: stderr
2024-05-10T11:09:20.097+0000 7f7b0a65f700 1 Processor -- start
2024-05-10T11:09:21.135 INFO:teuthology.orchestra.run.smithi053.stdout:/usr/bin/ceph: stderr
2024-05-10T11:09:20.097+0000 7f7b0a65f700 1 -- start start
2024-05-10T11:09:21.135 INFO:teuthology.orchestra.run.smithi053.stdout:/usr/bin/ceph: stderr
2024-05-10T11:09:20.098+0000 7f7b0a65f700 1 --2- >> [v2:172.21.15.53:3300/0,v1:172.21.15.53:6789/0] conn(0x7f7b041097b0 0x7f7b0419cb10 unknown :-1 s=NONE pgs=0 cs=0 l=1 rev1=0 crypto rx=0 tx=0 comp rx=0 tx=0).connect
2024-05-10T11:09:21.135 INFO:teuthology.orchestra.run.smithi053.stdout:/usr/bin/ceph: stderr
2024-05-10T11:09:20.098+0000 7f7b0a65f700 1 -- --> [v2:172.21.15.53:3300/0,v1:172.21.15.53:6789/0] -- mon_getmap magic: 0 -- 0x7f7b0410d090 con 0x7f7b041097b0
2024-05-10T11:09:21.135 INFO:teuthology.orchestra.run.smithi053.stdout:/usr/bin/ceph: stderr
2024-05-10T11:09:20.098+0000 7f7b03fff700 1 --2- >> [v2:172.21.15.53:3300/0,v1:172.21.15.53:6789/0] conn(0x7f7b041097b0 0x7f7b0419cb10 unknown :-1 s=BANNER_CONNECTING pgs=0 cs=0 l=1 rev1=0 crypto rx=0 tx=0 comp rx=0 tx=0)._handle_peer_banner_payload supported=3 required=0
2024-05-10T11:09:21.135 INFO:teuthology.orchestra.run.smithi053.stdout:/usr/bin/ceph: stderr
2024-05-10T11:09:20.098+0000 7f7b03fff700 1 --2- >> [v2:172.21.15.53:3300/0,v1:172.21.15.53:6789/0] conn(0x7f7b041097b0 0x7f7b0419cb10 unknown :-1 s=HELLO_CONNECTING pgs=0 cs=0 l=1 rev1=1 crypto rx=0 tx=0 comp rx=0 tx=0).handle_hello peer v2:172.21.15.53:3300/0 says I am v2:172.21.15.53:38240/0 (socket says 172.21.15.53:38240)
2024-05-10T11:09:21.135 INFO:teuthology.orchestra.run.smithi053.stdout:/usr/bin/ceph: stderr
2024-05-10T11:09:20.098+0000 7f7b03fff700 1 -- 172.21.15.53:0/3436998984 learned_addr learned my addr 172.21.15.53:0/3436998984 (peer_addr_for_me v2:172.21.15.53:0/0)
2024-05-10T11:09:21.135 INFO:teuthology.orchestra.run.smithi053.stdout:/usr/bin/ceph: stderr
2024-05-10T11:09:20.098+0000 7f7b03fff700 1 -- 172.21.15.53:0/3436998984 --> [v2:172.21.15.53:3300/0,v1:172.21.15.53:6789/0] -- mon_subscribe({config=0+,monmap=0+}) -- 0x7f7b0419d050 con 0x7f7b041097b0
2024-05-10T11:09:21.135 INFO:teuthology.orchestra.run.smithi053.stdout:/usr/bin/ceph: stderr
2024-05-10T11:09:20.098+0000 7f7b03fff700 1 --2- 172.21.15.53:0/3436998984 >> [v2:172.21.15.53:3300/0,v1:172.21.15.53:6789/0] conn(0x7f7b041097b0 0x7f7b0419cb10 secure :-1 s=READY pgs=60 cs=0 l=1 rev1=1 crypto rx=0x7f7af4011670 tx=0x7f7af4011a30 comp rx=0 tx=0).ready entity=mon.0 client_cookie=0 server_cookie=0 in_seq=0 out_seq=0
2024-05-10T11:09:21.135 INFO:teuthology.orchestra.run.smithi053.stdout:/usr/bin/ceph: stderr
2024-05-10T11:09:20.098+0000 7f7b017fa700 1 -- 172.21.15.53:0/3436998984 <== mon.0 v2:172.21.15.53:3300/0 1 ==== mon_map magic: 0 ==== 205+0+0 (secure 0 0 0) 0x7f7af401f070 con 0x7f7b041097b0
2024-05-10T11:09:21.135 INFO:teuthology.orchestra.run.smithi053.stdout:/usr/bin/ceph: stderr
2024-05-10T11:09:20.098+0000 7f7b0a65f700 1 -- 172.21.15.53:0/3436998984 --> [v2:172.21.15.53:3300/0,v1:172.21.15.53:6789/0] -- mon_subscribe({mgrmap=0+}) -- 0x7f7b0419d2e0 con 0x7f7b041097b0
2024-05-10T11:09:21.135 INFO:teuthology.orchestra.run.smithi053.stdout:/usr/bin/ceph: stderr
2024-05-10T11:09:20.098+0000 7f7b017fa700 1 -- 172.21.15.53:0/3436998984 <== mon.0 v2:172.21.15.53:3300/0 2 ==== config(25 keys) ==== 1063+0+0 (secure 0 0 0) 0x7f7af4003b20 con 0x7f7b041097b0
2024-05-10T11:09:21.136 INFO:teuthology.orchestra.run.smithi053.stdout:/usr/bin/ceph: stderr
2024-05-10T11:09:20.098+0000 7f7b017fa700 1 -- 172.21.15.53:0/3436998984 <== mon.0 v2:172.21.15.53:3300/0 3 ==== mon_map magic: 0 ==== 205+0+0 (secure 0 0 0) 0x7f7af40195f0 con 0x7f7b041097b0
2024-05-10T11:09:21.136 INFO:teuthology.orchestra.run.smithi053.stdout:/usr/bin/ceph: stderr
2024-05-10T11:09:20.099+0000 7f7b0a65f700 1 -- 172.21.15.53:0/3436998984 --> [v2:172.21.15.53:3300/0,v1:172.21.15.53:6789/0] -- mon_subscribe({osdmap=0}) -- 0x7f7b0419ffd0 con 0x7f7b041097b0
2024-05-10T11:09:21.136 INFO:teuthology.orchestra.run.smithi053.stdout:/usr/bin/ceph: stderr
2024-05-10T11:09:20.099+0000 7f7b017fa700 1 -- 172.21.15.53:0/3436998984 <== mon.0 v2:172.21.15.53:3300/0 4 ==== mgrmap(e 9) ==== 50235+0+0 (secure 0 0 0) 0x7f7af4022070 con 0x7f7b041097b0
2024-05-10T11:09:21.136 INFO:teuthology.orchestra.run.smithi053.stdout:/usr/bin/ceph: stderr
2024-05-10T11:09:20.100+0000 7f7b0a65f700 1 -- 172.21.15.53:0/3436998984 --> [v2:172.21.15.53:3300/0,v1:172.21.15.53:6789/0] -- mon_command({"prefix": "get_command_descriptions"} v 0) -- 0x7f7b04064b00 con 0x7f7b041097b0
2024-05-10T11:09:21.136 INFO:teuthology.orchestra.run.smithi053.stdout:/usr/bin/ceph: stderr
2024-05-10T11:09:20.100+0000 7f7b017fa700 1 --2- 172.21.15.53:0/3436998984 >> [v2:172.21.15.53:6800/1408829696,v1:172.21.15.53:6801/1408829696] conn(0x7f7af003e4c0 0x7f7af0040980 unknown :-1 s=NONE pgs=0 cs=0 l=1 rev1=0 crypto rx=0 tx=0 comp rx=0 tx=0).connect
2024-05-10T11:09:21.136 INFO:teuthology.orchestra.run.smithi053.stdout:/usr/bin/ceph: stderr
2024-05-10T11:09:20.100+0000 7f7b017fa700 1 -- 172.21.15.53:0/3436998984 <== mon.0 v2:172.21.15.53:3300/0 5 ==== osd_map(2..2 src has 1..2) ==== 940+0+0 (secure 0 0 0) 0x7f7af4053aa0 con 0x7f7b041097b0
2024-05-10T11:09:21.136 INFO:teuthology.orchestra.run.smithi053.stdout:/usr/bin/ceph: stderr
2024-05-10T11:09:20.100+0000 7f7b037fe700 1 -- 172.21.15.53:0/3436998984 >> [v2:172.21.15.53:6800/1408829696,v1:172.21.15.53:6801/1408829696] conn(0x7f7af003e4c0 msgr2=0x7f7af0040980 unknown :-1 s=STATE_CONNECTING_RE l=1).process reconnect failed to v2:172.21.15.53:6800/1408829696
2024-05-10T11:09:21.136 INFO:teuthology.orchestra.run.smithi053.stdout:/usr/bin/ceph: stderr
2024-05-10T11:09:20.100+0000 7f7b037fe700 1 --2- 172.21.15.53:0/3436998984 >> [v2:172.21.15.53:6800/1408829696,v1:172.21.15.53:6801/1408829696] conn(0x7f7af003e4c0 0x7f7af0040980 unknown :-1 s=START_CONNECT pgs=0 cs=0 l=1 rev1=0 crypto rx=0 tx=0 comp rx=0 tx=0)._fault waiting 0.200000
2024-05-10T11:09:21.136 INFO:teuthology.orchestra.run.smithi053.stdout:/usr/bin/ceph: stderr
2024-05-10T11:09:20.108+0000 7f7b017fa700 1 -- 172.21.15.53:0/3436998984 <== mon.0 v2:172.21.15.53:3300/0 6 ==== mon_command_ack([{"prefix": "get_command_descriptions"}]=0 v0) ==== 72+0+191839 (secure 0 0 0) 0x7f7af40172b0 con 0x7f7b041097b0
2024-05-10T11:09:21.136 INFO:teuthology.orchestra.run.smithi053.stdout:/usr/bin/ceph: stderr
2024-05-10T11:09:20.301+0000 7f7b037fe700 1 -- 172.21.15.53:0/3436998984 >> [v2:172.21.15.53:6800/1408829696,v1:172.21.15.53:6801/1408829696] conn(0x7f7af003e4c0 msgr2=0x7f7af0040980 unknown :-1 s=STATE_CONNECTING_RE l=1).process reconnect failed to v2:172.21.15.53:6800/1408829696
2024-05-10T11:09:21.136 INFO:teuthology.orchestra.run.smithi053.stdout:/usr/bin/ceph: stderr
2024-05-10T11:09:20.301+0000 7f7b037fe700 1 --2- 172.21.15.53:0/3436998984 >> [v2:172.21.15.53:6800/1408829696,v1:172.21.15.53:6801/1408829696] conn(0x7f7af003e4c0 0x7f7af0040980 unknown :-1 s=START_CONNECT pgs=0 cs=0 l=1 rev1=0 crypto rx=0 tx=0 comp rx=0 tx=0)._fault waiting 0.400000
2024-05-10T11:09:21.136 INFO:teuthology.orchestra.run.smithi053.stdout:/usr/bin/ceph: stderr
2024-05-10T11:09:20.435+0000 7f7b0a65f700 1 -- 172.21.15.53:0/3436998984 --> [v2:172.21.15.53:3300/0,v1:172.21.15.53:6789/0] -- mon_command({"prefix": "mgr stat"} v 0) -- 0x7f7b041a0580 con 0x7f7b041097b0
2024-05-10T11:09:21.136 INFO:teuthology.orchestra.run.smithi053.stdout:/usr/bin/ceph: stderr
2024-05-10T11:09:20.435+0000 7f7b017fa700 1 -- 172.21.15.53:0/3436998984 <== mon.0 v2:172.21.15.53:3300/0 7 ==== mon_command_ack([{"prefix": "mgr stat"}]=0 v9) ==== 56+0+88 (secure 0 0 0) 0x7f7af400bce0 con 0x7f7b041097b0
2024-05-10T11:09:21.136 INFO:teuthology.orchestra.run.smithi053.stdout:/usr/bin/ceph: stderr
2024-05-10T11:09:20.438+0000 7f7b0a65f700 1 -- 172.21.15.53:0/3436998984 >> [v2:172.21.15.53:6800/1408829696,v1:172.21.15.53:6801/1408829696] conn(0x7f7af003e4c0 msgr2=0x7f7af0040980 unknown :-1 s=STATE_CONNECTING l=1).mark_down
2024-05-10T11:09:21.137 INFO:teuthology.orchestra.run.smithi053.stdout:/usr/bin/ceph: stderr
2024-05-10T11:09:20.438+0000 7f7b0a65f700 1 --2- 172.21.15.53:0/3436998984 >> [v2:172.21.15.53:6800/1408829696,v1:172.21.15.53:6801/1408829696] conn(0x7f7af003e4c0 0x7f7af0040980 unknown :-1 s=START_CONNECT pgs=0 cs=0 l=1 rev1=0 crypto rx=0 tx=0 comp rx=0 tx=0).stop
2024-05-10T11:09:21.137 INFO:teuthology.orchestra.run.smithi053.stdout:/usr/bin/ceph: stderr
2024-05-10T11:09:20.438+0000 7f7b0a65f700 1 -- 172.21.15.53:0/3436998984 >> [v2:172.21.15.53:3300/0,v1:172.21.15.53:6789/0] conn(0x7f7b041097b0 msgr2=0x7f7b0419cb10 secure :-1 s=STATE_CONNECTION_ESTABLISHED l=1).mark_down
2024-05-10T11:09:21.137 INFO:teuthology.orchestra.run.smithi053.stdout:/usr/bin/ceph: stderr
2024-05-10T11:09:20.438+0000 7f7b0a65f700 1 --2- 172.21.15.53:0/3436998984 >> [v2:172.21.15.53:3300/0,v1:172.21.15.53:6789/0] conn(0x7f7b041097b0 0x7f7b0419cb10 secure :-1 s=READY pgs=60 cs=0 l=1 rev1=1 crypto rx=0x7f7af4011670 tx=0x7f7af4011a30 comp rx=0 tx=0).stop
2024-05-10T11:09:21.137 INFO:teuthology.orchestra.run.smithi053.stdout:/usr/bin/ceph: stderr
2024-05-10T11:09:20.438+0000 7f7b0a65f700 1 -- 172.21.15.53:0/3436998984 shutdown_connections
2024-05-10T11:09:21.137 INFO:teuthology.orchestra.run.smithi053.stdout:/usr/bin/ceph: stderr
2024-05-10T11:09:20.438+0000 7f7b0a65f700 1 --2- 172.21.15.53:0/3436998984 >> [v2:172.21.15.53:6800/1408829696,v1:172.21.15.53:6801/1408829696] conn(0x7f7af003e4c0 0x7f7af0040980 unknown :-1 s=CLOSED pgs=0 cs=0 l=1 rev1=0 crypto rx=0 tx=0 comp rx=0 tx=0).stop
2024-05-10T11:09:21.137 INFO:teuthology.orchestra.run.smithi053.stdout:/usr/bin/ceph: stderr
2024-05-10T11:09:20.438+0000 7f7b0a65f700 1 --2- 172.21.15.53:0/3436998984 >> [v2:172.21.15.53:3300/0,v1:172.21.15.53:6789/0] conn(0x7f7b041097b0 0x7f7b0419cb10 unknown :-1 s=CLOSED pgs=60 cs=0 l=1 rev1=1 crypto rx=0 tx=0 comp rx=0 tx=0).stop
2024-05-10T11:09:21.137 INFO:teuthology.orchestra.run.smithi053.stdout:/usr/bin/ceph: stderr
2024-05-10T11:09:20.438+0000 7f7b0a65f700 1 -- 172.21.15.53:0/3436998984 >> 172.21.15.53:0/3436998984 conn(0x7f7b04103200 msgr2=0x7f7b04103c50 unknown :-1 s=STATE_NONE l=0).mark_down
2024-05-10T11:09:21.137 INFO:teuthology.orchestra.run.smithi053.stdout:/usr/bin/ceph: stderr
2024-05-10T11:09:20.438+0000 7f7b0a65f700 1 -- 172.21.15.53:0/3436998984 shutdown_connections
2024-05-10T11:09:21.137 INFO:teuthology.orchestra.run.smithi053.stdout:/usr/bin/ceph: stderr
2024-05-10T11:09:20.438+0000 7f7b0a65f700 1 -- 172.21.15.53:0/3436998984 wait complete.
2024-05-10T11:09:21.137 INFO:teuthology.orchestra.run.smithi053.stdout:Waiting for the mgr to restart...
2024-05-10T11:09:21.137 INFO:teuthology.orchestra.run.smithi053.stdout:Waiting for mgr epoch 9...
2024-05-10T11:09:21.404 INFO:journalctl@ceph.mgr.x.smithi053.stdout:May 10 11:09:21 smithi053 ceph-745ae8e0-0ebd-11ef-bc98-c7b262605968-mgr-x[30380]:
2024-05-10T11:09:21.220+0000 7f050932f200 -1 mgr[py] Module telegraf has missing NOTIFY_TYPES member
2024-05-10T11:09:21.765 INFO:journalctl@ceph.mgr.x.smithi053.stdout:May 10 11:09:21 smithi053 ceph-745ae8e0-0ebd-11ef-bc98-c7b262605968-mgr-x[30380]:
2024-05-10T11:09:21.404+0000 7f050932f200 -1 mgr[py] Module osd_support has missing NOTIFY_TYPES member
2024-05-10T11:09:21.765 INFO:journalctl@ceph.mgr.x.smithi053.stdout:May 10 11:09:21 smithi053 ceph-745ae8e0-0ebd-11ef-bc98-c7b262605968-mgr-x[30380]:
2024-05-10T11:09:21.588+0000 7f050932f200 -1 mgr[py] Module iostat has missing NOTIFY_TYPES member
2024-05-10T11:09:22.069 INFO:journalctl@ceph.mgr.x.smithi053.stdout:May 10 11:09:21 smithi053 ceph-745ae8e0-0ebd-11ef-bc98-c7b262605968-mgr-x[30380]:
2024-05-10T11:09:21.895+0000 7f050932f200 -1 mgr[py] Module alerts has missing NOTIFY_TYPES member
2024-05-10T11:09:22.069 INFO:journalctl@ceph.mgr.x.smithi053.stdout:May 10 11:09:21 smithi053 ceph-745ae8e0-0ebd-11ef-bc98-c7b262605968-mgr-x[30380]:
2024-05-10T11:09:21.992+0000 7f050932f200 -1 mgr[py] Module selftest has missing NOTIFY_TYPES member
2024-05-10T11:09:22.569 INFO:journalctl@ceph.mgr.x.smithi053.stdout:May 10 11:09:22 smithi053 ceph-745ae8e0-0ebd-11ef-bc98-c7b262605968-mgr-x[30380]:
2024-05-10T11:09:22.206+0000 7f050932f200 -1 mgr[py] Module pg_autoscaler has missing NOTIFY_TYPES member
2024-05-10T11:09:22.569 INFO:journalctl@ceph.mgr.x.smithi053.stdout:May 10 11:09:22 smithi053 ceph-745ae8e0-0ebd-11ef-bc98-c7b262605968-mgr-x[30380]:
2024-05-10T11:09:22.411+0000 7f050932f200 -1 mgr[py] Module test_orchestrator has missing NOTIFY_TYPES member
2024-05-10T11:09:23.290 INFO:journalctl@ceph.mgr.x.smithi053.stdout:May 10 11:09:23 smithi053 ceph-745ae8e0-0ebd-11ef-bc98-c7b262605968-mgr-x[30380]:
2024-05-10T11:09:23.058+0000 7f050932f200 -1 mgr[py] Module rook has missing NOTIFY_TYPES member
2024-05-10T11:09:23.291 INFO:journalctl@ceph.mgr.x.smithi053.stdout:May 10 11:09:23 smithi053 ceph-745ae8e0-0ebd-11ef-bc98-c7b262605968-mgr-x[30380]:
2024-05-10T11:09:23.290+0000 7f050932f200 -1 mgr[py] Module smb has missing NOTIFY_TYPES member
2024-05-10T11:09:23.861 INFO:journalctl@ceph.mgr.x.smithi053.stdout:May 10 11:09:23 smithi053 ceph-745ae8e0-0ebd-11ef-bc98-c7b262605968-mgr-x[30380]:
2024-05-10T11:09:23.754+0000 7f050932f200 -1 mgr[py] Module volumes has missing NOTIFY_TYPES member
2024-05-10T11:09:23.861 INFO:journalctl@ceph.mgr.x.smithi053.stdout:May 10 11:09:23 smithi053 ceph-745ae8e0-0ebd-11ef-bc98-c7b262605968-mgr-x[30380]:
2024-05-10T11:09:23.861+0000 7f050932f200 -1 mgr[py] Module crash has missing NOTIFY_TYPES member
2024-05-10T11:09:24.553 INFO:journalctl@ceph.mgr.x.smithi053.stdout:May 10 11:09:24 smithi053 ceph-745ae8e0-0ebd-11ef-bc98-c7b262605968-mgr-x[30380]:
2024-05-10T11:09:24.255+0000 7f050932f200 -1 mgr[py] Module rgw has missing NOTIFY_TYPES member
2024-05-10T11:09:24.819 INFO:journalctl@ceph.mgr.x.smithi053.stdout:May 10 11:09:24 smithi053 ceph-745ae8e0-0ebd-11ef-bc98-c7b262605968-mgr-x[30380]:
2024-05-10T11:09:24.637+0000 7f050932f200 -1 mgr[py] Module prometheus has missing NOTIFY_TYPES member
2024-05-10T11:09:24.819 INFO:journalctl@ceph.mgr.x.smithi053.stdout:May 10 11:09:24 smithi053 ceph-745ae8e0-0ebd-11ef-bc98-c7b262605968-mgr-x[30380]:
2024-05-10T11:09:24.736+0000 7f050932f200 -1 mgr[py] Module devicehealth has missing NOTIFY_TYPES member
2024-05-10T11:09:25.319 INFO:journalctl@ceph.mgr.x.smithi053.stdout:May 10 11:09:24 smithi053 ceph-745ae8e0-0ebd-11ef-bc98-c7b262605968-mgr-x[30380]:
2024-05-10T11:09:24.994+0000 7f050932f200 -1 mgr[py] Module telemetry has missing NOTIFY_TYPES member
2024-05-10T11:09:25.319 INFO:journalctl@ceph.mgr.x.smithi053.stdout:May 10 11:09:25 smithi053 ceph-745ae8e0-0ebd-11ef-bc98-c7b262605968-mgr-x[30380]:
2024-05-10T11:09:25.135+0000 7f050932f200 -1 mgr[py] Module diskprediction_local has missing NOTIFY_TYPES member
2024-05-10T11:09:25.319 INFO:journalctl@ceph.mgr.x.smithi053.stdout:May 10 11:09:25 smithi053 ceph-745ae8e0-0ebd-11ef-bc98-c7b262605968-mgr-x[30380]:
2024-05-10T11:09:25.237+0000 7f050932f200 -1 mgr[py] Module osd_perf_query has missing NOTIFY_TYPES member
2024-05-10T11:09:26.069 INFO:journalctl@ceph.mgr.x.smithi053.stdout:May 10 11:09:25 smithi053 ceph-745ae8e0-0ebd-11ef-bc98-c7b262605968-mgr-x[30380]:
2024-05-10T11:09:25.578+0000 7f050932f200 -1 mgr[py] Module rbd_support has missing NOTIFY_TYPES member
2024-05-10T11:09:26.069 INFO:journalctl@ceph.mgr.x.smithi053.stdout:May 10 11:09:25 smithi053 ceph-745ae8e0-0ebd-11ef-bc98-c7b262605968-mgr-x[30380]:
2024-05-10T11:09:25.676+0000 7f050932f200 -1 mgr[py] Module zabbix has missing NOTIFY_TYPES member
2024-05-10T11:09:26.569 INFO:journalctl@ceph.mgr.x.smithi053.stdout:May 10 11:09:26 smithi053 ceph-745ae8e0-0ebd-11ef-bc98-c7b262605968-mgr-x[30380]:
2024-05-10T11:09:26.311+0000 7f050932f200 -1 mgr[py] Module status has missing NOTIFY_TYPES member
2024-05-10T11:09:26.569 INFO:journalctl@ceph.mgr.x.smithi053.stdout:May 10 11:09:26 smithi053 ceph-745ae8e0-0ebd-11ef-bc98-c7b262605968-mgr-x[30380]:
2024-05-10T11:09:26.543+0000 7f050932f200 -1 mgr[py] Module nfs has missing NOTIFY_TYPES member
2024-05-10T11:09:27.069 INFO:journalctl@ceph.mon.a.smithi053.stdout:May 10 11:09:26 smithi053 ceph-mon[30153]: Active manager daemon x restarted
2024-05-10T11:09:27.069 INFO:journalctl@ceph.mon.a.smithi053.stdout:May 10 11:09:26 smithi053 ceph-mon[30153]: Activating manager daemon x
2024-05-10T11:09:27.069 INFO:journalctl@ceph.mon.a.smithi053.stdout:May 10 11:09:26 smithi053 ceph-mon[30153]: osdmap e3: 0 total, 0 up, 0 in
2024-05-10T11:09:27.070 INFO:journalctl@ceph.mon.a.smithi053.stdout:May 10 11:09:26 smithi053 ceph-mon[30153]: mgrmap e10: x(active, starting, since 0.0036742s)
2024-05-10T11:09:27.070 INFO:journalctl@ceph.mon.a.smithi053.stdout:May 10 11:09:26 smithi053 ceph-mon[30153]: from='mgr.14152 172.21.15.53:0/3120875338' entity='mgr.x' cmd=[{"prefix": "mon metadata", "id": "a"}]: dispatch
2024-05-10T11:09:27.070 INFO:journalctl@ceph.mon.a.smithi053.stdout:May 10 11:09:26 smithi053 ceph-mon[30153]: from='mgr.14152 172.21.15.53:0/3120875338' entity='mgr.x' cmd=[{"prefix": "mgr metadata", "who": "x", "id": "x"}]: dispatch
2024-05-10T11:09:27.070 INFO:journalctl@ceph.mon.a.smithi053.stdout:May 10 11:09:26 smithi053 ceph-mon[30153]: from='mgr.14152 172.21.15.53:0/3120875338' entity='mgr.x' cmd=[{"prefix": "mds metadata"}]: dispatch
2024-05-10T11:09:27.070 INFO:journalctl@ceph.mon.a.smithi053.stdout:May 10 11:09:26 smithi053 ceph-mon[30153]: from='mgr.14152 172.21.15.53:0/3120875338' entity='mgr.x' cmd=[{"prefix": "osd metadata"}]: dispatch
2024-05-10T11:09:27.070 INFO:journalctl@ceph.mon.a.smithi053.stdout:May 10 11:09:26 smithi053 ceph-mon[30153]: from='mgr.14152 172.21.15.53:0/3120875338' entity='mgr.x' cmd=[{"prefix": "mon metadata"}]: dispatch
2024-05-10T11:09:27.070 INFO:journalctl@ceph.mon.a.smithi053.stdout:May 10 11:09:26 smithi053 ceph-mon[30153]: Manager daemon x is now available
2024-05-10T11:09:27.070 INFO:journalctl@ceph.mon.a.smithi053.stdout:May 10 11:09:26 smithi053 ceph-mon[30153]: from='mgr.14152 172.21.15.53:0/3120875338' entity='mgr.x' cmd=[{"prefix": "config dump", "format": "json"}]: dispatch
2024-05-10T11:09:27.819 INFO:journalctl@ceph.mon.a.smithi053.stdout:May 10 11:09:27 smithi053 ceph-mon[30153]: from='mgr.14152 172.21.15.53:0/3120875338' entity='mgr.x' cmd=[{"prefix":"config rm","who":"mgr","name":"mgr/rbd_support/x/mirror_snapshot_schedule"}]: dispatch
2024-05-10T11:09:27.819 INFO:journalctl@ceph.mon.a.smithi053.stdout:May 10 11:09:27 smithi053 ceph-mon[30153]: from='mgr.14152 172.21.15.53:0/3120875338' entity='mgr.x' cmd=[{"prefix":"config rm","who":"mgr","name":"mgr/rbd_support/x/trash_purge_schedule"}]: dispatch
