2024-05-10T11:08:49.267 INFO:journalctl@ceph.mon.a.smithi053.stdout:May 10 11:08:49 smithi053 ceph-mon[30153]: from='client.? 172.21.15.53:0/1777865186' entity='client.admin' cmd=[{"prefix": "status", "format": "json-pretty"}]: dispatch
2024-05-10T11:08:49.508 INFO:teuthology.orchestra.run.smithi053.stdout:/usr/bin/ceph: stdout
2024-05-10T11:08:49.508 INFO:teuthology.orchestra.run.smithi053.stdout:/usr/bin/ceph: stdout {
2024-05-10T11:08:49.508 INFO:teuthology.orchestra.run.smithi053.stdout:/usr/bin/ceph: stdout "fsid": "745ae8e0-0ebd-11ef-bc98-c7b262605968",
2024-05-10T11:08:49.508 INFO:teuthology.orchestra.run.smithi053.stdout:/usr/bin/ceph: stdout "health": {
2024-05-10T11:08:49.508 INFO:teuthology.orchestra.run.smithi053.stdout:/usr/bin/ceph: stdout "status": "HEALTH_OK",
2024-05-10T11:08:49.508 INFO:teuthology.orchestra.run.smithi053.stdout:/usr/bin/ceph: stdout "checks": {},
2024-05-10T11:08:49.508 INFO:teuthology.orchestra.run.smithi053.stdout:/usr/bin/ceph: stdout "mutes": []
2024-05-10T11:08:49.508 INFO:teuthology.orchestra.run.smithi053.stdout:/usr/bin/ceph: stdout },
2024-05-10T11:08:49.508 INFO:teuthology.orchestra.run.smithi053.stdout:/usr/bin/ceph: stdout "election_epoch": 5,
2024-05-10T11:08:49.509 INFO:teuthology.orchestra.run.smithi053.stdout:/usr/bin/ceph: stdout "quorum": [
2024-05-10T11:08:49.509 INFO:teuthology.orchestra.run.smithi053.stdout:/usr/bin/ceph: stdout 0
2024-05-10T11:08:49.509 INFO:teuthology.orchestra.run.smithi053.stdout:/usr/bin/ceph: stdout ],
2024-05-10T11:08:49.509 INFO:teuthology.orchestra.run.smithi053.stdout:/usr/bin/ceph: stdout "quorum_names": [
2024-05-10T11:08:49.509 INFO:teuthology.orchestra.run.smithi053.stdout:/usr/bin/ceph: stdout "a"
2024-05-10T11:08:49.509 INFO:teuthology.orchestra.run.smithi053.stdout:/usr/bin/ceph: stdout ],
2024-05-10T11:08:49.509 INFO:teuthology.orchestra.run.smithi053.stdout:/usr/bin/ceph: stdout "quorum_age": 12,
2024-05-10T11:08:49.509 INFO:teuthology.orchestra.run.smithi053.stdout:/usr/bin/ceph: stdout "monmap": {
2024-05-10T11:08:49.509 INFO:teuthology.orchestra.run.smithi053.stdout:/usr/bin/ceph: stdout "epoch": 1,
2024-05-10T11:08:49.509 INFO:teuthology.orchestra.run.smithi053.stdout:/usr/bin/ceph: stdout "min_mon_release_name": "squid",
2024-05-10T11:08:49.509 INFO:teuthology.orchestra.run.smithi053.stdout:/usr/bin/ceph: stdout "num_mons": 1
2024-05-10T11:08:49.509 INFO:teuthology.orchestra.run.smithi053.stdout:/usr/bin/ceph: stdout },
2024-05-10T11:08:49.509 INFO:teuthology.orchestra.run.smithi053.stdout:/usr/bin/ceph: stdout "osdmap": {
2024-05-10T11:08:49.509 INFO:teuthology.orchestra.run.smithi053.stdout:/usr/bin/ceph: stdout "epoch": 1,
2024-05-10T11:08:49.510 INFO:teuthology.orchestra.run.smithi053.stdout:/usr/bin/ceph: stdout "num_osds": 0,
2024-05-10T11:08:49.510 INFO:teuthology.orchestra.run.smithi053.stdout:/usr/bin/ceph: stdout "num_up_osds": 0,
2024-05-10T11:08:49.510 INFO:teuthology.orchestra.run.smithi053.stdout:/usr/bin/ceph: stdout "osd_up_since": 0,
2024-05-10T11:08:49.519 INFO:teuthology.orchestra.run.smithi053.stdout:/usr/bin/ceph: stdout "num_in_osds": 0,
2024-05-10T11:08:49.519 INFO:teuthology.orchestra.run.smithi053.stdout:/usr/bin/ceph: stdout "osd_in_since": 0,
2024-05-10T11:08:49.519 INFO:teuthology.orchestra.run.smithi053.stdout:/usr/bin/ceph: stdout "num_remapped_pgs": 0
2024-05-10T11:08:49.519 INFO:teuthology.orchestra.run.smithi053.stdout:/usr/bin/ceph: stdout },
2024-05-10T11:08:49.519 INFO:teuthology.orchestra.run.smithi053.stdout:/usr/bin/ceph: stdout "pgmap": {
2024-05-10T11:08:49.519 INFO:teuthology.orchestra.run.smithi053.stdout:/usr/bin/ceph: stdout "pgs_by_state": [],
2024-05-10T11:08:49.519 INFO:teuthology.orchestra.run.smithi053.stdout:/usr/bin/ceph: stdout "num_pgs": 0,
2024-05-10T11:08:49.519 INFO:teuthology.orchestra.run.smithi053.stdout:/usr/bin/ceph: stdout "num_pools": 0,
2024-05-10T11:08:49.519 INFO:teuthology.orchestra.run.smithi053.stdout:/usr/bin/ceph: stdout "num_objects": 0,
2024-05-10T11:08:49.519 INFO:teuthology.orchestra.run.smithi053.stdout:/usr/bin/ceph: stdout "data_bytes": 0,
2024-05-10T11:08:49.519 INFO:teuthology.orchestra.run.smithi053.stdout:/usr/bin/ceph: stdout "bytes_used": 0,
2024-05-10T11:08:49.519 INFO:teuthology.orchestra.run.smithi053.stdout:/usr/bin/ceph: stdout "bytes_avail": 0,
2024-05-10T11:08:49.520 INFO:teuthology.orchestra.run.smithi053.stdout:/usr/bin/ceph: stdout "bytes_total": 0
2024-05-10T11:08:49.520 INFO:teuthology.orchestra.run.smithi053.stdout:/usr/bin/ceph: stdout },
2024-05-10T11:08:49.520 INFO:teuthology.orchestra.run.smithi053.stdout:/usr/bin/ceph: stdout "fsmap": {
2024-05-10T11:08:49.520 INFO:teuthology.orchestra.run.smithi053.stdout:/usr/bin/ceph: stdout "epoch": 1,
2024-05-10T11:08:49.520 INFO:teuthology.orchestra.run.smithi053.stdout:/usr/bin/ceph: stdout "by_rank": [],
2024-05-10T11:08:49.520 INFO:teuthology.orchestra.run.smithi053.stdout:/usr/bin/ceph: stdout "up:standby": 0
2024-05-10T11:08:49.520 INFO:teuthology.orchestra.run.smithi053.stdout:/usr/bin/ceph: stdout },
2024-05-10T11:08:49.520 INFO:teuthology.orchestra.run.smithi053.stdout:/usr/bin/ceph: stdout "mgrmap": {
2024-05-10T11:08:49.520 INFO:teuthology.orchestra.run.smithi053.stdout:/usr/bin/ceph: stdout "available": true,
2024-05-10T11:08:49.520 INFO:teuthology.orchestra.run.smithi053.stdout:/usr/bin/ceph: stdout "num_standbys": 0,
2024-05-10T11:08:49.520 INFO:teuthology.orchestra.run.smithi053.stdout:/usr/bin/ceph: stdout "modules": [
2024-05-10T11:08:49.520 INFO:teuthology.orchestra.run.smithi053.stdout:/usr/bin/ceph: stdout "iostat",
2024-05-10T11:08:49.520 INFO:teuthology.orchestra.run.smithi053.stdout:/usr/bin/ceph: stdout "nfs",
2024-05-10T11:08:49.520 INFO:teuthology.orchestra.run.smithi053.stdout:/usr/bin/ceph: stdout "restful"
2024-05-10T11:08:49.521 INFO:teuthology.orchestra.run.smithi053.stdout:/usr/bin/ceph: stdout ],
2024-05-10T11:08:49.521 INFO:teuthology.orchestra.run.smithi053.stdout:/usr/bin/ceph: stdout "services": {}
2024-05-10T11:08:49.521 INFO:teuthology.orchestra.run.smithi053.stdout:/usr/bin/ceph: stdout },
2024-05-10T11:08:49.521 INFO:teuthology.orchestra.run.smithi053.stdout:/usr/bin/ceph: stdout "servicemap": {
2024-05-10T11:08:49.521 INFO:teuthology.orchestra.run.smithi053.stdout:/usr/bin/ceph: stdout "epoch": 1,
2024-05-10T11:08:49.521 INFO:teuthology.orchestra.run.smithi053.stdout:/usr/bin/ceph: stdout "modified": "2024-05-10T11:08:31.420566+0000",
2024-05-10T11:08:49.521 INFO:teuthology.orchestra.run.smithi053.stdout:/usr/bin/ceph: stdout "services": {}
2024-05-10T11:08:49.521 INFO:teuthology.orchestra.run.smithi053.stdout:/usr/bin/ceph: stdout },
2024-05-10T11:08:49.521 INFO:teuthology.orchestra.run.smithi053.stdout:/usr/bin/ceph: stdout "progress_events": {}
2024-05-10T11:08:49.521 INFO:teuthology.orchestra.run.smithi053.stdout:/usr/bin/ceph: stdout }
2024-05-10T11:08:49.521 INFO:teuthology.orchestra.run.smithi053.stdout:/usr/bin/ceph: stderr
2024-05-10T11:08:48.570+0000 7fa24c721700 1 Processor -- start
2024-05-10T11:08:49.521 INFO:teuthology.orchestra.run.smithi053.stdout:/usr/bin/ceph: stderr
2024-05-10T11:08:48.570+0000 7fa24c721700 1 -- start start
2024-05-10T11:08:49.521 INFO:teuthology.orchestra.run.smithi053.stdout:/usr/bin/ceph: stderr
2024-05-10T11:08:48.570+0000 7fa24c721700 1 --2- >> [v2:172.21.15.53:3300/0,v1:172.21.15.53:6789/0] conn(0x7fa24407eeb0 0x7fa24407d310 unknown :-1 s=NONE pgs=0 cs=0 l=0 rev1=0 crypto rx=0 tx=0 comp rx=0 tx=0).connect
2024-05-10T11:08:49.522 INFO:teuthology.orchestra.run.smithi053.stdout:/usr/bin/ceph: stderr
2024-05-10T11:08:48.570+0000 7fa24c721700 1 -- --> [v2:172.21.15.53:3300/0,v1:172.21.15.53:6789/0] -- mon_getmap magic: 0 -- 0x7fa24407d8e0 con 0x7fa24407eeb0
2024-05-10T11:08:49.522 INFO:teuthology.orchestra.run.smithi053.stdout:/usr/bin/ceph: stderr
2024-05-10T11:08:48.571+0000 7fa24a4bd700 1 --2- >> [v2:172.21.15.53:3300/0,v1:172.21.15.53:6789/0] conn(0x7fa24407eeb0 0x7fa24407d310 unknown :-1 s=BANNER_CONNECTING pgs=0 cs=0 l=0 rev1=0 crypto rx=0 tx=0 comp rx=0 tx=0)._handle_peer_banner_payload supported=3 required=0
2024-05-10T11:08:49.522 INFO:teuthology.orchestra.run.smithi053.stdout:/usr/bin/ceph: stderr
2024-05-10T11:08:48.571+0000 7fa24a4bd700 1 --2- >> [v2:172.21.15.53:3300/0,v1:172.21.15.53:6789/0] conn(0x7fa24407eeb0 0x7fa24407d310 unknown :-1 s=HELLO_CONNECTING pgs=0 cs=0 l=0 rev1=1 crypto rx=0 tx=0 comp rx=0 tx=0).handle_hello peer v2:172.21.15.53:3300/0 says I am v2:172.21.15.53:60878/0 (socket says 172.21.15.53:60878)
2024-05-10T11:08:49.522 INFO:teuthology.orchestra.run.smithi053.stdout:/usr/bin/ceph: stderr
2024-05-10T11:08:48.571+0000 7fa24a4bd700 1 -- 172.21.15.53:0/2094396892 learned_addr learned my addr 172.21.15.53:0/2094396892 (peer_addr_for_me v2:172.21.15.53:0/0)
2024-05-10T11:08:49.522 INFO:teuthology.orchestra.run.smithi053.stdout:/usr/bin/ceph: stderr
2024-05-10T11:08:48.571+0000 7fa24a4bd700 1 -- 172.21.15.53:0/2094396892 --> [v2:172.21.15.53:3300/0,v1:172.21.15.53:6789/0] -- mon_subscribe({config=0+,monmap=0+}) -- 0x7fa24407da60 con 0x7fa24407eeb0
2024-05-10T11:08:49.522 INFO:teuthology.orchestra.run.smithi053.stdout:/usr/bin/ceph: stderr
2024-05-10T11:08:48.571+0000 7fa24a4bd700 1 --2- 172.21.15.53:0/2094396892 >> [v2:172.21.15.53:3300/0,v1:172.21.15.53:6789/0] conn(0x7fa24407eeb0 0x7fa24407d310 secure :-1 s=READY pgs=18 cs=0 l=1 rev1=1 crypto rx=0x7fa2400098a0 tx=0x7fa240009bb0 comp rx=0 tx=0).ready entity=mon.0 client_cookie=334cf0e633844e0d server_cookie=0 in_seq=0 out_seq=0
2024-05-10T11:08:49.522 INFO:teuthology.orchestra.run.smithi053.stdout:/usr/bin/ceph: stderr
2024-05-10T11:08:48.571+0000 7fa2494bb700 1 -- 172.21.15.53:0/2094396892 <== mon.0 v2:172.21.15.53:3300/0 1 ==== mon_map magic: 0 ==== 205+0+0 (secure 0 0 0) 0x7fa240004160 con 0x7fa24407eeb0
2024-05-10T11:08:49.522 INFO:teuthology.orchestra.run.smithi053.stdout:/usr/bin/ceph: stderr
2024-05-10T11:08:48.571+0000 7fa2494bb700 1 -- 172.21.15.53:0/2094396892 <== mon.0 v2:172.21.15.53:3300/0 2 ==== config(25 keys) ==== 1032+0+0 (secure 0 0 0) 0x7fa240004300 con 0x7fa24407eeb0
2024-05-10T11:08:49.522 INFO:teuthology.orchestra.run.smithi053.stdout:/usr/bin/ceph: stderr
2024-05-10T11:08:48.571+0000 7fa2494bb700 1 -- 172.21.15.53:0/2094396892 <== mon.0 v2:172.21.15.53:3300/0 3 ==== mon_map magic: 0 ==== 205+0+0 (secure 0 0 0) 0x7fa2400119e0 con 0x7fa24407eeb0
2024-05-10T11:08:49.522 INFO:teuthology.orchestra.run.smithi053.stdout:/usr/bin/ceph: stderr
2024-05-10T11:08:48.572+0000 7fa24c721700 1 -- 172.21.15.53:0/2094396892 >> [v2:172.21.15.53:3300/0,v1:172.21.15.53:6789/0] conn(0x7fa24407eeb0 msgr2=0x7fa24407d310 secure :-1 s=STATE_CONNECTION_ESTABLISHED l=1).mark_down
2024-05-10T11:08:49.522 INFO:teuthology.orchestra.run.smithi053.stdout:/usr/bin/ceph: stderr
2024-05-10T11:08:48.572+0000 7fa24c721700 1 --2- 172.21.15.53:0/2094396892 >> [v2:172.21.15.53:3300/0,v1:172.21.15.53:6789/0] conn(0x7fa24407eeb0 0x7fa24407d310 secure :-1 s=READY pgs=18 cs=0 l=1 rev1=1 crypto rx=0x7fa2400098a0 tx=0x7fa240009bb0 comp rx=0 tx=0).stop
2024-05-10T11:08:49.522 INFO:teuthology.orchestra.run.smithi053.stdout:/usr/bin/ceph: stderr
2024-05-10T11:08:48.572+0000 7fa24c721700 1 -- 172.21.15.53:0/2094396892 shutdown_connections
2024-05-10T11:08:49.522 INFO:teuthology.orchestra.run.smithi053.stdout:/usr/bin/ceph: stderr
2024-05-10T11:08:48.572+0000 7fa24c721700 1 --2- 172.21.15.53:0/2094396892 >> [v2:172.21.15.53:3300/0,v1:172.21.15.53:6789/0] conn(0x7fa24407eeb0 0x7fa24407d310 unknown :-1 s=CLOSED pgs=18 cs=0 l=1 rev1=1 crypto rx=0 tx=0 comp rx=0 tx=0).stop
2024-05-10T11:08:49.522 INFO:teuthology.orchestra.run.smithi053.stdout:/usr/bin/ceph: stderr
2024-05-10T11:08:48.572+0000 7fa24c721700 1 -- 172.21.15.53:0/2094396892 >> 172.21.15.53:0/2094396892 conn(0x7fa2441042d0 msgr2=0x7fa2441066f0 unknown :-1 s=STATE_NONE l=0).mark_down
2024-05-10T11:08:49.523 INFO:teuthology.orchestra.run.smithi053.stdout:/usr/bin/ceph: stderr
2024-05-10T11:08:48.572+0000 7fa24c721700 1 -- 172.21.15.53:0/2094396892 shutdown_connections
2024-05-10T11:08:49.523 INFO:teuthology.orchestra.run.smithi053.stdout:/usr/bin/ceph: stderr
2024-05-10T11:08:48.572+0000 7fa24c721700 1 -- 172.21.15.53:0/2094396892 wait complete.
2024-05-10T11:08:49.523 INFO:teuthology.orchestra.run.smithi053.stdout:/usr/bin/ceph: stderr
2024-05-10T11:08:48.573+0000 7fa24c721700 1 Processor -- start
2024-05-10T11:08:49.523 INFO:teuthology.orchestra.run.smithi053.stdout:/usr/bin/ceph: stderr
2024-05-10T11:08:48.573+0000 7fa24c721700 1 -- start start
2024-05-10T11:08:49.523 INFO:teuthology.orchestra.run.smithi053.stdout:/usr/bin/ceph: stderr
2024-05-10T11:08:48.573+0000 7fa24c721700 1 --2- >> [v2:172.21.15.53:3300/0,v1:172.21.15.53:6789/0] conn(0x7fa24407eeb0 0x7fa24419ed50 unknown :-1 s=NONE pgs=0 cs=0 l=1 rev1=0 crypto rx=0 tx=0 comp rx=0 tx=0).connect
2024-05-10T11:08:49.523 INFO:teuthology.orchestra.run.smithi053.stdout:/usr/bin/ceph: stderr
2024-05-10T11:08:48.573+0000 7fa24c721700 1 -- --> [v2:172.21.15.53:3300/0,v1:172.21.15.53:6789/0] -- mon_getmap magic: 0 -- 0x7fa24410f200 con 0x7fa24407eeb0
2024-05-10T11:08:49.523 INFO:teuthology.orchestra.run.smithi053.stdout:/usr/bin/ceph: stderr
2024-05-10T11:08:48.573+0000 7fa24a4bd700 1 --2- >> [v2:172.21.15.53:3300/0,v1:172.21.15.53:6789/0] conn(0x7fa24407eeb0 0x7fa24419ed50 unknown :-1 s=BANNER_CONNECTING pgs=0 cs=0 l=1 rev1=0 crypto rx=0 tx=0 comp rx=0 tx=0)._handle_peer_banner_payload supported=3 required=0
2024-05-10T11:08:49.523 INFO:teuthology.orchestra.run.smithi053.stdout:/usr/bin/ceph: stderr
2024-05-10T11:08:48.573+0000 7fa24a4bd700 1 --2- >> [v2:172.21.15.53:3300/0,v1:172.21.15.53:6789/0] conn(0x7fa24407eeb0 0x7fa24419ed50 unknown :-1 s=HELLO_CONNECTING pgs=0 cs=0 l=1 rev1=1 crypto rx=0 tx=0 comp rx=0 tx=0).handle_hello peer v2:172.21.15.53:3300/0 says I am v2:172.21.15.53:60886/0 (socket says 172.21.15.53:60886)
2024-05-10T11:08:49.523 INFO:teuthology.orchestra.run.smithi053.stdout:/usr/bin/ceph: stderr
2024-05-10T11:08:48.573+0000 7fa24a4bd700 1 -- 172.21.15.53:0/1777865186 learned_addr learned my addr 172.21.15.53:0/1777865186 (peer_addr_for_me v2:172.21.15.53:0/0)
2024-05-10T11:08:49.523 INFO:teuthology.orchestra.run.smithi053.stdout:/usr/bin/ceph: stderr
2024-05-10T11:08:48.574+0000 7fa24a4bd700 1 -- 172.21.15.53:0/1777865186 --> [v2:172.21.15.53:3300/0,v1:172.21.15.53:6789/0] -- mon_subscribe({config=0+,monmap=0+}) -- 0x7fa24419f290 con 0x7fa24407eeb0
2024-05-10T11:08:49.523 INFO:teuthology.orchestra.run.smithi053.stdout:/usr/bin/ceph: stderr
2024-05-10T11:08:48.574+0000 7fa24a4bd700 1 --2- 172.21.15.53:0/1777865186 >> [v2:172.21.15.53:3300/0,v1:172.21.15.53:6789/0] conn(0x7fa24407eeb0 0x7fa24419ed50 secure :-1 s=READY pgs=19 cs=0 l=1 rev1=1 crypto rx=0x7fa2400119b0 tx=0x7fa240011a90 comp rx=0 tx=0).ready entity=mon.0 client_cookie=0 server_cookie=0 in_seq=0 out_seq=0
2024-05-10T11:08:49.523 INFO:teuthology.orchestra.run.smithi053.stdout:/usr/bin/ceph: stderr
2024-05-10T11:08:48.574+0000 7fa23b7fe700 1 -- 172.21.15.53:0/1777865186 <== mon.0 v2:172.21.15.53:3300/0 1 ==== mon_map magic: 0 ==== 205+0+0 (secure 0 0 0) 0x7fa240003b70 con 0x7fa24407eeb0
2024-05-10T11:08:49.523 INFO:teuthology.orchestra.run.smithi053.stdout:/usr/bin/ceph: stderr
2024-05-10T11:08:48.574+0000 7fa23b7fe700 1 -- 172.21.15.53:0/1777865186 <== mon.0 v2:172.21.15.53:3300/0 2 ==== config(25 keys) ==== 1032+0+0 (secure 0 0 0) 0x7fa24001a8a0 con 0x7fa24407eeb0
2024-05-10T11:08:49.524 INFO:teuthology.orchestra.run.smithi053.stdout:/usr/bin/ceph: stderr
2024-05-10T11:08:48.574+0000 7fa24c721700 1 -- 172.21.15.53:0/1777865186 --> [v2:172.21.15.53:3300/0,v1:172.21.15.53:6789/0] -- mon_subscribe({mgrmap=0+}) -- 0x7fa24419f520 con 0x7fa24407eeb0
2024-05-10T11:08:49.524 INFO:teuthology.orchestra.run.smithi053.stdout:/usr/bin/ceph: stderr
2024-05-10T11:08:48.574+0000 7fa23b7fe700 1 -- 172.21.15.53:0/1777865186 <== mon.0 v2:172.21.15.53:3300/0 3 ==== mon_map magic: 0 ==== 205+0+0 (secure 0 0 0) 0x7fa240024830 con 0x7fa24407eeb0
2024-05-10T11:08:49.524 INFO:teuthology.orchestra.run.smithi053.stdout:/usr/bin/ceph: stderr
2024-05-10T11:08:48.574+0000 7fa24c721700 1 -- 172.21.15.53:0/1777865186 --> [v2:172.21.15.53:3300/0,v1:172.21.15.53:6789/0] -- mon_subscribe({osdmap=0}) -- 0x7fa2441a2210 con 0x7fa24407eeb0
2024-05-10T11:08:49.524 INFO:teuthology.orchestra.run.smithi053.stdout:/usr/bin/ceph: stderr
2024-05-10T11:08:48.575+0000 7fa23b7fe700 1 -- 172.21.15.53:0/1777865186 <== mon.0 v2:172.21.15.53:3300/0 4 ==== mgrmap(e 4) ==== 50211+0+0 (secure 0 0 0) 0x7fa240022020 con 0x7fa24407eeb0
2024-05-10T11:08:49.524 INFO:teuthology.orchestra.run.smithi053.stdout:/usr/bin/ceph: stderr
2024-05-10T11:08:48.575+0000 7fa24c721700 1 -- 172.21.15.53:0/1777865186 --> [v2:172.21.15.53:3300/0,v1:172.21.15.53:6789/0] -- mon_command({"prefix": "get_command_descriptions"} v 0) -- 0x7fa244064b00 con 0x7fa24407eeb0
2024-05-10T11:08:49.524 INFO:teuthology.orchestra.run.smithi053.stdout:/usr/bin/ceph: stderr
2024-05-10T11:08:48.575+0000 7fa23b7fe700 1 --2- 172.21.15.53:0/1777865186 >> [v2:172.21.15.53:6800/1318129754,v1:172.21.15.53:6801/1318129754] conn(0x7fa23003e3d0 0x7fa230040890 unknown :-1 s=NONE pgs=0 cs=0 l=1 rev1=0 crypto rx=0 tx=0 comp rx=0 tx=0).connect
2024-05-10T11:08:49.524 INFO:teuthology.orchestra.run.smithi053.stdout:/usr/bin/ceph: stderr
2024-05-10T11:08:48.575+0000 7fa23b7fe700 1 -- 172.21.15.53:0/1777865186 <== mon.0 v2:172.21.15.53:3300/0 5 ==== osd_map(1..1 src has 1..1) ==== 725+0+0 (secure 0 0 0) 0x7fa240053710 con 0x7fa24407eeb0
2024-05-10T11:08:49.524 INFO:teuthology.orchestra.run.smithi053.stdout:/usr/bin/ceph: stderr
2024-05-10T11:08:48.575+0000 7fa249cbc700 1 --2- 172.21.15.53:0/1777865186 >> [v2:172.21.15.53:6800/1318129754,v1:172.21.15.53:6801/1318129754] conn(0x7fa23003e3d0 0x7fa230040890 unknown :-1 s=BANNER_CONNECTING pgs=0 cs=0 l=1 rev1=0 crypto rx=0 tx=0 comp rx=0 tx=0)._handle_peer_banner_payload supported=3 required=0
2024-05-10T11:08:49.524 INFO:teuthology.orchestra.run.smithi053.stdout:/usr/bin/ceph: stderr
2024-05-10T11:08:48.576+0000 7fa249cbc700 1 --2- 172.21.15.53:0/1777865186 >> [v2:172.21.15.53:6800/1318129754,v1:172.21.15.53:6801/1318129754] conn(0x7fa23003e3d0 0x7fa230040890 secure :-1 s=READY pgs=6 cs=0 l=1 rev1=1 crypto rx=0x7fa234006fd0 tx=0x7fa234006e40 comp rx=0 tx=0).ready entity=mgr.14100 client_cookie=0 server_cookie=0 in_seq=0 out_seq=0
2024-05-10T11:08:49.524 INFO:teuthology.orchestra.run.smithi053.stdout:/usr/bin/ceph: stderr
2024-05-10T11:08:48.581+0000 7fa23b7fe700 1 -- 172.21.15.53:0/1777865186 <== mon.0 v2:172.21.15.53:3300/0 6 ==== mon_command_ack([{"prefix": "get_command_descriptions"}]=0 v0) ==== 72+0+191839 (secure 0 0 0) 0x7fa2400212c0 con 0x7fa24407eeb0
2024-05-10T11:08:49.524 INFO:teuthology.orchestra.run.smithi053.stdout:/usr/bin/ceph: stderr
2024-05-10T11:08:48.894+0000 7fa24c721700 1 -- 172.21.15.53:0/1777865186 --> [v2:172.21.15.53:3300/0,v1:172.21.15.53:6789/0] -- mon_command({"prefix": "status", "format": "json-pretty"} v 0) -- 0x7fa2441a23e0 con 0x7fa24407eeb0
2024-05-10T11:08:49.524 INFO:teuthology.orchestra.run.smithi053.stdout:/usr/bin/ceph: stderr
2024-05-10T11:08:48.894+0000 7fa23b7fe700 1 -- 172.21.15.53:0/1777865186 <== mon.0 v2:172.21.15.53:3300/0 7 ==== mon_command_ack([{"prefix": "status", "format": "json-pretty"}]=0 v0) ==== 79+0+1239 (secure 0 0 0) 0x7fa2441a23e0 con 0x7fa24407eeb0
2024-05-10T11:08:49.524 INFO:teuthology.orchestra.run.smithi053.stdout:/usr/bin/ceph: stderr
2024-05-10T11:08:48.896+0000 7fa24c721700 1 -- 172.21.15.53:0/1777865186 >> [v2:172.21.15.53:6800/1318129754,v1:172.21.15.53:6801/1318129754] conn(0x7fa23003e3d0 msgr2=0x7fa230040890 secure :-1 s=STATE_CONNECTION_ESTABLISHED l=1).mark_down
2024-05-10T11:08:49.524 INFO:teuthology.orchestra.run.smithi053.stdout:/usr/bin/ceph: stderr
2024-05-10T11:08:48.896+0000 7fa24c721700 1 --2- 172.21.15.53:0/1777865186 >> [v2:172.21.15.53:6800/1318129754,v1:172.21.15.53:6801/1318129754] conn(0x7fa23003e3d0 0x7fa230040890 secure :-1 s=READY pgs=6 cs=0 l=1 rev1=1 crypto rx=0x7fa234006fd0 tx=0x7fa234006e40 comp rx=0 tx=0).stop
2024-05-10T11:08:49.525 INFO:teuthology.orchestra.run.smithi053.stdout:/usr/bin/ceph: stderr
2024-05-10T11:08:48.896+0000 7fa24c721700 1 -- 172.21.15.53:0/1777865186 >> [v2:172.21.15.53:3300/0,v1:172.21.15.53:6789/0] conn(0x7fa24407eeb0 msgr2=0x7fa24419ed50 secure :-1 s=STATE_CONNECTION_ESTABLISHED l=1).mark_down
2024-05-10T11:08:49.525 INFO:teuthology.orchestra.run.smithi053.stdout:/usr/bin/ceph: stderr
2024-05-10T11:08:48.896+0000 7fa24c721700 1 --2- 172.21.15.53:0/1777865186 >> [v2:172.21.15.53:3300/0,v1:172.21.15.53:6789/0] conn(0x7fa24407eeb0 0x7fa24419ed50 secure :-1 s=READY pgs=19 cs=0 l=1 rev1=1 crypto rx=0x7fa2400119b0 tx=0x7fa240011a90 comp rx=0 tx=0).stop
2024-05-10T11:08:49.525 INFO:teuthology.orchestra.run.smithi053.stdout:/usr/bin/ceph: stderr
2024-05-10T11:08:48.896+0000 7fa24c721700 1 -- 172.21.15.53:0/1777865186 shutdown_connections
2024-05-10T11:08:49.525 INFO:teuthology.orchestra.run.smithi053.stdout:/usr/bin/ceph: stderr
2024-05-10T11:08:48.896+0000 7fa24c721700 1 --2- 172.21.15.53:0/1777865186 >> [v2:172.21.15.53:6800/1318129754,v1:172.21.15.53:6801/1318129754] conn(0x7fa23003e3d0 0x7fa230040890 unknown :-1 s=CLOSED pgs=6 cs=0 l=1 rev1=1 crypto rx=0 tx=0 comp rx=0 tx=0).stop
2024-05-10T11:08:49.525 INFO:teuthology.orchestra.run.smithi053.stdout:/usr/bin/ceph: stderr
2024-05-10T11:08:48.896+0000 7fa24c721700 1 --2- 172.21.15.53:0/1777865186 >> [v2:172.21.15.53:3300/0,v1:172.21.15.53:6789/0] conn(0x7fa24407eeb0 0x7fa24419ed50 unknown :-1 s=CLOSED pgs=19 cs=0 l=1 rev1=1 crypto rx=0 tx=0 comp rx=0 tx=0).stop
2024-05-10T11:08:49.525 INFO:teuthology.orchestra.run.smithi053.stdout:/usr/bin/ceph: stderr
2024-05-10T11:08:48.896+0000 7fa24c721700 1 -- 172.21.15.53:0/1777865186 >> 172.21.15.53:0/1777865186 conn(0x7fa2441042d0 msgr2=0x7fa244104e20 unknown :-1 s=STATE_NONE l=0).mark_down
2024-05-10T11:08:49.525 INFO:teuthology.orchestra.run.smithi053.stdout:/usr/bin/ceph: stderr
2024-05-10T11:08:48.897+0000 7fa24c721700 1 -- 172.21.15.53:0/1777865186 shutdown_connections
2024-05-10T11:08:49.525 INFO:teuthology.orchestra.run.smithi053.stdout:/usr/bin/ceph: stderr
2024-05-10T11:08:48.897+0000 7fa24c721700 1 -- 172.21.15.53:0/1777865186 wait complete.
2024-05-10T11:08:49.525 INFO:teuthology.orchestra.run.smithi053.stdout:mgr is available
2024-05-10T11:08:50.541 INFO:journalctl@ceph.mon.a.smithi053.stdout:May 10 11:08:50 smithi053 ceph-mon[30153]: from='client.? 172.21.15.53:0/1375431128' entity='client.admin' cmd=[{"prefix": "config assimilate-conf"}]: dispatch
2024-05-10T11:08:50.837 INFO:teuthology.orchestra.run.smithi053.stdout:/usr/bin/ceph: stdout
2024-05-10T11:08:50.837 INFO:teuthology.orchestra.run.smithi053.stdout:/usr/bin/ceph: stdout [global]
2024-05-10T11:08:50.837 INFO:teuthology.orchestra.run.smithi053.stdout:/usr/bin/ceph: stdout fsid = 745ae8e0-0ebd-11ef-bc98-c7b262605968
2024-05-10T11:08:50.837 INFO:teuthology.orchestra.run.smithi053.stdout:/usr/bin/ceph: stdout mon_cluster_log_file_level = debug
2024-05-10T11:08:50.837 INFO:teuthology.orchestra.run.smithi053.stdout:/usr/bin/ceph: stdout mon_osd_allow_pg_remap = true
2024-05-10T11:08:50.837 INFO:teuthology.orchestra.run.smithi053.stdout:/usr/bin/ceph: stdout mon_osd_allow_primary_affinity = true
2024-05-10T11:08:50.837 INFO:teuthology.orchestra.run.smithi053.stdout:/usr/bin/ceph: stdout mon_warn_on_no_sortbitwise = false
2024-05-10T11:08:50.837 INFO:teuthology.orchestra.run.smithi053.stdout:/usr/bin/ceph: stdout osd_crush_chooseleaf_type = 0
2024-05-10T11:08:50.837 INFO:teuthology.orchestra.run.smithi053.stdout:/usr/bin/ceph: stdout
2024-05-10T11:08:50.837 INFO:teuthology.orchestra.run.smithi053.stdout:/usr/bin/ceph: stdout [mgr]
2024-05-10T11:08:50.837 INFO:teuthology.orchestra.run.smithi053.stdout:/usr/bin/ceph: stdout mgr/telemetry/nag = false
2024-05-10T11:08:50.838 INFO:teuthology.orchestra.run.smithi053.stdout:/usr/bin/ceph: stdout
2024-05-10T11:08:50.838 INFO:teuthology.orchestra.run.smithi053.stdout:/usr/bin/ceph: stdout [osd]
2024-05-10T11:08:50.838 INFO:teuthology.orchestra.run.smithi053.stdout:/usr/bin/ceph: stdout mon_osd_backfillfull_ratio = 0.85
2024-05-10T11:08:50.838 INFO:teuthology.orchestra.run.smithi053.stdout:/usr/bin/ceph: stdout mon_osd_full_ratio = 0.9
2024-05-10T11:08:50.838 INFO:teuthology.orchestra.run.smithi053.stdout:/usr/bin/ceph: stdout mon_osd_nearfull_ratio = 0.8
2024-05-10T11:08:50.838 INFO:teuthology.orchestra.run.smithi053.stdout:/usr/bin/ceph: stdout osd_map_max_advance = 10
2024-05-10T11:08:50.838 INFO:teuthology.orchestra.run.smithi053.stdout:/usr/bin/ceph: stdout osd_sloppy_crc = true
2024-05-10T11:08:50.838 INFO:teuthology.orchestra.run.smithi053.stdout:/usr/bin/ceph: stderr
2024-05-10T11:08:49.960+0000 7fe215c1b700 1 Processor -- start
2024-05-10T11:08:50.838 INFO:teuthology.orchestra.run.smithi053.stdout:/usr/bin/ceph: stderr
2024-05-10T11:08:49.960+0000 7fe215c1b700 1 -- start start
2024-05-10T11:08:50.838 INFO:teuthology.orchestra.run.smithi053.stdout:/usr/bin/ceph: stderr
2024-05-10T11:08:49.960+0000 7fe215c1b700 1 --2- >> [v2:172.21.15.53:3300/0,v1:172.21.15.53:6789/0] conn(0x7fe210108d10 0x7fe210109130 unknown :-1 s=NONE pgs=0 cs=0 l=0 rev1=0 crypto rx=0 tx=0 comp rx=0 tx=0).connect
2024-05-10T11:08:50.838 INFO:teuthology.orchestra.run.smithi053.stdout:/usr/bin/ceph: stderr
2024-05-10T11:08:49.960+0000 7fe215c1b700 1 -- --> [v2:172.21.15.53:3300/0,v1:172.21.15.53:6789/0] -- mon_getmap magic: 0 -- 0x7fe210109700 con 0x7fe210108d10
2024-05-10T11:08:50.838 INFO:teuthology.orchestra.run.smithi053.stdout:/usr/bin/ceph: stderr
2024-05-10T11:08:49.960+0000 7fe20f7fe700 1 --2- >> [v2:172.21.15.53:3300/0,v1:172.21.15.53:6789/0] conn(0x7fe210108d10 0x7fe210109130 unknown :-1 s=BANNER_CONNECTING pgs=0 cs=0 l=0 rev1=0 crypto rx=0 tx=0 comp rx=0 tx=0)._handle_peer_banner_payload supported=3 required=0
2024-05-10T11:08:50.838 INFO:teuthology.orchestra.run.smithi053.stdout:/usr/bin/ceph: stderr
2024-05-10T11:08:49.960+0000 7fe20f7fe700 1 --2- >> [v2:172.21.15.53:3300/0,v1:172.21.15.53:6789/0] conn(0x7fe210108d10 0x7fe210109130 unknown :-1 s=HELLO_CONNECTING pgs=0 cs=0 l=0 rev1=1 crypto rx=0 tx=0 comp rx=0 tx=0).handle_hello peer v2:172.21.15.53:3300/0 says I am v2:172.21.15.53:60900/0 (socket says 172.21.15.53:60900)
2024-05-10T11:08:50.838 INFO:teuthology.orchestra.run.smithi053.stdout:/usr/bin/ceph: stderr
2024-05-10T11:08:49.960+0000 7fe20f7fe700 1 -- 172.21.15.53:0/734471423 learned_addr learned my addr 172.21.15.53:0/734471423 (peer_addr_for_me v2:172.21.15.53:0/0)
2024-05-10T11:08:50.839 INFO:teuthology.orchestra.run.smithi053.stdout:/usr/bin/ceph: stderr
2024-05-10T11:08:49.960+0000 7fe20f7fe700 1 -- 172.21.15.53:0/734471423 --> [v2:172.21.15.53:3300/0,v1:172.21.15.53:6789/0] -- mon_subscribe({config=0+,monmap=0+}) -- 0x7fe210109f10 con 0x7fe210108d10
2024-05-10T11:08:50.839 INFO:teuthology.orchestra.run.smithi053.stdout:/usr/bin/ceph: stderr
2024-05-10T11:08:49.961+0000 7fe20f7fe700 1 --2- 172.21.15.53:0/734471423 >> [v2:172.21.15.53:3300/0,v1:172.21.15.53:6789/0] conn(0x7fe210108d10 0x7fe210109130 secure :-1 s=READY pgs=20 cs=0 l=1 rev1=1 crypto rx=0x7fe2000098a0 tx=0x7fe200009bb0 comp rx=0 tx=0).ready entity=mon.0 client_cookie=324b1d70f9c80c8d server_cookie=0 in_seq=0 out_seq=0
2024-05-10T11:08:50.839 INFO:teuthology.orchestra.run.smithi053.stdout:/usr/bin/ceph: stderr
2024-05-10T11:08:49.961+0000 7fe20e7fc700 1 -- 172.21.15.53:0/734471423 <== mon.0 v2:172.21.15.53:3300/0 1 ==== mon_map magic: 0 ==== 205+0+0 (secure 0 0 0) 0x7fe200004160 con 0x7fe210108d10
2024-05-10T11:08:50.839 INFO:teuthology.orchestra.run.smithi053.stdout:/usr/bin/ceph: stderr
2024-05-10T11:08:49.961+0000 7fe20e7fc700 1 -- 172.21.15.53:0/734471423 <== mon.0 v2:172.21.15.53:3300/0 2 ==== config(25 keys) ==== 1032+0+0 (secure 0 0 0) 0x7fe200004300 con 0x7fe210108d10
2024-05-10T11:08:50.839 INFO:teuthology.orchestra.run.smithi053.stdout:/usr/bin/ceph: stderr
2024-05-10T11:08:49.961+0000 7fe20e7fc700 1 -- 172.21.15.53:0/734471423 <== mon.0 v2:172.21.15.53:3300/0 3 ==== mon_map magic: 0 ==== 205+0+0 (secure 0 0 0) 0x7fe2000119e0 con 0x7fe210108d10
2024-05-10T11:08:50.839 INFO:teuthology.orchestra.run.smithi053.stdout:/usr/bin/ceph: stderr
2024-05-10T11:08:49.961+0000 7fe215c1b700 1 -- 172.21.15.53:0/734471423 >> [v2:172.21.15.53:3300/0,v1:172.21.15.53:6789/0] conn(0x7fe210108d10 msgr2=0x7fe210109130 secure :-1 s=STATE_CONNECTION_ESTABLISHED l=1).mark_down
2024-05-10T11:08:50.839 INFO:teuthology.orchestra.run.smithi053.stdout:/usr/bin/ceph: stderr
2024-05-10T11:08:49.961+0000 7fe215c1b700 1 --2- 172.21.15.53:0/734471423 >> [v2:172.21.15.53:3300/0,v1:172.21.15.53:6789/0] conn(0x7fe210108d10 0x7fe210109130 secure :-1 s=READY pgs=20 cs=0 l=1 rev1=1 crypto rx=0x7fe2000098a0 tx=0x7fe200009bb0 comp rx=0 tx=0).stop
2024-05-10T11:08:50.839 INFO:teuthology.orchestra.run.smithi053.stdout:/usr/bin/ceph: stderr
2024-05-10T11:08:49.961+0000 7fe215c1b700 1 -- 172.21.15.53:0/734471423 shutdown_connections
2024-05-10T11:08:50.839 INFO:teuthology.orchestra.run.smithi053.stdout:/usr/bin/ceph: stderr
2024-05-10T11:08:49.961+0000 7fe215c1b700 1 --2- 172.21.15.53:0/734471423 >> [v2:172.21.15.53:3300/0,v1:172.21.15.53:6789/0] conn(0x7fe210108d10 0x7fe210109130 unknown :-1 s=CLOSED pgs=20 cs=0 l=1 rev1=1 crypto rx=0 tx=0 comp rx=0 tx=0).stop
2024-05-10T11:08:50.839 INFO:teuthology.orchestra.run.smithi053.stdout:/usr/bin/ceph: stderr
2024-05-10T11:08:49.961+0000 7fe215c1b700 1 -- 172.21.15.53:0/734471423 >> 172.21.15.53:0/734471423 conn(0x7fe2101042d0 msgr2=0x7fe2101066f0 unknown :-1 s=STATE_NONE l=0).mark_down
2024-05-10T11:08:50.839 INFO:teuthology.orchestra.run.smithi053.stdout:/usr/bin/ceph: stderr
2024-05-10T11:08:49.961+0000 7fe215c1b700 1 -- 172.21.15.53:0/734471423 shutdown_connections
2024-05-10T11:08:50.839 INFO:teuthology.orchestra.run.smithi053.stdout:/usr/bin/ceph: stderr
2024-05-10T11:08:49.961+0000 7fe215c1b700 1 -- 172.21.15.53:0/734471423 wait complete.
2024-05-10T11:08:50.839 INFO:teuthology.orchestra.run.smithi053.stdout:/usr/bin/ceph: stderr
2024-05-10T11:08:49.962+0000 7fe215c1b700 1 Processor -- start
2024-05-10T11:08:50.839 INFO:teuthology.orchestra.run.smithi053.stdout:/usr/bin/ceph: stderr
2024-05-10T11:08:49.962+0000 7fe215c1b700 1 -- start start
2024-05-10T11:08:50.839 INFO:teuthology.orchestra.run.smithi053.stdout:/usr/bin/ceph: stderr
2024-05-10T11:08:49.962+0000 7fe215c1b700 1 --2- >> [v2:172.21.15.53:3300/0,v1:172.21.15.53:6789/0] conn(0x7fe210108d10 0x7fe21019cb50 unknown :-1 s=NONE pgs=0 cs=0 l=1 rev1=0 crypto rx=0 tx=0 comp rx=0 tx=0).connect
2024-05-10T11:08:50.840 INFO:teuthology.orchestra.run.smithi053.stdout:/usr/bin/ceph: stderr
2024-05-10T11:08:49.962+0000 7fe215c1b700 1 -- --> [v2:172.21.15.53:3300/0,v1:172.21.15.53:6789/0] -- mon_getmap magic: 0 -- 0x7fe21010d140 con 0x7fe210108d10
2024-05-10T11:08:50.840 INFO:teuthology.orchestra.run.smithi053.stdout:/usr/bin/ceph: stderr
2024-05-10T11:08:49.962+0000 7fe20f7fe700 1 --2- >> [v2:172.21.15.53:3300/0,v1:172.21.15.53:6789/0] conn(0x7fe210108d10 0x7fe21019cb50 unknown :-1 s=BANNER_CONNECTING pgs=0 cs=0 l=1 rev1=0 crypto rx=0 tx=0 comp rx=0 tx=0)._handle_peer_banner_payload supported=3 required=0
2024-05-10T11:08:50.840 INFO:teuthology.orchestra.run.smithi053.stdout:/usr/bin/ceph: stderr
2024-05-10T11:08:49.962+0000 7fe20f7fe700 1 --2- >> [v2:172.21.15.53:3300/0,v1:172.21.15.53:6789/0] conn(0x7fe210108d10 0x7fe21019cb50 unknown :-1 s=HELLO_CONNECTING pgs=0 cs=0 l=1 rev1=1 crypto rx=0 tx=0 comp rx=0 tx=0).handle_hello peer v2:172.21.15.53:3300/0 says I am v2:172.21.15.53:60908/0 (socket says 172.21.15.53:60908)
2024-05-10T11:08:50.840 INFO:teuthology.orchestra.run.smithi053.stdout:/usr/bin/ceph: stderr
2024-05-10T11:08:49.963+0000 7fe20f7fe700 1 -- 172.21.15.53:0/1375431128 learned_addr learned my addr 172.21.15.53:0/1375431128 (peer_addr_for_me v2:172.21.15.53:0/0)
2024-05-10T11:08:50.840 INFO:teuthology.orchestra.run.smithi053.stdout:/usr/bin/ceph: stderr
2024-05-10T11:08:49.963+0000 7fe20f7fe700 1 -- 172.21.15.53:0/1375431128 --> [v2:172.21.15.53:3300/0,v1:172.21.15.53:6789/0] -- mon_subscribe({config=0+,monmap=0+}) -- 0x7fe21019d090 con 0x7fe210108d10
2024-05-10T11:08:50.840 INFO:teuthology.orchestra.run.smithi053.stdout:/usr/bin/ceph: stderr
2024-05-10T11:08:49.963+0000 7fe20f7fe700 1 --2- 172.21.15.53:0/1375431128 >> [v2:172.21.15.53:3300/0,v1:172.21.15.53:6789/0] conn(0x7fe210108d10 0x7fe21019cb50 secure :-1 s=READY pgs=21 cs=0 l=1 rev1=1 crypto rx=0x7fe2000119b0 tx=0x7fe200011a90 comp rx=0 tx=0).ready entity=mon.0 client_cookie=0 server_cookie=0 in_seq=0 out_seq=0
2024-05-10T11:08:50.840 INFO:teuthology.orchestra.run.smithi053.stdout:/usr/bin/ceph: stderr
2024-05-10T11:08:49.963+0000 7fe20cff9700 1 -- 172.21.15.53:0/1375431128 <== mon.0 v2:172.21.15.53:3300/0 1 ==== mon_map magic: 0 ==== 205+0+0 (secure 0 0 0) 0x7fe200003b70 con 0x7fe210108d10
2024-05-10T11:08:50.840 INFO:teuthology.orchestra.run.smithi053.stdout:/usr/bin/ceph: stderr
2024-05-10T11:08:49.963+0000 7fe20cff9700 1 -- 172.21.15.53:0/1375431128 <== mon.0 v2:172.21.15.53:3300/0 2 ==== config(25 keys) ==== 1032+0+0 (secure 0 0 0) 0x7fe20001a8a0 con 0x7fe210108d10
2024-05-10T11:08:50.840 INFO:teuthology.orchestra.run.smithi053.stdout:/usr/bin/ceph: stderr
2024-05-10T11:08:49.963+0000 7fe215c1b700 1 -- 172.21.15.53:0/1375431128 --> [v2:172.21.15.53:3300/0,v1:172.21.15.53:6789/0] -- mon_subscribe({mgrmap=0+}) -- 0x7fe21019d320 con 0x7fe210108d10
2024-05-10T11:08:50.840 INFO:teuthology.orchestra.run.smithi053.stdout:/usr/bin/ceph: stderr
2024-05-10T11:08:49.963+0000 7fe20cff9700 1 -- 172.21.15.53:0/1375431128 <== mon.0 v2:172.21.15.53:3300/0 3 ==== mon_map magic: 0 ==== 205+0+0 (secure 0 0 0) 0x7fe200024830 con 0x7fe210108d10
2024-05-10T11:08:50.840 INFO:teuthology.orchestra.run.smithi053.stdout:/usr/bin/ceph: stderr
2024-05-10T11:08:49.963+0000 7fe215c1b700 1 -- 172.21.15.53:0/1375431128 --> [v2:172.21.15.53:3300/0,v1:172.21.15.53:6789/0] -- mon_subscribe({osdmap=0}) -- 0x7fe2101a0010 con 0x7fe210108d10
2024-05-10T11:08:50.840 INFO:teuthology.orchestra.run.smithi053.stdout:/usr/bin/ceph: stderr
2024-05-10T11:08:49.964+0000 7fe20cff9700 1 -- 172.21.15.53:0/1375431128 <== mon.0 v2:172.21.15.53:3300/0 4 ==== mgrmap(e 4) ==== 50211+0+0 (secure 0 0 0) 0x7fe200022020 con 0x7fe210108d10
2024-05-10T11:08:50.840 INFO:teuthology.orchestra.run.smithi053.stdout:/usr/bin/ceph: stderr
2024-05-10T11:08:49.964+0000 7fe215c1b700 1 -- 172.21.15.53:0/1375431128 --> [v2:172.21.15.53:3300/0,v1:172.21.15.53:6789/0] -- mon_command({"prefix": "get_command_descriptions"} v 0) -- 0x7fe21010d2c0 con 0x7fe210108d10
2024-05-10T11:08:50.840 INFO:teuthology.orchestra.run.smithi053.stdout:/usr/bin/ceph: stderr
2024-05-10T11:08:49.964+0000 7fe20cff9700 1 --2- 172.21.15.53:0/1375431128 >> [v2:172.21.15.53:6800/1318129754,v1:172.21.15.53:6801/1318129754] conn(0x7fe1fc03e420 0x7fe1fc0408e0 unknown :-1 s=NONE pgs=0 cs=0 l=1 rev1=0 crypto rx=0 tx=0 comp rx=0 tx=0).connect
2024-05-10T11:08:50.841 INFO:teuthology.orchestra.run.smithi053.stdout:/usr/bin/ceph: stderr
2024-05-10T11:08:49.964+0000 7fe20cff9700 1 -- 172.21.15.53:0/1375431128 <== mon.0 v2:172.21.15.53:3300/0 5 ==== osd_map(1..1 src has 1..1) ==== 725+0+0 (secure 0 0 0) 0x7fe200053810 con 0x7fe210108d10
2024-05-10T11:08:50.841 INFO:teuthology.orchestra.run.smithi053.stdout:/usr/bin/ceph: stderr
2024-05-10T11:08:49.964+0000 7fe20effd700 1 --2- 172.21.15.53:0/1375431128 >> [v2:172.21.15.53:6800/1318129754,v1:172.21.15.53:6801/1318129754] conn(0x7fe1fc03e420 0x7fe1fc0408e0 unknown :-1 s=BANNER_CONNECTING pgs=0 cs=0 l=1 rev1=0 crypto rx=0 tx=0 comp rx=0 tx=0)._handle_peer_banner_payload supported=3 required=0
2024-05-10T11:08:50.841 INFO:teuthology.orchestra.run.smithi053.stdout:/usr/bin/ceph: stderr
2024-05-10T11:08:49.965+0000 7fe20effd700 1 --2- 172.21.15.53:0/1375431128 >> [v2:172.21.15.53:6800/1318129754,v1:172.21.15.53:6801/1318129754] conn(0x7fe1fc03e420 0x7fe1fc0408e0 secure :-1 s=READY pgs=7 cs=0 l=1 rev1=1 crypto rx=0x7fe1f8006fd0 tx=0x7fe1f8006e40 comp rx=0 tx=0).ready entity=mgr.14100 client_cookie=0 server_cookie=0 in_seq=0 out_seq=0
2024-05-10T11:08:50.841 INFO:teuthology.orchestra.run.smithi053.stdout:/usr/bin/ceph: stderr
2024-05-10T11:08:49.969+0000 7fe20cff9700 1 -- 172.21.15.53:0/1375431128 <== mon.0 v2:172.21.15.53:3300/0 6 ==== mon_command_ack([{"prefix": "get_command_descriptions"}]=0 v0) ==== 72+0+191839 (secure 0 0 0) 0x7fe20000e260 con 0x7fe210108d10
2024-05-10T11:08:50.841 INFO:teuthology.orchestra.run.smithi053.stdout:/usr/bin/ceph: stderr
2024-05-10T11:08:50.182+0000 7fe215c1b700 1 -- 172.21.15.53:0/1375431128 --> [v2:172.21.15.53:3300/0,v1:172.21.15.53:6789/0] -- mon_command({"prefix": "config assimilate-conf"} v 0) -- 0x7fe210064b00 con 0x7fe210108d10
2024-05-10T11:08:50.841 INFO:teuthology.orchestra.run.smithi053.stdout:/usr/bin/ceph: stderr
2024-05-10T11:08:50.183+0000 7fe20cff9700 1 -- 172.21.15.53:0/1375431128 <== mon.0 v2:172.21.15.53:3300/0 7 ==== mon_command_ack([{"prefix": "config assimilate-conf"}]=0 v3) ==== 70+0+409 (secure 0 0 0) 0x7fe200053570 con 0x7fe210108d10
2024-05-10T11:08:50.841 INFO:teuthology.orchestra.run.smithi053.stdout:/usr/bin/ceph: stderr
2024-05-10T11:08:50.186+0000 7fe215c1b700 1 -- 172.21.15.53:0/1375431128 >> [v2:172.21.15.53:6800/1318129754,v1:172.21.15.53:6801/1318129754] conn(0x7fe1fc03e420 msgr2=0x7fe1fc0408e0 secure :-1 s=STATE_CONNECTION_ESTABLISHED l=1).mark_down
2024-05-10T11:08:50.841 INFO:teuthology.orchestra.run.smithi053.stdout:/usr/bin/ceph: stderr
2024-05-10T11:08:50.186+0000 7fe215c1b700 1 --2- 172.21.15.53:0/1375431128 >> [v2:172.21.15.53:6800/1318129754,v1:172.21.15.53:6801/1318129754] conn(0x7fe1fc03e420 0x7fe1fc0408e0 secure :-1 s=READY pgs=7 cs=0 l=1 rev1=1 crypto rx=0x7fe1f8006fd0 tx=0x7fe1f8006e40 comp rx=0 tx=0).stop
2024-05-10T11:08:50.841 INFO:teuthology.orchestra.run.smithi053.stdout:/usr/bin/ceph: stderr
2024-05-10T11:08:50.186+0000 7fe215c1b700 1 -- 172.21.15.53:0/1375431128 >> [v2:172.21.15.53:3300/0,v1:172.21.15.53:6789/0] conn(0x7fe210108d10 msgr2=0x7fe21019cb50 secure :-1 s=STATE_CONNECTION_ESTABLISHED l=1).mark_down
2024-05-10T11:08:50.841 INFO:teuthology.orchestra.run.smithi053.stdout:/usr/bin/ceph: stderr
2024-05-10T11:08:50.186+0000 7fe215c1b700 1 --2- 172.21.15.53:0/1375431128 >> [v2:172.21.15.53:3300/0,v1:172.21.15.53:6789/0] conn(0x7fe210108d10 0x7fe21019cb50 secure :-1 s=READY pgs=21 cs=0 l=1 rev1=1 crypto rx=0x7fe2000119b0 tx=0x7fe200011a90 comp rx=0 tx=0).stop
2024-05-10T11:08:50.841 INFO:teuthology.orchestra.run.smithi053.stdout:/usr/bin/ceph: stderr
2024-05-10T11:08:50.186+0000 7fe215c1b700 1 -- 172.21.15.53:0/1375431128 shutdown_connections
2024-05-10T11:08:50.841 INFO:teuthology.orchestra.run.smithi053.stdout:/usr/bin/ceph: stderr
2024-05-10T11:08:50.186+0000 7fe215c1b700 1 --2- 172.21.15.53:0/1375431128 >> [v2:172.21.15.53:6800/1318129754,v1:172.21.15.53:6801/1318129754] conn(0x7fe1fc03e420 0x7fe1fc0408e0 unknown :-1 s=CLOSED pgs=7 cs=0 l=1 rev1=1 crypto rx=0 tx=0 comp rx=0 tx=0).stop
2024-05-10T11:08:50.841 INFO:teuthology.orchestra.run.smithi053.stdout:/usr/bin/ceph: stderr
2024-05-10T11:08:50.186+0000 7fe215c1b700 1 --2- 172.21.15.53:0/1375431128 >> [v2:172.21.15.53:3300/0,v1:172.21.15.53:6789/0] conn(0x7fe210108d10 0x7fe21019cb50 unknown :-1 s=CLOSED pgs=21 cs=0 l=1 rev1=1 crypto rx=0 tx=0 comp rx=0 tx=0).stop
2024-05-10T11:08:50.841 INFO:teuthology.orchestra.run.smithi053.stdout:/usr/bin/ceph: stderr
2024-05-10T11:08:50.186+0000 7fe215c1b700 1 -- 172.21.15.53:0/1375431128 >> 172.21.15.53:0/1375431128 conn(0x7fe2101042d0 msgr2=0x7fe210104d00 unknown :-1 s=STATE_NONE l=0).mark_down
2024-05-10T11:08:50.842 INFO:teuthology.orchestra.run.smithi053.stdout:/usr/bin/ceph: stderr
2024-05-10T11:08:50.186+0000 7fe215c1b700 1 -- 172.21.15.53:0/1375431128 shutdown_connections
2024-05-10T11:08:50.842 INFO:teuthology.orchestra.run.smithi053.stdout:/usr/bin/ceph: stderr
2024-05-10T11:08:50.186+0000 7fe215c1b700 1 -- 172.21.15.53:0/1375431128 wait complete.
2024-05-10T11:08:50.842 INFO:teuthology.orchestra.run.smithi053.stdout:Enabling cephadm module...
2024-05-10T11:08:51.821 INFO:journalctl@ceph.mon.a.smithi053.stdout:May 10 11:08:51 smithi053 ceph-mon[30153]: from='client.? 172.21.15.53:0/1024109735' entity='client.admin' cmd=[{"prefix": "mgr module enable", "module": "cephadm"}]: dispatch
2024-05-10T11:08:51.822 INFO:journalctl@ceph.mgr.x.smithi053.stdout:May 10 11:08:51 smithi053 ceph-745ae8e0-0ebd-11ef-bc98-c7b262605968-mgr-x[30380]: ignoring --setuser ceph since I am not root
2024-05-10T11:08:51.822 INFO:journalctl@ceph.mgr.x.smithi053.stdout:May 10 11:08:51 smithi053 ceph-745ae8e0-0ebd-11ef-bc98-c7b262605968-mgr-x[30380]: ignoring --setgroup ceph since I am not root
2024-05-10T11:08:51.822 INFO:journalctl@ceph.mgr.x.smithi053.stdout:May 10 11:08:51 smithi053 ceph-745ae8e0-0ebd-11ef-bc98-c7b262605968-mgr-x[30380]:
2024-05-10T11:08:51.755+0000 7fc1b1312200 -1 mgr[py] Module balancer has missing NOTIFY_TYPES member
2024-05-10T11:08:52.165 INFO:journalctl@ceph.mgr.x.smithi053.stdout:May 10 11:08:51 smithi053 ceph-745ae8e0-0ebd-11ef-bc98-c7b262605968-mgr-x[30380]:
2024-05-10T11:08:51.949+0000 7fc1b1312200 -1 mgr[py] Module orchestrator has missing NOTIFY_TYPES member
2024-05-10T11:08:52.165 INFO:journalctl@ceph.mgr.x.smithi053.stdout:May 10 11:08:52 smithi053 ceph-745ae8e0-0ebd-11ef-bc98-c7b262605968-mgr-x[30380]:
2024-05-10T11:08:52.055+0000 7fc1b1312200 -1 mgr[py] Module snap_schedule has missing NOTIFY_TYPES member
2024-05-10T11:08:52.173 INFO:teuthology.orchestra.run.smithi053.stdout:/usr/bin/ceph: stderr
2024-05-10T11:08:51.245+0000 7f3355fb9700 1 Processor -- start
2024-05-10T11:08:52.173 INFO:teuthology.orchestra.run.smithi053.stdout:/usr/bin/ceph: stderr
2024-05-10T11:08:51.245+0000 7f3355fb9700 1 -- start start
2024-05-10T11:08:52.173 INFO:teuthology.orchestra.run.smithi053.stdout:/usr/bin/ceph: stderr
2024-05-10T11:08:51.246+0000 7f3355fb9700 1 --2- >> [v2:172.21.15.53:3300/0,v1:172.21.15.53:6789/0] conn(0x7f33501097f0 0x7f335010bbe0 unknown :-1 s=NONE pgs=0 cs=0 l=0 rev1=0 crypto rx=0 tx=0 comp rx=0 tx=0).connect
2024-05-10T11:08:52.173 INFO:teuthology.orchestra.run.smithi053.stdout:/usr/bin/ceph: stderr
2024-05-10T11:08:51.246+0000 7f3355fb9700 1 -- --> [v2:172.21.15.53:3300/0,v1:172.21.15.53:6789/0] -- mon_getmap magic: 0 -- 0x7f335007ce80 con 0x7f33501097f0
2024-05-10T11:08:52.174 INFO:teuthology.orchestra.run.smithi053.stdout:/usr/bin/ceph: stderr
2024-05-10T11:08:51.246+0000 7f334f7fe700 1 --2- >> [v2:172.21.15.53:3300/0,v1:172.21.15.53:6789/0] conn(0x7f33501097f0 0x7f335010bbe0 unknown :-1 s=BANNER_CONNECTING pgs=0 cs=0 l=0 rev1=0 crypto rx=0 tx=0 comp rx=0 tx=0)._handle_peer_banner_payload supported=3 required=0
2024-05-10T11:08:52.174 INFO:teuthology.orchestra.run.smithi053.stdout:/usr/bin/ceph: stderr
2024-05-10T11:08:51.246+0000 7f334f7fe700 1 --2- >> [v2:172.21.15.53:3300/0,v1:172.21.15.53:6789/0] conn(0x7f33501097f0 0x7f335010bbe0 unknown :-1 s=HELLO_CONNECTING pgs=0 cs=0 l=0 rev1=1 crypto rx=0 tx=0 comp rx=0 tx=0).handle_hello peer v2:172.21.15.53:3300/0 says I am v2:172.21.15.53:60914/0 (socket says 172.21.15.53:60914)
2024-05-10T11:08:52.174 INFO:teuthology.orchestra.run.smithi053.stdout:/usr/bin/ceph: stderr
2024-05-10T11:08:51.246+0000 7f334f7fe700 1 -- 172.21.15.53:0/3356764273 learned_addr learned my addr 172.21.15.53:0/3356764273 (peer_addr_for_me v2:172.21.15.53:0/0)
2024-05-10T11:08:52.174 INFO:teuthology.orchestra.run.smithi053.stdout:/usr/bin/ceph: stderr
2024-05-10T11:08:51.246+0000 7f334f7fe700 1 -- 172.21.15.53:0/3356764273 --> [v2:172.21.15.53:3300/0,v1:172.21.15.53:6789/0] -- mon_subscribe({config=0+,monmap=0+}) -- 0x7f335010c120 con 0x7f33501097f0
2024-05-10T11:08:52.174 INFO:teuthology.orchestra.run.smithi053.stdout:/usr/bin/ceph: stderr
2024-05-10T11:08:51.246+0000 7f334f7fe700 1 --2- 172.21.15.53:0/3356764273 >> [v2:172.21.15.53:3300/0,v1:172.21.15.53:6789/0] conn(0x7f33501097f0 0x7f335010bbe0 secure :-1 s=READY pgs=22 cs=0 l=1 rev1=1 crypto rx=0x7f33400098a0 tx=0x7f3340009bb0 comp rx=0 tx=0).ready entity=mon.0 client_cookie=1c9b8697dad50eef server_cookie=0 in_seq=0 out_seq=0
2024-05-10T11:08:52.174 INFO:teuthology.orchestra.run.smithi053.stdout:/usr/bin/ceph: stderr
2024-05-10T11:08:51.247+0000 7f334effd700 1 -- 172.21.15.53:0/3356764273 <== mon.0 v2:172.21.15.53:3300/0 1 ==== mon_map magic: 0 ==== 205+0+0 (secure 0 0 0) 0x7f3340004160 con 0x7f33501097f0
2024-05-10T11:08:52.174 INFO:teuthology.orchestra.run.smithi053.stdout:/usr/bin/ceph: stderr
2024-05-10T11:08:51.247+0000 7f334effd700 1 -- 172.21.15.53:0/3356764273 <== mon.0 v2:172.21.15.53:3300/0 2 ==== config(25 keys) ==== 1032+0+0 (secure 0 0 0) 0x7f3340004300 con 0x7f33501097f0
2024-05-10T11:08:52.174 INFO:teuthology.orchestra.run.smithi053.stdout:/usr/bin/ceph: stderr
2024-05-10T11:08:51.247+0000 7f334effd700 1 -- 172.21.15.53:0/3356764273 <== mon.0 v2:172.21.15.53:3300/0 3 ==== mon_map magic: 0 ==== 205+0+0 (secure 0 0 0) 0x7f33400119e0 con 0x7f33501097f0
2024-05-10T11:08:52.174 INFO:teuthology.orchestra.run.smithi053.stdout:/usr/bin/ceph: stderr
2024-05-10T11:08:51.247+0000 7f3355fb9700 1 -- 172.21.15.53:0/3356764273 >> [v2:172.21.15.53:3300/0,v1:172.21.15.53:6789/0] conn(0x7f33501097f0 msgr2=0x7f335010bbe0 secure :-1 s=STATE_CONNECTION_ESTABLISHED l=1).mark_down
2024-05-10T11:08:52.174 INFO:teuthology.orchestra.run.smithi053.stdout:/usr/bin/ceph: stderr
2024-05-10T11:08:51.247+0000 7f3355fb9700 1 --2- 172.21.15.53:0/3356764273 >> [v2:172.21.15.53:3300/0,v1:172.21.15.53:6789/0] conn(0x7f33501097f0 0x7f335010bbe0 secure :-1 s=READY pgs=22 cs=0 l=1 rev1=1 crypto rx=0x7f33400098a0 tx=0x7f3340009bb0 comp rx=0 tx=0).stop
2024-05-10T11:08:52.174 INFO:teuthology.orchestra.run.smithi053.stdout:/usr/bin/ceph: stderr
2024-05-10T11:08:51.247+0000 7f3355fb9700 1 -- 172.21.15.53:0/3356764273 shutdown_connections
2024-05-10T11:08:52.174 INFO:teuthology.orchestra.run.smithi053.stdout:/usr/bin/ceph: stderr
2024-05-10T11:08:51.247+0000 7f3355fb9700 1 --2- 172.21.15.53:0/3356764273 >> [v2:172.21.15.53:3300/0,v1:172.21.15.53:6789/0] conn(0x7f33501097f0 0x7f335010bbe0 unknown :-1 s=CLOSED pgs=22 cs=0 l=1 rev1=1 crypto rx=0 tx=0 comp rx=0 tx=0).stop
2024-05-10T11:08:52.174 INFO:teuthology.orchestra.run.smithi053.stdout:/usr/bin/ceph: stderr
2024-05-10T11:08:51.247+0000 7f3355fb9700 1 -- 172.21.15.53:0/3356764273 >> 172.21.15.53:0/3356764273 conn(0x7f3350103200 msgr2=0x7f3350105620 unknown :-1 s=STATE_NONE l=0).mark_down
2024-05-10T11:08:52.175 INFO:teuthology.orchestra.run.smithi053.stdout:/usr/bin/ceph: stderr
2024-05-10T11:08:51.247+0000 7f3355fb9700 1 -- 172.21.15.53:0/3356764273 shutdown_connections
2024-05-10T11:08:52.175 INFO:teuthology.orchestra.run.smithi053.stdout:/usr/bin/ceph: stderr
2024-05-10T11:08:51.247+0000 7f3355fb9700 1 -- 172.21.15.53:0/3356764273 wait complete.
2024-05-10T11:08:52.175 INFO:teuthology.orchestra.run.smithi053.stdout:/usr/bin/ceph: stderr
2024-05-10T11:08:51.248+0000 7f3355fb9700 1 Processor -- start
2024-05-10T11:08:52.175 INFO:teuthology.orchestra.run.smithi053.stdout:/usr/bin/ceph: stderr
2024-05-10T11:08:51.248+0000 7f3355fb9700 1 -- start start
2024-05-10T11:08:52.175 INFO:teuthology.orchestra.run.smithi053.stdout:/usr/bin/ceph: stderr
2024-05-10T11:08:51.248+0000 7f3355fb9700 1 --2- >> [v2:172.21.15.53:3300/0,v1:172.21.15.53:6789/0] conn(0x7f33501097f0 0x7f335019cb30 unknown :-1 s=NONE pgs=0 cs=0 l=1 rev1=0 crypto rx=0 tx=0 comp rx=0 tx=0).connect
2024-05-10T11:08:52.175 INFO:teuthology.orchestra.run.smithi053.stdout:/usr/bin/ceph: stderr
2024-05-10T11:08:51.248+0000 7f3355fb9700 1 -- --> [v2:172.21.15.53:3300/0,v1:172.21.15.53:6789/0] -- mon_getmap magic: 0 -- 0x7f335010d010 con 0x7f33501097f0
2024-05-10T11:08:52.175 INFO:teuthology.orchestra.run.smithi053.stdout:/usr/bin/ceph: stderr
2024-05-10T11:08:51.248+0000 7f334f7fe700 1 --2- >> [v2:172.21.15.53:3300/0,v1:172.21.15.53:6789/0] conn(0x7f33501097f0 0x7f335019cb30 unknown :-1 s=BANNER_CONNECTING pgs=0 cs=0 l=1 rev1=0 crypto rx=0 tx=0 comp rx=0 tx=0)._handle_peer_banner_payload supported=3 required=0
2024-05-10T11:08:52.175 INFO:teuthology.orchestra.run.smithi053.stdout:/usr/bin/ceph: stderr
2024-05-10T11:08:51.248+0000 7f334f7fe700 1 --2- >> [v2:172.21.15.53:3300/0,v1:172.21.15.53:6789/0] conn(0x7f33501097f0 0x7f335019cb30 unknown :-1 s=HELLO_CONNECTING pgs=0 cs=0 l=1 rev1=1 crypto rx=0 tx=0 comp rx=0 tx=0).handle_hello peer v2:172.21.15.53:3300/0 says I am v2:172.21.15.53:60922/0 (socket says 172.21.15.53:60922)
2024-05-10T11:08:52.175 INFO:teuthology.orchestra.run.smithi053.stdout:/usr/bin/ceph: stderr
2024-05-10T11:08:51.248+0000 7f334f7fe700 1 -- 172.21.15.53:0/1024109735 learned_addr learned my addr 172.21.15.53:0/1024109735 (peer_addr_for_me v2:172.21.15.53:0/0)
2024-05-10T11:08:52.175 INFO:teuthology.orchestra.run.smithi053.stdout:/usr/bin/ceph: stderr
2024-05-10T11:08:51.248+0000 7f334f7fe700 1 -- 172.21.15.53:0/1024109735 --> [v2:172.21.15.53:3300/0,v1:172.21.15.53:6789/0] -- mon_subscribe({config=0+,monmap=0+}) -- 0x7f335019d070 con 0x7f33501097f0
2024-05-10T11:08:52.175 INFO:teuthology.orchestra.run.smithi053.stdout:/usr/bin/ceph: stderr
2024-05-10T11:08:51.249+0000 7f334f7fe700 1 --2- 172.21.15.53:0/1024109735 >> [v2:172.21.15.53:3300/0,v1:172.21.15.53:6789/0] conn(0x7f33501097f0 0x7f335019cb30 secure :-1 s=READY pgs=23 cs=0 l=1 rev1=1 crypto rx=0x7f33400119e0 tx=0x7f33400046a0 comp rx=0 tx=0).ready entity=mon.0 client_cookie=0 server_cookie=0 in_seq=0 out_seq=0
2024-05-10T11:08:52.175 INFO:teuthology.orchestra.run.smithi053.stdout:/usr/bin/ceph: stderr
2024-05-10T11:08:51.249+0000 7f334d7fa700 1 -- 172.21.15.53:0/1024109735 <== mon.0 v2:172.21.15.53:3300/0 1 ==== mon_map magic: 0 ==== 205+0+0 (secure 0 0 0) 0x7f3340003bf0 con 0x7f33501097f0
2024-05-10T11:08:52.175 INFO:teuthology.orchestra.run.smithi053.stdout:/usr/bin/ceph: stderr
