2024-05-16T15:37:48.558 INFO:teuthology.orchestra.run.smithi043.stdout:/usr/bin/ceph: stderr
2024-05-16T15:37:46.926+0000 7fd507fff700 1 --2- 172.21.15.43:0/1795221814 >> [v2:172.21.15.43:6800/2824545909,v1:172.21.15.43:6801/2824545909] conn(0x7fd50803e420 0x7fd5080408e0 unknown :-1 s=NONE pgs=0 cs=0 l=1 rev1=0 crypto rx=0 tx=0 comp rx=0 tx=0).connect
2024-05-16T15:37:48.558 INFO:teuthology.orchestra.run.smithi043.stdout:/usr/bin/ceph: stderr
2024-05-16T15:37:46.926+0000 7fd507fff700 1 -- 172.21.15.43:0/1795221814 <== mon.0 v2:172.21.15.43:3300/0 5 ==== osd_map(1..1 src has 1..1) ==== 725+0+0 (secure 0 0 0) 0x7fd510053bd0 con 0x7fd520108ce0
2024-05-16T15:37:48.558 INFO:teuthology.orchestra.run.smithi043.stdout:/usr/bin/ceph: stderr
2024-05-16T15:37:46.926+0000 7fd51e59c700 1 -- 172.21.15.43:0/1795221814 >> [v2:172.21.15.43:6800/2824545909,v1:172.21.15.43:6801/2824545909] conn(0x7fd50803e420 msgr2=0x7fd5080408e0 unknown :-1 s=STATE_CONNECTING_RE l=1).process reconnect failed to v2:172.21.15.43:6800/2824545909
2024-05-16T15:37:48.558 INFO:teuthology.orchestra.run.smithi043.stdout:/usr/bin/ceph: stderr
2024-05-16T15:37:46.926+0000 7fd51e59c700 1 --2- 172.21.15.43:0/1795221814 >> [v2:172.21.15.43:6800/2824545909,v1:172.21.15.43:6801/2824545909] conn(0x7fd50803e420 0x7fd5080408e0 unknown :-1 s=START_CONNECT pgs=0 cs=0 l=1 rev1=0 crypto rx=0 tx=0 comp rx=0 tx=0)._fault waiting 0.200000
2024-05-16T15:37:48.558 INFO:teuthology.orchestra.run.smithi043.stdout:/usr/bin/ceph: stderr
2024-05-16T15:37:46.931+0000 7fd507fff700 1 -- 172.21.15.43:0/1795221814 <== mon.0 v2:172.21.15.43:3300/0 6 ==== mon_command_ack([{"prefix": "get_command_descriptions"}]=0 v0) ==== 72+0+191839 (secure 0 0 0) 0x7fd51000fdd0 con 0x7fd520108ce0
2024-05-16T15:37:48.558 INFO:teuthology.orchestra.run.smithi043.stdout:/usr/bin/ceph: stderr
2024-05-16T15:37:47.127+0000 7fd51e59c700 1 -- 172.21.15.43:0/1795221814 >> [v2:172.21.15.43:6800/2824545909,v1:172.21.15.43:6801/2824545909] conn(0x7fd50803e420 msgr2=0x7fd5080408e0 unknown :-1 s=STATE_CONNECTING_RE l=1).process reconnect failed to v2:172.21.15.43:6800/2824545909
2024-05-16T15:37:48.558 INFO:teuthology.orchestra.run.smithi043.stdout:/usr/bin/ceph: stderr
2024-05-16T15:37:47.127+0000 7fd51e59c700 1 --2- 172.21.15.43:0/1795221814 >> [v2:172.21.15.43:6800/2824545909,v1:172.21.15.43:6801/2824545909] conn(0x7fd50803e420 0x7fd5080408e0 unknown :-1 s=START_CONNECT pgs=0 cs=0 l=1 rev1=0 crypto rx=0 tx=0 comp rx=0 tx=0)._fault waiting 0.400000
2024-05-16T15:37:48.558 INFO:teuthology.orchestra.run.smithi043.stdout:/usr/bin/ceph: stderr
2024-05-16T15:37:47.221+0000 7fd525161700 1 -- 172.21.15.43:0/1795221814 --> [v2:172.21.15.43:3300/0,v1:172.21.15.43:6789/0] -- mon_command({"prefix": "mgr stat"} v 0) -- 0x7fd5201a0520 con 0x7fd520108ce0
2024-05-16T15:37:48.558 INFO:teuthology.orchestra.run.smithi043.stdout:/usr/bin/ceph: stderr
2024-05-16T15:37:47.222+0000 7fd507fff700 1 -- 172.21.15.43:0/1795221814 <== mon.0 v2:172.21.15.43:3300/0 7 ==== mon_command_ack([{"prefix": "mgr stat"}]=0 v5) ==== 56+0+88 (secure 0 0 0) 0x7fd5100535f0 con 0x7fd520108ce0
2024-05-16T15:37:48.558 INFO:teuthology.orchestra.run.smithi043.stdout:/usr/bin/ceph: stderr
2024-05-16T15:37:47.227+0000 7fd525161700 1 -- 172.21.15.43:0/1795221814 >> [v2:172.21.15.43:6800/2824545909,v1:172.21.15.43:6801/2824545909] conn(0x7fd50803e420 msgr2=0x7fd5080408e0 unknown :-1 s=STATE_CONNECTING l=1).mark_down
2024-05-16T15:37:48.559 INFO:teuthology.orchestra.run.smithi043.stdout:/usr/bin/ceph: stderr
2024-05-16T15:37:47.227+0000 7fd525161700 1 --2- 172.21.15.43:0/1795221814 >> [v2:172.21.15.43:6800/2824545909,v1:172.21.15.43:6801/2824545909] conn(0x7fd50803e420 0x7fd5080408e0 unknown :-1 s=START_CONNECT pgs=0 cs=0 l=1 rev1=0 crypto rx=0 tx=0 comp rx=0 tx=0).stop
2024-05-16T15:37:48.559 INFO:teuthology.orchestra.run.smithi043.stdout:/usr/bin/ceph: stderr
2024-05-16T15:37:47.227+0000 7fd525161700 1 -- 172.21.15.43:0/1795221814 >> [v2:172.21.15.43:3300/0,v1:172.21.15.43:6789/0] conn(0x7fd520108ce0 msgr2=0x7fd52019ca10 secure :-1 s=STATE_CONNECTION_ESTABLISHED l=1).mark_down
2024-05-16T15:37:48.559 INFO:teuthology.orchestra.run.smithi043.stdout:/usr/bin/ceph: stderr
2024-05-16T15:37:47.227+0000 7fd525161700 1 --2- 172.21.15.43:0/1795221814 >> [v2:172.21.15.43:3300/0,v1:172.21.15.43:6789/0] conn(0x7fd520108ce0 0x7fd52019ca10 secure :-1 s=READY pgs=25 cs=0 l=1 rev1=1 crypto rx=0x7fd5100116a0 tx=0x7fd510011a60 comp rx=0 tx=0).stop
2024-05-16T15:37:48.559 INFO:teuthology.orchestra.run.smithi043.stdout:/usr/bin/ceph: stderr
2024-05-16T15:37:47.227+0000 7fd525161700 1 -- 172.21.15.43:0/1795221814 shutdown_connections
2024-05-16T15:37:48.559 INFO:teuthology.orchestra.run.smithi043.stdout:/usr/bin/ceph: stderr
2024-05-16T15:37:47.227+0000 7fd525161700 1 --2- 172.21.15.43:0/1795221814 >> [v2:172.21.15.43:6800/2824545909,v1:172.21.15.43:6801/2824545909] conn(0x7fd50803e420 0x7fd5080408e0 unknown :-1 s=CLOSED pgs=0 cs=0 l=1 rev1=0 crypto rx=0 tx=0 comp rx=0 tx=0).stop
2024-05-16T15:37:48.559 INFO:teuthology.orchestra.run.smithi043.stdout:/usr/bin/ceph: stderr
2024-05-16T15:37:47.227+0000 7fd525161700 1 --2- 172.21.15.43:0/1795221814 >> [v2:172.21.15.43:3300/0,v1:172.21.15.43:6789/0] conn(0x7fd520108ce0 0x7fd52019ca10 unknown :-1 s=CLOSED pgs=25 cs=0 l=1 rev1=1 crypto rx=0 tx=0 comp rx=0 tx=0).stop
2024-05-16T15:37:48.559 INFO:teuthology.orchestra.run.smithi043.stdout:/usr/bin/ceph: stderr
2024-05-16T15:37:47.227+0000 7fd525161700 1 -- 172.21.15.43:0/1795221814 >> 172.21.15.43:0/1795221814 conn(0x7fd5201042a0 msgr2=0x7fd520104c40 unknown :-1 s=STATE_NONE l=0).mark_down
2024-05-16T15:37:48.559 INFO:teuthology.orchestra.run.smithi043.stdout:/usr/bin/ceph: stderr
2024-05-16T15:37:47.228+0000 7fd525161700 1 -- 172.21.15.43:0/1795221814 shutdown_connections
2024-05-16T15:37:48.559 INFO:teuthology.orchestra.run.smithi043.stdout:/usr/bin/ceph: stderr
2024-05-16T15:37:47.228+0000 7fd525161700 1 -- 172.21.15.43:0/1795221814 wait complete.
2024-05-16T15:37:48.559 INFO:teuthology.orchestra.run.smithi043.stdout:Waiting for the mgr to restart...
2024-05-16T15:37:48.559 INFO:teuthology.orchestra.run.smithi043.stdout:Waiting for mgr epoch 5...
2024-05-16T15:37:48.836 INFO:journalctl@ceph.mgr.x.smithi043.stdout:May 16 15:37:48 smithi043 ceph-13155b42-139a-11ef-bc9a-c7b262605968-mgr-x[31851]:
2024-05-16T15:37:48.734+0000 7f1c96d7f200 -1 mgr[py] Module alerts has missing NOTIFY_TYPES member
2024-05-16T15:37:49.149 INFO:journalctl@ceph.mgr.x.smithi043.stdout:May 16 15:37:48 smithi043 ceph-13155b42-139a-11ef-bc9a-c7b262605968-mgr-x[31851]:
2024-05-16T15:37:48.833+0000 7f1c96d7f200 -1 mgr[py] Module selftest has missing NOTIFY_TYPES member
2024-05-16T15:37:49.149 INFO:journalctl@ceph.mgr.x.smithi043.stdout:May 16 15:37:49 smithi043 ceph-13155b42-139a-11ef-bc9a-c7b262605968-mgr-x[31851]:
2024-05-16T15:37:49.047+0000 7f1c96d7f200 -1 mgr[py] Module pg_autoscaler has missing NOTIFY_TYPES member
2024-05-16T15:37:49.468 INFO:journalctl@ceph.mgr.x.smithi043.stdout:May 16 15:37:49 smithi043 ceph-13155b42-139a-11ef-bc9a-c7b262605968-mgr-x[31851]:
2024-05-16T15:37:49.248+0000 7f1c96d7f200 -1 mgr[py] Module test_orchestrator has missing NOTIFY_TYPES member
2024-05-16T15:37:50.218 INFO:journalctl@ceph.mgr.x.smithi043.stdout:May 16 15:37:49 smithi043 ceph-13155b42-139a-11ef-bc9a-c7b262605968-mgr-x[31851]:
2024-05-16T15:37:49.877+0000 7f1c96d7f200 -1 mgr[py] Module rook has missing NOTIFY_TYPES member
2024-05-16T15:37:50.218 INFO:journalctl@ceph.mgr.x.smithi043.stdout:May 16 15:37:50 smithi043 ceph-13155b42-139a-11ef-bc9a-c7b262605968-mgr-x[31851]:
2024-05-16T15:37:50.106+0000 7f1c96d7f200 -1 mgr[py] Module smb has missing NOTIFY_TYPES member
2024-05-16T15:37:50.652 INFO:journalctl@ceph.mgr.x.smithi043.stdout:May 16 15:37:50 smithi043 ceph-13155b42-139a-11ef-bc9a-c7b262605968-mgr-x[31851]:
2024-05-16T15:37:50.547+0000 7f1c96d7f200 -1 mgr[py] Module volumes has missing NOTIFY_TYPES member
2024-05-16T15:37:50.653 INFO:journalctl@ceph.mgr.x.smithi043.stdout:May 16 15:37:50 smithi043 ceph-13155b42-139a-11ef-bc9a-c7b262605968-mgr-x[31851]:
2024-05-16T15:37:50.648+0000 7f1c96d7f200 -1 mgr[py] Module crash has missing NOTIFY_TYPES member
2024-05-16T15:37:51.410 INFO:journalctl@ceph.mgr.x.smithi043.stdout:May 16 15:37:51 smithi043 ceph-13155b42-139a-11ef-bc9a-c7b262605968-mgr-x[31851]:
2024-05-16T15:37:51.032+0000 7f1c96d7f200 -1 mgr[py] Module rgw has missing NOTIFY_TYPES member
2024-05-16T15:37:51.410 INFO:journalctl@ceph.mgr.x.smithi043.stdout:May 16 15:37:51 smithi043 ceph-13155b42-139a-11ef-bc9a-c7b262605968-mgr-x[31851]:
2024-05-16T15:37:51.405+0000 7f1c96d7f200 -1 mgr[py] Module prometheus has missing NOTIFY_TYPES member
2024-05-16T15:37:51.718 INFO:journalctl@ceph.mgr.x.smithi043.stdout:May 16 15:37:51 smithi043 ceph-13155b42-139a-11ef-bc9a-c7b262605968-mgr-x[31851]:
2024-05-16T15:37:51.501+0000 7f1c96d7f200 -1 mgr[py] Module devicehealth has missing NOTIFY_TYPES member
2024-05-16T15:37:52.218 INFO:journalctl@ceph.mgr.x.smithi043.stdout:May 16 15:37:51 smithi043 ceph-13155b42-139a-11ef-bc9a-c7b262605968-mgr-x[31851]:
2024-05-16T15:37:51.755+0000 7f1c96d7f200 -1 mgr[py] Module telemetry has missing NOTIFY_TYPES member
2024-05-16T15:37:52.218 INFO:journalctl@ceph.mgr.x.smithi043.stdout:May 16 15:37:51 smithi043 ceph-13155b42-139a-11ef-bc9a-c7b262605968-mgr-x[31851]:
2024-05-16T15:37:51.895+0000 7f1c96d7f200 -1 mgr[py] Module diskprediction_local has missing NOTIFY_TYPES member
2024-05-16T15:37:52.218 INFO:journalctl@ceph.mgr.x.smithi043.stdout:May 16 15:37:51 smithi043 ceph-13155b42-139a-11ef-bc9a-c7b262605968-mgr-x[31851]:
2024-05-16T15:37:51.995+0000 7f1c96d7f200 -1 mgr[py] Module osd_perf_query has missing NOTIFY_TYPES member
2024-05-16T15:37:52.718 INFO:journalctl@ceph.mgr.x.smithi043.stdout:May 16 15:37:52 smithi043 ceph-13155b42-139a-11ef-bc9a-c7b262605968-mgr-x[31851]:
2024-05-16T15:37:52.334+0000 7f1c96d7f200 -1 mgr[py] Module rbd_support has missing NOTIFY_TYPES member
2024-05-16T15:37:52.718 INFO:journalctl@ceph.mgr.x.smithi043.stdout:May 16 15:37:52 smithi043 ceph-13155b42-139a-11ef-bc9a-c7b262605968-mgr-x[31851]:
2024-05-16T15:37:52.430+0000 7f1c96d7f200 -1 mgr[py] Module zabbix has missing NOTIFY_TYPES member
2024-05-16T15:37:53.293 INFO:journalctl@ceph.mgr.x.smithi043.stdout:May 16 15:37:53 smithi043 ceph-13155b42-139a-11ef-bc9a-c7b262605968-mgr-x[31851]:
2024-05-16T15:37:53.063+0000 7f1c96d7f200 -1 mgr[py] Module status has missing NOTIFY_TYPES member
2024-05-16T15:37:53.293 INFO:journalctl@ceph.mgr.x.smithi043.stdout:May 16 15:37:53 smithi043 ceph-13155b42-139a-11ef-bc9a-c7b262605968-mgr-x[31851]:
2024-05-16T15:37:53.288+0000 7f1c96d7f200 -1 mgr[py] Module nfs has missing NOTIFY_TYPES member
2024-05-16T15:37:53.565 INFO:journalctl@ceph.mon.a.smithi043.stdout:May 16 15:37:53 smithi043 ceph-mon[31619]: Active manager daemon x restarted
2024-05-16T15:37:53.565 INFO:journalctl@ceph.mon.a.smithi043.stdout:May 16 15:37:53 smithi043 ceph-mon[31619]: Activating manager daemon x
2024-05-16T15:37:53.565 INFO:journalctl@ceph.mon.a.smithi043.stdout:May 16 15:37:53 smithi043 ceph-mon[31619]: osdmap e2: 0 total, 0 up, 0 in
2024-05-16T15:37:53.565 INFO:journalctl@ceph.mon.a.smithi043.stdout:May 16 15:37:53 smithi043 ceph-mon[31619]: mgrmap e6: x(active, starting, since 0.00344114s)
2024-05-16T15:37:53.566 INFO:journalctl@ceph.mon.a.smithi043.stdout:May 16 15:37:53 smithi043 ceph-mon[31619]: from='mgr.14118 172.21.15.43:0/1351577342' entity='mgr.x' cmd=[{"prefix": "mon metadata", "id": "a"}]: dispatch
2024-05-16T15:37:53.566 INFO:journalctl@ceph.mon.a.smithi043.stdout:May 16 15:37:53 smithi043 ceph-mon[31619]: from='mgr.14118 172.21.15.43:0/1351577342' entity='mgr.x' cmd=[{"prefix": "mgr metadata", "who": "x", "id": "x"}]: dispatch
2024-05-16T15:37:53.566 INFO:journalctl@ceph.mon.a.smithi043.stdout:May 16 15:37:53 smithi043 ceph-mon[31619]: from='mgr.14118 172.21.15.43:0/1351577342' entity='mgr.x' cmd=[{"prefix": "mds metadata"}]: dispatch
2024-05-16T15:37:53.566 INFO:journalctl@ceph.mon.a.smithi043.stdout:May 16 15:37:53 smithi043 ceph-mon[31619]: from='mgr.14118 172.21.15.43:0/1351577342' entity='mgr.x' cmd=[{"prefix": "osd metadata"}]: dispatch
2024-05-16T15:37:53.566 INFO:journalctl@ceph.mon.a.smithi043.stdout:May 16 15:37:53 smithi043 ceph-mon[31619]: from='mgr.14118 172.21.15.43:0/1351577342' entity='mgr.x' cmd=[{"prefix": "mon metadata"}]: dispatch
2024-05-16T15:37:53.566 INFO:journalctl@ceph.mon.a.smithi043.stdout:May 16 15:37:53 smithi043 ceph-mon[31619]: Manager daemon x is now available
2024-05-16T15:37:53.566 INFO:journalctl@ceph.mon.a.smithi043.stdout:May 16 15:37:53 smithi043 ceph-mon[31619]: from='mgr.14118 172.21.15.43:0/1351577342' entity='mgr.x'
2024-05-16T15:37:53.566 INFO:journalctl@ceph.mon.a.smithi043.stdout:May 16 15:37:53 smithi043 ceph-mon[31619]: from='mgr.14118 172.21.15.43:0/1351577342' entity='mgr.x'
2024-05-16T15:37:53.566 INFO:journalctl@ceph.mon.a.smithi043.stdout:May 16 15:37:53 smithi043 ceph-mon[31619]: from='mgr.14118 172.21.15.43:0/1351577342' entity='mgr.x' cmd=[{"prefix": "config dump", "format": "json"}]: dispatch
2024-05-16T15:37:53.566 INFO:journalctl@ceph.mon.a.smithi043.stdout:May 16 15:37:53 smithi043 ceph-mon[31619]: from='mgr.14118 172.21.15.43:0/1351577342' entity='mgr.x' cmd=[{"prefix": "config dump", "format": "json"}]: dispatch
2024-05-16T15:37:54.605 INFO:journalctl@ceph.mon.a.smithi043.stdout:May 16 15:37:54 smithi043 ceph-mon[31619]: Found migration_current of "None". Setting to last migration.
2024-05-16T15:37:54.606 INFO:journalctl@ceph.mon.a.smithi043.stdout:May 16 15:37:54 smithi043 ceph-mon[31619]: from='mgr.14118 172.21.15.43:0/1351577342' entity='mgr.x' cmd=[{"prefix":"config rm","who":"mgr","name":"mgr/rbd_support/x/mirror_snapshot_schedule"}]: dispatch
2024-05-16T15:37:54.606 INFO:journalctl@ceph.mon.a.smithi043.stdout:May 16 15:37:54 smithi043 ceph-mon[31619]: from='mgr.14118 172.21.15.43:0/1351577342' entity='mgr.x' cmd=[{"prefix":"config rm","who":"mgr","name":"mgr/rbd_support/x/trash_purge_schedule"}]: dispatch
2024-05-16T15:37:54.606 INFO:journalctl@ceph.mon.a.smithi043.stdout:May 16 15:37:54 smithi043 ceph-mon[31619]: mgrmap e7: x(active, since 1.00583s)
2024-05-16T15:37:54.891 INFO:teuthology.orchestra.run.smithi043.stdout:/usr/bin/ceph: stdout {
2024-05-16T15:37:54.891 INFO:teuthology.orchestra.run.smithi043.stdout:/usr/bin/ceph: stdout "mgrmap_epoch": 7,
2024-05-16T15:37:54.891 INFO:teuthology.orchestra.run.smithi043.stdout:/usr/bin/ceph: stdout "initialized": true
2024-05-16T15:37:54.891 INFO:teuthology.orchestra.run.smithi043.stdout:/usr/bin/ceph: stdout }
2024-05-16T15:37:54.891 INFO:teuthology.orchestra.run.smithi043.stdout:/usr/bin/ceph: stderr
2024-05-16T15:37:48.938+0000 7f3167d12700 1 Processor -- start
2024-05-16T15:37:54.891 INFO:teuthology.orchestra.run.smithi043.stdout:/usr/bin/ceph: stderr
2024-05-16T15:37:48.939+0000 7f3167d12700 1 -- start start
2024-05-16T15:37:54.891 INFO:teuthology.orchestra.run.smithi043.stdout:/usr/bin/ceph: stderr
2024-05-16T15:37:48.939+0000 7f3167d12700 1 --2- >> [v2:172.21.15.43:3300/0,v1:172.21.15.43:6789/0] conn(0x7f3160107560 0x7f3160107980 unknown :-1 s=NONE pgs=0 cs=0 l=0 rev1=0 crypto rx=0 tx=0 comp rx=0 tx=0).connect
2024-05-16T15:37:54.891 INFO:teuthology.orchestra.run.smithi043.stdout:/usr/bin/ceph: stderr
2024-05-16T15:37:48.939+0000 7f3167d12700 1 -- --> [v2:172.21.15.43:3300/0,v1:172.21.15.43:6789/0] -- mon_getmap magic: 0 -- 0x7f316007cdf0 con 0x7f3160107560
2024-05-16T15:37:54.891 INFO:teuthology.orchestra.run.smithi043.stdout:/usr/bin/ceph: stderr
2024-05-16T15:37:48.939+0000 7f3165aae700 1 --2- >> [v2:172.21.15.43:3300/0,v1:172.21.15.43:6789/0] conn(0x7f3160107560 0x7f3160107980 unknown :-1 s=BANNER_CONNECTING pgs=0 cs=0 l=0 rev1=0 crypto rx=0 tx=0 comp rx=0 tx=0)._handle_peer_banner_payload supported=3 required=0
2024-05-16T15:37:54.891 INFO:teuthology.orchestra.run.smithi043.stdout:/usr/bin/ceph: stderr
2024-05-16T15:37:48.939+0000 7f3165aae700 1 --2- >> [v2:172.21.15.43:3300/0,v1:172.21.15.43:6789/0] conn(0x7f3160107560 0x7f3160107980 unknown :-1 s=HELLO_CONNECTING pgs=0 cs=0 l=0 rev1=1 crypto rx=0 tx=0 comp rx=0 tx=0).handle_hello peer v2:172.21.15.43:3300/0 says I am v2:172.21.15.43:41874/0 (socket says 172.21.15.43:41874)
2024-05-16T15:37:54.892 INFO:teuthology.orchestra.run.smithi043.stdout:/usr/bin/ceph: stderr
2024-05-16T15:37:48.939+0000 7f3165aae700 1 -- 172.21.15.43:0/2980005154 learned_addr learned my addr 172.21.15.43:0/2980005154 (peer_addr_for_me v2:172.21.15.43:0/0)
2024-05-16T15:37:54.892 INFO:teuthology.orchestra.run.smithi043.stdout:/usr/bin/ceph: stderr
2024-05-16T15:37:48.939+0000 7f3165aae700 1 -- 172.21.15.43:0/2980005154 --> [v2:172.21.15.43:3300/0,v1:172.21.15.43:6789/0] -- mon_subscribe({config=0+,monmap=0+}) -- 0x7f3160107ec0 con 0x7f3160107560
2024-05-16T15:37:54.892 INFO:teuthology.orchestra.run.smithi043.stdout:/usr/bin/ceph: stderr
2024-05-16T15:37:48.939+0000 7f3165aae700 1 --2- 172.21.15.43:0/2980005154 >> [v2:172.21.15.43:3300/0,v1:172.21.15.43:6789/0] conn(0x7f3160107560 0x7f3160107980 secure :-1 s=READY pgs=26 cs=0 l=1 rev1=1 crypto rx=0x7f315c0098a0 tx=0x7f315c009bb0 comp rx=0 tx=0).ready entity=mon.0 client_cookie=c5e2762f95f3d3b3 server_cookie=0 in_seq=0 out_seq=0
2024-05-16T15:37:54.892 INFO:teuthology.orchestra.run.smithi043.stdout:/usr/bin/ceph: stderr
2024-05-16T15:37:48.940+0000 7f3164aac700 1 -- 172.21.15.43:0/2980005154 <== mon.0 v2:172.21.15.43:3300/0 1 ==== mon_map magic: 0 ==== 205+0+0 (secure 0 0 0) 0x7f315c004160 con 0x7f3160107560
2024-05-16T15:37:54.892 INFO:teuthology.orchestra.run.smithi043.stdout:/usr/bin/ceph: stderr
2024-05-16T15:37:48.940+0000 7f3164aac700 1 -- 172.21.15.43:0/2980005154 <== mon.0 v2:172.21.15.43:3300/0 2 ==== config(25 keys) ==== 1032+0+0 (secure 0 0 0) 0x7f315c004300 con 0x7f3160107560
2024-05-16T15:37:54.892 INFO:teuthology.orchestra.run.smithi043.stdout:/usr/bin/ceph: stderr
2024-05-16T15:37:48.940+0000 7f3164aac700 1 -- 172.21.15.43:0/2980005154 <== mon.0 v2:172.21.15.43:3300/0 3 ==== mon_map magic: 0 ==== 205+0+0 (secure 0 0 0) 0x7f315c0119e0 con 0x7f3160107560
2024-05-16T15:37:54.892 INFO:teuthology.orchestra.run.smithi043.stdout:/usr/bin/ceph: stderr
2024-05-16T15:37:48.940+0000 7f3167d12700 1 -- 172.21.15.43:0/2980005154 >> [v2:172.21.15.43:3300/0,v1:172.21.15.43:6789/0] conn(0x7f3160107560 msgr2=0x7f3160107980 secure :-1 s=STATE_CONNECTION_ESTABLISHED l=1).mark_down
2024-05-16T15:37:54.892 INFO:teuthology.orchestra.run.smithi043.stdout:/usr/bin/ceph: stderr
2024-05-16T15:37:48.940+0000 7f3167d12700 1 --2- 172.21.15.43:0/2980005154 >> [v2:172.21.15.43:3300/0,v1:172.21.15.43:6789/0] conn(0x7f3160107560 0x7f3160107980 secure :-1 s=READY pgs=26 cs=0 l=1 rev1=1 crypto rx=0x7f315c0098a0 tx=0x7f315c009bb0 comp rx=0 tx=0).stop
2024-05-16T15:37:54.892 INFO:teuthology.orchestra.run.smithi043.stdout:/usr/bin/ceph: stderr
2024-05-16T15:37:48.940+0000 7f3167d12700 1 -- 172.21.15.43:0/2980005154 shutdown_connections
2024-05-16T15:37:54.892 INFO:teuthology.orchestra.run.smithi043.stdout:/usr/bin/ceph: stderr
2024-05-16T15:37:48.940+0000 7f3167d12700 1 --2- 172.21.15.43:0/2980005154 >> [v2:172.21.15.43:3300/0,v1:172.21.15.43:6789/0] conn(0x7f3160107560 0x7f3160107980 unknown :-1 s=CLOSED pgs=26 cs=0 l=1 rev1=1 crypto rx=0 tx=0 comp rx=0 tx=0).stop
2024-05-16T15:37:54.892 INFO:teuthology.orchestra.run.smithi043.stdout:/usr/bin/ceph: stderr
2024-05-16T15:37:48.940+0000 7f3167d12700 1 -- 172.21.15.43:0/2980005154 >> 172.21.15.43:0/2980005154 conn(0x7f3160103120 msgr2=0x7f3160105560 unknown :-1 s=STATE_NONE l=0).mark_down
2024-05-16T15:37:54.892 INFO:teuthology.orchestra.run.smithi043.stdout:/usr/bin/ceph: stderr
2024-05-16T15:37:48.941+0000 7f3167d12700 1 -- 172.21.15.43:0/2980005154 shutdown_connections
2024-05-16T15:37:54.892 INFO:teuthology.orchestra.run.smithi043.stdout:/usr/bin/ceph: stderr
2024-05-16T15:37:48.941+0000 7f3167d12700 1 -- 172.21.15.43:0/2980005154 wait complete.
2024-05-16T15:37:54.892 INFO:teuthology.orchestra.run.smithi043.stdout:/usr/bin/ceph: stderr
2024-05-16T15:37:48.941+0000 7f3167d12700 1 Processor -- start
2024-05-16T15:37:54.892 INFO:teuthology.orchestra.run.smithi043.stdout:/usr/bin/ceph: stderr
2024-05-16T15:37:48.941+0000 7f3167d12700 1 -- start start
2024-05-16T15:37:54.893 INFO:teuthology.orchestra.run.smithi043.stdout:/usr/bin/ceph: stderr
2024-05-16T15:37:48.941+0000 7f3167d12700 1 --2- >> [v2:172.21.15.43:3300/0,v1:172.21.15.43:6789/0] conn(0x7f3160107560 0x7f316019ece0 unknown :-1 s=NONE pgs=0 cs=0 l=1 rev1=0 crypto rx=0 tx=0 comp rx=0 tx=0).connect
2024-05-16T15:37:54.893 INFO:teuthology.orchestra.run.smithi043.stdout:/usr/bin/ceph: stderr
2024-05-16T15:37:48.941+0000 7f3167d12700 1 -- --> [v2:172.21.15.43:3300/0,v1:172.21.15.43:6789/0] -- mon_getmap magic: 0 -- 0x7f3160108e20 con 0x7f3160107560
2024-05-16T15:37:54.893 INFO:teuthology.orchestra.run.smithi043.stdout:/usr/bin/ceph: stderr
2024-05-16T15:37:48.942+0000 7f3165aae700 1 --2- >> [v2:172.21.15.43:3300/0,v1:172.21.15.43:6789/0] conn(0x7f3160107560 0x7f316019ece0 unknown :-1 s=BANNER_CONNECTING pgs=0 cs=0 l=1 rev1=0 crypto rx=0 tx=0 comp rx=0 tx=0)._handle_peer_banner_payload supported=3 required=0
2024-05-16T15:37:54.893 INFO:teuthology.orchestra.run.smithi043.stdout:/usr/bin/ceph: stderr
2024-05-16T15:37:48.942+0000 7f3165aae700 1 --2- >> [v2:172.21.15.43:3300/0,v1:172.21.15.43:6789/0] conn(0x7f3160107560 0x7f316019ece0 unknown :-1 s=HELLO_CONNECTING pgs=0 cs=0 l=1 rev1=1 crypto rx=0 tx=0 comp rx=0 tx=0).handle_hello peer v2:172.21.15.43:3300/0 says I am v2:172.21.15.43:41886/0 (socket says 172.21.15.43:41886)
2024-05-16T15:37:54.893 INFO:teuthology.orchestra.run.smithi043.stdout:/usr/bin/ceph: stderr
2024-05-16T15:37:48.942+0000 7f3165aae700 1 -- 172.21.15.43:0/2093745864 learned_addr learned my addr 172.21.15.43:0/2093745864 (peer_addr_for_me v2:172.21.15.43:0/0)
2024-05-16T15:37:54.893 INFO:teuthology.orchestra.run.smithi043.stdout:/usr/bin/ceph: stderr
2024-05-16T15:37:48.942+0000 7f3165aae700 1 -- 172.21.15.43:0/2093745864 --> [v2:172.21.15.43:3300/0,v1:172.21.15.43:6789/0] -- mon_subscribe({config=0+,monmap=0+}) -- 0x7f316019f220 con 0x7f3160107560
2024-05-16T15:37:54.893 INFO:teuthology.orchestra.run.smithi043.stdout:/usr/bin/ceph: stderr
2024-05-16T15:37:48.942+0000 7f3165aae700 1 --2- 172.21.15.43:0/2093745864 >> [v2:172.21.15.43:3300/0,v1:172.21.15.43:6789/0] conn(0x7f3160107560 0x7f316019ece0 secure :-1 s=READY pgs=27 cs=0 l=1 rev1=1 crypto rx=0x7f315c0119e0 tx=0x7f315c0046a0 comp rx=0 tx=0).ready entity=mon.0 client_cookie=0 server_cookie=0 in_seq=0 out_seq=0
2024-05-16T15:37:54.893 INFO:teuthology.orchestra.run.smithi043.stdout:/usr/bin/ceph: stderr
2024-05-16T15:37:48.942+0000 7f3156ffd700 1 -- 172.21.15.43:0/2093745864 <== mon.0 v2:172.21.15.43:3300/0 1 ==== mon_map magic: 0 ==== 205+0+0 (secure 0 0 0) 0x7f315c003bf0 con 0x7f3160107560
2024-05-16T15:37:54.893 INFO:teuthology.orchestra.run.smithi043.stdout:/usr/bin/ceph: stderr
2024-05-16T15:37:48.942+0000 7f3167d12700 1 -- 172.21.15.43:0/2093745864 --> [v2:172.21.15.43:3300/0,v1:172.21.15.43:6789/0] -- mon_subscribe({mgrmap=0+}) -- 0x7f316019f4b0 con 0x7f3160107560
2024-05-16T15:37:54.893 INFO:teuthology.orchestra.run.smithi043.stdout:/usr/bin/ceph: stderr
2024-05-16T15:37:48.942+0000 7f3156ffd700 1 -- 172.21.15.43:0/2093745864 <== mon.0 v2:172.21.15.43:3300/0 2 ==== config(25 keys) ==== 1032+0+0 (secure 0 0 0) 0x7f315c01a8a0 con 0x7f3160107560
2024-05-16T15:37:54.893 INFO:teuthology.orchestra.run.smithi043.stdout:/usr/bin/ceph: stderr
2024-05-16T15:37:48.942+0000 7f3167d12700 1 -- 172.21.15.43:0/2093745864 --> [v2:172.21.15.43:3300/0,v1:172.21.15.43:6789/0] -- mon_subscribe({osdmap=0}) -- 0x7f31601a2190 con 0x7f3160107560
2024-05-16T15:37:54.893 INFO:teuthology.orchestra.run.smithi043.stdout:/usr/bin/ceph: stderr
2024-05-16T15:37:48.942+0000 7f3156ffd700 1 -- 172.21.15.43:0/2093745864 <== mon.0 v2:172.21.15.43:3300/0 3 ==== mon_map magic: 0 ==== 205+0+0 (secure 0 0 0) 0x7f315c0248c0 con 0x7f3160107560
2024-05-16T15:37:54.893 INFO:teuthology.orchestra.run.smithi043.stdout:/usr/bin/ceph: stderr
2024-05-16T15:37:48.944+0000 7f3156ffd700 1 -- 172.21.15.43:0/2093745864 <== mon.0 v2:172.21.15.43:3300/0 4 ==== mgrmap(e 5) ==== 50222+0+0 (secure 0 0 0) 0x7f315c022020 con 0x7f3160107560
2024-05-16T15:37:54.893 INFO:teuthology.orchestra.run.smithi043.stdout:/usr/bin/ceph: stderr
2024-05-16T15:37:48.944+0000 7f3156ffd700 1 --2- 172.21.15.43:0/2093745864 >> [v2:172.21.15.43:6800/2824545909,v1:172.21.15.43:6801/2824545909] conn(0x7f314c03e420 0x7f314c0408e0 unknown :-1 s=NONE pgs=0 cs=0 l=1 rev1=0 crypto rx=0 tx=0 comp rx=0 tx=0).connect
2024-05-16T15:37:54.893 INFO:teuthology.orchestra.run.smithi043.stdout:/usr/bin/ceph: stderr
2024-05-16T15:37:48.944+0000 7f3156ffd700 1 -- 172.21.15.43:0/2093745864 --> [v2:172.21.15.43:6800/2824545909,v1:172.21.15.43:6801/2824545909] -- command(tid 0: {"prefix": "get_command_descriptions"}) -- 0x7f314c040ff0 con 0x7f314c03e420
2024-05-16T15:37:54.894 INFO:teuthology.orchestra.run.smithi043.stdout:/usr/bin/ceph: stderr
2024-05-16T15:37:48.944+0000 7f3156ffd700 1 -- 172.21.15.43:0/2093745864 <== mon.0 v2:172.21.15.43:3300/0 5 ==== osd_map(1..1 src has 1..1) ==== 725+0+0 (secure 0 0 0) 0x7f315c053760 con 0x7f3160107560
2024-05-16T15:37:54.894 INFO:teuthology.orchestra.run.smithi043.stdout:/usr/bin/ceph: stderr
2024-05-16T15:37:48.944+0000 7f31652ad700 1 -- 172.21.15.43:0/2093745864 >> [v2:172.21.15.43:6800/2824545909,v1:172.21.15.43:6801/2824545909] conn(0x7f314c03e420 msgr2=0x7f314c0408e0 unknown :-1 s=STATE_CONNECTING_RE l=1).process reconnect failed to v2:172.21.15.43:6800/2824545909
2024-05-16T15:37:54.894 INFO:teuthology.orchestra.run.smithi043.stdout:/usr/bin/ceph: stderr
2024-05-16T15:37:48.944+0000 7f31652ad700 1 --2- 172.21.15.43:0/2093745864 >> [v2:172.21.15.43:6800/2824545909,v1:172.21.15.43:6801/2824545909] conn(0x7f314c03e420 0x7f314c0408e0 unknown :-1 s=START_CONNECT pgs=0 cs=0 l=1 rev1=0 crypto rx=0 tx=0 comp rx=0 tx=0)._fault waiting 0.200000
2024-05-16T15:37:54.894 INFO:teuthology.orchestra.run.smithi043.stdout:/usr/bin/ceph: stderr
2024-05-16T15:37:49.145+0000 7f31652ad700 1 -- 172.21.15.43:0/2093745864 >> [v2:172.21.15.43:6800/2824545909,v1:172.21.15.43:6801/2824545909] conn(0x7f314c03e420 msgr2=0x7f314c0408e0 unknown :-1 s=STATE_CONNECTING_RE l=1).process reconnect failed to v2:172.21.15.43:6800/2824545909
2024-05-16T15:37:54.894 INFO:teuthology.orchestra.run.smithi043.stdout:/usr/bin/ceph: stderr
2024-05-16T15:37:49.145+0000 7f31652ad700 1 --2- 172.21.15.43:0/2093745864 >> [v2:172.21.15.43:6800/2824545909,v1:172.21.15.43:6801/2824545909] conn(0x7f314c03e420 0x7f314c0408e0 unknown :-1 s=START_CONNECT pgs=0 cs=0 l=1 rev1=0 crypto rx=0 tx=0 comp rx=0 tx=0)._fault waiting 0.400000
2024-05-16T15:37:54.894 INFO:teuthology.orchestra.run.smithi043.stdout:/usr/bin/ceph: stderr
2024-05-16T15:37:49.546+0000 7f31652ad700 1 -- 172.21.15.43:0/2093745864 >> [v2:172.21.15.43:6800/2824545909,v1:172.21.15.43:6801/2824545909] conn(0x7f314c03e420 msgr2=0x7f314c0408e0 unknown :-1 s=STATE_CONNECTING_RE l=1).process reconnect failed to v2:172.21.15.43:6800/2824545909
2024-05-16T15:37:54.894 INFO:teuthology.orchestra.run.smithi043.stdout:/usr/bin/ceph: stderr
2024-05-16T15:37:49.546+0000 7f31652ad700 1 --2- 172.21.15.43:0/2093745864 >> [v2:172.21.15.43:6800/2824545909,v1:172.21.15.43:6801/2824545909] conn(0x7f314c03e420 0x7f314c0408e0 unknown :-1 s=START_CONNECT pgs=0 cs=0 l=1 rev1=0 crypto rx=0 tx=0 comp rx=0 tx=0)._fault waiting 0.800000
2024-05-16T15:37:54.894 INFO:teuthology.orchestra.run.smithi043.stdout:/usr/bin/ceph: stderr
2024-05-16T15:37:50.347+0000 7f31652ad700 1 -- 172.21.15.43:0/2093745864 >> [v2:172.21.15.43:6800/2824545909,v1:172.21.15.43:6801/2824545909] conn(0x7f314c03e420 msgr2=0x7f314c0408e0 unknown :-1 s=STATE_CONNECTING_RE l=1).process reconnect failed to v2:172.21.15.43:6800/2824545909
2024-05-16T15:37:54.894 INFO:teuthology.orchestra.run.smithi043.stdout:/usr/bin/ceph: stderr
2024-05-16T15:37:50.347+0000 7f31652ad700 1 --2- 172.21.15.43:0/2093745864 >> [v2:172.21.15.43:6800/2824545909,v1:172.21.15.43:6801/2824545909] conn(0x7f314c03e420 0x7f314c0408e0 unknown :-1 s=START_CONNECT pgs=0 cs=0 l=1 rev1=0 crypto rx=0 tx=0 comp rx=0 tx=0)._fault waiting 1.600000
2024-05-16T15:37:54.894 INFO:teuthology.orchestra.run.smithi043.stdout:/usr/bin/ceph: stderr
2024-05-16T15:37:51.948+0000 7f31652ad700 1 -- 172.21.15.43:0/2093745864 >> [v2:172.21.15.43:6800/2824545909,v1:172.21.15.43:6801/2824545909] conn(0x7f314c03e420 msgr2=0x7f314c0408e0 unknown :-1 s=STATE_CONNECTING_RE l=1).process reconnect failed to v2:172.21.15.43:6800/2824545909
2024-05-16T15:37:54.894 INFO:teuthology.orchestra.run.smithi043.stdout:/usr/bin/ceph: stderr
2024-05-16T15:37:51.948+0000 7f31652ad700 1 --2- 172.21.15.43:0/2093745864 >> [v2:172.21.15.43:6800/2824545909,v1:172.21.15.43:6801/2824545909] conn(0x7f314c03e420 0x7f314c0408e0 unknown :-1 s=START_CONNECT pgs=0 cs=0 l=1 rev1=0 crypto rx=0 tx=0 comp rx=0 tx=0)._fault waiting 3.200000
2024-05-16T15:37:54.894 INFO:teuthology.orchestra.run.smithi043.stdout:/usr/bin/ceph: stderr
2024-05-16T15:37:53.292+0000 7f3156ffd700 1 -- 172.21.15.43:0/2093745864 <== mon.0 v2:172.21.15.43:3300/0 6 ==== mgrmap(e 6) ==== 49989+0+0 (secure 0 0 0) 0x7f315c02d3f0 con 0x7f3160107560
2024-05-16T15:37:54.894 INFO:teuthology.orchestra.run.smithi043.stdout:/usr/bin/ceph: stderr
2024-05-16T15:37:53.292+0000 7f3156ffd700 1 -- 172.21.15.43:0/2093745864 >> [v2:172.21.15.43:6800/2824545909,v1:172.21.15.43:6801/2824545909] conn(0x7f314c03e420 msgr2=0x7f314c0408e0 unknown :-1 s=STATE_CONNECTING l=1).mark_down
2024-05-16T15:37:54.894 INFO:teuthology.orchestra.run.smithi043.stdout:/usr/bin/ceph: stderr
2024-05-16T15:37:53.292+0000 7f3156ffd700 1 --2- 172.21.15.43:0/2093745864 >> [v2:172.21.15.43:6800/2824545909,v1:172.21.15.43:6801/2824545909] conn(0x7f314c03e420 0x7f314c0408e0 unknown :-1 s=START_CONNECT pgs=0 cs=0 l=1 rev1=0 crypto rx=0 tx=0 comp rx=0 tx=0).stop
2024-05-16T15:37:54.895 INFO:teuthology.orchestra.run.smithi043.stdout:/usr/bin/ceph: stderr
2024-05-16T15:37:54.293+0000 7f3156ffd700 1 -- 172.21.15.43:0/2093745864 <== mon.0 v2:172.21.15.43:3300/0 7 ==== mgrmap(e 7) ==== 50116+0+0 (secure 0 0 0) 0x7f315c0551a0 con 0x7f3160107560
2024-05-16T15:37:54.895 INFO:teuthology.orchestra.run.smithi043.stdout:/usr/bin/ceph: stderr
2024-05-16T15:37:54.294+0000 7f3156ffd700 1 --2- 172.21.15.43:0/2093745864 >> [v2:172.21.15.43:6800/86887644,v1:172.21.15.43:6801/86887644] conn(0x7f314c041d10 0x7f314c044100 unknown :-1 s=NONE pgs=0 cs=0 l=1 rev1=0 crypto rx=0 tx=0 comp rx=0 tx=0).connect
2024-05-16T15:37:54.895 INFO:teuthology.orchestra.run.smithi043.stdout:/usr/bin/ceph: stderr
2024-05-16T15:37:54.294+0000 7f3156ffd700 1 -- 172.21.15.43:0/2093745864 --> [v2:172.21.15.43:6800/86887644,v1:172.21.15.43:6801/86887644] -- command(tid 0: {"prefix": "get_command_descriptions"}) -- 0x7f314c040ff0 con 0x7f314c041d10
2024-05-16T15:37:54.895 INFO:teuthology.orchestra.run.smithi043.stdout:/usr/bin/ceph: stderr
2024-05-16T15:37:54.294+0000 7f31652ad700 1 --2- 172.21.15.43:0/2093745864 >> [v2:172.21.15.43:6800/86887644,v1:172.21.15.43:6801/86887644] conn(0x7f314c041d10 0x7f314c044100 unknown :-1 s=BANNER_CONNECTING pgs=0 cs=0 l=1 rev1=0 crypto rx=0 tx=0 comp rx=0 tx=0)._handle_peer_banner_payload supported=3 required=0
2024-05-16T15:37:54.895 INFO:teuthology.orchestra.run.smithi043.stdout:/usr/bin/ceph: stderr
2024-05-16T15:37:54.295+0000 7f31652ad700 1 --2- 172.21.15.43:0/2093745864 >> [v2:172.21.15.43:6800/86887644,v1:172.21.15.43:6801/86887644] conn(0x7f314c041d10 0x7f314c044100 secure :-1 s=READY pgs=2 cs=0 l=1 rev1=1 crypto rx=0x7f3150003a10 tx=0x7f3150009290 comp rx=0 tx=0).ready entity=mgr.14118 client_cookie=0 server_cookie=0 in_seq=0 out_seq=0
2024-05-16T15:37:54.895 INFO:teuthology.orchestra.run.smithi043.stdout:/usr/bin/ceph: stderr
2024-05-16T15:37:54.295+0000 7f3156ffd700 1 -- 172.21.15.43:0/2093745864 <== mgr.14118 v2:172.21.15.43:6800/86887644 1 ==== command_reply(tid 0: 0 ) ==== 8+0+9564 (secure 0 0 0) 0x7f314c040ff0 con 0x7f314c041d10
2024-05-16T15:37:54.895 INFO:teuthology.orchestra.run.smithi043.stdout:/usr/bin/ceph: stderr
2024-05-16T15:37:54.310+0000 7f3167d12700 1 -- 172.21.15.43:0/2093745864 --> [v2:172.21.15.43:6800/86887644,v1:172.21.15.43:6801/86887644] -- command(tid 1: {"prefix": "mgr_status"}) -- 0x7f3144002630 con 0x7f314c041d10
2024-05-16T15:37:54.895 INFO:teuthology.orchestra.run.smithi043.stdout:/usr/bin/ceph: stderr
2024-05-16T15:37:54.310+0000 7f3156ffd700 1 -- 172.21.15.43:0/2093745864 <== mgr.14118 v2:172.21.15.43:6800/86887644 2 ==== command_reply(tid 1: 0 ) ==== 8+0+51 (secure 0 0 0) 0x7f3144002630 con 0x7f314c041d10
2024-05-16T15:37:54.895 INFO:teuthology.orchestra.run.smithi043.stdout:/usr/bin/ceph: stderr
2024-05-16T15:37:54.310+0000 7f3167d12700 1 -- 172.21.15.43:0/2093745864 >> [v2:172.21.15.43:6800/86887644,v1:172.21.15.43:6801/86887644] conn(0x7f314c041d10 msgr2=0x7f314c044100 secure :-1 s=STATE_CONNECTION_ESTABLISHED l=1).mark_down
2024-05-16T15:37:54.895 INFO:teuthology.orchestra.run.smithi043.stdout:/usr/bin/ceph: stderr
2024-05-16T15:37:54.310+0000 7f3167d12700 1 --2- 172.21.15.43:0/2093745864 >> [v2:172.21.15.43:6800/86887644,v1:172.21.15.43:6801/86887644] conn(0x7f314c041d10 0x7f314c044100 secure :-1 s=READY pgs=2 cs=0 l=1 rev1=1 crypto rx=0x7f3150003a10 tx=0x7f3150009290 comp rx=0 tx=0).stop
2024-05-16T15:37:54.895 INFO:teuthology.orchestra.run.smithi043.stdout:/usr/bin/ceph: stderr
2024-05-16T15:37:54.310+0000 7f3167d12700 1 -- 172.21.15.43:0/2093745864 >> [v2:172.21.15.43:3300/0,v1:172.21.15.43:6789/0] conn(0x7f3160107560 msgr2=0x7f316019ece0 secure :-1 s=STATE_CONNECTION_ESTABLISHED l=1).mark_down
2024-05-16T15:37:54.895 INFO:teuthology.orchestra.run.smithi043.stdout:/usr/bin/ceph: stderr
2024-05-16T15:37:54.310+0000 7f3167d12700 1 --2- 172.21.15.43:0/2093745864 >> [v2:172.21.15.43:3300/0,v1:172.21.15.43:6789/0] conn(0x7f3160107560 0x7f316019ece0 secure :-1 s=READY pgs=27 cs=0 l=1 rev1=1 crypto rx=0x7f315c0119e0 tx=0x7f315c0046a0 comp rx=0 tx=0).stop
2024-05-16T15:37:54.895 INFO:teuthology.orchestra.run.smithi043.stdout:/usr/bin/ceph: stderr
2024-05-16T15:37:54.310+0000 7f3167d12700 1 -- 172.21.15.43:0/2093745864 shutdown_connections
2024-05-16T15:37:54.895 INFO:teuthology.orchestra.run.smithi043.stdout:/usr/bin/ceph: stderr
2024-05-16T15:37:54.310+0000 7f3167d12700 1 --2- 172.21.15.43:0/2093745864 >> [v2:172.21.15.43:6800/86887644,v1:172.21.15.43:6801/86887644] conn(0x7f314c041d10 0x7f314c044100 unknown :-1 s=CLOSED pgs=2 cs=0 l=1 rev1=1 crypto rx=0 tx=0 comp rx=0 tx=0).stop
2024-05-16T15:37:54.895 INFO:teuthology.orchestra.run.smithi043.stdout:/usr/bin/ceph: stderr
2024-05-16T15:37:54.310+0000 7f3167d12700 1 --2- 172.21.15.43:0/2093745864 >> [v2:172.21.15.43:3300/0,v1:172.21.15.43:6789/0] conn(0x7f3160107560 0x7f316019ece0 unknown :-1 s=CLOSED pgs=27 cs=0 l=1 rev1=1 crypto rx=0 tx=0 comp rx=0 tx=0).stop
2024-05-16T15:37:54.896 INFO:teuthology.orchestra.run.smithi043.stdout:/usr/bin/ceph: stderr
2024-05-16T15:37:54.310+0000 7f3167d12700 1 --2- 172.21.15.43:0/2093745864 >> [v2:172.21.15.43:6800/2824545909,v1:172.21.15.43:6801/2824545909] conn(0x7f314c03e420 0x7f314c0408e0 unknown :-1 s=CLOSED pgs=0 cs=0 l=1 rev1=0 crypto rx=0 tx=0 comp rx=0 tx=0).stop
2024-05-16T15:37:54.896 INFO:teuthology.orchestra.run.smithi043.stdout:/usr/bin/ceph: stderr
2024-05-16T15:37:54.310+0000 7f3167d12700 1 -- 172.21.15.43:0/2093745864 >> 172.21.15.43:0/2093745864 conn(0x7f3160103120 msgr2=0x7f3160195980 unknown :-1 s=STATE_NONE l=0).mark_down
2024-05-16T15:37:54.896 INFO:teuthology.orchestra.run.smithi043.stdout:/usr/bin/ceph: stderr
2024-05-16T15:37:54.311+0000 7f3167d12700 1 -- 172.21.15.43:0/2093745864 shutdown_connections
2024-05-16T15:37:54.896 INFO:teuthology.orchestra.run.smithi043.stdout:/usr/bin/ceph: stderr
2024-05-16T15:37:54.311+0000 7f3167d12700 1 -- 172.21.15.43:0/2093745864 wait complete.
2024-05-16T15:37:54.896 INFO:teuthology.orchestra.run.smithi043.stdout:mgr epoch 5 is available
2024-05-16T15:37:54.896 INFO:teuthology.orchestra.run.smithi043.stdout:Setting orchestrator backend to cephadm...
2024-05-16T15:37:56.162 INFO:journalctl@ceph.mon.a.smithi043.stdout:May 16 15:37:55 smithi043 ceph-mon[31619]: from='client.14122 -' entity='client.admin' cmd=[{"prefix": "get_command_descriptions"}]: dispatch
2024-05-16T15:37:56.163 INFO:journalctl@ceph.mon.a.smithi043.stdout:May 16 15:37:55 smithi043 ceph-mon[31619]: from='client.14122 -' entity='client.admin' cmd=[{"prefix": "mgr_status"}]: dispatch
2024-05-16T15:37:56.163 INFO:journalctl@ceph.mon.a.smithi043.stdout:May 16 15:37:55 smithi043 ceph-mon[31619]: from='mgr.14118 172.21.15.43:0/1351577342' entity='mgr.x'
2024-05-16T15:37:56.163 INFO:journalctl@ceph.mon.a.smithi043.stdout:May 16 15:37:55 smithi043 ceph-mon[31619]: from='mgr.14118 172.21.15.43:0/1351577342' entity='mgr.x'
2024-05-16T15:37:56.163 INFO:journalctl@ceph.mon.a.smithi043.stdout:May 16 15:37:55 smithi043 ceph-mon[31619]: from='mgr.14118 172.21.15.43:0/1351577342' entity='mgr.x'
2024-05-16T15:37:56.163 INFO:journalctl@ceph.mon.a.smithi043.stdout:May 16 15:37:55 smithi043 ceph-mon[31619]: from='mgr.14118 172.21.15.43:0/1351577342' entity='mgr.x' cmd=[{"prefix": "config dump", "format": "json"}]: dispatch
2024-05-16T15:37:56.170 INFO:teuthology.orchestra.run.smithi043.stdout:/usr/bin/ceph: stderr
2024-05-16T15:37:55.325+0000 7f508a9c0700 1 Processor -- start
2024-05-16T15:37:56.170 INFO:teuthology.orchestra.run.smithi043.stdout:/usr/bin/ceph: stderr
2024-05-16T15:37:55.325+0000 7f508a9c0700 1 -- start start
2024-05-16T15:37:56.170 INFO:teuthology.orchestra.run.smithi043.stdout:/usr/bin/ceph: stderr
2024-05-16T15:37:55.326+0000 7f508a9c0700 1 --2- >> [v2:172.21.15.43:3300/0,v1:172.21.15.43:6789/0] conn(0x7f5084109700 0x7f508410baf0 unknown :-1 s=NONE pgs=0 cs=0 l=0 rev1=0 crypto rx=0 tx=0 comp rx=0 tx=0).connect
2024-05-16T15:37:56.170 INFO:teuthology.orchestra.run.smithi043.stdout:/usr/bin/ceph: stderr
2024-05-16T15:37:55.326+0000 7f508a9c0700 1 -- --> [v2:172.21.15.43:3300/0,v1:172.21.15.43:6789/0] -- mon_getmap magic: 0 -- 0x7f508407ce30 con 0x7f5084109700
2024-05-16T15:37:56.170 INFO:teuthology.orchestra.run.smithi043.stdout:/usr/bin/ceph: stderr
2024-05-16T15:37:55.326+0000 7f5083fff700 1 --2- >> [v2:172.21.15.43:3300/0,v1:172.21.15.43:6789/0] conn(0x7f5084109700 0x7f508410baf0 unknown :-1 s=BANNER_CONNECTING pgs=0 cs=0 l=0 rev1=0 crypto rx=0 tx=0 comp rx=0 tx=0)._handle_peer_banner_payload supported=3 required=0
2024-05-16T15:37:56.170 INFO:teuthology.orchestra.run.smithi043.stdout:/usr/bin/ceph: stderr
2024-05-16T15:37:55.326+0000 7f5083fff700 1 --2- >> [v2:172.21.15.43:3300/0,v1:172.21.15.43:6789/0] conn(0x7f5084109700 0x7f508410baf0 unknown :-1 s=HELLO_CONNECTING pgs=0 cs=0 l=0 rev1=1 crypto rx=0 tx=0 comp rx=0 tx=0).handle_hello peer v2:172.21.15.43:3300/0 says I am v2:172.21.15.43:41938/0 (socket says 172.21.15.43:41938)
2024-05-16T15:37:56.170 INFO:teuthology.orchestra.run.smithi043.stdout:/usr/bin/ceph: stderr
2024-05-16T15:37:55.326+0000 7f5083fff700 1 -- 172.21.15.43:0/3525957554 learned_addr learned my addr 172.21.15.43:0/3525957554 (peer_addr_for_me v2:172.21.15.43:0/0)
2024-05-16T15:37:56.171 INFO:teuthology.orchestra.run.smithi043.stdout:/usr/bin/ceph: stderr
2024-05-16T15:37:55.326+0000 7f5083fff700 1 -- 172.21.15.43:0/3525957554 --> [v2:172.21.15.43:3300/0,v1:172.21.15.43:6789/0] -- mon_subscribe({config=0+,monmap=0+}) -- 0x7f508410c030 con 0x7f5084109700
2024-05-16T15:37:56.171 INFO:teuthology.orchestra.run.smithi043.stdout:/usr/bin/ceph: stderr
2024-05-16T15:37:55.326+0000 7f5083fff700 1 --2- 172.21.15.43:0/3525957554 >> [v2:172.21.15.43:3300/0,v1:172.21.15.43:6789/0] conn(0x7f5084109700 0x7f508410baf0 secure :-1 s=READY pgs=35 cs=0 l=1 rev1=1 crypto rx=0x7f50740098a0 tx=0x7f5074009bb0 comp rx=0 tx=0).ready entity=mon.0 client_cookie=d7a0cc139cec65ce server_cookie=0 in_seq=0 out_seq=0
2024-05-16T15:37:56.171 INFO:teuthology.orchestra.run.smithi043.stdout:/usr/bin/ceph: stderr
2024-05-16T15:37:55.326+0000 7f5082ffd700 1 -- 172.21.15.43:0/3525957554 <== mon.0 v2:172.21.15.43:3300/0 1 ==== mon_map magic: 0 ==== 205+0+0 (secure 0 0 0) 0x7f5074004160 con 0x7f5084109700
2024-05-16T15:37:56.171 INFO:teuthology.orchestra.run.smithi043.stdout:/usr/bin/ceph: stderr
2024-05-16T15:37:55.327+0000 7f5082ffd700 1 -- 172.21.15.43:0/3525957554 <== mon.0 v2:172.21.15.43:3300/0 2 ==== config(25 keys) ==== 1032+0+0 (secure 0 0 0) 0x7f5074004300 con 0x7f5084109700
2024-05-16T15:37:56.171 INFO:teuthology.orchestra.run.smithi043.stdout:/usr/bin/ceph: stderr
2024-05-16T15:37:55.327+0000 7f5082ffd700 1 -- 172.21.15.43:0/3525957554 <== mon.0 v2:172.21.15.43:3300/0 3 ==== mon_map magic: 0 ==== 205+0+0 (secure 0 0 0) 0x7f50740119e0 con 0x7f5084109700
2024-05-16T15:37:56.171 INFO:teuthology.orchestra.run.smithi043.stdout:/usr/bin/ceph: stderr
2024-05-16T15:37:55.327+0000 7f508a9c0700 1 -- 172.21.15.43:0/3525957554 >> [v2:172.21.15.43:3300/0,v1:172.21.15.43:6789/0] conn(0x7f5084109700 msgr2=0x7f508410baf0 secure :-1 s=STATE_CONNECTION_ESTABLISHED l=1).mark_down
2024-05-16T15:37:56.171 INFO:teuthology.orchestra.run.smithi043.stdout:/usr/bin/ceph: stderr
2024-05-16T15:37:55.327+0000 7f508a9c0700 1 --2- 172.21.15.43:0/3525957554 >> [v2:172.21.15.43:3300/0,v1:172.21.15.43:6789/0] conn(0x7f5084109700 0x7f508410baf0 secure :-1 s=READY pgs=35 cs=0 l=1 rev1=1 crypto rx=0x7f50740098a0 tx=0x7f5074009bb0 comp rx=0 tx=0).stop
2024-05-16T15:37:56.171 INFO:teuthology.orchestra.run.smithi043.stdout:/usr/bin/ceph: stderr
2024-05-16T15:37:55.327+0000 7f508a9c0700 1 -- 172.21.15.43:0/3525957554 shutdown_connections
2024-05-16T15:37:56.171 INFO:teuthology.orchestra.run.smithi043.stdout:/usr/bin/ceph: stderr
2024-05-16T15:37:55.327+0000 7f508a9c0700 1 --2- 172.21.15.43:0/3525957554 >> [v2:172.21.15.43:3300/0,v1:172.21.15.43:6789/0] conn(0x7f5084109700 0x7f508410baf0 unknown :-1 s=CLOSED pgs=35 cs=0 l=1 rev1=1 crypto rx=0 tx=0 comp rx=0 tx=0).stop
2024-05-16T15:37:56.171 INFO:teuthology.orchestra.run.smithi043.stdout:/usr/bin/ceph: stderr
2024-05-16T15:37:55.327+0000 7f508a9c0700 1 -- 172.21.15.43:0/3525957554 >> 172.21.15.43:0/3525957554 conn(0x7f50841030f0 msgr2=0x7f5084105530 unknown :-1 s=STATE_NONE l=0).mark_down
2024-05-16T15:37:56.171 INFO:teuthology.orchestra.run.smithi043.stdout:/usr/bin/ceph: stderr
2024-05-16T15:37:55.327+0000 7f508a9c0700 1 -- 172.21.15.43:0/3525957554 shutdown_connections
2024-05-16T15:37:56.171 INFO:teuthology.orchestra.run.smithi043.stdout:/usr/bin/ceph: stderr
2024-05-16T15:37:55.327+0000 7f508a9c0700 1 -- 172.21.15.43:0/3525957554 wait complete.
2024-05-16T15:37:56.171 INFO:teuthology.orchestra.run.smithi043.stdout:/usr/bin/ceph: stderr
2024-05-16T15:37:55.328+0000 7f508a9c0700 1 Processor -- start
2024-05-16T15:37:56.171 INFO:teuthology.orchestra.run.smithi043.stdout:/usr/bin/ceph: stderr
2024-05-16T15:37:55.328+0000 7f508a9c0700 1 -- start start
2024-05-16T15:37:56.171 INFO:teuthology.orchestra.run.smithi043.stdout:/usr/bin/ceph: stderr
2024-05-16T15:37:55.328+0000 7f508a9c0700 1 --2- >> [v2:172.21.15.43:3300/0,v1:172.21.15.43:6789/0] conn(0x7f5084109700 0x7f5084108f80 unknown :-1 s=NONE pgs=0 cs=0 l=1 rev1=0 crypto rx=0 tx=0 comp rx=0 tx=0).connect
2024-05-16T15:37:56.172 INFO:teuthology.orchestra.run.smithi043.stdout:/usr/bin/ceph: stderr
2024-05-16T15:37:55.328+0000 7f508a9c0700 1 -- --> [v2:172.21.15.43:3300/0,v1:172.21.15.43:6789/0] -- mon_getmap magic: 0 -- 0x7f508410cf20 con 0x7f5084109700
2024-05-16T15:37:56.172 INFO:teuthology.orchestra.run.smithi043.stdout:/usr/bin/ceph: stderr
2024-05-16T15:37:55.328+0000 7f5083fff700 1 --2- >> [v2:172.21.15.43:3300/0,v1:172.21.15.43:6789/0] conn(0x7f5084109700 0x7f5084108f80 unknown :-1 s=BANNER_CONNECTING pgs=0 cs=0 l=1 rev1=0 crypto rx=0 tx=0 comp rx=0 tx=0)._handle_peer_banner_payload supported=3 required=0
2024-05-16T15:37:56.172 INFO:teuthology.orchestra.run.smithi043.stdout:/usr/bin/ceph: stderr
2024-05-16T15:37:55.328+0000 7f5083fff700 1 --2- >> [v2:172.21.15.43:3300/0,v1:172.21.15.43:6789/0] conn(0x7f5084109700 0x7f5084108f80 unknown :-1 s=HELLO_CONNECTING pgs=0 cs=0 l=1 rev1=1 crypto rx=0 tx=0 comp rx=0 tx=0).handle_hello peer v2:172.21.15.43:3300/0 says I am v2:172.21.15.43:41944/0 (socket says 172.21.15.43:41944)
2024-05-16T15:37:56.172 INFO:teuthology.orchestra.run.smithi043.stdout:/usr/bin/ceph: stderr
2024-05-16T15:37:55.328+0000 7f5083fff700 1 -- 172.21.15.43:0/2415856035 learned_addr learned my addr 172.21.15.43:0/2415856035 (peer_addr_for_me v2:172.21.15.43:0/0)
2024-05-16T15:37:56.172 INFO:teuthology.orchestra.run.smithi043.stdout:/usr/bin/ceph: stderr
2024-05-16T15:37:55.329+0000 7f5083fff700 1 -- 172.21.15.43:0/2415856035 --> [v2:172.21.15.43:3300/0,v1:172.21.15.43:6789/0] -- mon_subscribe({config=0+,monmap=0+}) -- 0x7f50841094c0 con 0x7f5084109700
2024-05-16T15:37:56.172 INFO:teuthology.orchestra.run.smithi043.stdout:/usr/bin/ceph: stderr
2024-05-16T15:37:55.329+0000 7f5083fff700 1 --2- 172.21.15.43:0/2415856035 >> [v2:172.21.15.43:3300/0,v1:172.21.15.43:6789/0] conn(0x7f5084109700 0x7f5084108f80 secure :-1 s=READY pgs=36 cs=0 l=1 rev1=1 crypto rx=0x7f50740119e0 tx=0x7f50740046a0 comp rx=0 tx=0).ready entity=mon.0 client_cookie=0 server_cookie=0 in_seq=0 out_seq=0
2024-05-16T15:37:56.172 INFO:teuthology.orchestra.run.smithi043.stdout:/usr/bin/ceph: stderr
2024-05-16T15:37:55.329+0000 7f50817fa700 1 -- 172.21.15.43:0/2415856035 <== mon.0 v2:172.21.15.43:3300/0 1 ==== mon_map magic: 0 ==== 205+0+0 (secure 0 0 0) 0x7f5074003bf0 con 0x7f5084109700
2024-05-16T15:37:56.172 INFO:teuthology.orchestra.run.smithi043.stdout:/usr/bin/ceph: stderr
2024-05-16T15:37:55.329+0000 7f50817fa700 1 -- 172.21.15.43:0/2415856035 <== mon.0 v2:172.21.15.43:3300/0 2 ==== config(25 keys) ==== 1032+0+0 (secure 0 0 0) 0x7f507401a8a0 con 0x7f5084109700
2024-05-16T15:37:56.172 INFO:teuthology.orchestra.run.smithi043.stdout:/usr/bin/ceph: stderr
2024-05-16T15:37:55.329+0000 7f508a9c0700 1 -- 172.21.15.43:0/2415856035 --> [v2:172.21.15.43:3300/0,v1:172.21.15.43:6789/0] -- mon_subscribe({mgrmap=0+}) -- 0x7f50841076b0 con 0x7f5084109700
2024-05-16T15:37:56.172 INFO:teuthology.orchestra.run.smithi043.stdout:/usr/bin/ceph: stderr
2024-05-16T15:37:55.329+0000 7f50817fa700 1 -- 172.21.15.43:0/2415856035 <== mon.0 v2:172.21.15.43:3300/0 3 ==== mon_map magic: 0 ==== 205+0+0 (secure 0 0 0) 0x7f50740248c0 con 0x7f5084109700
2024-05-16T15:37:56.172 INFO:teuthology.orchestra.run.smithi043.stdout:/usr/bin/ceph: stderr
2024-05-16T15:37:55.329+0000 7f508a9c0700 1 -- 172.21.15.43:0/2415856035 --> [v2:172.21.15.43:3300/0,v1:172.21.15.43:6789/0] -- mon_subscribe({osdmap=0}) -- 0x7f5084107bf0 con 0x7f5084109700
2024-05-16T15:37:56.172 INFO:teuthology.orchestra.run.smithi043.stdout:/usr/bin/ceph: stderr
2024-05-16T15:37:55.330+0000 7f508a9c0700 1 -- 172.21.15.43:0/2415856035 --> [v2:172.21.15.43:3300/0,v1:172.21.15.43:6789/0] -- mon_command({"prefix": "get_command_descriptions"} v 0) -- 0x7f5084064b00 con 0x7f5084109700
2024-05-16T15:37:56.172 INFO:teuthology.orchestra.run.smithi043.stdout:/usr/bin/ceph: stderr
2024-05-16T15:37:55.330+0000 7f50817fa700 1 -- 172.21.15.43:0/2415856035 <== mon.0 v2:172.21.15.43:3300/0 4 ==== mgrmap(e 7) ==== 50116+0+0 (secure 0 0 0) 0x7f5074022020 con 0x7f5084109700
2024-05-16T15:37:56.172 INFO:teuthology.orchestra.run.smithi043.stdout:/usr/bin/ceph: stderr
2024-05-16T15:37:55.330+0000 7f50817fa700 1 --2- 172.21.15.43:0/2415856035 >> [v2:172.21.15.43:6800/86887644,v1:172.21.15.43:6801/86887644] conn(0x7f506c03e310 0x7f506c0407d0 unknown :-1 s=NONE pgs=0 cs=0 l=1 rev1=0 crypto rx=0 tx=0 comp rx=0 tx=0).connect
2024-05-16T15:37:56.172 INFO:teuthology.orchestra.run.smithi043.stdout:/usr/bin/ceph: stderr
2024-05-16T15:37:55.331+0000 7f50817fa700 1 -- 172.21.15.43:0/2415856035 <== mon.0 v2:172.21.15.43:3300/0 5 ==== osd_map(2..2 src has 1..2) ==== 940+0+0 (secure 0 0 0) 0x7f5074053770 con 0x7f5084109700
2024-05-16T15:37:56.172 INFO:teuthology.orchestra.run.smithi043.stdout:/usr/bin/ceph: stderr
2024-05-16T15:37:55.331+0000 7f50837fe700 1 --2- 172.21.15.43:0/2415856035 >> [v2:172.21.15.43:6800/86887644,v1:172.21.15.43:6801/86887644] conn(0x7f506c03e310 0x7f506c0407d0 unknown :-1 s=BANNER_CONNECTING pgs=0 cs=0 l=1 rev1=0 crypto rx=0 tx=0 comp rx=0 tx=0)._handle_peer_banner_payload supported=3 required=0
2024-05-16T15:37:56.173 INFO:teuthology.orchestra.run.smithi043.stdout:/usr/bin/ceph: stderr
2024-05-16T15:37:55.331+0000 7f50837fe700 1 --2- 172.21.15.43:0/2415856035 >> [v2:172.21.15.43:6800/86887644,v1:172.21.15.43:6801/86887644] conn(0x7f506c03e310 0x7f506c0407d0 secure :-1 s=READY pgs=7 cs=0 l=1 rev1=1 crypto rx=0x7f5078006fd0 tx=0x7f5078006e40 comp rx=0 tx=0).ready entity=mgr.14118 client_cookie=0 server_cookie=0 in_seq=0 out_seq=0
2024-05-16T15:37:56.173 INFO:teuthology.orchestra.run.smithi043.stdout:/usr/bin/ceph: stderr
2024-05-16T15:37:55.340+0000 7f50817fa700 1 -- 172.21.15.43:0/2415856035 <== mon.0 v2:172.21.15.43:3300/0 6 ==== mon_command_ack([{"prefix": "get_command_descriptions"}]=0 v0) ==== 72+0+191839 (secure 0 0 0) 0x7f5074012040 con 0x7f5084109700
2024-05-16T15:37:56.173 INFO:teuthology.orchestra.run.smithi043.stdout:/usr/bin/ceph: stderr
2024-05-16T15:37:55.570+0000 7f508a9c0700 1 -- 172.21.15.43:0/2415856035 --> [v2:172.21.15.43:6800/86887644,v1:172.21.15.43:6801/86887644] -- mgr_command(tid 0: {"prefix": "orch set backend", "module_name": "cephadm", "target": ["mon-mgr", ""]}) -- 0x7f5084108450 con 0x7f506c03e310
2024-05-16T15:37:56.173 INFO:teuthology.orchestra.run.smithi043.stdout:/usr/bin/ceph: stderr
2024-05-16T15:37:55.575+0000 7f50817fa700 1 -- 172.21.15.43:0/2415856035 <== mgr.14118 v2:172.21.15.43:6800/86887644 1 ==== mgr_command_reply(tid 0: 0 ) ==== 8+0+0 (secure 0 0 0) 0x7f5084108450 con 0x7f506c03e310
2024-05-16T15:37:56.173 INFO:teuthology.orchestra.run.smithi043.stdout:/usr/bin/ceph: stderr
