2024-05-16T15:38:07.175+0000 7ff088ba9700 1 --2- 172.21.15.43:0/1262534450 >> [v2:172.21.15.43:6800/86887644,v1:172.21.15.43:6801/86887644] conn(0x7ff07003e4c0 0x7ff070040980 secure :-1 s=READY pgs=13 cs=0 l=1 rev1=1 crypto rx=0x7ff078006fd0 tx=0x7ff078006e40 comp rx=0 tx=0).ready entity=mgr.14118 client_cookie=0 server_cookie=0 in_seq=0 out_seq=0
2024-05-16T15:38:08.497 INFO:teuthology.orchestra.run.smithi043.stdout:/usr/bin/ceph: stderr
2024-05-16T15:38:07.180+0000 7ff0767fc700 1 -- 172.21.15.43:0/1262534450 <== mon.0 v2:172.21.15.43:3300/0 6 ==== mon_command_ack([{"prefix": "get_command_descriptions"}]=0 v0) ==== 72+0+191839 (secure 0 0 0) 0x7ff08000f2e0 con 0x7ff08407edf0
2024-05-16T15:38:08.497 INFO:teuthology.orchestra.run.smithi043.stdout:/usr/bin/ceph: stderr
2024-05-16T15:38:07.415+0000 7ff08b60e700 1 -- 172.21.15.43:0/1262534450 --> [v2:172.21.15.43:6800/86887644,v1:172.21.15.43:6801/86887644] -- mgr_command(tid 0: {"prefix": "orch apply", "service_type": "mgr", "unmanaged": true, "target": ["mon-mgr", ""]}) -- 0x7ff084105420 con 0x7ff07003e4c0
2024-05-16T15:38:08.497 INFO:teuthology.orchestra.run.smithi043.stdout:/usr/bin/ceph: stderr
2024-05-16T15:38:07.420+0000 7ff0767fc700 1 -- 172.21.15.43:0/1262534450 <== mgr.14118 v2:172.21.15.43:6800/86887644 1 ==== mgr_command_reply(tid 0: 0 ) ==== 8+0+24 (secure 0 0 0) 0x7ff084105420 con 0x7ff07003e4c0
2024-05-16T15:38:08.497 INFO:teuthology.orchestra.run.smithi043.stdout:/usr/bin/ceph: stderr
2024-05-16T15:38:07.422+0000 7ff08b60e700 1 -- 172.21.15.43:0/1262534450 >> [v2:172.21.15.43:6800/86887644,v1:172.21.15.43:6801/86887644] conn(0x7ff07003e4c0 msgr2=0x7ff070040980 secure :-1 s=STATE_CONNECTION_ESTABLISHED l=1).mark_down
2024-05-16T15:38:08.497 INFO:teuthology.orchestra.run.smithi043.stdout:/usr/bin/ceph: stderr
2024-05-16T15:38:07.422+0000 7ff08b60e700 1 --2- 172.21.15.43:0/1262534450 >> [v2:172.21.15.43:6800/86887644,v1:172.21.15.43:6801/86887644] conn(0x7ff07003e4c0 0x7ff070040980 secure :-1 s=READY pgs=13 cs=0 l=1 rev1=1 crypto rx=0x7ff078006fd0 tx=0x7ff078006e40 comp rx=0 tx=0).stop
2024-05-16T15:38:08.497 INFO:teuthology.orchestra.run.smithi043.stdout:/usr/bin/ceph: stderr
2024-05-16T15:38:07.422+0000 7ff08b60e700 1 -- 172.21.15.43:0/1262534450 >> [v2:172.21.15.43:3300/0,v1:172.21.15.43:6789/0] conn(0x7ff08407edf0 msgr2=0x7ff08419ec00 secure :-1 s=STATE_CONNECTION_ESTABLISHED l=1).mark_down
2024-05-16T15:38:08.497 INFO:teuthology.orchestra.run.smithi043.stdout:/usr/bin/ceph: stderr
2024-05-16T15:38:07.422+0000 7ff08b60e700 1 --2- 172.21.15.43:0/1262534450 >> [v2:172.21.15.43:3300/0,v1:172.21.15.43:6789/0] conn(0x7ff08407edf0 0x7ff08419ec00 secure :-1 s=READY pgs=48 cs=0 l=1 rev1=1 crypto rx=0x7ff080009130 tx=0x7ff080011a60 comp rx=0 tx=0).stop
2024-05-16T15:38:08.497 INFO:teuthology.orchestra.run.smithi043.stdout:/usr/bin/ceph: stderr
2024-05-16T15:38:07.423+0000 7ff08b60e700 1 -- 172.21.15.43:0/1262534450 shutdown_connections
2024-05-16T15:38:08.497 INFO:teuthology.orchestra.run.smithi043.stdout:/usr/bin/ceph: stderr
2024-05-16T15:38:07.423+0000 7ff08b60e700 1 --2- 172.21.15.43:0/1262534450 >> [v2:172.21.15.43:6800/86887644,v1:172.21.15.43:6801/86887644] conn(0x7ff07003e4c0 0x7ff070040980 unknown :-1 s=CLOSED pgs=13 cs=0 l=1 rev1=1 crypto rx=0 tx=0 comp rx=0 tx=0).stop
2024-05-16T15:38:08.497 INFO:teuthology.orchestra.run.smithi043.stdout:/usr/bin/ceph: stderr
2024-05-16T15:38:07.423+0000 7ff08b60e700 1 --2- 172.21.15.43:0/1262534450 >> [v2:172.21.15.43:3300/0,v1:172.21.15.43:6789/0] conn(0x7ff08407edf0 0x7ff08419ec00 unknown :-1 s=CLOSED pgs=48 cs=0 l=1 rev1=1 crypto rx=0 tx=0 comp rx=0 tx=0).stop
2024-05-16T15:38:08.497 INFO:teuthology.orchestra.run.smithi043.stdout:/usr/bin/ceph: stderr
2024-05-16T15:38:07.423+0000 7ff08b60e700 1 -- 172.21.15.43:0/1262534450 >> 172.21.15.43:0/1262534450 conn(0x7ff0841042a0 msgr2=0x7ff084104d10 unknown :-1 s=STATE_NONE l=0).mark_down
2024-05-16T15:38:08.497 INFO:teuthology.orchestra.run.smithi043.stdout:/usr/bin/ceph: stderr
2024-05-16T15:38:07.423+0000 7ff08b60e700 1 -- 172.21.15.43:0/1262534450 shutdown_connections
2024-05-16T15:38:08.498 INFO:teuthology.orchestra.run.smithi043.stdout:/usr/bin/ceph: stderr
2024-05-16T15:38:07.423+0000 7ff08b60e700 1 -- 172.21.15.43:0/1262534450 wait complete.
2024-05-16T15:38:08.717 INFO:journalctl@ceph.mon.a.smithi043.stdout:May 16 15:38:08 smithi043 ceph-mon[31619]: from='client.14142 -' entity='client.admin' cmd=[{"prefix": "orch apply", "service_type": "mgr", "unmanaged": true, "target": ["mon-mgr", ""]}]: dispatch
2024-05-16T15:38:08.717 INFO:journalctl@ceph.mon.a.smithi043.stdout:May 16 15:38:08 smithi043 ceph-mon[31619]: Saving service mgr spec with placement count:2
2024-05-16T15:38:08.717 INFO:journalctl@ceph.mon.a.smithi043.stdout:May 16 15:38:08 smithi043 ceph-mon[31619]: from='mgr.14118 172.21.15.43:0/1351577342' entity='mgr.x'
2024-05-16T15:38:08.717 INFO:journalctl@ceph.mon.a.smithi043.stdout:May 16 15:38:08 smithi043 ceph-mon[31619]: from='mgr.14118 172.21.15.43:0/1351577342' entity='mgr.x'
2024-05-16T15:38:09.717 INFO:teuthology.orchestra.run.smithi043.stdout:/usr/bin/ceph: stderr
2024-05-16T15:38:08.937+0000 7f7f23f66700 1 Processor -- start
2024-05-16T15:38:09.717 INFO:teuthology.orchestra.run.smithi043.stdout:/usr/bin/ceph: stderr
2024-05-16T15:38:08.937+0000 7f7f23f66700 1 -- start start
2024-05-16T15:38:09.717 INFO:teuthology.orchestra.run.smithi043.stdout:/usr/bin/ceph: stderr
2024-05-16T15:38:08.937+0000 7f7f23f66700 1 --2- >> [v2:172.21.15.43:3300/0,v1:172.21.15.43:6789/0] conn(0x7f7f1c1096c0 0x7f7f1c10bab0 unknown :-1 s=NONE pgs=0 cs=0 l=0 rev1=0 crypto rx=0 tx=0 comp rx=0 tx=0).connect
2024-05-16T15:38:09.717 INFO:teuthology.orchestra.run.smithi043.stdout:/usr/bin/ceph: stderr
2024-05-16T15:38:08.937+0000 7f7f23f66700 1 -- --> [v2:172.21.15.43:3300/0,v1:172.21.15.43:6789/0] -- mon_getmap magic: 0 -- 0x7f7f1c07ce70 con 0x7f7f1c1096c0
2024-05-16T15:38:09.717 INFO:teuthology.orchestra.run.smithi043.stdout:/usr/bin/ceph: stderr
2024-05-16T15:38:08.938+0000 7f7f21d02700 1 --2- >> [v2:172.21.15.43:3300/0,v1:172.21.15.43:6789/0] conn(0x7f7f1c1096c0 0x7f7f1c10bab0 unknown :-1 s=BANNER_CONNECTING pgs=0 cs=0 l=0 rev1=0 crypto rx=0 tx=0 comp rx=0 tx=0)._handle_peer_banner_payload supported=3 required=0
2024-05-16T15:38:09.717 INFO:teuthology.orchestra.run.smithi043.stdout:/usr/bin/ceph: stderr
2024-05-16T15:38:08.938+0000 7f7f21d02700 1 --2- >> [v2:172.21.15.43:3300/0,v1:172.21.15.43:6789/0] conn(0x7f7f1c1096c0 0x7f7f1c10bab0 unknown :-1 s=HELLO_CONNECTING pgs=0 cs=0 l=0 rev1=1 crypto rx=0 tx=0 comp rx=0 tx=0).handle_hello peer v2:172.21.15.43:3300/0 says I am v2:172.21.15.43:58118/0 (socket says 172.21.15.43:58118)
2024-05-16T15:38:09.717 INFO:teuthology.orchestra.run.smithi043.stdout:/usr/bin/ceph: stderr
2024-05-16T15:38:08.938+0000 7f7f21d02700 1 -- 172.21.15.43:0/1040347811 learned_addr learned my addr 172.21.15.43:0/1040347811 (peer_addr_for_me v2:172.21.15.43:0/0)
2024-05-16T15:38:09.717 INFO:teuthology.orchestra.run.smithi043.stdout:/usr/bin/ceph: stderr
2024-05-16T15:38:08.938+0000 7f7f21d02700 1 -- 172.21.15.43:0/1040347811 --> [v2:172.21.15.43:3300/0,v1:172.21.15.43:6789/0] -- mon_subscribe({config=0+,monmap=0+}) -- 0x7f7f1c10bff0 con 0x7f7f1c1096c0
2024-05-16T15:38:09.717 INFO:teuthology.orchestra.run.smithi043.stdout:/usr/bin/ceph: stderr
2024-05-16T15:38:08.938+0000 7f7f21d02700 1 --2- 172.21.15.43:0/1040347811 >> [v2:172.21.15.43:3300/0,v1:172.21.15.43:6789/0] conn(0x7f7f1c1096c0 0x7f7f1c10bab0 secure :-1 s=READY pgs=49 cs=0 l=1 rev1=1 crypto rx=0x7f7f180098a0 tx=0x7f7f18009bb0 comp rx=0 tx=0).ready entity=mon.0 client_cookie=d2a6f841d550f1a5 server_cookie=0 in_seq=0 out_seq=0
2024-05-16T15:38:09.717 INFO:teuthology.orchestra.run.smithi043.stdout:/usr/bin/ceph: stderr
2024-05-16T15:38:08.938+0000 7f7f20d00700 1 -- 172.21.15.43:0/1040347811 <== mon.0 v2:172.21.15.43:3300/0 1 ==== mon_map magic: 0 ==== 205+0+0 (secure 0 0 0) 0x7f7f18004160 con 0x7f7f1c1096c0
2024-05-16T15:38:09.717 INFO:teuthology.orchestra.run.smithi043.stdout:/usr/bin/ceph: stderr
2024-05-16T15:38:08.938+0000 7f7f20d00700 1 -- 172.21.15.43:0/1040347811 <== mon.0 v2:172.21.15.43:3300/0 2 ==== config(25 keys) ==== 1063+0+0 (secure 0 0 0) 0x7f7f18004300 con 0x7f7f1c1096c0
2024-05-16T15:38:09.718 INFO:teuthology.orchestra.run.smithi043.stdout:/usr/bin/ceph: stderr
2024-05-16T15:38:08.938+0000 7f7f20d00700 1 -- 172.21.15.43:0/1040347811 <== mon.0 v2:172.21.15.43:3300/0 3 ==== mon_map magic: 0 ==== 205+0+0 (secure 0 0 0) 0x7f7f18011960 con 0x7f7f1c1096c0
2024-05-16T15:38:09.718 INFO:teuthology.orchestra.run.smithi043.stdout:/usr/bin/ceph: stderr
2024-05-16T15:38:08.939+0000 7f7f23f66700 1 -- 172.21.15.43:0/1040347811 >> [v2:172.21.15.43:3300/0,v1:172.21.15.43:6789/0] conn(0x7f7f1c1096c0 msgr2=0x7f7f1c10bab0 secure :-1 s=STATE_CONNECTION_ESTABLISHED l=1).mark_down
2024-05-16T15:38:09.718 INFO:teuthology.orchestra.run.smithi043.stdout:/usr/bin/ceph: stderr
2024-05-16T15:38:08.939+0000 7f7f23f66700 1 --2- 172.21.15.43:0/1040347811 >> [v2:172.21.15.43:3300/0,v1:172.21.15.43:6789/0] conn(0x7f7f1c1096c0 0x7f7f1c10bab0 secure :-1 s=READY pgs=49 cs=0 l=1 rev1=1 crypto rx=0x7f7f180098a0 tx=0x7f7f18009bb0 comp rx=0 tx=0).stop
2024-05-16T15:38:09.718 INFO:teuthology.orchestra.run.smithi043.stdout:/usr/bin/ceph: stderr
2024-05-16T15:38:08.939+0000 7f7f23f66700 1 -- 172.21.15.43:0/1040347811 shutdown_connections
2024-05-16T15:38:09.718 INFO:teuthology.orchestra.run.smithi043.stdout:/usr/bin/ceph: stderr
2024-05-16T15:38:08.939+0000 7f7f23f66700 1 --2- 172.21.15.43:0/1040347811 >> [v2:172.21.15.43:3300/0,v1:172.21.15.43:6789/0] conn(0x7f7f1c1096c0 0x7f7f1c10bab0 unknown :-1 s=CLOSED pgs=49 cs=0 l=1 rev1=1 crypto rx=0 tx=0 comp rx=0 tx=0).stop
2024-05-16T15:38:09.718 INFO:teuthology.orchestra.run.smithi043.stdout:/usr/bin/ceph: stderr
2024-05-16T15:38:08.939+0000 7f7f23f66700 1 -- 172.21.15.43:0/1040347811 >> 172.21.15.43:0/1040347811 conn(0x7f7f1c1030f0 msgr2=0x7f7f1c105530 unknown :-1 s=STATE_NONE l=0).mark_down
2024-05-16T15:38:09.718 INFO:teuthology.orchestra.run.smithi043.stdout:/usr/bin/ceph: stderr
2024-05-16T15:38:08.939+0000 7f7f23f66700 1 -- 172.21.15.43:0/1040347811 shutdown_connections
2024-05-16T15:38:09.718 INFO:teuthology.orchestra.run.smithi043.stdout:/usr/bin/ceph: stderr
2024-05-16T15:38:08.939+0000 7f7f23f66700 1 -- 172.21.15.43:0/1040347811 wait complete.
2024-05-16T15:38:09.718 INFO:teuthology.orchestra.run.smithi043.stdout:/usr/bin/ceph: stderr
2024-05-16T15:38:08.940+0000 7f7f23f66700 1 Processor -- start
2024-05-16T15:38:09.718 INFO:teuthology.orchestra.run.smithi043.stdout:/usr/bin/ceph: stderr
2024-05-16T15:38:08.940+0000 7f7f23f66700 1 -- start start
2024-05-16T15:38:09.718 INFO:teuthology.orchestra.run.smithi043.stdout:/usr/bin/ceph: stderr
2024-05-16T15:38:08.940+0000 7f7f23f66700 1 --2- >> [v2:172.21.15.43:3300/0,v1:172.21.15.43:6789/0] conn(0x7f7f1c1096c0 0x7f7f1c108f40 unknown :-1 s=NONE pgs=0 cs=0 l=1 rev1=0 crypto rx=0 tx=0 comp rx=0 tx=0).connect
2024-05-16T15:38:09.718 INFO:teuthology.orchestra.run.smithi043.stdout:/usr/bin/ceph: stderr
2024-05-16T15:38:08.940+0000 7f7f23f66700 1 -- --> [v2:172.21.15.43:3300/0,v1:172.21.15.43:6789/0] -- mon_getmap magic: 0 -- 0x7f7f1c10cfa0 con 0x7f7f1c1096c0
2024-05-16T15:38:09.718 INFO:teuthology.orchestra.run.smithi043.stdout:/usr/bin/ceph: stderr
2024-05-16T15:38:08.940+0000 7f7f21d02700 1 --2- >> [v2:172.21.15.43:3300/0,v1:172.21.15.43:6789/0] conn(0x7f7f1c1096c0 0x7f7f1c108f40 unknown :-1 s=BANNER_CONNECTING pgs=0 cs=0 l=1 rev1=0 crypto rx=0 tx=0 comp rx=0 tx=0)._handle_peer_banner_payload supported=3 required=0
2024-05-16T15:38:09.718 INFO:teuthology.orchestra.run.smithi043.stdout:/usr/bin/ceph: stderr
2024-05-16T15:38:08.940+0000 7f7f21d02700 1 --2- >> [v2:172.21.15.43:3300/0,v1:172.21.15.43:6789/0] conn(0x7f7f1c1096c0 0x7f7f1c108f40 unknown :-1 s=HELLO_CONNECTING pgs=0 cs=0 l=1 rev1=1 crypto rx=0 tx=0 comp rx=0 tx=0).handle_hello peer v2:172.21.15.43:3300/0 says I am v2:172.21.15.43:58128/0 (socket says 172.21.15.43:58128)
2024-05-16T15:38:09.719 INFO:teuthology.orchestra.run.smithi043.stdout:/usr/bin/ceph: stderr
2024-05-16T15:38:08.940+0000 7f7f21d02700 1 -- 172.21.15.43:0/2892828034 learned_addr learned my addr 172.21.15.43:0/2892828034 (peer_addr_for_me v2:172.21.15.43:0/0)
2024-05-16T15:38:09.719 INFO:teuthology.orchestra.run.smithi043.stdout:/usr/bin/ceph: stderr
2024-05-16T15:38:08.940+0000 7f7f21d02700 1 -- 172.21.15.43:0/2892828034 --> [v2:172.21.15.43:3300/0,v1:172.21.15.43:6789/0] -- mon_subscribe({config=0+,monmap=0+}) -- 0x7f7f1c109480 con 0x7f7f1c1096c0
2024-05-16T15:38:09.719 INFO:teuthology.orchestra.run.smithi043.stdout:/usr/bin/ceph: stderr
2024-05-16T15:38:08.941+0000 7f7f21d02700 1 --2- 172.21.15.43:0/2892828034 >> [v2:172.21.15.43:3300/0,v1:172.21.15.43:6789/0] conn(0x7f7f1c1096c0 0x7f7f1c108f40 secure :-1 s=READY pgs=50 cs=0 l=1 rev1=1 crypto rx=0x7f7f18004660 tx=0x7f7f18011a30 comp rx=0 tx=0).ready entity=mon.0 client_cookie=0 server_cookie=0 in_seq=0 out_seq=0
2024-05-16T15:38:09.719 INFO:teuthology.orchestra.run.smithi043.stdout:/usr/bin/ceph: stderr
2024-05-16T15:38:08.941+0000 7f7f12ffd700 1 -- 172.21.15.43:0/2892828034 <== mon.0 v2:172.21.15.43:3300/0 1 ==== mon_map magic: 0 ==== 205+0+0 (secure 0 0 0) 0x7f7f18003aa0 con 0x7f7f1c1096c0
2024-05-16T15:38:09.719 INFO:teuthology.orchestra.run.smithi043.stdout:/usr/bin/ceph: stderr
2024-05-16T15:38:08.941+0000 7f7f23f66700 1 -- 172.21.15.43:0/2892828034 --> [v2:172.21.15.43:3300/0,v1:172.21.15.43:6789/0] -- mon_subscribe({mgrmap=0+}) -- 0x7f7f1c107670 con 0x7f7f1c1096c0
2024-05-16T15:38:09.719 INFO:teuthology.orchestra.run.smithi043.stdout:/usr/bin/ceph: stderr
2024-05-16T15:38:08.941+0000 7f7f12ffd700 1 -- 172.21.15.43:0/2892828034 <== mon.0 v2:172.21.15.43:3300/0 2 ==== config(25 keys) ==== 1063+0+0 (secure 0 0 0) 0x7f7f1801b8d0 con 0x7f7f1c1096c0
2024-05-16T15:38:09.719 INFO:teuthology.orchestra.run.smithi043.stdout:/usr/bin/ceph: stderr
2024-05-16T15:38:08.941+0000 7f7f12ffd700 1 -- 172.21.15.43:0/2892828034 <== mon.0 v2:172.21.15.43:3300/0 3 ==== mon_map magic: 0 ==== 205+0+0 (secure 0 0 0) 0x7f7f18023820 con 0x7f7f1c1096c0
2024-05-16T15:38:09.719 INFO:teuthology.orchestra.run.smithi043.stdout:/usr/bin/ceph: stderr
2024-05-16T15:38:08.941+0000 7f7f23f66700 1 -- 172.21.15.43:0/2892828034 --> [v2:172.21.15.43:3300/0,v1:172.21.15.43:6789/0] -- mon_subscribe({osdmap=0}) -- 0x7f7f1c107bb0 con 0x7f7f1c1096c0
2024-05-16T15:38:09.719 INFO:teuthology.orchestra.run.smithi043.stdout:/usr/bin/ceph: stderr
2024-05-16T15:38:08.942+0000 7f7f23f66700 1 -- 172.21.15.43:0/2892828034 --> [v2:172.21.15.43:3300/0,v1:172.21.15.43:6789/0] -- mon_command({"prefix": "get_command_descriptions"} v 0) -- 0x7f7f1c064b00 con 0x7f7f1c1096c0
2024-05-16T15:38:09.719 INFO:teuthology.orchestra.run.smithi043.stdout:/usr/bin/ceph: stderr
2024-05-16T15:38:08.942+0000 7f7f12ffd700 1 -- 172.21.15.43:0/2892828034 <== mon.0 v2:172.21.15.43:3300/0 4 ==== mgrmap(e 8) ==== 50222+0+0 (secure 0 0 0) 0x7f7f1801ba80 con 0x7f7f1c1096c0
2024-05-16T15:38:09.719 INFO:teuthology.orchestra.run.smithi043.stdout:/usr/bin/ceph: stderr
2024-05-16T15:38:08.942+0000 7f7f12ffd700 1 --2- 172.21.15.43:0/2892828034 >> [v2:172.21.15.43:6800/86887644,v1:172.21.15.43:6801/86887644] conn(0x7f7f0803e420 0x7f7f080408e0 unknown :-1 s=NONE pgs=0 cs=0 l=1 rev1=0 crypto rx=0 tx=0 comp rx=0 tx=0).connect
2024-05-16T15:38:09.719 INFO:teuthology.orchestra.run.smithi043.stdout:/usr/bin/ceph: stderr
2024-05-16T15:38:08.943+0000 7f7f12ffd700 1 -- 172.21.15.43:0/2892828034 <== mon.0 v2:172.21.15.43:3300/0 5 ==== osd_map(2..2 src has 1..2) ==== 940+0+0 (secure 0 0 0) 0x7f7f18053e60 con 0x7f7f1c1096c0
2024-05-16T15:38:09.719 INFO:teuthology.orchestra.run.smithi043.stdout:/usr/bin/ceph: stderr
2024-05-16T15:38:08.943+0000 7f7f21501700 1 --2- 172.21.15.43:0/2892828034 >> [v2:172.21.15.43:6800/86887644,v1:172.21.15.43:6801/86887644] conn(0x7f7f0803e420 0x7f7f080408e0 unknown :-1 s=BANNER_CONNECTING pgs=0 cs=0 l=1 rev1=0 crypto rx=0 tx=0 comp rx=0 tx=0)._handle_peer_banner_payload supported=3 required=0
2024-05-16T15:38:09.719 INFO:teuthology.orchestra.run.smithi043.stdout:/usr/bin/ceph: stderr
2024-05-16T15:38:08.943+0000 7f7f21501700 1 --2- 172.21.15.43:0/2892828034 >> [v2:172.21.15.43:6800/86887644,v1:172.21.15.43:6801/86887644] conn(0x7f7f0803e420 0x7f7f080408e0 secure :-1 s=READY pgs=14 cs=0 l=1 rev1=1 crypto rx=0x7f7f0c006fd0 tx=0x7f7f0c006e40 comp rx=0 tx=0).ready entity=mgr.14118 client_cookie=0 server_cookie=0 in_seq=0 out_seq=0
2024-05-16T15:38:09.720 INFO:teuthology.orchestra.run.smithi043.stdout:/usr/bin/ceph: stderr
2024-05-16T15:38:08.952+0000 7f7f12ffd700 1 -- 172.21.15.43:0/2892828034 <== mon.0 v2:172.21.15.43:3300/0 6 ==== mon_command_ack([{"prefix": "get_command_descriptions"}]=0 v0) ==== 72+0+191839 (secure 0 0 0) 0x7f7f1801f030 con 0x7f7f1c1096c0
2024-05-16T15:38:09.720 INFO:teuthology.orchestra.run.smithi043.stdout:/usr/bin/ceph: stderr
2024-05-16T15:38:09.168+0000 7f7f23f66700 1 -- 172.21.15.43:0/2892828034 --> [v2:172.21.15.43:3300/0,v1:172.21.15.43:6789/0] -- mon_command([{prefix=config set, name=mgr/cephadm/container_init}] v 0) -- 0x7f7f1c108450 con 0x7f7f1c1096c0
2024-05-16T15:38:09.720 INFO:teuthology.orchestra.run.smithi043.stdout:/usr/bin/ceph: stderr
2024-05-16T15:38:09.170+0000 7f7f12ffd700 1 -- 172.21.15.43:0/2892828034 <== mon.0 v2:172.21.15.43:3300/0 7 ==== mon_command_ack([{prefix=config set, name=mgr/cephadm/container_init}]=0 v7)=0 v7) ==== 142+0+0 (secure 0 0 0) 0x7f7f1801a3d0 con 0x7f7f1c1096c0
2024-05-16T15:38:09.720 INFO:teuthology.orchestra.run.smithi043.stdout:/usr/bin/ceph: stderr
2024-05-16T15:38:09.174+0000 7f7f23f66700 1 -- 172.21.15.43:0/2892828034 >> [v2:172.21.15.43:6800/86887644,v1:172.21.15.43:6801/86887644] conn(0x7f7f0803e420 msgr2=0x7f7f080408e0 secure :-1 s=STATE_CONNECTION_ESTABLISHED l=1).mark_down
2024-05-16T15:38:09.720 INFO:teuthology.orchestra.run.smithi043.stdout:/usr/bin/ceph: stderr
2024-05-16T15:38:09.174+0000 7f7f23f66700 1 --2- 172.21.15.43:0/2892828034 >> [v2:172.21.15.43:6800/86887644,v1:172.21.15.43:6801/86887644] conn(0x7f7f0803e420 0x7f7f080408e0 secure :-1 s=READY pgs=14 cs=0 l=1 rev1=1 crypto rx=0x7f7f0c006fd0 tx=0x7f7f0c006e40 comp rx=0 tx=0).stop
2024-05-16T15:38:09.720 INFO:teuthology.orchestra.run.smithi043.stdout:/usr/bin/ceph: stderr
2024-05-16T15:38:09.174+0000 7f7f23f66700 1 -- 172.21.15.43:0/2892828034 >> [v2:172.21.15.43:3300/0,v1:172.21.15.43:6789/0] conn(0x7f7f1c1096c0 msgr2=0x7f7f1c108f40 secure :-1 s=STATE_CONNECTION_ESTABLISHED l=1).mark_down
2024-05-16T15:38:09.720 INFO:teuthology.orchestra.run.smithi043.stdout:/usr/bin/ceph: stderr
2024-05-16T15:38:09.174+0000 7f7f23f66700 1 --2- 172.21.15.43:0/2892828034 >> [v2:172.21.15.43:3300/0,v1:172.21.15.43:6789/0] conn(0x7f7f1c1096c0 0x7f7f1c108f40 secure :-1 s=READY pgs=50 cs=0 l=1 rev1=1 crypto rx=0x7f7f18004660 tx=0x7f7f18011a30 comp rx=0 tx=0).stop
2024-05-16T15:38:09.720 INFO:teuthology.orchestra.run.smithi043.stdout:/usr/bin/ceph: stderr
2024-05-16T15:38:09.174+0000 7f7f23f66700 1 -- 172.21.15.43:0/2892828034 shutdown_connections
2024-05-16T15:38:09.720 INFO:teuthology.orchestra.run.smithi043.stdout:/usr/bin/ceph: stderr
2024-05-16T15:38:09.174+0000 7f7f23f66700 1 --2- 172.21.15.43:0/2892828034 >> [v2:172.21.15.43:6800/86887644,v1:172.21.15.43:6801/86887644] conn(0x7f7f0803e420 0x7f7f080408e0 unknown :-1 s=CLOSED pgs=14 cs=0 l=1 rev1=1 crypto rx=0 tx=0 comp rx=0 tx=0).stop
2024-05-16T15:38:09.720 INFO:teuthology.orchestra.run.smithi043.stdout:/usr/bin/ceph: stderr
2024-05-16T15:38:09.174+0000 7f7f23f66700 1 --2- 172.21.15.43:0/2892828034 >> [v2:172.21.15.43:3300/0,v1:172.21.15.43:6789/0] conn(0x7f7f1c1096c0 0x7f7f1c108f40 unknown :-1 s=CLOSED pgs=50 cs=0 l=1 rev1=1 crypto rx=0 tx=0 comp rx=0 tx=0).stop
2024-05-16T15:38:09.720 INFO:teuthology.orchestra.run.smithi043.stdout:/usr/bin/ceph: stderr
2024-05-16T15:38:09.174+0000 7f7f23f66700 1 -- 172.21.15.43:0/2892828034 >> 172.21.15.43:0/2892828034 conn(0x7f7f1c1030f0 msgr2=0x7f7f1c103bc0 unknown :-1 s=STATE_NONE l=0).mark_down
2024-05-16T15:38:09.720 INFO:teuthology.orchestra.run.smithi043.stdout:/usr/bin/ceph: stderr
2024-05-16T15:38:09.174+0000 7f7f23f66700 1 -- 172.21.15.43:0/2892828034 shutdown_connections
2024-05-16T15:38:09.720 INFO:teuthology.orchestra.run.smithi043.stdout:/usr/bin/ceph: stderr
2024-05-16T15:38:09.174+0000 7f7f23f66700 1 -- 172.21.15.43:0/2892828034 wait complete.
2024-05-16T15:38:10.087 INFO:journalctl@ceph.mon.a.smithi043.stdout:May 16 15:38:09 smithi043 ceph-mon[31619]: from='mgr.14118 172.21.15.43:0/1351577342' entity='mgr.x'
2024-05-16T15:38:10.087 INFO:journalctl@ceph.mon.a.smithi043.stdout:May 16 15:38:09 smithi043 ceph-mon[31619]: from='client.? 172.21.15.43:0/2892828034' entity='client.admin'
2024-05-16T15:38:11.018 INFO:teuthology.orchestra.run.smithi043.stdout:/usr/bin/ceph: stderr
2024-05-16T15:38:10.107+0000 7f83376fc700 1 Processor -- start
2024-05-16T15:38:11.018 INFO:teuthology.orchestra.run.smithi043.stdout:/usr/bin/ceph: stderr
2024-05-16T15:38:10.107+0000 7f83376fc700 1 -- start start
2024-05-16T15:38:11.018 INFO:teuthology.orchestra.run.smithi043.stdout:/usr/bin/ceph: stderr
2024-05-16T15:38:10.108+0000 7f83376fc700 1 --2- >> [v2:172.21.15.43:3300/0,v1:172.21.15.43:6789/0] conn(0x7f8330108ce0 0x7f8330109100 unknown :-1 s=NONE pgs=0 cs=0 l=0 rev1=0 crypto rx=0 tx=0 comp rx=0 tx=0).connect
2024-05-16T15:38:11.018 INFO:teuthology.orchestra.run.smithi043.stdout:/usr/bin/ceph: stderr
2024-05-16T15:38:10.108+0000 7f83376fc700 1 -- --> [v2:172.21.15.43:3300/0,v1:172.21.15.43:6789/0] -- mon_getmap magic: 0 -- 0x7f83301096d0 con 0x7f8330108ce0
2024-05-16T15:38:11.018 INFO:teuthology.orchestra.run.smithi043.stdout:/usr/bin/ceph: stderr
2024-05-16T15:38:10.108+0000 7f8335498700 1 --2- >> [v2:172.21.15.43:3300/0,v1:172.21.15.43:6789/0] conn(0x7f8330108ce0 0x7f8330109100 unknown :-1 s=BANNER_CONNECTING pgs=0 cs=0 l=0 rev1=0 crypto rx=0 tx=0 comp rx=0 tx=0)._handle_peer_banner_payload supported=3 required=0
2024-05-16T15:38:11.018 INFO:teuthology.orchestra.run.smithi043.stdout:/usr/bin/ceph: stderr
2024-05-16T15:38:10.108+0000 7f8335498700 1 --2- >> [v2:172.21.15.43:3300/0,v1:172.21.15.43:6789/0] conn(0x7f8330108ce0 0x7f8330109100 unknown :-1 s=HELLO_CONNECTING pgs=0 cs=0 l=0 rev1=1 crypto rx=0 tx=0 comp rx=0 tx=0).handle_hello peer v2:172.21.15.43:3300/0 says I am v2:172.21.15.43:58136/0 (socket says 172.21.15.43:58136)
2024-05-16T15:38:11.018 INFO:teuthology.orchestra.run.smithi043.stdout:/usr/bin/ceph: stderr
2024-05-16T15:38:10.108+0000 7f8335498700 1 -- 172.21.15.43:0/881944862 learned_addr learned my addr 172.21.15.43:0/881944862 (peer_addr_for_me v2:172.21.15.43:0/0)
2024-05-16T15:38:11.018 INFO:teuthology.orchestra.run.smithi043.stdout:/usr/bin/ceph: stderr
2024-05-16T15:38:10.108+0000 7f8335498700 1 -- 172.21.15.43:0/881944862 --> [v2:172.21.15.43:3300/0,v1:172.21.15.43:6789/0] -- mon_subscribe({config=0+,monmap=0+}) -- 0x7f8330109e40 con 0x7f8330108ce0
2024-05-16T15:38:11.018 INFO:teuthology.orchestra.run.smithi043.stdout:/usr/bin/ceph: stderr
2024-05-16T15:38:10.108+0000 7f8335498700 1 --2- 172.21.15.43:0/881944862 >> [v2:172.21.15.43:3300/0,v1:172.21.15.43:6789/0] conn(0x7f8330108ce0 0x7f8330109100 secure :-1 s=READY pgs=51 cs=0 l=1 rev1=1 crypto rx=0x7f832c0098a0 tx=0x7f832c009bb0 comp rx=0 tx=0).ready entity=mon.0 client_cookie=78d428877e12d1da server_cookie=0 in_seq=0 out_seq=0
2024-05-16T15:38:11.018 INFO:teuthology.orchestra.run.smithi043.stdout:/usr/bin/ceph: stderr
2024-05-16T15:38:10.109+0000 7f8327fff700 1 -- 172.21.15.43:0/881944862 <== mon.0 v2:172.21.15.43:3300/0 1 ==== mon_map magic: 0 ==== 205+0+0 (secure 0 0 0) 0x7f832c004160 con 0x7f8330108ce0
2024-05-16T15:38:11.019 INFO:teuthology.orchestra.run.smithi043.stdout:/usr/bin/ceph: stderr
2024-05-16T15:38:10.109+0000 7f8327fff700 1 -- 172.21.15.43:0/881944862 <== mon.0 v2:172.21.15.43:3300/0 2 ==== config(25 keys) ==== 1063+0+0 (secure 0 0 0) 0x7f832c004300 con 0x7f8330108ce0
2024-05-16T15:38:11.019 INFO:teuthology.orchestra.run.smithi043.stdout:/usr/bin/ceph: stderr
2024-05-16T15:38:10.109+0000 7f8327fff700 1 -- 172.21.15.43:0/881944862 <== mon.0 v2:172.21.15.43:3300/0 3 ==== mon_map magic: 0 ==== 205+0+0 (secure 0 0 0) 0x7f832c011960 con 0x7f8330108ce0
2024-05-16T15:38:11.019 INFO:teuthology.orchestra.run.smithi043.stdout:/usr/bin/ceph: stderr
2024-05-16T15:38:10.110+0000 7f83376fc700 1 -- 172.21.15.43:0/881944862 >> [v2:172.21.15.43:3300/0,v1:172.21.15.43:6789/0] conn(0x7f8330108ce0 msgr2=0x7f8330109100 secure :-1 s=STATE_CONNECTION_ESTABLISHED l=1).mark_down
2024-05-16T15:38:11.019 INFO:teuthology.orchestra.run.smithi043.stdout:/usr/bin/ceph: stderr
2024-05-16T15:38:10.110+0000 7f83376fc700 1 --2- 172.21.15.43:0/881944862 >> [v2:172.21.15.43:3300/0,v1:172.21.15.43:6789/0] conn(0x7f8330108ce0 0x7f8330109100 secure :-1 s=READY pgs=51 cs=0 l=1 rev1=1 crypto rx=0x7f832c0098a0 tx=0x7f832c009bb0 comp rx=0 tx=0).stop
2024-05-16T15:38:11.019 INFO:teuthology.orchestra.run.smithi043.stdout:/usr/bin/ceph: stderr
2024-05-16T15:38:10.110+0000 7f83376fc700 1 -- 172.21.15.43:0/881944862 shutdown_connections
2024-05-16T15:38:11.019 INFO:teuthology.orchestra.run.smithi043.stdout:/usr/bin/ceph: stderr
2024-05-16T15:38:10.110+0000 7f83376fc700 1 --2- 172.21.15.43:0/881944862 >> [v2:172.21.15.43:3300/0,v1:172.21.15.43:6789/0] conn(0x7f8330108ce0 0x7f8330109100 unknown :-1 s=CLOSED pgs=51 cs=0 l=1 rev1=1 crypto rx=0 tx=0 comp rx=0 tx=0).stop
2024-05-16T15:38:11.019 INFO:teuthology.orchestra.run.smithi043.stdout:/usr/bin/ceph: stderr
2024-05-16T15:38:10.110+0000 7f83376fc700 1 -- 172.21.15.43:0/881944862 >> 172.21.15.43:0/881944862 conn(0x7f83301042a0 msgr2=0x7f83301066c0 unknown :-1 s=STATE_NONE l=0).mark_down
2024-05-16T15:38:11.019 INFO:teuthology.orchestra.run.smithi043.stdout:/usr/bin/ceph: stderr
2024-05-16T15:38:10.110+0000 7f83376fc700 1 -- 172.21.15.43:0/881944862 shutdown_connections
2024-05-16T15:38:11.019 INFO:teuthology.orchestra.run.smithi043.stdout:/usr/bin/ceph: stderr
2024-05-16T15:38:10.110+0000 7f83376fc700 1 -- 172.21.15.43:0/881944862 wait complete.
2024-05-16T15:38:11.019 INFO:teuthology.orchestra.run.smithi043.stdout:/usr/bin/ceph: stderr
2024-05-16T15:38:10.110+0000 7f83376fc700 1 Processor -- start
2024-05-16T15:38:11.019 INFO:teuthology.orchestra.run.smithi043.stdout:/usr/bin/ceph: stderr
2024-05-16T15:38:10.110+0000 7f83376fc700 1 -- start start
2024-05-16T15:38:11.019 INFO:teuthology.orchestra.run.smithi043.stdout:/usr/bin/ceph: stderr
2024-05-16T15:38:10.111+0000 7f83376fc700 1 --2- >> [v2:172.21.15.43:3300/0,v1:172.21.15.43:6789/0] conn(0x7f8330108ce0 0x7f833007eb30 unknown :-1 s=NONE pgs=0 cs=0 l=1 rev1=0 crypto rx=0 tx=0 comp rx=0 tx=0).connect
2024-05-16T15:38:11.019 INFO:teuthology.orchestra.run.smithi043.stdout:/usr/bin/ceph: stderr
2024-05-16T15:38:10.111+0000 7f83376fc700 1 -- --> [v2:172.21.15.43:3300/0,v1:172.21.15.43:6789/0] -- mon_getmap magic: 0 -- 0x7f833010d070 con 0x7f8330108ce0
2024-05-16T15:38:11.019 INFO:teuthology.orchestra.run.smithi043.stdout:/usr/bin/ceph: stderr
2024-05-16T15:38:10.111+0000 7f8335498700 1 --2- >> [v2:172.21.15.43:3300/0,v1:172.21.15.43:6789/0] conn(0x7f8330108ce0 0x7f833007eb30 unknown :-1 s=BANNER_CONNECTING pgs=0 cs=0 l=1 rev1=0 crypto rx=0 tx=0 comp rx=0 tx=0)._handle_peer_banner_payload supported=3 required=0
2024-05-16T15:38:11.020 INFO:teuthology.orchestra.run.smithi043.stdout:/usr/bin/ceph: stderr
2024-05-16T15:38:10.111+0000 7f8335498700 1 --2- >> [v2:172.21.15.43:3300/0,v1:172.21.15.43:6789/0] conn(0x7f8330108ce0 0x7f833007eb30 unknown :-1 s=HELLO_CONNECTING pgs=0 cs=0 l=1 rev1=1 crypto rx=0 tx=0 comp rx=0 tx=0).handle_hello peer v2:172.21.15.43:3300/0 says I am v2:172.21.15.43:58142/0 (socket says 172.21.15.43:58142)
2024-05-16T15:38:11.020 INFO:teuthology.orchestra.run.smithi043.stdout:/usr/bin/ceph: stderr
2024-05-16T15:38:10.111+0000 7f8335498700 1 -- 172.21.15.43:0/1689843993 learned_addr learned my addr 172.21.15.43:0/1689843993 (peer_addr_for_me v2:172.21.15.43:0/0)
2024-05-16T15:38:11.020 INFO:teuthology.orchestra.run.smithi043.stdout:/usr/bin/ceph: stderr
2024-05-16T15:38:10.111+0000 7f8335498700 1 -- 172.21.15.43:0/1689843993 --> [v2:172.21.15.43:3300/0,v1:172.21.15.43:6789/0] -- mon_subscribe({config=0+,monmap=0+}) -- 0x7f833007f070 con 0x7f8330108ce0
2024-05-16T15:38:11.020 INFO:teuthology.orchestra.run.smithi043.stdout:/usr/bin/ceph: stderr
2024-05-16T15:38:10.111+0000 7f8335498700 1 --2- 172.21.15.43:0/1689843993 >> [v2:172.21.15.43:3300/0,v1:172.21.15.43:6789/0] conn(0x7f8330108ce0 0x7f833007eb30 secure :-1 s=READY pgs=52 cs=0 l=1 rev1=1 crypto rx=0x7f832c011670 tx=0x7f832c011a30 comp rx=0 tx=0).ready entity=mon.0 client_cookie=0 server_cookie=0 in_seq=0 out_seq=0
2024-05-16T15:38:11.020 INFO:teuthology.orchestra.run.smithi043.stdout:/usr/bin/ceph: stderr
2024-05-16T15:38:10.111+0000 7f83267fc700 1 -- 172.21.15.43:0/1689843993 <== mon.0 v2:172.21.15.43:3300/0 1 ==== mon_map magic: 0 ==== 205+0+0 (secure 0 0 0) 0x7f832c003a60 con 0x7f8330108ce0
2024-05-16T15:38:11.020 INFO:teuthology.orchestra.run.smithi043.stdout:/usr/bin/ceph: stderr
2024-05-16T15:38:10.111+0000 7f83376fc700 1 -- 172.21.15.43:0/1689843993 --> [v2:172.21.15.43:3300/0,v1:172.21.15.43:6789/0] -- mon_subscribe({mgrmap=0+}) -- 0x7f833007d260 con 0x7f8330108ce0
2024-05-16T15:38:11.020 INFO:teuthology.orchestra.run.smithi043.stdout:/usr/bin/ceph: stderr
2024-05-16T15:38:10.111+0000 7f83267fc700 1 -- 172.21.15.43:0/1689843993 <== mon.0 v2:172.21.15.43:3300/0 2 ==== config(25 keys) ==== 1063+0+0 (secure 0 0 0) 0x7f832c01b8d0 con 0x7f8330108ce0
2024-05-16T15:38:11.020 INFO:teuthology.orchestra.run.smithi043.stdout:/usr/bin/ceph: stderr
2024-05-16T15:38:10.112+0000 7f83267fc700 1 -- 172.21.15.43:0/1689843993 <== mon.0 v2:172.21.15.43:3300/0 3 ==== mon_map magic: 0 ==== 205+0+0 (secure 0 0 0) 0x7f832c023790 con 0x7f8330108ce0
2024-05-16T15:38:11.020 INFO:teuthology.orchestra.run.smithi043.stdout:/usr/bin/ceph: stderr
2024-05-16T15:38:10.112+0000 7f83376fc700 1 -- 172.21.15.43:0/1689843993 --> [v2:172.21.15.43:3300/0,v1:172.21.15.43:6789/0] -- mon_subscribe({osdmap=0}) -- 0x7f833007d7a0 con 0x7f8330108ce0
2024-05-16T15:38:11.020 INFO:teuthology.orchestra.run.smithi043.stdout:/usr/bin/ceph: stderr
2024-05-16T15:38:10.112+0000 7f83376fc700 1 -- 172.21.15.43:0/1689843993 --> [v2:172.21.15.43:3300/0,v1:172.21.15.43:6789/0] -- mon_command({"prefix": "get_command_descriptions"} v 0) -- 0x7f8330064b00 con 0x7f8330108ce0
2024-05-16T15:38:11.020 INFO:teuthology.orchestra.run.smithi043.stdout:/usr/bin/ceph: stderr
2024-05-16T15:38:10.113+0000 7f83267fc700 1 -- 172.21.15.43:0/1689843993 <== mon.0 v2:172.21.15.43:3300/0 4 ==== mgrmap(e 8) ==== 50222+0+0 (secure 0 0 0) 0x7f832c023a90 con 0x7f8330108ce0
2024-05-16T15:38:11.020 INFO:teuthology.orchestra.run.smithi043.stdout:/usr/bin/ceph: stderr
2024-05-16T15:38:10.113+0000 7f83267fc700 1 --2- 172.21.15.43:0/1689843993 >> [v2:172.21.15.43:6800/86887644,v1:172.21.15.43:6801/86887644] conn(0x7f831c03e470 0x7f831c040930 unknown :-1 s=NONE pgs=0 cs=0 l=1 rev1=0 crypto rx=0 tx=0 comp rx=0 tx=0).connect
2024-05-16T15:38:11.020 INFO:teuthology.orchestra.run.smithi043.stdout:/usr/bin/ceph: stderr
2024-05-16T15:38:10.113+0000 7f83267fc700 1 -- 172.21.15.43:0/1689843993 <== mon.0 v2:172.21.15.43:3300/0 5 ==== osd_map(2..2 src has 1..2) ==== 940+0+0 (secure 0 0 0) 0x7f832c053ee0 con 0x7f8330108ce0
2024-05-16T15:38:11.020 INFO:teuthology.orchestra.run.smithi043.stdout:/usr/bin/ceph: stderr
2024-05-16T15:38:10.113+0000 7f8334c97700 1 --2- 172.21.15.43:0/1689843993 >> [v2:172.21.15.43:6800/86887644,v1:172.21.15.43:6801/86887644] conn(0x7f831c03e470 0x7f831c040930 unknown :-1 s=BANNER_CONNECTING pgs=0 cs=0 l=1 rev1=0 crypto rx=0 tx=0 comp rx=0 tx=0)._handle_peer_banner_payload supported=3 required=0
2024-05-16T15:38:11.020 INFO:teuthology.orchestra.run.smithi043.stdout:/usr/bin/ceph: stderr
2024-05-16T15:38:10.113+0000 7f8334c97700 1 --2- 172.21.15.43:0/1689843993 >> [v2:172.21.15.43:6800/86887644,v1:172.21.15.43:6801/86887644] conn(0x7f831c03e470 0x7f831c040930 secure :-1 s=READY pgs=15 cs=0 l=1 rev1=1 crypto rx=0x7f8320006fd0 tx=0x7f8320006e40 comp rx=0 tx=0).ready entity=mgr.14118 client_cookie=0 server_cookie=0 in_seq=0 out_seq=0
2024-05-16T15:38:11.021 INFO:teuthology.orchestra.run.smithi043.stdout:/usr/bin/ceph: stderr
2024-05-16T15:38:10.119+0000 7f83267fc700 1 -- 172.21.15.43:0/1689843993 <== mon.0 v2:172.21.15.43:3300/0 6 ==== mon_command_ack([{"prefix": "get_command_descriptions"}]=0 v0) ==== 72+0+191839 (secure 0 0 0) 0x7f832c01f030 con 0x7f8330108ce0
2024-05-16T15:38:11.021 INFO:teuthology.orchestra.run.smithi043.stdout:/usr/bin/ceph: stderr
2024-05-16T15:38:10.341+0000 7f83376fc700 1 -- 172.21.15.43:0/1689843993 --> [v2:172.21.15.43:3300/0,v1:172.21.15.43:6789/0] -- mon_command([{prefix=config set, name=mgr/dashboard/ssl_server_port}] v 0) -- 0x7f833007dae0 con 0x7f8330108ce0
2024-05-16T15:38:11.021 INFO:teuthology.orchestra.run.smithi043.stdout:/usr/bin/ceph: stderr
2024-05-16T15:38:10.343+0000 7f83267fc700 1 -- 172.21.15.43:0/1689843993 <== mon.0 v2:172.21.15.43:3300/0 7 ==== mon_command_ack([{prefix=config set, name=mgr/dashboard/ssl_server_port}]=0 v8)=0 v8) ==== 130+0+0 (secure 0 0 0) 0x7f833007dae0 con 0x7f8330108ce0
2024-05-16T15:38:11.021 INFO:teuthology.orchestra.run.smithi043.stdout:/usr/bin/ceph: stderr
2024-05-16T15:38:10.346+0000 7f83376fc700 1 -- 172.21.15.43:0/1689843993 >> [v2:172.21.15.43:6800/86887644,v1:172.21.15.43:6801/86887644] conn(0x7f831c03e470 msgr2=0x7f831c040930 secure :-1 s=STATE_CONNECTION_ESTABLISHED l=1).mark_down
2024-05-16T15:38:11.021 INFO:teuthology.orchestra.run.smithi043.stdout:/usr/bin/ceph: stderr
2024-05-16T15:38:10.346+0000 7f83376fc700 1 --2- 172.21.15.43:0/1689843993 >> [v2:172.21.15.43:6800/86887644,v1:172.21.15.43:6801/86887644] conn(0x7f831c03e470 0x7f831c040930 secure :-1 s=READY pgs=15 cs=0 l=1 rev1=1 crypto rx=0x7f8320006fd0 tx=0x7f8320006e40 comp rx=0 tx=0).stop
2024-05-16T15:38:11.021 INFO:teuthology.orchestra.run.smithi043.stdout:/usr/bin/ceph: stderr
2024-05-16T15:38:10.346+0000 7f83376fc700 1 -- 172.21.15.43:0/1689843993 >> [v2:172.21.15.43:3300/0,v1:172.21.15.43:6789/0] conn(0x7f8330108ce0 msgr2=0x7f833007eb30 secure :-1 s=STATE_CONNECTION_ESTABLISHED l=1).mark_down
2024-05-16T15:38:11.021 INFO:teuthology.orchestra.run.smithi043.stdout:/usr/bin/ceph: stderr
2024-05-16T15:38:10.346+0000 7f83376fc700 1 --2- 172.21.15.43:0/1689843993 >> [v2:172.21.15.43:3300/0,v1:172.21.15.43:6789/0] conn(0x7f8330108ce0 0x7f833007eb30 secure :-1 s=READY pgs=52 cs=0 l=1 rev1=1 crypto rx=0x7f832c011670 tx=0x7f832c011a30 comp rx=0 tx=0).stop
2024-05-16T15:38:11.021 INFO:teuthology.orchestra.run.smithi043.stdout:/usr/bin/ceph: stderr
2024-05-16T15:38:10.346+0000 7f83376fc700 1 -- 172.21.15.43:0/1689843993 shutdown_connections
2024-05-16T15:38:11.021 INFO:teuthology.orchestra.run.smithi043.stdout:/usr/bin/ceph: stderr
2024-05-16T15:38:10.346+0000 7f83376fc700 1 --2- 172.21.15.43:0/1689843993 >> [v2:172.21.15.43:6800/86887644,v1:172.21.15.43:6801/86887644] conn(0x7f831c03e470 0x7f831c040930 unknown :-1 s=CLOSED pgs=15 cs=0 l=1 rev1=1 crypto rx=0 tx=0 comp rx=0 tx=0).stop
2024-05-16T15:38:11.021 INFO:teuthology.orchestra.run.smithi043.stdout:/usr/bin/ceph: stderr
2024-05-16T15:38:10.346+0000 7f83376fc700 1 --2- 172.21.15.43:0/1689843993 >> [v2:172.21.15.43:3300/0,v1:172.21.15.43:6789/0] conn(0x7f8330108ce0 0x7f833007eb30 unknown :-1 s=CLOSED pgs=52 cs=0 l=1 rev1=1 crypto rx=0 tx=0 comp rx=0 tx=0).stop
2024-05-16T15:38:11.021 INFO:teuthology.orchestra.run.smithi043.stdout:/usr/bin/ceph: stderr
2024-05-16T15:38:10.346+0000 7f83376fc700 1 -- 172.21.15.43:0/1689843993 >> 172.21.15.43:0/1689843993 conn(0x7f83301042a0 msgr2=0x7f8330104cd0 unknown :-1 s=STATE_NONE l=0).mark_down
2024-05-16T15:38:11.021 INFO:teuthology.orchestra.run.smithi043.stdout:/usr/bin/ceph: stderr
2024-05-16T15:38:10.346+0000 7f83376fc700 1 -- 172.21.15.43:0/1689843993 shutdown_connections
2024-05-16T15:38:11.021 INFO:teuthology.orchestra.run.smithi043.stdout:/usr/bin/ceph: stderr
2024-05-16T15:38:10.346+0000 7f83376fc700 1 -- 172.21.15.43:0/1689843993 wait complete.
2024-05-16T15:38:11.021 INFO:teuthology.orchestra.run.smithi043.stdout:Enabling the dashboard module...
2024-05-16T15:38:11.468 INFO:journalctl@ceph.mon.a.smithi043.stdout:May 16 15:38:11 smithi043 ceph-mon[31619]: from='client.? 172.21.15.43:0/1689843993' entity='client.admin'
2024-05-16T15:38:12.719 INFO:journalctl@ceph.mon.a.smithi043.stdout:May 16 15:38:12 smithi043 ceph-mon[31619]: from='mgr.14118 172.21.15.43:0/1351577342' entity='mgr.x'
2024-05-16T15:38:12.719 INFO:journalctl@ceph.mon.a.smithi043.stdout:May 16 15:38:12 smithi043 ceph-mon[31619]: from='client.? 172.21.15.43:0/1168177911' entity='client.admin' cmd=[{"prefix": "mgr module enable", "module": "dashboard"}]: dispatch
2024-05-16T15:38:12.719 INFO:journalctl@ceph.mgr.x.smithi043.stdout:May 16 15:38:12 smithi043 ceph-13155b42-139a-11ef-bc9a-c7b262605968-mgr-x[31851]: ignoring --setuser ceph since I am not root
2024-05-16T15:38:12.719 INFO:journalctl@ceph.mgr.x.smithi043.stdout:May 16 15:38:12 smithi043 ceph-13155b42-139a-11ef-bc9a-c7b262605968-mgr-x[31851]: ignoring --setgroup ceph since I am not root
2024-05-16T15:38:12.719 INFO:journalctl@ceph.mgr.x.smithi043.stdout:May 16 15:38:12 smithi043 ceph-13155b42-139a-11ef-bc9a-c7b262605968-mgr-x[31851]:
2024-05-16T15:38:12.617+0000 7fa1a6d4d200 -1 mgr[py] Module balancer has missing NOTIFY_TYPES member
2024-05-16T15:38:13.044 INFO:journalctl@ceph.mgr.x.smithi043.stdout:May 16 15:38:12 smithi043 ceph-13155b42-139a-11ef-bc9a-c7b262605968-mgr-x[31851]:
2024-05-16T15:38:12.816+0000 7fa1a6d4d200 -1 mgr[py] Module orchestrator has missing NOTIFY_TYPES member
2024-05-16T15:38:13.044 INFO:journalctl@ceph.mgr.x.smithi043.stdout:May 16 15:38:12 smithi043 ceph-13155b42-139a-11ef-bc9a-c7b262605968-mgr-x[31851]:
2024-05-16T15:38:12.926+0000 7fa1a6d4d200 -1 mgr[py] Module snap_schedule has missing NOTIFY_TYPES member
2024-05-16T15:38:13.051 INFO:teuthology.orchestra.run.smithi043.stdout:/usr/bin/ceph: stderr
2024-05-16T15:38:11.799+0000 7f4059b37700 1 Processor -- start
2024-05-16T15:38:13.051 INFO:teuthology.orchestra.run.smithi043.stdout:/usr/bin/ceph: stderr
2024-05-16T15:38:11.799+0000 7f4059b37700 1 -- start start
2024-05-16T15:38:13.051 INFO:teuthology.orchestra.run.smithi043.stdout:/usr/bin/ceph: stderr
2024-05-16T15:38:11.799+0000 7f4059b37700 1 --2- >> [v2:172.21.15.43:3300/0,v1:172.21.15.43:6789/0] conn(0x7f405407ee40 0x7f405407d2a0 unknown :-1 s=NONE pgs=0 cs=0 l=0 rev1=0 crypto rx=0 tx=0 comp rx=0 tx=0).connect
2024-05-16T15:38:13.052 INFO:teuthology.orchestra.run.smithi043.stdout:/usr/bin/ceph: stderr
2024-05-16T15:38:11.799+0000 7f4059b37700 1 -- --> [v2:172.21.15.43:3300/0,v1:172.21.15.43:6789/0] -- mon_getmap magic: 0 -- 0x7f405407d870 con 0x7f405407ee40
2024-05-16T15:38:13.052 INFO:teuthology.orchestra.run.smithi043.stdout:/usr/bin/ceph: stderr
2024-05-16T15:38:11.800+0000 7f40537fe700 1 --2- >> [v2:172.21.15.43:3300/0,v1:172.21.15.43:6789/0] conn(0x7f405407ee40 0x7f405407d2a0 unknown :-1 s=BANNER_CONNECTING pgs=0 cs=0 l=0 rev1=0 crypto rx=0 tx=0 comp rx=0 tx=0)._handle_peer_banner_payload supported=3 required=0
2024-05-16T15:38:13.052 INFO:teuthology.orchestra.run.smithi043.stdout:/usr/bin/ceph: stderr
2024-05-16T15:38:11.800+0000 7f40537fe700 1 --2- >> [v2:172.21.15.43:3300/0,v1:172.21.15.43:6789/0] conn(0x7f405407ee40 0x7f405407d2a0 unknown :-1 s=HELLO_CONNECTING pgs=0 cs=0 l=0 rev1=1 crypto rx=0 tx=0 comp rx=0 tx=0).handle_hello peer v2:172.21.15.43:3300/0 says I am v2:172.21.15.43:58154/0 (socket says 172.21.15.43:58154)
2024-05-16T15:38:13.052 INFO:teuthology.orchestra.run.smithi043.stdout:/usr/bin/ceph: stderr
2024-05-16T15:38:11.800+0000 7f40537fe700 1 -- 172.21.15.43:0/2526419105 learned_addr learned my addr 172.21.15.43:0/2526419105 (peer_addr_for_me v2:172.21.15.43:0/0)
2024-05-16T15:38:13.052 INFO:teuthology.orchestra.run.smithi043.stdout:/usr/bin/ceph: stderr
2024-05-16T15:38:11.800+0000 7f40537fe700 1 -- 172.21.15.43:0/2526419105 --> [v2:172.21.15.43:3300/0,v1:172.21.15.43:6789/0] -- mon_subscribe({config=0+,monmap=0+}) -- 0x7f405407d9f0 con 0x7f405407ee40
2024-05-16T15:38:13.052 INFO:teuthology.orchestra.run.smithi043.stdout:/usr/bin/ceph: stderr
2024-05-16T15:38:11.800+0000 7f40537fe700 1 --2- 172.21.15.43:0/2526419105 >> [v2:172.21.15.43:3300/0,v1:172.21.15.43:6789/0] conn(0x7f405407ee40 0x7f405407d2a0 secure :-1 s=READY pgs=53 cs=0 l=1 rev1=1 crypto rx=0x7f40440098a0 tx=0x7f4044009bb0 comp rx=0 tx=0).ready entity=mon.0 client_cookie=d14d8c342f2c8a36 server_cookie=0 in_seq=0 out_seq=0
2024-05-16T15:38:13.052 INFO:teuthology.orchestra.run.smithi043.stdout:/usr/bin/ceph: stderr
2024-05-16T15:38:11.800+0000 7f40527fc700 1 -- 172.21.15.43:0/2526419105 <== mon.0 v2:172.21.15.43:3300/0 1 ==== mon_map magic: 0 ==== 205+0+0 (secure 0 0 0) 0x7f4044004160 con 0x7f405407ee40
2024-05-16T15:38:13.052 INFO:teuthology.orchestra.run.smithi043.stdout:/usr/bin/ceph: stderr
2024-05-16T15:38:11.800+0000 7f40527fc700 1 -- 172.21.15.43:0/2526419105 <== mon.0 v2:172.21.15.43:3300/0 2 ==== config(25 keys) ==== 1063+0+0 (secure 0 0 0) 0x7f4044004300 con 0x7f405407ee40
2024-05-16T15:38:13.052 INFO:teuthology.orchestra.run.smithi043.stdout:/usr/bin/ceph: stderr
2024-05-16T15:38:11.800+0000 7f40527fc700 1 -- 172.21.15.43:0/2526419105 <== mon.0 v2:172.21.15.43:3300/0 3 ==== mon_map magic: 0 ==== 205+0+0 (secure 0 0 0) 0x7f4044011960 con 0x7f405407ee40
2024-05-16T15:38:13.052 INFO:teuthology.orchestra.run.smithi043.stdout:/usr/bin/ceph: stderr
2024-05-16T15:38:11.801+0000 7f4059b37700 1 -- 172.21.15.43:0/2526419105 >> [v2:172.21.15.43:3300/0,v1:172.21.15.43:6789/0] conn(0x7f405407ee40 msgr2=0x7f405407d2a0 secure :-1 s=STATE_CONNECTION_ESTABLISHED l=1).mark_down
2024-05-16T15:38:13.052 INFO:teuthology.orchestra.run.smithi043.stdout:/usr/bin/ceph: stderr
2024-05-16T15:38:11.801+0000 7f4059b37700 1 --2- 172.21.15.43:0/2526419105 >> [v2:172.21.15.43:3300/0,v1:172.21.15.43:6789/0] conn(0x7f405407ee40 0x7f405407d2a0 secure :-1 s=READY pgs=53 cs=0 l=1 rev1=1 crypto rx=0x7f40440098a0 tx=0x7f4044009bb0 comp rx=0 tx=0).stop
2024-05-16T15:38:13.052 INFO:teuthology.orchestra.run.smithi043.stdout:/usr/bin/ceph: stderr
2024-05-16T15:38:11.801+0000 7f4059b37700 1 -- 172.21.15.43:0/2526419105 shutdown_connections
2024-05-16T15:38:13.052 INFO:teuthology.orchestra.run.smithi043.stdout:/usr/bin/ceph: stderr
2024-05-16T15:38:11.801+0000 7f4059b37700 1 --2- 172.21.15.43:0/2526419105 >> [v2:172.21.15.43:3300/0,v1:172.21.15.43:6789/0] conn(0x7f405407ee40 0x7f405407d2a0 unknown :-1 s=CLOSED pgs=53 cs=0 l=1 rev1=1 crypto rx=0 tx=0 comp rx=0 tx=0).stop
2024-05-16T15:38:13.052 INFO:teuthology.orchestra.run.smithi043.stdout:/usr/bin/ceph: stderr
2024-05-16T15:38:11.801+0000 7f4059b37700 1 -- 172.21.15.43:0/2526419105 >> 172.21.15.43:0/2526419105 conn(0x7f4054104280 msgr2=0x7f40541066c0 unknown :-1 s=STATE_NONE l=0).mark_down
2024-05-16T15:38:13.053 INFO:teuthology.orchestra.run.smithi043.stdout:/usr/bin/ceph: stderr
2024-05-16T15:38:11.801+0000 7f4059b37700 1 -- 172.21.15.43:0/2526419105 shutdown_connections
2024-05-16T15:38:13.053 INFO:teuthology.orchestra.run.smithi043.stdout:/usr/bin/ceph: stderr
2024-05-16T15:38:11.801+0000 7f4059b37700 1 -- 172.21.15.43:0/2526419105 wait complete.
2024-05-16T15:38:13.053 INFO:teuthology.orchestra.run.smithi043.stdout:/usr/bin/ceph: stderr
2024-05-16T15:38:11.802+0000 7f4059b37700 1 Processor -- start
2024-05-16T15:38:13.053 INFO:teuthology.orchestra.run.smithi043.stdout:/usr/bin/ceph: stderr
2024-05-16T15:38:11.802+0000 7f4059b37700 1 -- start start
2024-05-16T15:38:13.053 INFO:teuthology.orchestra.run.smithi043.stdout:/usr/bin/ceph: stderr
2024-05-16T15:38:11.802+0000 7f4059b37700 1 --2- >> [v2:172.21.15.43:3300/0,v1:172.21.15.43:6789/0] conn(0x7f405407ee40 0x7f405419ec30 unknown :-1 s=NONE pgs=0 cs=0 l=1 rev1=0 crypto rx=0 tx=0 comp rx=0 tx=0).connect
2024-05-16T15:38:13.053 INFO:teuthology.orchestra.run.smithi043.stdout:/usr/bin/ceph: stderr
2024-05-16T15:38:11.802+0000 7f4059b37700 1 -- --> [v2:172.21.15.43:3300/0,v1:172.21.15.43:6789/0] -- mon_getmap magic: 0 -- 0x7f405410f2a0 con 0x7f405407ee40
2024-05-16T15:38:13.053 INFO:teuthology.orchestra.run.smithi043.stdout:/usr/bin/ceph: stderr
2024-05-16T15:38:11.802+0000 7f40537fe700 1 --2- >> [v2:172.21.15.43:3300/0,v1:172.21.15.43:6789/0] conn(0x7f405407ee40 0x7f405419ec30 unknown :-1 s=BANNER_CONNECTING pgs=0 cs=0 l=1 rev1=0 crypto rx=0 tx=0 comp rx=0 tx=0)._handle_peer_banner_payload supported=3 required=0
2024-05-16T15:38:13.053 INFO:teuthology.orchestra.run.smithi043.stdout:/usr/bin/ceph: stderr
2024-05-16T15:38:11.802+0000 7f40537fe700 1 --2- >> [v2:172.21.15.43:3300/0,v1:172.21.15.43:6789/0] conn(0x7f405407ee40 0x7f405419ec30 unknown :-1 s=HELLO_CONNECTING pgs=0 cs=0 l=1 rev1=1 crypto rx=0 tx=0 comp rx=0 tx=0).handle_hello peer v2:172.21.15.43:3300/0 says I am v2:172.21.15.43:58160/0 (socket says 172.21.15.43:58160)
2024-05-16T15:38:13.053 INFO:teuthology.orchestra.run.smithi043.stdout:/usr/bin/ceph: stderr
2024-05-16T15:38:11.802+0000 7f40537fe700 1 -- 172.21.15.43:0/1168177911 learned_addr learned my addr 172.21.15.43:0/1168177911 (peer_addr_for_me v2:172.21.15.43:0/0)
2024-05-16T15:38:13.053 INFO:teuthology.orchestra.run.smithi043.stdout:/usr/bin/ceph: stderr
2024-05-16T15:38:11.802+0000 7f40537fe700 1 -- 172.21.15.43:0/1168177911 --> [v2:172.21.15.43:3300/0,v1:172.21.15.43:6789/0] -- mon_subscribe({config=0+,monmap=0+}) -- 0x7f405419f170 con 0x7f405407ee40
2024-05-16T15:38:13.053 INFO:teuthology.orchestra.run.smithi043.stdout:/usr/bin/ceph: stderr
2024-05-16T15:38:11.803+0000 7f40537fe700 1 --2- 172.21.15.43:0/1168177911 >> [v2:172.21.15.43:3300/0,v1:172.21.15.43:6789/0] conn(0x7f405407ee40 0x7f405419ec30 secure :-1 s=READY pgs=54 cs=0 l=1 rev1=1 crypto rx=0x7f4044011670 tx=0x7f4044011a30 comp rx=0 tx=0).ready entity=mon.0 client_cookie=0 server_cookie=0 in_seq=0 out_seq=0
2024-05-16T15:38:13.053 INFO:teuthology.orchestra.run.smithi043.stdout:/usr/bin/ceph: stderr
2024-05-16T15:38:11.803+0000 7f4050ff9700 1 -- 172.21.15.43:0/1168177911 <== mon.0 v2:172.21.15.43:3300/0 1 ==== mon_map magic: 0 ==== 205+0+0 (secure 0 0 0) 0x7f4044003a60 con 0x7f405407ee40
2024-05-16T15:38:13.053 INFO:teuthology.orchestra.run.smithi043.stdout:/usr/bin/ceph: stderr
2024-05-16T15:38:11.803+0000 7f4050ff9700 1 -- 172.21.15.43:0/1168177911 <== mon.0 v2:172.21.15.43:3300/0 2 ==== config(25 keys) ==== 1063+0+0 (secure 0 0 0) 0x7f404401b8d0 con 0x7f405407ee40
2024-05-16T15:38:13.054 INFO:teuthology.orchestra.run.smithi043.stdout:/usr/bin/ceph: stderr
2024-05-16T15:38:11.803+0000 7f4059b37700 1 -- 172.21.15.43:0/1168177911 --> [v2:172.21.15.43:3300/0,v1:172.21.15.43:6789/0] -- mon_subscribe({mgrmap=0+}) -- 0x7f405419f400 con 0x7f405407ee40
2024-05-16T15:38:13.054 INFO:teuthology.orchestra.run.smithi043.stdout:/usr/bin/ceph: stderr
2024-05-16T15:38:11.803+0000 7f4050ff9700 1 -- 172.21.15.43:0/1168177911 <== mon.0 v2:172.21.15.43:3300/0 3 ==== mon_map magic: 0 ==== 205+0+0 (secure 0 0 0) 0x7f4044023790 con 0x7f405407ee40
2024-05-16T15:38:13.054 INFO:teuthology.orchestra.run.smithi043.stdout:/usr/bin/ceph: stderr
2024-05-16T15:38:11.803+0000 7f4059b37700 1 -- 172.21.15.43:0/1168177911 --> [v2:172.21.15.43:3300/0,v1:172.21.15.43:6789/0] -- mon_subscribe({osdmap=0}) -- 0x7f40541a20f0 con 0x7f405407ee40
2024-05-16T15:38:13.054 INFO:teuthology.orchestra.run.smithi043.stdout:/usr/bin/ceph: stderr
2024-05-16T15:38:11.804+0000 7f4050ff9700 1 -- 172.21.15.43:0/1168177911 <== mon.0 v2:172.21.15.43:3300/0 4 ==== mgrmap(e 8) ==== 50222+0+0 (secure 0 0 0) 0x7f4044023ab0 con 0x7f405407ee40
2024-05-16T15:38:13.054 INFO:teuthology.orchestra.run.smithi043.stdout:/usr/bin/ceph: stderr
2024-05-16T15:38:11.804+0000 7f4050ff9700 1 --2- 172.21.15.43:0/1168177911 >> [v2:172.21.15.43:6800/86887644,v1:172.21.15.43:6801/86887644] conn(0x7f403c03e470 0x7f403c040930 unknown :-1 s=NONE pgs=0 cs=0 l=1 rev1=0 crypto rx=0 tx=0 comp rx=0 tx=0).connect
2024-05-16T15:38:13.054 INFO:teuthology.orchestra.run.smithi043.stdout:/usr/bin/ceph: stderr
2024-05-16T15:38:11.804+0000 7f4050ff9700 1 -- 172.21.15.43:0/1168177911 <== mon.0 v2:172.21.15.43:3300/0 5 ==== osd_map(2..2 src has 1..2) ==== 940+0+0 (secure 0 0 0) 0x7f4044053f30 con 0x7f405407ee40
2024-05-16T15:38:13.054 INFO:teuthology.orchestra.run.smithi043.stdout:/usr/bin/ceph: stderr
2024-05-16T15:38:11.804+0000 7f4052ffd700 1 --2- 172.21.15.43:0/1168177911 >> [v2:172.21.15.43:6800/86887644,v1:172.21.15.43:6801/86887644] conn(0x7f403c03e470 0x7f403c040930 unknown :-1 s=BANNER_CONNECTING pgs=0 cs=0 l=1 rev1=0 crypto rx=0 tx=0 comp rx=0 tx=0)._handle_peer_banner_payload supported=3 required=0
2024-05-16T15:38:13.054 INFO:teuthology.orchestra.run.smithi043.stdout:/usr/bin/ceph: stderr
2024-05-16T15:38:11.804+0000 7f4059b37700 1 -- 172.21.15.43:0/1168177911 --> [v2:172.21.15.43:3300/0,v1:172.21.15.43:6789/0] -- mon_command({"prefix": "get_command_descriptions"} v 0) -- 0x7f4054064b00 con 0x7f405407ee40
2024-05-16T15:38:13.054 INFO:teuthology.orchestra.run.smithi043.stdout:/usr/bin/ceph: stderr
2024-05-16T15:38:11.805+0000 7f4052ffd700 1 --2- 172.21.15.43:0/1168177911 >> [v2:172.21.15.43:6800/86887644,v1:172.21.15.43:6801/86887644] conn(0x7f403c03e470 0x7f403c040930 secure :-1 s=READY pgs=16 cs=0 l=1 rev1=1 crypto rx=0x7f4048006fd0 tx=0x7f4048006e40 comp rx=0 tx=0).ready entity=mgr.14118 client_cookie=0 server_cookie=0 in_seq=0 out_seq=0
2024-05-16T15:38:13.054 INFO:teuthology.orchestra.run.smithi043.stdout:/usr/bin/ceph: stderr
2024-05-16T15:38:11.809+0000 7f4050ff9700 1 -- 172.21.15.43:0/1168177911 <== mon.0 v2:172.21.15.43:3300/0 6 ==== mon_command_ack([{"prefix": "get_command_descriptions"}]=0 v0) ==== 72+0+191839 (secure 0 0 0) 0x7f404401f030 con 0x7f405407ee40
2024-05-16T15:38:13.054 INFO:teuthology.orchestra.run.smithi043.stdout:/usr/bin/ceph: stderr
