2024-05-16T15:37:55.578+0000 7f508a9c0700 1 -- 172.21.15.43:0/2415856035 >> [v2:172.21.15.43:6800/86887644,v1:172.21.15.43:6801/86887644] conn(0x7f506c03e310 msgr2=0x7f506c0407d0 secure :-1 s=STATE_CONNECTION_ESTABLISHED l=1).mark_down
2024-05-16T15:37:56.173 INFO:teuthology.orchestra.run.smithi043.stdout:/usr/bin/ceph: stderr
2024-05-16T15:37:55.578+0000 7f508a9c0700 1 --2- 172.21.15.43:0/2415856035 >> [v2:172.21.15.43:6800/86887644,v1:172.21.15.43:6801/86887644] conn(0x7f506c03e310 0x7f506c0407d0 secure :-1 s=READY pgs=7 cs=0 l=1 rev1=1 crypto rx=0x7f5078006fd0 tx=0x7f5078006e40 comp rx=0 tx=0).stop
2024-05-16T15:37:56.173 INFO:teuthology.orchestra.run.smithi043.stdout:/usr/bin/ceph: stderr
2024-05-16T15:37:55.578+0000 7f508a9c0700 1 -- 172.21.15.43:0/2415856035 >> [v2:172.21.15.43:3300/0,v1:172.21.15.43:6789/0] conn(0x7f5084109700 msgr2=0x7f5084108f80 secure :-1 s=STATE_CONNECTION_ESTABLISHED l=1).mark_down
2024-05-16T15:37:56.173 INFO:teuthology.orchestra.run.smithi043.stdout:/usr/bin/ceph: stderr
2024-05-16T15:37:55.578+0000 7f508a9c0700 1 --2- 172.21.15.43:0/2415856035 >> [v2:172.21.15.43:3300/0,v1:172.21.15.43:6789/0] conn(0x7f5084109700 0x7f5084108f80 secure :-1 s=READY pgs=36 cs=0 l=1 rev1=1 crypto rx=0x7f50740119e0 tx=0x7f50740046a0 comp rx=0 tx=0).stop
2024-05-16T15:37:56.173 INFO:teuthology.orchestra.run.smithi043.stdout:/usr/bin/ceph: stderr
2024-05-16T15:37:55.578+0000 7f508a9c0700 1 -- 172.21.15.43:0/2415856035 shutdown_connections
2024-05-16T15:37:56.173 INFO:teuthology.orchestra.run.smithi043.stdout:/usr/bin/ceph: stderr
2024-05-16T15:37:55.578+0000 7f508a9c0700 1 --2- 172.21.15.43:0/2415856035 >> [v2:172.21.15.43:6800/86887644,v1:172.21.15.43:6801/86887644] conn(0x7f506c03e310 0x7f506c0407d0 unknown :-1 s=CLOSED pgs=7 cs=0 l=1 rev1=1 crypto rx=0 tx=0 comp rx=0 tx=0).stop
2024-05-16T15:37:56.173 INFO:teuthology.orchestra.run.smithi043.stdout:/usr/bin/ceph: stderr
2024-05-16T15:37:55.578+0000 7f508a9c0700 1 --2- 172.21.15.43:0/2415856035 >> [v2:172.21.15.43:3300/0,v1:172.21.15.43:6789/0] conn(0x7f5084109700 0x7f5084108f80 unknown :-1 s=CLOSED pgs=36 cs=0 l=1 rev1=1 crypto rx=0 tx=0 comp rx=0 tx=0).stop
2024-05-16T15:37:56.173 INFO:teuthology.orchestra.run.smithi043.stdout:/usr/bin/ceph: stderr
2024-05-16T15:37:55.578+0000 7f508a9c0700 1 -- 172.21.15.43:0/2415856035 >> 172.21.15.43:0/2415856035 conn(0x7f50841030f0 msgr2=0x7f5084103c30 unknown :-1 s=STATE_NONE l=0).mark_down
2024-05-16T15:37:56.173 INFO:teuthology.orchestra.run.smithi043.stdout:/usr/bin/ceph: stderr
2024-05-16T15:37:55.578+0000 7f508a9c0700 1 -- 172.21.15.43:0/2415856035 shutdown_connections
2024-05-16T15:37:56.173 INFO:teuthology.orchestra.run.smithi043.stdout:/usr/bin/ceph: stderr
2024-05-16T15:37:55.578+0000 7f508a9c0700 1 -- 172.21.15.43:0/2415856035 wait complete.
2024-05-16T15:37:57.144 INFO:journalctl@ceph.mon.a.smithi043.stdout:May 16 15:37:56 smithi043 ceph-mon[31619]: from='client.14130 -' entity='client.admin' cmd=[{"prefix": "orch set backend", "module_name": "cephadm", "target": ["mon-mgr", ""]}]: dispatch
2024-05-16T15:37:57.144 INFO:journalctl@ceph.mon.a.smithi043.stdout:May 16 15:37:56 smithi043 ceph-mon[31619]: mgrmap e8: x(active, since 2s)
2024-05-16T15:37:57.144 INFO:journalctl@ceph.mon.a.smithi043.stdout:May 16 15:37:56 smithi043 ceph-mon[31619]: from='mgr.14118 172.21.15.43:0/1351577342' entity='mgr.x' cmd=[{"prefix": "config dump", "format": "json"}]: dispatch
2024-05-16T15:37:57.436 INFO:teuthology.orchestra.run.smithi043.stdout:/usr/bin/ceph: stdout value unchanged
2024-05-16T15:37:57.436 INFO:teuthology.orchestra.run.smithi043.stdout:/usr/bin/ceph: stderr
2024-05-16T15:37:56.615+0000 7f4da2706700 1 Processor -- start
2024-05-16T15:37:57.436 INFO:teuthology.orchestra.run.smithi043.stdout:/usr/bin/ceph: stderr
2024-05-16T15:37:56.615+0000 7f4da2706700 1 -- start start
2024-05-16T15:37:57.436 INFO:teuthology.orchestra.run.smithi043.stdout:/usr/bin/ceph: stderr
2024-05-16T15:37:56.615+0000 7f4da2706700 1 --2- >> [v2:172.21.15.43:3300/0,v1:172.21.15.43:6789/0] conn(0x7f4d9c108cd0 0x7f4d9c1090f0 unknown :-1 s=NONE pgs=0 cs=0 l=0 rev1=0 crypto rx=0 tx=0 comp rx=0 tx=0).connect
2024-05-16T15:37:57.436 INFO:teuthology.orchestra.run.smithi043.stdout:/usr/bin/ceph: stderr
2024-05-16T15:37:56.615+0000 7f4da2706700 1 -- --> [v2:172.21.15.43:3300/0,v1:172.21.15.43:6789/0] -- mon_getmap magic: 0 -- 0x7f4d9c1096c0 con 0x7f4d9c108cd0
2024-05-16T15:37:57.436 INFO:teuthology.orchestra.run.smithi043.stdout:/usr/bin/ceph: stderr
2024-05-16T15:37:56.616+0000 7f4d9bfff700 1 --2- >> [v2:172.21.15.43:3300/0,v1:172.21.15.43:6789/0] conn(0x7f4d9c108cd0 0x7f4d9c1090f0 unknown :-1 s=BANNER_CONNECTING pgs=0 cs=0 l=0 rev1=0 crypto rx=0 tx=0 comp rx=0 tx=0)._handle_peer_banner_payload supported=3 required=0
2024-05-16T15:37:57.436 INFO:teuthology.orchestra.run.smithi043.stdout:/usr/bin/ceph: stderr
2024-05-16T15:37:56.616+0000 7f4d9bfff700 1 --2- >> [v2:172.21.15.43:3300/0,v1:172.21.15.43:6789/0] conn(0x7f4d9c108cd0 0x7f4d9c1090f0 unknown :-1 s=HELLO_CONNECTING pgs=0 cs=0 l=0 rev1=1 crypto rx=0 tx=0 comp rx=0 tx=0).handle_hello peer v2:172.21.15.43:3300/0 says I am v2:172.21.15.43:43358/0 (socket says 172.21.15.43:43358)
2024-05-16T15:37:57.436 INFO:teuthology.orchestra.run.smithi043.stdout:/usr/bin/ceph: stderr
2024-05-16T15:37:56.616+0000 7f4d9bfff700 1 -- 172.21.15.43:0/2419004061 learned_addr learned my addr 172.21.15.43:0/2419004061 (peer_addr_for_me v2:172.21.15.43:0/0)
2024-05-16T15:37:57.436 INFO:teuthology.orchestra.run.smithi043.stdout:/usr/bin/ceph: stderr
2024-05-16T15:37:56.616+0000 7f4d9bfff700 1 -- 172.21.15.43:0/2419004061 --> [v2:172.21.15.43:3300/0,v1:172.21.15.43:6789/0] -- mon_subscribe({config=0+,monmap=0+}) -- 0x7f4d9c109e30 con 0x7f4d9c108cd0
2024-05-16T15:37:57.436 INFO:teuthology.orchestra.run.smithi043.stdout:/usr/bin/ceph: stderr
2024-05-16T15:37:56.616+0000 7f4d9bfff700 1 --2- 172.21.15.43:0/2419004061 >> [v2:172.21.15.43:3300/0,v1:172.21.15.43:6789/0] conn(0x7f4d9c108cd0 0x7f4d9c1090f0 secure :-1 s=READY pgs=37 cs=0 l=1 rev1=1 crypto rx=0x7f4d8c0098a0 tx=0x7f4d8c009bb0 comp rx=0 tx=0).ready entity=mon.0 client_cookie=3abe09bc39eb058b server_cookie=0 in_seq=0 out_seq=0
2024-05-16T15:37:57.436 INFO:teuthology.orchestra.run.smithi043.stdout:/usr/bin/ceph: stderr
2024-05-16T15:37:56.616+0000 7f4d9affd700 1 -- 172.21.15.43:0/2419004061 <== mon.0 v2:172.21.15.43:3300/0 1 ==== mon_map magic: 0 ==== 205+0+0 (secure 0 0 0) 0x7f4d8c004160 con 0x7f4d9c108cd0
2024-05-16T15:37:57.436 INFO:teuthology.orchestra.run.smithi043.stdout:/usr/bin/ceph: stderr
2024-05-16T15:37:56.616+0000 7f4d9affd700 1 -- 172.21.15.43:0/2419004061 <== mon.0 v2:172.21.15.43:3300/0 2 ==== config(25 keys) ==== 1032+0+0 (secure 0 0 0) 0x7f4d8c004300 con 0x7f4d9c108cd0
2024-05-16T15:37:57.437 INFO:teuthology.orchestra.run.smithi043.stdout:/usr/bin/ceph: stderr
2024-05-16T15:37:56.616+0000 7f4d9affd700 1 -- 172.21.15.43:0/2419004061 <== mon.0 v2:172.21.15.43:3300/0 3 ==== mon_map magic: 0 ==== 205+0+0 (secure 0 0 0) 0x7f4d8c0119e0 con 0x7f4d9c108cd0
2024-05-16T15:37:57.437 INFO:teuthology.orchestra.run.smithi043.stdout:/usr/bin/ceph: stderr
2024-05-16T15:37:56.617+0000 7f4da2706700 1 -- 172.21.15.43:0/2419004061 >> [v2:172.21.15.43:3300/0,v1:172.21.15.43:6789/0] conn(0x7f4d9c108cd0 msgr2=0x7f4d9c1090f0 secure :-1 s=STATE_CONNECTION_ESTABLISHED l=1).mark_down
2024-05-16T15:37:57.437 INFO:teuthology.orchestra.run.smithi043.stdout:/usr/bin/ceph: stderr
2024-05-16T15:37:56.617+0000 7f4da2706700 1 --2- 172.21.15.43:0/2419004061 >> [v2:172.21.15.43:3300/0,v1:172.21.15.43:6789/0] conn(0x7f4d9c108cd0 0x7f4d9c1090f0 secure :-1 s=READY pgs=37 cs=0 l=1 rev1=1 crypto rx=0x7f4d8c0098a0 tx=0x7f4d8c009bb0 comp rx=0 tx=0).stop
2024-05-16T15:37:57.437 INFO:teuthology.orchestra.run.smithi043.stdout:/usr/bin/ceph: stderr
2024-05-16T15:37:56.617+0000 7f4da2706700 1 -- 172.21.15.43:0/2419004061 shutdown_connections
2024-05-16T15:37:57.437 INFO:teuthology.orchestra.run.smithi043.stdout:/usr/bin/ceph: stderr
2024-05-16T15:37:56.617+0000 7f4da2706700 1 --2- 172.21.15.43:0/2419004061 >> [v2:172.21.15.43:3300/0,v1:172.21.15.43:6789/0] conn(0x7f4d9c108cd0 0x7f4d9c1090f0 unknown :-1 s=CLOSED pgs=37 cs=0 l=1 rev1=1 crypto rx=0 tx=0 comp rx=0 tx=0).stop
2024-05-16T15:37:57.437 INFO:teuthology.orchestra.run.smithi043.stdout:/usr/bin/ceph: stderr
2024-05-16T15:37:56.617+0000 7f4da2706700 1 -- 172.21.15.43:0/2419004061 >> 172.21.15.43:0/2419004061 conn(0x7f4d9c1042b0 msgr2=0x7f4d9c1066d0 unknown :-1 s=STATE_NONE l=0).mark_down
2024-05-16T15:37:57.437 INFO:teuthology.orchestra.run.smithi043.stdout:/usr/bin/ceph: stderr
2024-05-16T15:37:56.617+0000 7f4da2706700 1 -- 172.21.15.43:0/2419004061 shutdown_connections
2024-05-16T15:37:57.437 INFO:teuthology.orchestra.run.smithi043.stdout:/usr/bin/ceph: stderr
2024-05-16T15:37:56.617+0000 7f4da2706700 1 -- 172.21.15.43:0/2419004061 wait complete.
2024-05-16T15:37:57.437 INFO:teuthology.orchestra.run.smithi043.stdout:/usr/bin/ceph: stderr
2024-05-16T15:37:56.618+0000 7f4da2706700 1 Processor -- start
2024-05-16T15:37:57.437 INFO:teuthology.orchestra.run.smithi043.stdout:/usr/bin/ceph: stderr
2024-05-16T15:37:56.618+0000 7f4da2706700 1 -- start start
2024-05-16T15:37:57.437 INFO:teuthology.orchestra.run.smithi043.stdout:/usr/bin/ceph: stderr
2024-05-16T15:37:56.618+0000 7f4da2706700 1 --2- >> [v2:172.21.15.43:3300/0,v1:172.21.15.43:6789/0] conn(0x7f4d9c108cd0 0x7f4d9c19ccf0 unknown :-1 s=NONE pgs=0 cs=0 l=1 rev1=0 crypto rx=0 tx=0 comp rx=0 tx=0).connect
2024-05-16T15:37:57.437 INFO:teuthology.orchestra.run.smithi043.stdout:/usr/bin/ceph: stderr
2024-05-16T15:37:56.618+0000 7f4da2706700 1 -- --> [v2:172.21.15.43:3300/0,v1:172.21.15.43:6789/0] -- mon_getmap magic: 0 -- 0x7f4d9c10d060 con 0x7f4d9c108cd0
2024-05-16T15:37:57.437 INFO:teuthology.orchestra.run.smithi043.stdout:/usr/bin/ceph: stderr
2024-05-16T15:37:56.618+0000 7f4d9bfff700 1 --2- >> [v2:172.21.15.43:3300/0,v1:172.21.15.43:6789/0] conn(0x7f4d9c108cd0 0x7f4d9c19ccf0 unknown :-1 s=BANNER_CONNECTING pgs=0 cs=0 l=1 rev1=0 crypto rx=0 tx=0 comp rx=0 tx=0)._handle_peer_banner_payload supported=3 required=0
2024-05-16T15:37:57.437 INFO:teuthology.orchestra.run.smithi043.stdout:/usr/bin/ceph: stderr
2024-05-16T15:37:56.618+0000 7f4d9bfff700 1 --2- >> [v2:172.21.15.43:3300/0,v1:172.21.15.43:6789/0] conn(0x7f4d9c108cd0 0x7f4d9c19ccf0 unknown :-1 s=HELLO_CONNECTING pgs=0 cs=0 l=1 rev1=1 crypto rx=0 tx=0 comp rx=0 tx=0).handle_hello peer v2:172.21.15.43:3300/0 says I am v2:172.21.15.43:43360/0 (socket says 172.21.15.43:43360)
2024-05-16T15:37:57.438 INFO:teuthology.orchestra.run.smithi043.stdout:/usr/bin/ceph: stderr
2024-05-16T15:37:56.618+0000 7f4d9bfff700 1 -- 172.21.15.43:0/2988842338 learned_addr learned my addr 172.21.15.43:0/2988842338 (peer_addr_for_me v2:172.21.15.43:0/0)
2024-05-16T15:37:57.438 INFO:teuthology.orchestra.run.smithi043.stdout:/usr/bin/ceph: stderr
2024-05-16T15:37:56.618+0000 7f4d9bfff700 1 -- 172.21.15.43:0/2988842338 --> [v2:172.21.15.43:3300/0,v1:172.21.15.43:6789/0] -- mon_subscribe({config=0+,monmap=0+}) -- 0x7f4d9c19d230 con 0x7f4d9c108cd0
2024-05-16T15:37:57.438 INFO:teuthology.orchestra.run.smithi043.stdout:/usr/bin/ceph: stderr
2024-05-16T15:37:56.618+0000 7f4d9bfff700 1 --2- 172.21.15.43:0/2988842338 >> [v2:172.21.15.43:3300/0,v1:172.21.15.43:6789/0] conn(0x7f4d9c108cd0 0x7f4d9c19ccf0 secure :-1 s=READY pgs=38 cs=0 l=1 rev1=1 crypto rx=0x7f4d8c0116a0 tx=0x7f4d8c011a60 comp rx=0 tx=0).ready entity=mon.0 client_cookie=0 server_cookie=0 in_seq=0 out_seq=0
2024-05-16T15:37:57.438 INFO:teuthology.orchestra.run.smithi043.stdout:/usr/bin/ceph: stderr
2024-05-16T15:37:56.619+0000 7f4d997fa700 1 -- 172.21.15.43:0/2988842338 <== mon.0 v2:172.21.15.43:3300/0 1 ==== mon_map magic: 0 ==== 205+0+0 (secure 0 0 0) 0x7f4d8c0039f0 con 0x7f4d9c108cd0
2024-05-16T15:37:57.438 INFO:teuthology.orchestra.run.smithi043.stdout:/usr/bin/ceph: stderr
2024-05-16T15:37:56.619+0000 7f4d997fa700 1 -- 172.21.15.43:0/2988842338 <== mon.0 v2:172.21.15.43:3300/0 2 ==== config(25 keys) ==== 1032+0+0 (secure 0 0 0) 0x7f4d8c003b90 con 0x7f4d9c108cd0
2024-05-16T15:37:57.438 INFO:teuthology.orchestra.run.smithi043.stdout:/usr/bin/ceph: stderr
2024-05-16T15:37:56.619+0000 7f4da2706700 1 -- 172.21.15.43:0/2988842338 --> [v2:172.21.15.43:3300/0,v1:172.21.15.43:6789/0] -- mon_subscribe({mgrmap=0+}) -- 0x7f4d9c19d4c0 con 0x7f4d9c108cd0
2024-05-16T15:37:57.438 INFO:teuthology.orchestra.run.smithi043.stdout:/usr/bin/ceph: stderr
2024-05-16T15:37:56.619+0000 7f4d997fa700 1 -- 172.21.15.43:0/2988842338 <== mon.0 v2:172.21.15.43:3300/0 3 ==== mon_map magic: 0 ==== 205+0+0 (secure 0 0 0) 0x7f4d8c01a600 con 0x7f4d9c108cd0
2024-05-16T15:37:57.438 INFO:teuthology.orchestra.run.smithi043.stdout:/usr/bin/ceph: stderr
2024-05-16T15:37:56.619+0000 7f4da2706700 1 -- 172.21.15.43:0/2988842338 --> [v2:172.21.15.43:3300/0,v1:172.21.15.43:6789/0] -- mon_subscribe({osdmap=0}) -- 0x7f4d9c1a01a0 con 0x7f4d9c108cd0
2024-05-16T15:37:57.438 INFO:teuthology.orchestra.run.smithi043.stdout:/usr/bin/ceph: stderr
2024-05-16T15:37:56.620+0000 7f4d997fa700 1 -- 172.21.15.43:0/2988842338 <== mon.0 v2:172.21.15.43:3300/0 4 ==== mgrmap(e 8) ==== 50222+0+0 (secure 0 0 0) 0x7f4d8c01a8b0 con 0x7f4d9c108cd0
2024-05-16T15:37:57.438 INFO:teuthology.orchestra.run.smithi043.stdout:/usr/bin/ceph: stderr
2024-05-16T15:37:56.620+0000 7f4d997fa700 1 --2- 172.21.15.43:0/2988842338 >> [v2:172.21.15.43:6800/86887644,v1:172.21.15.43:6801/86887644] conn(0x7f4d8403e470 0x7f4d84040930 unknown :-1 s=NONE pgs=0 cs=0 l=1 rev1=0 crypto rx=0 tx=0 comp rx=0 tx=0).connect
2024-05-16T15:37:57.438 INFO:teuthology.orchestra.run.smithi043.stdout:/usr/bin/ceph: stderr
2024-05-16T15:37:56.620+0000 7f4d997fa700 1 -- 172.21.15.43:0/2988842338 <== mon.0 v2:172.21.15.43:3300/0 5 ==== osd_map(2..2 src has 1..2) ==== 940+0+0 (secure 0 0 0) 0x7f4d8c053c60 con 0x7f4d9c108cd0
2024-05-16T15:37:57.438 INFO:teuthology.orchestra.run.smithi043.stdout:/usr/bin/ceph: stderr
2024-05-16T15:37:56.620+0000 7f4da2706700 1 -- 172.21.15.43:0/2988842338 --> [v2:172.21.15.43:3300/0,v1:172.21.15.43:6789/0] -- mon_command({"prefix": "get_command_descriptions"} v 0) -- 0x7f4d9c10d1e0 con 0x7f4d9c108cd0
2024-05-16T15:37:57.438 INFO:teuthology.orchestra.run.smithi043.stdout:/usr/bin/ceph: stderr
2024-05-16T15:37:56.620+0000 7f4d9b7fe700 1 --2- 172.21.15.43:0/2988842338 >> [v2:172.21.15.43:6800/86887644,v1:172.21.15.43:6801/86887644] conn(0x7f4d8403e470 0x7f4d84040930 unknown :-1 s=BANNER_CONNECTING pgs=0 cs=0 l=1 rev1=0 crypto rx=0 tx=0 comp rx=0 tx=0)._handle_peer_banner_payload supported=3 required=0
2024-05-16T15:37:57.439 INFO:teuthology.orchestra.run.smithi043.stdout:/usr/bin/ceph: stderr
2024-05-16T15:37:56.620+0000 7f4d9b7fe700 1 --2- 172.21.15.43:0/2988842338 >> [v2:172.21.15.43:6800/86887644,v1:172.21.15.43:6801/86887644] conn(0x7f4d8403e470 0x7f4d84040930 secure :-1 s=READY pgs=8 cs=0 l=1 rev1=1 crypto rx=0x7f4d90006fd0 tx=0x7f4d90006e40 comp rx=0 tx=0).ready entity=mgr.14118 client_cookie=0 server_cookie=0 in_seq=0 out_seq=0
2024-05-16T15:37:57.439 INFO:teuthology.orchestra.run.smithi043.stdout:/usr/bin/ceph: stderr
2024-05-16T15:37:56.625+0000 7f4d997fa700 1 -- 172.21.15.43:0/2988842338 <== mon.0 v2:172.21.15.43:3300/0 6 ==== mon_command_ack([{"prefix": "get_command_descriptions"}]=0 v0) ==== 72+0+191839 (secure 0 0 0) 0x7f4d8c02c350 con 0x7f4d9c108cd0
2024-05-16T15:37:57.439 INFO:teuthology.orchestra.run.smithi043.stdout:/usr/bin/ceph: stderr
2024-05-16T15:37:56.841+0000 7f4da2706700 1 -- 172.21.15.43:0/2988842338 --> [v2:172.21.15.43:6800/86887644,v1:172.21.15.43:6801/86887644] -- mgr_command(tid 0: {"prefix": "cephadm set-user", "user": "root", "target": ["mon-mgr", ""]}) -- 0x7f4d9c105470 con 0x7f4d8403e470
2024-05-16T15:37:57.439 INFO:teuthology.orchestra.run.smithi043.stdout:/usr/bin/ceph: stderr
2024-05-16T15:37:56.841+0000 7f4d997fa700 1 -- 172.21.15.43:0/2988842338 <== mgr.14118 v2:172.21.15.43:6800/86887644 1 ==== mgr_command_reply(tid 0: 0 ) ==== 8+0+16 (secure 0 0 0) 0x7f4d9c105470 con 0x7f4d8403e470
2024-05-16T15:37:57.439 INFO:teuthology.orchestra.run.smithi043.stdout:/usr/bin/ceph: stderr
2024-05-16T15:37:56.843+0000 7f4da2706700 1 -- 172.21.15.43:0/2988842338 >> [v2:172.21.15.43:6800/86887644,v1:172.21.15.43:6801/86887644] conn(0x7f4d8403e470 msgr2=0x7f4d84040930 secure :-1 s=STATE_CONNECTION_ESTABLISHED l=1).mark_down
2024-05-16T15:37:57.439 INFO:teuthology.orchestra.run.smithi043.stdout:/usr/bin/ceph: stderr
2024-05-16T15:37:56.843+0000 7f4da2706700 1 --2- 172.21.15.43:0/2988842338 >> [v2:172.21.15.43:6800/86887644,v1:172.21.15.43:6801/86887644] conn(0x7f4d8403e470 0x7f4d84040930 secure :-1 s=READY pgs=8 cs=0 l=1 rev1=1 crypto rx=0x7f4d90006fd0 tx=0x7f4d90006e40 comp rx=0 tx=0).stop
2024-05-16T15:37:57.439 INFO:teuthology.orchestra.run.smithi043.stdout:/usr/bin/ceph: stderr
2024-05-16T15:37:56.843+0000 7f4da2706700 1 -- 172.21.15.43:0/2988842338 >> [v2:172.21.15.43:3300/0,v1:172.21.15.43:6789/0] conn(0x7f4d9c108cd0 msgr2=0x7f4d9c19ccf0 secure :-1 s=STATE_CONNECTION_ESTABLISHED l=1).mark_down
2024-05-16T15:37:57.439 INFO:teuthology.orchestra.run.smithi043.stdout:/usr/bin/ceph: stderr
2024-05-16T15:37:56.843+0000 7f4da2706700 1 --2- 172.21.15.43:0/2988842338 >> [v2:172.21.15.43:3300/0,v1:172.21.15.43:6789/0] conn(0x7f4d9c108cd0 0x7f4d9c19ccf0 secure :-1 s=READY pgs=38 cs=0 l=1 rev1=1 crypto rx=0x7f4d8c0116a0 tx=0x7f4d8c011a60 comp rx=0 tx=0).stop
2024-05-16T15:37:57.439 INFO:teuthology.orchestra.run.smithi043.stdout:/usr/bin/ceph: stderr
2024-05-16T15:37:56.844+0000 7f4da2706700 1 -- 172.21.15.43:0/2988842338 shutdown_connections
2024-05-16T15:37:57.439 INFO:teuthology.orchestra.run.smithi043.stdout:/usr/bin/ceph: stderr
2024-05-16T15:37:56.844+0000 7f4da2706700 1 --2- 172.21.15.43:0/2988842338 >> [v2:172.21.15.43:6800/86887644,v1:172.21.15.43:6801/86887644] conn(0x7f4d8403e470 0x7f4d84040930 unknown :-1 s=CLOSED pgs=8 cs=0 l=1 rev1=1 crypto rx=0 tx=0 comp rx=0 tx=0).stop
2024-05-16T15:37:57.439 INFO:teuthology.orchestra.run.smithi043.stdout:/usr/bin/ceph: stderr
2024-05-16T15:37:56.844+0000 7f4da2706700 1 --2- 172.21.15.43:0/2988842338 >> [v2:172.21.15.43:3300/0,v1:172.21.15.43:6789/0] conn(0x7f4d9c108cd0 0x7f4d9c19ccf0 unknown :-1 s=CLOSED pgs=38 cs=0 l=1 rev1=1 crypto rx=0 tx=0 comp rx=0 tx=0).stop
2024-05-16T15:37:57.439 INFO:teuthology.orchestra.run.smithi043.stdout:/usr/bin/ceph: stderr
2024-05-16T15:37:56.844+0000 7f4da2706700 1 -- 172.21.15.43:0/2988842338 >> 172.21.15.43:0/2988842338 conn(0x7f4d9c1042b0 msgr2=0x7f4d9c104d20 unknown :-1 s=STATE_NONE l=0).mark_down
2024-05-16T15:37:57.439 INFO:teuthology.orchestra.run.smithi043.stdout:/usr/bin/ceph: stderr
2024-05-16T15:37:56.844+0000 7f4da2706700 1 -- 172.21.15.43:0/2988842338 shutdown_connections
2024-05-16T15:37:57.439 INFO:teuthology.orchestra.run.smithi043.stdout:/usr/bin/ceph: stderr
2024-05-16T15:37:56.844+0000 7f4da2706700 1 -- 172.21.15.43:0/2988842338 wait complete.
2024-05-16T15:37:57.439 INFO:teuthology.orchestra.run.smithi043.stdout:Generating ssh key...
2024-05-16T15:37:58.052 INFO:journalctl@ceph.mon.a.smithi043.stdout:May 16 15:37:57 smithi043 ceph-mon[31619]: [16/May/2024:15:37:56] ENGINE Bus STARTING
2024-05-16T15:37:58.052 INFO:journalctl@ceph.mon.a.smithi043.stdout:May 16 15:37:57 smithi043 ceph-mon[31619]: [16/May/2024:15:37:56] ENGINE Serving on https://172.21.15.43:7150
2024-05-16T15:37:58.052 INFO:journalctl@ceph.mon.a.smithi043.stdout:May 16 15:37:57 smithi043 ceph-mon[31619]: [16/May/2024:15:37:56] ENGINE Serving on http://172.21.15.43:8765
2024-05-16T15:37:58.052 INFO:journalctl@ceph.mon.a.smithi043.stdout:May 16 15:37:57 smithi043 ceph-mon[31619]: [16/May/2024:15:37:56] ENGINE Bus STARTED
2024-05-16T15:37:58.052 INFO:journalctl@ceph.mon.a.smithi043.stdout:May 16 15:37:57 smithi043 ceph-mon[31619]: from='client.14132 -' entity='client.admin' cmd=[{"prefix": "cephadm set-user", "user": "root", "target": ["mon-mgr", ""]}]: dispatch
2024-05-16T15:37:58.305 INFO:journalctl@ceph.mgr.x.smithi043.stdout:May 16 15:37:58 smithi043 ceph-13155b42-139a-11ef-bc9a-c7b262605968-mgr-x[31851]: Generating public/private rsa key pair.
2024-05-16T15:37:58.305 INFO:journalctl@ceph.mgr.x.smithi043.stdout:May 16 15:37:58 smithi043 ceph-13155b42-139a-11ef-bc9a-c7b262605968-mgr-x[31851]: Your identification has been saved in /tmp/tmp5izv8sj0/key.
2024-05-16T15:37:58.305 INFO:journalctl@ceph.mgr.x.smithi043.stdout:May 16 15:37:58 smithi043 ceph-13155b42-139a-11ef-bc9a-c7b262605968-mgr-x[31851]: Your public key has been saved in /tmp/tmp5izv8sj0/key.pub.
2024-05-16T15:37:58.305 INFO:journalctl@ceph.mgr.x.smithi043.stdout:May 16 15:37:58 smithi043 ceph-13155b42-139a-11ef-bc9a-c7b262605968-mgr-x[31851]: The key fingerprint is:
2024-05-16T15:37:58.305 INFO:journalctl@ceph.mgr.x.smithi043.stdout:May 16 15:37:58 smithi043 ceph-13155b42-139a-11ef-bc9a-c7b262605968-mgr-x[31851]: SHA256:evTJUvj3kGFXz9U8bVlPD2Jdhfi1IC8SFi4GNZf4JWo ceph-13155b42-139a-11ef-bc9a-c7b262605968
2024-05-16T15:37:58.305 INFO:journalctl@ceph.mgr.x.smithi043.stdout:May 16 15:37:58 smithi043 ceph-13155b42-139a-11ef-bc9a-c7b262605968-mgr-x[31851]: The key's randomart image is:
2024-05-16T15:37:58.305 INFO:journalctl@ceph.mgr.x.smithi043.stdout:May 16 15:37:58 smithi043 ceph-13155b42-139a-11ef-bc9a-c7b262605968-mgr-x[31851]: +---[RSA 3072]----+
2024-05-16T15:37:58.306 INFO:journalctl@ceph.mgr.x.smithi043.stdout:May 16 15:37:58 smithi043 ceph-13155b42-139a-11ef-bc9a-c7b262605968-mgr-x[31851]: | ..o.oo oo.o*|
2024-05-16T15:37:58.306 INFO:journalctl@ceph.mgr.x.smithi043.stdout:May 16 15:37:58 smithi043 ceph-13155b42-139a-11ef-bc9a-c7b262605968-mgr-x[31851]: | ..+= +.oo+O|
2024-05-16T15:37:58.306 INFO:journalctl@ceph.mgr.x.smithi043.stdout:May 16 15:37:58 smithi043 ceph-13155b42-139a-11ef-bc9a-c7b262605968-mgr-x[31851]: | o+.+ o..+@|
2024-05-16T15:37:58.306 INFO:journalctl@ceph.mgr.x.smithi043.stdout:May 16 15:37:58 smithi043 ceph-13155b42-139a-11ef-bc9a-c7b262605968-mgr-x[31851]: | .E.+ . ..=+|
2024-05-16T15:37:58.306 INFO:journalctl@ceph.mgr.x.smithi043.stdout:May 16 15:37:58 smithi043 ceph-13155b42-139a-11ef-bc9a-c7b262605968-mgr-x[31851]: | . S o + . o|
2024-05-16T15:37:58.306 INFO:journalctl@ceph.mgr.x.smithi043.stdout:May 16 15:37:58 smithi043 ceph-13155b42-139a-11ef-bc9a-c7b262605968-mgr-x[31851]: | o = o + |
2024-05-16T15:37:58.306 INFO:journalctl@ceph.mgr.x.smithi043.stdout:May 16 15:37:58 smithi043 ceph-13155b42-139a-11ef-bc9a-c7b262605968-mgr-x[31851]: | . o = + |
2024-05-16T15:37:58.306 INFO:journalctl@ceph.mgr.x.smithi043.stdout:May 16 15:37:58 smithi043 ceph-13155b42-139a-11ef-bc9a-c7b262605968-mgr-x[31851]: | . . . o |
2024-05-16T15:37:58.306 INFO:journalctl@ceph.mgr.x.smithi043.stdout:May 16 15:37:58 smithi043 ceph-13155b42-139a-11ef-bc9a-c7b262605968-mgr-x[31851]: | . |
2024-05-16T15:37:58.306 INFO:journalctl@ceph.mgr.x.smithi043.stdout:May 16 15:37:58 smithi043 ceph-13155b42-139a-11ef-bc9a-c7b262605968-mgr-x[31851]: +----[SHA256]-----+
2024-05-16T15:37:58.741 INFO:teuthology.orchestra.run.smithi043.stdout:/usr/bin/ceph: stderr
2024-05-16T15:37:57.820+0000 7fb0138ac700 1 Processor -- start
2024-05-16T15:37:58.741 INFO:teuthology.orchestra.run.smithi043.stdout:/usr/bin/ceph: stderr
2024-05-16T15:37:57.820+0000 7fb0138ac700 1 -- start start
2024-05-16T15:37:58.742 INFO:teuthology.orchestra.run.smithi043.stdout:/usr/bin/ceph: stderr
2024-05-16T15:37:57.820+0000 7fb0138ac700 1 --2- >> [v2:172.21.15.43:3300/0,v1:172.21.15.43:6789/0] conn(0x7fb00c108cc0 0x7fb00c1090e0 unknown :-1 s=NONE pgs=0 cs=0 l=0 rev1=0 crypto rx=0 tx=0 comp rx=0 tx=0).connect
2024-05-16T15:37:58.742 INFO:teuthology.orchestra.run.smithi043.stdout:/usr/bin/ceph: stderr
2024-05-16T15:37:57.820+0000 7fb0138ac700 1 -- --> [v2:172.21.15.43:3300/0,v1:172.21.15.43:6789/0] -- mon_getmap magic: 0 -- 0x7fb00c1096b0 con 0x7fb00c108cc0
2024-05-16T15:37:58.742 INFO:teuthology.orchestra.run.smithi043.stdout:/usr/bin/ceph: stderr
2024-05-16T15:37:57.820+0000 7fb011648700 1 --2- >> [v2:172.21.15.43:3300/0,v1:172.21.15.43:6789/0] conn(0x7fb00c108cc0 0x7fb00c1090e0 unknown :-1 s=BANNER_CONNECTING pgs=0 cs=0 l=0 rev1=0 crypto rx=0 tx=0 comp rx=0 tx=0)._handle_peer_banner_payload supported=3 required=0
2024-05-16T15:37:58.742 INFO:teuthology.orchestra.run.smithi043.stdout:/usr/bin/ceph: stderr
2024-05-16T15:37:57.820+0000 7fb011648700 1 --2- >> [v2:172.21.15.43:3300/0,v1:172.21.15.43:6789/0] conn(0x7fb00c108cc0 0x7fb00c1090e0 unknown :-1 s=HELLO_CONNECTING pgs=0 cs=0 l=0 rev1=1 crypto rx=0 tx=0 comp rx=0 tx=0).handle_hello peer v2:172.21.15.43:3300/0 says I am v2:172.21.15.43:43374/0 (socket says 172.21.15.43:43374)
2024-05-16T15:37:58.742 INFO:teuthology.orchestra.run.smithi043.stdout:/usr/bin/ceph: stderr
2024-05-16T15:37:57.821+0000 7fb011648700 1 -- 172.21.15.43:0/2735781974 learned_addr learned my addr 172.21.15.43:0/2735781974 (peer_addr_for_me v2:172.21.15.43:0/0)
2024-05-16T15:37:58.742 INFO:teuthology.orchestra.run.smithi043.stdout:/usr/bin/ceph: stderr
2024-05-16T15:37:57.821+0000 7fb011648700 1 -- 172.21.15.43:0/2735781974 --> [v2:172.21.15.43:3300/0,v1:172.21.15.43:6789/0] -- mon_subscribe({config=0+,monmap=0+}) -- 0x7fb00c109e70 con 0x7fb00c108cc0
2024-05-16T15:37:58.742 INFO:teuthology.orchestra.run.smithi043.stdout:/usr/bin/ceph: stderr
2024-05-16T15:37:57.821+0000 7fb011648700 1 --2- 172.21.15.43:0/2735781974 >> [v2:172.21.15.43:3300/0,v1:172.21.15.43:6789/0] conn(0x7fb00c108cc0 0x7fb00c1090e0 secure :-1 s=READY pgs=39 cs=0 l=1 rev1=1 crypto rx=0x7fb0080098a0 tx=0x7fb008009bb0 comp rx=0 tx=0).ready entity=mon.0 client_cookie=d73b06faeba5e2d1 server_cookie=0 in_seq=0 out_seq=0
2024-05-16T15:37:58.742 INFO:teuthology.orchestra.run.smithi043.stdout:/usr/bin/ceph: stderr
2024-05-16T15:37:57.821+0000 7fb003fff700 1 -- 172.21.15.43:0/2735781974 <== mon.0 v2:172.21.15.43:3300/0 1 ==== mon_map magic: 0 ==== 205+0+0 (secure 0 0 0) 0x7fb008004160 con 0x7fb00c108cc0
2024-05-16T15:37:58.742 INFO:teuthology.orchestra.run.smithi043.stdout:/usr/bin/ceph: stderr
2024-05-16T15:37:57.821+0000 7fb003fff700 1 -- 172.21.15.43:0/2735781974 <== mon.0 v2:172.21.15.43:3300/0 2 ==== config(25 keys) ==== 1032+0+0 (secure 0 0 0) 0x7fb008004300 con 0x7fb00c108cc0
2024-05-16T15:37:58.742 INFO:teuthology.orchestra.run.smithi043.stdout:/usr/bin/ceph: stderr
2024-05-16T15:37:57.821+0000 7fb003fff700 1 -- 172.21.15.43:0/2735781974 <== mon.0 v2:172.21.15.43:3300/0 3 ==== mon_map magic: 0 ==== 205+0+0 (secure 0 0 0) 0x7fb0080119e0 con 0x7fb00c108cc0
2024-05-16T15:37:58.742 INFO:teuthology.orchestra.run.smithi043.stdout:/usr/bin/ceph: stderr
2024-05-16T15:37:57.822+0000 7fb0138ac700 1 -- 172.21.15.43:0/2735781974 >> [v2:172.21.15.43:3300/0,v1:172.21.15.43:6789/0] conn(0x7fb00c108cc0 msgr2=0x7fb00c1090e0 secure :-1 s=STATE_CONNECTION_ESTABLISHED l=1).mark_down
2024-05-16T15:37:58.742 INFO:teuthology.orchestra.run.smithi043.stdout:/usr/bin/ceph: stderr
2024-05-16T15:37:57.822+0000 7fb0138ac700 1 --2- 172.21.15.43:0/2735781974 >> [v2:172.21.15.43:3300/0,v1:172.21.15.43:6789/0] conn(0x7fb00c108cc0 0x7fb00c1090e0 secure :-1 s=READY pgs=39 cs=0 l=1 rev1=1 crypto rx=0x7fb0080098a0 tx=0x7fb008009bb0 comp rx=0 tx=0).stop
2024-05-16T15:37:58.743 INFO:teuthology.orchestra.run.smithi043.stdout:/usr/bin/ceph: stderr
2024-05-16T15:37:57.822+0000 7fb0138ac700 1 -- 172.21.15.43:0/2735781974 shutdown_connections
2024-05-16T15:37:58.743 INFO:teuthology.orchestra.run.smithi043.stdout:/usr/bin/ceph: stderr
2024-05-16T15:37:57.822+0000 7fb0138ac700 1 --2- 172.21.15.43:0/2735781974 >> [v2:172.21.15.43:3300/0,v1:172.21.15.43:6789/0] conn(0x7fb00c108cc0 0x7fb00c1090e0 unknown :-1 s=CLOSED pgs=39 cs=0 l=1 rev1=1 crypto rx=0 tx=0 comp rx=0 tx=0).stop
2024-05-16T15:37:58.743 INFO:teuthology.orchestra.run.smithi043.stdout:/usr/bin/ceph: stderr
2024-05-16T15:37:57.822+0000 7fb0138ac700 1 -- 172.21.15.43:0/2735781974 >> 172.21.15.43:0/2735781974 conn(0x7fb00c1042a0 msgr2=0x7fb00c1066c0 unknown :-1 s=STATE_NONE l=0).mark_down
2024-05-16T15:37:58.743 INFO:teuthology.orchestra.run.smithi043.stdout:/usr/bin/ceph: stderr
2024-05-16T15:37:57.822+0000 7fb0138ac700 1 -- 172.21.15.43:0/2735781974 shutdown_connections
2024-05-16T15:37:58.743 INFO:teuthology.orchestra.run.smithi043.stdout:/usr/bin/ceph: stderr
2024-05-16T15:37:57.822+0000 7fb0138ac700 1 -- 172.21.15.43:0/2735781974 wait complete.
2024-05-16T15:37:58.743 INFO:teuthology.orchestra.run.smithi043.stdout:/usr/bin/ceph: stderr
2024-05-16T15:37:57.822+0000 7fb0138ac700 1 Processor -- start
2024-05-16T15:37:58.743 INFO:teuthology.orchestra.run.smithi043.stdout:/usr/bin/ceph: stderr
2024-05-16T15:37:57.823+0000 7fb0138ac700 1 -- start start
2024-05-16T15:37:58.743 INFO:teuthology.orchestra.run.smithi043.stdout:/usr/bin/ceph: stderr
2024-05-16T15:37:57.823+0000 7fb0138ac700 1 --2- >> [v2:172.21.15.43:3300/0,v1:172.21.15.43:6789/0] conn(0x7fb00c108cc0 0x7fb00c19ca30 unknown :-1 s=NONE pgs=0 cs=0 l=1 rev1=0 crypto rx=0 tx=0 comp rx=0 tx=0).connect
2024-05-16T15:37:58.743 INFO:teuthology.orchestra.run.smithi043.stdout:/usr/bin/ceph: stderr
2024-05-16T15:37:57.823+0000 7fb0138ac700 1 -- --> [v2:172.21.15.43:3300/0,v1:172.21.15.43:6789/0] -- mon_getmap magic: 0 -- 0x7fb00c10d0a0 con 0x7fb00c108cc0
2024-05-16T15:37:58.743 INFO:teuthology.orchestra.run.smithi043.stdout:/usr/bin/ceph: stderr
2024-05-16T15:37:57.823+0000 7fb011648700 1 --2- >> [v2:172.21.15.43:3300/0,v1:172.21.15.43:6789/0] conn(0x7fb00c108cc0 0x7fb00c19ca30 unknown :-1 s=BANNER_CONNECTING pgs=0 cs=0 l=1 rev1=0 crypto rx=0 tx=0 comp rx=0 tx=0)._handle_peer_banner_payload supported=3 required=0
2024-05-16T15:37:58.743 INFO:teuthology.orchestra.run.smithi043.stdout:/usr/bin/ceph: stderr
2024-05-16T15:37:57.823+0000 7fb011648700 1 --2- >> [v2:172.21.15.43:3300/0,v1:172.21.15.43:6789/0] conn(0x7fb00c108cc0 0x7fb00c19ca30 unknown :-1 s=HELLO_CONNECTING pgs=0 cs=0 l=1 rev1=1 crypto rx=0 tx=0 comp rx=0 tx=0).handle_hello peer v2:172.21.15.43:3300/0 says I am v2:172.21.15.43:43380/0 (socket says 172.21.15.43:43380)
2024-05-16T15:37:58.743 INFO:teuthology.orchestra.run.smithi043.stdout:/usr/bin/ceph: stderr
2024-05-16T15:37:57.823+0000 7fb011648700 1 -- 172.21.15.43:0/1257468032 learned_addr learned my addr 172.21.15.43:0/1257468032 (peer_addr_for_me v2:172.21.15.43:0/0)
2024-05-16T15:37:58.743 INFO:teuthology.orchestra.run.smithi043.stdout:/usr/bin/ceph: stderr
2024-05-16T15:37:57.823+0000 7fb011648700 1 -- 172.21.15.43:0/1257468032 --> [v2:172.21.15.43:3300/0,v1:172.21.15.43:6789/0] -- mon_subscribe({config=0+,monmap=0+}) -- 0x7fb00c19cf70 con 0x7fb00c108cc0
2024-05-16T15:37:58.744 INFO:teuthology.orchestra.run.smithi043.stdout:/usr/bin/ceph: stderr
2024-05-16T15:37:57.823+0000 7fb011648700 1 --2- 172.21.15.43:0/1257468032 >> [v2:172.21.15.43:3300/0,v1:172.21.15.43:6789/0] conn(0x7fb00c108cc0 0x7fb00c19ca30 secure :-1 s=READY pgs=40 cs=0 l=1 rev1=1 crypto rx=0x7fb0080116a0 tx=0x7fb008011a60 comp rx=0 tx=0).ready entity=mon.0 client_cookie=0 server_cookie=0 in_seq=0 out_seq=0
2024-05-16T15:37:58.744 INFO:teuthology.orchestra.run.smithi043.stdout:/usr/bin/ceph: stderr
2024-05-16T15:37:57.823+0000 7fb0027fc700 1 -- 172.21.15.43:0/1257468032 <== mon.0 v2:172.21.15.43:3300/0 1 ==== mon_map magic: 0 ==== 205+0+0 (secure 0 0 0) 0x7fb0080039f0 con 0x7fb00c108cc0
2024-05-16T15:37:58.744 INFO:teuthology.orchestra.run.smithi043.stdout:/usr/bin/ceph: stderr
2024-05-16T15:37:57.823+0000 7fb0027fc700 1 -- 172.21.15.43:0/1257468032 <== mon.0 v2:172.21.15.43:3300/0 2 ==== config(25 keys) ==== 1032+0+0 (secure 0 0 0) 0x7fb008003b90 con 0x7fb00c108cc0
2024-05-16T15:37:58.744 INFO:teuthology.orchestra.run.smithi043.stdout:/usr/bin/ceph: stderr
2024-05-16T15:37:57.823+0000 7fb0027fc700 1 -- 172.21.15.43:0/1257468032 <== mon.0 v2:172.21.15.43:3300/0 3 ==== mon_map magic: 0 ==== 205+0+0 (secure 0 0 0) 0x7fb00801a600 con 0x7fb00c108cc0
2024-05-16T15:37:58.744 INFO:teuthology.orchestra.run.smithi043.stdout:/usr/bin/ceph: stderr
2024-05-16T15:37:57.823+0000 7fb0138ac700 1 -- 172.21.15.43:0/1257468032 --> [v2:172.21.15.43:3300/0,v1:172.21.15.43:6789/0] -- mon_subscribe({mgrmap=0+}) -- 0x7fb00c19d200 con 0x7fb00c108cc0
2024-05-16T15:37:58.744 INFO:teuthology.orchestra.run.smithi043.stdout:/usr/bin/ceph: stderr
2024-05-16T15:37:57.824+0000 7fb0138ac700 1 -- 172.21.15.43:0/1257468032 --> [v2:172.21.15.43:3300/0,v1:172.21.15.43:6789/0] -- mon_subscribe({osdmap=0}) -- 0x7fb00c19fef0 con 0x7fb00c108cc0
2024-05-16T15:37:58.744 INFO:teuthology.orchestra.run.smithi043.stdout:/usr/bin/ceph: stderr
2024-05-16T15:37:57.824+0000 7fb0138ac700 1 -- 172.21.15.43:0/1257468032 --> [v2:172.21.15.43:3300/0,v1:172.21.15.43:6789/0] -- mon_command({"prefix": "get_command_descriptions"} v 0) -- 0x7fb00c10d220 con 0x7fb00c108cc0
2024-05-16T15:37:58.744 INFO:teuthology.orchestra.run.smithi043.stdout:/usr/bin/ceph: stderr
2024-05-16T15:37:57.824+0000 7fb0027fc700 1 -- 172.21.15.43:0/1257468032 <== mon.0 v2:172.21.15.43:3300/0 4 ==== mgrmap(e 8) ==== 50222+0+0 (secure 0 0 0) 0x7fb008024a50 con 0x7fb00c108cc0
2024-05-16T15:37:58.744 INFO:teuthology.orchestra.run.smithi043.stdout:/usr/bin/ceph: stderr
2024-05-16T15:37:57.825+0000 7fb0027fc700 1 --2- 172.21.15.43:0/1257468032 >> [v2:172.21.15.43:6800/86887644,v1:172.21.15.43:6801/86887644] conn(0x7faff803e470 0x7faff8040930 unknown :-1 s=NONE pgs=0 cs=0 l=1 rev1=0 crypto rx=0 tx=0 comp rx=0 tx=0).connect
2024-05-16T15:37:58.744 INFO:teuthology.orchestra.run.smithi043.stdout:/usr/bin/ceph: stderr
2024-05-16T15:37:57.825+0000 7fb0027fc700 1 -- 172.21.15.43:0/1257468032 <== mon.0 v2:172.21.15.43:3300/0 5 ==== osd_map(2..2 src has 1..2) ==== 940+0+0 (secure 0 0 0) 0x7fb008053b60 con 0x7fb00c108cc0
2024-05-16T15:37:58.744 INFO:teuthology.orchestra.run.smithi043.stdout:/usr/bin/ceph: stderr
2024-05-16T15:37:57.825+0000 7fb010e47700 1 --2- 172.21.15.43:0/1257468032 >> [v2:172.21.15.43:6800/86887644,v1:172.21.15.43:6801/86887644] conn(0x7faff803e470 0x7faff8040930 unknown :-1 s=BANNER_CONNECTING pgs=0 cs=0 l=1 rev1=0 crypto rx=0 tx=0 comp rx=0 tx=0)._handle_peer_banner_payload supported=3 required=0
2024-05-16T15:37:58.744 INFO:teuthology.orchestra.run.smithi043.stdout:/usr/bin/ceph: stderr
2024-05-16T15:37:57.825+0000 7fb010e47700 1 --2- 172.21.15.43:0/1257468032 >> [v2:172.21.15.43:6800/86887644,v1:172.21.15.43:6801/86887644] conn(0x7faff803e470 0x7faff8040930 secure :-1 s=READY pgs=9 cs=0 l=1 rev1=1 crypto rx=0x7faffc006fd0 tx=0x7faffc006e40 comp rx=0 tx=0).ready entity=mgr.14118 client_cookie=0 server_cookie=0 in_seq=0 out_seq=0
2024-05-16T15:37:58.744 INFO:teuthology.orchestra.run.smithi043.stdout:/usr/bin/ceph: stderr
2024-05-16T15:37:57.830+0000 7fb0027fc700 1 -- 172.21.15.43:0/1257468032 <== mon.0 v2:172.21.15.43:3300/0 6 ==== mon_command_ack([{"prefix": "get_command_descriptions"}]=0 v0) ==== 72+0+191839 (secure 0 0 0) 0x7fb00800fdd0 con 0x7fb00c108cc0
2024-05-16T15:37:58.744 INFO:teuthology.orchestra.run.smithi043.stdout:/usr/bin/ceph: stderr
2024-05-16T15:37:58.047+0000 7fb0138ac700 1 -- 172.21.15.43:0/1257468032 --> [v2:172.21.15.43:6800/86887644,v1:172.21.15.43:6801/86887644] -- mgr_command(tid 0: {"prefix": "cephadm generate-key", "target": ["mon-mgr", ""]}) -- 0x7fb00c105380 con 0x7faff803e470
2024-05-16T15:37:58.745 INFO:teuthology.orchestra.run.smithi043.stdout:/usr/bin/ceph: stderr
2024-05-16T15:37:58.297+0000 7fb0027fc700 1 -- 172.21.15.43:0/1257468032 <== mgr.14118 v2:172.21.15.43:6800/86887644 1 ==== mgr_command_reply(tid 0: 0 ) ==== 8+0+0 (secure 0 0 0) 0x7fb00c105380 con 0x7faff803e470
2024-05-16T15:37:58.745 INFO:teuthology.orchestra.run.smithi043.stdout:/usr/bin/ceph: stderr
2024-05-16T15:37:58.300+0000 7fb0138ac700 1 -- 172.21.15.43:0/1257468032 >> [v2:172.21.15.43:6800/86887644,v1:172.21.15.43:6801/86887644] conn(0x7faff803e470 msgr2=0x7faff8040930 secure :-1 s=STATE_CONNECTION_ESTABLISHED l=1).mark_down
2024-05-16T15:37:58.745 INFO:teuthology.orchestra.run.smithi043.stdout:/usr/bin/ceph: stderr
2024-05-16T15:37:58.300+0000 7fb0138ac700 1 --2- 172.21.15.43:0/1257468032 >> [v2:172.21.15.43:6800/86887644,v1:172.21.15.43:6801/86887644] conn(0x7faff803e470 0x7faff8040930 secure :-1 s=READY pgs=9 cs=0 l=1 rev1=1 crypto rx=0x7faffc006fd0 tx=0x7faffc006e40 comp rx=0 tx=0).stop
2024-05-16T15:37:58.745 INFO:teuthology.orchestra.run.smithi043.stdout:/usr/bin/ceph: stderr
2024-05-16T15:37:58.300+0000 7fb0138ac700 1 -- 172.21.15.43:0/1257468032 >> [v2:172.21.15.43:3300/0,v1:172.21.15.43:6789/0] conn(0x7fb00c108cc0 msgr2=0x7fb00c19ca30 secure :-1 s=STATE_CONNECTION_ESTABLISHED l=1).mark_down
2024-05-16T15:37:58.745 INFO:teuthology.orchestra.run.smithi043.stdout:/usr/bin/ceph: stderr
2024-05-16T15:37:58.300+0000 7fb0138ac700 1 --2- 172.21.15.43:0/1257468032 >> [v2:172.21.15.43:3300/0,v1:172.21.15.43:6789/0] conn(0x7fb00c108cc0 0x7fb00c19ca30 secure :-1 s=READY pgs=40 cs=0 l=1 rev1=1 crypto rx=0x7fb0080116a0 tx=0x7fb008011a60 comp rx=0 tx=0).stop
2024-05-16T15:37:58.745 INFO:teuthology.orchestra.run.smithi043.stdout:/usr/bin/ceph: stderr
2024-05-16T15:37:58.300+0000 7fb0138ac700 1 -- 172.21.15.43:0/1257468032 shutdown_connections
2024-05-16T15:37:58.745 INFO:teuthology.orchestra.run.smithi043.stdout:/usr/bin/ceph: stderr
2024-05-16T15:37:58.300+0000 7fb0138ac700 1 --2- 172.21.15.43:0/1257468032 >> [v2:172.21.15.43:6800/86887644,v1:172.21.15.43:6801/86887644] conn(0x7faff803e470 0x7faff8040930 unknown :-1 s=CLOSED pgs=9 cs=0 l=1 rev1=1 crypto rx=0 tx=0 comp rx=0 tx=0).stop
2024-05-16T15:37:58.745 INFO:teuthology.orchestra.run.smithi043.stdout:/usr/bin/ceph: stderr
2024-05-16T15:37:58.300+0000 7fb0138ac700 1 --2- 172.21.15.43:0/1257468032 >> [v2:172.21.15.43:3300/0,v1:172.21.15.43:6789/0] conn(0x7fb00c108cc0 0x7fb00c19ca30 unknown :-1 s=CLOSED pgs=40 cs=0 l=1 rev1=1 crypto rx=0 tx=0 comp rx=0 tx=0).stop
2024-05-16T15:37:58.745 INFO:teuthology.orchestra.run.smithi043.stdout:/usr/bin/ceph: stderr
2024-05-16T15:37:58.300+0000 7fb0138ac700 1 -- 172.21.15.43:0/1257468032 >> 172.21.15.43:0/1257468032 conn(0x7fb00c1042a0 msgr2=0x7fb00c104c70 unknown :-1 s=STATE_NONE l=0).mark_down
2024-05-16T15:37:58.745 INFO:teuthology.orchestra.run.smithi043.stdout:/usr/bin/ceph: stderr
2024-05-16T15:37:58.300+0000 7fb0138ac700 1 -- 172.21.15.43:0/1257468032 shutdown_connections
2024-05-16T15:37:58.745 INFO:teuthology.orchestra.run.smithi043.stdout:/usr/bin/ceph: stderr
2024-05-16T15:37:58.300+0000 7fb0138ac700 1 -- 172.21.15.43:0/1257468032 wait complete.
2024-05-16T15:37:59.389 INFO:journalctl@ceph.mon.a.smithi043.stdout:May 16 15:37:59 smithi043 ceph-mon[31619]: from='client.14134 -' entity='client.admin' cmd=[{"prefix": "cephadm generate-key", "target": ["mon-mgr", ""]}]: dispatch
2024-05-16T15:37:59.389 INFO:journalctl@ceph.mon.a.smithi043.stdout:May 16 15:37:59 smithi043 ceph-mon[31619]: Generating ssh key...
2024-05-16T15:37:59.389 INFO:journalctl@ceph.mon.a.smithi043.stdout:May 16 15:37:59 smithi043 ceph-mon[31619]: from='mgr.14118 172.21.15.43:0/1351577342' entity='mgr.x'
2024-05-16T15:37:59.389 INFO:journalctl@ceph.mon.a.smithi043.stdout:May 16 15:37:59 smithi043 ceph-mon[31619]: from='mgr.14118 172.21.15.43:0/1351577342' entity='mgr.x'
2024-05-16T15:37:59.940 INFO:teuthology.orchestra.run.smithi043.stdout:/usr/bin/ceph: stdout ssh-rsa AAAAB3NzaC1yc2EAAAADAQABAAABgQDxKgTiGgpPozfy5uYWQoVhQ9u1fOz/fDHrfkISbBNiA0YE4PeSziwqTu6VEQHUp3g0oXQ9ojxcIltZYmu+VlkNYU2MCYxIOKzdAw1dzEv848UQ828Lwv5Oady9zwpRqdt69oXCXfyysECvOF+w8TfMp+OUQ3fmYHB3xp5eEM5CnwBQdO5ZTxb/+0AL26a9uPDMoc1jFG6TS0yZsBnxLLnMNlHvrP/e0RvQfLMPXrs4U5zkHlj0/rjuA/OcExUj2mDf6pCQrawsuZ4Cm7xaNvaHLNa+GpAbGBXFzxnL6iAeAIhmL2/HFm2Pk6wUspWlffZam+h1c+oM9KdKkT45deorc8tVA7G553SySkTkffpnonckIsJMHONamZBdj7KWu/aUFd3fnCUE71B+zhp0gowY/vp6gzVduekrH94o05Cc9HPxAd6GsKF4GGK04ijzF/Jfl0Ftc+znvwkzZOh2hbjmMI3/WK81VQGOf3Zbe5Jubf8d5rOXVkLhjdSGpMg14AU= ceph-13155b42-139a-11ef-bc9a-c7b262605968
2024-05-16T15:37:59.941 INFO:teuthology.orchestra.run.smithi043.stdout:/usr/bin/ceph: stderr
2024-05-16T15:37:59.160+0000 7f24b22df700 1 Processor -- start
2024-05-16T15:37:59.941 INFO:teuthology.orchestra.run.smithi043.stdout:/usr/bin/ceph: stderr
2024-05-16T15:37:59.160+0000 7f24b22df700 1 -- start start
2024-05-16T15:37:59.941 INFO:teuthology.orchestra.run.smithi043.stdout:/usr/bin/ceph: stderr
2024-05-16T15:37:59.161+0000 7f24b22df700 1 --2- >> [v2:172.21.15.43:3300/0,v1:172.21.15.43:6789/0] conn(0x7f24ac109730 0x7f24ac10bb20 unknown :-1 s=NONE pgs=0 cs=0 l=0 rev1=0 crypto rx=0 tx=0 comp rx=0 tx=0).connect
2024-05-16T15:37:59.941 INFO:teuthology.orchestra.run.smithi043.stdout:/usr/bin/ceph: stderr
2024-05-16T15:37:59.161+0000 7f24b22df700 1 -- --> [v2:172.21.15.43:3300/0,v1:172.21.15.43:6789/0] -- mon_getmap magic: 0 -- 0x7f24ac07ce30 con 0x7f24ac109730
2024-05-16T15:37:59.941 INFO:teuthology.orchestra.run.smithi043.stdout:/usr/bin/ceph: stderr
2024-05-16T15:37:59.161+0000 7f24abfff700 1 --2- >> [v2:172.21.15.43:3300/0,v1:172.21.15.43:6789/0] conn(0x7f24ac109730 0x7f24ac10bb20 unknown :-1 s=BANNER_CONNECTING pgs=0 cs=0 l=0 rev1=0 crypto rx=0 tx=0 comp rx=0 tx=0)._handle_peer_banner_payload supported=3 required=0
2024-05-16T15:37:59.941 INFO:teuthology.orchestra.run.smithi043.stdout:/usr/bin/ceph: stderr
2024-05-16T15:37:59.161+0000 7f24abfff700 1 --2- >> [v2:172.21.15.43:3300/0,v1:172.21.15.43:6789/0] conn(0x7f24ac109730 0x7f24ac10bb20 unknown :-1 s=HELLO_CONNECTING pgs=0 cs=0 l=0 rev1=1 crypto rx=0 tx=0 comp rx=0 tx=0).handle_hello peer v2:172.21.15.43:3300/0 says I am v2:172.21.15.43:43382/0 (socket says 172.21.15.43:43382)
2024-05-16T15:37:59.941 INFO:teuthology.orchestra.run.smithi043.stdout:/usr/bin/ceph: stderr
2024-05-16T15:37:59.161+0000 7f24abfff700 1 -- 172.21.15.43:0/1944670315 learned_addr learned my addr 172.21.15.43:0/1944670315 (peer_addr_for_me v2:172.21.15.43:0/0)
2024-05-16T15:37:59.941 INFO:teuthology.orchestra.run.smithi043.stdout:/usr/bin/ceph: stderr
2024-05-16T15:37:59.161+0000 7f24abfff700 1 -- 172.21.15.43:0/1944670315 --> [v2:172.21.15.43:3300/0,v1:172.21.15.43:6789/0] -- mon_subscribe({config=0+,monmap=0+}) -- 0x7f24ac10c060 con 0x7f24ac109730
2024-05-16T15:37:59.941 INFO:teuthology.orchestra.run.smithi043.stdout:/usr/bin/ceph: stderr
2024-05-16T15:37:59.161+0000 7f24abfff700 1 --2- 172.21.15.43:0/1944670315 >> [v2:172.21.15.43:3300/0,v1:172.21.15.43:6789/0] conn(0x7f24ac109730 0x7f24ac10bb20 secure :-1 s=READY pgs=41 cs=0 l=1 rev1=1 crypto rx=0x7f249c0098a0 tx=0x7f249c009bb0 comp rx=0 tx=0).ready entity=mon.0 client_cookie=74dd05d5e1e1f1fa server_cookie=0 in_seq=0 out_seq=0
2024-05-16T15:37:59.941 INFO:teuthology.orchestra.run.smithi043.stdout:/usr/bin/ceph: stderr
2024-05-16T15:37:59.161+0000 7f24aaffd700 1 -- 172.21.15.43:0/1944670315 <== mon.0 v2:172.21.15.43:3300/0 1 ==== mon_map magic: 0 ==== 205+0+0 (secure 0 0 0) 0x7f249c004160 con 0x7f24ac109730
2024-05-16T15:37:59.941 INFO:teuthology.orchestra.run.smithi043.stdout:/usr/bin/ceph: stderr
2024-05-16T15:37:59.162+0000 7f24aaffd700 1 -- 172.21.15.43:0/1944670315 <== mon.0 v2:172.21.15.43:3300/0 2 ==== config(25 keys) ==== 1032+0+0 (secure 0 0 0) 0x7f249c004300 con 0x7f24ac109730
2024-05-16T15:37:59.941 INFO:teuthology.orchestra.run.smithi043.stdout:/usr/bin/ceph: stderr
2024-05-16T15:37:59.162+0000 7f24aaffd700 1 -- 172.21.15.43:0/1944670315 <== mon.0 v2:172.21.15.43:3300/0 3 ==== mon_map magic: 0 ==== 205+0+0 (secure 0 0 0) 0x7f249c0119e0 con 0x7f24ac109730
2024-05-16T15:37:59.942 INFO:teuthology.orchestra.run.smithi043.stdout:/usr/bin/ceph: stderr
2024-05-16T15:37:59.162+0000 7f24b22df700 1 -- 172.21.15.43:0/1944670315 >> [v2:172.21.15.43:3300/0,v1:172.21.15.43:6789/0] conn(0x7f24ac109730 msgr2=0x7f24ac10bb20 secure :-1 s=STATE_CONNECTION_ESTABLISHED l=1).mark_down
2024-05-16T15:37:59.942 INFO:teuthology.orchestra.run.smithi043.stdout:/usr/bin/ceph: stderr
2024-05-16T15:37:59.162+0000 7f24b22df700 1 --2- 172.21.15.43:0/1944670315 >> [v2:172.21.15.43:3300/0,v1:172.21.15.43:6789/0] conn(0x7f24ac109730 0x7f24ac10bb20 secure :-1 s=READY pgs=41 cs=0 l=1 rev1=1 crypto rx=0x7f249c0098a0 tx=0x7f249c009bb0 comp rx=0 tx=0).stop
2024-05-16T15:37:59.942 INFO:teuthology.orchestra.run.smithi043.stdout:/usr/bin/ceph: stderr
2024-05-16T15:37:59.162+0000 7f24b22df700 1 -- 172.21.15.43:0/1944670315 shutdown_connections
2024-05-16T15:37:59.942 INFO:teuthology.orchestra.run.smithi043.stdout:/usr/bin/ceph: stderr
2024-05-16T15:37:59.162+0000 7f24b22df700 1 --2- 172.21.15.43:0/1944670315 >> [v2:172.21.15.43:3300/0,v1:172.21.15.43:6789/0] conn(0x7f24ac109730 0x7f24ac10bb20 unknown :-1 s=CLOSED pgs=41 cs=0 l=1 rev1=1 crypto rx=0 tx=0 comp rx=0 tx=0).stop
2024-05-16T15:37:59.942 INFO:teuthology.orchestra.run.smithi043.stdout:/usr/bin/ceph: stderr
2024-05-16T15:37:59.162+0000 7f24b22df700 1 -- 172.21.15.43:0/1944670315 >> 172.21.15.43:0/1944670315 conn(0x7f24ac103140 msgr2=0x7f24ac105560 unknown :-1 s=STATE_NONE l=0).mark_down
2024-05-16T15:37:59.942 INFO:teuthology.orchestra.run.smithi043.stdout:/usr/bin/ceph: stderr
2024-05-16T15:37:59.162+0000 7f24b22df700 1 -- 172.21.15.43:0/1944670315 shutdown_connections
2024-05-16T15:37:59.942 INFO:teuthology.orchestra.run.smithi043.stdout:/usr/bin/ceph: stderr
2024-05-16T15:37:59.162+0000 7f24b22df700 1 -- 172.21.15.43:0/1944670315 wait complete.
2024-05-16T15:37:59.942 INFO:teuthology.orchestra.run.smithi043.stdout:/usr/bin/ceph: stderr
2024-05-16T15:37:59.163+0000 7f24b22df700 1 Processor -- start
2024-05-16T15:37:59.942 INFO:teuthology.orchestra.run.smithi043.stdout:/usr/bin/ceph: stderr
2024-05-16T15:37:59.163+0000 7f24b22df700 1 -- start start
2024-05-16T15:37:59.942 INFO:teuthology.orchestra.run.smithi043.stdout:/usr/bin/ceph: stderr
2024-05-16T15:37:59.163+0000 7f24b22df700 1 --2- >> [v2:172.21.15.43:3300/0,v1:172.21.15.43:6789/0] conn(0x7f24ac109730 0x7f24ac19ca60 unknown :-1 s=NONE pgs=0 cs=0 l=1 rev1=0 crypto rx=0 tx=0 comp rx=0 tx=0).connect
2024-05-16T15:37:59.942 INFO:teuthology.orchestra.run.smithi043.stdout:/usr/bin/ceph: stderr
2024-05-16T15:37:59.163+0000 7f24b22df700 1 -- --> [v2:172.21.15.43:3300/0,v1:172.21.15.43:6789/0] -- mon_getmap magic: 0 -- 0x7f24ac10cf50 con 0x7f24ac109730
2024-05-16T15:37:59.942 INFO:teuthology.orchestra.run.smithi043.stdout:/usr/bin/ceph: stderr
2024-05-16T15:37:59.163+0000 7f24abfff700 1 --2- >> [v2:172.21.15.43:3300/0,v1:172.21.15.43:6789/0] conn(0x7f24ac109730 0x7f24ac19ca60 unknown :-1 s=BANNER_CONNECTING pgs=0 cs=0 l=1 rev1=0 crypto rx=0 tx=0 comp rx=0 tx=0)._handle_peer_banner_payload supported=3 required=0
2024-05-16T15:37:59.942 INFO:teuthology.orchestra.run.smithi043.stdout:/usr/bin/ceph: stderr
2024-05-16T15:37:59.163+0000 7f24abfff700 1 --2- >> [v2:172.21.15.43:3300/0,v1:172.21.15.43:6789/0] conn(0x7f24ac109730 0x7f24ac19ca60 unknown :-1 s=HELLO_CONNECTING pgs=0 cs=0 l=1 rev1=1 crypto rx=0 tx=0 comp rx=0 tx=0).handle_hello peer v2:172.21.15.43:3300/0 says I am v2:172.21.15.43:43396/0 (socket says 172.21.15.43:43396)
2024-05-16T15:37:59.943 INFO:teuthology.orchestra.run.smithi043.stdout:/usr/bin/ceph: stderr
2024-05-16T15:37:59.163+0000 7f24abfff700 1 -- 172.21.15.43:0/3024718572 learned_addr learned my addr 172.21.15.43:0/3024718572 (peer_addr_for_me v2:172.21.15.43:0/0)
2024-05-16T15:37:59.943 INFO:teuthology.orchestra.run.smithi043.stdout:/usr/bin/ceph: stderr
2024-05-16T15:37:59.164+0000 7f24abfff700 1 -- 172.21.15.43:0/3024718572 --> [v2:172.21.15.43:3300/0,v1:172.21.15.43:6789/0] -- mon_subscribe({config=0+,monmap=0+}) -- 0x7f24ac19cfa0 con 0x7f24ac109730
2024-05-16T15:37:59.943 INFO:teuthology.orchestra.run.smithi043.stdout:/usr/bin/ceph: stderr
2024-05-16T15:37:59.164+0000 7f24abfff700 1 --2- 172.21.15.43:0/3024718572 >> [v2:172.21.15.43:3300/0,v1:172.21.15.43:6789/0] conn(0x7f24ac109730 0x7f24ac19ca60 secure :-1 s=READY pgs=42 cs=0 l=1 rev1=1 crypto rx=0x7f249c0119e0 tx=0x7f249c0046a0 comp rx=0 tx=0).ready entity=mon.0 client_cookie=0 server_cookie=0 in_seq=0 out_seq=0
2024-05-16T15:37:59.943 INFO:teuthology.orchestra.run.smithi043.stdout:/usr/bin/ceph: stderr
2024-05-16T15:37:59.164+0000 7f24a97fa700 1 -- 172.21.15.43:0/3024718572 <== mon.0 v2:172.21.15.43:3300/0 1 ==== mon_map magic: 0 ==== 205+0+0 (secure 0 0 0) 0x7f249c003bf0 con 0x7f24ac109730
2024-05-16T15:37:59.943 INFO:teuthology.orchestra.run.smithi043.stdout:/usr/bin/ceph: stderr
2024-05-16T15:37:59.164+0000 7f24a97fa700 1 -- 172.21.15.43:0/3024718572 <== mon.0 v2:172.21.15.43:3300/0 2 ==== config(25 keys) ==== 1032+0+0 (secure 0 0 0) 0x7f249c01a8a0 con 0x7f24ac109730
2024-05-16T15:37:59.943 INFO:teuthology.orchestra.run.smithi043.stdout:/usr/bin/ceph: stderr
2024-05-16T15:37:59.164+0000 7f24a97fa700 1 -- 172.21.15.43:0/3024718572 <== mon.0 v2:172.21.15.43:3300/0 3 ==== mon_map magic: 0 ==== 205+0+0 (secure 0 0 0) 0x7f249c0248c0 con 0x7f24ac109730
2024-05-16T15:37:59.943 INFO:teuthology.orchestra.run.smithi043.stdout:/usr/bin/ceph: stderr
2024-05-16T15:37:59.164+0000 7f24b22df700 1 -- 172.21.15.43:0/3024718572 --> [v2:172.21.15.43:3300/0,v1:172.21.15.43:6789/0] -- mon_subscribe({mgrmap=0+}) -- 0x7f24ac19d230 con 0x7f24ac109730
2024-05-16T15:37:59.943 INFO:teuthology.orchestra.run.smithi043.stdout:/usr/bin/ceph: stderr
2024-05-16T15:37:59.164+0000 7f24b22df700 1 -- 172.21.15.43:0/3024718572 --> [v2:172.21.15.43:3300/0,v1:172.21.15.43:6789/0] -- mon_subscribe({osdmap=0}) -- 0x7f24ac19ff20 con 0x7f24ac109730
2024-05-16T15:37:59.943 INFO:teuthology.orchestra.run.smithi043.stdout:/usr/bin/ceph: stderr
2024-05-16T15:37:59.165+0000 7f24a97fa700 1 -- 172.21.15.43:0/3024718572 <== mon.0 v2:172.21.15.43:3300/0 4 ==== mgrmap(e 8) ==== 50222+0+0 (secure 0 0 0) 0x7f249c022020 con 0x7f24ac109730
2024-05-16T15:37:59.943 INFO:teuthology.orchestra.run.smithi043.stdout:/usr/bin/ceph: stderr
2024-05-16T15:37:59.165+0000 7f24b22df700 1 -- 172.21.15.43:0/3024718572 --> [v2:172.21.15.43:3300/0,v1:172.21.15.43:6789/0] -- mon_command({"prefix": "get_command_descriptions"} v 0) -- 0x7f24ac064b00 con 0x7f24ac109730
2024-05-16T15:37:59.943 INFO:teuthology.orchestra.run.smithi043.stdout:/usr/bin/ceph: stderr
