2024-05-16T15:37:59.165+0000 7f24a97fa700 1 --2- 172.21.15.43:0/3024718572 >> [v2:172.21.15.43:6800/86887644,v1:172.21.15.43:6801/86887644] conn(0x7f249403e470 0x7f2494040930 unknown :-1 s=NONE pgs=0 cs=0 l=1 rev1=0 crypto rx=0 tx=0 comp rx=0 tx=0).connect
2024-05-16T15:37:59.943 INFO:teuthology.orchestra.run.smithi043.stdout:/usr/bin/ceph: stderr
2024-05-16T15:37:59.165+0000 7f24a97fa700 1 -- 172.21.15.43:0/3024718572 <== mon.0 v2:172.21.15.43:3300/0 5 ==== osd_map(2..2 src has 1..2) ==== 940+0+0 (secure 0 0 0) 0x7f249c053a00 con 0x7f24ac109730
2024-05-16T15:37:59.943 INFO:teuthology.orchestra.run.smithi043.stdout:/usr/bin/ceph: stderr
2024-05-16T15:37:59.165+0000 7f24ab7fe700 1 --2- 172.21.15.43:0/3024718572 >> [v2:172.21.15.43:6800/86887644,v1:172.21.15.43:6801/86887644] conn(0x7f249403e470 0x7f2494040930 unknown :-1 s=BANNER_CONNECTING pgs=0 cs=0 l=1 rev1=0 crypto rx=0 tx=0 comp rx=0 tx=0)._handle_peer_banner_payload supported=3 required=0
2024-05-16T15:37:59.943 INFO:teuthology.orchestra.run.smithi043.stdout:/usr/bin/ceph: stderr
2024-05-16T15:37:59.166+0000 7f24ab7fe700 1 --2- 172.21.15.43:0/3024718572 >> [v2:172.21.15.43:6800/86887644,v1:172.21.15.43:6801/86887644] conn(0x7f249403e470 0x7f2494040930 secure :-1 s=READY pgs=10 cs=0 l=1 rev1=1 crypto rx=0x7f24a0006fd0 tx=0x7f24a0006e40 comp rx=0 tx=0).ready entity=mgr.14118 client_cookie=0 server_cookie=0 in_seq=0 out_seq=0
2024-05-16T15:37:59.943 INFO:teuthology.orchestra.run.smithi043.stdout:/usr/bin/ceph: stderr
2024-05-16T15:37:59.170+0000 7f24a97fa700 1 -- 172.21.15.43:0/3024718572 <== mon.0 v2:172.21.15.43:3300/0 6 ==== mon_command_ack([{"prefix": "get_command_descriptions"}]=0 v0) ==== 72+0+191839 (secure 0 0 0) 0x7f249c00e260 con 0x7f24ac109730
2024-05-16T15:37:59.944 INFO:teuthology.orchestra.run.smithi043.stdout:/usr/bin/ceph: stderr
2024-05-16T15:37:59.384+0000 7f24b22df700 1 -- 172.21.15.43:0/3024718572 --> [v2:172.21.15.43:6800/86887644,v1:172.21.15.43:6801/86887644] -- mgr_command(tid 0: {"prefix": "cephadm get-pub-key", "target": ["mon-mgr", ""]}) -- 0x7f24ac1042d0 con 0x7f249403e470
2024-05-16T15:37:59.944 INFO:teuthology.orchestra.run.smithi043.stdout:/usr/bin/ceph: stderr
2024-05-16T15:37:59.385+0000 7f24a97fa700 1 -- 172.21.15.43:0/3024718572 <== mgr.14118 v2:172.21.15.43:6800/86887644 1 ==== mgr_command_reply(tid 0: 0 ) ==== 8+0+595 (secure 0 0 0) 0x7f24ac1042d0 con 0x7f249403e470
2024-05-16T15:37:59.944 INFO:teuthology.orchestra.run.smithi043.stdout:/usr/bin/ceph: stderr
2024-05-16T15:37:59.387+0000 7f24b22df700 1 -- 172.21.15.43:0/3024718572 >> [v2:172.21.15.43:6800/86887644,v1:172.21.15.43:6801/86887644] conn(0x7f249403e470 msgr2=0x7f2494040930 secure :-1 s=STATE_CONNECTION_ESTABLISHED l=1).mark_down
2024-05-16T15:37:59.944 INFO:teuthology.orchestra.run.smithi043.stdout:/usr/bin/ceph: stderr
2024-05-16T15:37:59.387+0000 7f24b22df700 1 --2- 172.21.15.43:0/3024718572 >> [v2:172.21.15.43:6800/86887644,v1:172.21.15.43:6801/86887644] conn(0x7f249403e470 0x7f2494040930 secure :-1 s=READY pgs=10 cs=0 l=1 rev1=1 crypto rx=0x7f24a0006fd0 tx=0x7f24a0006e40 comp rx=0 tx=0).stop
2024-05-16T15:37:59.944 INFO:teuthology.orchestra.run.smithi043.stdout:/usr/bin/ceph: stderr
2024-05-16T15:37:59.387+0000 7f24b22df700 1 -- 172.21.15.43:0/3024718572 >> [v2:172.21.15.43:3300/0,v1:172.21.15.43:6789/0] conn(0x7f24ac109730 msgr2=0x7f24ac19ca60 secure :-1 s=STATE_CONNECTION_ESTABLISHED l=1).mark_down
2024-05-16T15:37:59.944 INFO:teuthology.orchestra.run.smithi043.stdout:/usr/bin/ceph: stderr
2024-05-16T15:37:59.387+0000 7f24b22df700 1 --2- 172.21.15.43:0/3024718572 >> [v2:172.21.15.43:3300/0,v1:172.21.15.43:6789/0] conn(0x7f24ac109730 0x7f24ac19ca60 secure :-1 s=READY pgs=42 cs=0 l=1 rev1=1 crypto rx=0x7f249c0119e0 tx=0x7f249c0046a0 comp rx=0 tx=0).stop
2024-05-16T15:37:59.944 INFO:teuthology.orchestra.run.smithi043.stdout:/usr/bin/ceph: stderr
2024-05-16T15:37:59.387+0000 7f24b22df700 1 -- 172.21.15.43:0/3024718572 shutdown_connections
2024-05-16T15:37:59.944 INFO:teuthology.orchestra.run.smithi043.stdout:/usr/bin/ceph: stderr
2024-05-16T15:37:59.387+0000 7f24b22df700 1 --2- 172.21.15.43:0/3024718572 >> [v2:172.21.15.43:6800/86887644,v1:172.21.15.43:6801/86887644] conn(0x7f249403e470 0x7f2494040930 unknown :-1 s=CLOSED pgs=10 cs=0 l=1 rev1=1 crypto rx=0 tx=0 comp rx=0 tx=0).stop
2024-05-16T15:37:59.944 INFO:teuthology.orchestra.run.smithi043.stdout:/usr/bin/ceph: stderr
2024-05-16T15:37:59.387+0000 7f24b22df700 1 --2- 172.21.15.43:0/3024718572 >> [v2:172.21.15.43:3300/0,v1:172.21.15.43:6789/0] conn(0x7f24ac109730 0x7f24ac19ca60 unknown :-1 s=CLOSED pgs=42 cs=0 l=1 rev1=1 crypto rx=0 tx=0 comp rx=0 tx=0).stop
2024-05-16T15:37:59.944 INFO:teuthology.orchestra.run.smithi043.stdout:/usr/bin/ceph: stderr
2024-05-16T15:37:59.387+0000 7f24b22df700 1 -- 172.21.15.43:0/3024718572 >> 172.21.15.43:0/3024718572 conn(0x7f24ac103140 msgr2=0x7f24ac103bc0 unknown :-1 s=STATE_NONE l=0).mark_down
2024-05-16T15:37:59.944 INFO:teuthology.orchestra.run.smithi043.stdout:/usr/bin/ceph: stderr
2024-05-16T15:37:59.388+0000 7f24b22df700 1 -- 172.21.15.43:0/3024718572 shutdown_connections
2024-05-16T15:37:59.944 INFO:teuthology.orchestra.run.smithi043.stdout:/usr/bin/ceph: stderr
2024-05-16T15:37:59.388+0000 7f24b22df700 1 -- 172.21.15.43:0/3024718572 wait complete.
2024-05-16T15:37:59.944 INFO:teuthology.orchestra.run.smithi043.stdout:Wrote public SSH key to /home/ubuntu/cephtest/ceph.pub
2024-05-16T15:37:59.944 INFO:teuthology.orchestra.run.smithi043.stdout:Adding key to root@localhost authorized_keys...
2024-05-16T15:37:59.944 INFO:teuthology.orchestra.run.smithi043.stdout:Adding host smithi043...
2024-05-16T15:38:00.318 INFO:journalctl@ceph.mon.a.smithi043.stdout:May 16 15:38:00 smithi043 ceph-mon[31619]: from='client.14136 -' entity='client.admin' cmd=[{"prefix": "cephadm get-pub-key", "target": ["mon-mgr", ""]}]: dispatch
2024-05-16T15:38:01.468 INFO:journalctl@ceph.mon.a.smithi043.stdout:May 16 15:38:01 smithi043 ceph-mon[31619]: from='client.14138 -' entity='client.admin' cmd=[{"prefix": "orch host add", "hostname": "smithi043", "addr": "172.21.15.43", "target": ["mon-mgr", ""]}]: dispatch
2024-05-16T15:38:02.718 INFO:journalctl@ceph.mon.a.smithi043.stdout:May 16 15:38:02 smithi043 ceph-mon[31619]: Deploying cephadm binary to smithi043
2024-05-16T15:38:05.422 INFO:teuthology.orchestra.run.smithi043.stdout:/usr/bin/ceph: stdout Added host 'smithi043' with addr '172.21.15.43'
2024-05-16T15:38:05.422 INFO:teuthology.orchestra.run.smithi043.stdout:/usr/bin/ceph: stderr
2024-05-16T15:38:00.350+0000 7fb988143700 1 Processor -- start
2024-05-16T15:38:05.422 INFO:teuthology.orchestra.run.smithi043.stdout:/usr/bin/ceph: stderr
2024-05-16T15:38:00.350+0000 7fb988143700 1 -- start start
2024-05-16T15:38:05.422 INFO:teuthology.orchestra.run.smithi043.stdout:/usr/bin/ceph: stderr
2024-05-16T15:38:00.350+0000 7fb988143700 1 --2- >> [v2:172.21.15.43:3300/0,v1:172.21.15.43:6789/0] conn(0x7fb980107b80 0x7fb980107fa0 unknown :-1 s=NONE pgs=0 cs=0 l=0 rev1=0 crypto rx=0 tx=0 comp rx=0 tx=0).connect
2024-05-16T15:38:05.423 INFO:teuthology.orchestra.run.smithi043.stdout:/usr/bin/ceph: stderr
2024-05-16T15:38:00.350+0000 7fb988143700 1 -- --> [v2:172.21.15.43:3300/0,v1:172.21.15.43:6789/0] -- mon_getmap magic: 0 -- 0x7fb980108570 con 0x7fb980107b80
2024-05-16T15:38:05.423 INFO:teuthology.orchestra.run.smithi043.stdout:/usr/bin/ceph: stderr
2024-05-16T15:38:00.351+0000 7fb985edf700 1 --2- >> [v2:172.21.15.43:3300/0,v1:172.21.15.43:6789/0] conn(0x7fb980107b80 0x7fb980107fa0 unknown :-1 s=BANNER_CONNECTING pgs=0 cs=0 l=0 rev1=0 crypto rx=0 tx=0 comp rx=0 tx=0)._handle_peer_banner_payload supported=3 required=0
2024-05-16T15:38:05.423 INFO:teuthology.orchestra.run.smithi043.stdout:/usr/bin/ceph: stderr
2024-05-16T15:38:00.351+0000 7fb985edf700 1 --2- >> [v2:172.21.15.43:3300/0,v1:172.21.15.43:6789/0] conn(0x7fb980107b80 0x7fb980107fa0 unknown :-1 s=HELLO_CONNECTING pgs=0 cs=0 l=0 rev1=1 crypto rx=0 tx=0 comp rx=0 tx=0).handle_hello peer v2:172.21.15.43:3300/0 says I am v2:172.21.15.43:43402/0 (socket says 172.21.15.43:43402)
2024-05-16T15:38:05.423 INFO:teuthology.orchestra.run.smithi043.stdout:/usr/bin/ceph: stderr
2024-05-16T15:38:00.351+0000 7fb985edf700 1 -- 172.21.15.43:0/3211052098 learned_addr learned my addr 172.21.15.43:0/3211052098 (peer_addr_for_me v2:172.21.15.43:0/0)
2024-05-16T15:38:05.423 INFO:teuthology.orchestra.run.smithi043.stdout:/usr/bin/ceph: stderr
2024-05-16T15:38:00.351+0000 7fb985edf700 1 -- 172.21.15.43:0/3211052098 --> [v2:172.21.15.43:3300/0,v1:172.21.15.43:6789/0] -- mon_subscribe({config=0+,monmap=0+}) -- 0x7fb980108d80 con 0x7fb980107b80
2024-05-16T15:38:05.423 INFO:teuthology.orchestra.run.smithi043.stdout:/usr/bin/ceph: stderr
2024-05-16T15:38:00.351+0000 7fb985edf700 1 --2- 172.21.15.43:0/3211052098 >> [v2:172.21.15.43:3300/0,v1:172.21.15.43:6789/0] conn(0x7fb980107b80 0x7fb980107fa0 secure :-1 s=READY pgs=43 cs=0 l=1 rev1=1 crypto rx=0x7fb97c0098a0 tx=0x7fb97c009bb0 comp rx=0 tx=0).ready entity=mon.0 client_cookie=a34edbdf8f51a1cf server_cookie=0 in_seq=0 out_seq=0
2024-05-16T15:38:05.423 INFO:teuthology.orchestra.run.smithi043.stdout:/usr/bin/ceph: stderr
2024-05-16T15:38:00.351+0000 7fb984edd700 1 -- 172.21.15.43:0/3211052098 <== mon.0 v2:172.21.15.43:3300/0 1 ==== mon_map magic: 0 ==== 205+0+0 (secure 0 0 0) 0x7fb97c004160 con 0x7fb980107b80
2024-05-16T15:38:05.423 INFO:teuthology.orchestra.run.smithi043.stdout:/usr/bin/ceph: stderr
2024-05-16T15:38:00.351+0000 7fb984edd700 1 -- 172.21.15.43:0/3211052098 <== mon.0 v2:172.21.15.43:3300/0 2 ==== config(25 keys) ==== 1032+0+0 (secure 0 0 0) 0x7fb97c004300 con 0x7fb980107b80
2024-05-16T15:38:05.423 INFO:teuthology.orchestra.run.smithi043.stdout:/usr/bin/ceph: stderr
2024-05-16T15:38:00.351+0000 7fb984edd700 1 -- 172.21.15.43:0/3211052098 <== mon.0 v2:172.21.15.43:3300/0 3 ==== mon_map magic: 0 ==== 205+0+0 (secure 0 0 0) 0x7fb97c0119e0 con 0x7fb980107b80
2024-05-16T15:38:05.423 INFO:teuthology.orchestra.run.smithi043.stdout:/usr/bin/ceph: stderr
2024-05-16T15:38:00.352+0000 7fb988143700 1 -- 172.21.15.43:0/3211052098 >> [v2:172.21.15.43:3300/0,v1:172.21.15.43:6789/0] conn(0x7fb980107b80 msgr2=0x7fb980107fa0 secure :-1 s=STATE_CONNECTION_ESTABLISHED l=1).mark_down
2024-05-16T15:38:05.423 INFO:teuthology.orchestra.run.smithi043.stdout:/usr/bin/ceph: stderr
2024-05-16T15:38:00.352+0000 7fb988143700 1 --2- 172.21.15.43:0/3211052098 >> [v2:172.21.15.43:3300/0,v1:172.21.15.43:6789/0] conn(0x7fb980107b80 0x7fb980107fa0 secure :-1 s=READY pgs=43 cs=0 l=1 rev1=1 crypto rx=0x7fb97c0098a0 tx=0x7fb97c009bb0 comp rx=0 tx=0).stop
2024-05-16T15:38:05.423 INFO:teuthology.orchestra.run.smithi043.stdout:/usr/bin/ceph: stderr
2024-05-16T15:38:00.352+0000 7fb988143700 1 -- 172.21.15.43:0/3211052098 shutdown_connections
2024-05-16T15:38:05.423 INFO:teuthology.orchestra.run.smithi043.stdout:/usr/bin/ceph: stderr
2024-05-16T15:38:00.352+0000 7fb988143700 1 --2- 172.21.15.43:0/3211052098 >> [v2:172.21.15.43:3300/0,v1:172.21.15.43:6789/0] conn(0x7fb980107b80 0x7fb980107fa0 unknown :-1 s=CLOSED pgs=43 cs=0 l=1 rev1=1 crypto rx=0 tx=0 comp rx=0 tx=0).stop
2024-05-16T15:38:05.423 INFO:teuthology.orchestra.run.smithi043.stdout:/usr/bin/ceph: stderr
2024-05-16T15:38:00.352+0000 7fb988143700 1 -- 172.21.15.43:0/3211052098 >> 172.21.15.43:0/3211052098 conn(0x7fb980103140 msgr2=0x7fb980105560 unknown :-1 s=STATE_NONE l=0).mark_down
2024-05-16T15:38:05.423 INFO:teuthology.orchestra.run.smithi043.stdout:/usr/bin/ceph: stderr
2024-05-16T15:38:00.352+0000 7fb988143700 1 -- 172.21.15.43:0/3211052098 shutdown_connections
2024-05-16T15:38:05.424 INFO:teuthology.orchestra.run.smithi043.stdout:/usr/bin/ceph: stderr
2024-05-16T15:38:00.352+0000 7fb988143700 1 -- 172.21.15.43:0/3211052098 wait complete.
2024-05-16T15:38:05.424 INFO:teuthology.orchestra.run.smithi043.stdout:/usr/bin/ceph: stderr
2024-05-16T15:38:00.353+0000 7fb988143700 1 Processor -- start
2024-05-16T15:38:05.424 INFO:teuthology.orchestra.run.smithi043.stdout:/usr/bin/ceph: stderr
2024-05-16T15:38:00.353+0000 7fb988143700 1 -- start start
2024-05-16T15:38:05.424 INFO:teuthology.orchestra.run.smithi043.stdout:/usr/bin/ceph: stderr
2024-05-16T15:38:00.353+0000 7fb988143700 1 --2- >> [v2:172.21.15.43:3300/0,v1:172.21.15.43:6789/0] conn(0x7fb980107b80 0x7fb98019cb50 unknown :-1 s=NONE pgs=0 cs=0 l=1 rev1=0 crypto rx=0 tx=0 comp rx=0 tx=0).connect
2024-05-16T15:38:05.424 INFO:teuthology.orchestra.run.smithi043.stdout:/usr/bin/ceph: stderr
2024-05-16T15:38:00.353+0000 7fb988143700 1 -- --> [v2:172.21.15.43:3300/0,v1:172.21.15.43:6789/0] -- mon_getmap magic: 0 -- 0x7fb98010bfb0 con 0x7fb980107b80
2024-05-16T15:38:05.424 INFO:teuthology.orchestra.run.smithi043.stdout:/usr/bin/ceph: stderr
2024-05-16T15:38:00.353+0000 7fb985edf700 1 --2- >> [v2:172.21.15.43:3300/0,v1:172.21.15.43:6789/0] conn(0x7fb980107b80 0x7fb98019cb50 unknown :-1 s=BANNER_CONNECTING pgs=0 cs=0 l=1 rev1=0 crypto rx=0 tx=0 comp rx=0 tx=0)._handle_peer_banner_payload supported=3 required=0
2024-05-16T15:38:05.424 INFO:teuthology.orchestra.run.smithi043.stdout:/usr/bin/ceph: stderr
2024-05-16T15:38:00.353+0000 7fb985edf700 1 --2- >> [v2:172.21.15.43:3300/0,v1:172.21.15.43:6789/0] conn(0x7fb980107b80 0x7fb98019cb50 unknown :-1 s=HELLO_CONNECTING pgs=0 cs=0 l=1 rev1=1 crypto rx=0 tx=0 comp rx=0 tx=0).handle_hello peer v2:172.21.15.43:3300/0 says I am v2:172.21.15.43:43416/0 (socket says 172.21.15.43:43416)
2024-05-16T15:38:05.424 INFO:teuthology.orchestra.run.smithi043.stdout:/usr/bin/ceph: stderr
2024-05-16T15:38:00.353+0000 7fb985edf700 1 -- 172.21.15.43:0/3876401594 learned_addr learned my addr 172.21.15.43:0/3876401594 (peer_addr_for_me v2:172.21.15.43:0/0)
2024-05-16T15:38:05.424 INFO:teuthology.orchestra.run.smithi043.stdout:/usr/bin/ceph: stderr
2024-05-16T15:38:00.353+0000 7fb985edf700 1 -- 172.21.15.43:0/3876401594 --> [v2:172.21.15.43:3300/0,v1:172.21.15.43:6789/0] -- mon_subscribe({config=0+,monmap=0+}) -- 0x7fb98019d090 con 0x7fb980107b80
2024-05-16T15:38:05.424 INFO:teuthology.orchestra.run.smithi043.stdout:/usr/bin/ceph: stderr
2024-05-16T15:38:00.353+0000 7fb985edf700 1 --2- 172.21.15.43:0/3876401594 >> [v2:172.21.15.43:3300/0,v1:172.21.15.43:6789/0] conn(0x7fb980107b80 0x7fb98019cb50 secure :-1 s=READY pgs=44 cs=0 l=1 rev1=1 crypto rx=0x7fb97c0116a0 tx=0x7fb97c011a60 comp rx=0 tx=0).ready entity=mon.0 client_cookie=0 server_cookie=0 in_seq=0 out_seq=0
2024-05-16T15:38:05.424 INFO:teuthology.orchestra.run.smithi043.stdout:/usr/bin/ceph: stderr
2024-05-16T15:38:00.354+0000 7fb976ffd700 1 -- 172.21.15.43:0/3876401594 <== mon.0 v2:172.21.15.43:3300/0 1 ==== mon_map magic: 0 ==== 205+0+0 (secure 0 0 0) 0x7fb97c0039f0 con 0x7fb980107b80
2024-05-16T15:38:05.424 INFO:teuthology.orchestra.run.smithi043.stdout:/usr/bin/ceph: stderr
2024-05-16T15:38:00.354+0000 7fb976ffd700 1 -- 172.21.15.43:0/3876401594 <== mon.0 v2:172.21.15.43:3300/0 2 ==== config(25 keys) ==== 1032+0+0 (secure 0 0 0) 0x7fb97c003b90 con 0x7fb980107b80
2024-05-16T15:38:05.424 INFO:teuthology.orchestra.run.smithi043.stdout:/usr/bin/ceph: stderr
2024-05-16T15:38:00.354+0000 7fb988143700 1 -- 172.21.15.43:0/3876401594 --> [v2:172.21.15.43:3300/0,v1:172.21.15.43:6789/0] -- mon_subscribe({mgrmap=0+}) -- 0x7fb98019d320 con 0x7fb980107b80
2024-05-16T15:38:05.424 INFO:teuthology.orchestra.run.smithi043.stdout:/usr/bin/ceph: stderr
2024-05-16T15:38:00.354+0000 7fb976ffd700 1 -- 172.21.15.43:0/3876401594 <== mon.0 v2:172.21.15.43:3300/0 3 ==== mon_map magic: 0 ==== 205+0+0 (secure 0 0 0) 0x7fb97c01a600 con 0x7fb980107b80
2024-05-16T15:38:05.424 INFO:teuthology.orchestra.run.smithi043.stdout:/usr/bin/ceph: stderr
2024-05-16T15:38:00.354+0000 7fb988143700 1 -- 172.21.15.43:0/3876401594 --> [v2:172.21.15.43:3300/0,v1:172.21.15.43:6789/0] -- mon_subscribe({osdmap=0}) -- 0x7fb9801a0010 con 0x7fb980107b80
2024-05-16T15:38:05.425 INFO:teuthology.orchestra.run.smithi043.stdout:/usr/bin/ceph: stderr
2024-05-16T15:38:00.355+0000 7fb976ffd700 1 -- 172.21.15.43:0/3876401594 <== mon.0 v2:172.21.15.43:3300/0 4 ==== mgrmap(e 8) ==== 50222+0+0 (secure 0 0 0) 0x7fb97c01a8d0 con 0x7fb980107b80
2024-05-16T15:38:05.425 INFO:teuthology.orchestra.run.smithi043.stdout:/usr/bin/ceph: stderr
2024-05-16T15:38:00.355+0000 7fb988143700 1 -- 172.21.15.43:0/3876401594 --> [v2:172.21.15.43:3300/0,v1:172.21.15.43:6789/0] -- mon_command({"prefix": "get_command_descriptions"} v 0) -- 0x7fb98010c130 con 0x7fb980107b80
2024-05-16T15:38:05.425 INFO:teuthology.orchestra.run.smithi043.stdout:/usr/bin/ceph: stderr
2024-05-16T15:38:00.355+0000 7fb976ffd700 1 --2- 172.21.15.43:0/3876401594 >> [v2:172.21.15.43:6800/86887644,v1:172.21.15.43:6801/86887644] conn(0x7fb96c03e470 0x7fb96c040930 unknown :-1 s=NONE pgs=0 cs=0 l=1 rev1=0 crypto rx=0 tx=0 comp rx=0 tx=0).connect
2024-05-16T15:38:05.425 INFO:teuthology.orchestra.run.smithi043.stdout:/usr/bin/ceph: stderr
2024-05-16T15:38:00.355+0000 7fb976ffd700 1 -- 172.21.15.43:0/3876401594 <== mon.0 v2:172.21.15.43:3300/0 5 ==== osd_map(2..2 src has 1..2) ==== 940+0+0 (secure 0 0 0) 0x7fb97c053cd0 con 0x7fb980107b80
2024-05-16T15:38:05.425 INFO:teuthology.orchestra.run.smithi043.stdout:/usr/bin/ceph: stderr
2024-05-16T15:38:00.355+0000 7fb9856de700 1 --2- 172.21.15.43:0/3876401594 >> [v2:172.21.15.43:6800/86887644,v1:172.21.15.43:6801/86887644] conn(0x7fb96c03e470 0x7fb96c040930 unknown :-1 s=BANNER_CONNECTING pgs=0 cs=0 l=1 rev1=0 crypto rx=0 tx=0 comp rx=0 tx=0)._handle_peer_banner_payload supported=3 required=0
2024-05-16T15:38:05.425 INFO:teuthology.orchestra.run.smithi043.stdout:/usr/bin/ceph: stderr
2024-05-16T15:38:00.355+0000 7fb9856de700 1 --2- 172.21.15.43:0/3876401594 >> [v2:172.21.15.43:6800/86887644,v1:172.21.15.43:6801/86887644] conn(0x7fb96c03e470 0x7fb96c040930 secure :-1 s=READY pgs=11 cs=0 l=1 rev1=1 crypto rx=0x7fb970006fd0 tx=0x7fb970006e40 comp rx=0 tx=0).ready entity=mgr.14118 client_cookie=0 server_cookie=0 in_seq=0 out_seq=0
2024-05-16T15:38:05.425 INFO:teuthology.orchestra.run.smithi043.stdout:/usr/bin/ceph: stderr
2024-05-16T15:38:00.360+0000 7fb976ffd700 1 -- 172.21.15.43:0/3876401594 <== mon.0 v2:172.21.15.43:3300/0 6 ==== mon_command_ack([{"prefix": "get_command_descriptions"}]=0 v0) ==== 72+0+191839 (secure 0 0 0) 0x7fb97c059020 con 0x7fb980107b80
2024-05-16T15:38:05.425 INFO:teuthology.orchestra.run.smithi043.stdout:/usr/bin/ceph: stderr
2024-05-16T15:38:00.580+0000 7fb988143700 1 -- 172.21.15.43:0/3876401594 --> [v2:172.21.15.43:6800/86887644,v1:172.21.15.43:6801/86887644] -- mgr_command(tid 0: {"prefix": "orch host add", "hostname": "smithi043", "addr": "172.21.15.43", "target": ["mon-mgr", ""]}) -- 0x7fb98002e840 con 0x7fb96c03e470
2024-05-16T15:38:05.425 INFO:teuthology.orchestra.run.smithi043.stdout:/usr/bin/ceph: stderr
2024-05-16T15:38:04.844+0000 7fb976ffd700 1 -- 172.21.15.43:0/3876401594 <== mgr.14118 v2:172.21.15.43:6800/86887644 1 ==== mgr_command_reply(tid 0: 0 ) ==== 8+0+48 (secure 0 0 0) 0x7fb98002e840 con 0x7fb96c03e470
2024-05-16T15:38:05.425 INFO:teuthology.orchestra.run.smithi043.stdout:/usr/bin/ceph: stderr
2024-05-16T15:38:04.847+0000 7fb988143700 1 -- 172.21.15.43:0/3876401594 >> [v2:172.21.15.43:6800/86887644,v1:172.21.15.43:6801/86887644] conn(0x7fb96c03e470 msgr2=0x7fb96c040930 secure :-1 s=STATE_CONNECTION_ESTABLISHED l=1).mark_down
2024-05-16T15:38:05.425 INFO:teuthology.orchestra.run.smithi043.stdout:/usr/bin/ceph: stderr
2024-05-16T15:38:04.847+0000 7fb988143700 1 --2- 172.21.15.43:0/3876401594 >> [v2:172.21.15.43:6800/86887644,v1:172.21.15.43:6801/86887644] conn(0x7fb96c03e470 0x7fb96c040930 secure :-1 s=READY pgs=11 cs=0 l=1 rev1=1 crypto rx=0x7fb970006fd0 tx=0x7fb970006e40 comp rx=0 tx=0).stop
2024-05-16T15:38:05.425 INFO:teuthology.orchestra.run.smithi043.stdout:/usr/bin/ceph: stderr
2024-05-16T15:38:04.847+0000 7fb988143700 1 -- 172.21.15.43:0/3876401594 >> [v2:172.21.15.43:3300/0,v1:172.21.15.43:6789/0] conn(0x7fb980107b80 msgr2=0x7fb98019cb50 secure :-1 s=STATE_CONNECTION_ESTABLISHED l=1).mark_down
2024-05-16T15:38:05.426 INFO:teuthology.orchestra.run.smithi043.stdout:/usr/bin/ceph: stderr
2024-05-16T15:38:04.847+0000 7fb988143700 1 --2- 172.21.15.43:0/3876401594 >> [v2:172.21.15.43:3300/0,v1:172.21.15.43:6789/0] conn(0x7fb980107b80 0x7fb98019cb50 secure :-1 s=READY pgs=44 cs=0 l=1 rev1=1 crypto rx=0x7fb97c0116a0 tx=0x7fb97c011a60 comp rx=0 tx=0).stop
2024-05-16T15:38:05.426 INFO:teuthology.orchestra.run.smithi043.stdout:/usr/bin/ceph: stderr
2024-05-16T15:38:04.847+0000 7fb988143700 1 -- 172.21.15.43:0/3876401594 shutdown_connections
2024-05-16T15:38:05.426 INFO:teuthology.orchestra.run.smithi043.stdout:/usr/bin/ceph: stderr
2024-05-16T15:38:04.847+0000 7fb988143700 1 --2- 172.21.15.43:0/3876401594 >> [v2:172.21.15.43:6800/86887644,v1:172.21.15.43:6801/86887644] conn(0x7fb96c03e470 0x7fb96c040930 unknown :-1 s=CLOSED pgs=11 cs=0 l=1 rev1=1 crypto rx=0 tx=0 comp rx=0 tx=0).stop
2024-05-16T15:38:05.426 INFO:teuthology.orchestra.run.smithi043.stdout:/usr/bin/ceph: stderr
2024-05-16T15:38:04.847+0000 7fb988143700 1 --2- 172.21.15.43:0/3876401594 >> [v2:172.21.15.43:3300/0,v1:172.21.15.43:6789/0] conn(0x7fb980107b80 0x7fb98019cb50 unknown :-1 s=CLOSED pgs=44 cs=0 l=1 rev1=1 crypto rx=0 tx=0 comp rx=0 tx=0).stop
2024-05-16T15:38:05.426 INFO:teuthology.orchestra.run.smithi043.stdout:/usr/bin/ceph: stderr
2024-05-16T15:38:04.847+0000 7fb988143700 1 -- 172.21.15.43:0/3876401594 >> 172.21.15.43:0/3876401594 conn(0x7fb980103140 msgr2=0x7fb9801936a0 unknown :-1 s=STATE_NONE l=0).mark_down
2024-05-16T15:38:05.426 INFO:teuthology.orchestra.run.smithi043.stdout:/usr/bin/ceph: stderr
2024-05-16T15:38:04.847+0000 7fb988143700 1 -- 172.21.15.43:0/3876401594 shutdown_connections
2024-05-16T15:38:05.426 INFO:teuthology.orchestra.run.smithi043.stdout:/usr/bin/ceph: stderr
2024-05-16T15:38:04.847+0000 7fb988143700 1 -- 172.21.15.43:0/3876401594 wait complete.
2024-05-16T15:38:05.426 INFO:teuthology.orchestra.run.smithi043.stdout:Deploying unmanaged mon service...
2024-05-16T15:38:06.093 INFO:journalctl@ceph.mon.a.smithi043.stdout:May 16 15:38:05 smithi043 ceph-mon[31619]: from='mgr.14118 172.21.15.43:0/1351577342' entity='mgr.x'
2024-05-16T15:38:06.094 INFO:journalctl@ceph.mon.a.smithi043.stdout:May 16 15:38:05 smithi043 ceph-mon[31619]: Added host smithi043
2024-05-16T15:38:06.094 INFO:journalctl@ceph.mon.a.smithi043.stdout:May 16 15:38:05 smithi043 ceph-mon[31619]: from='mgr.14118 172.21.15.43:0/1351577342' entity='mgr.x' cmd=[{"prefix": "config dump", "format": "json"}]: dispatch
2024-05-16T15:38:06.750 INFO:teuthology.orchestra.run.smithi043.stdout:/usr/bin/ceph: stdout Scheduled mon update...
2024-05-16T15:38:06.751 INFO:teuthology.orchestra.run.smithi043.stdout:/usr/bin/ceph: stderr
2024-05-16T15:38:05.845+0000 7f1d958ec700 1 Processor -- start
2024-05-16T15:38:06.751 INFO:teuthology.orchestra.run.smithi043.stdout:/usr/bin/ceph: stderr
2024-05-16T15:38:05.845+0000 7f1d958ec700 1 -- start start
2024-05-16T15:38:06.751 INFO:teuthology.orchestra.run.smithi043.stdout:/usr/bin/ceph: stderr
2024-05-16T15:38:05.845+0000 7f1d958ec700 1 --2- >> [v2:172.21.15.43:3300/0,v1:172.21.15.43:6789/0] conn(0x7f1d901096f0 0x7f1d9010bae0 unknown :-1 s=NONE pgs=0 cs=0 l=0 rev1=0 crypto rx=0 tx=0 comp rx=0 tx=0).connect
2024-05-16T15:38:06.751 INFO:teuthology.orchestra.run.smithi043.stdout:/usr/bin/ceph: stderr
2024-05-16T15:38:05.845+0000 7f1d958ec700 1 -- --> [v2:172.21.15.43:3300/0,v1:172.21.15.43:6789/0] -- mon_getmap magic: 0 -- 0x7f1d9007ce70 con 0x7f1d901096f0
2024-05-16T15:38:06.751 INFO:teuthology.orchestra.run.smithi043.stdout:/usr/bin/ceph: stderr
2024-05-16T15:38:05.846+0000 7f1d8effd700 1 --2- >> [v2:172.21.15.43:3300/0,v1:172.21.15.43:6789/0] conn(0x7f1d901096f0 0x7f1d9010bae0 unknown :-1 s=BANNER_CONNECTING pgs=0 cs=0 l=0 rev1=0 crypto rx=0 tx=0 comp rx=0 tx=0)._handle_peer_banner_payload supported=3 required=0
2024-05-16T15:38:06.751 INFO:teuthology.orchestra.run.smithi043.stdout:/usr/bin/ceph: stderr
2024-05-16T15:38:05.846+0000 7f1d8effd700 1 --2- >> [v2:172.21.15.43:3300/0,v1:172.21.15.43:6789/0] conn(0x7f1d901096f0 0x7f1d9010bae0 unknown :-1 s=HELLO_CONNECTING pgs=0 cs=0 l=0 rev1=1 crypto rx=0 tx=0 comp rx=0 tx=0).handle_hello peer v2:172.21.15.43:3300/0 says I am v2:172.21.15.43:58084/0 (socket says 172.21.15.43:58084)
2024-05-16T15:38:06.751 INFO:teuthology.orchestra.run.smithi043.stdout:/usr/bin/ceph: stderr
2024-05-16T15:38:05.846+0000 7f1d8effd700 1 -- 172.21.15.43:0/757703590 learned_addr learned my addr 172.21.15.43:0/757703590 (peer_addr_for_me v2:172.21.15.43:0/0)
2024-05-16T15:38:06.751 INFO:teuthology.orchestra.run.smithi043.stdout:/usr/bin/ceph: stderr
2024-05-16T15:38:05.846+0000 7f1d8effd700 1 -- 172.21.15.43:0/757703590 --> [v2:172.21.15.43:3300/0,v1:172.21.15.43:6789/0] -- mon_subscribe({config=0+,monmap=0+}) -- 0x7f1d9010c020 con 0x7f1d901096f0
2024-05-16T15:38:06.751 INFO:teuthology.orchestra.run.smithi043.stdout:/usr/bin/ceph: stderr
2024-05-16T15:38:05.846+0000 7f1d8effd700 1 --2- 172.21.15.43:0/757703590 >> [v2:172.21.15.43:3300/0,v1:172.21.15.43:6789/0] conn(0x7f1d901096f0 0x7f1d9010bae0 secure :-1 s=READY pgs=45 cs=0 l=1 rev1=1 crypto rx=0x7f1d800098a0 tx=0x7f1d80009bb0 comp rx=0 tx=0).ready entity=mon.0 client_cookie=5cb21ae1ef3ed102 server_cookie=0 in_seq=0 out_seq=0
2024-05-16T15:38:06.751 INFO:teuthology.orchestra.run.smithi043.stdout:/usr/bin/ceph: stderr
2024-05-16T15:38:05.846+0000 7f1d8dffb700 1 -- 172.21.15.43:0/757703590 <== mon.0 v2:172.21.15.43:3300/0 1 ==== mon_map magic: 0 ==== 205+0+0 (secure 0 0 0) 0x7f1d80004160 con 0x7f1d901096f0
2024-05-16T15:38:06.751 INFO:teuthology.orchestra.run.smithi043.stdout:/usr/bin/ceph: stderr
2024-05-16T15:38:05.846+0000 7f1d8dffb700 1 -- 172.21.15.43:0/757703590 <== mon.0 v2:172.21.15.43:3300/0 2 ==== config(25 keys) ==== 1032+0+0 (secure 0 0 0) 0x7f1d80004300 con 0x7f1d901096f0
2024-05-16T15:38:06.751 INFO:teuthology.orchestra.run.smithi043.stdout:/usr/bin/ceph: stderr
2024-05-16T15:38:05.846+0000 7f1d8dffb700 1 -- 172.21.15.43:0/757703590 <== mon.0 v2:172.21.15.43:3300/0 3 ==== mon_map magic: 0 ==== 205+0+0 (secure 0 0 0) 0x7f1d800119e0 con 0x7f1d901096f0
2024-05-16T15:38:06.752 INFO:teuthology.orchestra.run.smithi043.stdout:/usr/bin/ceph: stderr
2024-05-16T15:38:05.847+0000 7f1d958ec700 1 -- 172.21.15.43:0/757703590 >> [v2:172.21.15.43:3300/0,v1:172.21.15.43:6789/0] conn(0x7f1d901096f0 msgr2=0x7f1d9010bae0 secure :-1 s=STATE_CONNECTION_ESTABLISHED l=1).mark_down
2024-05-16T15:38:06.752 INFO:teuthology.orchestra.run.smithi043.stdout:/usr/bin/ceph: stderr
2024-05-16T15:38:05.847+0000 7f1d958ec700 1 --2- 172.21.15.43:0/757703590 >> [v2:172.21.15.43:3300/0,v1:172.21.15.43:6789/0] conn(0x7f1d901096f0 0x7f1d9010bae0 secure :-1 s=READY pgs=45 cs=0 l=1 rev1=1 crypto rx=0x7f1d800098a0 tx=0x7f1d80009bb0 comp rx=0 tx=0).stop
2024-05-16T15:38:06.752 INFO:teuthology.orchestra.run.smithi043.stdout:/usr/bin/ceph: stderr
2024-05-16T15:38:05.847+0000 7f1d958ec700 1 -- 172.21.15.43:0/757703590 shutdown_connections
2024-05-16T15:38:06.752 INFO:teuthology.orchestra.run.smithi043.stdout:/usr/bin/ceph: stderr
2024-05-16T15:38:05.847+0000 7f1d958ec700 1 --2- 172.21.15.43:0/757703590 >> [v2:172.21.15.43:3300/0,v1:172.21.15.43:6789/0] conn(0x7f1d901096f0 0x7f1d9010bae0 unknown :-1 s=CLOSED pgs=45 cs=0 l=1 rev1=1 crypto rx=0 tx=0 comp rx=0 tx=0).stop
2024-05-16T15:38:06.752 INFO:teuthology.orchestra.run.smithi043.stdout:/usr/bin/ceph: stderr
2024-05-16T15:38:05.847+0000 7f1d958ec700 1 -- 172.21.15.43:0/757703590 >> 172.21.15.43:0/757703590 conn(0x7f1d90103140 msgr2=0x7f1d90105560 unknown :-1 s=STATE_NONE l=0).mark_down
2024-05-16T15:38:06.752 INFO:teuthology.orchestra.run.smithi043.stdout:/usr/bin/ceph: stderr
2024-05-16T15:38:05.847+0000 7f1d958ec700 1 -- 172.21.15.43:0/757703590 shutdown_connections
2024-05-16T15:38:06.752 INFO:teuthology.orchestra.run.smithi043.stdout:/usr/bin/ceph: stderr
2024-05-16T15:38:05.847+0000 7f1d958ec700 1 -- 172.21.15.43:0/757703590 wait complete.
2024-05-16T15:38:06.752 INFO:teuthology.orchestra.run.smithi043.stdout:/usr/bin/ceph: stderr
2024-05-16T15:38:05.848+0000 7f1d958ec700 1 Processor -- start
2024-05-16T15:38:06.752 INFO:teuthology.orchestra.run.smithi043.stdout:/usr/bin/ceph: stderr
2024-05-16T15:38:05.848+0000 7f1d958ec700 1 -- start start
2024-05-16T15:38:06.752 INFO:teuthology.orchestra.run.smithi043.stdout:/usr/bin/ceph: stderr
2024-05-16T15:38:05.848+0000 7f1d958ec700 1 --2- >> [v2:172.21.15.43:3300/0,v1:172.21.15.43:6789/0] conn(0x7f1d901096f0 0x7f1d9019ec60 unknown :-1 s=NONE pgs=0 cs=0 l=1 rev1=0 crypto rx=0 tx=0 comp rx=0 tx=0).connect
2024-05-16T15:38:06.752 INFO:teuthology.orchestra.run.smithi043.stdout:/usr/bin/ceph: stderr
2024-05-16T15:38:05.848+0000 7f1d958ec700 1 -- --> [v2:172.21.15.43:3300/0,v1:172.21.15.43:6789/0] -- mon_getmap magic: 0 -- 0x7f1d9010cf20 con 0x7f1d901096f0
2024-05-16T15:38:06.752 INFO:teuthology.orchestra.run.smithi043.stdout:/usr/bin/ceph: stderr
2024-05-16T15:38:05.848+0000 7f1d8effd700 1 --2- >> [v2:172.21.15.43:3300/0,v1:172.21.15.43:6789/0] conn(0x7f1d901096f0 0x7f1d9019ec60 unknown :-1 s=BANNER_CONNECTING pgs=0 cs=0 l=1 rev1=0 crypto rx=0 tx=0 comp rx=0 tx=0)._handle_peer_banner_payload supported=3 required=0
2024-05-16T15:38:06.752 INFO:teuthology.orchestra.run.smithi043.stdout:/usr/bin/ceph: stderr
2024-05-16T15:38:05.848+0000 7f1d8effd700 1 --2- >> [v2:172.21.15.43:3300/0,v1:172.21.15.43:6789/0] conn(0x7f1d901096f0 0x7f1d9019ec60 unknown :-1 s=HELLO_CONNECTING pgs=0 cs=0 l=1 rev1=1 crypto rx=0 tx=0 comp rx=0 tx=0).handle_hello peer v2:172.21.15.43:3300/0 says I am v2:172.21.15.43:58092/0 (socket says 172.21.15.43:58092)
2024-05-16T15:38:06.752 INFO:teuthology.orchestra.run.smithi043.stdout:/usr/bin/ceph: stderr
2024-05-16T15:38:05.848+0000 7f1d8effd700 1 -- 172.21.15.43:0/1538997218 learned_addr learned my addr 172.21.15.43:0/1538997218 (peer_addr_for_me v2:172.21.15.43:0/0)
2024-05-16T15:38:06.753 INFO:teuthology.orchestra.run.smithi043.stdout:/usr/bin/ceph: stderr
2024-05-16T15:38:05.848+0000 7f1d8effd700 1 -- 172.21.15.43:0/1538997218 --> [v2:172.21.15.43:3300/0,v1:172.21.15.43:6789/0] -- mon_subscribe({config=0+,monmap=0+}) -- 0x7f1d9019f1a0 con 0x7f1d901096f0
2024-05-16T15:38:06.753 INFO:teuthology.orchestra.run.smithi043.stdout:/usr/bin/ceph: stderr
2024-05-16T15:38:05.849+0000 7f1d8effd700 1 --2- 172.21.15.43:0/1538997218 >> [v2:172.21.15.43:3300/0,v1:172.21.15.43:6789/0] conn(0x7f1d901096f0 0x7f1d9019ec60 secure :-1 s=READY pgs=46 cs=0 l=1 rev1=1 crypto rx=0x7f1d80009130 tx=0x7f1d80011a60 comp rx=0 tx=0).ready entity=mon.0 client_cookie=0 server_cookie=0 in_seq=0 out_seq=0
2024-05-16T15:38:06.753 INFO:teuthology.orchestra.run.smithi043.stdout:/usr/bin/ceph: stderr
2024-05-16T15:38:05.849+0000 7f1d948ea700 1 -- 172.21.15.43:0/1538997218 <== mon.0 v2:172.21.15.43:3300/0 1 ==== mon_map magic: 0 ==== 205+0+0 (secure 0 0 0) 0x7f1d80003b20 con 0x7f1d901096f0
2024-05-16T15:38:06.753 INFO:teuthology.orchestra.run.smithi043.stdout:/usr/bin/ceph: stderr
2024-05-16T15:38:05.849+0000 7f1d948ea700 1 -- 172.21.15.43:0/1538997218 <== mon.0 v2:172.21.15.43:3300/0 2 ==== config(25 keys) ==== 1032+0+0 (secure 0 0 0) 0x7f1d8001a8a0 con 0x7f1d901096f0
2024-05-16T15:38:06.753 INFO:teuthology.orchestra.run.smithi043.stdout:/usr/bin/ceph: stderr
2024-05-16T15:38:05.849+0000 7f1d958ec700 1 -- 172.21.15.43:0/1538997218 --> [v2:172.21.15.43:3300/0,v1:172.21.15.43:6789/0] -- mon_subscribe({mgrmap=0+}) -- 0x7f1d9019f430 con 0x7f1d901096f0
2024-05-16T15:38:06.753 INFO:teuthology.orchestra.run.smithi043.stdout:/usr/bin/ceph: stderr
2024-05-16T15:38:05.849+0000 7f1d948ea700 1 -- 172.21.15.43:0/1538997218 <== mon.0 v2:172.21.15.43:3300/0 3 ==== mon_map magic: 0 ==== 205+0+0 (secure 0 0 0) 0x7f1d80024810 con 0x7f1d901096f0
2024-05-16T15:38:06.753 INFO:teuthology.orchestra.run.smithi043.stdout:/usr/bin/ceph: stderr
2024-05-16T15:38:05.849+0000 7f1d958ec700 1 -- 172.21.15.43:0/1538997218 --> [v2:172.21.15.43:3300/0,v1:172.21.15.43:6789/0] -- mon_subscribe({osdmap=0}) -- 0x7f1d901a2120 con 0x7f1d901096f0
2024-05-16T15:38:06.753 INFO:teuthology.orchestra.run.smithi043.stdout:/usr/bin/ceph: stderr
2024-05-16T15:38:05.850+0000 7f1d948ea700 1 -- 172.21.15.43:0/1538997218 <== mon.0 v2:172.21.15.43:3300/0 4 ==== mgrmap(e 8) ==== 50222+0+0 (secure 0 0 0) 0x7f1d80022020 con 0x7f1d901096f0
2024-05-16T15:38:06.753 INFO:teuthology.orchestra.run.smithi043.stdout:/usr/bin/ceph: stderr
2024-05-16T15:38:05.850+0000 7f1d958ec700 1 -- 172.21.15.43:0/1538997218 --> [v2:172.21.15.43:3300/0,v1:172.21.15.43:6789/0] -- mon_command({"prefix": "get_command_descriptions"} v 0) -- 0x7f1d90064b00 con 0x7f1d901096f0
2024-05-16T15:38:06.753 INFO:teuthology.orchestra.run.smithi043.stdout:/usr/bin/ceph: stderr
2024-05-16T15:38:05.850+0000 7f1d948ea700 1 --2- 172.21.15.43:0/1538997218 >> [v2:172.21.15.43:6800/86887644,v1:172.21.15.43:6801/86887644] conn(0x7f1d7c03e4c0 0x7f1d7c040980 unknown :-1 s=NONE pgs=0 cs=0 l=1 rev1=0 crypto rx=0 tx=0 comp rx=0 tx=0).connect
2024-05-16T15:38:06.753 INFO:teuthology.orchestra.run.smithi043.stdout:/usr/bin/ceph: stderr
2024-05-16T15:38:05.850+0000 7f1d948ea700 1 -- 172.21.15.43:0/1538997218 <== mon.0 v2:172.21.15.43:3300/0 5 ==== osd_map(2..2 src has 1..2) ==== 940+0+0 (secure 0 0 0) 0x7f1d800538d0 con 0x7f1d901096f0
2024-05-16T15:38:06.753 INFO:teuthology.orchestra.run.smithi043.stdout:/usr/bin/ceph: stderr
2024-05-16T15:38:05.850+0000 7f1d8e7fc700 1 --2- 172.21.15.43:0/1538997218 >> [v2:172.21.15.43:6800/86887644,v1:172.21.15.43:6801/86887644] conn(0x7f1d7c03e4c0 0x7f1d7c040980 unknown :-1 s=BANNER_CONNECTING pgs=0 cs=0 l=1 rev1=0 crypto rx=0 tx=0 comp rx=0 tx=0)._handle_peer_banner_payload supported=3 required=0
2024-05-16T15:38:06.753 INFO:teuthology.orchestra.run.smithi043.stdout:/usr/bin/ceph: stderr
2024-05-16T15:38:05.851+0000 7f1d8e7fc700 1 --2- 172.21.15.43:0/1538997218 >> [v2:172.21.15.43:6800/86887644,v1:172.21.15.43:6801/86887644] conn(0x7f1d7c03e4c0 0x7f1d7c040980 secure :-1 s=READY pgs=12 cs=0 l=1 rev1=1 crypto rx=0x7f1d78006fd0 tx=0x7f1d78006e40 comp rx=0 tx=0).ready entity=mgr.14118 client_cookie=0 server_cookie=0 in_seq=0 out_seq=0
2024-05-16T15:38:06.753 INFO:teuthology.orchestra.run.smithi043.stdout:/usr/bin/ceph: stderr
2024-05-16T15:38:05.855+0000 7f1d948ea700 1 -- 172.21.15.43:0/1538997218 <== mon.0 v2:172.21.15.43:3300/0 6 ==== mon_command_ack([{"prefix": "get_command_descriptions"}]=0 v0) ==== 72+0+191839 (secure 0 0 0) 0x7f1d8002c350 con 0x7f1d901096f0
2024-05-16T15:38:06.754 INFO:teuthology.orchestra.run.smithi043.stdout:/usr/bin/ceph: stderr
2024-05-16T15:38:06.089+0000 7f1d958ec700 1 -- 172.21.15.43:0/1538997218 --> [v2:172.21.15.43:6800/86887644,v1:172.21.15.43:6801/86887644] -- mgr_command(tid 0: {"prefix": "orch apply", "service_type": "mon", "unmanaged": true, "target": ["mon-mgr", ""]}) -- 0x7f1d90104200 con 0x7f1d7c03e4c0
2024-05-16T15:38:06.754 INFO:teuthology.orchestra.run.smithi043.stdout:/usr/bin/ceph: stderr
2024-05-16T15:38:06.094+0000 7f1d948ea700 1 -- 172.21.15.43:0/1538997218 <== mgr.14118 v2:172.21.15.43:6800/86887644 1 ==== mgr_command_reply(tid 0: 0 ) ==== 8+0+24 (secure 0 0 0) 0x7f1d90104200 con 0x7f1d7c03e4c0
2024-05-16T15:38:06.754 INFO:teuthology.orchestra.run.smithi043.stdout:/usr/bin/ceph: stderr
2024-05-16T15:38:06.096+0000 7f1d958ec700 1 -- 172.21.15.43:0/1538997218 >> [v2:172.21.15.43:6800/86887644,v1:172.21.15.43:6801/86887644] conn(0x7f1d7c03e4c0 msgr2=0x7f1d7c040980 secure :-1 s=STATE_CONNECTION_ESTABLISHED l=1).mark_down
2024-05-16T15:38:06.754 INFO:teuthology.orchestra.run.smithi043.stdout:/usr/bin/ceph: stderr
2024-05-16T15:38:06.096+0000 7f1d958ec700 1 --2- 172.21.15.43:0/1538997218 >> [v2:172.21.15.43:6800/86887644,v1:172.21.15.43:6801/86887644] conn(0x7f1d7c03e4c0 0x7f1d7c040980 secure :-1 s=READY pgs=12 cs=0 l=1 rev1=1 crypto rx=0x7f1d78006fd0 tx=0x7f1d78006e40 comp rx=0 tx=0).stop
2024-05-16T15:38:06.754 INFO:teuthology.orchestra.run.smithi043.stdout:/usr/bin/ceph: stderr
2024-05-16T15:38:06.096+0000 7f1d958ec700 1 -- 172.21.15.43:0/1538997218 >> [v2:172.21.15.43:3300/0,v1:172.21.15.43:6789/0] conn(0x7f1d901096f0 msgr2=0x7f1d9019ec60 secure :-1 s=STATE_CONNECTION_ESTABLISHED l=1).mark_down
2024-05-16T15:38:06.754 INFO:teuthology.orchestra.run.smithi043.stdout:/usr/bin/ceph: stderr
2024-05-16T15:38:06.096+0000 7f1d958ec700 1 --2- 172.21.15.43:0/1538997218 >> [v2:172.21.15.43:3300/0,v1:172.21.15.43:6789/0] conn(0x7f1d901096f0 0x7f1d9019ec60 secure :-1 s=READY pgs=46 cs=0 l=1 rev1=1 crypto rx=0x7f1d80009130 tx=0x7f1d80011a60 comp rx=0 tx=0).stop
2024-05-16T15:38:06.754 INFO:teuthology.orchestra.run.smithi043.stdout:/usr/bin/ceph: stderr
2024-05-16T15:38:06.096+0000 7f1d958ec700 1 -- 172.21.15.43:0/1538997218 shutdown_connections
2024-05-16T15:38:06.754 INFO:teuthology.orchestra.run.smithi043.stdout:/usr/bin/ceph: stderr
2024-05-16T15:38:06.096+0000 7f1d958ec700 1 --2- 172.21.15.43:0/1538997218 >> [v2:172.21.15.43:6800/86887644,v1:172.21.15.43:6801/86887644] conn(0x7f1d7c03e4c0 0x7f1d7c040980 unknown :-1 s=CLOSED pgs=12 cs=0 l=1 rev1=1 crypto rx=0 tx=0 comp rx=0 tx=0).stop
2024-05-16T15:38:06.754 INFO:teuthology.orchestra.run.smithi043.stdout:/usr/bin/ceph: stderr
2024-05-16T15:38:06.096+0000 7f1d958ec700 1 --2- 172.21.15.43:0/1538997218 >> [v2:172.21.15.43:3300/0,v1:172.21.15.43:6789/0] conn(0x7f1d901096f0 0x7f1d9019ec60 unknown :-1 s=CLOSED pgs=46 cs=0 l=1 rev1=1 crypto rx=0 tx=0 comp rx=0 tx=0).stop
2024-05-16T15:38:06.754 INFO:teuthology.orchestra.run.smithi043.stdout:/usr/bin/ceph: stderr
2024-05-16T15:38:06.096+0000 7f1d958ec700 1 -- 172.21.15.43:0/1538997218 >> 172.21.15.43:0/1538997218 conn(0x7f1d90103140 msgr2=0x7f1d90103af0 unknown :-1 s=STATE_NONE l=0).mark_down
2024-05-16T15:38:06.754 INFO:teuthology.orchestra.run.smithi043.stdout:/usr/bin/ceph: stderr
2024-05-16T15:38:06.096+0000 7f1d958ec700 1 -- 172.21.15.43:0/1538997218 shutdown_connections
2024-05-16T15:38:06.754 INFO:teuthology.orchestra.run.smithi043.stdout:/usr/bin/ceph: stderr
2024-05-16T15:38:06.096+0000 7f1d958ec700 1 -- 172.21.15.43:0/1538997218 wait complete.
2024-05-16T15:38:06.754 INFO:teuthology.orchestra.run.smithi043.stdout:Deploying unmanaged mgr service...
2024-05-16T15:38:07.346 INFO:journalctl@ceph.mon.a.smithi043.stdout:May 16 15:38:07 smithi043 ceph-mon[31619]: from='client.14140 -' entity='client.admin' cmd=[{"prefix": "orch apply", "service_type": "mon", "unmanaged": true, "target": ["mon-mgr", ""]}]: dispatch
2024-05-16T15:38:07.346 INFO:journalctl@ceph.mon.a.smithi043.stdout:May 16 15:38:07 smithi043 ceph-mon[31619]: Saving service mon spec with placement count:5
2024-05-16T15:38:07.346 INFO:journalctl@ceph.mon.a.smithi043.stdout:May 16 15:38:07 smithi043 ceph-mon[31619]: from='mgr.14118 172.21.15.43:0/1351577342' entity='mgr.x'
2024-05-16T15:38:08.494 INFO:teuthology.orchestra.run.smithi043.stdout:/usr/bin/ceph: stdout Scheduled mgr update...
2024-05-16T15:38:08.494 INFO:teuthology.orchestra.run.smithi043.stdout:/usr/bin/ceph: stderr
2024-05-16T15:38:07.170+0000 7ff08b60e700 1 Processor -- start
2024-05-16T15:38:08.494 INFO:teuthology.orchestra.run.smithi043.stdout:/usr/bin/ceph: stderr
2024-05-16T15:38:07.170+0000 7ff08b60e700 1 -- start start
2024-05-16T15:38:08.494 INFO:teuthology.orchestra.run.smithi043.stdout:/usr/bin/ceph: stderr
2024-05-16T15:38:07.171+0000 7ff08b60e700 1 --2- >> [v2:172.21.15.43:3300/0,v1:172.21.15.43:6789/0] conn(0x7ff08407edf0 0x7ff08407d2a0 unknown :-1 s=NONE pgs=0 cs=0 l=0 rev1=0 crypto rx=0 tx=0 comp rx=0 tx=0).connect
2024-05-16T15:38:08.494 INFO:teuthology.orchestra.run.smithi043.stdout:/usr/bin/ceph: stderr
2024-05-16T15:38:07.171+0000 7ff08b60e700 1 -- --> [v2:172.21.15.43:3300/0,v1:172.21.15.43:6789/0] -- mon_getmap magic: 0 -- 0x7ff08407d7e0 con 0x7ff08407edf0
2024-05-16T15:38:08.494 INFO:teuthology.orchestra.run.smithi043.stdout:/usr/bin/ceph: stderr
2024-05-16T15:38:07.171+0000 7ff0893aa700 1 --2- >> [v2:172.21.15.43:3300/0,v1:172.21.15.43:6789/0] conn(0x7ff08407edf0 0x7ff08407d2a0 unknown :-1 s=BANNER_CONNECTING pgs=0 cs=0 l=0 rev1=0 crypto rx=0 tx=0 comp rx=0 tx=0)._handle_peer_banner_payload supported=3 required=0
2024-05-16T15:38:08.494 INFO:teuthology.orchestra.run.smithi043.stdout:/usr/bin/ceph: stderr
2024-05-16T15:38:07.171+0000 7ff0893aa700 1 --2- >> [v2:172.21.15.43:3300/0,v1:172.21.15.43:6789/0] conn(0x7ff08407edf0 0x7ff08407d2a0 unknown :-1 s=HELLO_CONNECTING pgs=0 cs=0 l=0 rev1=1 crypto rx=0 tx=0 comp rx=0 tx=0).handle_hello peer v2:172.21.15.43:3300/0 says I am v2:172.21.15.43:58094/0 (socket says 172.21.15.43:58094)
2024-05-16T15:38:08.494 INFO:teuthology.orchestra.run.smithi043.stdout:/usr/bin/ceph: stderr
2024-05-16T15:38:07.171+0000 7ff0893aa700 1 -- 172.21.15.43:0/3562249984 learned_addr learned my addr 172.21.15.43:0/3562249984 (peer_addr_for_me v2:172.21.15.43:0/0)
2024-05-16T15:38:08.494 INFO:teuthology.orchestra.run.smithi043.stdout:/usr/bin/ceph: stderr
2024-05-16T15:38:07.171+0000 7ff0893aa700 1 -- 172.21.15.43:0/3562249984 --> [v2:172.21.15.43:3300/0,v1:172.21.15.43:6789/0] -- mon_subscribe({config=0+,monmap=0+}) -- 0x7ff08407d960 con 0x7ff08407edf0
2024-05-16T15:38:08.495 INFO:teuthology.orchestra.run.smithi043.stdout:/usr/bin/ceph: stderr
2024-05-16T15:38:07.171+0000 7ff0893aa700 1 --2- 172.21.15.43:0/3562249984 >> [v2:172.21.15.43:3300/0,v1:172.21.15.43:6789/0] conn(0x7ff08407edf0 0x7ff08407d2a0 secure :-1 s=READY pgs=47 cs=0 l=1 rev1=1 crypto rx=0x7ff0800098a0 tx=0x7ff080009bb0 comp rx=0 tx=0).ready entity=mon.0 client_cookie=937a3a422d26ffe5 server_cookie=0 in_seq=0 out_seq=0
2024-05-16T15:38:08.495 INFO:teuthology.orchestra.run.smithi043.stdout:/usr/bin/ceph: stderr
2024-05-16T15:38:07.171+0000 7ff077fff700 1 -- 172.21.15.43:0/3562249984 <== mon.0 v2:172.21.15.43:3300/0 1 ==== mon_map magic: 0 ==== 205+0+0 (secure 0 0 0) 0x7ff080004160 con 0x7ff08407edf0
2024-05-16T15:38:08.495 INFO:teuthology.orchestra.run.smithi043.stdout:/usr/bin/ceph: stderr
2024-05-16T15:38:07.171+0000 7ff077fff700 1 -- 172.21.15.43:0/3562249984 <== mon.0 v2:172.21.15.43:3300/0 2 ==== config(25 keys) ==== 1032+0+0 (secure 0 0 0) 0x7ff080004300 con 0x7ff08407edf0
2024-05-16T15:38:08.495 INFO:teuthology.orchestra.run.smithi043.stdout:/usr/bin/ceph: stderr
2024-05-16T15:38:07.171+0000 7ff077fff700 1 -- 172.21.15.43:0/3562249984 <== mon.0 v2:172.21.15.43:3300/0 3 ==== mon_map magic: 0 ==== 205+0+0 (secure 0 0 0) 0x7ff0800119e0 con 0x7ff08407edf0
2024-05-16T15:38:08.495 INFO:teuthology.orchestra.run.smithi043.stdout:/usr/bin/ceph: stderr
2024-05-16T15:38:07.172+0000 7ff08b60e700 1 -- 172.21.15.43:0/3562249984 >> [v2:172.21.15.43:3300/0,v1:172.21.15.43:6789/0] conn(0x7ff08407edf0 msgr2=0x7ff08407d2a0 secure :-1 s=STATE_CONNECTION_ESTABLISHED l=1).mark_down
2024-05-16T15:38:08.495 INFO:teuthology.orchestra.run.smithi043.stdout:/usr/bin/ceph: stderr
2024-05-16T15:38:07.172+0000 7ff08b60e700 1 --2- 172.21.15.43:0/3562249984 >> [v2:172.21.15.43:3300/0,v1:172.21.15.43:6789/0] conn(0x7ff08407edf0 0x7ff08407d2a0 secure :-1 s=READY pgs=47 cs=0 l=1 rev1=1 crypto rx=0x7ff0800098a0 tx=0x7ff080009bb0 comp rx=0 tx=0).stop
2024-05-16T15:38:08.495 INFO:teuthology.orchestra.run.smithi043.stdout:/usr/bin/ceph: stderr
2024-05-16T15:38:07.172+0000 7ff08b60e700 1 -- 172.21.15.43:0/3562249984 shutdown_connections
2024-05-16T15:38:08.495 INFO:teuthology.orchestra.run.smithi043.stdout:/usr/bin/ceph: stderr
2024-05-16T15:38:07.172+0000 7ff08b60e700 1 --2- 172.21.15.43:0/3562249984 >> [v2:172.21.15.43:3300/0,v1:172.21.15.43:6789/0] conn(0x7ff08407edf0 0x7ff08407d2a0 unknown :-1 s=CLOSED pgs=47 cs=0 l=1 rev1=1 crypto rx=0 tx=0 comp rx=0 tx=0).stop
2024-05-16T15:38:08.495 INFO:teuthology.orchestra.run.smithi043.stdout:/usr/bin/ceph: stderr
2024-05-16T15:38:07.172+0000 7ff08b60e700 1 -- 172.21.15.43:0/3562249984 >> 172.21.15.43:0/3562249984 conn(0x7ff0841042a0 msgr2=0x7ff0841066c0 unknown :-1 s=STATE_NONE l=0).mark_down
2024-05-16T15:38:08.495 INFO:teuthology.orchestra.run.smithi043.stdout:/usr/bin/ceph: stderr
2024-05-16T15:38:07.172+0000 7ff08b60e700 1 -- 172.21.15.43:0/3562249984 shutdown_connections
2024-05-16T15:38:08.495 INFO:teuthology.orchestra.run.smithi043.stdout:/usr/bin/ceph: stderr
2024-05-16T15:38:07.172+0000 7ff08b60e700 1 -- 172.21.15.43:0/3562249984 wait complete.
2024-05-16T15:38:08.495 INFO:teuthology.orchestra.run.smithi043.stdout:/usr/bin/ceph: stderr
2024-05-16T15:38:07.173+0000 7ff08b60e700 1 Processor -- start
2024-05-16T15:38:08.495 INFO:teuthology.orchestra.run.smithi043.stdout:/usr/bin/ceph: stderr
2024-05-16T15:38:07.173+0000 7ff08b60e700 1 -- start start
2024-05-16T15:38:08.495 INFO:teuthology.orchestra.run.smithi043.stdout:/usr/bin/ceph: stderr
2024-05-16T15:38:07.173+0000 7ff08b60e700 1 --2- >> [v2:172.21.15.43:3300/0,v1:172.21.15.43:6789/0] conn(0x7ff08407edf0 0x7ff08419ec00 unknown :-1 s=NONE pgs=0 cs=0 l=1 rev1=0 crypto rx=0 tx=0 comp rx=0 tx=0).connect
2024-05-16T15:38:08.496 INFO:teuthology.orchestra.run.smithi043.stdout:/usr/bin/ceph: stderr
2024-05-16T15:38:07.173+0000 7ff08b60e700 1 -- --> [v2:172.21.15.43:3300/0,v1:172.21.15.43:6789/0] -- mon_getmap magic: 0 -- 0x7ff08410f110 con 0x7ff08407edf0
2024-05-16T15:38:08.496 INFO:teuthology.orchestra.run.smithi043.stdout:/usr/bin/ceph: stderr
2024-05-16T15:38:07.173+0000 7ff0893aa700 1 --2- >> [v2:172.21.15.43:3300/0,v1:172.21.15.43:6789/0] conn(0x7ff08407edf0 0x7ff08419ec00 unknown :-1 s=BANNER_CONNECTING pgs=0 cs=0 l=1 rev1=0 crypto rx=0 tx=0 comp rx=0 tx=0)._handle_peer_banner_payload supported=3 required=0
2024-05-16T15:38:08.496 INFO:teuthology.orchestra.run.smithi043.stdout:/usr/bin/ceph: stderr
2024-05-16T15:38:07.173+0000 7ff0893aa700 1 --2- >> [v2:172.21.15.43:3300/0,v1:172.21.15.43:6789/0] conn(0x7ff08407edf0 0x7ff08419ec00 unknown :-1 s=HELLO_CONNECTING pgs=0 cs=0 l=1 rev1=1 crypto rx=0 tx=0 comp rx=0 tx=0).handle_hello peer v2:172.21.15.43:3300/0 says I am v2:172.21.15.43:58108/0 (socket says 172.21.15.43:58108)
2024-05-16T15:38:08.496 INFO:teuthology.orchestra.run.smithi043.stdout:/usr/bin/ceph: stderr
2024-05-16T15:38:07.173+0000 7ff0893aa700 1 -- 172.21.15.43:0/1262534450 learned_addr learned my addr 172.21.15.43:0/1262534450 (peer_addr_for_me v2:172.21.15.43:0/0)
2024-05-16T15:38:08.496 INFO:teuthology.orchestra.run.smithi043.stdout:/usr/bin/ceph: stderr
2024-05-16T15:38:07.173+0000 7ff0893aa700 1 -- 172.21.15.43:0/1262534450 --> [v2:172.21.15.43:3300/0,v1:172.21.15.43:6789/0] -- mon_subscribe({config=0+,monmap=0+}) -- 0x7ff08419f140 con 0x7ff08407edf0
2024-05-16T15:38:08.496 INFO:teuthology.orchestra.run.smithi043.stdout:/usr/bin/ceph: stderr
2024-05-16T15:38:07.174+0000 7ff0893aa700 1 --2- 172.21.15.43:0/1262534450 >> [v2:172.21.15.43:3300/0,v1:172.21.15.43:6789/0] conn(0x7ff08407edf0 0x7ff08419ec00 secure :-1 s=READY pgs=48 cs=0 l=1 rev1=1 crypto rx=0x7ff080009130 tx=0x7ff080011a60 comp rx=0 tx=0).ready entity=mon.0 client_cookie=0 server_cookie=0 in_seq=0 out_seq=0
2024-05-16T15:38:08.496 INFO:teuthology.orchestra.run.smithi043.stdout:/usr/bin/ceph: stderr
2024-05-16T15:38:07.174+0000 7ff0767fc700 1 -- 172.21.15.43:0/1262534450 <== mon.0 v2:172.21.15.43:3300/0 1 ==== mon_map magic: 0 ==== 205+0+0 (secure 0 0 0) 0x7ff080003b20 con 0x7ff08407edf0
2024-05-16T15:38:08.496 INFO:teuthology.orchestra.run.smithi043.stdout:/usr/bin/ceph: stderr
2024-05-16T15:38:07.174+0000 7ff0767fc700 1 -- 172.21.15.43:0/1262534450 <== mon.0 v2:172.21.15.43:3300/0 2 ==== config(25 keys) ==== 1032+0+0 (secure 0 0 0) 0x7ff08001a8a0 con 0x7ff08407edf0
2024-05-16T15:38:08.496 INFO:teuthology.orchestra.run.smithi043.stdout:/usr/bin/ceph: stderr
2024-05-16T15:38:07.174+0000 7ff0767fc700 1 -- 172.21.15.43:0/1262534450 <== mon.0 v2:172.21.15.43:3300/0 3 ==== mon_map magic: 0 ==== 205+0+0 (secure 0 0 0) 0x7ff080024810 con 0x7ff08407edf0
2024-05-16T15:38:08.496 INFO:teuthology.orchestra.run.smithi043.stdout:/usr/bin/ceph: stderr
2024-05-16T15:38:07.174+0000 7ff08b60e700 1 -- 172.21.15.43:0/1262534450 --> [v2:172.21.15.43:3300/0,v1:172.21.15.43:6789/0] -- mon_subscribe({mgrmap=0+}) -- 0x7ff08419f3d0 con 0x7ff08407edf0
2024-05-16T15:38:08.496 INFO:teuthology.orchestra.run.smithi043.stdout:/usr/bin/ceph: stderr
2024-05-16T15:38:07.174+0000 7ff08b60e700 1 -- 172.21.15.43:0/1262534450 --> [v2:172.21.15.43:3300/0,v1:172.21.15.43:6789/0] -- mon_subscribe({osdmap=0}) -- 0x7ff0841a20c0 con 0x7ff08407edf0
2024-05-16T15:38:08.496 INFO:teuthology.orchestra.run.smithi043.stdout:/usr/bin/ceph: stderr
2024-05-16T15:38:07.175+0000 7ff0767fc700 1 -- 172.21.15.43:0/1262534450 <== mon.0 v2:172.21.15.43:3300/0 4 ==== mgrmap(e 8) ==== 50222+0+0 (secure 0 0 0) 0x7ff080022020 con 0x7ff08407edf0
2024-05-16T15:38:08.496 INFO:teuthology.orchestra.run.smithi043.stdout:/usr/bin/ceph: stderr
2024-05-16T15:38:07.175+0000 7ff08b60e700 1 -- 172.21.15.43:0/1262534450 --> [v2:172.21.15.43:3300/0,v1:172.21.15.43:6789/0] -- mon_command({"prefix": "get_command_descriptions"} v 0) -- 0x7ff084064b00 con 0x7ff08407edf0
2024-05-16T15:38:08.496 INFO:teuthology.orchestra.run.smithi043.stdout:/usr/bin/ceph: stderr
2024-05-16T15:38:07.175+0000 7ff0767fc700 1 --2- 172.21.15.43:0/1262534450 >> [v2:172.21.15.43:6800/86887644,v1:172.21.15.43:6801/86887644] conn(0x7ff07003e4c0 0x7ff070040980 unknown :-1 s=NONE pgs=0 cs=0 l=1 rev1=0 crypto rx=0 tx=0 comp rx=0 tx=0).connect
2024-05-16T15:38:08.496 INFO:teuthology.orchestra.run.smithi043.stdout:/usr/bin/ceph: stderr
2024-05-16T15:38:07.175+0000 7ff0767fc700 1 -- 172.21.15.43:0/1262534450 <== mon.0 v2:172.21.15.43:3300/0 5 ==== osd_map(2..2 src has 1..2) ==== 940+0+0 (secure 0 0 0) 0x7ff080053940 con 0x7ff08407edf0
2024-05-16T15:38:08.497 INFO:teuthology.orchestra.run.smithi043.stdout:/usr/bin/ceph: stderr
2024-05-16T15:38:07.175+0000 7ff088ba9700 1 --2- 172.21.15.43:0/1262534450 >> [v2:172.21.15.43:6800/86887644,v1:172.21.15.43:6801/86887644] conn(0x7ff07003e4c0 0x7ff070040980 unknown :-1 s=BANNER_CONNECTING pgs=0 cs=0 l=1 rev1=0 crypto rx=0 tx=0 comp rx=0 tx=0)._handle_peer_banner_payload supported=3 required=0
2024-05-16T15:38:08.497 INFO:teuthology.orchestra.run.smithi043.stdout:/usr/bin/ceph: stderr
