2024-05-16T15:38:20.912+0000 7f4bcd16a700 1 --2- 172.21.15.43:0/3187460724 >> [v2:172.21.15.43:6800/198025071,v1:172.21.15.43:6801/198025071] conn(0x7f4bb0041ef0 0x7f4bb00442e0 unknown :-1 s=CLOSED pgs=3 cs=0 l=1 rev1=1 crypto rx=0 tx=0 comp rx=0 tx=0).stop
2024-05-16T15:38:21.925 INFO:teuthology.orchestra.run.smithi043.stdout:/usr/bin/ceph: stderr
2024-05-16T15:38:20.912+0000 7f4bcd16a700 1 --2- 172.21.15.43:0/3187460724 >> [v2:172.21.15.43:3300/0,v1:172.21.15.43:6789/0] conn(0x7f4bc807eea0 0x7f4bc819f040 unknown :-1 s=CLOSED pgs=60 cs=0 l=1 rev1=1 crypto rx=0 tx=0 comp rx=0 tx=0).stop
2024-05-16T15:38:21.925 INFO:teuthology.orchestra.run.smithi043.stdout:/usr/bin/ceph: stderr
2024-05-16T15:38:20.912+0000 7f4bcd16a700 1 --2- 172.21.15.43:0/3187460724 >> [v2:172.21.15.43:6800/86887644,v1:172.21.15.43:6801/86887644] conn(0x7f4bb003e470 0x7f4bb0040930 unknown :-1 s=CLOSED pgs=0 cs=0 l=1 rev1=0 crypto rx=0 tx=0 comp rx=0 tx=0).stop
2024-05-16T15:38:21.925 INFO:teuthology.orchestra.run.smithi043.stdout:/usr/bin/ceph: stderr
2024-05-16T15:38:20.912+0000 7f4bcd16a700 1 -- 172.21.15.43:0/3187460724 >> 172.21.15.43:0/3187460724 conn(0x7f4bc8104240 msgr2=0x7f4bc8104f30 unknown :-1 s=STATE_NONE l=0).mark_down
2024-05-16T15:38:21.925 INFO:teuthology.orchestra.run.smithi043.stdout:/usr/bin/ceph: stderr
2024-05-16T15:38:20.912+0000 7f4bcd16a700 1 -- 172.21.15.43:0/3187460724 shutdown_connections
2024-05-16T15:38:21.925 INFO:teuthology.orchestra.run.smithi043.stdout:/usr/bin/ceph: stderr
2024-05-16T15:38:20.912+0000 7f4bcd16a700 1 -- 172.21.15.43:0/3187460724 wait complete.
2024-05-16T15:38:21.925 INFO:teuthology.orchestra.run.smithi043.stdout:mgr epoch 9 is available
2024-05-16T15:38:21.925 INFO:teuthology.orchestra.run.smithi043.stdout:Generating a dashboard self-signed certificate...
2024-05-16T15:38:22.168 INFO:journalctl@ceph.mon.a.smithi043.stdout:May 16 15:38:21 smithi043 ceph-mon[31619]: [16/May/2024:15:38:20] ENGINE Bus STARTING
2024-05-16T15:38:22.169 INFO:journalctl@ceph.mon.a.smithi043.stdout:May 16 15:38:21 smithi043 ceph-mon[31619]: [16/May/2024:15:38:20] ENGINE Serving on http://172.21.15.43:8765
2024-05-16T15:38:22.169 INFO:journalctl@ceph.mon.a.smithi043.stdout:May 16 15:38:21 smithi043 ceph-mon[31619]: [16/May/2024:15:38:20] ENGINE Serving on https://172.21.15.43:7150
2024-05-16T15:38:22.169 INFO:journalctl@ceph.mon.a.smithi043.stdout:May 16 15:38:21 smithi043 ceph-mon[31619]: [16/May/2024:15:38:20] ENGINE Bus STARTED
2024-05-16T15:38:22.169 INFO:journalctl@ceph.mon.a.smithi043.stdout:May 16 15:38:21 smithi043 ceph-mon[31619]: from='client.14154 -' entity='client.admin' cmd=[{"prefix": "get_command_descriptions"}]: dispatch
2024-05-16T15:38:22.169 INFO:journalctl@ceph.mon.a.smithi043.stdout:May 16 15:38:21 smithi043 ceph-mon[31619]: from='client.14154 -' entity='client.admin' cmd=[{"prefix": "mgr_status"}]: dispatch
2024-05-16T15:38:23.200 INFO:journalctl@ceph.mon.a.smithi043.stdout:May 16 15:38:22 smithi043 ceph-mon[31619]: mgrmap e12: x(active, since 2s)
2024-05-16T15:38:23.200 INFO:journalctl@ceph.mon.a.smithi043.stdout:May 16 15:38:22 smithi043 ceph-mon[31619]: from='mgr.14150 172.21.15.43:0/3343294135' entity='mgr.x'
2024-05-16T15:38:23.200 INFO:journalctl@ceph.mon.a.smithi043.stdout:May 16 15:38:22 smithi043 ceph-mon[31619]: from='mgr.14150 172.21.15.43:0/3343294135' entity='mgr.x'
2024-05-16T15:38:23.200 INFO:journalctl@ceph.mon.a.smithi043.stdout:May 16 15:38:22 smithi043 ceph-mon[31619]: from='mgr.14150 172.21.15.43:0/3343294135' entity='mgr.x'
2024-05-16T15:38:23.207 INFO:teuthology.orchestra.run.smithi043.stdout:/usr/bin/ceph: stdout Self-signed certificate created
2024-05-16T15:38:23.207 INFO:teuthology.orchestra.run.smithi043.stdout:/usr/bin/ceph: stderr
2024-05-16T15:38:22.372+0000 7f790c130700 1 Processor -- start
2024-05-16T15:38:23.207 INFO:teuthology.orchestra.run.smithi043.stdout:/usr/bin/ceph: stderr
2024-05-16T15:38:22.372+0000 7f790c130700 1 -- start start
2024-05-16T15:38:23.207 INFO:teuthology.orchestra.run.smithi043.stdout:/usr/bin/ceph: stderr
2024-05-16T15:38:22.372+0000 7f790c130700 1 --2- >> [v2:172.21.15.43:3300/0,v1:172.21.15.43:6789/0] conn(0x7f7904108ce0 0x7f7904109100 unknown :-1 s=NONE pgs=0 cs=0 l=0 rev1=0 crypto rx=0 tx=0 comp rx=0 tx=0).connect
2024-05-16T15:38:23.207 INFO:teuthology.orchestra.run.smithi043.stdout:/usr/bin/ceph: stderr
2024-05-16T15:38:22.372+0000 7f790c130700 1 -- --> [v2:172.21.15.43:3300/0,v1:172.21.15.43:6789/0] -- mon_getmap magic: 0 -- 0x7f79041096d0 con 0x7f7904108ce0
2024-05-16T15:38:23.207 INFO:teuthology.orchestra.run.smithi043.stdout:/usr/bin/ceph: stderr
2024-05-16T15:38:22.372+0000 7f7909ecc700 1 --2- >> [v2:172.21.15.43:3300/0,v1:172.21.15.43:6789/0] conn(0x7f7904108ce0 0x7f7904109100 unknown :-1 s=BANNER_CONNECTING pgs=0 cs=0 l=0 rev1=0 crypto rx=0 tx=0 comp rx=0 tx=0)._handle_peer_banner_payload supported=3 required=0
2024-05-16T15:38:23.207 INFO:teuthology.orchestra.run.smithi043.stdout:/usr/bin/ceph: stderr
2024-05-16T15:38:22.373+0000 7f7909ecc700 1 --2- >> [v2:172.21.15.43:3300/0,v1:172.21.15.43:6789/0] conn(0x7f7904108ce0 0x7f7904109100 unknown :-1 s=HELLO_CONNECTING pgs=0 cs=0 l=0 rev1=1 crypto rx=0 tx=0 comp rx=0 tx=0).handle_hello peer v2:172.21.15.43:3300/0 says I am v2:172.21.15.43:43110/0 (socket says 172.21.15.43:43110)
2024-05-16T15:38:23.208 INFO:teuthology.orchestra.run.smithi043.stdout:/usr/bin/ceph: stderr
2024-05-16T15:38:22.373+0000 7f7909ecc700 1 -- 172.21.15.43:0/1213622684 learned_addr learned my addr 172.21.15.43:0/1213622684 (peer_addr_for_me v2:172.21.15.43:0/0)
2024-05-16T15:38:23.208 INFO:teuthology.orchestra.run.smithi043.stdout:/usr/bin/ceph: stderr
2024-05-16T15:38:22.373+0000 7f7909ecc700 1 -- 172.21.15.43:0/1213622684 --> [v2:172.21.15.43:3300/0,v1:172.21.15.43:6789/0] -- mon_subscribe({config=0+,monmap=0+}) -- 0x7f7904109e40 con 0x7f7904108ce0
2024-05-16T15:38:23.208 INFO:teuthology.orchestra.run.smithi043.stdout:/usr/bin/ceph: stderr
2024-05-16T15:38:22.373+0000 7f7909ecc700 1 --2- 172.21.15.43:0/1213622684 >> [v2:172.21.15.43:3300/0,v1:172.21.15.43:6789/0] conn(0x7f7904108ce0 0x7f7904109100 secure :-1 s=READY pgs=68 cs=0 l=1 rev1=1 crypto rx=0x7f79000098a0 tx=0x7f7900009bb0 comp rx=0 tx=0).ready entity=mon.0 client_cookie=1f2acd346961904c server_cookie=0 in_seq=0 out_seq=0
2024-05-16T15:38:23.208 INFO:teuthology.orchestra.run.smithi043.stdout:/usr/bin/ceph: stderr
2024-05-16T15:38:22.373+0000 7f7908eca700 1 -- 172.21.15.43:0/1213622684 <== mon.0 v2:172.21.15.43:3300/0 1 ==== mon_map magic: 0 ==== 205+0+0 (secure 0 0 0) 0x7f7900004160 con 0x7f7904108ce0
2024-05-16T15:38:23.208 INFO:teuthology.orchestra.run.smithi043.stdout:/usr/bin/ceph: stderr
2024-05-16T15:38:22.373+0000 7f7908eca700 1 -- 172.21.15.43:0/1213622684 <== mon.0 v2:172.21.15.43:3300/0 2 ==== config(25 keys) ==== 1063+0+0 (secure 0 0 0) 0x7f7900004300 con 0x7f7904108ce0
2024-05-16T15:38:23.208 INFO:teuthology.orchestra.run.smithi043.stdout:/usr/bin/ceph: stderr
2024-05-16T15:38:22.373+0000 7f7908eca700 1 -- 172.21.15.43:0/1213622684 <== mon.0 v2:172.21.15.43:3300/0 3 ==== mon_map magic: 0 ==== 205+0+0 (secure 0 0 0) 0x7f7900011960 con 0x7f7904108ce0
2024-05-16T15:38:23.208 INFO:teuthology.orchestra.run.smithi043.stdout:/usr/bin/ceph: stderr
2024-05-16T15:38:22.374+0000 7f790c130700 1 -- 172.21.15.43:0/1213622684 >> [v2:172.21.15.43:3300/0,v1:172.21.15.43:6789/0] conn(0x7f7904108ce0 msgr2=0x7f7904109100 secure :-1 s=STATE_CONNECTION_ESTABLISHED l=1).mark_down
2024-05-16T15:38:23.208 INFO:teuthology.orchestra.run.smithi043.stdout:/usr/bin/ceph: stderr
2024-05-16T15:38:22.374+0000 7f790c130700 1 --2- 172.21.15.43:0/1213622684 >> [v2:172.21.15.43:3300/0,v1:172.21.15.43:6789/0] conn(0x7f7904108ce0 0x7f7904109100 secure :-1 s=READY pgs=68 cs=0 l=1 rev1=1 crypto rx=0x7f79000098a0 tx=0x7f7900009bb0 comp rx=0 tx=0).stop
2024-05-16T15:38:23.208 INFO:teuthology.orchestra.run.smithi043.stdout:/usr/bin/ceph: stderr
2024-05-16T15:38:22.374+0000 7f790c130700 1 -- 172.21.15.43:0/1213622684 shutdown_connections
2024-05-16T15:38:23.208 INFO:teuthology.orchestra.run.smithi043.stdout:/usr/bin/ceph: stderr
2024-05-16T15:38:22.374+0000 7f790c130700 1 --2- 172.21.15.43:0/1213622684 >> [v2:172.21.15.43:3300/0,v1:172.21.15.43:6789/0] conn(0x7f7904108ce0 0x7f7904109100 unknown :-1 s=CLOSED pgs=68 cs=0 l=1 rev1=1 crypto rx=0 tx=0 comp rx=0 tx=0).stop
2024-05-16T15:38:23.208 INFO:teuthology.orchestra.run.smithi043.stdout:/usr/bin/ceph: stderr
2024-05-16T15:38:22.374+0000 7f790c130700 1 -- 172.21.15.43:0/1213622684 >> 172.21.15.43:0/1213622684 conn(0x7f79041042a0 msgr2=0x7f79041066c0 unknown :-1 s=STATE_NONE l=0).mark_down
2024-05-16T15:38:23.208 INFO:teuthology.orchestra.run.smithi043.stdout:/usr/bin/ceph: stderr
2024-05-16T15:38:22.374+0000 7f790c130700 1 -- 172.21.15.43:0/1213622684 shutdown_connections
2024-05-16T15:38:23.208 INFO:teuthology.orchestra.run.smithi043.stdout:/usr/bin/ceph: stderr
2024-05-16T15:38:22.374+0000 7f790c130700 1 -- 172.21.15.43:0/1213622684 wait complete.
2024-05-16T15:38:23.208 INFO:teuthology.orchestra.run.smithi043.stdout:/usr/bin/ceph: stderr
2024-05-16T15:38:22.375+0000 7f790c130700 1 Processor -- start
2024-05-16T15:38:23.209 INFO:teuthology.orchestra.run.smithi043.stdout:/usr/bin/ceph: stderr
2024-05-16T15:38:22.375+0000 7f790c130700 1 -- start start
2024-05-16T15:38:23.209 INFO:teuthology.orchestra.run.smithi043.stdout:/usr/bin/ceph: stderr
2024-05-16T15:38:22.375+0000 7f790c130700 1 --2- >> [v2:172.21.15.43:3300/0,v1:172.21.15.43:6789/0] conn(0x7f7904108ce0 0x7f790419ca40 unknown :-1 s=NONE pgs=0 cs=0 l=1 rev1=0 crypto rx=0 tx=0 comp rx=0 tx=0).connect
2024-05-16T15:38:23.209 INFO:teuthology.orchestra.run.smithi043.stdout:/usr/bin/ceph: stderr
2024-05-16T15:38:22.375+0000 7f790c130700 1 -- --> [v2:172.21.15.43:3300/0,v1:172.21.15.43:6789/0] -- mon_getmap magic: 0 -- 0x7f790410d070 con 0x7f7904108ce0
2024-05-16T15:38:23.209 INFO:teuthology.orchestra.run.smithi043.stdout:/usr/bin/ceph: stderr
2024-05-16T15:38:22.375+0000 7f7909ecc700 1 --2- >> [v2:172.21.15.43:3300/0,v1:172.21.15.43:6789/0] conn(0x7f7904108ce0 0x7f790419ca40 unknown :-1 s=BANNER_CONNECTING pgs=0 cs=0 l=1 rev1=0 crypto rx=0 tx=0 comp rx=0 tx=0)._handle_peer_banner_payload supported=3 required=0
2024-05-16T15:38:23.209 INFO:teuthology.orchestra.run.smithi043.stdout:/usr/bin/ceph: stderr
2024-05-16T15:38:22.375+0000 7f7909ecc700 1 --2- >> [v2:172.21.15.43:3300/0,v1:172.21.15.43:6789/0] conn(0x7f7904108ce0 0x7f790419ca40 unknown :-1 s=HELLO_CONNECTING pgs=0 cs=0 l=1 rev1=1 crypto rx=0 tx=0 comp rx=0 tx=0).handle_hello peer v2:172.21.15.43:3300/0 says I am v2:172.21.15.43:43122/0 (socket says 172.21.15.43:43122)
2024-05-16T15:38:23.209 INFO:teuthology.orchestra.run.smithi043.stdout:/usr/bin/ceph: stderr
2024-05-16T15:38:22.375+0000 7f7909ecc700 1 -- 172.21.15.43:0/3507676310 learned_addr learned my addr 172.21.15.43:0/3507676310 (peer_addr_for_me v2:172.21.15.43:0/0)
2024-05-16T15:38:23.209 INFO:teuthology.orchestra.run.smithi043.stdout:/usr/bin/ceph: stderr
2024-05-16T15:38:22.375+0000 7f7909ecc700 1 -- 172.21.15.43:0/3507676310 --> [v2:172.21.15.43:3300/0,v1:172.21.15.43:6789/0] -- mon_subscribe({config=0+,monmap=0+}) -- 0x7f790419cf80 con 0x7f7904108ce0
2024-05-16T15:38:23.209 INFO:teuthology.orchestra.run.smithi043.stdout:/usr/bin/ceph: stderr
2024-05-16T15:38:22.375+0000 7f7909ecc700 1 --2- 172.21.15.43:0/3507676310 >> [v2:172.21.15.43:3300/0,v1:172.21.15.43:6789/0] conn(0x7f7904108ce0 0x7f790419ca40 secure :-1 s=READY pgs=69 cs=0 l=1 rev1=1 crypto rx=0x7f7900011670 tx=0x7f7900011a30 comp rx=0 tx=0).ready entity=mon.0 client_cookie=0 server_cookie=0 in_seq=0 out_seq=0
2024-05-16T15:38:23.209 INFO:teuthology.orchestra.run.smithi043.stdout:/usr/bin/ceph: stderr
2024-05-16T15:38:22.376+0000 7f78faffd700 1 -- 172.21.15.43:0/3507676310 <== mon.0 v2:172.21.15.43:3300/0 1 ==== mon_map magic: 0 ==== 205+0+0 (secure 0 0 0) 0x7f7900003a60 con 0x7f7904108ce0
2024-05-16T15:38:23.209 INFO:teuthology.orchestra.run.smithi043.stdout:/usr/bin/ceph: stderr
2024-05-16T15:38:22.376+0000 7f78faffd700 1 -- 172.21.15.43:0/3507676310 <== mon.0 v2:172.21.15.43:3300/0 2 ==== config(25 keys) ==== 1063+0+0 (secure 0 0 0) 0x7f790001b8d0 con 0x7f7904108ce0
2024-05-16T15:38:23.209 INFO:teuthology.orchestra.run.smithi043.stdout:/usr/bin/ceph: stderr
2024-05-16T15:38:22.376+0000 7f790c130700 1 -- 172.21.15.43:0/3507676310 --> [v2:172.21.15.43:3300/0,v1:172.21.15.43:6789/0] -- mon_subscribe({mgrmap=0+}) -- 0x7f790419d210 con 0x7f7904108ce0
2024-05-16T15:38:23.209 INFO:teuthology.orchestra.run.smithi043.stdout:/usr/bin/ceph: stderr
2024-05-16T15:38:22.376+0000 7f78faffd700 1 -- 172.21.15.43:0/3507676310 <== mon.0 v2:172.21.15.43:3300/0 3 ==== mon_map magic: 0 ==== 205+0+0 (secure 0 0 0) 0x7f7900023790 con 0x7f7904108ce0
2024-05-16T15:38:23.209 INFO:teuthology.orchestra.run.smithi043.stdout:/usr/bin/ceph: stderr
2024-05-16T15:38:22.376+0000 7f790c130700 1 -- 172.21.15.43:0/3507676310 --> [v2:172.21.15.43:3300/0,v1:172.21.15.43:6789/0] -- mon_subscribe({osdmap=0}) -- 0x7f790419ff00 con 0x7f7904108ce0
2024-05-16T15:38:23.209 INFO:teuthology.orchestra.run.smithi043.stdout:/usr/bin/ceph: stderr
2024-05-16T15:38:22.377+0000 7f78faffd700 1 -- 172.21.15.43:0/3507676310 <== mon.0 v2:172.21.15.43:3300/0 4 ==== mgrmap(e 12) ==== 50235+0+0 (secure 0 0 0) 0x7f7900023a90 con 0x7f7904108ce0
2024-05-16T15:38:23.209 INFO:teuthology.orchestra.run.smithi043.stdout:/usr/bin/ceph: stderr
2024-05-16T15:38:22.377+0000 7f790c130700 1 -- 172.21.15.43:0/3507676310 --> [v2:172.21.15.43:3300/0,v1:172.21.15.43:6789/0] -- mon_command({"prefix": "get_command_descriptions"} v 0) -- 0x7f7904064b00 con 0x7f7904108ce0
2024-05-16T15:38:23.210 INFO:teuthology.orchestra.run.smithi043.stdout:/usr/bin/ceph: stderr
2024-05-16T15:38:22.377+0000 7f78faffd700 1 --2- 172.21.15.43:0/3507676310 >> [v2:172.21.15.43:6800/198025071,v1:172.21.15.43:6801/198025071] conn(0x7f78f003e4c0 0x7f78f0040980 unknown :-1 s=NONE pgs=0 cs=0 l=1 rev1=0 crypto rx=0 tx=0 comp rx=0 tx=0).connect
2024-05-16T15:38:23.210 INFO:teuthology.orchestra.run.smithi043.stdout:/usr/bin/ceph: stderr
2024-05-16T15:38:22.377+0000 7f78faffd700 1 -- 172.21.15.43:0/3507676310 <== mon.0 v2:172.21.15.43:3300/0 5 ==== osd_map(3..3 src has 1..3) ==== 1155+0+0 (secure 0 0 0) 0x7f7900054070 con 0x7f7904108ce0
2024-05-16T15:38:23.210 INFO:teuthology.orchestra.run.smithi043.stdout:/usr/bin/ceph: stderr
2024-05-16T15:38:22.377+0000 7f79096cb700 1 --2- 172.21.15.43:0/3507676310 >> [v2:172.21.15.43:6800/198025071,v1:172.21.15.43:6801/198025071] conn(0x7f78f003e4c0 0x7f78f0040980 unknown :-1 s=BANNER_CONNECTING pgs=0 cs=0 l=1 rev1=0 crypto rx=0 tx=0 comp rx=0 tx=0)._handle_peer_banner_payload supported=3 required=0
2024-05-16T15:38:23.210 INFO:teuthology.orchestra.run.smithi043.stdout:/usr/bin/ceph: stderr
2024-05-16T15:38:22.377+0000 7f79096cb700 1 --2- 172.21.15.43:0/3507676310 >> [v2:172.21.15.43:6800/198025071,v1:172.21.15.43:6801/198025071] conn(0x7f78f003e4c0 0x7f78f0040980 secure :-1 s=READY pgs=7 cs=0 l=1 rev1=1 crypto rx=0x7f78f4006fd0 tx=0x7f78f4006e40 comp rx=0 tx=0).ready entity=mgr.14150 client_cookie=0 server_cookie=0 in_seq=0 out_seq=0
2024-05-16T15:38:23.210 INFO:teuthology.orchestra.run.smithi043.stdout:/usr/bin/ceph: stderr
2024-05-16T15:38:22.382+0000 7f78faffd700 1 -- 172.21.15.43:0/3507676310 <== mon.0 v2:172.21.15.43:3300/0 6 ==== mon_command_ack([{"prefix": "get_command_descriptions"}]=0 v0) ==== 72+0+191839 (secure 0 0 0) 0x7f790001f030 con 0x7f7904108ce0
2024-05-16T15:38:23.210 INFO:teuthology.orchestra.run.smithi043.stdout:/usr/bin/ceph: stderr
2024-05-16T15:38:22.609+0000 7f790c130700 1 -- 172.21.15.43:0/3507676310 --> [v2:172.21.15.43:6800/198025071,v1:172.21.15.43:6801/198025071] -- mgr_command(tid 0: {"prefix": "dashboard create-self-signed-cert", "target": ["mon-mgr", ""]}) -- 0x7f79041053e0 con 0x7f78f003e4c0
2024-05-16T15:38:23.210 INFO:teuthology.orchestra.run.smithi043.stdout:/usr/bin/ceph: stderr
2024-05-16T15:38:22.703+0000 7f78faffd700 1 -- 172.21.15.43:0/3507676310 <== mgr.14150 v2:172.21.15.43:6800/198025071 1 ==== mgr_command_reply(tid 0: 0 ) ==== 8+0+32 (secure 0 0 0) 0x7f79041053e0 con 0x7f78f003e4c0
2024-05-16T15:38:23.210 INFO:teuthology.orchestra.run.smithi043.stdout:/usr/bin/ceph: stderr
2024-05-16T15:38:22.705+0000 7f790c130700 1 -- 172.21.15.43:0/3507676310 >> [v2:172.21.15.43:6800/198025071,v1:172.21.15.43:6801/198025071] conn(0x7f78f003e4c0 msgr2=0x7f78f0040980 secure :-1 s=STATE_CONNECTION_ESTABLISHED l=1).mark_down
2024-05-16T15:38:23.210 INFO:teuthology.orchestra.run.smithi043.stdout:/usr/bin/ceph: stderr
2024-05-16T15:38:22.705+0000 7f790c130700 1 --2- 172.21.15.43:0/3507676310 >> [v2:172.21.15.43:6800/198025071,v1:172.21.15.43:6801/198025071] conn(0x7f78f003e4c0 0x7f78f0040980 secure :-1 s=READY pgs=7 cs=0 l=1 rev1=1 crypto rx=0x7f78f4006fd0 tx=0x7f78f4006e40 comp rx=0 tx=0).stop
2024-05-16T15:38:23.210 INFO:teuthology.orchestra.run.smithi043.stdout:/usr/bin/ceph: stderr
2024-05-16T15:38:22.705+0000 7f790c130700 1 -- 172.21.15.43:0/3507676310 >> [v2:172.21.15.43:3300/0,v1:172.21.15.43:6789/0] conn(0x7f7904108ce0 msgr2=0x7f790419ca40 secure :-1 s=STATE_CONNECTION_ESTABLISHED l=1).mark_down
2024-05-16T15:38:23.210 INFO:teuthology.orchestra.run.smithi043.stdout:/usr/bin/ceph: stderr
2024-05-16T15:38:22.705+0000 7f790c130700 1 --2- 172.21.15.43:0/3507676310 >> [v2:172.21.15.43:3300/0,v1:172.21.15.43:6789/0] conn(0x7f7904108ce0 0x7f790419ca40 secure :-1 s=READY pgs=69 cs=0 l=1 rev1=1 crypto rx=0x7f7900011670 tx=0x7f7900011a30 comp rx=0 tx=0).stop
2024-05-16T15:38:23.210 INFO:teuthology.orchestra.run.smithi043.stdout:/usr/bin/ceph: stderr
2024-05-16T15:38:22.705+0000 7f790c130700 1 -- 172.21.15.43:0/3507676310 shutdown_connections
2024-05-16T15:38:23.210 INFO:teuthology.orchestra.run.smithi043.stdout:/usr/bin/ceph: stderr
2024-05-16T15:38:22.705+0000 7f790c130700 1 --2- 172.21.15.43:0/3507676310 >> [v2:172.21.15.43:6800/198025071,v1:172.21.15.43:6801/198025071] conn(0x7f78f003e4c0 0x7f78f0040980 unknown :-1 s=CLOSED pgs=7 cs=0 l=1 rev1=1 crypto rx=0 tx=0 comp rx=0 tx=0).stop
2024-05-16T15:38:23.211 INFO:teuthology.orchestra.run.smithi043.stdout:/usr/bin/ceph: stderr
2024-05-16T15:38:22.705+0000 7f790c130700 1 --2- 172.21.15.43:0/3507676310 >> [v2:172.21.15.43:3300/0,v1:172.21.15.43:6789/0] conn(0x7f7904108ce0 0x7f790419ca40 unknown :-1 s=CLOSED pgs=69 cs=0 l=1 rev1=1 crypto rx=0 tx=0 comp rx=0 tx=0).stop
2024-05-16T15:38:23.211 INFO:teuthology.orchestra.run.smithi043.stdout:/usr/bin/ceph: stderr
2024-05-16T15:38:22.705+0000 7f790c130700 1 -- 172.21.15.43:0/3507676310 >> 172.21.15.43:0/3507676310 conn(0x7f79041042a0 msgr2=0x7f7904104cd0 unknown :-1 s=STATE_NONE l=0).mark_down
2024-05-16T15:38:23.211 INFO:teuthology.orchestra.run.smithi043.stdout:/usr/bin/ceph: stderr
2024-05-16T15:38:22.705+0000 7f790c130700 1 -- 172.21.15.43:0/3507676310 shutdown_connections
2024-05-16T15:38:23.211 INFO:teuthology.orchestra.run.smithi043.stdout:/usr/bin/ceph: stderr
2024-05-16T15:38:22.705+0000 7f790c130700 1 -- 172.21.15.43:0/3507676310 wait complete.
2024-05-16T15:38:23.211 INFO:teuthology.orchestra.run.smithi043.stdout:Creating initial admin user...
2024-05-16T15:38:24.469 INFO:journalctl@ceph.mon.a.smithi043.stdout:May 16 15:38:24 smithi043 ceph-mon[31619]: from='client.14162 -' entity='client.admin' cmd=[{"prefix": "dashboard create-self-signed-cert", "target": ["mon-mgr", ""]}]: dispatch
2024-05-16T15:38:24.469 INFO:journalctl@ceph.mon.a.smithi043.stdout:May 16 15:38:24 smithi043 ceph-mon[31619]: from='mgr.14150 172.21.15.43:0/3343294135' entity='mgr.x'
2024-05-16T15:38:24.469 INFO:journalctl@ceph.mon.a.smithi043.stdout:May 16 15:38:24 smithi043 ceph-mon[31619]: from='mgr.14150 172.21.15.43:0/3343294135' entity='mgr.x'
2024-05-16T15:38:25.354 INFO:teuthology.orchestra.run.smithi043.stdout:/usr/bin/ceph: stdout {"username": "admin", "password": "$2b$12$TseQw/57N2mL00yOYQIWf.iD714ZhB6WEVhQC03ZAKqDLBzlpo7E6", "roles": ["administrator"], "name": null, "email": null, "lastUpdate": 1715873904, "enabled": true, "pwdExpirationDate": null, "pwdUpdateRequired": true}
2024-05-16T15:38:25.354 INFO:teuthology.orchestra.run.smithi043.stdout:/usr/bin/ceph: stderr
2024-05-16T15:38:23.683+0000 7fc0387cd700 1 Processor -- start
2024-05-16T15:38:25.354 INFO:teuthology.orchestra.run.smithi043.stdout:/usr/bin/ceph: stderr
2024-05-16T15:38:23.683+0000 7fc0387cd700 1 -- start start
2024-05-16T15:38:25.354 INFO:teuthology.orchestra.run.smithi043.stdout:/usr/bin/ceph: stderr
2024-05-16T15:38:23.683+0000 7fc0387cd700 1 --2- >> [v2:172.21.15.43:3300/0,v1:172.21.15.43:6789/0] conn(0x7fc030107580 0x7fc0301079a0 unknown :-1 s=NONE pgs=0 cs=0 l=0 rev1=0 crypto rx=0 tx=0 comp rx=0 tx=0).connect
2024-05-16T15:38:25.354 INFO:teuthology.orchestra.run.smithi043.stdout:/usr/bin/ceph: stderr
2024-05-16T15:38:23.683+0000 7fc0387cd700 1 -- --> [v2:172.21.15.43:3300/0,v1:172.21.15.43:6789/0] -- mon_getmap magic: 0 -- 0x7fc03007cdd0 con 0x7fc030107580
2024-05-16T15:38:25.354 INFO:teuthology.orchestra.run.smithi043.stdout:/usr/bin/ceph: stderr
2024-05-16T15:38:23.683+0000 7fc036569700 1 --2- >> [v2:172.21.15.43:3300/0,v1:172.21.15.43:6789/0] conn(0x7fc030107580 0x7fc0301079a0 unknown :-1 s=BANNER_CONNECTING pgs=0 cs=0 l=0 rev1=0 crypto rx=0 tx=0 comp rx=0 tx=0)._handle_peer_banner_payload supported=3 required=0
2024-05-16T15:38:25.354 INFO:teuthology.orchestra.run.smithi043.stdout:/usr/bin/ceph: stderr
2024-05-16T15:38:23.683+0000 7fc036569700 1 --2- >> [v2:172.21.15.43:3300/0,v1:172.21.15.43:6789/0] conn(0x7fc030107580 0x7fc0301079a0 unknown :-1 s=HELLO_CONNECTING pgs=0 cs=0 l=0 rev1=1 crypto rx=0 tx=0 comp rx=0 tx=0).handle_hello peer v2:172.21.15.43:3300/0 says I am v2:172.21.15.43:43128/0 (socket says 172.21.15.43:43128)
2024-05-16T15:38:25.355 INFO:teuthology.orchestra.run.smithi043.stdout:/usr/bin/ceph: stderr
2024-05-16T15:38:23.683+0000 7fc036569700 1 -- 172.21.15.43:0/4221256014 learned_addr learned my addr 172.21.15.43:0/4221256014 (peer_addr_for_me v2:172.21.15.43:0/0)
2024-05-16T15:38:25.355 INFO:teuthology.orchestra.run.smithi043.stdout:/usr/bin/ceph: stderr
2024-05-16T15:38:23.684+0000 7fc036569700 1 -- 172.21.15.43:0/4221256014 --> [v2:172.21.15.43:3300/0,v1:172.21.15.43:6789/0] -- mon_subscribe({config=0+,monmap=0+}) -- 0x7fc030107ee0 con 0x7fc030107580
2024-05-16T15:38:25.355 INFO:teuthology.orchestra.run.smithi043.stdout:/usr/bin/ceph: stderr
2024-05-16T15:38:23.684+0000 7fc036569700 1 --2- 172.21.15.43:0/4221256014 >> [v2:172.21.15.43:3300/0,v1:172.21.15.43:6789/0] conn(0x7fc030107580 0x7fc0301079a0 secure :-1 s=READY pgs=70 cs=0 l=1 rev1=1 crypto rx=0x7fc02c0098a0 tx=0x7fc02c009bb0 comp rx=0 tx=0).ready entity=mon.0 client_cookie=eb9f5b3aa7c3123c server_cookie=0 in_seq=0 out_seq=0
2024-05-16T15:38:25.355 INFO:teuthology.orchestra.run.smithi043.stdout:/usr/bin/ceph: stderr
2024-05-16T15:38:23.684+0000 7fc035567700 1 -- 172.21.15.43:0/4221256014 <== mon.0 v2:172.21.15.43:3300/0 1 ==== mon_map magic: 0 ==== 205+0+0 (secure 0 0 0) 0x7fc02c004160 con 0x7fc030107580
2024-05-16T15:38:25.355 INFO:teuthology.orchestra.run.smithi043.stdout:/usr/bin/ceph: stderr
2024-05-16T15:38:23.684+0000 7fc035567700 1 -- 172.21.15.43:0/4221256014 <== mon.0 v2:172.21.15.43:3300/0 2 ==== config(25 keys) ==== 1063+0+0 (secure 0 0 0) 0x7fc02c004300 con 0x7fc030107580
2024-05-16T15:38:25.355 INFO:teuthology.orchestra.run.smithi043.stdout:/usr/bin/ceph: stderr
2024-05-16T15:38:23.684+0000 7fc035567700 1 -- 172.21.15.43:0/4221256014 <== mon.0 v2:172.21.15.43:3300/0 3 ==== mon_map magic: 0 ==== 205+0+0 (secure 0 0 0) 0x7fc02c011960 con 0x7fc030107580
2024-05-16T15:38:25.355 INFO:teuthology.orchestra.run.smithi043.stdout:/usr/bin/ceph: stderr
2024-05-16T15:38:23.685+0000 7fc0387cd700 1 -- 172.21.15.43:0/4221256014 >> [v2:172.21.15.43:3300/0,v1:172.21.15.43:6789/0] conn(0x7fc030107580 msgr2=0x7fc0301079a0 secure :-1 s=STATE_CONNECTION_ESTABLISHED l=1).mark_down
2024-05-16T15:38:25.355 INFO:teuthology.orchestra.run.smithi043.stdout:/usr/bin/ceph: stderr
2024-05-16T15:38:23.685+0000 7fc0387cd700 1 --2- 172.21.15.43:0/4221256014 >> [v2:172.21.15.43:3300/0,v1:172.21.15.43:6789/0] conn(0x7fc030107580 0x7fc0301079a0 secure :-1 s=READY pgs=70 cs=0 l=1 rev1=1 crypto rx=0x7fc02c0098a0 tx=0x7fc02c009bb0 comp rx=0 tx=0).stop
2024-05-16T15:38:25.355 INFO:teuthology.orchestra.run.smithi043.stdout:/usr/bin/ceph: stderr
2024-05-16T15:38:23.685+0000 7fc0387cd700 1 -- 172.21.15.43:0/4221256014 shutdown_connections
2024-05-16T15:38:25.355 INFO:teuthology.orchestra.run.smithi043.stdout:/usr/bin/ceph: stderr
2024-05-16T15:38:23.685+0000 7fc0387cd700 1 --2- 172.21.15.43:0/4221256014 >> [v2:172.21.15.43:3300/0,v1:172.21.15.43:6789/0] conn(0x7fc030107580 0x7fc0301079a0 unknown :-1 s=CLOSED pgs=70 cs=0 l=1 rev1=1 crypto rx=0 tx=0 comp rx=0 tx=0).stop
2024-05-16T15:38:25.355 INFO:teuthology.orchestra.run.smithi043.stdout:/usr/bin/ceph: stderr
2024-05-16T15:38:23.685+0000 7fc0387cd700 1 -- 172.21.15.43:0/4221256014 >> 172.21.15.43:0/4221256014 conn(0x7fc030103140 msgr2=0x7fc030105560 unknown :-1 s=STATE_NONE l=0).mark_down
2024-05-16T15:38:25.355 INFO:teuthology.orchestra.run.smithi043.stdout:/usr/bin/ceph: stderr
2024-05-16T15:38:23.685+0000 7fc0387cd700 1 -- 172.21.15.43:0/4221256014 shutdown_connections
2024-05-16T15:38:25.355 INFO:teuthology.orchestra.run.smithi043.stdout:/usr/bin/ceph: stderr
2024-05-16T15:38:23.685+0000 7fc0387cd700 1 -- 172.21.15.43:0/4221256014 wait complete.
2024-05-16T15:38:25.356 INFO:teuthology.orchestra.run.smithi043.stdout:/usr/bin/ceph: stderr
2024-05-16T15:38:23.686+0000 7fc0387cd700 1 Processor -- start
2024-05-16T15:38:25.356 INFO:teuthology.orchestra.run.smithi043.stdout:/usr/bin/ceph: stderr
2024-05-16T15:38:23.686+0000 7fc0387cd700 1 -- start start
2024-05-16T15:38:25.356 INFO:teuthology.orchestra.run.smithi043.stdout:/usr/bin/ceph: stderr
2024-05-16T15:38:23.686+0000 7fc0387cd700 1 --2- >> [v2:172.21.15.43:3300/0,v1:172.21.15.43:6789/0] conn(0x7fc030107580 0x7fc03019ecd0 unknown :-1 s=NONE pgs=0 cs=0 l=1 rev1=0 crypto rx=0 tx=0 comp rx=0 tx=0).connect
2024-05-16T15:38:25.356 INFO:teuthology.orchestra.run.smithi043.stdout:/usr/bin/ceph: stderr
2024-05-16T15:38:23.686+0000 7fc0387cd700 1 -- --> [v2:172.21.15.43:3300/0,v1:172.21.15.43:6789/0] -- mon_getmap magic: 0 -- 0x7fc030108ef0 con 0x7fc030107580
2024-05-16T15:38:25.356 INFO:teuthology.orchestra.run.smithi043.stdout:/usr/bin/ceph: stderr
2024-05-16T15:38:23.686+0000 7fc036569700 1 --2- >> [v2:172.21.15.43:3300/0,v1:172.21.15.43:6789/0] conn(0x7fc030107580 0x7fc03019ecd0 unknown :-1 s=BANNER_CONNECTING pgs=0 cs=0 l=1 rev1=0 crypto rx=0 tx=0 comp rx=0 tx=0)._handle_peer_banner_payload supported=3 required=0
2024-05-16T15:38:25.356 INFO:teuthology.orchestra.run.smithi043.stdout:/usr/bin/ceph: stderr
2024-05-16T15:38:23.686+0000 7fc036569700 1 --2- >> [v2:172.21.15.43:3300/0,v1:172.21.15.43:6789/0] conn(0x7fc030107580 0x7fc03019ecd0 unknown :-1 s=HELLO_CONNECTING pgs=0 cs=0 l=1 rev1=1 crypto rx=0 tx=0 comp rx=0 tx=0).handle_hello peer v2:172.21.15.43:3300/0 says I am v2:172.21.15.43:43142/0 (socket says 172.21.15.43:43142)
2024-05-16T15:38:25.356 INFO:teuthology.orchestra.run.smithi043.stdout:/usr/bin/ceph: stderr
2024-05-16T15:38:23.686+0000 7fc036569700 1 -- 172.21.15.43:0/2083356500 learned_addr learned my addr 172.21.15.43:0/2083356500 (peer_addr_for_me v2:172.21.15.43:0/0)
2024-05-16T15:38:25.356 INFO:teuthology.orchestra.run.smithi043.stdout:/usr/bin/ceph: stderr
2024-05-16T15:38:23.686+0000 7fc036569700 1 -- 172.21.15.43:0/2083356500 --> [v2:172.21.15.43:3300/0,v1:172.21.15.43:6789/0] -- mon_subscribe({config=0+,monmap=0+}) -- 0x7fc03019f210 con 0x7fc030107580
2024-05-16T15:38:25.356 INFO:teuthology.orchestra.run.smithi043.stdout:/usr/bin/ceph: stderr
2024-05-16T15:38:23.686+0000 7fc036569700 1 --2- 172.21.15.43:0/2083356500 >> [v2:172.21.15.43:3300/0,v1:172.21.15.43:6789/0] conn(0x7fc030107580 0x7fc03019ecd0 secure :-1 s=READY pgs=71 cs=0 l=1 rev1=1 crypto rx=0x7fc02c011670 tx=0x7fc02c011a30 comp rx=0 tx=0).ready entity=mon.0 client_cookie=0 server_cookie=0 in_seq=0 out_seq=0
2024-05-16T15:38:25.356 INFO:teuthology.orchestra.run.smithi043.stdout:/usr/bin/ceph: stderr
2024-05-16T15:38:23.687+0000 7fc0277fe700 1 -- 172.21.15.43:0/2083356500 <== mon.0 v2:172.21.15.43:3300/0 1 ==== mon_map magic: 0 ==== 205+0+0 (secure 0 0 0) 0x7fc02c01f070 con 0x7fc030107580
2024-05-16T15:38:25.356 INFO:teuthology.orchestra.run.smithi043.stdout:/usr/bin/ceph: stderr
2024-05-16T15:38:23.687+0000 7fc0387cd700 1 -- 172.21.15.43:0/2083356500 --> [v2:172.21.15.43:3300/0,v1:172.21.15.43:6789/0] -- mon_subscribe({mgrmap=0+}) -- 0x7fc03019f4a0 con 0x7fc030107580
2024-05-16T15:38:25.356 INFO:teuthology.orchestra.run.smithi043.stdout:/usr/bin/ceph: stderr
2024-05-16T15:38:23.687+0000 7fc0277fe700 1 -- 172.21.15.43:0/2083356500 <== mon.0 v2:172.21.15.43:3300/0 2 ==== config(25 keys) ==== 1063+0+0 (secure 0 0 0) 0x7fc02c003b20 con 0x7fc030107580
2024-05-16T15:38:25.356 INFO:teuthology.orchestra.run.smithi043.stdout:/usr/bin/ceph: stderr
2024-05-16T15:38:23.687+0000 7fc0277fe700 1 -- 172.21.15.43:0/2083356500 <== mon.0 v2:172.21.15.43:3300/0 3 ==== mon_map magic: 0 ==== 205+0+0 (secure 0 0 0) 0x7fc02c0195f0 con 0x7fc030107580
2024-05-16T15:38:25.357 INFO:teuthology.orchestra.run.smithi043.stdout:/usr/bin/ceph: stderr
2024-05-16T15:38:23.687+0000 7fc0387cd700 1 -- 172.21.15.43:0/2083356500 --> [v2:172.21.15.43:3300/0,v1:172.21.15.43:6789/0] -- mon_subscribe({osdmap=0}) -- 0x7fc0301a2180 con 0x7fc030107580
2024-05-16T15:38:25.357 INFO:teuthology.orchestra.run.smithi043.stdout:/usr/bin/ceph: stderr
2024-05-16T15:38:23.688+0000 7fc0387cd700 1 -- 172.21.15.43:0/2083356500 --> [v2:172.21.15.43:3300/0,v1:172.21.15.43:6789/0] -- mon_command({"prefix": "get_command_descriptions"} v 0) -- 0x7fc030064b00 con 0x7fc030107580
2024-05-16T15:38:25.357 INFO:teuthology.orchestra.run.smithi043.stdout:/usr/bin/ceph: stderr
2024-05-16T15:38:23.688+0000 7fc0277fe700 1 -- 172.21.15.43:0/2083356500 <== mon.0 v2:172.21.15.43:3300/0 4 ==== mgrmap(e 12) ==== 50235+0+0 (secure 0 0 0) 0x7fc02c022070 con 0x7fc030107580
2024-05-16T15:38:25.357 INFO:teuthology.orchestra.run.smithi043.stdout:/usr/bin/ceph: stderr
2024-05-16T15:38:23.688+0000 7fc0277fe700 1 --2- 172.21.15.43:0/2083356500 >> [v2:172.21.15.43:6800/198025071,v1:172.21.15.43:6801/198025071] conn(0x7fc01c03e4c0 0x7fc01c040980 unknown :-1 s=NONE pgs=0 cs=0 l=1 rev1=0 crypto rx=0 tx=0 comp rx=0 tx=0).connect
2024-05-16T15:38:25.357 INFO:teuthology.orchestra.run.smithi043.stdout:/usr/bin/ceph: stderr
2024-05-16T15:38:23.688+0000 7fc0277fe700 1 -- 172.21.15.43:0/2083356500 <== mon.0 v2:172.21.15.43:3300/0 5 ==== osd_map(3..3 src has 1..3) ==== 1155+0+0 (secure 0 0 0) 0x7fc02c053bd0 con 0x7fc030107580
2024-05-16T15:38:25.357 INFO:teuthology.orchestra.run.smithi043.stdout:/usr/bin/ceph: stderr
2024-05-16T15:38:23.688+0000 7fc035d68700 1 --2- 172.21.15.43:0/2083356500 >> [v2:172.21.15.43:6800/198025071,v1:172.21.15.43:6801/198025071] conn(0x7fc01c03e4c0 0x7fc01c040980 unknown :-1 s=BANNER_CONNECTING pgs=0 cs=0 l=1 rev1=0 crypto rx=0 tx=0 comp rx=0 tx=0)._handle_peer_banner_payload supported=3 required=0
2024-05-16T15:38:25.357 INFO:teuthology.orchestra.run.smithi043.stdout:/usr/bin/ceph: stderr
2024-05-16T15:38:23.689+0000 7fc035d68700 1 --2- 172.21.15.43:0/2083356500 >> [v2:172.21.15.43:6800/198025071,v1:172.21.15.43:6801/198025071] conn(0x7fc01c03e4c0 0x7fc01c040980 secure :-1 s=READY pgs=8 cs=0 l=1 rev1=1 crypto rx=0x7fc020006fd0 tx=0x7fc020006e40 comp rx=0 tx=0).ready entity=mgr.14150 client_cookie=0 server_cookie=0 in_seq=0 out_seq=0
2024-05-16T15:38:25.357 INFO:teuthology.orchestra.run.smithi043.stdout:/usr/bin/ceph: stderr
2024-05-16T15:38:23.693+0000 7fc0277fe700 1 -- 172.21.15.43:0/2083356500 <== mon.0 v2:172.21.15.43:3300/0 6 ==== mon_command_ack([{"prefix": "get_command_descriptions"}]=0 v0) ==== 72+0+191839 (secure 0 0 0) 0x7fc02c0172b0 con 0x7fc030107580
2024-05-16T15:38:25.357 INFO:teuthology.orchestra.run.smithi043.stdout:/usr/bin/ceph: stderr
2024-05-16T15:38:23.934+0000 7fc0387cd700 1 -- 172.21.15.43:0/2083356500 --> [v2:172.21.15.43:6800/198025071,v1:172.21.15.43:6801/198025071] -- mgr_command(tid 0: {"prefix": "dashboard ac-user-create", "username": "admin", "rolename": "administrator", "force_password": true, "pwd_update_required": true, "target": ["mon-mgr", ""]}) -- 0x7fc030198630 con 0x7fc01c03e4c0
2024-05-16T15:38:25.357 INFO:teuthology.orchestra.run.smithi043.stdout:/usr/bin/ceph: stderr
2024-05-16T15:38:24.181+0000 7fc0277fe700 1 -- 172.21.15.43:0/2083356500 <== mgr.14150 v2:172.21.15.43:6800/198025071 1 ==== mgr_command_reply(tid 0: 0 ) ==== 8+0+252 (secure 0 0 0) 0x7fc030198630 con 0x7fc01c03e4c0
2024-05-16T15:38:25.357 INFO:teuthology.orchestra.run.smithi043.stdout:/usr/bin/ceph: stderr
2024-05-16T15:38:24.183+0000 7fc0387cd700 1 -- 172.21.15.43:0/2083356500 >> [v2:172.21.15.43:6800/198025071,v1:172.21.15.43:6801/198025071] conn(0x7fc01c03e4c0 msgr2=0x7fc01c040980 secure :-1 s=STATE_CONNECTION_ESTABLISHED l=1).mark_down
2024-05-16T15:38:25.357 INFO:teuthology.orchestra.run.smithi043.stdout:/usr/bin/ceph: stderr
2024-05-16T15:38:24.183+0000 7fc0387cd700 1 --2- 172.21.15.43:0/2083356500 >> [v2:172.21.15.43:6800/198025071,v1:172.21.15.43:6801/198025071] conn(0x7fc01c03e4c0 0x7fc01c040980 secure :-1 s=READY pgs=8 cs=0 l=1 rev1=1 crypto rx=0x7fc020006fd0 tx=0x7fc020006e40 comp rx=0 tx=0).stop
2024-05-16T15:38:25.357 INFO:teuthology.orchestra.run.smithi043.stdout:/usr/bin/ceph: stderr
2024-05-16T15:38:24.183+0000 7fc0387cd700 1 -- 172.21.15.43:0/2083356500 >> [v2:172.21.15.43:3300/0,v1:172.21.15.43:6789/0] conn(0x7fc030107580 msgr2=0x7fc03019ecd0 secure :-1 s=STATE_CONNECTION_ESTABLISHED l=1).mark_down
2024-05-16T15:38:25.357 INFO:teuthology.orchestra.run.smithi043.stdout:/usr/bin/ceph: stderr
2024-05-16T15:38:24.183+0000 7fc0387cd700 1 --2- 172.21.15.43:0/2083356500 >> [v2:172.21.15.43:3300/0,v1:172.21.15.43:6789/0] conn(0x7fc030107580 0x7fc03019ecd0 secure :-1 s=READY pgs=71 cs=0 l=1 rev1=1 crypto rx=0x7fc02c011670 tx=0x7fc02c011a30 comp rx=0 tx=0).stop
2024-05-16T15:38:25.358 INFO:teuthology.orchestra.run.smithi043.stdout:/usr/bin/ceph: stderr
2024-05-16T15:38:24.183+0000 7fc0387cd700 1 -- 172.21.15.43:0/2083356500 shutdown_connections
2024-05-16T15:38:25.358 INFO:teuthology.orchestra.run.smithi043.stdout:/usr/bin/ceph: stderr
2024-05-16T15:38:24.183+0000 7fc0387cd700 1 --2- 172.21.15.43:0/2083356500 >> [v2:172.21.15.43:6800/198025071,v1:172.21.15.43:6801/198025071] conn(0x7fc01c03e4c0 0x7fc01c040980 unknown :-1 s=CLOSED pgs=8 cs=0 l=1 rev1=1 crypto rx=0 tx=0 comp rx=0 tx=0).stop
2024-05-16T15:38:25.358 INFO:teuthology.orchestra.run.smithi043.stdout:/usr/bin/ceph: stderr
2024-05-16T15:38:24.183+0000 7fc0387cd700 1 --2- 172.21.15.43:0/2083356500 >> [v2:172.21.15.43:3300/0,v1:172.21.15.43:6789/0] conn(0x7fc030107580 0x7fc03019ecd0 unknown :-1 s=CLOSED pgs=71 cs=0 l=1 rev1=1 crypto rx=0 tx=0 comp rx=0 tx=0).stop
2024-05-16T15:38:25.358 INFO:teuthology.orchestra.run.smithi043.stdout:/usr/bin/ceph: stderr
2024-05-16T15:38:24.183+0000 7fc0387cd700 1 -- 172.21.15.43:0/2083356500 >> 172.21.15.43:0/2083356500 conn(0x7fc030103140 msgr2=0x7fc030193070 unknown :-1 s=STATE_NONE l=0).mark_down
2024-05-16T15:38:25.358 INFO:teuthology.orchestra.run.smithi043.stdout:/usr/bin/ceph: stderr
2024-05-16T15:38:24.183+0000 7fc0387cd700 1 -- 172.21.15.43:0/2083356500 shutdown_connections
2024-05-16T15:38:25.358 INFO:teuthology.orchestra.run.smithi043.stdout:/usr/bin/ceph: stderr
2024-05-16T15:38:24.183+0000 7fc0387cd700 1 -- 172.21.15.43:0/2083356500 wait complete.
2024-05-16T15:38:25.358 INFO:teuthology.orchestra.run.smithi043.stdout:Fetching dashboard port number...
2024-05-16T15:38:25.455 INFO:journalctl@ceph.mon.a.smithi043.stdout:May 16 15:38:25 smithi043 ceph-mon[31619]: from='client.14164 -' entity='client.admin' cmd=[{"prefix": "dashboard ac-user-create", "username": "admin", "rolename": "administrator", "force_password": true, "pwd_update_required": true, "target": ["mon-mgr", ""]}]: dispatch
2024-05-16T15:38:26.544 INFO:journalctl@ceph.mon.a.smithi043.stdout:May 16 15:38:26 smithi043 ceph-mon[31619]: from='client.? 172.21.15.43:0/341564397' entity='client.admin' cmd=[{"prefix": "config get", "who": "mgr", "key": "mgr/dashboard/ssl_server_port"}]: dispatch
2024-05-16T15:38:26.553 INFO:teuthology.orchestra.run.smithi043.stdout:/usr/bin/ceph: stdout 8443
2024-05-16T15:38:26.553 INFO:teuthology.orchestra.run.smithi043.stdout:/usr/bin/ceph: stderr
2024-05-16T15:38:25.743+0000 7f8c369ae700 1 Processor -- start
2024-05-16T15:38:26.553 INFO:teuthology.orchestra.run.smithi043.stdout:/usr/bin/ceph: stderr
2024-05-16T15:38:25.743+0000 7f8c369ae700 1 -- start start
2024-05-16T15:38:26.553 INFO:teuthology.orchestra.run.smithi043.stdout:/usr/bin/ceph: stderr
2024-05-16T15:38:25.743+0000 7f8c369ae700 1 --2- >> [v2:172.21.15.43:3300/0,v1:172.21.15.43:6789/0] conn(0x7f8c30109750 0x7f8c3010bb40 unknown :-1 s=NONE pgs=0 cs=0 l=0 rev1=0 crypto rx=0 tx=0 comp rx=0 tx=0).connect
2024-05-16T15:38:26.553 INFO:teuthology.orchestra.run.smithi043.stdout:/usr/bin/ceph: stderr
2024-05-16T15:38:25.743+0000 7f8c369ae700 1 -- --> [v2:172.21.15.43:3300/0,v1:172.21.15.43:6789/0] -- mon_getmap magic: 0 -- 0x7f8c3007ce10 con 0x7f8c30109750
2024-05-16T15:38:26.553 INFO:teuthology.orchestra.run.smithi043.stdout:/usr/bin/ceph: stderr
2024-05-16T15:38:25.743+0000 7f8c2ffff700 1 --2- >> [v2:172.21.15.43:3300/0,v1:172.21.15.43:6789/0] conn(0x7f8c30109750 0x7f8c3010bb40 unknown :-1 s=BANNER_CONNECTING pgs=0 cs=0 l=0 rev1=0 crypto rx=0 tx=0 comp rx=0 tx=0)._handle_peer_banner_payload supported=3 required=0
2024-05-16T15:38:26.553 INFO:teuthology.orchestra.run.smithi043.stdout:/usr/bin/ceph: stderr
2024-05-16T15:38:25.743+0000 7f8c2ffff700 1 --2- >> [v2:172.21.15.43:3300/0,v1:172.21.15.43:6789/0] conn(0x7f8c30109750 0x7f8c3010bb40 unknown :-1 s=HELLO_CONNECTING pgs=0 cs=0 l=0 rev1=1 crypto rx=0 tx=0 comp rx=0 tx=0).handle_hello peer v2:172.21.15.43:3300/0 says I am v2:172.21.15.43:50690/0 (socket says 172.21.15.43:50690)
2024-05-16T15:38:26.553 INFO:teuthology.orchestra.run.smithi043.stdout:/usr/bin/ceph: stderr
2024-05-16T15:38:25.743+0000 7f8c2ffff700 1 -- 172.21.15.43:0/3239590077 learned_addr learned my addr 172.21.15.43:0/3239590077 (peer_addr_for_me v2:172.21.15.43:0/0)
2024-05-16T15:38:26.553 INFO:teuthology.orchestra.run.smithi043.stdout:/usr/bin/ceph: stderr
2024-05-16T15:38:25.743+0000 7f8c2ffff700 1 -- 172.21.15.43:0/3239590077 --> [v2:172.21.15.43:3300/0,v1:172.21.15.43:6789/0] -- mon_subscribe({config=0+,monmap=0+}) -- 0x7f8c3010c080 con 0x7f8c30109750
2024-05-16T15:38:26.554 INFO:teuthology.orchestra.run.smithi043.stdout:/usr/bin/ceph: stderr
2024-05-16T15:38:25.743+0000 7f8c2ffff700 1 --2- 172.21.15.43:0/3239590077 >> [v2:172.21.15.43:3300/0,v1:172.21.15.43:6789/0] conn(0x7f8c30109750 0x7f8c3010bb40 secure :-1 s=READY pgs=72 cs=0 l=1 rev1=1 crypto rx=0x7f8c200098a0 tx=0x7f8c20009bb0 comp rx=0 tx=0).ready entity=mon.0 client_cookie=9c86f6a84f3df24f server_cookie=0 in_seq=0 out_seq=0
2024-05-16T15:38:26.554 INFO:teuthology.orchestra.run.smithi043.stdout:/usr/bin/ceph: stderr
2024-05-16T15:38:25.744+0000 7f8c2f7fe700 1 -- 172.21.15.43:0/3239590077 <== mon.0 v2:172.21.15.43:3300/0 1 ==== mon_map magic: 0 ==== 205+0+0 (secure 0 0 0) 0x7f8c20004160 con 0x7f8c30109750
2024-05-16T15:38:26.554 INFO:teuthology.orchestra.run.smithi043.stdout:/usr/bin/ceph: stderr
2024-05-16T15:38:25.744+0000 7f8c2f7fe700 1 -- 172.21.15.43:0/3239590077 <== mon.0 v2:172.21.15.43:3300/0 2 ==== config(25 keys) ==== 1063+0+0 (secure 0 0 0) 0x7f8c20004300 con 0x7f8c30109750
2024-05-16T15:38:26.554 INFO:teuthology.orchestra.run.smithi043.stdout:/usr/bin/ceph: stderr
2024-05-16T15:38:25.744+0000 7f8c2f7fe700 1 -- 172.21.15.43:0/3239590077 <== mon.0 v2:172.21.15.43:3300/0 3 ==== mon_map magic: 0 ==== 205+0+0 (secure 0 0 0) 0x7f8c20011960 con 0x7f8c30109750
2024-05-16T15:38:26.554 INFO:teuthology.orchestra.run.smithi043.stdout:/usr/bin/ceph: stderr
2024-05-16T15:38:25.744+0000 7f8c369ae700 1 -- 172.21.15.43:0/3239590077 >> [v2:172.21.15.43:3300/0,v1:172.21.15.43:6789/0] conn(0x7f8c30109750 msgr2=0x7f8c3010bb40 secure :-1 s=STATE_CONNECTION_ESTABLISHED l=1).mark_down
2024-05-16T15:38:26.554 INFO:teuthology.orchestra.run.smithi043.stdout:/usr/bin/ceph: stderr
2024-05-16T15:38:25.744+0000 7f8c369ae700 1 --2- 172.21.15.43:0/3239590077 >> [v2:172.21.15.43:3300/0,v1:172.21.15.43:6789/0] conn(0x7f8c30109750 0x7f8c3010bb40 secure :-1 s=READY pgs=72 cs=0 l=1 rev1=1 crypto rx=0x7f8c200098a0 tx=0x7f8c20009bb0 comp rx=0 tx=0).stop
2024-05-16T15:38:26.554 INFO:teuthology.orchestra.run.smithi043.stdout:/usr/bin/ceph: stderr
2024-05-16T15:38:25.744+0000 7f8c369ae700 1 -- 172.21.15.43:0/3239590077 shutdown_connections
2024-05-16T15:38:26.554 INFO:teuthology.orchestra.run.smithi043.stdout:/usr/bin/ceph: stderr
2024-05-16T15:38:25.744+0000 7f8c369ae700 1 --2- 172.21.15.43:0/3239590077 >> [v2:172.21.15.43:3300/0,v1:172.21.15.43:6789/0] conn(0x7f8c30109750 0x7f8c3010bb40 unknown :-1 s=CLOSED pgs=72 cs=0 l=1 rev1=1 crypto rx=0 tx=0 comp rx=0 tx=0).stop
2024-05-16T15:38:26.554 INFO:teuthology.orchestra.run.smithi043.stdout:/usr/bin/ceph: stderr
2024-05-16T15:38:25.744+0000 7f8c369ae700 1 -- 172.21.15.43:0/3239590077 >> 172.21.15.43:0/3239590077 conn(0x7f8c30103140 msgr2=0x7f8c30105560 unknown :-1 s=STATE_NONE l=0).mark_down
2024-05-16T15:38:26.554 INFO:teuthology.orchestra.run.smithi043.stdout:/usr/bin/ceph: stderr
2024-05-16T15:38:25.744+0000 7f8c369ae700 1 -- 172.21.15.43:0/3239590077 shutdown_connections
2024-05-16T15:38:26.554 INFO:teuthology.orchestra.run.smithi043.stdout:/usr/bin/ceph: stderr
2024-05-16T15:38:25.744+0000 7f8c369ae700 1 -- 172.21.15.43:0/3239590077 wait complete.
2024-05-16T15:38:26.554 INFO:teuthology.orchestra.run.smithi043.stdout:/usr/bin/ceph: stderr
2024-05-16T15:38:25.745+0000 7f8c369ae700 1 Processor -- start
2024-05-16T15:38:26.554 INFO:teuthology.orchestra.run.smithi043.stdout:/usr/bin/ceph: stderr
2024-05-16T15:38:25.745+0000 7f8c369ae700 1 -- start start
2024-05-16T15:38:26.555 INFO:teuthology.orchestra.run.smithi043.stdout:/usr/bin/ceph: stderr
2024-05-16T15:38:25.745+0000 7f8c369ae700 1 --2- >> [v2:172.21.15.43:3300/0,v1:172.21.15.43:6789/0] conn(0x7f8c30109750 0x7f8c30108fd0 unknown :-1 s=NONE pgs=0 cs=0 l=1 rev1=0 crypto rx=0 tx=0 comp rx=0 tx=0).connect
2024-05-16T15:38:26.555 INFO:teuthology.orchestra.run.smithi043.stdout:/usr/bin/ceph: stderr
2024-05-16T15:38:25.745+0000 7f8c369ae700 1 -- --> [v2:172.21.15.43:3300/0,v1:172.21.15.43:6789/0] -- mon_getmap magic: 0 -- 0x7f8c3010cfd0 con 0x7f8c30109750
2024-05-16T15:38:26.555 INFO:teuthology.orchestra.run.smithi043.stdout:/usr/bin/ceph: stderr
2024-05-16T15:38:25.745+0000 7f8c2ffff700 1 --2- >> [v2:172.21.15.43:3300/0,v1:172.21.15.43:6789/0] conn(0x7f8c30109750 0x7f8c30108fd0 unknown :-1 s=BANNER_CONNECTING pgs=0 cs=0 l=1 rev1=0 crypto rx=0 tx=0 comp rx=0 tx=0)._handle_peer_banner_payload supported=3 required=0
2024-05-16T15:38:26.555 INFO:teuthology.orchestra.run.smithi043.stdout:/usr/bin/ceph: stderr
2024-05-16T15:38:25.745+0000 7f8c2ffff700 1 --2- >> [v2:172.21.15.43:3300/0,v1:172.21.15.43:6789/0] conn(0x7f8c30109750 0x7f8c30108fd0 unknown :-1 s=HELLO_CONNECTING pgs=0 cs=0 l=1 rev1=1 crypto rx=0 tx=0 comp rx=0 tx=0).handle_hello peer v2:172.21.15.43:3300/0 says I am v2:172.21.15.43:50698/0 (socket says 172.21.15.43:50698)
2024-05-16T15:38:26.555 INFO:teuthology.orchestra.run.smithi043.stdout:/usr/bin/ceph: stderr
2024-05-16T15:38:25.745+0000 7f8c2ffff700 1 -- 172.21.15.43:0/341564397 learned_addr learned my addr 172.21.15.43:0/341564397 (peer_addr_for_me v2:172.21.15.43:0/0)
2024-05-16T15:38:26.555 INFO:teuthology.orchestra.run.smithi043.stdout:/usr/bin/ceph: stderr
2024-05-16T15:38:25.745+0000 7f8c2ffff700 1 -- 172.21.15.43:0/341564397 --> [v2:172.21.15.43:3300/0,v1:172.21.15.43:6789/0] -- mon_subscribe({config=0+,monmap=0+}) -- 0x7f8c30109510 con 0x7f8c30109750
2024-05-16T15:38:26.555 INFO:teuthology.orchestra.run.smithi043.stdout:/usr/bin/ceph: stderr
2024-05-16T15:38:25.746+0000 7f8c2ffff700 1 --2- 172.21.15.43:0/341564397 >> [v2:172.21.15.43:3300/0,v1:172.21.15.43:6789/0] conn(0x7f8c30109750 0x7f8c30108fd0 secure :-1 s=READY pgs=73 cs=0 l=1 rev1=1 crypto rx=0x7f8c20003e50 tx=0x7f8c20011a30 comp rx=0 tx=0).ready entity=mon.0 client_cookie=0 server_cookie=0 in_seq=0 out_seq=0
2024-05-16T15:38:26.555 INFO:teuthology.orchestra.run.smithi043.stdout:/usr/bin/ceph: stderr
2024-05-16T15:38:25.746+0000 7f8c2dffb700 1 -- 172.21.15.43:0/341564397 <== mon.0 v2:172.21.15.43:3300/0 1 ==== mon_map magic: 0 ==== 205+0+0 (secure 0 0 0) 0x7f8c20003a60 con 0x7f8c30109750
2024-05-16T15:38:26.555 INFO:teuthology.orchestra.run.smithi043.stdout:/usr/bin/ceph: stderr
2024-05-16T15:38:25.746+0000 7f8c2dffb700 1 -- 172.21.15.43:0/341564397 <== mon.0 v2:172.21.15.43:3300/0 2 ==== config(25 keys) ==== 1063+0+0 (secure 0 0 0) 0x7f8c2001b8d0 con 0x7f8c30109750
2024-05-16T15:38:26.555 INFO:teuthology.orchestra.run.smithi043.stdout:/usr/bin/ceph: stderr
2024-05-16T15:38:25.746+0000 7f8c369ae700 1 -- 172.21.15.43:0/341564397 --> [v2:172.21.15.43:3300/0,v1:172.21.15.43:6789/0] -- mon_subscribe({mgrmap=0+}) -- 0x7f8c30107700 con 0x7f8c30109750
2024-05-16T15:38:26.555 INFO:teuthology.orchestra.run.smithi043.stdout:/usr/bin/ceph: stderr
2024-05-16T15:38:25.746+0000 7f8c2dffb700 1 -- 172.21.15.43:0/341564397 <== mon.0 v2:172.21.15.43:3300/0 3 ==== mon_map magic: 0 ==== 205+0+0 (secure 0 0 0) 0x7f8c200237d0 con 0x7f8c30109750
2024-05-16T15:38:26.556 INFO:teuthology.orchestra.run.smithi043.stdout:/usr/bin/ceph: stderr
2024-05-16T15:38:25.746+0000 7f8c369ae700 1 -- 172.21.15.43:0/341564397 --> [v2:172.21.15.43:3300/0,v1:172.21.15.43:6789/0] -- mon_subscribe({osdmap=0}) -- 0x7f8c30107c40 con 0x7f8c30109750
2024-05-16T15:38:26.556 INFO:teuthology.orchestra.run.smithi043.stdout:/usr/bin/ceph: stderr
2024-05-16T15:38:25.747+0000 7f8c2dffb700 1 -- 172.21.15.43:0/341564397 <== mon.0 v2:172.21.15.43:3300/0 4 ==== mgrmap(e 12) ==== 50235+0+0 (secure 0 0 0) 0x7f8c2002c3f0 con 0x7f8c30109750
2024-05-16T15:38:26.556 INFO:teuthology.orchestra.run.smithi043.stdout:/usr/bin/ceph: stderr
2024-05-16T15:38:25.747+0000 7f8c369ae700 1 -- 172.21.15.43:0/341564397 --> [v2:172.21.15.43:3300/0,v1:172.21.15.43:6789/0] -- mon_command({"prefix": "get_command_descriptions"} v 0) -- 0x7f8c30064b00 con 0x7f8c30109750
2024-05-16T15:38:26.556 INFO:teuthology.orchestra.run.smithi043.stdout:/usr/bin/ceph: stderr
2024-05-16T15:38:25.747+0000 7f8c2dffb700 1 --2- 172.21.15.43:0/341564397 >> [v2:172.21.15.43:6800/198025071,v1:172.21.15.43:6801/198025071] conn(0x7f8c1c03e470 0x7f8c1c040930 unknown :-1 s=NONE pgs=0 cs=0 l=1 rev1=0 crypto rx=0 tx=0 comp rx=0 tx=0).connect
2024-05-16T15:38:26.556 INFO:teuthology.orchestra.run.smithi043.stdout:/usr/bin/ceph: stderr
2024-05-16T15:38:25.747+0000 7f8c2dffb700 1 -- 172.21.15.43:0/341564397 <== mon.0 v2:172.21.15.43:3300/0 5 ==== osd_map(3..3 src has 1..3) ==== 1155+0+0 (secure 0 0 0) 0x7f8c20054230 con 0x7f8c30109750
2024-05-16T15:38:26.556 INFO:teuthology.orchestra.run.smithi043.stdout:/usr/bin/ceph: stderr
2024-05-16T15:38:25.747+0000 7f8c27fff700 1 --2- 172.21.15.43:0/341564397 >> [v2:172.21.15.43:6800/198025071,v1:172.21.15.43:6801/198025071] conn(0x7f8c1c03e470 0x7f8c1c040930 unknown :-1 s=BANNER_CONNECTING pgs=0 cs=0 l=1 rev1=0 crypto rx=0 tx=0 comp rx=0 tx=0)._handle_peer_banner_payload supported=3 required=0
2024-05-16T15:38:26.556 INFO:teuthology.orchestra.run.smithi043.stdout:/usr/bin/ceph: stderr
2024-05-16T15:38:25.748+0000 7f8c27fff700 1 --2- 172.21.15.43:0/341564397 >> [v2:172.21.15.43:6800/198025071,v1:172.21.15.43:6801/198025071] conn(0x7f8c1c03e470 0x7f8c1c040930 secure :-1 s=READY pgs=9 cs=0 l=1 rev1=1 crypto rx=0x7f8c18006fd0 tx=0x7f8c18006e40 comp rx=0 tx=0).ready entity=mgr.14150 client_cookie=0 server_cookie=0 in_seq=0 out_seq=0
2024-05-16T15:38:26.556 INFO:teuthology.orchestra.run.smithi043.stdout:/usr/bin/ceph: stderr
2024-05-16T15:38:25.752+0000 7f8c2dffb700 1 -- 172.21.15.43:0/341564397 <== mon.0 v2:172.21.15.43:3300/0 6 ==== mon_command_ack([{"prefix": "get_command_descriptions"}]=0 v0) ==== 72+0+191839 (secure 0 0 0) 0x7f8c2001f030 con 0x7f8c30109750
2024-05-16T15:38:26.556 INFO:teuthology.orchestra.run.smithi043.stdout:/usr/bin/ceph: stderr
2024-05-16T15:38:25.970+0000 7f8c369ae700 1 -- 172.21.15.43:0/341564397 --> [v2:172.21.15.43:3300/0,v1:172.21.15.43:6789/0] -- mon_command({"prefix": "config get", "who": "mgr", "key": "mgr/dashboard/ssl_server_port"} v 0) -- 0x7f8c30107ec0 con 0x7f8c30109750
2024-05-16T15:38:26.556 INFO:teuthology.orchestra.run.smithi043.stdout:/usr/bin/ceph: stderr
2024-05-16T15:38:25.971+0000 7f8c2dffb700 1 -- 172.21.15.43:0/341564397 <== mon.0 v2:172.21.15.43:3300/0 7 ==== mon_command_ack([{"prefix": "config get", "who": "mgr", "key": "mgr/dashboard/ssl_server_port"}]=0 v8) ==== 112+0+5 (secure 0 0 0) 0x7f8c200202b0 con 0x7f8c30109750
2024-05-16T15:38:26.556 INFO:teuthology.orchestra.run.smithi043.stdout:/usr/bin/ceph: stderr
2024-05-16T15:38:25.973+0000 7f8c369ae700 1 -- 172.21.15.43:0/341564397 >> [v2:172.21.15.43:6800/198025071,v1:172.21.15.43:6801/198025071] conn(0x7f8c1c03e470 msgr2=0x7f8c1c040930 secure :-1 s=STATE_CONNECTION_ESTABLISHED l=1).mark_down
2024-05-16T15:38:26.556 INFO:teuthology.orchestra.run.smithi043.stdout:/usr/bin/ceph: stderr
2024-05-16T15:38:25.973+0000 7f8c369ae700 1 --2- 172.21.15.43:0/341564397 >> [v2:172.21.15.43:6800/198025071,v1:172.21.15.43:6801/198025071] conn(0x7f8c1c03e470 0x7f8c1c040930 secure :-1 s=READY pgs=9 cs=0 l=1 rev1=1 crypto rx=0x7f8c18006fd0 tx=0x7f8c18006e40 comp rx=0 tx=0).stop
2024-05-16T15:38:26.556 INFO:teuthology.orchestra.run.smithi043.stdout:/usr/bin/ceph: stderr
2024-05-16T15:38:25.973+0000 7f8c369ae700 1 -- 172.21.15.43:0/341564397 >> [v2:172.21.15.43:3300/0,v1:172.21.15.43:6789/0] conn(0x7f8c30109750 msgr2=0x7f8c30108fd0 secure :-1 s=STATE_CONNECTION_ESTABLISHED l=1).mark_down
