2023-07-12T15:23:45.335 INFO:teuthology.orchestra.run.smithi069.stdout:/usr/bin/ceph: stdout {
2023-07-12T15:23:45.337 INFO:teuthology.orchestra.run.smithi069.stdout:/usr/bin/ceph: stdout "mgrmap_epoch": 11,
2023-07-12T15:23:45.337 INFO:teuthology.orchestra.run.smithi069.stdout:/usr/bin/ceph: stdout "initialized": true
2023-07-12T15:23:45.338 INFO:teuthology.orchestra.run.smithi069.stdout:/usr/bin/ceph: stdout }
2023-07-12T15:23:45.338 INFO:teuthology.orchestra.run.smithi069.stdout:/usr/bin/ceph: stderr
2023-07-12T15:23:39.075+0000 7fef5d065700 1 Processor -- start
2023-07-12T15:23:45.338 INFO:teuthology.orchestra.run.smithi069.stdout:/usr/bin/ceph: stderr
2023-07-12T15:23:39.075+0000 7fef5d065700 1 -- start start
2023-07-12T15:23:45.338 INFO:teuthology.orchestra.run.smithi069.stdout:/usr/bin/ceph: stderr
2023-07-12T15:23:39.075+0000 7fef5d065700 1 --2- >> [v2:172.21.15.69:3300/0,v1:172.21.15.69:6789/0] conn(0x7fef58102860 0x7fef58102c70 unknown :-1 s=NONE pgs=0 cs=0 l=0 rev1=0 crypto rx=0 tx=0 comp rx=0 tx=0).connect
2023-07-12T15:23:45.338 INFO:teuthology.orchestra.run.smithi069.stdout:/usr/bin/ceph: stderr
2023-07-12T15:23:39.075+0000 7fef5d065700 1 -- --> [v2:172.21.15.69:3300/0,v1:172.21.15.69:6789/0] -- mon_getmap magic: 0 v1 -- 0x7fef58077e60 con 0x7fef58102860
2023-07-12T15:23:45.338 INFO:teuthology.orchestra.run.smithi069.stdout:/usr/bin/ceph: stderr
2023-07-12T15:23:39.075+0000 7fef56d9d700 1 --2- >> [v2:172.21.15.69:3300/0,v1:172.21.15.69:6789/0] conn(0x7fef58102860 0x7fef58102c70 unknown :-1 s=BANNER_CONNECTING pgs=0 cs=0 l=0 rev1=0 crypto rx=0 tx=0 comp rx=0 tx=0)._handle_peer_banner_payload supported=3 required=0
2023-07-12T15:23:45.338 INFO:teuthology.orchestra.run.smithi069.stdout:/usr/bin/ceph: stderr
2023-07-12T15:23:39.075+0000 7fef56d9d700 1 --2- >> [v2:172.21.15.69:3300/0,v1:172.21.15.69:6789/0] conn(0x7fef58102860 0x7fef58102c70 unknown :-1 s=HELLO_CONNECTING pgs=0 cs=0 l=0 rev1=1 crypto rx=0 tx=0 comp rx=0 tx=0).handle_hello peer v2:172.21.15.69:3300/0 says I am v2:172.21.15.69:39764/0 (socket says 172.21.15.69:39764)
2023-07-12T15:23:45.339 INFO:teuthology.orchestra.run.smithi069.stdout:/usr/bin/ceph: stderr
2023-07-12T15:23:39.075+0000 7fef56d9d700 1 -- 172.21.15.69:0/68658425 learned_addr learned my addr 172.21.15.69:0/68658425 (peer_addr_for_me v2:172.21.15.69:0/0)
2023-07-12T15:23:45.339 INFO:teuthology.orchestra.run.smithi069.stdout:/usr/bin/ceph: stderr
2023-07-12T15:23:39.076+0000 7fef56d9d700 1 -- 172.21.15.69:0/68658425 --> [v2:172.21.15.69:3300/0,v1:172.21.15.69:6789/0] -- mon_subscribe({config=0+,monmap=0+}) v3 -- 0x7fef581031b0 con 0x7fef58102860
2023-07-12T15:23:45.339 INFO:teuthology.orchestra.run.smithi069.stdout:/usr/bin/ceph: stderr
2023-07-12T15:23:39.076+0000 7fef56d9d700 1 --2- 172.21.15.69:0/68658425 >> [v2:172.21.15.69:3300/0,v1:172.21.15.69:6789/0] conn(0x7fef58102860 0x7fef58102c70 secure :-1 s=READY pgs=61 cs=0 l=1 rev1=1 crypto rx=0x7fef480098a0 tx=0x7fef48009bb0 comp rx=0 tx=0).ready entity=mon.0 client_cookie=89fb30b5ec8b8fb0 server_cookie=0 in_seq=0 out_seq=0
2023-07-12T15:23:45.343 INFO:teuthology.orchestra.run.smithi069.stdout:/usr/bin/ceph: stderr
2023-07-12T15:23:39.076+0000 7fef55d9b700 1 -- 172.21.15.69:0/68658425 <== mon.0 v2:172.21.15.69:3300/0 1 ==== mon_map magic: 0 v1 ==== 205+0+0 (secure 0 0 0) 0x7fef48004160 con 0x7fef58102860
2023-07-12T15:23:45.344 INFO:teuthology.orchestra.run.smithi069.stdout:/usr/bin/ceph: stderr
2023-07-12T15:23:39.076+0000 7fef55d9b700 1 -- 172.21.15.69:0/68658425 <== mon.0 v2:172.21.15.69:3300/0 2 ==== config(25 keys) v1 ==== 1058+0+0 (secure 0 0 0) 0x7fef480042c0 con 0x7fef58102860
2023-07-12T15:23:45.344 INFO:teuthology.orchestra.run.smithi069.stdout:/usr/bin/ceph: stderr
2023-07-12T15:23:39.076+0000 7fef55d9b700 1 -- 172.21.15.69:0/68658425 <== mon.0 v2:172.21.15.69:3300/0 3 ==== mon_map magic: 0 v1 ==== 205+0+0 (secure 0 0 0) 0x7fef480118c0 con 0x7fef58102860
2023-07-12T15:23:45.344 INFO:teuthology.orchestra.run.smithi069.stdout:/usr/bin/ceph: stderr
2023-07-12T15:23:39.076+0000 7fef5d065700 1 -- 172.21.15.69:0/68658425 >> [v2:172.21.15.69:3300/0,v1:172.21.15.69:6789/0] conn(0x7fef58102860 msgr2=0x7fef58102c70 secure :-1 s=STATE_CONNECTION_ESTABLISHED l=1).mark_down
2023-07-12T15:23:45.344 INFO:teuthology.orchestra.run.smithi069.stdout:/usr/bin/ceph: stderr
2023-07-12T15:23:39.076+0000 7fef5d065700 1 --2- 172.21.15.69:0/68658425 >> [v2:172.21.15.69:3300/0,v1:172.21.15.69:6789/0] conn(0x7fef58102860 0x7fef58102c70 secure :-1 s=READY pgs=61 cs=0 l=1 rev1=1 crypto rx=0x7fef480098a0 tx=0x7fef48009bb0 comp rx=0 tx=0).stop
2023-07-12T15:23:45.344 INFO:teuthology.orchestra.run.smithi069.stdout:/usr/bin/ceph: stderr
2023-07-12T15:23:39.077+0000 7fef5d065700 1 -- 172.21.15.69:0/68658425 shutdown_connections
2023-07-12T15:23:45.344 INFO:teuthology.orchestra.run.smithi069.stdout:/usr/bin/ceph: stderr
2023-07-12T15:23:39.077+0000 7fef5d065700 1 --2- 172.21.15.69:0/68658425 >> [v2:172.21.15.69:3300/0,v1:172.21.15.69:6789/0] conn(0x7fef58102860 0x7fef58102c70 unknown :-1 s=CLOSED pgs=61 cs=0 l=1 rev1=1 crypto rx=0 tx=0 comp rx=0 tx=0).stop
2023-07-12T15:23:45.345 INFO:teuthology.orchestra.run.smithi069.stdout:/usr/bin/ceph: stderr
2023-07-12T15:23:39.077+0000 7fef5d065700 1 -- 172.21.15.69:0/68658425 >> 172.21.15.69:0/68658425 conn(0x7fef580fe410 msgr2=0x7fef58100880 unknown :-1 s=STATE_NONE l=0).mark_down
2023-07-12T15:23:45.345 INFO:teuthology.orchestra.run.smithi069.stdout:/usr/bin/ceph: stderr
2023-07-12T15:23:39.077+0000 7fef5d065700 1 -- 172.21.15.69:0/68658425 shutdown_connections
2023-07-12T15:23:45.345 INFO:teuthology.orchestra.run.smithi069.stdout:/usr/bin/ceph: stderr
2023-07-12T15:23:39.077+0000 7fef5d065700 1 -- 172.21.15.69:0/68658425 wait complete.
2023-07-12T15:23:45.345 INFO:teuthology.orchestra.run.smithi069.stdout:/usr/bin/ceph: stderr
2023-07-12T15:23:39.077+0000 7fef5d065700 1 Processor -- start
2023-07-12T15:23:45.345 INFO:teuthology.orchestra.run.smithi069.stdout:/usr/bin/ceph: stderr
2023-07-12T15:23:39.078+0000 7fef5d065700 1 -- start start
2023-07-12T15:23:45.345 INFO:teuthology.orchestra.run.smithi069.stdout:/usr/bin/ceph: stderr
2023-07-12T15:23:39.078+0000 7fef5d065700 1 --2- >> [v2:172.21.15.69:3300/0,v1:172.21.15.69:6789/0] conn(0x7fef58102860 0x7fef58199e10 unknown :-1 s=NONE pgs=0 cs=0 l=1 rev1=0 crypto rx=0 tx=0 comp rx=0 tx=0).connect
2023-07-12T15:23:45.345 INFO:teuthology.orchestra.run.smithi069.stdout:/usr/bin/ceph: stderr
2023-07-12T15:23:39.078+0000 7fef5d065700 1 -- --> [v2:172.21.15.69:3300/0,v1:172.21.15.69:6789/0] -- mon_getmap magic: 0 v1 -- 0x7fef5819a350 con 0x7fef58102860
2023-07-12T15:23:45.346 INFO:teuthology.orchestra.run.smithi069.stdout:/usr/bin/ceph: stderr
2023-07-12T15:23:39.078+0000 7fef56d9d700 1 --2- >> [v2:172.21.15.69:3300/0,v1:172.21.15.69:6789/0] conn(0x7fef58102860 0x7fef58199e10 unknown :-1 s=BANNER_CONNECTING pgs=0 cs=0 l=1 rev1=0 crypto rx=0 tx=0 comp rx=0 tx=0)._handle_peer_banner_payload supported=3 required=0
2023-07-12T15:23:45.346 INFO:teuthology.orchestra.run.smithi069.stdout:/usr/bin/ceph: stderr
2023-07-12T15:23:39.078+0000 7fef56d9d700 1 --2- >> [v2:172.21.15.69:3300/0,v1:172.21.15.69:6789/0] conn(0x7fef58102860 0x7fef58199e10 unknown :-1 s=HELLO_CONNECTING pgs=0 cs=0 l=1 rev1=1 crypto rx=0 tx=0 comp rx=0 tx=0).handle_hello peer v2:172.21.15.69:3300/0 says I am v2:172.21.15.69:39766/0 (socket says 172.21.15.69:39766)
2023-07-12T15:23:45.346 INFO:teuthology.orchestra.run.smithi069.stdout:/usr/bin/ceph: stderr
2023-07-12T15:23:39.078+0000 7fef56d9d700 1 -- 172.21.15.69:0/1642940994 learned_addr learned my addr 172.21.15.69:0/1642940994 (peer_addr_for_me v2:172.21.15.69:0/0)
2023-07-12T15:23:45.346 INFO:teuthology.orchestra.run.smithi069.stdout:/usr/bin/ceph: stderr
2023-07-12T15:23:39.078+0000 7fef56d9d700 1 -- 172.21.15.69:0/1642940994 --> [v2:172.21.15.69:3300/0,v1:172.21.15.69:6789/0] -- mon_subscribe({config=0+,monmap=0+}) v3 -- 0x7fef48009550 con 0x7fef58102860
2023-07-12T15:23:45.346 INFO:teuthology.orchestra.run.smithi069.stdout:/usr/bin/ceph: stderr
2023-07-12T15:23:39.078+0000 7fef56d9d700 1 --2- 172.21.15.69:0/1642940994 >> [v2:172.21.15.69:3300/0,v1:172.21.15.69:6789/0] conn(0x7fef58102860 0x7fef58199e10 secure :-1 s=READY pgs=62 cs=0 l=1 rev1=1 crypto rx=0x7fef480046c0 tx=0x7fef48011e40 comp rx=0 tx=0).ready entity=mon.0 client_cookie=0 server_cookie=0 in_seq=0 out_seq=0
2023-07-12T15:23:45.346 INFO:teuthology.orchestra.run.smithi069.stdout:/usr/bin/ceph: stderr
2023-07-12T15:23:39.078+0000 7fef3ffff700 1 -- 172.21.15.69:0/1642940994 <== mon.0 v2:172.21.15.69:3300/0 1 ==== mon_map magic: 0 v1 ==== 205+0+0 (secure 0 0 0) 0x7fef480118f0 con 0x7fef58102860
2023-07-12T15:23:45.346 INFO:teuthology.orchestra.run.smithi069.stdout:/usr/bin/ceph: stderr
2023-07-12T15:23:39.078+0000 7fef5d065700 1 -- 172.21.15.69:0/1642940994 --> [v2:172.21.15.69:3300/0,v1:172.21.15.69:6789/0] -- mon_subscribe({mgrmap=0+}) v3 -- 0x7fef5819a550 con 0x7fef58102860
2023-07-12T15:23:45.346 INFO:teuthology.orchestra.run.smithi069.stdout:/usr/bin/ceph: stderr
2023-07-12T15:23:39.078+0000 7fef5d065700 1 -- 172.21.15.69:0/1642940994 --> [v2:172.21.15.69:3300/0,v1:172.21.15.69:6789/0] -- mon_subscribe({osdmap=0}) v3 -- 0x7fef5819a9f0 con 0x7fef58102860
2023-07-12T15:23:45.347 INFO:teuthology.orchestra.run.smithi069.stdout:/usr/bin/ceph: stderr
2023-07-12T15:23:39.078+0000 7fef3ffff700 1 -- 172.21.15.69:0/1642940994 <== mon.0 v2:172.21.15.69:3300/0 2 ==== config(25 keys) v1 ==== 1058+0+0 (secure 0 0 0) 0x7fef4801a430 con 0x7fef58102860
2023-07-12T15:23:45.347 INFO:teuthology.orchestra.run.smithi069.stdout:/usr/bin/ceph: stderr
2023-07-12T15:23:39.079+0000 7fef3ffff700 1 -- 172.21.15.69:0/1642940994 <== mon.0 v2:172.21.15.69:3300/0 3 ==== mon_map magic: 0 v1 ==== 205+0+0 (secure 0 0 0) 0x7fef480193c0 con 0x7fef58102860
2023-07-12T15:23:45.347 INFO:teuthology.orchestra.run.smithi069.stdout:/usr/bin/ceph: stderr
2023-07-12T15:23:39.079+0000 7fef3ffff700 1 -- 172.21.15.69:0/1642940994 <== mon.0 v2:172.21.15.69:3300/0 4 ==== mgrmap(e 9) v1 ==== 45043+0+0 (secure 0 0 0) 0x7fef480195f0 con 0x7fef58102860
2023-07-12T15:23:45.347 INFO:teuthology.orchestra.run.smithi069.stdout:/usr/bin/ceph: stderr
2023-07-12T15:23:39.079+0000 7fef3ffff700 1 --2- 172.21.15.69:0/1642940994 >> v2:172.21.15.69:6800/339337620 conn(0x7fef400383e0 0x7fef4003a890 unknown :-1 s=NONE pgs=0 cs=0 l=1 rev1=0 crypto rx=0 tx=0 comp rx=0 tx=0).connect
2023-07-12T15:23:45.347 INFO:teuthology.orchestra.run.smithi069.stdout:/usr/bin/ceph: stderr
2023-07-12T15:23:39.079+0000 7fef5d065700 1 -- 172.21.15.69:0/1642940994 --> v2:172.21.15.69:6800/339337620 -- command(tid 0: {"prefix": "get_command_descriptions"}) v1 -- 0x7fef44000d40 con 0x7fef400383e0
2023-07-12T15:23:45.347 INFO:teuthology.orchestra.run.smithi069.stdout:/usr/bin/ceph: stderr
2023-07-12T15:23:39.079+0000 7fef3ffff700 1 -- 172.21.15.69:0/1642940994 <== mon.0 v2:172.21.15.69:3300/0 5 ==== osd_map(2..2 src has 1..2) v4 ==== 897+0+0 (secure 0 0 0) 0x7fef4804cb70 con 0x7fef58102860
2023-07-12T15:23:45.347 INFO:teuthology.orchestra.run.smithi069.stdout:/usr/bin/ceph: stderr
2023-07-12T15:23:39.079+0000 7fef5659c700 1 -- 172.21.15.69:0/1642940994 >> v2:172.21.15.69:6800/339337620 conn(0x7fef400383e0 msgr2=0x7fef4003a890 unknown :-1 s=STATE_CONNECTING_RE l=1).process reconnect failed to v2:172.21.15.69:6800/339337620
2023-07-12T15:23:45.348 INFO:teuthology.orchestra.run.smithi069.stdout:/usr/bin/ceph: stderr
2023-07-12T15:23:39.079+0000 7fef5659c700 1 --2- 172.21.15.69:0/1642940994 >> v2:172.21.15.69:6800/339337620 conn(0x7fef400383e0 0x7fef4003a890 unknown :-1 s=START_CONNECT pgs=0 cs=0 l=1 rev1=0 crypto rx=0 tx=0 comp rx=0 tx=0)._fault waiting 0.200000
2023-07-12T15:23:45.348 INFO:teuthology.orchestra.run.smithi069.stdout:/usr/bin/ceph: stderr
2023-07-12T15:23:39.280+0000 7fef5659c700 1 -- 172.21.15.69:0/1642940994 >> v2:172.21.15.69:6800/339337620 conn(0x7fef400383e0 msgr2=0x7fef4003a890 unknown :-1 s=STATE_CONNECTING_RE l=1).process reconnect failed to v2:172.21.15.69:6800/339337620
2023-07-12T15:23:45.348 INFO:teuthology.orchestra.run.smithi069.stdout:/usr/bin/ceph: stderr
2023-07-12T15:23:39.280+0000 7fef5659c700 1 --2- 172.21.15.69:0/1642940994 >> v2:172.21.15.69:6800/339337620 conn(0x7fef400383e0 0x7fef4003a890 unknown :-1 s=START_CONNECT pgs=0 cs=0 l=1 rev1=0 crypto rx=0 tx=0 comp rx=0 tx=0)._fault waiting 0.400000
2023-07-12T15:23:45.348 INFO:teuthology.orchestra.run.smithi069.stdout:/usr/bin/ceph: stderr
2023-07-12T15:23:39.681+0000 7fef5659c700 1 -- 172.21.15.69:0/1642940994 >> v2:172.21.15.69:6800/339337620 conn(0x7fef400383e0 msgr2=0x7fef4003a890 unknown :-1 s=STATE_CONNECTING_RE l=1).process reconnect failed to v2:172.21.15.69:6800/339337620
2023-07-12T15:23:45.348 INFO:teuthology.orchestra.run.smithi069.stdout:/usr/bin/ceph: stderr
2023-07-12T15:23:39.681+0000 7fef5659c700 1 --2- 172.21.15.69:0/1642940994 >> v2:172.21.15.69:6800/339337620 conn(0x7fef400383e0 0x7fef4003a890 unknown :-1 s=START_CONNECT pgs=0 cs=0 l=1 rev1=0 crypto rx=0 tx=0 comp rx=0 tx=0)._fault waiting 0.800000
2023-07-12T15:23:45.348 INFO:teuthology.orchestra.run.smithi069.stdout:/usr/bin/ceph: stderr
2023-07-12T15:23:40.482+0000 7fef5659c700 1 -- 172.21.15.69:0/1642940994 >> v2:172.21.15.69:6800/339337620 conn(0x7fef400383e0 msgr2=0x7fef4003a890 unknown :-1 s=STATE_CONNECTING_RE l=1).process reconnect failed to v2:172.21.15.69:6800/339337620
2023-07-12T15:23:45.348 INFO:teuthology.orchestra.run.smithi069.stdout:/usr/bin/ceph: stderr
2023-07-12T15:23:40.482+0000 7fef5659c700 1 --2- 172.21.15.69:0/1642940994 >> v2:172.21.15.69:6800/339337620 conn(0x7fef400383e0 0x7fef4003a890 unknown :-1 s=START_CONNECT pgs=0 cs=0 l=1 rev1=0 crypto rx=0 tx=0 comp rx=0 tx=0)._fault waiting 1.600000
2023-07-12T15:23:45.349 INFO:teuthology.orchestra.run.smithi069.stdout:/usr/bin/ceph: stderr
2023-07-12T15:23:42.083+0000 7fef5659c700 1 -- 172.21.15.69:0/1642940994 >> v2:172.21.15.69:6800/339337620 conn(0x7fef400383e0 msgr2=0x7fef4003a890 unknown :-1 s=STATE_CONNECTING_RE l=1).process reconnect failed to v2:172.21.15.69:6800/339337620
2023-07-12T15:23:45.349 INFO:teuthology.orchestra.run.smithi069.stdout:/usr/bin/ceph: stderr
2023-07-12T15:23:42.083+0000 7fef5659c700 1 --2- 172.21.15.69:0/1642940994 >> v2:172.21.15.69:6800/339337620 conn(0x7fef400383e0 0x7fef4003a890 unknown :-1 s=START_CONNECT pgs=0 cs=0 l=1 rev1=0 crypto rx=0 tx=0 comp rx=0 tx=0)._fault waiting 3.200000
2023-07-12T15:23:45.349 INFO:teuthology.orchestra.run.smithi069.stdout:/usr/bin/ceph: stderr
2023-07-12T15:23:43.425+0000 7fef3ffff700 1 -- 172.21.15.69:0/1642940994 <== mon.0 v2:172.21.15.69:3300/0 6 ==== mgrmap(e 10) v1 ==== 44845+0+0 (secure 0 0 0) 0x7fef4802d770 con 0x7fef58102860
2023-07-12T15:23:45.349 INFO:teuthology.orchestra.run.smithi069.stdout:/usr/bin/ceph: stderr
2023-07-12T15:23:43.425+0000 7fef3ffff700 1 -- 172.21.15.69:0/1642940994 >> v2:172.21.15.69:6800/339337620 conn(0x7fef400383e0 msgr2=0x7fef4003a890 unknown :-1 s=STATE_CONNECTING l=1).mark_down
2023-07-12T15:23:45.349 INFO:teuthology.orchestra.run.smithi069.stdout:/usr/bin/ceph: stderr
2023-07-12T15:23:43.425+0000 7fef3ffff700 1 --2- 172.21.15.69:0/1642940994 >> v2:172.21.15.69:6800/339337620 conn(0x7fef400383e0 0x7fef4003a890 unknown :-1 s=START_CONNECT pgs=0 cs=0 l=1 rev1=0 crypto rx=0 tx=0 comp rx=0 tx=0).stop
2023-07-12T15:23:45.349 INFO:teuthology.orchestra.run.smithi069.stdout:/usr/bin/ceph: stderr
2023-07-12T15:23:44.426+0000 7fef3ffff700 1 -- 172.21.15.69:0/1642940994 <== mon.0 v2:172.21.15.69:3300/0 7 ==== mgrmap(e 11) v1 ==== 44937+0+0 (secure 0 0 0) 0x7fef4804d8e0 con 0x7fef58102860
2023-07-12T15:23:45.349 INFO:teuthology.orchestra.run.smithi069.stdout:/usr/bin/ceph: stderr
2023-07-12T15:23:44.426+0000 7fef3ffff700 1 --2- 172.21.15.69:0/1642940994 >> v2:172.21.15.69:6800/284433772 conn(0x7fef4003bc50 0x7fef4003e030 unknown :-1 s=NONE pgs=0 cs=0 l=1 rev1=0 crypto rx=0 tx=0 comp rx=0 tx=0).connect
2023-07-12T15:23:45.349 INFO:teuthology.orchestra.run.smithi069.stdout:/usr/bin/ceph: stderr
2023-07-12T15:23:44.426+0000 7fef3ffff700 1 -- 172.21.15.69:0/1642940994 --> v2:172.21.15.69:6800/284433772 -- command(tid 0: {"prefix": "get_command_descriptions"}) v1 -- 0x7fef44000d40 con 0x7fef4003bc50
2023-07-12T15:23:45.350 INFO:teuthology.orchestra.run.smithi069.stdout:/usr/bin/ceph: stderr
2023-07-12T15:23:44.427+0000 7fef5659c700 1 --2- 172.21.15.69:0/1642940994 >> v2:172.21.15.69:6800/284433772 conn(0x7fef4003bc50 0x7fef4003e030 unknown :-1 s=BANNER_CONNECTING pgs=0 cs=0 l=1 rev1=0 crypto rx=0 tx=0 comp rx=0 tx=0)._handle_peer_banner_payload supported=3 required=0
2023-07-12T15:23:45.350 INFO:teuthology.orchestra.run.smithi069.stdout:/usr/bin/ceph: stderr
2023-07-12T15:23:44.427+0000 7fef5659c700 1 --2- 172.21.15.69:0/1642940994 >> v2:172.21.15.69:6800/284433772 conn(0x7fef4003bc50 0x7fef4003e030 secure :-1 s=READY pgs=2 cs=0 l=1 rev1=1 crypto rx=0x7fef4c003a10 tx=0x7fef4c009270 comp rx=0 tx=0).ready entity=mgr.14152 client_cookie=0 server_cookie=0 in_seq=0 out_seq=0
2023-07-12T15:23:45.350 INFO:teuthology.orchestra.run.smithi069.stdout:/usr/bin/ceph: stderr
2023-07-12T15:23:44.428+0000 7fef3ffff700 1 -- 172.21.15.69:0/1642940994 <== mgr.14152 v2:172.21.15.69:6800/284433772 1 ==== command_reply(tid 0: 0 ) v1 ==== 8+0+6910 (secure 0 0 0) 0x7fef44000d40 con 0x7fef4003bc50
2023-07-12T15:23:45.350 INFO:teuthology.orchestra.run.smithi069.stdout:/usr/bin/ceph: stderr
2023-07-12T15:23:44.434+0000 7fef5d065700 1 -- 172.21.15.69:0/1642940994 --> v2:172.21.15.69:6800/284433772 -- command(tid 1: {"prefix": "mgr_status"}) v1 -- 0x7fef44002800 con 0x7fef4003bc50
2023-07-12T15:23:45.350 INFO:teuthology.orchestra.run.smithi069.stdout:/usr/bin/ceph: stderr
2023-07-12T15:23:44.434+0000 7fef3ffff700 1 -- 172.21.15.69:0/1642940994 <== mgr.14152 v2:172.21.15.69:6800/284433772 2 ==== command_reply(tid 1: 0 ) v1 ==== 8+0+52 (secure 0 0 0) 0x7fef44002800 con 0x7fef4003bc50
2023-07-12T15:23:45.350 INFO:teuthology.orchestra.run.smithi069.stdout:/usr/bin/ceph: stderr
2023-07-12T15:23:44.435+0000 7fef5d065700 1 -- 172.21.15.69:0/1642940994 >> v2:172.21.15.69:6800/284433772 conn(0x7fef4003bc50 msgr2=0x7fef4003e030 secure :-1 s=STATE_CONNECTION_ESTABLISHED l=1).mark_down
2023-07-12T15:23:45.350 INFO:teuthology.orchestra.run.smithi069.stdout:/usr/bin/ceph: stderr
2023-07-12T15:23:44.435+0000 7fef5d065700 1 --2- 172.21.15.69:0/1642940994 >> v2:172.21.15.69:6800/284433772 conn(0x7fef4003bc50 0x7fef4003e030 secure :-1 s=READY pgs=2 cs=0 l=1 rev1=1 crypto rx=0x7fef4c003a10 tx=0x7fef4c009270 comp rx=0 tx=0).stop
2023-07-12T15:23:45.351 INFO:teuthology.orchestra.run.smithi069.stdout:/usr/bin/ceph: stderr
2023-07-12T15:23:44.435+0000 7fef5d065700 1 -- 172.21.15.69:0/1642940994 >> [v2:172.21.15.69:3300/0,v1:172.21.15.69:6789/0] conn(0x7fef58102860 msgr2=0x7fef58199e10 secure :-1 s=STATE_CONNECTION_ESTABLISHED l=1).mark_down
2023-07-12T15:23:45.351 INFO:teuthology.orchestra.run.smithi069.stdout:/usr/bin/ceph: stderr
2023-07-12T15:23:44.435+0000 7fef5d065700 1 --2- 172.21.15.69:0/1642940994 >> [v2:172.21.15.69:3300/0,v1:172.21.15.69:6789/0] conn(0x7fef58102860 0x7fef58199e10 secure :-1 s=READY pgs=62 cs=0 l=1 rev1=1 crypto rx=0x7fef480046c0 tx=0x7fef48011e40 comp rx=0 tx=0).stop
2023-07-12T15:23:45.351 INFO:teuthology.orchestra.run.smithi069.stdout:/usr/bin/ceph: stderr
2023-07-12T15:23:44.435+0000 7fef5d065700 1 -- 172.21.15.69:0/1642940994 shutdown_connections
2023-07-12T15:23:45.351 INFO:teuthology.orchestra.run.smithi069.stdout:/usr/bin/ceph: stderr
2023-07-12T15:23:44.435+0000 7fef5d065700 1 --2- 172.21.15.69:0/1642940994 >> v2:172.21.15.69:6800/284433772 conn(0x7fef4003bc50 0x7fef4003e030 unknown :-1 s=CLOSED pgs=2 cs=0 l=1 rev1=1 crypto rx=0 tx=0 comp rx=0 tx=0).stop
2023-07-12T15:23:45.351 INFO:teuthology.orchestra.run.smithi069.stdout:/usr/bin/ceph: stderr
2023-07-12T15:23:44.435+0000 7fef5d065700 1 --2- 172.21.15.69:0/1642940994 >> [v2:172.21.15.69:3300/0,v1:172.21.15.69:6789/0] conn(0x7fef58102860 0x7fef58199e10 unknown :-1 s=CLOSED pgs=62 cs=0 l=1 rev1=1 crypto rx=0 tx=0 comp rx=0 tx=0).stop
2023-07-12T15:23:45.351 INFO:teuthology.orchestra.run.smithi069.stdout:/usr/bin/ceph: stderr
2023-07-12T15:23:44.435+0000 7fef5d065700 1 --2- 172.21.15.69:0/1642940994 >> v2:172.21.15.69:6800/339337620 conn(0x7fef400383e0 0x7fef4003a890 unknown :-1 s=CLOSED pgs=0 cs=0 l=1 rev1=0 crypto rx=0 tx=0 comp rx=0 tx=0).stop
2023-07-12T15:23:45.351 INFO:teuthology.orchestra.run.smithi069.stdout:/usr/bin/ceph: stderr
2023-07-12T15:23:44.435+0000 7fef5d065700 1 -- 172.21.15.69:0/1642940994 >> 172.21.15.69:0/1642940994 conn(0x7fef580fe410 msgr2=0x7fef5818e420 unknown :-1 s=STATE_NONE l=0).mark_down
2023-07-12T15:23:45.351 INFO:teuthology.orchestra.run.smithi069.stdout:/usr/bin/ceph: stderr
2023-07-12T15:23:44.435+0000 7fef5d065700 1 -- 172.21.15.69:0/1642940994 shutdown_connections
2023-07-12T15:23:45.352 INFO:teuthology.orchestra.run.smithi069.stdout:/usr/bin/ceph: stderr
2023-07-12T15:23:44.435+0000 7fef5d065700 1 -- 172.21.15.69:0/1642940994 wait complete.
2023-07-12T15:23:45.352 INFO:teuthology.orchestra.run.smithi069.stdout:mgr epoch 9 is available
2023-07-12T15:23:45.352 INFO:teuthology.orchestra.run.smithi069.stdout:Generating a dashboard self-signed certificate...
2023-07-12T15:23:45.696 INFO:journalctl@ceph.mon.a.smithi069.stdout:Jul 12 15:23:45 smithi069 ceph-mon[94241]: [12/Jul/2023:15:23:44] ENGINE Bus STARTING
2023-07-12T15:23:45.697 INFO:journalctl@ceph.mon.a.smithi069.stdout:Jul 12 15:23:45 smithi069 ceph-mon[94241]: [12/Jul/2023:15:23:44] ENGINE Serving on https://172.21.15.69:7150
2023-07-12T15:23:45.697 INFO:journalctl@ceph.mon.a.smithi069.stdout:Jul 12 15:23:45 smithi069 ceph-mon[94241]: [12/Jul/2023:15:23:44] ENGINE Serving on http://172.21.15.69:8765
2023-07-12T15:23:45.697 INFO:journalctl@ceph.mon.a.smithi069.stdout:Jul 12 15:23:45 smithi069 ceph-mon[94241]: [12/Jul/2023:15:23:44] ENGINE Bus STARTED
2023-07-12T15:23:46.650 INFO:teuthology.orchestra.run.smithi069.stdout:/usr/bin/ceph: stdout Self-signed certificate created
2023-07-12T15:23:46.650 INFO:teuthology.orchestra.run.smithi069.stdout:/usr/bin/ceph: stderr
2023-07-12T15:23:45.972+0000 7ff9fd89e700 1 Processor -- start
2023-07-12T15:23:46.651 INFO:teuthology.orchestra.run.smithi069.stdout:/usr/bin/ceph: stderr
2023-07-12T15:23:45.972+0000 7ff9fd89e700 1 -- start start
2023-07-12T15:23:46.651 INFO:teuthology.orchestra.run.smithi069.stdout:/usr/bin/ceph: stderr
2023-07-12T15:23:45.972+0000 7ff9fd89e700 1 --2- >> [v2:172.21.15.69:3300/0,v1:172.21.15.69:6789/0] conn(0x7ff9f8103fc0 0x7ff9f81043d0 unknown :-1 s=NONE pgs=0 cs=0 l=0 rev1=0 crypto rx=0 tx=0 comp rx=0 tx=0).connect
2023-07-12T15:23:46.651 INFO:teuthology.orchestra.run.smithi069.stdout:/usr/bin/ceph: stderr
2023-07-12T15:23:45.972+0000 7ff9fd89e700 1 -- --> [v2:172.21.15.69:3300/0,v1:172.21.15.69:6789/0] -- mon_getmap magic: 0 v1 -- 0x7ff9f8104910 con 0x7ff9f8103fc0
2023-07-12T15:23:46.652 INFO:teuthology.orchestra.run.smithi069.stdout:/usr/bin/ceph: stderr
2023-07-12T15:23:45.972+0000 7ff9f6ffd700 1 --2- >> [v2:172.21.15.69:3300/0,v1:172.21.15.69:6789/0] conn(0x7ff9f8103fc0 0x7ff9f81043d0 unknown :-1 s=BANNER_CONNECTING pgs=0 cs=0 l=0 rev1=0 crypto rx=0 tx=0 comp rx=0 tx=0)._handle_peer_banner_payload supported=3 required=0
2023-07-12T15:23:46.652 INFO:teuthology.orchestra.run.smithi069.stdout:/usr/bin/ceph: stderr
2023-07-12T15:23:45.972+0000 7ff9f6ffd700 1 --2- >> [v2:172.21.15.69:3300/0,v1:172.21.15.69:6789/0] conn(0x7ff9f8103fc0 0x7ff9f81043d0 unknown :-1 s=HELLO_CONNECTING pgs=0 cs=0 l=0 rev1=1 crypto rx=0 tx=0 comp rx=0 tx=0).handle_hello peer v2:172.21.15.69:3300/0 says I am v2:172.21.15.69:39822/0 (socket says 172.21.15.69:39822)
2023-07-12T15:23:46.652 INFO:teuthology.orchestra.run.smithi069.stdout:/usr/bin/ceph: stderr
2023-07-12T15:23:45.972+0000 7ff9f6ffd700 1 -- 172.21.15.69:0/1747995177 learned_addr learned my addr 172.21.15.69:0/1747995177 (peer_addr_for_me v2:172.21.15.69:0/0)
2023-07-12T15:23:46.652 INFO:teuthology.orchestra.run.smithi069.stdout:/usr/bin/ceph: stderr
2023-07-12T15:23:45.972+0000 7ff9f6ffd700 1 -- 172.21.15.69:0/1747995177 --> [v2:172.21.15.69:3300/0,v1:172.21.15.69:6789/0] -- mon_subscribe({config=0+,monmap=0+}) v3 -- 0x7ff9f8104a50 con 0x7ff9f8103fc0
2023-07-12T15:23:46.653 INFO:teuthology.orchestra.run.smithi069.stdout:/usr/bin/ceph: stderr
2023-07-12T15:23:45.973+0000 7ff9f6ffd700 1 --2- 172.21.15.69:0/1747995177 >> [v2:172.21.15.69:3300/0,v1:172.21.15.69:6789/0] conn(0x7ff9f8103fc0 0x7ff9f81043d0 secure :-1 s=READY pgs=70 cs=0 l=1 rev1=1 crypto rx=0x7ff9e80098a0 tx=0x7ff9e8009bb0 comp rx=0 tx=0).ready entity=mon.0 client_cookie=d6084eab9eabec1b server_cookie=0 in_seq=0 out_seq=0
2023-07-12T15:23:46.653 INFO:teuthology.orchestra.run.smithi069.stdout:/usr/bin/ceph: stderr
2023-07-12T15:23:45.973+0000 7ff9f5ffb700 1 -- 172.21.15.69:0/1747995177 <== mon.0 v2:172.21.15.69:3300/0 1 ==== mon_map magic: 0 v1 ==== 205+0+0 (secure 0 0 0) 0x7ff9e8004160 con 0x7ff9f8103fc0
2023-07-12T15:23:46.653 INFO:teuthology.orchestra.run.smithi069.stdout:/usr/bin/ceph: stderr
2023-07-12T15:23:45.973+0000 7ff9f5ffb700 1 -- 172.21.15.69:0/1747995177 <== mon.0 v2:172.21.15.69:3300/0 2 ==== config(25 keys) v1 ==== 1058+0+0 (secure 0 0 0) 0x7ff9e80042c0 con 0x7ff9f8103fc0
2023-07-12T15:23:46.653 INFO:teuthology.orchestra.run.smithi069.stdout:/usr/bin/ceph: stderr
2023-07-12T15:23:45.973+0000 7ff9f5ffb700 1 -- 172.21.15.69:0/1747995177 <== mon.0 v2:172.21.15.69:3300/0 3 ==== mon_map magic: 0 v1 ==== 205+0+0 (secure 0 0 0) 0x7ff9e80118c0 con 0x7ff9f8103fc0
2023-07-12T15:23:46.654 INFO:teuthology.orchestra.run.smithi069.stdout:/usr/bin/ceph: stderr
2023-07-12T15:23:45.974+0000 7ff9fd89e700 1 -- 172.21.15.69:0/1747995177 >> [v2:172.21.15.69:3300/0,v1:172.21.15.69:6789/0] conn(0x7ff9f8103fc0 msgr2=0x7ff9f81043d0 secure :-1 s=STATE_CONNECTION_ESTABLISHED l=1).mark_down
2023-07-12T15:23:46.654 INFO:teuthology.orchestra.run.smithi069.stdout:/usr/bin/ceph: stderr
2023-07-12T15:23:45.974+0000 7ff9fd89e700 1 --2- 172.21.15.69:0/1747995177 >> [v2:172.21.15.69:3300/0,v1:172.21.15.69:6789/0] conn(0x7ff9f8103fc0 0x7ff9f81043d0 secure :-1 s=READY pgs=70 cs=0 l=1 rev1=1 crypto rx=0x7ff9e80098a0 tx=0x7ff9e8009bb0 comp rx=0 tx=0).stop
2023-07-12T15:23:46.654 INFO:teuthology.orchestra.run.smithi069.stdout:/usr/bin/ceph: stderr
2023-07-12T15:23:45.974+0000 7ff9fd89e700 1 -- 172.21.15.69:0/1747995177 shutdown_connections
2023-07-12T15:23:46.654 INFO:teuthology.orchestra.run.smithi069.stdout:/usr/bin/ceph: stderr
2023-07-12T15:23:45.974+0000 7ff9fd89e700 1 --2- 172.21.15.69:0/1747995177 >> [v2:172.21.15.69:3300/0,v1:172.21.15.69:6789/0] conn(0x7ff9f8103fc0 0x7ff9f81043d0 unknown :-1 s=CLOSED pgs=70 cs=0 l=1 rev1=1 crypto rx=0 tx=0 comp rx=0 tx=0).stop
2023-07-12T15:23:46.655 INFO:teuthology.orchestra.run.smithi069.stdout:/usr/bin/ceph: stderr
2023-07-12T15:23:45.974+0000 7ff9fd89e700 1 -- 172.21.15.69:0/1747995177 >> 172.21.15.69:0/1747995177 conn(0x7ff9f80ff630 msgr2=0x7ff9f8101a40 unknown :-1 s=STATE_NONE l=0).mark_down
2023-07-12T15:23:46.655 INFO:teuthology.orchestra.run.smithi069.stdout:/usr/bin/ceph: stderr
2023-07-12T15:23:45.974+0000 7ff9fd89e700 1 -- 172.21.15.69:0/1747995177 shutdown_connections
2023-07-12T15:23:46.655 INFO:teuthology.orchestra.run.smithi069.stdout:/usr/bin/ceph: stderr
2023-07-12T15:23:45.974+0000 7ff9fd89e700 1 -- 172.21.15.69:0/1747995177 wait complete.
2023-07-12T15:23:46.656 INFO:teuthology.orchestra.run.smithi069.stdout:/usr/bin/ceph: stderr
2023-07-12T15:23:45.974+0000 7ff9fd89e700 1 Processor -- start
2023-07-12T15:23:46.656 INFO:teuthology.orchestra.run.smithi069.stdout:/usr/bin/ceph: stderr
2023-07-12T15:23:45.975+0000 7ff9fd89e700 1 -- start start
2023-07-12T15:23:46.656 INFO:teuthology.orchestra.run.smithi069.stdout:/usr/bin/ceph: stderr
2023-07-12T15:23:45.975+0000 7ff9fd89e700 1 --2- >> [v2:172.21.15.69:3300/0,v1:172.21.15.69:6789/0] conn(0x7ff9f8103fc0 0x7ff9f8197b70 unknown :-1 s=NONE pgs=0 cs=0 l=1 rev1=0 crypto rx=0 tx=0 comp rx=0 tx=0).connect
2023-07-12T15:23:46.656 INFO:teuthology.orchestra.run.smithi069.stdout:/usr/bin/ceph: stderr
2023-07-12T15:23:45.975+0000 7ff9fd89e700 1 -- --> [v2:172.21.15.69:3300/0,v1:172.21.15.69:6789/0] -- mon_getmap magic: 0 v1 -- 0x7ff9f81980b0 con 0x7ff9f8103fc0
2023-07-12T15:23:46.657 INFO:teuthology.orchestra.run.smithi069.stdout:/usr/bin/ceph: stderr
2023-07-12T15:23:45.975+0000 7ff9f6ffd700 1 --2- >> [v2:172.21.15.69:3300/0,v1:172.21.15.69:6789/0] conn(0x7ff9f8103fc0 0x7ff9f8197b70 unknown :-1 s=BANNER_CONNECTING pgs=0 cs=0 l=1 rev1=0 crypto rx=0 tx=0 comp rx=0 tx=0)._handle_peer_banner_payload supported=3 required=0
2023-07-12T15:23:46.657 INFO:teuthology.orchestra.run.smithi069.stdout:/usr/bin/ceph: stderr
2023-07-12T15:23:45.975+0000 7ff9f6ffd700 1 --2- >> [v2:172.21.15.69:3300/0,v1:172.21.15.69:6789/0] conn(0x7ff9f8103fc0 0x7ff9f8197b70 unknown :-1 s=HELLO_CONNECTING pgs=0 cs=0 l=1 rev1=1 crypto rx=0 tx=0 comp rx=0 tx=0).handle_hello peer v2:172.21.15.69:3300/0 says I am v2:172.21.15.69:39824/0 (socket says 172.21.15.69:39824)
2023-07-12T15:23:46.657 INFO:teuthology.orchestra.run.smithi069.stdout:/usr/bin/ceph: stderr
2023-07-12T15:23:45.975+0000 7ff9f6ffd700 1 -- 172.21.15.69:0/1006261872 learned_addr learned my addr 172.21.15.69:0/1006261872 (peer_addr_for_me v2:172.21.15.69:0/0)
2023-07-12T15:23:46.658 INFO:teuthology.orchestra.run.smithi069.stdout:/usr/bin/ceph: stderr
2023-07-12T15:23:45.975+0000 7ff9f6ffd700 1 -- 172.21.15.69:0/1006261872 --> [v2:172.21.15.69:3300/0,v1:172.21.15.69:6789/0] -- mon_subscribe({config=0+,monmap=0+}) v3 -- 0x7ff9e8009550 con 0x7ff9f8103fc0
2023-07-12T15:23:46.658 INFO:teuthology.orchestra.run.smithi069.stdout:/usr/bin/ceph: stderr
2023-07-12T15:23:45.976+0000 7ff9f6ffd700 1 --2- 172.21.15.69:0/1006261872 >> [v2:172.21.15.69:3300/0,v1:172.21.15.69:6789/0] conn(0x7ff9f8103fc0 0x7ff9f8197b70 secure :-1 s=READY pgs=71 cs=0 l=1 rev1=1 crypto rx=0x7ff9e80046c0 tx=0x7ff9e80119d0 comp rx=0 tx=0).ready entity=mon.0 client_cookie=0 server_cookie=0 in_seq=0 out_seq=0
2023-07-12T15:23:46.658 INFO:teuthology.orchestra.run.smithi069.stdout:/usr/bin/ceph: stderr
2023-07-12T15:23:45.976+0000 7ff9fc89c700 1 -- 172.21.15.69:0/1006261872 <== mon.0 v2:172.21.15.69:3300/0 1 ==== mon_map magic: 0 v1 ==== 205+0+0 (secure 0 0 0) 0x7ff9e8011e20 con 0x7ff9f8103fc0
2023-07-12T15:23:46.658 INFO:teuthology.orchestra.run.smithi069.stdout:/usr/bin/ceph: stderr
2023-07-12T15:23:45.976+0000 7ff9fc89c700 1 -- 172.21.15.69:0/1006261872 <== mon.0 v2:172.21.15.69:3300/0 2 ==== config(25 keys) v1 ==== 1058+0+0 (secure 0 0 0) 0x7ff9e80038b0 con 0x7ff9f8103fc0
2023-07-12T15:23:46.658 INFO:teuthology.orchestra.run.smithi069.stdout:/usr/bin/ceph: stderr
2023-07-12T15:23:45.976+0000 7ff9fd89e700 1 -- 172.21.15.69:0/1006261872 --> [v2:172.21.15.69:3300/0,v1:172.21.15.69:6789/0] -- mon_subscribe({mgrmap=0+}) v3 -- 0x7ff9f81982b0 con 0x7ff9f8103fc0
2023-07-12T15:23:46.659 INFO:teuthology.orchestra.run.smithi069.stdout:/usr/bin/ceph: stderr
2023-07-12T15:23:45.976+0000 7ff9fc89c700 1 -- 172.21.15.69:0/1006261872 <== mon.0 v2:172.21.15.69:3300/0 3 ==== mon_map magic: 0 v1 ==== 205+0+0 (secure 0 0 0) 0x7ff9e80193c0 con 0x7ff9f8103fc0
2023-07-12T15:23:46.659 INFO:teuthology.orchestra.run.smithi069.stdout:/usr/bin/ceph: stderr
2023-07-12T15:23:45.976+0000 7ff9fd89e700 1 -- 172.21.15.69:0/1006261872 --> [v2:172.21.15.69:3300/0,v1:172.21.15.69:6789/0] -- mon_subscribe({osdmap=0}) v3 -- 0x7ff9f8198750 con 0x7ff9f8103fc0
2023-07-12T15:23:46.659 INFO:teuthology.orchestra.run.smithi069.stdout:/usr/bin/ceph: stderr
2023-07-12T15:23:45.976+0000 7ff9fc89c700 1 -- 172.21.15.69:0/1006261872 <== mon.0 v2:172.21.15.69:3300/0 4 ==== mgrmap(e 12) v1 ==== 45043+0+0 (secure 0 0 0) 0x7ff9e8019680 con 0x7ff9f8103fc0
2023-07-12T15:23:46.659 INFO:teuthology.orchestra.run.smithi069.stdout:/usr/bin/ceph: stderr
2023-07-12T15:23:45.977+0000 7ff9fc89c700 1 --2- 172.21.15.69:0/1006261872 >> v2:172.21.15.69:6800/284433772 conn(0x7ff9e00383d0 0x7ff9e003a880 unknown :-1 s=NONE pgs=0 cs=0 l=1 rev1=0 crypto rx=0 tx=0 comp rx=0 tx=0).connect
2023-07-12T15:23:46.660 INFO:teuthology.orchestra.run.smithi069.stdout:/usr/bin/ceph: stderr
2023-07-12T15:23:45.977+0000 7ff9fd89e700 1 -- 172.21.15.69:0/1006261872 --> [v2:172.21.15.69:3300/0,v1:172.21.15.69:6789/0] -- mon_command({"prefix": "get_command_descriptions"} v 0) v1 -- 0x7ff9f8062130 con 0x7ff9f8103fc0
2023-07-12T15:23:46.660 INFO:teuthology.orchestra.run.smithi069.stdout:/usr/bin/ceph: stderr
2023-07-12T15:23:45.977+0000 7ff9fc89c700 1 -- 172.21.15.69:0/1006261872 <== mon.0 v2:172.21.15.69:3300/0 5 ==== osd_map(3..3 src has 1..3) v4 ==== 1069+0+0 (secure 0 0 0) 0x7ff9e804d0c0 con 0x7ff9f8103fc0
2023-07-12T15:23:46.660 INFO:teuthology.orchestra.run.smithi069.stdout:/usr/bin/ceph: stderr
2023-07-12T15:23:45.977+0000 7ff9f67fc700 1 --2- 172.21.15.69:0/1006261872 >> v2:172.21.15.69:6800/284433772 conn(0x7ff9e00383d0 0x7ff9e003a880 unknown :-1 s=BANNER_CONNECTING pgs=0 cs=0 l=1 rev1=0 crypto rx=0 tx=0 comp rx=0 tx=0)._handle_peer_banner_payload supported=3 required=0
2023-07-12T15:23:46.661 INFO:teuthology.orchestra.run.smithi069.stdout:/usr/bin/ceph: stderr
2023-07-12T15:23:45.977+0000 7ff9f67fc700 1 --2- 172.21.15.69:0/1006261872 >> v2:172.21.15.69:6800/284433772 conn(0x7ff9e00383d0 0x7ff9e003a880 secure :-1 s=READY pgs=7 cs=0 l=1 rev1=1 crypto rx=0x7ff9ec006fd0 tx=0x7ff9ec006e40 comp rx=0 tx=0).ready entity=mgr.14152 client_cookie=0 server_cookie=0 in_seq=0 out_seq=0
2023-07-12T15:23:46.661 INFO:teuthology.orchestra.run.smithi069.stdout:/usr/bin/ceph: stderr
2023-07-12T15:23:45.982+0000 7ff9fc89c700 1 -- 172.21.15.69:0/1006261872 <== mon.0 v2:172.21.15.69:3300/0 6 ==== mon_command_ack([{"prefix": "get_command_descriptions"}]=0 v0) v1 ==== 72+0+177933 (secure 0 0 0) 0x7ff9e8019980 con 0x7ff9f8103fc0
2023-07-12T15:23:46.661 INFO:teuthology.orchestra.run.smithi069.stdout:/usr/bin/ceph: stderr
2023-07-12T15:23:46.191+0000 7ff9fd89e700 1 -- 172.21.15.69:0/1006261872 --> v2:172.21.15.69:6800/284433772 -- mgr_command(tid 0: {"prefix": "dashboard create-self-signed-cert", "target": ["mon-mgr", ""]}) v1 -- 0x7ff9f8100980 con 0x7ff9e00383d0
2023-07-12T15:23:46.662 INFO:teuthology.orchestra.run.smithi069.stdout:/usr/bin/ceph: stderr
2023-07-12T15:23:46.273+0000 7ff9fc89c700 1 -- 172.21.15.69:0/1006261872 <== mgr.14152 v2:172.21.15.69:6800/284433772 1 ==== mgr_command_reply(tid 0: 0 ) v1 ==== 8+0+32 (secure 0 0 0) 0x7ff9f8100980 con 0x7ff9e00383d0
2023-07-12T15:23:46.662 INFO:teuthology.orchestra.run.smithi069.stdout:/usr/bin/ceph: stderr
2023-07-12T15:23:46.276+0000 7ff9fd89e700 1 -- 172.21.15.69:0/1006261872 >> v2:172.21.15.69:6800/284433772 conn(0x7ff9e00383d0 msgr2=0x7ff9e003a880 secure :-1 s=STATE_CONNECTION_ESTABLISHED l=1).mark_down
2023-07-12T15:23:46.662 INFO:teuthology.orchestra.run.smithi069.stdout:/usr/bin/ceph: stderr
2023-07-12T15:23:46.276+0000 7ff9fd89e700 1 --2- 172.21.15.69:0/1006261872 >> v2:172.21.15.69:6800/284433772 conn(0x7ff9e00383d0 0x7ff9e003a880 secure :-1 s=READY pgs=7 cs=0 l=1 rev1=1 crypto rx=0x7ff9ec006fd0 tx=0x7ff9ec006e40 comp rx=0 tx=0).stop
2023-07-12T15:23:46.662 INFO:teuthology.orchestra.run.smithi069.stdout:/usr/bin/ceph: stderr
2023-07-12T15:23:46.276+0000 7ff9fd89e700 1 -- 172.21.15.69:0/1006261872 >> [v2:172.21.15.69:3300/0,v1:172.21.15.69:6789/0] conn(0x7ff9f8103fc0 msgr2=0x7ff9f8197b70 secure :-1 s=STATE_CONNECTION_ESTABLISHED l=1).mark_down
2023-07-12T15:23:46.663 INFO:teuthology.orchestra.run.smithi069.stdout:/usr/bin/ceph: stderr
2023-07-12T15:23:46.276+0000 7ff9fd89e700 1 --2- 172.21.15.69:0/1006261872 >> [v2:172.21.15.69:3300/0,v1:172.21.15.69:6789/0] conn(0x7ff9f8103fc0 0x7ff9f8197b70 secure :-1 s=READY pgs=71 cs=0 l=1 rev1=1 crypto rx=0x7ff9e80046c0 tx=0x7ff9e80119d0 comp rx=0 tx=0).stop
2023-07-12T15:23:46.663 INFO:teuthology.orchestra.run.smithi069.stdout:/usr/bin/ceph: stderr
2023-07-12T15:23:46.276+0000 7ff9fd89e700 1 -- 172.21.15.69:0/1006261872 shutdown_connections
2023-07-12T15:23:46.663 INFO:teuthology.orchestra.run.smithi069.stdout:/usr/bin/ceph: stderr
2023-07-12T15:23:46.276+0000 7ff9fd89e700 1 --2- 172.21.15.69:0/1006261872 >> v2:172.21.15.69:6800/284433772 conn(0x7ff9e00383d0 0x7ff9e003a880 unknown :-1 s=CLOSED pgs=7 cs=0 l=1 rev1=1 crypto rx=0 tx=0 comp rx=0 tx=0).stop
2023-07-12T15:23:46.664 INFO:teuthology.orchestra.run.smithi069.stdout:/usr/bin/ceph: stderr
2023-07-12T15:23:46.276+0000 7ff9fd89e700 1 --2- 172.21.15.69:0/1006261872 >> [v2:172.21.15.69:3300/0,v1:172.21.15.69:6789/0] conn(0x7ff9f8103fc0 0x7ff9f8197b70 unknown :-1 s=CLOSED pgs=71 cs=0 l=1 rev1=1 crypto rx=0 tx=0 comp rx=0 tx=0).stop
2023-07-12T15:23:46.664 INFO:teuthology.orchestra.run.smithi069.stdout:/usr/bin/ceph: stderr
2023-07-12T15:23:46.276+0000 7ff9fd89e700 1 -- 172.21.15.69:0/1006261872 >> 172.21.15.69:0/1006261872 conn(0x7ff9f80ff630 msgr2=0x7ff9f8100270 unknown :-1 s=STATE_NONE l=0).mark_down
2023-07-12T15:23:46.664 INFO:teuthology.orchestra.run.smithi069.stdout:/usr/bin/ceph: stderr
2023-07-12T15:23:46.276+0000 7ff9fd89e700 1 -- 172.21.15.69:0/1006261872 shutdown_connections
2023-07-12T15:23:46.665 INFO:teuthology.orchestra.run.smithi069.stdout:/usr/bin/ceph: stderr
2023-07-12T15:23:46.276+0000 7ff9fd89e700 1 -- 172.21.15.69:0/1006261872 wait complete.
2023-07-12T15:23:46.665 INFO:teuthology.orchestra.run.smithi069.stdout:Creating initial admin user...
2023-07-12T15:23:47.236 INFO:journalctl@ceph.mon.a.smithi069.stdout:Jul 12 15:23:46 smithi069 ceph-mon[94241]: from='mgr.14152 172.21.15.69:0/3058456627' entity='mgr.y'
2023-07-12T15:23:47.236 INFO:journalctl@ceph.mon.a.smithi069.stdout:Jul 12 15:23:46 smithi069 ceph-mon[94241]: mgrmap e12: y(active, since 2s)
2023-07-12T15:23:47.236 INFO:journalctl@ceph.mon.a.smithi069.stdout:Jul 12 15:23:46 smithi069 ceph-mon[94241]: from='client.14164 -' entity='client.admin' cmd=[{"prefix": "dashboard create-self-signed-cert", "target": ["mon-mgr", ""]}]: dispatch
2023-07-12T15:23:47.236 INFO:journalctl@ceph.mon.a.smithi069.stdout:Jul 12 15:23:46 smithi069 ceph-mon[94241]: from='mgr.14152 172.21.15.69:0/3058456627' entity='mgr.y'
2023-07-12T15:23:47.236 INFO:journalctl@ceph.mon.a.smithi069.stdout:Jul 12 15:23:46 smithi069 ceph-mon[94241]: from='mgr.14152 172.21.15.69:0/3058456627' entity='mgr.y'
2023-07-12T15:23:47.237 INFO:journalctl@ceph.mon.a.smithi069.stdout:Jul 12 15:23:46 smithi069 ceph-mon[94241]: from='mgr.14152 172.21.15.69:0/3058456627' entity='mgr.y'
2023-07-12T15:23:48.397 INFO:teuthology.orchestra.run.smithi069.stdout:/usr/bin/ceph: stdout {"username": "admin", "password": "$2b$12$mkTx8MG..po1b.JqfBvWMOCW299Wnc0VxRMuY0.eGzWeJIJ0S5PjK", "roles": ["administrator"], "name": null, "email": null, "lastUpdate": 1689175427, "enabled": true, "pwdExpirationDate": null, "pwdUpdateRequired": true}
2023-07-12T15:23:48.397 INFO:teuthology.orchestra.run.smithi069.stdout:/usr/bin/ceph: stderr
2023-07-12T15:23:47.188+0000 7f2fe3723700 1 Processor -- start
2023-07-12T15:23:48.397 INFO:teuthology.orchestra.run.smithi069.stdout:/usr/bin/ceph: stderr
2023-07-12T15:23:47.188+0000 7f2fe3723700 1 -- start start
2023-07-12T15:23:48.397 INFO:teuthology.orchestra.run.smithi069.stdout:/usr/bin/ceph: stderr
2023-07-12T15:23:47.188+0000 7f2fe3723700 1 --2- >> [v2:172.21.15.69:3300/0,v1:172.21.15.69:6789/0] conn(0x7f2fdc104ad0 0x7f2fdc106eb0 unknown :-1 s=NONE pgs=0 cs=0 l=0 rev1=0 crypto rx=0 tx=0 comp rx=0 tx=0).connect
2023-07-12T15:23:48.398 INFO:teuthology.orchestra.run.smithi069.stdout:/usr/bin/ceph: stderr
2023-07-12T15:23:47.188+0000 7f2fe3723700 1 -- --> [v2:172.21.15.69:3300/0,v1:172.21.15.69:6789/0] -- mon_getmap magic: 0 v1 -- 0x7f2fdc077d90 con 0x7f2fdc104ad0
2023-07-12T15:23:48.398 INFO:teuthology.orchestra.run.smithi069.stdout:/usr/bin/ceph: stderr
2023-07-12T15:23:47.188+0000 7f2fe14bf700 1 --2- >> [v2:172.21.15.69:3300/0,v1:172.21.15.69:6789/0] conn(0x7f2fdc104ad0 0x7f2fdc106eb0 unknown :-1 s=BANNER_CONNECTING pgs=0 cs=0 l=0 rev1=0 crypto rx=0 tx=0 comp rx=0 tx=0)._handle_peer_banner_payload supported=3 required=0
2023-07-12T15:23:48.398 INFO:teuthology.orchestra.run.smithi069.stdout:/usr/bin/ceph: stderr
2023-07-12T15:23:47.189+0000 7f2fe14bf700 1 --2- >> [v2:172.21.15.69:3300/0,v1:172.21.15.69:6789/0] conn(0x7f2fdc104ad0 0x7f2fdc106eb0 unknown :-1 s=HELLO_CONNECTING pgs=0 cs=0 l=0 rev1=1 crypto rx=0 tx=0 comp rx=0 tx=0).handle_hello peer v2:172.21.15.69:3300/0 says I am v2:172.21.15.69:39828/0 (socket says 172.21.15.69:39828)
2023-07-12T15:23:48.398 INFO:teuthology.orchestra.run.smithi069.stdout:/usr/bin/ceph: stderr
2023-07-12T15:23:47.189+0000 7f2fe14bf700 1 -- 172.21.15.69:0/2924115192 learned_addr learned my addr 172.21.15.69:0/2924115192 (peer_addr_for_me v2:172.21.15.69:0/0)
2023-07-12T15:23:48.398 INFO:teuthology.orchestra.run.smithi069.stdout:/usr/bin/ceph: stderr
2023-07-12T15:23:47.189+0000 7f2fe14bf700 1 -- 172.21.15.69:0/2924115192 --> [v2:172.21.15.69:3300/0,v1:172.21.15.69:6789/0] -- mon_subscribe({config=0+,monmap=0+}) v3 -- 0x7f2fdc077ed0 con 0x7f2fdc104ad0
2023-07-12T15:23:48.398 INFO:teuthology.orchestra.run.smithi069.stdout:/usr/bin/ceph: stderr
2023-07-12T15:23:47.189+0000 7f2fe14bf700 1 --2- 172.21.15.69:0/2924115192 >> [v2:172.21.15.69:3300/0,v1:172.21.15.69:6789/0] conn(0x7f2fdc104ad0 0x7f2fdc106eb0 secure :-1 s=READY pgs=72 cs=0 l=1 rev1=1 crypto rx=0x7f2fd80098a0 tx=0x7f2fd8009bb0 comp rx=0 tx=0).ready entity=mon.0 client_cookie=a208766b2b0daf53 server_cookie=0 in_seq=0 out_seq=0
2023-07-12T15:23:48.398 INFO:teuthology.orchestra.run.smithi069.stdout:/usr/bin/ceph: stderr
2023-07-12T15:23:47.189+0000 7f2fd3fff700 1 -- 172.21.15.69:0/2924115192 <== mon.0 v2:172.21.15.69:3300/0 1 ==== mon_map magic: 0 v1 ==== 205+0+0 (secure 0 0 0) 0x7f2fd8004160 con 0x7f2fdc104ad0
2023-07-12T15:23:48.399 INFO:teuthology.orchestra.run.smithi069.stdout:/usr/bin/ceph: stderr
2023-07-12T15:23:47.189+0000 7f2fd3fff700 1 -- 172.21.15.69:0/2924115192 <== mon.0 v2:172.21.15.69:3300/0 2 ==== config(25 keys) v1 ==== 1058+0+0 (secure 0 0 0) 0x7f2fd80042c0 con 0x7f2fdc104ad0
2023-07-12T15:23:48.399 INFO:teuthology.orchestra.run.smithi069.stdout:/usr/bin/ceph: stderr
2023-07-12T15:23:47.189+0000 7f2fd3fff700 1 -- 172.21.15.69:0/2924115192 <== mon.0 v2:172.21.15.69:3300/0 3 ==== mon_map magic: 0 v1 ==== 205+0+0 (secure 0 0 0) 0x7f2fd80118c0 con 0x7f2fdc104ad0
2023-07-12T15:23:48.399 INFO:teuthology.orchestra.run.smithi069.stdout:/usr/bin/ceph: stderr
2023-07-12T15:23:47.190+0000 7f2fe3723700 1 -- 172.21.15.69:0/2924115192 >> [v2:172.21.15.69:3300/0,v1:172.21.15.69:6789/0] conn(0x7f2fdc104ad0 msgr2=0x7f2fdc106eb0 secure :-1 s=STATE_CONNECTION_ESTABLISHED l=1).mark_down
2023-07-12T15:23:48.399 INFO:teuthology.orchestra.run.smithi069.stdout:/usr/bin/ceph: stderr
2023-07-12T15:23:47.190+0000 7f2fe3723700 1 --2- 172.21.15.69:0/2924115192 >> [v2:172.21.15.69:3300/0,v1:172.21.15.69:6789/0] conn(0x7f2fdc104ad0 0x7f2fdc106eb0 secure :-1 s=READY pgs=72 cs=0 l=1 rev1=1 crypto rx=0x7f2fd80098a0 tx=0x7f2fd8009bb0 comp rx=0 tx=0).stop
2023-07-12T15:23:48.399 INFO:teuthology.orchestra.run.smithi069.stdout:/usr/bin/ceph: stderr
2023-07-12T15:23:47.190+0000 7f2fe3723700 1 -- 172.21.15.69:0/2924115192 shutdown_connections
2023-07-12T15:23:48.399 INFO:teuthology.orchestra.run.smithi069.stdout:/usr/bin/ceph: stderr
2023-07-12T15:23:47.190+0000 7f2fe3723700 1 --2- 172.21.15.69:0/2924115192 >> [v2:172.21.15.69:3300/0,v1:172.21.15.69:6789/0] conn(0x7f2fdc104ad0 0x7f2fdc106eb0 unknown :-1 s=CLOSED pgs=72 cs=0 l=1 rev1=1 crypto rx=0 tx=0 comp rx=0 tx=0).stop
2023-07-12T15:23:48.399 INFO:teuthology.orchestra.run.smithi069.stdout:/usr/bin/ceph: stderr
2023-07-12T15:23:47.190+0000 7f2fe3723700 1 -- 172.21.15.69:0/2924115192 >> 172.21.15.69:0/2924115192 conn(0x7f2fdc0fe4d0 msgr2=0x7f2fdc100940 unknown :-1 s=STATE_NONE l=0).mark_down
2023-07-12T15:23:48.400 INFO:teuthology.orchestra.run.smithi069.stdout:/usr/bin/ceph: stderr
2023-07-12T15:23:47.190+0000 7f2fe3723700 1 -- 172.21.15.69:0/2924115192 shutdown_connections
2023-07-12T15:23:48.400 INFO:teuthology.orchestra.run.smithi069.stdout:/usr/bin/ceph: stderr
2023-07-12T15:23:47.190+0000 7f2fe3723700 1 -- 172.21.15.69:0/2924115192 wait complete.
2023-07-12T15:23:48.400 INFO:teuthology.orchestra.run.smithi069.stdout:/usr/bin/ceph: stderr
2023-07-12T15:23:47.190+0000 7f2fe3723700 1 Processor -- start
2023-07-12T15:23:48.400 INFO:teuthology.orchestra.run.smithi069.stdout:/usr/bin/ceph: stderr
2023-07-12T15:23:47.191+0000 7f2fe3723700 1 -- start start
2023-07-12T15:23:48.400 INFO:teuthology.orchestra.run.smithi069.stdout:/usr/bin/ceph: stderr
2023-07-12T15:23:47.191+0000 7f2fe3723700 1 --2- >> [v2:172.21.15.69:3300/0,v1:172.21.15.69:6789/0] conn(0x7f2fdc104ad0 0x7f2fdc197c50 unknown :-1 s=NONE pgs=0 cs=0 l=1 rev1=0 crypto rx=0 tx=0 comp rx=0 tx=0).connect
2023-07-12T15:23:48.400 INFO:teuthology.orchestra.run.smithi069.stdout:/usr/bin/ceph: stderr
2023-07-12T15:23:47.191+0000 7f2fe3723700 1 -- --> [v2:172.21.15.69:3300/0,v1:172.21.15.69:6789/0] -- mon_getmap magic: 0 v1 -- 0x7f2fdc198190 con 0x7f2fdc104ad0
2023-07-12T15:23:48.400 INFO:teuthology.orchestra.run.smithi069.stdout:/usr/bin/ceph: stderr
2023-07-12T15:23:47.191+0000 7f2fe14bf700 1 --2- >> [v2:172.21.15.69:3300/0,v1:172.21.15.69:6789/0] conn(0x7f2fdc104ad0 0x7f2fdc197c50 unknown :-1 s=BANNER_CONNECTING pgs=0 cs=0 l=1 rev1=0 crypto rx=0 tx=0 comp rx=0 tx=0)._handle_peer_banner_payload supported=3 required=0
2023-07-12T15:23:48.401 INFO:teuthology.orchestra.run.smithi069.stdout:/usr/bin/ceph: stderr
2023-07-12T15:23:47.191+0000 7f2fe14bf700 1 --2- >> [v2:172.21.15.69:3300/0,v1:172.21.15.69:6789/0] conn(0x7f2fdc104ad0 0x7f2fdc197c50 unknown :-1 s=HELLO_CONNECTING pgs=0 cs=0 l=1 rev1=1 crypto rx=0 tx=0 comp rx=0 tx=0).handle_hello peer v2:172.21.15.69:3300/0 says I am v2:172.21.15.69:39830/0 (socket says 172.21.15.69:39830)
2023-07-12T15:23:48.401 INFO:teuthology.orchestra.run.smithi069.stdout:/usr/bin/ceph: stderr
2023-07-12T15:23:47.191+0000 7f2fe14bf700 1 -- 172.21.15.69:0/1116123454 learned_addr learned my addr 172.21.15.69:0/1116123454 (peer_addr_for_me v2:172.21.15.69:0/0)
2023-07-12T15:23:48.401 INFO:teuthology.orchestra.run.smithi069.stdout:/usr/bin/ceph: stderr
2023-07-12T15:23:47.191+0000 7f2fe14bf700 1 -- 172.21.15.69:0/1116123454 --> [v2:172.21.15.69:3300/0,v1:172.21.15.69:6789/0] -- mon_subscribe({config=0+,monmap=0+}) v3 -- 0x7f2fd8009550 con 0x7f2fdc104ad0
2023-07-12T15:23:48.401 INFO:teuthology.orchestra.run.smithi069.stdout:/usr/bin/ceph: stderr
2023-07-12T15:23:47.191+0000 7f2fe14bf700 1 --2- 172.21.15.69:0/1116123454 >> [v2:172.21.15.69:3300/0,v1:172.21.15.69:6789/0] conn(0x7f2fdc104ad0 0x7f2fdc197c50 secure :-1 s=READY pgs=73 cs=0 l=1 rev1=1 crypto rx=0x7f2fd80046c0 tx=0x7f2fd8011920 comp rx=0 tx=0).ready entity=mon.0 client_cookie=0 server_cookie=0 in_seq=0 out_seq=0
2023-07-12T15:23:48.401 INFO:teuthology.orchestra.run.smithi069.stdout:/usr/bin/ceph: stderr
2023-07-12T15:23:47.191+0000 7f2fd27fc700 1 -- 172.21.15.69:0/1116123454 <== mon.0 v2:172.21.15.69:3300/0 1 ==== mon_map magic: 0 v1 ==== 205+0+0 (secure 0 0 0) 0x7f2fd80036a0 con 0x7f2fdc104ad0
2023-07-12T15:23:48.401 INFO:teuthology.orchestra.run.smithi069.stdout:/usr/bin/ceph: stderr
2023-07-12T15:23:47.191+0000 7f2fe3723700 1 -- 172.21.15.69:0/1116123454 --> [v2:172.21.15.69:3300/0,v1:172.21.15.69:6789/0] -- mon_subscribe({mgrmap=0+}) v3 -- 0x7f2fdc198390 con 0x7f2fdc104ad0
2023-07-12T15:23:48.401 INFO:teuthology.orchestra.run.smithi069.stdout:/usr/bin/ceph: stderr
2023-07-12T15:23:47.191+0000 7f2fd27fc700 1 -- 172.21.15.69:0/1116123454 <== mon.0 v2:172.21.15.69:3300/0 2 ==== config(25 keys) v1 ==== 1058+0+0 (secure 0 0 0) 0x7f2fd8003800 con 0x7f2fdc104ad0
2023-07-12T15:23:48.401 INFO:teuthology.orchestra.run.smithi069.stdout:/usr/bin/ceph: stderr
2023-07-12T15:23:47.191+0000 7f2fd27fc700 1 -- 172.21.15.69:0/1116123454 <== mon.0 v2:172.21.15.69:3300/0 3 ==== mon_map magic: 0 v1 ==== 205+0+0 (secure 0 0 0) 0x7f2fd8024e70 con 0x7f2fdc104ad0
2023-07-12T15:23:48.402 INFO:teuthology.orchestra.run.smithi069.stdout:/usr/bin/ceph: stderr
2023-07-12T15:23:47.192+0000 7f2fe3723700 1 -- 172.21.15.69:0/1116123454 --> [v2:172.21.15.69:3300/0,v1:172.21.15.69:6789/0] -- mon_subscribe({osdmap=0}) v3 -- 0x7f2fdc198830 con 0x7f2fdc104ad0
2023-07-12T15:23:48.402 INFO:teuthology.orchestra.run.smithi069.stdout:/usr/bin/ceph: stderr
2023-07-12T15:23:47.192+0000 7f2fd27fc700 1 -- 172.21.15.69:0/1116123454 <== mon.0 v2:172.21.15.69:3300/0 4 ==== mgrmap(e 12) v1 ==== 45043+0+0 (secure 0 0 0) 0x7f2fd801a480 con 0x7f2fdc104ad0
2023-07-12T15:23:48.402 INFO:teuthology.orchestra.run.smithi069.stdout:/usr/bin/ceph: stderr
2023-07-12T15:23:47.192+0000 7f2fe3723700 1 -- 172.21.15.69:0/1116123454 --> [v2:172.21.15.69:3300/0,v1:172.21.15.69:6789/0] -- mon_command({"prefix": "get_command_descriptions"} v 0) v1 -- 0x7f2fdc1080a0 con 0x7f2fdc104ad0
2023-07-12T15:23:48.402 INFO:teuthology.orchestra.run.smithi069.stdout:/usr/bin/ceph: stderr
2023-07-12T15:23:47.193+0000 7f2fd27fc700 1 --2- 172.21.15.69:0/1116123454 >> v2:172.21.15.69:6800/284433772 conn(0x7f2fc8038370 0x7f2fc803a820 unknown :-1 s=NONE pgs=0 cs=0 l=1 rev1=0 crypto rx=0 tx=0 comp rx=0 tx=0).connect
2023-07-12T15:23:48.402 INFO:teuthology.orchestra.run.smithi069.stdout:/usr/bin/ceph: stderr
2023-07-12T15:23:47.193+0000 7f2fd27fc700 1 -- 172.21.15.69:0/1116123454 <== mon.0 v2:172.21.15.69:3300/0 5 ==== osd_map(3..3 src has 1..3) v4 ==== 1069+0+0 (secure 0 0 0) 0x7f2fd804c140 con 0x7f2fdc104ad0
2023-07-12T15:23:48.402 INFO:teuthology.orchestra.run.smithi069.stdout:/usr/bin/ceph: stderr
2023-07-12T15:23:47.193+0000 7f2fe0cbe700 1 --2- 172.21.15.69:0/1116123454 >> v2:172.21.15.69:6800/284433772 conn(0x7f2fc8038370 0x7f2fc803a820 unknown :-1 s=BANNER_CONNECTING pgs=0 cs=0 l=1 rev1=0 crypto rx=0 tx=0 comp rx=0 tx=0)._handle_peer_banner_payload supported=3 required=0
2023-07-12T15:23:48.402 INFO:teuthology.orchestra.run.smithi069.stdout:/usr/bin/ceph: stderr
