2023-11-16T14:01:19.263152+0000 mgr.smithi061.zcjido (mgr.14116) 8 : audit [DBG] from='client.14134 -' entity='client.admin' cmd=[{"prefix": "orch host add", "hostname": "smithi061", "addr": "172.21.15.61", "target": ["mon-mgr", ""]}]: dispatch
2023-11-16T14:01:20.921 INFO:journalctl@ceph.mon.smithi061.smithi061.stdout:Nov 16 14:01:20 smithi061 ceph-71d22a3a-8488-11ee-8dbe-212e2dc638e7-mon-smithi061[111911]: audit
2023-11-16T14:01:19.867518+0000 mon.smithi061 (mon.0) 55 : audit [INF] from='mgr.14116 172.21.15.61:0/1327458703' entity='mgr.smithi061.zcjido'
2023-11-16T14:01:20.921 INFO:journalctl@ceph.mon.smithi061.smithi061.stdout:Nov 16 14:01:20 smithi061 ceph-71d22a3a-8488-11ee-8dbe-212e2dc638e7-mon-smithi061[111911]: audit
2023-11-16T14:01:19.868052+0000 mon.smithi061 (mon.0) 56 : audit [DBG] from='mgr.14116 172.21.15.61:0/1327458703' entity='mgr.smithi061.zcjido' cmd=[{"prefix": "config dump", "format": "json"}]: dispatch
2023-11-16T14:01:21.088 INFO:teuthology.orchestra.run.smithi061.stderr:Deploying mgr service with default placement...
2023-11-16T14:01:21.450 INFO:teuthology.orchestra.run.smithi061.stderr:/usr/bin/ceph:
2023-11-16T14:01:21.445+0000 7fc567737700 1 Processor -- start
2023-11-16T14:01:21.450 INFO:teuthology.orchestra.run.smithi061.stderr:/usr/bin/ceph:
2023-11-16T14:01:21.446+0000 7fc567737700 1 -- start start
2023-11-16T14:01:21.451 INFO:teuthology.orchestra.run.smithi061.stderr:/usr/bin/ceph:
2023-11-16T14:01:21.446+0000 7fc567737700 1 --2- >> [v2:172.21.15.61:3300/0,v1:172.21.15.61:6789/0] conn(0x7fc560027670 0x7fc5600feb10 unknown :-1 s=NONE pgs=0 cs=0 l=0 rev1=0 rx=0 tx=0).connect
2023-11-16T14:01:21.451 INFO:teuthology.orchestra.run.smithi061.stderr:/usr/bin/ceph:
2023-11-16T14:01:21.446+0000 7fc567737700 1 -- --> [v2:172.21.15.61:3300/0,v1:172.21.15.61:6789/0] -- mon_getmap magic: 0 v1 -- 0x7fc5600ff000 con 0x7fc560027670
2023-11-16T14:01:21.451 INFO:teuthology.orchestra.run.smithi061.stderr:/usr/bin/ceph:
2023-11-16T14:01:21.446+0000 7fc5654d3700 1 --2- >> [v2:172.21.15.61:3300/0,v1:172.21.15.61:6789/0] conn(0x7fc560027670 0x7fc5600feb10 unknown :-1 s=BANNER_CONNECTING pgs=0 cs=0 l=0 rev1=0 rx=0 tx=0)._handle_peer_banner_payload supported=1 required=0
2023-11-16T14:01:21.451 INFO:teuthology.orchestra.run.smithi061.stderr:/usr/bin/ceph:
2023-11-16T14:01:21.446+0000 7fc5654d3700 1 --2- >> [v2:172.21.15.61:3300/0,v1:172.21.15.61:6789/0] conn(0x7fc560027670 0x7fc5600feb10 unknown :-1 s=HELLO_CONNECTING pgs=0 cs=0 l=0 rev1=1 rx=0 tx=0).handle_hello peer v2:172.21.15.61:3300/0 says I am v2:172.21.15.61:44286/0 (socket says 172.21.15.61:44286)
2023-11-16T14:01:21.451 INFO:teuthology.orchestra.run.smithi061.stderr:/usr/bin/ceph:
2023-11-16T14:01:21.446+0000 7fc5654d3700 1 -- 172.21.15.61:0/524109998 learned_addr learned my addr 172.21.15.61:0/524109998 (peer_addr_for_me v2:172.21.15.61:0/0)
2023-11-16T14:01:21.451 INFO:teuthology.orchestra.run.smithi061.stderr:/usr/bin/ceph:
2023-11-16T14:01:21.446+0000 7fc5654d3700 1 -- 172.21.15.61:0/524109998 --> [v2:172.21.15.61:3300/0,v1:172.21.15.61:6789/0] -- mon_subscribe({config=0+,monmap=0+}) v3 -- 0x7fc5600ff140 con 0x7fc560027670
2023-11-16T14:01:21.451 INFO:teuthology.orchestra.run.smithi061.stderr:/usr/bin/ceph:
2023-11-16T14:01:21.446+0000 7fc5654d3700 1 --2- 172.21.15.61:0/524109998 >> [v2:172.21.15.61:3300/0,v1:172.21.15.61:6789/0] conn(0x7fc560027670 0x7fc5600feb10 secure :-1 s=READY pgs=43 cs=0 l=1 rev1=1 rx=0x7fc55c00b5f0 tx=0x7fc55c006ee0).ready entity=mon.0 client_cookie=7f2de0cebd4eb389 server_cookie=0 in_seq=0 out_seq=0
2023-11-16T14:01:21.451 INFO:teuthology.orchestra.run.smithi061.stderr:/usr/bin/ceph:
2023-11-16T14:01:21.447+0000 7fc553fff700 1 -- 172.21.15.61:0/524109998 <== mon.0 v2:172.21.15.61:3300/0 1 ==== mon_map magic: 0 v1 ==== 229+0+0 (secure 0 0 0) 0x7fc55c00d600 con 0x7fc560027670
2023-11-16T14:01:21.451 INFO:teuthology.orchestra.run.smithi061.stderr:/usr/bin/ceph:
2023-11-16T14:01:21.447+0000 7fc553fff700 1 -- 172.21.15.61:0/524109998 <== mon.0 v2:172.21.15.61:3300/0 2 ==== config(25 keys) v1 ==== 997+0+0 (secure 0 0 0) 0x7fc55c00dbc0 con 0x7fc560027670
2023-11-16T14:01:21.451 INFO:teuthology.orchestra.run.smithi061.stderr:/usr/bin/ceph:
2023-11-16T14:01:21.447+0000 7fc553fff700 1 -- 172.21.15.61:0/524109998 <== mon.0 v2:172.21.15.61:3300/0 3 ==== mon_map magic: 0 v1 ==== 229+0+0 (secure 0 0 0) 0x7fc55c011b90 con 0x7fc560027670
2023-11-16T14:01:21.451 INFO:teuthology.orchestra.run.smithi061.stderr:/usr/bin/ceph:
2023-11-16T14:01:21.447+0000 7fc567737700 1 -- 172.21.15.61:0/524109998 >> [v2:172.21.15.61:3300/0,v1:172.21.15.61:6789/0] conn(0x7fc560027670 msgr2=0x7fc5600feb10 secure :-1 s=STATE_CONNECTION_ESTABLISHED l=1).mark_down
2023-11-16T14:01:21.451 INFO:teuthology.orchestra.run.smithi061.stderr:/usr/bin/ceph:
2023-11-16T14:01:21.447+0000 7fc567737700 1 --2- 172.21.15.61:0/524109998 >> [v2:172.21.15.61:3300/0,v1:172.21.15.61:6789/0] conn(0x7fc560027670 0x7fc5600feb10 secure :-1 s=READY pgs=43 cs=0 l=1 rev1=1 rx=0x7fc55c00b5f0 tx=0x7fc55c006ee0).stop
2023-11-16T14:01:21.451 INFO:teuthology.orchestra.run.smithi061.stderr:/usr/bin/ceph:
2023-11-16T14:01:21.447+0000 7fc567737700 1 -- 172.21.15.61:0/524109998 shutdown_connections
2023-11-16T14:01:21.451 INFO:teuthology.orchestra.run.smithi061.stderr:/usr/bin/ceph:
2023-11-16T14:01:21.447+0000 7fc567737700 1 --2- 172.21.15.61:0/524109998 >> [v2:172.21.15.61:3300/0,v1:172.21.15.61:6789/0] conn(0x7fc560027670 0x7fc5600feb10 unknown :-1 s=CLOSED pgs=43 cs=0 l=1 rev1=1 rx=0 tx=0).stop
2023-11-16T14:01:21.452 INFO:teuthology.orchestra.run.smithi061.stderr:/usr/bin/ceph:
2023-11-16T14:01:21.447+0000 7fc567737700 1 -- 172.21.15.61:0/524109998 >> 172.21.15.61:0/524109998 conn(0x7fc5600f6590 msgr2=0x7fc5600f89d0 unknown :-1 s=STATE_NONE l=0).mark_down
2023-11-16T14:01:21.452 INFO:teuthology.orchestra.run.smithi061.stderr:/usr/bin/ceph:
2023-11-16T14:01:21.447+0000 7fc567737700 1 -- 172.21.15.61:0/524109998 shutdown_connections
2023-11-16T14:01:21.452 INFO:teuthology.orchestra.run.smithi061.stderr:/usr/bin/ceph:
2023-11-16T14:01:21.447+0000 7fc567737700 1 -- 172.21.15.61:0/524109998 wait complete.
2023-11-16T14:01:21.454 INFO:teuthology.orchestra.run.smithi061.stderr:/usr/bin/ceph:
2023-11-16T14:01:21.448+0000 7fc567737700 1 Processor -- start
2023-11-16T14:01:21.454 INFO:teuthology.orchestra.run.smithi061.stderr:/usr/bin/ceph:
2023-11-16T14:01:21.448+0000 7fc567737700 1 -- start start
2023-11-16T14:01:21.454 INFO:teuthology.orchestra.run.smithi061.stderr:/usr/bin/ceph:
2023-11-16T14:01:21.448+0000 7fc567737700 1 --2- >> [v2:172.21.15.61:3300/0,v1:172.21.15.61:6789/0] conn(0x7fc560027670 0x7fc56010ad10 unknown :-1 s=NONE pgs=0 cs=0 l=1 rev1=0 rx=0 tx=0).connect
2023-11-16T14:01:21.454 INFO:teuthology.orchestra.run.smithi061.stderr:/usr/bin/ceph:
2023-11-16T14:01:21.449+0000 7fc567737700 1 -- --> [v2:172.21.15.61:3300/0,v1:172.21.15.61:6789/0] -- mon_getmap magic: 0 v1 -- 0x7fc56010b200 con 0x7fc560027670
2023-11-16T14:01:21.454 INFO:teuthology.orchestra.run.smithi061.stderr:/usr/bin/ceph:
2023-11-16T14:01:21.449+0000 7fc5654d3700 1 --2- >> [v2:172.21.15.61:3300/0,v1:172.21.15.61:6789/0] conn(0x7fc560027670 0x7fc56010ad10 unknown :-1 s=BANNER_CONNECTING pgs=0 cs=0 l=1 rev1=0 rx=0 tx=0)._handle_peer_banner_payload supported=1 required=0
2023-11-16T14:01:21.454 INFO:teuthology.orchestra.run.smithi061.stderr:/usr/bin/ceph:
2023-11-16T14:01:21.449+0000 7fc5654d3700 1 --2- >> [v2:172.21.15.61:3300/0,v1:172.21.15.61:6789/0] conn(0x7fc560027670 0x7fc56010ad10 unknown :-1 s=HELLO_CONNECTING pgs=0 cs=0 l=1 rev1=1 rx=0 tx=0).handle_hello peer v2:172.21.15.61:3300/0 says I am v2:172.21.15.61:44290/0 (socket says 172.21.15.61:44290)
2023-11-16T14:01:21.454 INFO:teuthology.orchestra.run.smithi061.stderr:/usr/bin/ceph:
2023-11-16T14:01:21.449+0000 7fc5654d3700 1 -- 172.21.15.61:0/2322630341 learned_addr learned my addr 172.21.15.61:0/2322630341 (peer_addr_for_me v2:172.21.15.61:0/0)
2023-11-16T14:01:21.454 INFO:teuthology.orchestra.run.smithi061.stderr:/usr/bin/ceph:
2023-11-16T14:01:21.449+0000 7fc5654d3700 1 -- 172.21.15.61:0/2322630341 --> [v2:172.21.15.61:3300/0,v1:172.21.15.61:6789/0] -- mon_subscribe({config=0+,monmap=0+}) v3 -- 0x7fc55c00b200 con 0x7fc560027670
2023-11-16T14:01:21.454 INFO:teuthology.orchestra.run.smithi061.stderr:/usr/bin/ceph:
2023-11-16T14:01:21.449+0000 7fc5654d3700 1 --2- 172.21.15.61:0/2322630341 >> [v2:172.21.15.61:3300/0,v1:172.21.15.61:6789/0] conn(0x7fc560027670 0x7fc56010ad10 secure :-1 s=READY pgs=44 cs=0 l=1 rev1=1 rx=0x7fc55c006800 tx=0x7fc55c006ee0).ready entity=mon.0 client_cookie=0 server_cookie=0 in_seq=0 out_seq=0
2023-11-16T14:01:21.455 INFO:teuthology.orchestra.run.smithi061.stderr:/usr/bin/ceph:
2023-11-16T14:01:21.449+0000 7fc551ffb700 1 -- 172.21.15.61:0/2322630341 <== mon.0 v2:172.21.15.61:3300/0 1 ==== mon_map magic: 0 v1 ==== 229+0+0 (secure 0 0 0) 0x7fc55c00de50 con 0x7fc560027670
2023-11-16T14:01:21.455 INFO:teuthology.orchestra.run.smithi061.stderr:/usr/bin/ceph:
2023-11-16T14:01:21.449+0000 7fc551ffb700 1 -- 172.21.15.61:0/2322630341 <== mon.0 v2:172.21.15.61:3300/0 2 ==== config(25 keys) v1 ==== 997+0+0 (secure 0 0 0) 0x7fc55c01b870 con 0x7fc560027670
2023-11-16T14:01:21.455 INFO:teuthology.orchestra.run.smithi061.stderr:/usr/bin/ceph:
2023-11-16T14:01:21.449+0000 7fc567737700 1 -- 172.21.15.61:0/2322630341 --> [v2:172.21.15.61:3300/0,v1:172.21.15.61:6789/0] -- mon_subscribe({mgrmap=0+}) v3 -- 0x7fc56010b400 con 0x7fc560027670
2023-11-16T14:01:21.455 INFO:teuthology.orchestra.run.smithi061.stderr:/usr/bin/ceph:
2023-11-16T14:01:21.449+0000 7fc551ffb700 1 -- 172.21.15.61:0/2322630341 <== mon.0 v2:172.21.15.61:3300/0 3 ==== mon_map magic: 0 v1 ==== 229+0+0 (secure 0 0 0) 0x7fc55c01a7a0 con 0x7fc560027670
2023-11-16T14:01:21.455 INFO:teuthology.orchestra.run.smithi061.stderr:/usr/bin/ceph:
2023-11-16T14:01:21.449+0000 7fc567737700 1 -- 172.21.15.61:0/2322630341 --> [v2:172.21.15.61:3300/0,v1:172.21.15.61:6789/0] -- mon_subscribe({osdmap=0}) v3 -- 0x7fc56010bfb0 con 0x7fc560027670
2023-11-16T14:01:21.455 INFO:teuthology.orchestra.run.smithi061.stderr:/usr/bin/ceph:
2023-11-16T14:01:21.450+0000 7fc551ffb700 1 -- 172.21.15.61:0/2322630341 <== mon.0 v2:172.21.15.61:3300/0 4 ==== mgrmap(e 8) v1 ==== 37095+0+0 (secure 0 0 0) 0x7fc55c00f070 con 0x7fc560027670
2023-11-16T14:01:21.455 INFO:teuthology.orchestra.run.smithi061.stderr:/usr/bin/ceph:
2023-11-16T14:01:21.450+0000 7fc551ffb700 1 --2- 172.21.15.61:0/2322630341 >> [v2:172.21.15.61:6800/1639220556,v1:172.21.15.61:6801/1639220556] conn(0x7fc548030ff0 0x7fc5480334b0 unknown :-1 s=NONE pgs=0 cs=0 l=1 rev1=0 rx=0 tx=0).connect
2023-11-16T14:01:23.930 INFO:teuthology.orchestra.run.smithi061.stderr:/usr/bin/ceph:
2023-11-16T14:01:21.451+0000 7fc551ffb700 1 -- 172.21.15.61:0/2322630341 <== mon.0 v2:172.21.15.61:3300/0 5 ==== osd_map(2..2 src has 1..2) v4 ==== 893+0+0 (secure 0 0 0) 0x7fc55c042bb0 con 0x7fc560027670
2023-11-16T14:01:23.930 INFO:teuthology.orchestra.run.smithi061.stderr:/usr/bin/ceph:
2023-11-16T14:01:21.451+0000 7fc567737700 1 -- 172.21.15.61:0/2322630341 --> [v2:172.21.15.61:3300/0,v1:172.21.15.61:6789/0] -- mon_command({"prefix": "get_command_descriptions"} v 0) v1 -- 0x7fc5600591e0 con 0x7fc560027670
2023-11-16T14:01:23.930 INFO:teuthology.orchestra.run.smithi061.stderr:/usr/bin/ceph:
2023-11-16T14:01:21.451+0000 7fc564cd2700 1 --2- 172.21.15.61:0/2322630341 >> [v2:172.21.15.61:6800/1639220556,v1:172.21.15.61:6801/1639220556] conn(0x7fc548030ff0 0x7fc5480334b0 unknown :-1 s=BANNER_CONNECTING pgs=0 cs=0 l=1 rev1=0 rx=0 tx=0)._handle_peer_banner_payload supported=1 required=0
2023-11-16T14:01:23.930 INFO:teuthology.orchestra.run.smithi061.stderr:/usr/bin/ceph:
2023-11-16T14:01:21.451+0000 7fc564cd2700 1 --2- 172.21.15.61:0/2322630341 >> [v2:172.21.15.61:6800/1639220556,v1:172.21.15.61:6801/1639220556] conn(0x7fc548030ff0 0x7fc5480334b0 secure :-1 s=READY pgs=12 cs=0 l=1 rev1=1 rx=0x7fc5540096a0 tx=0x7fc554006b40).ready entity=mgr.14116 client_cookie=0 server_cookie=0 in_seq=0 out_seq=0
2023-11-16T14:01:23.932 INFO:teuthology.orchestra.run.smithi061.stderr:/usr/bin/ceph:
2023-11-16T14:01:21.455+0000 7fc551ffb700 1 -- 172.21.15.61:0/2322630341 <== mon.0 v2:172.21.15.61:3300/0 6 ==== mon_command_ack([{"prefix": "get_command_descriptions"}]=0 v0) v1 ==== 72+0+153237 (secure 0 0 0) 0x7fc55c016030 con 0x7fc560027670
2023-11-16T14:01:23.932 INFO:teuthology.orchestra.run.smithi061.stderr:/usr/bin/ceph:
2023-11-16T14:01:21.623+0000 7fc567737700 1 -- 172.21.15.61:0/2322630341 --> [v2:172.21.15.61:6800/1639220556,v1:172.21.15.61:6801/1639220556] -- mgr_command(tid 0: {"prefix": "orch apply", "service_type": "mgr", "target": ["mon-mgr", ""]}) v1 -- 0x7fc5600fffb0 con 0x7fc548030ff0
2023-11-16T14:01:23.932 INFO:teuthology.orchestra.run.smithi061.stderr:/usr/bin/ceph:
2023-11-16T14:01:21.628+0000 7fc551ffb700 1 -- 172.21.15.61:0/2322630341 <== mgr.14116 v2:172.21.15.61:6800/1639220556 1 ==== mgr_command_reply(tid 0: 0 ) v1 ==== 8+0+24 (secure 0 0 0) 0x7fc5600fffb0 con 0x7fc548030ff0
2023-11-16T14:01:23.932 INFO:teuthology.orchestra.run.smithi061.stderr:/usr/bin/ceph: Scheduled mgr update...
2023-11-16T14:01:23.932 INFO:teuthology.orchestra.run.smithi061.stderr:/usr/bin/ceph:
2023-11-16T14:01:21.630+0000 7fc567737700 1 -- 172.21.15.61:0/2322630341 >> [v2:172.21.15.61:6800/1639220556,v1:172.21.15.61:6801/1639220556] conn(0x7fc548030ff0 msgr2=0x7fc5480334b0 secure :-1 s=STATE_CONNECTION_ESTABLISHED l=1).mark_down
2023-11-16T14:01:23.932 INFO:teuthology.orchestra.run.smithi061.stderr:/usr/bin/ceph:
2023-11-16T14:01:21.630+0000 7fc567737700 1 --2- 172.21.15.61:0/2322630341 >> [v2:172.21.15.61:6800/1639220556,v1:172.21.15.61:6801/1639220556] conn(0x7fc548030ff0 0x7fc5480334b0 secure :-1 s=READY pgs=12 cs=0 l=1 rev1=1 rx=0x7fc5540096a0 tx=0x7fc554006b40).stop
2023-11-16T14:01:23.933 INFO:teuthology.orchestra.run.smithi061.stderr:/usr/bin/ceph:
2023-11-16T14:01:21.630+0000 7fc567737700 1 -- 172.21.15.61:0/2322630341 >> [v2:172.21.15.61:3300/0,v1:172.21.15.61:6789/0] conn(0x7fc560027670 msgr2=0x7fc56010ad10 secure :-1 s=STATE_CONNECTION_ESTABLISHED l=1).mark_down
2023-11-16T14:01:23.933 INFO:teuthology.orchestra.run.smithi061.stderr:/usr/bin/ceph:
2023-11-16T14:01:21.630+0000 7fc567737700 1 --2- 172.21.15.61:0/2322630341 >> [v2:172.21.15.61:3300/0,v1:172.21.15.61:6789/0] conn(0x7fc560027670 0x7fc56010ad10 secure :-1 s=READY pgs=44 cs=0 l=1 rev1=1 rx=0x7fc55c006800 tx=0x7fc55c006ee0).stop
2023-11-16T14:01:23.933 INFO:teuthology.orchestra.run.smithi061.stderr:/usr/bin/ceph:
2023-11-16T14:01:21.630+0000 7fc567737700 1 -- 172.21.15.61:0/2322630341 shutdown_connections
2023-11-16T14:01:23.933 INFO:teuthology.orchestra.run.smithi061.stderr:/usr/bin/ceph:
2023-11-16T14:01:21.630+0000 7fc567737700 1 --2- 172.21.15.61:0/2322630341 >> [v2:172.21.15.61:6800/1639220556,v1:172.21.15.61:6801/1639220556] conn(0x7fc548030ff0 0x7fc5480334b0 unknown :-1 s=CLOSED pgs=12 cs=0 l=1 rev1=1 rx=0 tx=0).stop
2023-11-16T14:01:23.933 INFO:teuthology.orchestra.run.smithi061.stderr:/usr/bin/ceph:
2023-11-16T14:01:21.630+0000 7fc567737700 1 --2- 172.21.15.61:0/2322630341 >> [v2:172.21.15.61:3300/0,v1:172.21.15.61:6789/0] conn(0x7fc560027670 0x7fc56010ad10 unknown :-1 s=CLOSED pgs=44 cs=0 l=1 rev1=1 rx=0 tx=0).stop
2023-11-16T14:01:23.933 INFO:teuthology.orchestra.run.smithi061.stderr:/usr/bin/ceph:
2023-11-16T14:01:21.630+0000 7fc567737700 1 -- 172.21.15.61:0/2322630341 >> 172.21.15.61:0/2322630341 conn(0x7fc5600f6590 msgr2=0x7fc5600f80e0 unknown :-1 s=STATE_NONE l=0).mark_down
2023-11-16T14:01:23.933 INFO:teuthology.orchestra.run.smithi061.stderr:/usr/bin/ceph:
2023-11-16T14:01:21.630+0000 7fc567737700 1 -- 172.21.15.61:0/2322630341 shutdown_connections
2023-11-16T14:01:23.933 INFO:teuthology.orchestra.run.smithi061.stderr:/usr/bin/ceph:
2023-11-16T14:01:21.630+0000 7fc567737700 1 -- 172.21.15.61:0/2322630341 wait complete.
2023-11-16T14:01:23.933 INFO:journalctl@ceph.mon.smithi061.smithi061.stdout:Nov 16 14:01:21 smithi061 ceph-71d22a3a-8488-11ee-8dbe-212e2dc638e7-mon-smithi061[111911]: cephadm
2023-11-16T14:01:19.867793+0000 mgr.smithi061.zcjido (mgr.14116) 9 : cephadm [INF] Added host smithi061
2023-11-16T14:01:23.933 INFO:journalctl@ceph.mon.smithi061.smithi061.stdout:Nov 16 14:01:21 smithi061 ceph-71d22a3a-8488-11ee-8dbe-212e2dc638e7-mon-smithi061[111911]: audit
2023-11-16T14:01:20.710083+0000 mon.smithi061 (mon.0) 57 : audit [INF] from='mgr.14116 172.21.15.61:0/1327458703' entity='mgr.smithi061.zcjido'
2023-11-16T14:01:23.938 INFO:teuthology.orchestra.run.smithi061.stderr:Deploying crash service with default placement...
2023-11-16T14:01:23.938 INFO:teuthology.orchestra.run.smithi061.stderr:/usr/bin/ceph:
2023-11-16T14:01:22.293+0000 7f4af9131700 1 Processor -- start
2023-11-16T14:01:23.938 INFO:teuthology.orchestra.run.smithi061.stderr:/usr/bin/ceph:
2023-11-16T14:01:22.293+0000 7f4af9131700 1 -- start start
2023-11-16T14:01:23.938 INFO:teuthology.orchestra.run.smithi061.stderr:/usr/bin/ceph:
2023-11-16T14:01:22.293+0000 7f4af9131700 1 --2- >> [v2:172.21.15.61:3300/0,v1:172.21.15.61:6789/0] conn(0x7f4af40fae00 0x7f4af40fb220 unknown :-1 s=NONE pgs=0 cs=0 l=0 rev1=0 rx=0 tx=0).connect
2023-11-16T14:01:23.938 INFO:teuthology.orchestra.run.smithi061.stderr:/usr/bin/ceph:
2023-11-16T14:01:22.293+0000 7f4af9131700 1 -- --> [v2:172.21.15.61:3300/0,v1:172.21.15.61:6789/0] -- mon_getmap magic: 0 v1 -- 0x7f4af40fb710 con 0x7f4af40fae00
2023-11-16T14:01:23.938 INFO:teuthology.orchestra.run.smithi061.stderr:/usr/bin/ceph:
2023-11-16T14:01:22.293+0000 7f4af2d9d700 1 --2- >> [v2:172.21.15.61:3300/0,v1:172.21.15.61:6789/0] conn(0x7f4af40fae00 0x7f4af40fb220 unknown :-1 s=BANNER_CONNECTING pgs=0 cs=0 l=0 rev1=0 rx=0 tx=0)._handle_peer_banner_payload supported=1 required=0
2023-11-16T14:01:23.939 INFO:teuthology.orchestra.run.smithi061.stderr:/usr/bin/ceph:
2023-11-16T14:01:22.294+0000 7f4af2d9d700 1 --2- >> [v2:172.21.15.61:3300/0,v1:172.21.15.61:6789/0] conn(0x7f4af40fae00 0x7f4af40fb220 unknown :-1 s=HELLO_CONNECTING pgs=0 cs=0 l=0 rev1=1 rx=0 tx=0).handle_hello peer v2:172.21.15.61:3300/0 says I am v2:172.21.15.61:44296/0 (socket says 172.21.15.61:44296)
2023-11-16T14:01:23.939 INFO:teuthology.orchestra.run.smithi061.stderr:/usr/bin/ceph:
2023-11-16T14:01:22.294+0000 7f4af2d9d700 1 -- 172.21.15.61:0/535505678 learned_addr learned my addr 172.21.15.61:0/535505678 (peer_addr_for_me v2:172.21.15.61:0/0)
2023-11-16T14:01:23.939 INFO:teuthology.orchestra.run.smithi061.stderr:/usr/bin/ceph:
2023-11-16T14:01:22.294+0000 7f4af2d9d700 1 -- 172.21.15.61:0/535505678 --> [v2:172.21.15.61:3300/0,v1:172.21.15.61:6789/0] -- mon_subscribe({config=0+,monmap=0+}) v3 -- 0x7f4af40fb850 con 0x7f4af40fae00
2023-11-16T14:01:23.939 INFO:teuthology.orchestra.run.smithi061.stderr:/usr/bin/ceph:
2023-11-16T14:01:22.294+0000 7f4af2d9d700 1 --2- 172.21.15.61:0/535505678 >> [v2:172.21.15.61:3300/0,v1:172.21.15.61:6789/0] conn(0x7f4af40fae00 0x7f4af40fb220 secure :-1 s=READY pgs=45 cs=0 l=1 rev1=1 rx=0x7f4ae800b5f0 tx=0x7f4ae8006ee0).ready entity=mon.0 client_cookie=e89d5eebc513b350 server_cookie=0 in_seq=0 out_seq=0
2023-11-16T14:01:23.939 INFO:teuthology.orchestra.run.smithi061.stderr:/usr/bin/ceph:
2023-11-16T14:01:22.294+0000 7f4af1d9b700 1 -- 172.21.15.61:0/535505678 <== mon.0 v2:172.21.15.61:3300/0 1 ==== mon_map magic: 0 v1 ==== 229+0+0 (secure 0 0 0) 0x7f4ae800d600 con 0x7f4af40fae00
2023-11-16T14:01:23.939 INFO:teuthology.orchestra.run.smithi061.stderr:/usr/bin/ceph:
2023-11-16T14:01:22.294+0000 7f4af1d9b700 1 -- 172.21.15.61:0/535505678 <== mon.0 v2:172.21.15.61:3300/0 2 ==== config(25 keys) v1 ==== 997+0+0 (secure 0 0 0) 0x7f4ae800dbc0 con 0x7f4af40fae00
2023-11-16T14:01:23.939 INFO:teuthology.orchestra.run.smithi061.stderr:/usr/bin/ceph:
2023-11-16T14:01:22.294+0000 7f4af1d9b700 1 -- 172.21.15.61:0/535505678 <== mon.0 v2:172.21.15.61:3300/0 3 ==== mon_map magic: 0 v1 ==== 229+0+0 (secure 0 0 0) 0x7f4ae8011b90 con 0x7f4af40fae00
2023-11-16T14:01:23.939 INFO:teuthology.orchestra.run.smithi061.stderr:/usr/bin/ceph:
2023-11-16T14:01:22.295+0000 7f4af9131700 1 -- 172.21.15.61:0/535505678 >> [v2:172.21.15.61:3300/0,v1:172.21.15.61:6789/0] conn(0x7f4af40fae00 msgr2=0x7f4af40fb220 secure :-1 s=STATE_CONNECTION_ESTABLISHED l=1).mark_down
2023-11-16T14:01:23.939 INFO:teuthology.orchestra.run.smithi061.stderr:/usr/bin/ceph:
2023-11-16T14:01:22.295+0000 7f4af9131700 1 --2- 172.21.15.61:0/535505678 >> [v2:172.21.15.61:3300/0,v1:172.21.15.61:6789/0] conn(0x7f4af40fae00 0x7f4af40fb220 secure :-1 s=READY pgs=45 cs=0 l=1 rev1=1 rx=0x7f4ae800b5f0 tx=0x7f4ae8006ee0).stop
2023-11-16T14:01:23.939 INFO:teuthology.orchestra.run.smithi061.stderr:/usr/bin/ceph:
2023-11-16T14:01:22.295+0000 7f4af9131700 1 -- 172.21.15.61:0/535505678 shutdown_connections
2023-11-16T14:01:23.960 INFO:teuthology.orchestra.run.smithi061.stderr:/usr/bin/ceph:
2023-11-16T14:01:22.295+0000 7f4af9131700 1 --2- 172.21.15.61:0/535505678 >> [v2:172.21.15.61:3300/0,v1:172.21.15.61:6789/0] conn(0x7f4af40fae00 0x7f4af40fb220 unknown :-1 s=CLOSED pgs=45 cs=0 l=1 rev1=1 rx=0 tx=0).stop
2023-11-16T14:01:23.960 INFO:teuthology.orchestra.run.smithi061.stderr:/usr/bin/ceph:
2023-11-16T14:01:22.295+0000 7f4af9131700 1 -- 172.21.15.61:0/535505678 >> 172.21.15.61:0/535505678 conn(0x7f4af40f6590 msgr2=0x7f4af40f89d0 unknown :-1 s=STATE_NONE l=0).mark_down
2023-11-16T14:01:23.960 INFO:teuthology.orchestra.run.smithi061.stderr:/usr/bin/ceph:
2023-11-16T14:01:22.295+0000 7f4af9131700 1 -- 172.21.15.61:0/535505678 shutdown_connections
2023-11-16T14:01:23.960 INFO:teuthology.orchestra.run.smithi061.stderr:/usr/bin/ceph:
2023-11-16T14:01:22.295+0000 7f4af9131700 1 -- 172.21.15.61:0/535505678 wait complete.
2023-11-16T14:01:23.960 INFO:teuthology.orchestra.run.smithi061.stderr:/usr/bin/ceph:
2023-11-16T14:01:22.296+0000 7f4af9131700 1 Processor -- start
2023-11-16T14:01:23.960 INFO:teuthology.orchestra.run.smithi061.stderr:/usr/bin/ceph:
2023-11-16T14:01:22.296+0000 7f4af9131700 1 -- start start
2023-11-16T14:01:23.961 INFO:teuthology.orchestra.run.smithi061.stderr:/usr/bin/ceph:
2023-11-16T14:01:22.296+0000 7f4af9131700 1 --2- >> [v2:172.21.15.61:3300/0,v1:172.21.15.61:6789/0] conn(0x7f4af40fae00 0x7f4af410ad00 unknown :-1 s=NONE pgs=0 cs=0 l=1 rev1=0 rx=0 tx=0).connect
2023-11-16T14:01:23.961 INFO:teuthology.orchestra.run.smithi061.stderr:/usr/bin/ceph:
2023-11-16T14:01:22.296+0000 7f4af9131700 1 -- --> [v2:172.21.15.61:3300/0,v1:172.21.15.61:6789/0] -- mon_getmap magic: 0 v1 -- 0x7f4af410b1f0 con 0x7f4af40fae00
2023-11-16T14:01:23.961 INFO:teuthology.orchestra.run.smithi061.stderr:/usr/bin/ceph:
2023-11-16T14:01:22.296+0000 7f4af2d9d700 1 --2- >> [v2:172.21.15.61:3300/0,v1:172.21.15.61:6789/0] conn(0x7f4af40fae00 0x7f4af410ad00 unknown :-1 s=BANNER_CONNECTING pgs=0 cs=0 l=1 rev1=0 rx=0 tx=0)._handle_peer_banner_payload supported=1 required=0
2023-11-16T14:01:23.961 INFO:teuthology.orchestra.run.smithi061.stderr:/usr/bin/ceph:
2023-11-16T14:01:22.296+0000 7f4af2d9d700 1 --2- >> [v2:172.21.15.61:3300/0,v1:172.21.15.61:6789/0] conn(0x7f4af40fae00 0x7f4af410ad00 unknown :-1 s=HELLO_CONNECTING pgs=0 cs=0 l=1 rev1=1 rx=0 tx=0).handle_hello peer v2:172.21.15.61:3300/0 says I am v2:172.21.15.61:44298/0 (socket says 172.21.15.61:44298)
2023-11-16T14:01:23.961 INFO:teuthology.orchestra.run.smithi061.stderr:/usr/bin/ceph:
2023-11-16T14:01:22.296+0000 7f4af2d9d700 1 -- 172.21.15.61:0/1683595414 learned_addr learned my addr 172.21.15.61:0/1683595414 (peer_addr_for_me v2:172.21.15.61:0/0)
2023-11-16T14:01:23.961 INFO:teuthology.orchestra.run.smithi061.stderr:/usr/bin/ceph:
2023-11-16T14:01:22.296+0000 7f4af2d9d700 1 -- 172.21.15.61:0/1683595414 --> [v2:172.21.15.61:3300/0,v1:172.21.15.61:6789/0] -- mon_subscribe({config=0+,monmap=0+}) v3 -- 0x7f4ae800b200 con 0x7f4af40fae00
2023-11-16T14:01:23.961 INFO:teuthology.orchestra.run.smithi061.stderr:/usr/bin/ceph:
2023-11-16T14:01:22.296+0000 7f4af2d9d700 1 --2- 172.21.15.61:0/1683595414 >> [v2:172.21.15.61:3300/0,v1:172.21.15.61:6789/0] conn(0x7f4af40fae00 0x7f4af410ad00 secure :-1 s=READY pgs=46 cs=0 l=1 rev1=1 rx=0x7f4ae8000c00 tx=0x7f4ae8006ee0).ready entity=mon.0 client_cookie=0 server_cookie=0 in_seq=0 out_seq=0
2023-11-16T14:01:23.961 INFO:teuthology.orchestra.run.smithi061.stderr:/usr/bin/ceph:
2023-11-16T14:01:22.297+0000 7f4adb7fe700 1 -- 172.21.15.61:0/1683595414 <== mon.0 v2:172.21.15.61:3300/0 1 ==== mon_map magic: 0 v1 ==== 229+0+0 (secure 0 0 0) 0x7f4ae800de00 con 0x7f4af40fae00
2023-11-16T14:01:23.961 INFO:teuthology.orchestra.run.smithi061.stderr:/usr/bin/ceph:
2023-11-16T14:01:22.297+0000 7f4adb7fe700 1 -- 172.21.15.61:0/1683595414 <== mon.0 v2:172.21.15.61:3300/0 2 ==== config(25 keys) v1 ==== 997+0+0 (secure 0 0 0) 0x7f4ae801b870 con 0x7f4af40fae00
2023-11-16T14:01:23.961 INFO:teuthology.orchestra.run.smithi061.stderr:/usr/bin/ceph:
2023-11-16T14:01:22.297+0000 7f4af9131700 1 -- 172.21.15.61:0/1683595414 --> [v2:172.21.15.61:3300/0,v1:172.21.15.61:6789/0] -- mon_subscribe({mgrmap=0+}) v3 -- 0x7f4af410b3f0 con 0x7f4af40fae00
2023-11-16T14:01:23.961 INFO:teuthology.orchestra.run.smithi061.stderr:/usr/bin/ceph:
2023-11-16T14:01:22.297+0000 7f4adb7fe700 1 -- 172.21.15.61:0/1683595414 <== mon.0 v2:172.21.15.61:3300/0 3 ==== mon_map magic: 0 v1 ==== 229+0+0 (secure 0 0 0) 0x7f4ae801a670 con 0x7f4af40fae00
2023-11-16T14:01:23.961 INFO:teuthology.orchestra.run.smithi061.stderr:/usr/bin/ceph:
2023-11-16T14:01:22.297+0000 7f4af9131700 1 -- 172.21.15.61:0/1683595414 --> [v2:172.21.15.61:3300/0,v1:172.21.15.61:6789/0] -- mon_subscribe({osdmap=0}) v3 -- 0x7f4af410bfa0 con 0x7f4af40fae00
2023-11-16T14:01:23.961 INFO:teuthology.orchestra.run.smithi061.stderr:/usr/bin/ceph:
2023-11-16T14:01:22.298+0000 7f4adb7fe700 1 -- 172.21.15.61:0/1683595414 <== mon.0 v2:172.21.15.61:3300/0 4 ==== mgrmap(e 8) v1 ==== 37095+0+0 (secure 0 0 0) 0x7f4ae802b070 con 0x7f4af40fae00
2023-11-16T14:01:23.962 INFO:teuthology.orchestra.run.smithi061.stderr:/usr/bin/ceph:
2023-11-16T14:01:22.298+0000 7f4af9131700 1 -- 172.21.15.61:0/1683595414 --> [v2:172.21.15.61:3300/0,v1:172.21.15.61:6789/0] -- mon_command({"prefix": "get_command_descriptions"} v 0) v1 -- 0x7f4af40591e0 con 0x7f4af40fae00
2023-11-16T14:01:23.962 INFO:teuthology.orchestra.run.smithi061.stderr:/usr/bin/ceph:
2023-11-16T14:01:22.298+0000 7f4adb7fe700 1 --2- 172.21.15.61:0/1683595414 >> [v2:172.21.15.61:6800/1639220556,v1:172.21.15.61:6801/1639220556] conn(0x7f4ae0030ff0 0x7f4ae00334b0 unknown :-1 s=NONE pgs=0 cs=0 l=1 rev1=0 rx=0 tx=0).connect
2023-11-16T14:01:23.962 INFO:teuthology.orchestra.run.smithi061.stderr:/usr/bin/ceph:
2023-11-16T14:01:22.298+0000 7f4adb7fe700 1 -- 172.21.15.61:0/1683595414 <== mon.0 v2:172.21.15.61:3300/0 5 ==== osd_map(2..2 src has 1..2) v4 ==== 893+0+0 (secure 0 0 0) 0x7f4ae8042cb0 con 0x7f4af40fae00
2023-11-16T14:01:23.962 INFO:teuthology.orchestra.run.smithi061.stderr:/usr/bin/ceph:
2023-11-16T14:01:22.298+0000 7f4af259c700 1 --2- 172.21.15.61:0/1683595414 >> [v2:172.21.15.61:6800/1639220556,v1:172.21.15.61:6801/1639220556] conn(0x7f4ae0030ff0 0x7f4ae00334b0 unknown :-1 s=BANNER_CONNECTING pgs=0 cs=0 l=1 rev1=0 rx=0 tx=0)._handle_peer_banner_payload supported=1 required=0
2023-11-16T14:01:23.962 INFO:teuthology.orchestra.run.smithi061.stderr:/usr/bin/ceph:
2023-11-16T14:01:22.298+0000 7f4af259c700 1 --2- 172.21.15.61:0/1683595414 >> [v2:172.21.15.61:6800/1639220556,v1:172.21.15.61:6801/1639220556] conn(0x7f4ae0030ff0 0x7f4ae00334b0 secure :-1 s=READY pgs=13 cs=0 l=1 rev1=1 rx=0x7f4ae40096a0 tx=0x7f4ae4006b40).ready entity=mgr.14116 client_cookie=0 server_cookie=0 in_seq=0 out_seq=0
2023-11-16T14:01:23.962 INFO:teuthology.orchestra.run.smithi061.stderr:/usr/bin/ceph:
2023-11-16T14:01:22.302+0000 7f4adb7fe700 1 -- 172.21.15.61:0/1683595414 <== mon.0 v2:172.21.15.61:3300/0 6 ==== mon_command_ack([{"prefix": "get_command_descriptions"}]=0 v0) v1 ==== 72+0+153237 (secure 0 0 0) 0x7f4ae802b8f0 con 0x7f4af40fae00
2023-11-16T14:01:23.962 INFO:teuthology.orchestra.run.smithi061.stderr:/usr/bin/ceph:
2023-11-16T14:01:22.470+0000 7f4af9131700 1 -- 172.21.15.61:0/1683595414 --> [v2:172.21.15.61:6800/1639220556,v1:172.21.15.61:6801/1639220556] -- mgr_command(tid 0: {"prefix": "orch apply", "service_type": "crash", "target": ["mon-mgr", ""]}) v1 -- 0x7f4af410c2a0 con 0x7f4ae0030ff0
2023-11-16T14:01:23.962 INFO:teuthology.orchestra.run.smithi061.stderr:/usr/bin/ceph:
2023-11-16T14:01:22.473+0000 7f4adb7fe700 1 -- 172.21.15.61:0/1683595414 <== mgr.14116 v2:172.21.15.61:6800/1639220556 1 ==== mgr_command_reply(tid 0: 0 ) v1 ==== 8+0+26 (secure 0 0 0) 0x7f4af410c2a0 con 0x7f4ae0030ff0
2023-11-16T14:01:23.962 INFO:teuthology.orchestra.run.smithi061.stderr:/usr/bin/ceph: Scheduled crash update...
2023-11-16T14:01:23.962 INFO:teuthology.orchestra.run.smithi061.stderr:/usr/bin/ceph:
2023-11-16T14:01:22.475+0000 7f4af9131700 1 -- 172.21.15.61:0/1683595414 >> [v2:172.21.15.61:6800/1639220556,v1:172.21.15.61:6801/1639220556] conn(0x7f4ae0030ff0 msgr2=0x7f4ae00334b0 secure :-1 s=STATE_CONNECTION_ESTABLISHED l=1).mark_down
2023-11-16T14:01:23.962 INFO:teuthology.orchestra.run.smithi061.stderr:/usr/bin/ceph:
2023-11-16T14:01:22.475+0000 7f4af9131700 1 --2- 172.21.15.61:0/1683595414 >> [v2:172.21.15.61:6800/1639220556,v1:172.21.15.61:6801/1639220556] conn(0x7f4ae0030ff0 0x7f4ae00334b0 secure :-1 s=READY pgs=13 cs=0 l=1 rev1=1 rx=0x7f4ae40096a0 tx=0x7f4ae4006b40).stop
2023-11-16T14:01:23.962 INFO:teuthology.orchestra.run.smithi061.stderr:/usr/bin/ceph:
2023-11-16T14:01:22.475+0000 7f4af9131700 1 -- 172.21.15.61:0/1683595414 >> [v2:172.21.15.61:3300/0,v1:172.21.15.61:6789/0] conn(0x7f4af40fae00 msgr2=0x7f4af410ad00 secure :-1 s=STATE_CONNECTION_ESTABLISHED l=1).mark_down
2023-11-16T14:01:23.963 INFO:teuthology.orchestra.run.smithi061.stderr:/usr/bin/ceph:
2023-11-16T14:01:22.475+0000 7f4af9131700 1 --2- 172.21.15.61:0/1683595414 >> [v2:172.21.15.61:3300/0,v1:172.21.15.61:6789/0] conn(0x7f4af40fae00 0x7f4af410ad00 secure :-1 s=READY pgs=46 cs=0 l=1 rev1=1 rx=0x7f4ae8000c00 tx=0x7f4ae8006ee0).stop
2023-11-16T14:01:23.963 INFO:teuthology.orchestra.run.smithi061.stderr:/usr/bin/ceph:
2023-11-16T14:01:22.475+0000 7f4af9131700 1 -- 172.21.15.61:0/1683595414 shutdown_connections
2023-11-16T14:01:23.963 INFO:teuthology.orchestra.run.smithi061.stderr:/usr/bin/ceph:
2023-11-16T14:01:22.475+0000 7f4af9131700 1 --2- 172.21.15.61:0/1683595414 >> [v2:172.21.15.61:6800/1639220556,v1:172.21.15.61:6801/1639220556] conn(0x7f4ae0030ff0 0x7f4ae00334b0 unknown :-1 s=CLOSED pgs=13 cs=0 l=1 rev1=1 rx=0 tx=0).stop
2023-11-16T14:01:23.963 INFO:teuthology.orchestra.run.smithi061.stderr:/usr/bin/ceph:
2023-11-16T14:01:22.475+0000 7f4af9131700 1 --2- 172.21.15.61:0/1683595414 >> [v2:172.21.15.61:3300/0,v1:172.21.15.61:6789/0] conn(0x7f4af40fae00 0x7f4af410ad00 unknown :-1 s=CLOSED pgs=46 cs=0 l=1 rev1=1 rx=0 tx=0).stop
2023-11-16T14:01:23.963 INFO:teuthology.orchestra.run.smithi061.stderr:/usr/bin/ceph:
2023-11-16T14:01:22.475+0000 7f4af9131700 1 -- 172.21.15.61:0/1683595414 >> 172.21.15.61:0/1683595414 conn(0x7f4af40f6590 msgr2=0x7f4af40271d0 unknown :-1 s=STATE_NONE l=0).mark_down
2023-11-16T14:01:23.963 INFO:teuthology.orchestra.run.smithi061.stderr:/usr/bin/ceph:
2023-11-16T14:01:22.475+0000 7f4af9131700 1 -- 172.21.15.61:0/1683595414 shutdown_connections
2023-11-16T14:01:23.963 INFO:teuthology.orchestra.run.smithi061.stderr:/usr/bin/ceph:
2023-11-16T14:01:22.475+0000 7f4af9131700 1 -- 172.21.15.61:0/1683595414 wait complete.
2023-11-16T14:01:23.963 INFO:journalctl@ceph.mon.smithi061.smithi061.stdout:Nov 16 14:01:22 smithi061 ceph-71d22a3a-8488-11ee-8dbe-212e2dc638e7-mon-smithi061[111911]: audit
2023-11-16T14:01:20.706359+0000 mgr.smithi061.zcjido (mgr.14116) 10 : audit [DBG] from='client.14136 -' entity='client.admin' cmd=[{"prefix": "orch apply", "service_type": "mon", "target": ["mon-mgr", ""]}]: dispatch
2023-11-16T14:01:23.963 INFO:journalctl@ceph.mon.smithi061.smithi061.stdout:Nov 16 14:01:22 smithi061 ceph-71d22a3a-8488-11ee-8dbe-212e2dc638e7-mon-smithi061[111911]: cephadm
2023-11-16T14:01:20.707121+0000 mgr.smithi061.zcjido (mgr.14116) 11 : cephadm [INF] Saving service mon spec with placement count:5
2023-11-16T14:01:23.963 INFO:journalctl@ceph.mon.smithi061.smithi061.stdout:Nov 16 14:01:22 smithi061 ceph-71d22a3a-8488-11ee-8dbe-212e2dc638e7-mon-smithi061[111911]: audit
2023-11-16T14:01:21.629254+0000 mon.smithi061 (mon.0) 58 : audit [INF] from='mgr.14116 172.21.15.61:0/1327458703' entity='mgr.smithi061.zcjido'
2023-11-16T14:01:23.964 INFO:journalctl@ceph.mon.smithi061.smithi061.stdout:Nov 16 14:01:22 smithi061 ceph-71d22a3a-8488-11ee-8dbe-212e2dc638e7-mon-smithi061[111911]: audit
2023-11-16T14:01:22.474609+0000 mon.smithi061 (mon.0) 59 : audit [INF] from='mgr.14116 172.21.15.61:0/1327458703' entity='mgr.smithi061.zcjido'
2023-11-16T14:01:23.968 INFO:teuthology.orchestra.run.smithi061.stderr:Deploying prometheus service with default placement...
2023-11-16T14:01:23.968 INFO:teuthology.orchestra.run.smithi061.stderr:/usr/bin/ceph:
2023-11-16T14:01:23.186+0000 7fc376007700 1 Processor -- start
2023-11-16T14:01:23.968 INFO:teuthology.orchestra.run.smithi061.stderr:/usr/bin/ceph:
2023-11-16T14:01:23.186+0000 7fc376007700 1 -- start start
2023-11-16T14:01:23.969 INFO:teuthology.orchestra.run.smithi061.stderr:/usr/bin/ceph:
2023-11-16T14:01:23.186+0000 7fc376007700 1 --2- >> [v2:172.21.15.61:3300/0,v1:172.21.15.61:6789/0] conn(0x7fc37006ade0 0x7fc3700fe980 unknown :-1 s=NONE pgs=0 cs=0 l=0 rev1=0 rx=0 tx=0).connect
2023-11-16T14:01:23.969 INFO:teuthology.orchestra.run.smithi061.stderr:/usr/bin/ceph:
2023-11-16T14:01:23.186+0000 7fc376007700 1 -- --> [v2:172.21.15.61:3300/0,v1:172.21.15.61:6789/0] -- mon_getmap magic: 0 v1 -- 0x7fc3700fee70 con 0x7fc37006ade0
2023-11-16T14:01:23.969 INFO:teuthology.orchestra.run.smithi061.stderr:/usr/bin/ceph:
2023-11-16T14:01:23.186+0000 7fc375005700 1 --2- >> [v2:172.21.15.61:3300/0,v1:172.21.15.61:6789/0] conn(0x7fc37006ade0 0x7fc3700fe980 unknown :-1 s=BANNER_CONNECTING pgs=0 cs=0 l=0 rev1=0 rx=0 tx=0)._handle_peer_banner_payload supported=1 required=0
2023-11-16T14:01:23.969 INFO:teuthology.orchestra.run.smithi061.stderr:/usr/bin/ceph:
2023-11-16T14:01:23.186+0000 7fc375005700 1 --2- >> [v2:172.21.15.61:3300/0,v1:172.21.15.61:6789/0] conn(0x7fc37006ade0 0x7fc3700fe980 unknown :-1 s=HELLO_CONNECTING pgs=0 cs=0 l=0 rev1=1 rx=0 tx=0).handle_hello peer v2:172.21.15.61:3300/0 says I am v2:172.21.15.61:44312/0 (socket says 172.21.15.61:44312)
2023-11-16T14:01:23.969 INFO:teuthology.orchestra.run.smithi061.stderr:/usr/bin/ceph:
2023-11-16T14:01:23.186+0000 7fc375005700 1 -- 172.21.15.61:0/3940893530 learned_addr learned my addr 172.21.15.61:0/3940893530 (peer_addr_for_me v2:172.21.15.61:0/0)
2023-11-16T14:01:23.969 INFO:teuthology.orchestra.run.smithi061.stderr:/usr/bin/ceph:
2023-11-16T14:01:23.187+0000 7fc375005700 1 -- 172.21.15.61:0/3940893530 --> [v2:172.21.15.61:3300/0,v1:172.21.15.61:6789/0] -- mon_subscribe({config=0+,monmap=0+}) v3 -- 0x7fc3700fefb0 con 0x7fc37006ade0
2023-11-16T14:01:23.969 INFO:teuthology.orchestra.run.smithi061.stderr:/usr/bin/ceph:
2023-11-16T14:01:23.187+0000 7fc375005700 1 --2- 172.21.15.61:0/3940893530 >> [v2:172.21.15.61:3300/0,v1:172.21.15.61:6789/0] conn(0x7fc37006ade0 0x7fc3700fe980 secure :-1 s=READY pgs=47 cs=0 l=1 rev1=1 rx=0x7fc36c00b5f0 tx=0x7fc36c006ee0).ready entity=mon.0 client_cookie=e60708e01798372 server_cookie=0 in_seq=0 out_seq=0
2023-11-16T14:01:23.969 INFO:teuthology.orchestra.run.smithi061.stderr:/usr/bin/ceph:
2023-11-16T14:01:23.187+0000 7fc35ffff700 1 -- 172.21.15.61:0/3940893530 <== mon.0 v2:172.21.15.61:3300/0 1 ==== mon_map magic: 0 v1 ==== 229+0+0 (secure 0 0 0) 0x7fc36c00d600 con 0x7fc37006ade0
2023-11-16T14:01:23.969 INFO:teuthology.orchestra.run.smithi061.stderr:/usr/bin/ceph:
2023-11-16T14:01:23.187+0000 7fc35ffff700 1 -- 172.21.15.61:0/3940893530 <== mon.0 v2:172.21.15.61:3300/0 2 ==== config(25 keys) v1 ==== 997+0+0 (secure 0 0 0) 0x7fc36c00dbc0 con 0x7fc37006ade0
2023-11-16T14:01:23.969 INFO:teuthology.orchestra.run.smithi061.stderr:/usr/bin/ceph:
2023-11-16T14:01:23.187+0000 7fc35ffff700 1 -- 172.21.15.61:0/3940893530 <== mon.0 v2:172.21.15.61:3300/0 3 ==== mon_map magic: 0 v1 ==== 229+0+0 (secure 0 0 0) 0x7fc36c011b90 con 0x7fc37006ade0
2023-11-16T14:01:23.969 INFO:teuthology.orchestra.run.smithi061.stderr:/usr/bin/ceph:
2023-11-16T14:01:23.188+0000 7fc376007700 1 -- 172.21.15.61:0/3940893530 >> [v2:172.21.15.61:3300/0,v1:172.21.15.61:6789/0] conn(0x7fc37006ade0 msgr2=0x7fc3700fe980 secure :-1 s=STATE_CONNECTION_ESTABLISHED l=1).mark_down
2023-11-16T14:01:23.969 INFO:teuthology.orchestra.run.smithi061.stderr:/usr/bin/ceph:
2023-11-16T14:01:23.188+0000 7fc376007700 1 --2- 172.21.15.61:0/3940893530 >> [v2:172.21.15.61:3300/0,v1:172.21.15.61:6789/0] conn(0x7fc37006ade0 0x7fc3700fe980 secure :-1 s=READY pgs=47 cs=0 l=1 rev1=1 rx=0x7fc36c00b5f0 tx=0x7fc36c006ee0).stop
2023-11-16T14:01:23.969 INFO:teuthology.orchestra.run.smithi061.stderr:/usr/bin/ceph:
2023-11-16T14:01:23.188+0000 7fc376007700 1 -- 172.21.15.61:0/3940893530 shutdown_connections
2023-11-16T14:01:23.970 INFO:teuthology.orchestra.run.smithi061.stderr:/usr/bin/ceph:
2023-11-16T14:01:23.188+0000 7fc376007700 1 --2- 172.21.15.61:0/3940893530 >> [v2:172.21.15.61:3300/0,v1:172.21.15.61:6789/0] conn(0x7fc37006ade0 0x7fc3700fe980 unknown :-1 s=CLOSED pgs=47 cs=0 l=1 rev1=1 rx=0 tx=0).stop
2023-11-16T14:01:23.970 INFO:teuthology.orchestra.run.smithi061.stderr:/usr/bin/ceph:
2023-11-16T14:01:23.188+0000 7fc376007700 1 -- 172.21.15.61:0/3940893530 >> 172.21.15.61:0/3940893530 conn(0x7fc3700f63c0 msgr2=0x7fc3700f8840 unknown :-1 s=STATE_NONE l=0).mark_down
2023-11-16T14:01:23.970 INFO:teuthology.orchestra.run.smithi061.stderr:/usr/bin/ceph:
2023-11-16T14:01:23.188+0000 7fc376007700 1 -- 172.21.15.61:0/3940893530 shutdown_connections
2023-11-16T14:01:23.970 INFO:teuthology.orchestra.run.smithi061.stderr:/usr/bin/ceph:
2023-11-16T14:01:23.188+0000 7fc376007700 1 -- 172.21.15.61:0/3940893530 wait complete.
2023-11-16T14:01:23.970 INFO:teuthology.orchestra.run.smithi061.stderr:/usr/bin/ceph:
2023-11-16T14:01:23.188+0000 7fc376007700 1 Processor -- start
2023-11-16T14:01:23.970 INFO:teuthology.orchestra.run.smithi061.stderr:/usr/bin/ceph:
2023-11-16T14:01:23.188+0000 7fc376007700 1 -- start start
2023-11-16T14:01:23.970 INFO:teuthology.orchestra.run.smithi061.stderr:/usr/bin/ceph:
2023-11-16T14:01:23.189+0000 7fc376007700 1 --2- >> [v2:172.21.15.61:3300/0,v1:172.21.15.61:6789/0] conn(0x7fc37006ade0 0x7fc37010aac0 unknown :-1 s=NONE pgs=0 cs=0 l=1 rev1=0 rx=0 tx=0).connect
2023-11-16T14:01:23.970 INFO:teuthology.orchestra.run.smithi061.stderr:/usr/bin/ceph:
2023-11-16T14:01:23.189+0000 7fc376007700 1 -- --> [v2:172.21.15.61:3300/0,v1:172.21.15.61:6789/0] -- mon_getmap magic: 0 v1 -- 0x7fc37010afb0 con 0x7fc37006ade0
2023-11-16T14:01:23.970 INFO:teuthology.orchestra.run.smithi061.stderr:/usr/bin/ceph:
2023-11-16T14:01:23.189+0000 7fc375005700 1 --2- >> [v2:172.21.15.61:3300/0,v1:172.21.15.61:6789/0] conn(0x7fc37006ade0 0x7fc37010aac0 unknown :-1 s=BANNER_CONNECTING pgs=0 cs=0 l=1 rev1=0 rx=0 tx=0)._handle_peer_banner_payload supported=1 required=0
2023-11-16T14:01:23.970 INFO:teuthology.orchestra.run.smithi061.stderr:/usr/bin/ceph:
2023-11-16T14:01:23.189+0000 7fc375005700 1 --2- >> [v2:172.21.15.61:3300/0,v1:172.21.15.61:6789/0] conn(0x7fc37006ade0 0x7fc37010aac0 unknown :-1 s=HELLO_CONNECTING pgs=0 cs=0 l=1 rev1=1 rx=0 tx=0).handle_hello peer v2:172.21.15.61:3300/0 says I am v2:172.21.15.61:44324/0 (socket says 172.21.15.61:44324)
2023-11-16T14:01:23.970 INFO:teuthology.orchestra.run.smithi061.stderr:/usr/bin/ceph:
2023-11-16T14:01:23.189+0000 7fc375005700 1 -- 172.21.15.61:0/344270201 learned_addr learned my addr 172.21.15.61:0/344270201 (peer_addr_for_me v2:172.21.15.61:0/0)
2023-11-16T14:01:23.970 INFO:teuthology.orchestra.run.smithi061.stderr:/usr/bin/ceph:
2023-11-16T14:01:23.189+0000 7fc375005700 1 -- 172.21.15.61:0/344270201 --> [v2:172.21.15.61:3300/0,v1:172.21.15.61:6789/0] -- mon_subscribe({config=0+,monmap=0+}) v3 -- 0x7fc36c00b200 con 0x7fc37006ade0
2023-11-16T14:01:23.970 INFO:teuthology.orchestra.run.smithi061.stderr:/usr/bin/ceph:
2023-11-16T14:01:23.189+0000 7fc375005700 1 --2- 172.21.15.61:0/344270201 >> [v2:172.21.15.61:3300/0,v1:172.21.15.61:6789/0] conn(0x7fc37006ade0 0x7fc37010aac0 secure :-1 s=READY pgs=48 cs=0 l=1 rev1=1 rx=0x7fc36c000c00 tx=0x7fc36c006ee0).ready entity=mon.0 client_cookie=0 server_cookie=0 in_seq=0 out_seq=0
2023-11-16T14:01:23.971 INFO:teuthology.orchestra.run.smithi061.stderr:/usr/bin/ceph:
2023-11-16T14:01:23.189+0000 7fc35dffb700 1 -- 172.21.15.61:0/344270201 <== mon.0 v2:172.21.15.61:3300/0 1 ==== mon_map magic: 0 v1 ==== 229+0+0 (secure 0 0 0) 0x7fc36c01b410 con 0x7fc37006ade0
2023-11-16T14:01:23.971 INFO:teuthology.orchestra.run.smithi061.stderr:/usr/bin/ceph:
2023-11-16T14:01:23.189+0000 7fc35dffb700 1 -- 172.21.15.61:0/344270201 <== mon.0 v2:172.21.15.61:3300/0 2 ==== config(25 keys) v1 ==== 997+0+0 (secure 0 0 0) 0x7fc36c01b9d0 con 0x7fc37006ade0
2023-11-16T14:01:23.971 INFO:teuthology.orchestra.run.smithi061.stderr:/usr/bin/ceph:
2023-11-16T14:01:23.189+0000 7fc35dffb700 1 -- 172.21.15.61:0/344270201 <== mon.0 v2:172.21.15.61:3300/0 3 ==== mon_map magic: 0 v1 ==== 229+0+0 (secure 0 0 0) 0x7fc36c01a620 con 0x7fc37006ade0
2023-11-16T14:01:23.971 INFO:teuthology.orchestra.run.smithi061.stderr:/usr/bin/ceph:
2023-11-16T14:01:23.189+0000 7fc376007700 1 -- 172.21.15.61:0/344270201 --> [v2:172.21.15.61:3300/0,v1:172.21.15.61:6789/0] -- mon_subscribe({mgrmap=0+}) v3 -- 0x7fc37010b1b0 con 0x7fc37006ade0
2023-11-16T14:01:23.971 INFO:teuthology.orchestra.run.smithi061.stderr:/usr/bin/ceph:
2023-11-16T14:01:23.190+0000 7fc376007700 1 -- 172.21.15.61:0/344270201 --> [v2:172.21.15.61:3300/0,v1:172.21.15.61:6789/0] -- mon_subscribe({osdmap=0}) v3 -- 0x7fc37010b640 con 0x7fc37006ade0
2023-11-16T14:01:23.971 INFO:teuthology.orchestra.run.smithi061.stderr:/usr/bin/ceph:
2023-11-16T14:01:23.190+0000 7fc35dffb700 1 -- 172.21.15.61:0/344270201 <== mon.0 v2:172.21.15.61:3300/0 4 ==== mgrmap(e 8) v1 ==== 37095+0+0 (secure 0 0 0) 0x7fc36c02b070 con 0x7fc37006ade0
2023-11-16T14:01:23.971 INFO:teuthology.orchestra.run.smithi061.stderr:/usr/bin/ceph:
2023-11-16T14:01:23.190+0000 7fc35dffb700 1 --2- 172.21.15.61:0/344270201 >> [v2:172.21.15.61:6800/1639220556,v1:172.21.15.61:6801/1639220556] conn(0x7fc358030fa0 0x7fc358033460 unknown :-1 s=NONE pgs=0 cs=0 l=1 rev1=0 rx=0 tx=0).connect
2023-11-16T14:01:23.971 INFO:teuthology.orchestra.run.smithi061.stderr:/usr/bin/ceph:
2023-11-16T14:01:23.190+0000 7fc376007700 1 -- 172.21.15.61:0/344270201 --> [v2:172.21.15.61:3300/0,v1:172.21.15.61:6789/0] -- mon_command({"prefix": "get_command_descriptions"} v 0) v1 -- 0x7fc370045bb0 con 0x7fc37006ade0
2023-11-16T14:01:23.971 INFO:teuthology.orchestra.run.smithi061.stderr:/usr/bin/ceph:
2023-11-16T14:01:23.190+0000 7fc35dffb700 1 -- 172.21.15.61:0/344270201 <== mon.0 v2:172.21.15.61:3300/0 5 ==== osd_map(2..2 src has 1..2) v4 ==== 893+0+0 (secure 0 0 0) 0x7fc36c042c10 con 0x7fc37006ade0
2023-11-16T14:01:23.971 INFO:teuthology.orchestra.run.smithi061.stderr:/usr/bin/ceph:
2023-11-16T14:01:23.191+0000 7fc374804700 1 --2- 172.21.15.61:0/344270201 >> [v2:172.21.15.61:6800/1639220556,v1:172.21.15.61:6801/1639220556] conn(0x7fc358030fa0 0x7fc358033460 unknown :-1 s=BANNER_CONNECTING pgs=0 cs=0 l=1 rev1=0 rx=0 tx=0)._handle_peer_banner_payload supported=1 required=0
2023-11-16T14:01:23.971 INFO:teuthology.orchestra.run.smithi061.stderr:/usr/bin/ceph:
2023-11-16T14:01:23.191+0000 7fc374804700 1 --2- 172.21.15.61:0/344270201 >> [v2:172.21.15.61:6800/1639220556,v1:172.21.15.61:6801/1639220556] conn(0x7fc358030fa0 0x7fc358033460 secure :-1 s=READY pgs=14 cs=0 l=1 rev1=1 rx=0x7fc3600096a0 tx=0x7fc360006b40).ready entity=mgr.14116 client_cookie=0 server_cookie=0 in_seq=0 out_seq=0
2023-11-16T14:01:23.971 INFO:teuthology.orchestra.run.smithi061.stderr:/usr/bin/ceph:
2023-11-16T14:01:23.195+0000 7fc35dffb700 1 -- 172.21.15.61:0/344270201 <== mon.0 v2:172.21.15.61:3300/0 6 ==== mon_command_ack([{"prefix": "get_command_descriptions"}]=0 v0) v1 ==== 72+0+153237 (secure 0 0 0) 0x7fc36c016020 con 0x7fc37006ade0
2023-11-16T14:01:23.971 INFO:teuthology.orchestra.run.smithi061.stderr:/usr/bin/ceph:
2023-11-16T14:01:23.366+0000 7fc376007700 1 -- 172.21.15.61:0/344270201 --> [v2:172.21.15.61:6800/1639220556,v1:172.21.15.61:6801/1639220556] -- mgr_command(tid 0: {"prefix": "orch apply", "service_type": "prometheus", "target": ["mon-mgr", ""]}) v1 -- 0x7fc37010bf60 con 0x7fc358030fa0
2023-11-16T14:01:23.972 INFO:teuthology.orchestra.run.smithi061.stderr:/usr/bin/ceph:
2023-11-16T14:01:23.370+0000 7fc35dffb700 1 -- 172.21.15.61:0/344270201 <== mgr.14116 v2:172.21.15.61:6800/1639220556 1 ==== mgr_command_reply(tid 0: 0 ) v1 ==== 8+0+31 (secure 0 0 0) 0x7fc37010bf60 con 0x7fc358030fa0
2023-11-16T14:01:23.972 INFO:teuthology.orchestra.run.smithi061.stderr:/usr/bin/ceph: Scheduled prometheus update...
2023-11-16T14:01:23.972 INFO:teuthology.orchestra.run.smithi061.stderr:/usr/bin/ceph:
2023-11-16T14:01:23.372+0000 7fc376007700 1 -- 172.21.15.61:0/344270201 >> [v2:172.21.15.61:6800/1639220556,v1:172.21.15.61:6801/1639220556] conn(0x7fc358030fa0 msgr2=0x7fc358033460 secure :-1 s=STATE_CONNECTION_ESTABLISHED l=1).mark_down
2023-11-16T14:01:23.972 INFO:teuthology.orchestra.run.smithi061.stderr:/usr/bin/ceph:
2023-11-16T14:01:23.372+0000 7fc376007700 1 --2- 172.21.15.61:0/344270201 >> [v2:172.21.15.61:6800/1639220556,v1:172.21.15.61:6801/1639220556] conn(0x7fc358030fa0 0x7fc358033460 secure :-1 s=READY pgs=14 cs=0 l=1 rev1=1 rx=0x7fc3600096a0 tx=0x7fc360006b40).stop
2023-11-16T14:01:23.972 INFO:teuthology.orchestra.run.smithi061.stderr:/usr/bin/ceph:
2023-11-16T14:01:23.372+0000 7fc376007700 1 -- 172.21.15.61:0/344270201 >> [v2:172.21.15.61:3300/0,v1:172.21.15.61:6789/0] conn(0x7fc37006ade0 msgr2=0x7fc37010aac0 secure :-1 s=STATE_CONNECTION_ESTABLISHED l=1).mark_down
2023-11-16T14:01:23.972 INFO:teuthology.orchestra.run.smithi061.stderr:/usr/bin/ceph:
2023-11-16T14:01:23.372+0000 7fc376007700 1 --2- 172.21.15.61:0/344270201 >> [v2:172.21.15.61:3300/0,v1:172.21.15.61:6789/0] conn(0x7fc37006ade0 0x7fc37010aac0 secure :-1 s=READY pgs=48 cs=0 l=1 rev1=1 rx=0x7fc36c000c00 tx=0x7fc36c006ee0).stop
2023-11-16T14:01:23.972 INFO:teuthology.orchestra.run.smithi061.stderr:/usr/bin/ceph:
2023-11-16T14:01:23.372+0000 7fc376007700 1 -- 172.21.15.61:0/344270201 shutdown_connections
2023-11-16T14:01:23.972 INFO:teuthology.orchestra.run.smithi061.stderr:/usr/bin/ceph:
2023-11-16T14:01:23.372+0000 7fc376007700 1 --2- 172.21.15.61:0/344270201 >> [v2:172.21.15.61:6800/1639220556,v1:172.21.15.61:6801/1639220556] conn(0x7fc358030fa0 0x7fc358033460 unknown :-1 s=CLOSED pgs=14 cs=0 l=1 rev1=1 rx=0 tx=0).stop
2023-11-16T14:01:23.972 INFO:teuthology.orchestra.run.smithi061.stderr:/usr/bin/ceph:
2023-11-16T14:01:23.372+0000 7fc376007700 1 --2- 172.21.15.61:0/344270201 >> [v2:172.21.15.61:3300/0,v1:172.21.15.61:6789/0] conn(0x7fc37006ade0 0x7fc37010aac0 unknown :-1 s=CLOSED pgs=48 cs=0 l=1 rev1=1 rx=0 tx=0).stop
2023-11-16T14:01:23.972 INFO:teuthology.orchestra.run.smithi061.stderr:/usr/bin/ceph:
2023-11-16T14:01:23.372+0000 7fc376007700 1 -- 172.21.15.61:0/344270201 >> 172.21.15.61:0/344270201 conn(0x7fc3700f63c0 msgr2=0x7fc3700f7f50 unknown :-1 s=STATE_NONE l=0).mark_down
2023-11-16T14:01:23.972 INFO:teuthology.orchestra.run.smithi061.stderr:/usr/bin/ceph:
2023-11-16T14:01:23.372+0000 7fc376007700 1 -- 172.21.15.61:0/344270201 shutdown_connections
2023-11-16T14:01:23.972 INFO:teuthology.orchestra.run.smithi061.stderr:/usr/bin/ceph:
2023-11-16T14:01:23.372+0000 7fc376007700 1 -- 172.21.15.61:0/344270201 wait complete.
2023-11-16T14:01:23.972 INFO:teuthology.orchestra.run.smithi061.stderr:Deploying grafana service with default placement...
2023-11-16T14:01:23.973 INFO:journalctl@ceph.mon.smithi061.smithi061.stdout:Nov 16 14:01:23 smithi061 ceph-71d22a3a-8488-11ee-8dbe-212e2dc638e7-mon-smithi061[111911]: audit
2023-11-16T14:01:21.625587+0000 mgr.smithi061.zcjido (mgr.14116) 12 : audit [DBG] from='client.14138 -' entity='client.admin' cmd=[{"prefix": "orch apply", "service_type": "mgr", "target": ["mon-mgr", ""]}]: dispatch
2023-11-16T14:01:23.973 INFO:journalctl@ceph.mon.smithi061.smithi061.stdout:Nov 16 14:01:23 smithi061 ceph-71d22a3a-8488-11ee-8dbe-212e2dc638e7-mon-smithi061[111911]: cephadm
2023-11-16T14:01:21.626094+0000 mgr.smithi061.zcjido (mgr.14116) 13 : cephadm [INF] Saving service mgr spec with placement count:2
2023-11-16T14:01:23.973 INFO:journalctl@ceph.mon.smithi061.smithi061.stdout:Nov 16 14:01:23 smithi061 ceph-71d22a3a-8488-11ee-8dbe-212e2dc638e7-mon-smithi061[111911]: audit
2023-11-16T14:01:22.471769+0000 mgr.smithi061.zcjido (mgr.14116) 14 : audit [DBG] from='client.14140 -' entity='client.admin' cmd=[{"prefix": "orch apply", "service_type": "crash", "target": ["mon-mgr", ""]}]: dispatch
2023-11-16T14:01:23.973 INFO:journalctl@ceph.mon.smithi061.smithi061.stdout:Nov 16 14:01:23 smithi061 ceph-71d22a3a-8488-11ee-8dbe-212e2dc638e7-mon-smithi061[111911]: cephadm
2023-11-16T14:01:22.472442+0000 mgr.smithi061.zcjido (mgr.14116) 15 : cephadm [INF] Saving service crash spec with placement *
2023-11-16T14:01:23.973 INFO:journalctl@ceph.mon.smithi061.smithi061.stdout:Nov 16 14:01:23 smithi061 ceph-71d22a3a-8488-11ee-8dbe-212e2dc638e7-mon-smithi061[111911]: audit
2023-11-16T14:01:23.371461+0000 mon.smithi061 (mon.0) 60 : audit [INF] from='mgr.14116 172.21.15.61:0/1327458703' entity='mgr.smithi061.zcjido'
2023-11-16T14:01:24.036 INFO:teuthology.orchestra.run.smithi061.stderr:/usr/bin/ceph:
2023-11-16T14:01:24.032+0000 7fa13359e700 1 Processor -- start
2023-11-16T14:01:24.036 INFO:teuthology.orchestra.run.smithi061.stderr:/usr/bin/ceph:
2023-11-16T14:01:24.033+0000 7fa13359e700 1 -- start start
2023-11-16T14:01:24.036 INFO:teuthology.orchestra.run.smithi061.stderr:/usr/bin/ceph:
