2023-11-16T14:01:36.945 INFO:teuthology.orchestra.run.smithi061.stderr:/usr/bin/ceph:
2023-11-16T14:01:36.942+0000 7f6a917ef700 1 -- 172.21.15.61:0/953067917 --> [v2:172.21.15.61:6800/4132389775,v1:172.21.15.61:6801/4132389775] -- mgr_command(tid 0: {"prefix": "dashboard create-self-signed-cert", "target": ["mon-mgr", ""]}) v1 -- 0x7f6a8c10e290 con 0x7f6a6c030f40
2023-11-16T14:01:37.023 INFO:teuthology.orchestra.run.smithi061.stderr:/usr/bin/ceph:
2023-11-16T14:01:37.020+0000 7f6a837fe700 1 -- 172.21.15.61:0/953067917 <== mgr.14156 v2:172.21.15.61:6800/4132389775 1 ==== mgr_command_reply(tid 0: 0 ) v1 ==== 8+0+32 (secure 0 0 0) 0x7f6a8c10e290 con 0x7f6a6c030f40
2023-11-16T14:01:37.023 INFO:teuthology.orchestra.run.smithi061.stderr:/usr/bin/ceph: Self-signed certificate created
2023-11-16T14:01:37.025 INFO:teuthology.orchestra.run.smithi061.stderr:/usr/bin/ceph:
2023-11-16T14:01:37.021+0000 7f6a917ef700 1 -- 172.21.15.61:0/953067917 >> [v2:172.21.15.61:6800/4132389775,v1:172.21.15.61:6801/4132389775] conn(0x7f6a6c030f40 msgr2=0x7f6a6c033400 secure :-1 s=STATE_CONNECTION_ESTABLISHED l=1).mark_down
2023-11-16T14:01:37.025 INFO:teuthology.orchestra.run.smithi061.stderr:/usr/bin/ceph:
2023-11-16T14:01:37.021+0000 7f6a917ef700 1 --2- 172.21.15.61:0/953067917 >> [v2:172.21.15.61:6800/4132389775,v1:172.21.15.61:6801/4132389775] conn(0x7f6a6c030f40 0x7f6a6c033400 secure :-1 s=READY pgs=6 cs=0 l=1 rev1=1 rx=0x7f6a740096a0 tx=0x7f6a74006b40).stop
2023-11-16T14:01:37.025 INFO:teuthology.orchestra.run.smithi061.stderr:/usr/bin/ceph:
2023-11-16T14:01:37.021+0000 7f6a917ef700 1 -- 172.21.15.61:0/953067917 >> [v2:172.21.15.61:3300/0,v1:172.21.15.61:6789/0] conn(0x7f6a8c0fae00 msgr2=0x7f6a8c10ceb0 secure :-1 s=STATE_CONNECTION_ESTABLISHED l=1).mark_down
2023-11-16T14:01:37.025 INFO:teuthology.orchestra.run.smithi061.stderr:/usr/bin/ceph:
2023-11-16T14:01:37.021+0000 7f6a917ef700 1 --2- 172.21.15.61:0/953067917 >> [v2:172.21.15.61:3300/0,v1:172.21.15.61:6789/0] conn(0x7f6a8c0fae00 0x7f6a8c10ceb0 secure :-1 s=READY pgs=73 cs=0 l=1 rev1=1 rx=0x7f6a7c006800 tx=0x7f6a7c006ee0).stop
2023-11-16T14:01:37.026 INFO:teuthology.orchestra.run.smithi061.stderr:/usr/bin/ceph:
2023-11-16T14:01:37.021+0000 7f6a917ef700 1 -- 172.21.15.61:0/953067917 shutdown_connections
2023-11-16T14:01:37.026 INFO:teuthology.orchestra.run.smithi061.stderr:/usr/bin/ceph:
2023-11-16T14:01:37.021+0000 7f6a917ef700 1 --2- 172.21.15.61:0/953067917 >> [v2:172.21.15.61:6800/4132389775,v1:172.21.15.61:6801/4132389775] conn(0x7f6a6c030f40 0x7f6a6c033400 unknown :-1 s=CLOSED pgs=6 cs=0 l=1 rev1=1 rx=0 tx=0).stop
2023-11-16T14:01:37.026 INFO:teuthology.orchestra.run.smithi061.stderr:/usr/bin/ceph:
2023-11-16T14:01:37.021+0000 7f6a917ef700 1 --2- 172.21.15.61:0/953067917 >> [v2:172.21.15.61:3300/0,v1:172.21.15.61:6789/0] conn(0x7f6a8c0fae00 0x7f6a8c10ceb0 unknown :-1 s=CLOSED pgs=73 cs=0 l=1 rev1=1 rx=0 tx=0).stop
2023-11-16T14:01:37.026 INFO:teuthology.orchestra.run.smithi061.stderr:/usr/bin/ceph:
2023-11-16T14:01:37.021+0000 7f6a917ef700 1 -- 172.21.15.61:0/953067917 >> 172.21.15.61:0/953067917 conn(0x7f6a8c0f6590 msgr2=0x7f6a8c0ffb60 unknown :-1 s=STATE_NONE l=0).mark_down
2023-11-16T14:01:37.026 INFO:teuthology.orchestra.run.smithi061.stderr:/usr/bin/ceph:
2023-11-16T14:01:37.022+0000 7f6a917ef700 1 -- 172.21.15.61:0/953067917 shutdown_connections
2023-11-16T14:01:37.026 INFO:teuthology.orchestra.run.smithi061.stderr:/usr/bin/ceph:
2023-11-16T14:01:37.022+0000 7f6a917ef700 1 -- 172.21.15.61:0/953067917 wait complete.
2023-11-16T14:01:37.202 INFO:journalctl@ceph.mon.smithi061.smithi061.stdout:Nov 16 14:01:36 smithi061 ceph-71d22a3a-8488-11ee-8dbe-212e2dc638e7-mon-smithi061[111911]: audit
2023-11-16T14:01:35.838136+0000 mgr.smithi061.zcjido (mgr.14156) 1 : audit [DBG] from='client.14160 -' entity='client.admin' cmd=[{"prefix": "get_command_descriptions"}]: dispatch
2023-11-16T14:01:37.202 INFO:journalctl@ceph.mon.smithi061.smithi061.stdout:Nov 16 14:01:36 smithi061 ceph-71d22a3a-8488-11ee-8dbe-212e2dc638e7-mon-smithi061[111911]: cluster
2023-11-16T14:01:35.838241+0000 mon.smithi061 (mon.0) 88 : cluster [DBG] mgrmap e11: smithi061.zcjido(active, since 1.06092s)
2023-11-16T14:01:37.202 INFO:journalctl@ceph.mon.smithi061.smithi061.stdout:Nov 16 14:01:36 smithi061 ceph-71d22a3a-8488-11ee-8dbe-212e2dc638e7-mon-smithi061[111911]: audit
2023-11-16T14:01:35.846649+0000 mgr.smithi061.zcjido (mgr.14156) 2 : audit [DBG] from='client.14160 -' entity='client.admin' cmd=[{"prefix": "mgr_status"}]: dispatch
2023-11-16T14:01:37.386 INFO:teuthology.orchestra.run.smithi061.stderr:Creating initial admin user...
2023-11-16T14:01:37.735 INFO:teuthology.orchestra.run.smithi061.stderr:/usr/bin/ceph:
2023-11-16T14:01:37.730+0000 7fee559dd700 1 Processor -- start
2023-11-16T14:01:37.735 INFO:teuthology.orchestra.run.smithi061.stderr:/usr/bin/ceph:
2023-11-16T14:01:37.730+0000 7fee559dd700 1 -- start start
2023-11-16T14:01:37.735 INFO:teuthology.orchestra.run.smithi061.stderr:/usr/bin/ceph:
2023-11-16T14:01:37.730+0000 7fee559dd700 1 --2- >> [v2:172.21.15.61:3300/0,v1:172.21.15.61:6789/0] conn(0x7fee500fc4b0 0x7fee500fc8b0 unknown :-1 s=NONE pgs=0 cs=0 l=0 rev1=0 rx=0 tx=0).connect
2023-11-16T14:01:37.735 INFO:teuthology.orchestra.run.smithi061.stderr:/usr/bin/ceph:
2023-11-16T14:01:37.730+0000 7fee559dd700 1 -- --> [v2:172.21.15.61:3300/0,v1:172.21.15.61:6789/0] -- mon_getmap magic: 0 v1 -- 0x7fee500fcda0 con 0x7fee500fc4b0
2023-11-16T14:01:37.735 INFO:teuthology.orchestra.run.smithi061.stderr:/usr/bin/ceph:
2023-11-16T14:01:37.730+0000 7fee4effd700 1 --2- >> [v2:172.21.15.61:3300/0,v1:172.21.15.61:6789/0] conn(0x7fee500fc4b0 0x7fee500fc8b0 unknown :-1 s=BANNER_CONNECTING pgs=0 cs=0 l=0 rev1=0 rx=0 tx=0)._handle_peer_banner_payload supported=1 required=0
2023-11-16T14:01:37.736 INFO:teuthology.orchestra.run.smithi061.stderr:/usr/bin/ceph:
2023-11-16T14:01:37.730+0000 7fee4effd700 1 --2- >> [v2:172.21.15.61:3300/0,v1:172.21.15.61:6789/0] conn(0x7fee500fc4b0 0x7fee500fc8b0 unknown :-1 s=HELLO_CONNECTING pgs=0 cs=0 l=0 rev1=1 rx=0 tx=0).handle_hello peer v2:172.21.15.61:3300/0 says I am v2:172.21.15.61:59564/0 (socket says 172.21.15.61:59564)
2023-11-16T14:01:37.736 INFO:teuthology.orchestra.run.smithi061.stderr:/usr/bin/ceph:
2023-11-16T14:01:37.730+0000 7fee4effd700 1 -- 172.21.15.61:0/4232849060 learned_addr learned my addr 172.21.15.61:0/4232849060 (peer_addr_for_me v2:172.21.15.61:0/0)
2023-11-16T14:01:37.736 INFO:teuthology.orchestra.run.smithi061.stderr:/usr/bin/ceph:
2023-11-16T14:01:37.730+0000 7fee4effd700 1 -- 172.21.15.61:0/4232849060 --> [v2:172.21.15.61:3300/0,v1:172.21.15.61:6789/0] -- mon_subscribe({config=0+,monmap=0+}) v3 -- 0x7fee500fcee0 con 0x7fee500fc4b0
2023-11-16T14:01:37.736 INFO:teuthology.orchestra.run.smithi061.stderr:/usr/bin/ceph:
2023-11-16T14:01:37.730+0000 7fee4effd700 1 --2- 172.21.15.61:0/4232849060 >> [v2:172.21.15.61:3300/0,v1:172.21.15.61:6789/0] conn(0x7fee500fc4b0 0x7fee500fc8b0 secure :-1 s=READY pgs=74 cs=0 l=1 rev1=1 rx=0x7fee4000b5f0 tx=0x7fee40006ee0).ready entity=mon.0 client_cookie=db54aadb39eb276b server_cookie=0 in_seq=0 out_seq=0
2023-11-16T14:01:37.736 INFO:teuthology.orchestra.run.smithi061.stderr:/usr/bin/ceph:
2023-11-16T14:01:37.731+0000 7fee4dffb700 1 -- 172.21.15.61:0/4232849060 <== mon.0 v2:172.21.15.61:3300/0 1 ==== mon_map magic: 0 v1 ==== 229+0+0 (secure 0 0 0) 0x7fee4000d600 con 0x7fee500fc4b0
2023-11-16T14:01:37.736 INFO:teuthology.orchestra.run.smithi061.stderr:/usr/bin/ceph:
2023-11-16T14:01:37.731+0000 7fee4dffb700 1 -- 172.21.15.61:0/4232849060 <== mon.0 v2:172.21.15.61:3300/0 2 ==== config(25 keys) v1 ==== 1054+0+0 (secure 0 0 0) 0x7fee4000dbf0 con 0x7fee500fc4b0
2023-11-16T14:01:37.736 INFO:teuthology.orchestra.run.smithi061.stderr:/usr/bin/ceph:
2023-11-16T14:01:37.731+0000 7fee4dffb700 1 -- 172.21.15.61:0/4232849060 <== mon.0 v2:172.21.15.61:3300/0 3 ==== mon_map magic: 0 v1 ==== 229+0+0 (secure 0 0 0) 0x7fee40011bf0 con 0x7fee500fc4b0
2023-11-16T14:01:37.736 INFO:teuthology.orchestra.run.smithi061.stderr:/usr/bin/ceph:
2023-11-16T14:01:37.731+0000 7fee559dd700 1 -- 172.21.15.61:0/4232849060 >> [v2:172.21.15.61:3300/0,v1:172.21.15.61:6789/0] conn(0x7fee500fc4b0 msgr2=0x7fee500fc8b0 secure :-1 s=STATE_CONNECTION_ESTABLISHED l=1).mark_down
2023-11-16T14:01:37.736 INFO:teuthology.orchestra.run.smithi061.stderr:/usr/bin/ceph:
2023-11-16T14:01:37.731+0000 7fee559dd700 1 --2- 172.21.15.61:0/4232849060 >> [v2:172.21.15.61:3300/0,v1:172.21.15.61:6789/0] conn(0x7fee500fc4b0 0x7fee500fc8b0 secure :-1 s=READY pgs=74 cs=0 l=1 rev1=1 rx=0x7fee4000b5f0 tx=0x7fee40006ee0).stop
2023-11-16T14:01:37.736 INFO:teuthology.orchestra.run.smithi061.stderr:/usr/bin/ceph:
2023-11-16T14:01:37.731+0000 7fee559dd700 1 -- 172.21.15.61:0/4232849060 shutdown_connections
2023-11-16T14:01:37.736 INFO:teuthology.orchestra.run.smithi061.stderr:/usr/bin/ceph:
2023-11-16T14:01:37.731+0000 7fee559dd700 1 --2- 172.21.15.61:0/4232849060 >> [v2:172.21.15.61:3300/0,v1:172.21.15.61:6789/0] conn(0x7fee500fc4b0 0x7fee500fc8b0 unknown :-1 s=CLOSED pgs=74 cs=0 l=1 rev1=1 rx=0 tx=0).stop
2023-11-16T14:01:37.736 INFO:teuthology.orchestra.run.smithi061.stderr:/usr/bin/ceph:
2023-11-16T14:01:37.731+0000 7fee559dd700 1 -- 172.21.15.61:0/4232849060 >> 172.21.15.61:0/4232849060 conn(0x7fee500f5ce0 msgr2=0x7fee500f8140 unknown :-1 s=STATE_NONE l=0).mark_down
2023-11-16T14:01:37.736 INFO:teuthology.orchestra.run.smithi061.stderr:/usr/bin/ceph:
2023-11-16T14:01:37.731+0000 7fee559dd700 1 -- 172.21.15.61:0/4232849060 shutdown_connections
2023-11-16T14:01:37.737 INFO:teuthology.orchestra.run.smithi061.stderr:/usr/bin/ceph:
2023-11-16T14:01:37.731+0000 7fee559dd700 1 -- 172.21.15.61:0/4232849060 wait complete.
2023-11-16T14:01:37.737 INFO:teuthology.orchestra.run.smithi061.stderr:/usr/bin/ceph:
2023-11-16T14:01:37.732+0000 7fee559dd700 1 Processor -- start
2023-11-16T14:01:37.737 INFO:teuthology.orchestra.run.smithi061.stderr:/usr/bin/ceph:
2023-11-16T14:01:37.732+0000 7fee559dd700 1 -- start start
2023-11-16T14:01:37.737 INFO:teuthology.orchestra.run.smithi061.stderr:/usr/bin/ceph:
2023-11-16T14:01:37.732+0000 7fee559dd700 1 --2- >> [v2:172.21.15.61:3300/0,v1:172.21.15.61:6789/0] conn(0x7fee500fc4b0 0x7fee5010ce80 unknown :-1 s=NONE pgs=0 cs=0 l=1 rev1=0 rx=0 tx=0).connect
2023-11-16T14:01:37.737 INFO:teuthology.orchestra.run.smithi061.stderr:/usr/bin/ceph:
2023-11-16T14:01:37.732+0000 7fee559dd700 1 -- --> [v2:172.21.15.61:3300/0,v1:172.21.15.61:6789/0] -- mon_getmap magic: 0 v1 -- 0x7fee5010d370 con 0x7fee500fc4b0
2023-11-16T14:01:37.737 INFO:teuthology.orchestra.run.smithi061.stderr:/usr/bin/ceph:
2023-11-16T14:01:37.732+0000 7fee4effd700 1 --2- >> [v2:172.21.15.61:3300/0,v1:172.21.15.61:6789/0] conn(0x7fee500fc4b0 0x7fee5010ce80 unknown :-1 s=BANNER_CONNECTING pgs=0 cs=0 l=1 rev1=0 rx=0 tx=0)._handle_peer_banner_payload supported=1 required=0
2023-11-16T14:01:37.737 INFO:teuthology.orchestra.run.smithi061.stderr:/usr/bin/ceph:
2023-11-16T14:01:37.732+0000 7fee4effd700 1 --2- >> [v2:172.21.15.61:3300/0,v1:172.21.15.61:6789/0] conn(0x7fee500fc4b0 0x7fee5010ce80 unknown :-1 s=HELLO_CONNECTING pgs=0 cs=0 l=1 rev1=1 rx=0 tx=0).handle_hello peer v2:172.21.15.61:3300/0 says I am v2:172.21.15.61:59566/0 (socket says 172.21.15.61:59566)
2023-11-16T14:01:37.737 INFO:teuthology.orchestra.run.smithi061.stderr:/usr/bin/ceph:
2023-11-16T14:01:37.732+0000 7fee4effd700 1 -- 172.21.15.61:0/1636000812 learned_addr learned my addr 172.21.15.61:0/1636000812 (peer_addr_for_me v2:172.21.15.61:0/0)
2023-11-16T14:01:37.737 INFO:teuthology.orchestra.run.smithi061.stderr:/usr/bin/ceph:
2023-11-16T14:01:37.733+0000 7fee4effd700 1 -- 172.21.15.61:0/1636000812 --> [v2:172.21.15.61:3300/0,v1:172.21.15.61:6789/0] -- mon_subscribe({config=0+,monmap=0+}) v3 -- 0x7fee4000b200 con 0x7fee500fc4b0
2023-11-16T14:01:37.739 INFO:teuthology.orchestra.run.smithi061.stderr:/usr/bin/ceph:
2023-11-16T14:01:37.733+0000 7fee4effd700 1 --2- 172.21.15.61:0/1636000812 >> [v2:172.21.15.61:3300/0,v1:172.21.15.61:6789/0] conn(0x7fee500fc4b0 0x7fee5010ce80 secure :-1 s=READY pgs=75 cs=0 l=1 rev1=1 rx=0x7fee40006800 tx=0x7fee40006ee0).ready entity=mon.0 client_cookie=0 server_cookie=0 in_seq=0 out_seq=0
2023-11-16T14:01:37.739 INFO:teuthology.orchestra.run.smithi061.stderr:/usr/bin/ceph:
2023-11-16T14:01:37.733+0000 7fee377fe700 1 -- 172.21.15.61:0/1636000812 <== mon.0 v2:172.21.15.61:3300/0 1 ==== mon_map magic: 0 v1 ==== 229+0+0 (secure 0 0 0) 0x7fee4000dec0 con 0x7fee500fc4b0
2023-11-16T14:01:37.739 INFO:teuthology.orchestra.run.smithi061.stderr:/usr/bin/ceph:
2023-11-16T14:01:37.733+0000 7fee559dd700 1 -- 172.21.15.61:0/1636000812 --> [v2:172.21.15.61:3300/0,v1:172.21.15.61:6789/0] -- mon_subscribe({mgrmap=0+}) v3 -- 0x7fee5010d570 con 0x7fee500fc4b0
2023-11-16T14:01:37.739 INFO:teuthology.orchestra.run.smithi061.stderr:/usr/bin/ceph:
2023-11-16T14:01:37.733+0000 7fee559dd700 1 -- 172.21.15.61:0/1636000812 --> [v2:172.21.15.61:3300/0,v1:172.21.15.61:6789/0] -- mon_subscribe({osdmap=0}) v3 -- 0x7fee5010da00 con 0x7fee500fc4b0
2023-11-16T14:01:37.739 INFO:teuthology.orchestra.run.smithi061.stderr:/usr/bin/ceph:
2023-11-16T14:01:37.733+0000 7fee377fe700 1 -- 172.21.15.61:0/1636000812 <== mon.0 v2:172.21.15.61:3300/0 2 ==== config(25 keys) v1 ==== 1054+0+0 (secure 0 0 0) 0x7fee4001b8a0 con 0x7fee500fc4b0
2023-11-16T14:01:37.739 INFO:teuthology.orchestra.run.smithi061.stderr:/usr/bin/ceph:
2023-11-16T14:01:37.733+0000 7fee377fe700 1 -- 172.21.15.61:0/1636000812 <== mon.0 v2:172.21.15.61:3300/0 3 ==== mon_map magic: 0 v1 ==== 229+0+0 (secure 0 0 0) 0x7fee4001a6f0 con 0x7fee500fc4b0
2023-11-16T14:01:37.739 INFO:teuthology.orchestra.run.smithi061.stderr:/usr/bin/ceph:
2023-11-16T14:01:37.734+0000 7fee377fe700 1 -- 172.21.15.61:0/1636000812 <== mon.0 v2:172.21.15.61:3300/0 4 ==== mgrmap(e 12) v1 ==== 37108+0+0 (secure 0 0 0) 0x7fee4002b070 con 0x7fee500fc4b0
2023-11-16T14:01:37.739 INFO:teuthology.orchestra.run.smithi061.stderr:/usr/bin/ceph:
2023-11-16T14:01:37.734+0000 7fee377fe700 1 --2- 172.21.15.61:0/1636000812 >> [v2:172.21.15.61:6800/4132389775,v1:172.21.15.61:6801/4132389775] conn(0x7fee3c031040 0x7fee3c033500 unknown :-1 s=NONE pgs=0 cs=0 l=1 rev1=0 rx=0 tx=0).connect
2023-11-16T14:01:37.739 INFO:teuthology.orchestra.run.smithi061.stderr:/usr/bin/ceph:
2023-11-16T14:01:37.734+0000 7fee377fe700 1 -- 172.21.15.61:0/1636000812 <== mon.0 v2:172.21.15.61:3300/0 5 ==== osd_map(3..3 src has 1..3) v4 ==== 1065+0+0 (secure 0 0 0) 0x7fee40042a60 con 0x7fee500fc4b0
2023-11-16T14:01:37.739 INFO:teuthology.orchestra.run.smithi061.stderr:/usr/bin/ceph:
2023-11-16T14:01:37.734+0000 7fee4e7fc700 1 --2- 172.21.15.61:0/1636000812 >> [v2:172.21.15.61:6800/4132389775,v1:172.21.15.61:6801/4132389775] conn(0x7fee3c031040 0x7fee3c033500 unknown :-1 s=BANNER_CONNECTING pgs=0 cs=0 l=1 rev1=0 rx=0 tx=0)._handle_peer_banner_payload supported=1 required=0
2023-11-16T14:01:37.739 INFO:teuthology.orchestra.run.smithi061.stderr:/usr/bin/ceph:
2023-11-16T14:01:37.734+0000 7fee4e7fc700 1 --2- 172.21.15.61:0/1636000812 >> [v2:172.21.15.61:6800/4132389775,v1:172.21.15.61:6801/4132389775] conn(0x7fee3c031040 0x7fee3c033500 secure :-1 s=READY pgs=7 cs=0 l=1 rev1=1 rx=0x7fee440096a0 tx=0x7fee44006b40).ready entity=mgr.14156 client_cookie=0 server_cookie=0 in_seq=0 out_seq=0
2023-11-16T14:01:37.740 INFO:teuthology.orchestra.run.smithi061.stderr:/usr/bin/ceph:
2023-11-16T14:01:37.734+0000 7fee559dd700 1 -- 172.21.15.61:0/1636000812 --> [v2:172.21.15.61:3300/0,v1:172.21.15.61:6789/0] -- mon_command({"prefix": "get_command_descriptions"} v 0) v1 -- 0x7fee30004fa0 con 0x7fee500fc4b0
2023-11-16T14:01:37.741 INFO:teuthology.orchestra.run.smithi061.stderr:/usr/bin/ceph:
2023-11-16T14:01:37.739+0000 7fee377fe700 1 -- 172.21.15.61:0/1636000812 <== mon.0 v2:172.21.15.61:3300/0 6 ==== mon_command_ack([{"prefix": "get_command_descriptions"}]=0 v0) v1 ==== 72+0+153237 (secure 0 0 0) 0x7fee40016070 con 0x7fee500fc4b0
2023-11-16T14:01:37.918 INFO:teuthology.orchestra.run.smithi061.stderr:/usr/bin/ceph:
2023-11-16T14:01:37.916+0000 7fee559dd700 1 -- 172.21.15.61:0/1636000812 --> [v2:172.21.15.61:6800/4132389775,v1:172.21.15.61:6801/4132389775] -- mgr_command(tid 0: {"prefix": "dashboard ac-user-create", "username": "admin", "rolename": "administrator", "force_password": true, "pwd_update_required": true, "target": ["mon-mgr", ""]}) v1 -- 0x7fee30005bf0 con 0x7fee3c031040
2023-11-16T14:01:38.164 INFO:teuthology.orchestra.run.smithi061.stderr:/usr/bin/ceph:
2023-11-16T14:01:38.161+0000 7fee377fe700 1 -- 172.21.15.61:0/1636000812 <== mgr.14156 v2:172.21.15.61:6800/4132389775 1 ==== mgr_command_reply(tid 0: 0 ) v1 ==== 8+0+252 (secure 0 0 0) 0x7fee30005bf0 con 0x7fee3c031040
2023-11-16T14:01:38.164 INFO:teuthology.orchestra.run.smithi061.stderr:/usr/bin/ceph: {"username": "admin", "password": "$2b$12$FEtcrM1vPRtf5oK.5Lxh2OTUsrhiVZNKkBT2ws/2VwLSFH3N4v/my", "roles": ["administrator"], "name": null, "email": null, "lastUpdate": 1700143298, "enabled": true, "pwdExpirationDate": null, "pwdUpdateRequired": true}
2023-11-16T14:01:38.166 INFO:teuthology.orchestra.run.smithi061.stderr:/usr/bin/ceph:
2023-11-16T14:01:38.163+0000 7fee559dd700 1 -- 172.21.15.61:0/1636000812 >> [v2:172.21.15.61:6800/4132389775,v1:172.21.15.61:6801/4132389775] conn(0x7fee3c031040 msgr2=0x7fee3c033500 secure :-1 s=STATE_CONNECTION_ESTABLISHED l=1).mark_down
2023-11-16T14:01:38.166 INFO:teuthology.orchestra.run.smithi061.stderr:/usr/bin/ceph:
2023-11-16T14:01:38.163+0000 7fee559dd700 1 --2- 172.21.15.61:0/1636000812 >> [v2:172.21.15.61:6800/4132389775,v1:172.21.15.61:6801/4132389775] conn(0x7fee3c031040 0x7fee3c033500 secure :-1 s=READY pgs=7 cs=0 l=1 rev1=1 rx=0x7fee440096a0 tx=0x7fee44006b40).stop
2023-11-16T14:01:38.166 INFO:teuthology.orchestra.run.smithi061.stderr:/usr/bin/ceph:
2023-11-16T14:01:38.163+0000 7fee559dd700 1 -- 172.21.15.61:0/1636000812 >> [v2:172.21.15.61:3300/0,v1:172.21.15.61:6789/0] conn(0x7fee500fc4b0 msgr2=0x7fee5010ce80 secure :-1 s=STATE_CONNECTION_ESTABLISHED l=1).mark_down
2023-11-16T14:01:38.166 INFO:teuthology.orchestra.run.smithi061.stderr:/usr/bin/ceph:
2023-11-16T14:01:38.163+0000 7fee559dd700 1 --2- 172.21.15.61:0/1636000812 >> [v2:172.21.15.61:3300/0,v1:172.21.15.61:6789/0] conn(0x7fee500fc4b0 0x7fee5010ce80 secure :-1 s=READY pgs=75 cs=0 l=1 rev1=1 rx=0x7fee40006800 tx=0x7fee40006ee0).stop
2023-11-16T14:01:38.166 INFO:teuthology.orchestra.run.smithi061.stderr:/usr/bin/ceph:
2023-11-16T14:01:38.163+0000 7fee559dd700 1 -- 172.21.15.61:0/1636000812 shutdown_connections
2023-11-16T14:01:38.166 INFO:teuthology.orchestra.run.smithi061.stderr:/usr/bin/ceph:
2023-11-16T14:01:38.163+0000 7fee559dd700 1 --2- 172.21.15.61:0/1636000812 >> [v2:172.21.15.61:6800/4132389775,v1:172.21.15.61:6801/4132389775] conn(0x7fee3c031040 0x7fee3c033500 unknown :-1 s=CLOSED pgs=7 cs=0 l=1 rev1=1 rx=0 tx=0).stop
2023-11-16T14:01:38.166 INFO:teuthology.orchestra.run.smithi061.stderr:/usr/bin/ceph:
2023-11-16T14:01:38.163+0000 7fee559dd700 1 --2- 172.21.15.61:0/1636000812 >> [v2:172.21.15.61:3300/0,v1:172.21.15.61:6789/0] conn(0x7fee500fc4b0 0x7fee5010ce80 unknown :-1 s=CLOSED pgs=75 cs=0 l=1 rev1=1 rx=0 tx=0).stop
2023-11-16T14:01:38.167 INFO:teuthology.orchestra.run.smithi061.stderr:/usr/bin/ceph:
2023-11-16T14:01:38.163+0000 7fee559dd700 1 -- 172.21.15.61:0/1636000812 >> 172.21.15.61:0/1636000812 conn(0x7fee500f5ce0 msgr2=0x7fee500f77f0 unknown :-1 s=STATE_NONE l=0).mark_down
2023-11-16T14:01:38.167 INFO:teuthology.orchestra.run.smithi061.stderr:/usr/bin/ceph:
2023-11-16T14:01:38.163+0000 7fee559dd700 1 -- 172.21.15.61:0/1636000812 shutdown_connections
2023-11-16T14:01:38.167 INFO:teuthology.orchestra.run.smithi061.stderr:/usr/bin/ceph:
2023-11-16T14:01:38.163+0000 7fee559dd700 1 -- 172.21.15.61:0/1636000812 wait complete.
2023-11-16T14:01:38.196 INFO:journalctl@ceph.mon.smithi061.smithi061.stdout:Nov 16 14:01:37 smithi061 ceph-71d22a3a-8488-11ee-8dbe-212e2dc638e7-mon-smithi061[111911]: cluster
2023-11-16T14:01:36.844286+0000 mon.smithi061 (mon.0) 89 : cluster [DBG] mgrmap e12: smithi061.zcjido(active, since 2s)
2023-11-16T14:01:38.196 INFO:journalctl@ceph.mon.smithi061.smithi061.stdout:Nov 16 14:01:37 smithi061 ceph-71d22a3a-8488-11ee-8dbe-212e2dc638e7-mon-smithi061[111911]: audit
2023-11-16T14:01:36.943762+0000 mgr.smithi061.zcjido (mgr.14156) 3 : audit [DBG] from='client.14166 -' entity='client.admin' cmd=[{"prefix": "dashboard create-self-signed-cert", "target": ["mon-mgr", ""]}]: dispatch
2023-11-16T14:01:38.196 INFO:journalctl@ceph.mon.smithi061.smithi061.stdout:Nov 16 14:01:37 smithi061 ceph-71d22a3a-8488-11ee-8dbe-212e2dc638e7-mon-smithi061[111911]: audit
2023-11-16T14:01:37.018372+0000 mon.smithi061 (mon.0) 90 : audit [INF] from='mgr.14156 172.21.15.61:0/789355747' entity='mgr.smithi061.zcjido'
2023-11-16T14:01:38.196 INFO:journalctl@ceph.mon.smithi061.smithi061.stdout:Nov 16 14:01:37 smithi061 ceph-71d22a3a-8488-11ee-8dbe-212e2dc638e7-mon-smithi061[111911]: audit
2023-11-16T14:01:37.020850+0000 mon.smithi061 (mon.0) 91 : audit [INF] from='mgr.14156 172.21.15.61:0/789355747' entity='mgr.smithi061.zcjido'
2023-11-16T14:01:38.528 INFO:teuthology.orchestra.run.smithi061.stderr:Fetching dashboard port number...
2023-11-16T14:01:38.879 INFO:teuthology.orchestra.run.smithi061.stderr:/usr/bin/ceph:
2023-11-16T14:01:38.873+0000 7f2b70575700 1 Processor -- start
2023-11-16T14:01:38.879 INFO:teuthology.orchestra.run.smithi061.stderr:/usr/bin/ceph:
2023-11-16T14:01:38.873+0000 7f2b70575700 1 -- start start
2023-11-16T14:01:38.879 INFO:teuthology.orchestra.run.smithi061.stderr:/usr/bin/ceph:
2023-11-16T14:01:38.873+0000 7f2b70575700 1 --2- >> [v2:172.21.15.61:3300/0,v1:172.21.15.61:6789/0] conn(0x7f2b6806ade0 0x7f2b680feb10 unknown :-1 s=NONE pgs=0 cs=0 l=0 rev1=0 rx=0 tx=0).connect
2023-11-16T14:01:38.879 INFO:teuthology.orchestra.run.smithi061.stderr:/usr/bin/ceph:
2023-11-16T14:01:38.873+0000 7f2b70575700 1 -- --> [v2:172.21.15.61:3300/0,v1:172.21.15.61:6789/0] -- mon_getmap magic: 0 v1 -- 0x7f2b680ff000 con 0x7f2b6806ade0
2023-11-16T14:01:38.879 INFO:teuthology.orchestra.run.smithi061.stderr:/usr/bin/ceph:
2023-11-16T14:01:38.873+0000 7f2b6e311700 1 --2- >> [v2:172.21.15.61:3300/0,v1:172.21.15.61:6789/0] conn(0x7f2b6806ade0 0x7f2b680feb10 unknown :-1 s=BANNER_CONNECTING pgs=0 cs=0 l=0 rev1=0 rx=0 tx=0)._handle_peer_banner_payload supported=1 required=0
2023-11-16T14:01:38.879 INFO:teuthology.orchestra.run.smithi061.stderr:/usr/bin/ceph:
2023-11-16T14:01:38.873+0000 7f2b6e311700 1 --2- >> [v2:172.21.15.61:3300/0,v1:172.21.15.61:6789/0] conn(0x7f2b6806ade0 0x7f2b680feb10 unknown :-1 s=HELLO_CONNECTING pgs=0 cs=0 l=0 rev1=1 rx=0 tx=0).handle_hello peer v2:172.21.15.61:3300/0 says I am v2:172.21.15.61:59570/0 (socket says 172.21.15.61:59570)
2023-11-16T14:01:38.879 INFO:teuthology.orchestra.run.smithi061.stderr:/usr/bin/ceph:
2023-11-16T14:01:38.873+0000 7f2b6e311700 1 -- 172.21.15.61:0/3833136951 learned_addr learned my addr 172.21.15.61:0/3833136951 (peer_addr_for_me v2:172.21.15.61:0/0)
2023-11-16T14:01:38.879 INFO:teuthology.orchestra.run.smithi061.stderr:/usr/bin/ceph:
2023-11-16T14:01:38.874+0000 7f2b6e311700 1 -- 172.21.15.61:0/3833136951 --> [v2:172.21.15.61:3300/0,v1:172.21.15.61:6789/0] -- mon_subscribe({config=0+,monmap=0+}) v3 -- 0x7f2b680ff140 con 0x7f2b6806ade0
2023-11-16T14:01:38.880 INFO:teuthology.orchestra.run.smithi061.stderr:/usr/bin/ceph:
2023-11-16T14:01:38.874+0000 7f2b6e311700 1 --2- 172.21.15.61:0/3833136951 >> [v2:172.21.15.61:3300/0,v1:172.21.15.61:6789/0] conn(0x7f2b6806ade0 0x7f2b680feb10 secure :-1 s=READY pgs=76 cs=0 l=1 rev1=1 rx=0x7f2b5c00b5f0 tx=0x7f2b5c006ee0).ready entity=mon.0 client_cookie=39a1a701e1310afe server_cookie=0 in_seq=0 out_seq=0
2023-11-16T14:01:38.880 INFO:teuthology.orchestra.run.smithi061.stderr:/usr/bin/ceph:
2023-11-16T14:01:38.874+0000 7f2b6d30f700 1 -- 172.21.15.61:0/3833136951 <== mon.0 v2:172.21.15.61:3300/0 1 ==== mon_map magic: 0 v1 ==== 229+0+0 (secure 0 0 0) 0x7f2b5c00d600 con 0x7f2b6806ade0
2023-11-16T14:01:38.880 INFO:teuthology.orchestra.run.smithi061.stderr:/usr/bin/ceph:
2023-11-16T14:01:38.874+0000 7f2b6d30f700 1 -- 172.21.15.61:0/3833136951 <== mon.0 v2:172.21.15.61:3300/0 2 ==== config(25 keys) v1 ==== 1054+0+0 (secure 0 0 0) 0x7f2b5c00dbf0 con 0x7f2b6806ade0
2023-11-16T14:01:38.880 INFO:teuthology.orchestra.run.smithi061.stderr:/usr/bin/ceph:
2023-11-16T14:01:38.874+0000 7f2b6d30f700 1 -- 172.21.15.61:0/3833136951 <== mon.0 v2:172.21.15.61:3300/0 3 ==== mon_map magic: 0 v1 ==== 229+0+0 (secure 0 0 0) 0x7f2b5c011bf0 con 0x7f2b6806ade0
2023-11-16T14:01:38.880 INFO:teuthology.orchestra.run.smithi061.stderr:/usr/bin/ceph:
2023-11-16T14:01:38.875+0000 7f2b70575700 1 -- 172.21.15.61:0/3833136951 >> [v2:172.21.15.61:3300/0,v1:172.21.15.61:6789/0] conn(0x7f2b6806ade0 msgr2=0x7f2b680feb10 secure :-1 s=STATE_CONNECTION_ESTABLISHED l=1).mark_down
2023-11-16T14:01:38.880 INFO:teuthology.orchestra.run.smithi061.stderr:/usr/bin/ceph:
2023-11-16T14:01:38.875+0000 7f2b70575700 1 --2- 172.21.15.61:0/3833136951 >> [v2:172.21.15.61:3300/0,v1:172.21.15.61:6789/0] conn(0x7f2b6806ade0 0x7f2b680feb10 secure :-1 s=READY pgs=76 cs=0 l=1 rev1=1 rx=0x7f2b5c00b5f0 tx=0x7f2b5c006ee0).stop
2023-11-16T14:01:38.880 INFO:teuthology.orchestra.run.smithi061.stderr:/usr/bin/ceph:
2023-11-16T14:01:38.875+0000 7f2b70575700 1 -- 172.21.15.61:0/3833136951 shutdown_connections
2023-11-16T14:01:38.880 INFO:teuthology.orchestra.run.smithi061.stderr:/usr/bin/ceph:
2023-11-16T14:01:38.875+0000 7f2b70575700 1 --2- 172.21.15.61:0/3833136951 >> [v2:172.21.15.61:3300/0,v1:172.21.15.61:6789/0] conn(0x7f2b6806ade0 0x7f2b680feb10 unknown :-1 s=CLOSED pgs=76 cs=0 l=1 rev1=1 rx=0 tx=0).stop
2023-11-16T14:01:38.880 INFO:teuthology.orchestra.run.smithi061.stderr:/usr/bin/ceph:
2023-11-16T14:01:38.875+0000 7f2b70575700 1 -- 172.21.15.61:0/3833136951 >> 172.21.15.61:0/3833136951 conn(0x7f2b680f6590 msgr2=0x7f2b680f89d0 unknown :-1 s=STATE_NONE l=0).mark_down
2023-11-16T14:01:38.880 INFO:teuthology.orchestra.run.smithi061.stderr:/usr/bin/ceph:
2023-11-16T14:01:38.875+0000 7f2b70575700 1 -- 172.21.15.61:0/3833136951 shutdown_connections
2023-11-16T14:01:38.880 INFO:teuthology.orchestra.run.smithi061.stderr:/usr/bin/ceph:
2023-11-16T14:01:38.875+0000 7f2b70575700 1 -- 172.21.15.61:0/3833136951 wait complete.
2023-11-16T14:01:38.880 INFO:teuthology.orchestra.run.smithi061.stderr:/usr/bin/ceph:
2023-11-16T14:01:38.875+0000 7f2b70575700 1 Processor -- start
2023-11-16T14:01:38.880 INFO:teuthology.orchestra.run.smithi061.stderr:/usr/bin/ceph:
2023-11-16T14:01:38.875+0000 7f2b70575700 1 -- start start
2023-11-16T14:01:38.881 INFO:teuthology.orchestra.run.smithi061.stderr:/usr/bin/ceph:
2023-11-16T14:01:38.876+0000 7f2b70575700 1 --2- >> [v2:172.21.15.61:3300/0,v1:172.21.15.61:6789/0] conn(0x7f2b6806ade0 0x7f2b680fc590 unknown :-1 s=NONE pgs=0 cs=0 l=1 rev1=0 rx=0 tx=0).connect
2023-11-16T14:01:38.881 INFO:teuthology.orchestra.run.smithi061.stderr:/usr/bin/ceph:
2023-11-16T14:01:38.876+0000 7f2b70575700 1 -- --> [v2:172.21.15.61:3300/0,v1:172.21.15.61:6789/0] -- mon_getmap magic: 0 v1 -- 0x7f2b680faa10 con 0x7f2b6806ade0
2023-11-16T14:01:38.881 INFO:teuthology.orchestra.run.smithi061.stderr:/usr/bin/ceph:
2023-11-16T14:01:38.876+0000 7f2b6e311700 1 --2- >> [v2:172.21.15.61:3300/0,v1:172.21.15.61:6789/0] conn(0x7f2b6806ade0 0x7f2b680fc590 unknown :-1 s=BANNER_CONNECTING pgs=0 cs=0 l=1 rev1=0 rx=0 tx=0)._handle_peer_banner_payload supported=1 required=0
2023-11-16T14:01:38.881 INFO:teuthology.orchestra.run.smithi061.stderr:/usr/bin/ceph:
2023-11-16T14:01:38.876+0000 7f2b6e311700 1 --2- >> [v2:172.21.15.61:3300/0,v1:172.21.15.61:6789/0] conn(0x7f2b6806ade0 0x7f2b680fc590 unknown :-1 s=HELLO_CONNECTING pgs=0 cs=0 l=1 rev1=1 rx=0 tx=0).handle_hello peer v2:172.21.15.61:3300/0 says I am v2:172.21.15.61:59572/0 (socket says 172.21.15.61:59572)
2023-11-16T14:01:38.881 INFO:teuthology.orchestra.run.smithi061.stderr:/usr/bin/ceph:
2023-11-16T14:01:38.876+0000 7f2b6e311700 1 -- 172.21.15.61:0/3315634143 learned_addr learned my addr 172.21.15.61:0/3315634143 (peer_addr_for_me v2:172.21.15.61:0/0)
2023-11-16T14:01:38.881 INFO:teuthology.orchestra.run.smithi061.stderr:/usr/bin/ceph:
2023-11-16T14:01:38.876+0000 7f2b6e311700 1 -- 172.21.15.61:0/3315634143 --> [v2:172.21.15.61:3300/0,v1:172.21.15.61:6789/0] -- mon_subscribe({config=0+,monmap=0+}) v3 -- 0x7f2b5c00b200 con 0x7f2b6806ade0
2023-11-16T14:01:38.882 INFO:teuthology.orchestra.run.smithi061.stderr:/usr/bin/ceph:
2023-11-16T14:01:38.876+0000 7f2b6e311700 1 --2- 172.21.15.61:0/3315634143 >> [v2:172.21.15.61:3300/0,v1:172.21.15.61:6789/0] conn(0x7f2b6806ade0 0x7f2b680fc590 secure :-1 s=READY pgs=77 cs=0 l=1 rev1=1 rx=0x7f2b5c006800 tx=0x7f2b5c006ee0).ready entity=mon.0 client_cookie=0 server_cookie=0 in_seq=0 out_seq=0
2023-11-16T14:01:38.882 INFO:teuthology.orchestra.run.smithi061.stderr:/usr/bin/ceph:
2023-11-16T14:01:38.876+0000 7f2b5affd700 1 -- 172.21.15.61:0/3315634143 <== mon.0 v2:172.21.15.61:3300/0 1 ==== mon_map magic: 0 v1 ==== 229+0+0 (secure 0 0 0) 0x7f2b5c00dec0 con 0x7f2b6806ade0
2023-11-16T14:01:38.883 INFO:teuthology.orchestra.run.smithi061.stderr:/usr/bin/ceph:
2023-11-16T14:01:38.876+0000 7f2b5affd700 1 -- 172.21.15.61:0/3315634143 <== mon.0 v2:172.21.15.61:3300/0 2 ==== config(25 keys) v1 ==== 1054+0+0 (secure 0 0 0) 0x7f2b5c01b8a0 con 0x7f2b6806ade0
2023-11-16T14:01:38.883 INFO:teuthology.orchestra.run.smithi061.stderr:/usr/bin/ceph:
2023-11-16T14:01:38.876+0000 7f2b70575700 1 -- 172.21.15.61:0/3315634143 --> [v2:172.21.15.61:3300/0,v1:172.21.15.61:6789/0] -- mon_subscribe({mgrmap=0+}) v3 -- 0x7f2b680fabb0 con 0x7f2b6806ade0
2023-11-16T14:01:38.883 INFO:teuthology.orchestra.run.smithi061.stderr:/usr/bin/ceph:
2023-11-16T14:01:38.876+0000 7f2b5affd700 1 -- 172.21.15.61:0/3315634143 <== mon.0 v2:172.21.15.61:3300/0 3 ==== mon_map magic: 0 v1 ==== 229+0+0 (secure 0 0 0) 0x7f2b5c01a7b0 con 0x7f2b6806ade0
2023-11-16T14:01:38.883 INFO:teuthology.orchestra.run.smithi061.stderr:/usr/bin/ceph:
2023-11-16T14:01:38.876+0000 7f2b70575700 1 -- 172.21.15.61:0/3315634143 --> [v2:172.21.15.61:3300/0,v1:172.21.15.61:6789/0] -- mon_subscribe({osdmap=0}) v3 -- 0x7f2b680fb040 con 0x7f2b6806ade0
2023-11-16T14:01:38.883 INFO:teuthology.orchestra.run.smithi061.stderr:/usr/bin/ceph:
2023-11-16T14:01:38.877+0000 7f2b5affd700 1 -- 172.21.15.61:0/3315634143 <== mon.0 v2:172.21.15.61:3300/0 4 ==== mgrmap(e 12) v1 ==== 37108+0+0 (secure 0 0 0) 0x7f2b5c02b070 con 0x7f2b6806ade0
2023-11-16T14:01:38.883 INFO:teuthology.orchestra.run.smithi061.stderr:/usr/bin/ceph:
2023-11-16T14:01:38.877+0000 7f2b5affd700 1 --2- 172.21.15.61:0/3315634143 >> [v2:172.21.15.61:6800/4132389775,v1:172.21.15.61:6801/4132389775] conn(0x7f2b50031040 0x7f2b50033500 unknown :-1 s=NONE pgs=0 cs=0 l=1 rev1=0 rx=0 tx=0).connect
2023-11-16T14:01:38.883 INFO:teuthology.orchestra.run.smithi061.stderr:/usr/bin/ceph:
2023-11-16T14:01:38.877+0000 7f2b70575700 1 -- 172.21.15.61:0/3315634143 --> [v2:172.21.15.61:3300/0,v1:172.21.15.61:6789/0] -- mon_command({"prefix": "get_command_descriptions"} v 0) v1 -- 0x7f2b68045bb0 con 0x7f2b6806ade0
2023-11-16T14:01:38.883 INFO:teuthology.orchestra.run.smithi061.stderr:/usr/bin/ceph:
2023-11-16T14:01:38.877+0000 7f2b5affd700 1 -- 172.21.15.61:0/3315634143 <== mon.0 v2:172.21.15.61:3300/0 5 ==== osd_map(3..3 src has 1..3) v4 ==== 1065+0+0 (secure 0 0 0) 0x7f2b5c042be0 con 0x7f2b6806ade0
2023-11-16T14:01:38.883 INFO:teuthology.orchestra.run.smithi061.stderr:/usr/bin/ceph:
2023-11-16T14:01:38.877+0000 7f2b6db10700 1 --2- 172.21.15.61:0/3315634143 >> [v2:172.21.15.61:6800/4132389775,v1:172.21.15.61:6801/4132389775] conn(0x7f2b50031040 0x7f2b50033500 unknown :-1 s=BANNER_CONNECTING pgs=0 cs=0 l=1 rev1=0 rx=0 tx=0)._handle_peer_banner_payload supported=1 required=0
2023-11-16T14:01:38.883 INFO:teuthology.orchestra.run.smithi061.stderr:/usr/bin/ceph:
2023-11-16T14:01:38.878+0000 7f2b6db10700 1 --2- 172.21.15.61:0/3315634143 >> [v2:172.21.15.61:6800/4132389775,v1:172.21.15.61:6801/4132389775] conn(0x7f2b50031040 0x7f2b50033500 secure :-1 s=READY pgs=8 cs=0 l=1 rev1=1 rx=0x7f2b640096a0 tx=0x7f2b64006b40).ready entity=mgr.14156 client_cookie=0 server_cookie=0 in_seq=0 out_seq=0
2023-11-16T14:01:38.884 INFO:teuthology.orchestra.run.smithi061.stderr:/usr/bin/ceph:
2023-11-16T14:01:38.882+0000 7f2b5affd700 1 -- 172.21.15.61:0/3315634143 <== mon.0 v2:172.21.15.61:3300/0 6 ==== mon_command_ack([{"prefix": "get_command_descriptions"}]=0 v0) v1 ==== 72+0+153237 (secure 0 0 0) 0x7f2b5c016020 con 0x7f2b6806ade0
2023-11-16T14:01:39.046 INFO:teuthology.orchestra.run.smithi061.stderr:/usr/bin/ceph:
2023-11-16T14:01:39.043+0000 7f2b70575700 1 -- 172.21.15.61:0/3315634143 --> [v2:172.21.15.61:3300/0,v1:172.21.15.61:6789/0] -- mon_command({"prefix": "config get", "who": "mgr", "key": "mgr/dashboard/ssl_server_port"} v 0) v1 -- 0x7f2b680fff00 con 0x7f2b6806ade0
2023-11-16T14:01:39.047 INFO:teuthology.orchestra.run.smithi061.stderr:/usr/bin/ceph:
2023-11-16T14:01:39.043+0000 7f2b5affd700 1 -- 172.21.15.61:0/3315634143 <== mon.0 v2:172.21.15.61:3300/0 7 ==== mon_command_ack([{"prefix": "config get", "who": "mgr", "key": "mgr/dashboard/ssl_server_port"}]=0 v10) v1 ==== 112+0+5 (secure 0 0 0) 0x7f2b5c01f070 con 0x7f2b6806ade0
2023-11-16T14:01:39.047 INFO:teuthology.orchestra.run.smithi061.stderr:/usr/bin/ceph: 8443
2023-11-16T14:01:39.049 INFO:teuthology.orchestra.run.smithi061.stderr:/usr/bin/ceph:
2023-11-16T14:01:39.045+0000 7f2b70575700 1 -- 172.21.15.61:0/3315634143 >> [v2:172.21.15.61:6800/4132389775,v1:172.21.15.61:6801/4132389775] conn(0x7f2b50031040 msgr2=0x7f2b50033500 secure :-1 s=STATE_CONNECTION_ESTABLISHED l=1).mark_down
2023-11-16T14:01:39.050 INFO:teuthology.orchestra.run.smithi061.stderr:/usr/bin/ceph:
2023-11-16T14:01:39.045+0000 7f2b70575700 1 --2- 172.21.15.61:0/3315634143 >> [v2:172.21.15.61:6800/4132389775,v1:172.21.15.61:6801/4132389775] conn(0x7f2b50031040 0x7f2b50033500 secure :-1 s=READY pgs=8 cs=0 l=1 rev1=1 rx=0x7f2b640096a0 tx=0x7f2b64006b40).stop
2023-11-16T14:01:39.050 INFO:teuthology.orchestra.run.smithi061.stderr:/usr/bin/ceph:
2023-11-16T14:01:39.045+0000 7f2b70575700 1 -- 172.21.15.61:0/3315634143 >> [v2:172.21.15.61:3300/0,v1:172.21.15.61:6789/0] conn(0x7f2b6806ade0 msgr2=0x7f2b680fc590 secure :-1 s=STATE_CONNECTION_ESTABLISHED l=1).mark_down
2023-11-16T14:01:39.050 INFO:teuthology.orchestra.run.smithi061.stderr:/usr/bin/ceph:
2023-11-16T14:01:39.045+0000 7f2b70575700 1 --2- 172.21.15.61:0/3315634143 >> [v2:172.21.15.61:3300/0,v1:172.21.15.61:6789/0] conn(0x7f2b6806ade0 0x7f2b680fc590 secure :-1 s=READY pgs=77 cs=0 l=1 rev1=1 rx=0x7f2b5c006800 tx=0x7f2b5c006ee0).stop
2023-11-16T14:01:39.050 INFO:teuthology.orchestra.run.smithi061.stderr:/usr/bin/ceph:
2023-11-16T14:01:39.045+0000 7f2b70575700 1 -- 172.21.15.61:0/3315634143 shutdown_connections
2023-11-16T14:01:39.050 INFO:teuthology.orchestra.run.smithi061.stderr:/usr/bin/ceph:
2023-11-16T14:01:39.045+0000 7f2b70575700 1 --2- 172.21.15.61:0/3315634143 >> [v2:172.21.15.61:6800/4132389775,v1:172.21.15.61:6801/4132389775] conn(0x7f2b50031040 0x7f2b50033500 unknown :-1 s=CLOSED pgs=8 cs=0 l=1 rev1=1 rx=0 tx=0).stop
2023-11-16T14:01:39.051 INFO:teuthology.orchestra.run.smithi061.stderr:/usr/bin/ceph:
2023-11-16T14:01:39.045+0000 7f2b70575700 1 --2- 172.21.15.61:0/3315634143 >> [v2:172.21.15.61:3300/0,v1:172.21.15.61:6789/0] conn(0x7f2b6806ade0 0x7f2b680fc590 unknown :-1 s=CLOSED pgs=77 cs=0 l=1 rev1=1 rx=0 tx=0).stop
2023-11-16T14:01:39.051 INFO:teuthology.orchestra.run.smithi061.stderr:/usr/bin/ceph:
2023-11-16T14:01:39.045+0000 7f2b70575700 1 -- 172.21.15.61:0/3315634143 >> 172.21.15.61:0/3315634143 conn(0x7f2b680f6590 msgr2=0x7f2b680f8100 unknown :-1 s=STATE_NONE l=0).mark_down
2023-11-16T14:01:39.051 INFO:teuthology.orchestra.run.smithi061.stderr:/usr/bin/ceph:
2023-11-16T14:01:39.045+0000 7f2b70575700 1 -- 172.21.15.61:0/3315634143 shutdown_connections
2023-11-16T14:01:39.051 INFO:teuthology.orchestra.run.smithi061.stderr:/usr/bin/ceph:
2023-11-16T14:01:39.045+0000 7f2b70575700 1 -- 172.21.15.61:0/3315634143 wait complete.
2023-11-16T14:01:39.330 INFO:journalctl@ceph.mon.smithi061.smithi061.stdout:Nov 16 14:01:39 smithi061 ceph-71d22a3a-8488-11ee-8dbe-212e2dc638e7-mon-smithi061[111911]: audit
2023-11-16T14:01:37.917715+0000 mgr.smithi061.zcjido (mgr.14156) 4 : audit [DBG] from='client.14168 -' entity='client.admin' cmd=[{"prefix": "dashboard ac-user-create", "username": "admin", "rolename": "administrator", "force_password": true, "pwd_update_required": true, "target": ["mon-mgr", ""]}]: dispatch
2023-11-16T14:01:39.330 INFO:journalctl@ceph.mon.smithi061.smithi061.stdout:Nov 16 14:01:39 smithi061 ceph-71d22a3a-8488-11ee-8dbe-212e2dc638e7-mon-smithi061[111911]: audit
2023-11-16T14:01:38.162335+0000 mon.smithi061 (mon.0) 92 : audit [INF] from='mgr.14156 172.21.15.61:0/789355747' entity='mgr.smithi061.zcjido'
2023-11-16T14:01:39.330 INFO:journalctl@ceph.mon.smithi061.smithi061.stdout:Nov 16 14:01:39 smithi061 ceph-71d22a3a-8488-11ee-8dbe-212e2dc638e7-mon-smithi061[111911]: audit
2023-11-16T14:01:39.044715+0000 mon.smithi061 (mon.0) 93 : audit [DBG] from='client.? 172.21.15.61:0/3315634143' entity='client.admin' cmd=[{"prefix": "config get", "who": "mgr", "key": "mgr/dashboard/ssl_server_port"}]: dispatch
2023-11-16T14:01:39.403 INFO:teuthology.orchestra.run.smithi061.stderr:systemctl: disabled
2023-11-16T14:01:39.411 INFO:teuthology.orchestra.run.smithi061.stderr:systemctl: inactive
2023-11-16T14:01:39.411 INFO:teuthology.orchestra.run.smithi061.stderr:firewalld.service is not enabled
2023-11-16T14:01:39.412 INFO:teuthology.orchestra.run.smithi061.stderr:Not possible to open ports <[8443]>. firewalld.service is not available
2023-11-16T14:01:39.414 INFO:teuthology.orchestra.run.smithi061.stderr:Ceph Dashboard is now available at:
2023-11-16T14:01:39.414 INFO:teuthology.orchestra.run.smithi061.stderr:
2023-11-16T14:01:39.415 INFO:teuthology.orchestra.run.smithi061.stderr: URL: https://smithi061.front.sepia.ceph.com:8443/
2023-11-16T14:01:39.415 INFO:teuthology.orchestra.run.smithi061.stderr: User: admin
2023-11-16T14:01:39.415 INFO:teuthology.orchestra.run.smithi061.stderr: Password: pj77i3mdjm
2023-11-16T14:01:39.415 INFO:teuthology.orchestra.run.smithi061.stderr:
2023-11-16T14:01:39.415 INFO:teuthology.orchestra.run.smithi061.stderr:Enabling autotune for osd_memory_target
2023-11-16T14:01:39.775 INFO:teuthology.orchestra.run.smithi061.stderr:/usr/bin/ceph:
2023-11-16T14:01:39.770+0000 7f352333f700 1 Processor -- start
2023-11-16T14:01:39.775 INFO:teuthology.orchestra.run.smithi061.stderr:/usr/bin/ceph:
2023-11-16T14:01:39.770+0000 7f352333f700 1 -- start start
2023-11-16T14:01:39.775 INFO:teuthology.orchestra.run.smithi061.stderr:/usr/bin/ceph:
2023-11-16T14:01:39.770+0000 7f352333f700 1 --2- >> [v2:172.21.15.61:3300/0,v1:172.21.15.61:6789/0] conn(0x7f351c0fd570 0x7f351c0fd990 unknown :-1 s=NONE pgs=0 cs=0 l=0 rev1=0 rx=0 tx=0).connect
2023-11-16T14:01:39.775 INFO:teuthology.orchestra.run.smithi061.stderr:/usr/bin/ceph:
2023-11-16T14:01:39.770+0000 7f352333f700 1 -- --> [v2:172.21.15.61:3300/0,v1:172.21.15.61:6789/0] -- mon_getmap magic: 0 v1 -- 0x7f351c0fde80 con 0x7f351c0fd570
2023-11-16T14:01:39.776 INFO:teuthology.orchestra.run.smithi061.stderr:/usr/bin/ceph:
2023-11-16T14:01:39.770+0000 7f35210db700 1 --2- >> [v2:172.21.15.61:3300/0,v1:172.21.15.61:6789/0] conn(0x7f351c0fd570 0x7f351c0fd990 unknown :-1 s=BANNER_CONNECTING pgs=0 cs=0 l=0 rev1=0 rx=0 tx=0)._handle_peer_banner_payload supported=1 required=0
2023-11-16T14:01:39.776 INFO:teuthology.orchestra.run.smithi061.stderr:/usr/bin/ceph:
2023-11-16T14:01:39.770+0000 7f35210db700 1 --2- >> [v2:172.21.15.61:3300/0,v1:172.21.15.61:6789/0] conn(0x7f351c0fd570 0x7f351c0fd990 unknown :-1 s=HELLO_CONNECTING pgs=0 cs=0 l=0 rev1=1 rx=0 tx=0).handle_hello peer v2:172.21.15.61:3300/0 says I am v2:172.21.15.61:59576/0 (socket says 172.21.15.61:59576)
2023-11-16T14:01:39.776 INFO:teuthology.orchestra.run.smithi061.stderr:/usr/bin/ceph:
2023-11-16T14:01:39.770+0000 7f35210db700 1 -- 172.21.15.61:0/452991280 learned_addr learned my addr 172.21.15.61:0/452991280 (peer_addr_for_me v2:172.21.15.61:0/0)
2023-11-16T14:01:39.776 INFO:teuthology.orchestra.run.smithi061.stderr:/usr/bin/ceph:
2023-11-16T14:01:39.771+0000 7f35210db700 1 -- 172.21.15.61:0/452991280 --> [v2:172.21.15.61:3300/0,v1:172.21.15.61:6789/0] -- mon_subscribe({config=0+,monmap=0+}) v3 -- 0x7f351c0fdfc0 con 0x7f351c0fd570
2023-11-16T14:01:39.776 INFO:teuthology.orchestra.run.smithi061.stderr:/usr/bin/ceph:
2023-11-16T14:01:39.771+0000 7f35210db700 1 --2- 172.21.15.61:0/452991280 >> [v2:172.21.15.61:3300/0,v1:172.21.15.61:6789/0] conn(0x7f351c0fd570 0x7f351c0fd990 secure :-1 s=READY pgs=78 cs=0 l=1 rev1=1 rx=0x7f351800b5f0 tx=0x7f3518006ee0).ready entity=mon.0 client_cookie=52c9c06cabca8061 server_cookie=0 in_seq=0 out_seq=0
2023-11-16T14:01:39.776 INFO:teuthology.orchestra.run.smithi061.stderr:/usr/bin/ceph:
2023-11-16T14:01:39.771+0000 7f350bfff700 1 -- 172.21.15.61:0/452991280 <== mon.0 v2:172.21.15.61:3300/0 1 ==== mon_map magic: 0 v1 ==== 229+0+0 (secure 0 0 0) 0x7f351800d600 con 0x7f351c0fd570
2023-11-16T14:01:39.776 INFO:teuthology.orchestra.run.smithi061.stderr:/usr/bin/ceph:
2023-11-16T14:01:39.771+0000 7f350bfff700 1 -- 172.21.15.61:0/452991280 <== mon.0 v2:172.21.15.61:3300/0 2 ==== config(25 keys) v1 ==== 1054+0+0 (secure 0 0 0) 0x7f351800dbf0 con 0x7f351c0fd570
2023-11-16T14:01:39.776 INFO:teuthology.orchestra.run.smithi061.stderr:/usr/bin/ceph:
2023-11-16T14:01:39.771+0000 7f350bfff700 1 -- 172.21.15.61:0/452991280 <== mon.0 v2:172.21.15.61:3300/0 3 ==== mon_map magic: 0 v1 ==== 229+0+0 (secure 0 0 0) 0x7f3518011bf0 con 0x7f351c0fd570
2023-11-16T14:01:39.776 INFO:teuthology.orchestra.run.smithi061.stderr:/usr/bin/ceph:
2023-11-16T14:01:39.771+0000 7f352333f700 1 -- 172.21.15.61:0/452991280 >> [v2:172.21.15.61:3300/0,v1:172.21.15.61:6789/0] conn(0x7f351c0fd570 msgr2=0x7f351c0fd990 secure :-1 s=STATE_CONNECTION_ESTABLISHED l=1).mark_down
2023-11-16T14:01:39.776 INFO:teuthology.orchestra.run.smithi061.stderr:/usr/bin/ceph:
2023-11-16T14:01:39.771+0000 7f352333f700 1 --2- 172.21.15.61:0/452991280 >> [v2:172.21.15.61:3300/0,v1:172.21.15.61:6789/0] conn(0x7f351c0fd570 0x7f351c0fd990 secure :-1 s=READY pgs=78 cs=0 l=1 rev1=1 rx=0x7f351800b5f0 tx=0x7f3518006ee0).stop
2023-11-16T14:01:39.777 INFO:teuthology.orchestra.run.smithi061.stderr:/usr/bin/ceph:
2023-11-16T14:01:39.771+0000 7f352333f700 1 -- 172.21.15.61:0/452991280 shutdown_connections
2023-11-16T14:01:39.777 INFO:teuthology.orchestra.run.smithi061.stderr:/usr/bin/ceph:
2023-11-16T14:01:39.771+0000 7f352333f700 1 --2- 172.21.15.61:0/452991280 >> [v2:172.21.15.61:3300/0,v1:172.21.15.61:6789/0] conn(0x7f351c0fd570 0x7f351c0fd990 unknown :-1 s=CLOSED pgs=78 cs=0 l=1 rev1=1 rx=0 tx=0).stop
2023-11-16T14:01:39.777 INFO:teuthology.orchestra.run.smithi061.stderr:/usr/bin/ceph:
2023-11-16T14:01:39.771+0000 7f352333f700 1 -- 172.21.15.61:0/452991280 >> 172.21.15.61:0/452991280 conn(0x7f351c0f5d10 msgr2=0x7f351c0f8150 unknown :-1 s=STATE_NONE l=0).mark_down
2023-11-16T14:01:39.777 INFO:teuthology.orchestra.run.smithi061.stderr:/usr/bin/ceph:
2023-11-16T14:01:39.772+0000 7f352333f700 1 -- 172.21.15.61:0/452991280 shutdown_connections
2023-11-16T14:01:39.777 INFO:teuthology.orchestra.run.smithi061.stderr:/usr/bin/ceph:
2023-11-16T14:01:39.772+0000 7f352333f700 1 -- 172.21.15.61:0/452991280 wait complete.
2023-11-16T14:01:39.777 INFO:teuthology.orchestra.run.smithi061.stderr:/usr/bin/ceph:
2023-11-16T14:01:39.772+0000 7f352333f700 1 Processor -- start
2023-11-16T14:01:39.777 INFO:teuthology.orchestra.run.smithi061.stderr:/usr/bin/ceph:
2023-11-16T14:01:39.772+0000 7f352333f700 1 -- start start
2023-11-16T14:01:39.777 INFO:teuthology.orchestra.run.smithi061.stderr:/usr/bin/ceph:
2023-11-16T14:01:39.772+0000 7f352333f700 1 --2- >> [v2:172.21.15.61:3300/0,v1:172.21.15.61:6789/0] conn(0x7f351c0fd570 0x7f351c10ced0 unknown :-1 s=NONE pgs=0 cs=0 l=1 rev1=0 rx=0 tx=0).connect
2023-11-16T14:01:39.777 INFO:teuthology.orchestra.run.smithi061.stderr:/usr/bin/ceph:
2023-11-16T14:01:39.772+0000 7f352333f700 1 -- --> [v2:172.21.15.61:3300/0,v1:172.21.15.61:6789/0] -- mon_getmap magic: 0 v1 -- 0x7f351c10d3c0 con 0x7f351c0fd570
2023-11-16T14:01:39.777 INFO:teuthology.orchestra.run.smithi061.stderr:/usr/bin/ceph:
2023-11-16T14:01:39.773+0000 7f35210db700 1 --2- >> [v2:172.21.15.61:3300/0,v1:172.21.15.61:6789/0] conn(0x7f351c0fd570 0x7f351c10ced0 unknown :-1 s=BANNER_CONNECTING pgs=0 cs=0 l=1 rev1=0 rx=0 tx=0)._handle_peer_banner_payload supported=1 required=0
2023-11-16T14:01:39.777 INFO:teuthology.orchestra.run.smithi061.stderr:/usr/bin/ceph:
2023-11-16T14:01:39.773+0000 7f35210db700 1 --2- >> [v2:172.21.15.61:3300/0,v1:172.21.15.61:6789/0] conn(0x7f351c0fd570 0x7f351c10ced0 unknown :-1 s=HELLO_CONNECTING pgs=0 cs=0 l=1 rev1=1 rx=0 tx=0).handle_hello peer v2:172.21.15.61:3300/0 says I am v2:172.21.15.61:59592/0 (socket says 172.21.15.61:59592)
2023-11-16T14:01:39.778 INFO:teuthology.orchestra.run.smithi061.stderr:/usr/bin/ceph:
2023-11-16T14:01:39.773+0000 7f35210db700 1 -- 172.21.15.61:0/3360231815 learned_addr learned my addr 172.21.15.61:0/3360231815 (peer_addr_for_me v2:172.21.15.61:0/0)
2023-11-16T14:01:39.779 INFO:teuthology.orchestra.run.smithi061.stderr:/usr/bin/ceph:
2023-11-16T14:01:39.773+0000 7f35210db700 1 -- 172.21.15.61:0/3360231815 --> [v2:172.21.15.61:3300/0,v1:172.21.15.61:6789/0] -- mon_subscribe({config=0+,monmap=0+}) v3 -- 0x7f351800b200 con 0x7f351c0fd570
2023-11-16T14:01:39.779 INFO:teuthology.orchestra.run.smithi061.stderr:/usr/bin/ceph:
2023-11-16T14:01:39.773+0000 7f35210db700 1 --2- 172.21.15.61:0/3360231815 >> [v2:172.21.15.61:3300/0,v1:172.21.15.61:6789/0] conn(0x7f351c0fd570 0x7f351c10ced0 secure :-1 s=READY pgs=79 cs=0 l=1 rev1=1 rx=0x7f3518011de0 tx=0x7f3518006ee0).ready entity=mon.0 client_cookie=0 server_cookie=0 in_seq=0 out_seq=0
2023-11-16T14:01:39.779 INFO:teuthology.orchestra.run.smithi061.stderr:/usr/bin/ceph:
2023-11-16T14:01:39.773+0000 7f3509ffb700 1 -- 172.21.15.61:0/3360231815 <== mon.0 v2:172.21.15.61:3300/0 1 ==== mon_map magic: 0 v1 ==== 229+0+0 (secure 0 0 0) 0x7f351801b410 con 0x7f351c0fd570
2023-11-16T14:01:39.779 INFO:teuthology.orchestra.run.smithi061.stderr:/usr/bin/ceph:
2023-11-16T14:01:39.773+0000 7f3509ffb700 1 -- 172.21.15.61:0/3360231815 <== mon.0 v2:172.21.15.61:3300/0 2 ==== config(25 keys) v1 ==== 1054+0+0 (secure 0 0 0) 0x7f351801ba00 con 0x7f351c0fd570
2023-11-16T14:01:39.779 INFO:teuthology.orchestra.run.smithi061.stderr:/usr/bin/ceph:
2023-11-16T14:01:39.773+0000 7f352333f700 1 -- 172.21.15.61:0/3360231815 --> [v2:172.21.15.61:3300/0,v1:172.21.15.61:6789/0] -- mon_subscribe({mgrmap=0+}) v3 -- 0x7f351c10d5c0 con 0x7f351c0fd570
2023-11-16T14:01:39.779 INFO:teuthology.orchestra.run.smithi061.stderr:/usr/bin/ceph:
2023-11-16T14:01:39.773+0000 7f3509ffb700 1 -- 172.21.15.61:0/3360231815 <== mon.0 v2:172.21.15.61:3300/0 3 ==== mon_map magic: 0 v1 ==== 229+0+0 (secure 0 0 0) 0x7f351801a770 con 0x7f351c0fd570
2023-11-16T14:01:39.779 INFO:teuthology.orchestra.run.smithi061.stderr:/usr/bin/ceph:
2023-11-16T14:01:39.773+0000 7f352333f700 1 -- 172.21.15.61:0/3360231815 --> [v2:172.21.15.61:3300/0,v1:172.21.15.61:6789/0] -- mon_subscribe({osdmap=0}) v3 -- 0x7f351c10da50 con 0x7f351c0fd570
2023-11-16T14:01:39.779 INFO:teuthology.orchestra.run.smithi061.stderr:/usr/bin/ceph:
2023-11-16T14:01:39.774+0000 7f352333f700 1 -- 172.21.15.61:0/3360231815 --> [v2:172.21.15.61:3300/0,v1:172.21.15.61:6789/0] -- mon_command({"prefix": "get_command_descriptions"} v 0) v1 -- 0x7f351c045bb0 con 0x7f351c0fd570
2023-11-16T14:01:39.780 INFO:teuthology.orchestra.run.smithi061.stderr:/usr/bin/ceph:
2023-11-16T14:01:39.775+0000 7f3509ffb700 1 -- 172.21.15.61:0/3360231815 <== mon.0 v2:172.21.15.61:3300/0 4 ==== mgrmap(e 12) v1 ==== 37108+0+0 (secure 0 0 0) 0x7f351802b070 con 0x7f351c0fd570
2023-11-16T14:01:39.780 INFO:teuthology.orchestra.run.smithi061.stderr:/usr/bin/ceph:
2023-11-16T14:01:39.775+0000 7f3509ffb700 1 --2- 172.21.15.61:0/3360231815 >> [v2:172.21.15.61:6800/4132389775,v1:172.21.15.61:6801/4132389775] conn(0x7f3504031040 0x7f3504033500 unknown :-1 s=NONE pgs=0 cs=0 l=1 rev1=0 rx=0 tx=0).connect
2023-11-16T14:01:39.780 INFO:teuthology.orchestra.run.smithi061.stderr:/usr/bin/ceph:
2023-11-16T14:01:39.775+0000 7f3509ffb700 1 -- 172.21.15.61:0/3360231815 <== mon.0 v2:172.21.15.61:3300/0 5 ==== osd_map(3..3 src has 1..3) v4 ==== 1065+0+0 (secure 0 0 0) 0x7f3518043380 con 0x7f351c0fd570
2023-11-16T14:01:39.780 INFO:teuthology.orchestra.run.smithi061.stderr:/usr/bin/ceph:
2023-11-16T14:01:39.775+0000 7f35208da700 1 --2- 172.21.15.61:0/3360231815 >> [v2:172.21.15.61:6800/4132389775,v1:172.21.15.61:6801/4132389775] conn(0x7f3504031040 0x7f3504033500 unknown :-1 s=BANNER_CONNECTING pgs=0 cs=0 l=1 rev1=0 rx=0 tx=0)._handle_peer_banner_payload supported=1 required=0
2023-11-16T14:01:39.780 INFO:teuthology.orchestra.run.smithi061.stderr:/usr/bin/ceph:
2023-11-16T14:01:39.776+0000 7f35208da700 1 --2- 172.21.15.61:0/3360231815 >> [v2:172.21.15.61:6800/4132389775,v1:172.21.15.61:6801/4132389775] conn(0x7f3504031040 0x7f3504033500 secure :-1 s=READY pgs=9 cs=0 l=1 rev1=1 rx=0x7f350c0096a0 tx=0x7f350c006b40).ready entity=mgr.14156 client_cookie=0 server_cookie=0 in_seq=0 out_seq=0
2023-11-16T14:01:39.781 INFO:teuthology.orchestra.run.smithi061.stderr:/usr/bin/ceph:
2023-11-16T14:01:39.779+0000 7f3509ffb700 1 -- 172.21.15.61:0/3360231815 <== mon.0 v2:172.21.15.61:3300/0 6 ==== mon_command_ack([{"prefix": "get_command_descriptions"}]=0 v0) v1 ==== 72+0+153237 (secure 0 0 0) 0x7f3518023ba0 con 0x7f351c0fd570
2023-11-16T14:01:39.942 INFO:teuthology.orchestra.run.smithi061.stderr:/usr/bin/ceph:
