2023-11-16T14:01:08.129+0000 7f1cb53b8700 1 -- 172.21.15.61:0/231306291 >> [v2:172.21.15.61:3300/0,v1:172.21.15.61:6789/0] conn(0x7f1cb00fbef0 msgr2=0x7f1cb00fc310 secure :-1 s=STATE_CONNECTION_ESTABLISHED l=1).mark_down
2023-11-16T14:01:08.142 INFO:teuthology.orchestra.run.smithi061.stderr:/usr/bin/ceph:
2023-11-16T14:01:08.129+0000 7f1cb53b8700 1 --2- 172.21.15.61:0/231306291 >> [v2:172.21.15.61:3300/0,v1:172.21.15.61:6789/0] conn(0x7f1cb00fbef0 0x7f1cb00fc310 secure :-1 s=READY pgs=18 cs=0 l=1 rev1=1 rx=0x7f1c9800b5f0 tx=0x7f1c98006ee0).stop
2023-11-16T14:01:08.143 INFO:teuthology.orchestra.run.smithi061.stderr:/usr/bin/ceph:
2023-11-16T14:01:08.129+0000 7f1cb53b8700 1 -- 172.21.15.61:0/231306291 shutdown_connections
2023-11-16T14:01:08.143 INFO:teuthology.orchestra.run.smithi061.stderr:/usr/bin/ceph:
2023-11-16T14:01:08.129+0000 7f1cb53b8700 1 --2- 172.21.15.61:0/231306291 >> [v2:172.21.15.61:3300/0,v1:172.21.15.61:6789/0] conn(0x7f1cb00fbef0 0x7f1cb00fc310 unknown :-1 s=CLOSED pgs=18 cs=0 l=1 rev1=1 rx=0 tx=0).stop
2023-11-16T14:01:08.143 INFO:teuthology.orchestra.run.smithi061.stderr:/usr/bin/ceph:
2023-11-16T14:01:08.129+0000 7f1cb53b8700 1 -- 172.21.15.61:0/231306291 >> 172.21.15.61:0/231306291 conn(0x7f1cb00f7640 msgr2=0x7f1cb00f9ac0 unknown :-1 s=STATE_NONE l=0).mark_down
2023-11-16T14:01:08.143 INFO:teuthology.orchestra.run.smithi061.stderr:/usr/bin/ceph:
2023-11-16T14:01:08.129+0000 7f1cb53b8700 1 -- 172.21.15.61:0/231306291 shutdown_connections
2023-11-16T14:01:08.143 INFO:teuthology.orchestra.run.smithi061.stderr:/usr/bin/ceph:
2023-11-16T14:01:08.129+0000 7f1cb53b8700 1 -- 172.21.15.61:0/231306291 wait complete.
2023-11-16T14:01:08.143 INFO:teuthology.orchestra.run.smithi061.stderr:/usr/bin/ceph:
2023-11-16T14:01:08.129+0000 7f1cb53b8700 1 Processor -- start
2023-11-16T14:01:08.143 INFO:teuthology.orchestra.run.smithi061.stderr:/usr/bin/ceph:
2023-11-16T14:01:08.130+0000 7f1cb53b8700 1 -- start start
2023-11-16T14:01:08.143 INFO:teuthology.orchestra.run.smithi061.stderr:/usr/bin/ceph:
2023-11-16T14:01:08.130+0000 7f1cb53b8700 1 --2- >> [v2:172.21.15.61:3300/0,v1:172.21.15.61:6789/0] conn(0x7f1cb00fbef0 0x7f1cb010ad50 unknown :-1 s=NONE pgs=0 cs=0 l=1 rev1=0 rx=0 tx=0).connect
2023-11-16T14:01:08.143 INFO:teuthology.orchestra.run.smithi061.stderr:/usr/bin/ceph:
2023-11-16T14:01:08.130+0000 7f1cb53b8700 1 -- --> [v2:172.21.15.61:3300/0,v1:172.21.15.61:6789/0] -- mon_getmap magic: 0 v1 -- 0x7f1cb010b240 con 0x7f1cb00fbef0
2023-11-16T14:01:08.143 INFO:teuthology.orchestra.run.smithi061.stderr:/usr/bin/ceph:
2023-11-16T14:01:08.130+0000 7f1caeffd700 1 --2- >> [v2:172.21.15.61:3300/0,v1:172.21.15.61:6789/0] conn(0x7f1cb00fbef0 0x7f1cb010ad50 unknown :-1 s=BANNER_CONNECTING pgs=0 cs=0 l=1 rev1=0 rx=0 tx=0)._handle_peer_banner_payload supported=1 required=0
2023-11-16T14:01:08.143 INFO:teuthology.orchestra.run.smithi061.stderr:/usr/bin/ceph:
2023-11-16T14:01:08.130+0000 7f1caeffd700 1 --2- >> [v2:172.21.15.61:3300/0,v1:172.21.15.61:6789/0] conn(0x7f1cb00fbef0 0x7f1cb010ad50 unknown :-1 s=HELLO_CONNECTING pgs=0 cs=0 l=1 rev1=1 rx=0 tx=0).handle_hello peer v2:172.21.15.61:3300/0 says I am v2:172.21.15.61:56804/0 (socket says 172.21.15.61:56804)
2023-11-16T14:01:08.143 INFO:teuthology.orchestra.run.smithi061.stderr:/usr/bin/ceph:
2023-11-16T14:01:08.130+0000 7f1caeffd700 1 -- 172.21.15.61:0/3125709438 learned_addr learned my addr 172.21.15.61:0/3125709438 (peer_addr_for_me v2:172.21.15.61:0/0)
2023-11-16T14:01:08.144 INFO:teuthology.orchestra.run.smithi061.stderr:/usr/bin/ceph:
2023-11-16T14:01:08.130+0000 7f1caeffd700 1 -- 172.21.15.61:0/3125709438 --> [v2:172.21.15.61:3300/0,v1:172.21.15.61:6789/0] -- mon_subscribe({config=0+,monmap=0+}) v3 -- 0x7f1c9800b200 con 0x7f1cb00fbef0
2023-11-16T14:01:08.144 INFO:teuthology.orchestra.run.smithi061.stderr:/usr/bin/ceph:
2023-11-16T14:01:08.130+0000 7f1caeffd700 1 --2- 172.21.15.61:0/3125709438 >> [v2:172.21.15.61:3300/0,v1:172.21.15.61:6789/0] conn(0x7f1cb00fbef0 0x7f1cb010ad50 secure :-1 s=READY pgs=19 cs=0 l=1 rev1=1 rx=0x7f1c98006800 tx=0x7f1c98006ee0).ready entity=mon.0 client_cookie=0 server_cookie=0 in_seq=0 out_seq=0
2023-11-16T14:01:08.144 INFO:teuthology.orchestra.run.smithi061.stderr:/usr/bin/ceph:
2023-11-16T14:01:08.130+0000 7f1ca77fe700 1 -- 172.21.15.61:0/3125709438 <== mon.0 v2:172.21.15.61:3300/0 1 ==== mon_map magic: 0 v1 ==== 229+0+0 (secure 0 0 0) 0x7f1c9800de50 con 0x7f1cb00fbef0
2023-11-16T14:01:08.144 INFO:teuthology.orchestra.run.smithi061.stderr:/usr/bin/ceph:
2023-11-16T14:01:08.130+0000 7f1ca77fe700 1 -- 172.21.15.61:0/3125709438 <== mon.0 v2:172.21.15.61:3300/0 2 ==== config(25 keys) v1 ==== 997+0+0 (secure 0 0 0) 0x7f1c9801b870 con 0x7f1cb00fbef0
2023-11-16T14:01:08.144 INFO:teuthology.orchestra.run.smithi061.stderr:/usr/bin/ceph:
2023-11-16T14:01:08.130+0000 7f1cb53b8700 1 -- 172.21.15.61:0/3125709438 --> [v2:172.21.15.61:3300/0,v1:172.21.15.61:6789/0] -- mon_subscribe({mgrmap=0+}) v3 -- 0x7f1cb010b440 con 0x7f1cb00fbef0
2023-11-16T14:01:08.144 INFO:teuthology.orchestra.run.smithi061.stderr:/usr/bin/ceph:
2023-11-16T14:01:08.130+0000 7f1ca77fe700 1 -- 172.21.15.61:0/3125709438 <== mon.0 v2:172.21.15.61:3300/0 3 ==== mon_map magic: 0 v1 ==== 229+0+0 (secure 0 0 0) 0x7f1c9801a7a0 con 0x7f1cb00fbef0
2023-11-16T14:01:08.144 INFO:teuthology.orchestra.run.smithi061.stderr:/usr/bin/ceph:
2023-11-16T14:01:08.131+0000 7f1cb53b8700 1 -- 172.21.15.61:0/3125709438 --> [v2:172.21.15.61:3300/0,v1:172.21.15.61:6789/0] -- mon_subscribe({osdmap=0}) v3 -- 0x7f1cb010bff0 con 0x7f1cb00fbef0
2023-11-16T14:01:08.144 INFO:teuthology.orchestra.run.smithi061.stderr:/usr/bin/ceph:
2023-11-16T14:01:08.131+0000 7f1ca77fe700 1 -- 172.21.15.61:0/3125709438 <== mon.0 v2:172.21.15.61:3300/0 4 ==== mgrmap(e 4) v1 ==== 37084+0+0 (secure 0 0 0) 0x7f1c9800f070 con 0x7f1cb00fbef0
2023-11-16T14:01:08.144 INFO:teuthology.orchestra.run.smithi061.stderr:/usr/bin/ceph:
2023-11-16T14:01:08.131+0000 7f1ca77fe700 1 --2- 172.21.15.61:0/3125709438 >> [v2:172.21.15.61:6800/1180654700,v1:172.21.15.61:6801/1180654700] conn(0x7f1c90030f40 0x7f1c90033400 unknown :-1 s=NONE pgs=0 cs=0 l=1 rev1=0 rx=0 tx=0).connect
2023-11-16T14:01:08.144 INFO:teuthology.orchestra.run.smithi061.stderr:/usr/bin/ceph:
2023-11-16T14:01:08.131+0000 7f1ca77fe700 1 -- 172.21.15.61:0/3125709438 <== mon.0 v2:172.21.15.61:3300/0 5 ==== osd_map(1..1 src has 1..1) v4 ==== 721+0+0 (secure 0 0 0) 0x7f1c98042ba0 con 0x7f1cb00fbef0
2023-11-16T14:01:08.144 INFO:teuthology.orchestra.run.smithi061.stderr:/usr/bin/ceph:
2023-11-16T14:01:08.131+0000 7f1cb53b8700 1 -- 172.21.15.61:0/3125709438 --> [v2:172.21.15.61:3300/0,v1:172.21.15.61:6789/0] -- mon_command({"prefix": "get_command_descriptions"} v 0) v1 -- 0x7f1cb00591e0 con 0x7f1cb00fbef0
2023-11-16T14:01:08.144 INFO:teuthology.orchestra.run.smithi061.stderr:/usr/bin/ceph:
2023-11-16T14:01:08.132+0000 7f1cae7fc700 1 --2- 172.21.15.61:0/3125709438 >> [v2:172.21.15.61:6800/1180654700,v1:172.21.15.61:6801/1180654700] conn(0x7f1c90030f40 0x7f1c90033400 unknown :-1 s=BANNER_CONNECTING pgs=0 cs=0 l=1 rev1=0 rx=0 tx=0)._handle_peer_banner_payload supported=1 required=0
2023-11-16T14:01:08.145 INFO:teuthology.orchestra.run.smithi061.stderr:/usr/bin/ceph:
2023-11-16T14:01:08.132+0000 7f1cae7fc700 1 --2- 172.21.15.61:0/3125709438 >> [v2:172.21.15.61:6800/1180654700,v1:172.21.15.61:6801/1180654700] conn(0x7f1c90030f40 0x7f1c90033400 secure :-1 s=READY pgs=7 cs=0 l=1 rev1=1 rx=0x7f1ca00096a0 tx=0x7f1ca0006b40).ready entity=mgr.14100 client_cookie=0 server_cookie=0 in_seq=0 out_seq=0
2023-11-16T14:01:08.145 INFO:teuthology.orchestra.run.smithi061.stderr:/usr/bin/ceph:
2023-11-16T14:01:08.136+0000 7f1ca77fe700 1 -- 172.21.15.61:0/3125709438 <== mon.0 v2:172.21.15.61:3300/0 6 ==== mon_command_ack([{"prefix": "get_command_descriptions"}]=0 v0) v1 ==== 72+0+153237 (secure 0 0 0) 0x7f1c9802b8e0 con 0x7f1cb00fbef0
2023-11-16T14:01:08.344 INFO:teuthology.orchestra.run.smithi061.stderr:/usr/bin/ceph:
2023-11-16T14:01:08.341+0000 7f1cb53b8700 1 -- 172.21.15.61:0/3125709438 --> [v2:172.21.15.61:3300/0,v1:172.21.15.61:6789/0] -- mon_command({"prefix": "mgr module enable", "module": "cephadm"} v 0) v1 -- 0x7f1cb010ce20 con 0x7f1cb00fbef0
2023-11-16T14:01:08.514 INFO:teuthology.orchestra.run.smithi061.stderr:/usr/bin/ceph:
2023-11-16T14:01:08.511+0000 7f1ca77fe700 1 -- 172.21.15.61:0/3125709438 <== mon.0 v2:172.21.15.61:3300/0 7 ==== mgrmap(e 5) v1 ==== 37095+0+0 (secure 0 0 0) 0x7f1c9801b9e0 con 0x7f1cb00fbef0
2023-11-16T14:01:08.515 INFO:teuthology.orchestra.run.smithi061.stderr:/usr/bin/ceph:
2023-11-16T14:01:08.512+0000 7f1ca77fe700 1 -- 172.21.15.61:0/3125709438 <== mon.0 v2:172.21.15.61:3300/0 8 ==== mon_command_ack([{"prefix": "mgr module enable", "module": "cephadm"}]=0 v5) v1 ==== 86+0+0 (secure 0 0 0) 0x7f1c980239e0 con 0x7f1cb00fbef0
2023-11-16T14:01:08.517 INFO:teuthology.orchestra.run.smithi061.stderr:/usr/bin/ceph:
2023-11-16T14:01:08.514+0000 7f1cb53b8700 1 -- 172.21.15.61:0/3125709438 >> [v2:172.21.15.61:6800/1180654700,v1:172.21.15.61:6801/1180654700] conn(0x7f1c90030f40 msgr2=0x7f1c90033400 secure :-1 s=STATE_CONNECTION_ESTABLISHED l=1).mark_down
2023-11-16T14:01:08.517 INFO:teuthology.orchestra.run.smithi061.stderr:/usr/bin/ceph:
2023-11-16T14:01:08.514+0000 7f1cb53b8700 1 --2- 172.21.15.61:0/3125709438 >> [v2:172.21.15.61:6800/1180654700,v1:172.21.15.61:6801/1180654700] conn(0x7f1c90030f40 0x7f1c90033400 secure :-1 s=READY pgs=7 cs=0 l=1 rev1=1 rx=0x7f1ca00096a0 tx=0x7f1ca0006b40).stop
2023-11-16T14:01:08.518 INFO:teuthology.orchestra.run.smithi061.stderr:/usr/bin/ceph:
2023-11-16T14:01:08.514+0000 7f1cb53b8700 1 -- 172.21.15.61:0/3125709438 >> [v2:172.21.15.61:3300/0,v1:172.21.15.61:6789/0] conn(0x7f1cb00fbef0 msgr2=0x7f1cb010ad50 secure :-1 s=STATE_CONNECTION_ESTABLISHED l=1).mark_down
2023-11-16T14:01:08.518 INFO:teuthology.orchestra.run.smithi061.stderr:/usr/bin/ceph:
2023-11-16T14:01:08.514+0000 7f1cb53b8700 1 --2- 172.21.15.61:0/3125709438 >> [v2:172.21.15.61:3300/0,v1:172.21.15.61:6789/0] conn(0x7f1cb00fbef0 0x7f1cb010ad50 secure :-1 s=READY pgs=19 cs=0 l=1 rev1=1 rx=0x7f1c98006800 tx=0x7f1c98006ee0).stop
2023-11-16T14:01:08.518 INFO:teuthology.orchestra.run.smithi061.stderr:/usr/bin/ceph:
2023-11-16T14:01:08.514+0000 7f1cb53b8700 1 -- 172.21.15.61:0/3125709438 shutdown_connections
2023-11-16T14:01:08.518 INFO:teuthology.orchestra.run.smithi061.stderr:/usr/bin/ceph:
2023-11-16T14:01:08.514+0000 7f1cb53b8700 1 --2- 172.21.15.61:0/3125709438 >> [v2:172.21.15.61:6800/1180654700,v1:172.21.15.61:6801/1180654700] conn(0x7f1c90030f40 0x7f1c90033400 unknown :-1 s=CLOSED pgs=7 cs=0 l=1 rev1=1 rx=0 tx=0).stop
2023-11-16T14:01:08.518 INFO:teuthology.orchestra.run.smithi061.stderr:/usr/bin/ceph:
2023-11-16T14:01:08.514+0000 7f1cb53b8700 1 --2- 172.21.15.61:0/3125709438 >> [v2:172.21.15.61:3300/0,v1:172.21.15.61:6789/0] conn(0x7f1cb00fbef0 0x7f1cb010ad50 unknown :-1 s=CLOSED pgs=19 cs=0 l=1 rev1=1 rx=0 tx=0).stop
2023-11-16T14:01:08.518 INFO:teuthology.orchestra.run.smithi061.stderr:/usr/bin/ceph:
2023-11-16T14:01:08.514+0000 7f1cb53b8700 1 -- 172.21.15.61:0/3125709438 >> 172.21.15.61:0/3125709438 conn(0x7f1cb00f7640 msgr2=0x7f1cb00f9170 unknown :-1 s=STATE_NONE l=0).mark_down
2023-11-16T14:01:08.518 INFO:teuthology.orchestra.run.smithi061.stderr:/usr/bin/ceph:
2023-11-16T14:01:08.515+0000 7f1cb53b8700 1 -- 172.21.15.61:0/3125709438 shutdown_connections
2023-11-16T14:01:08.518 INFO:teuthology.orchestra.run.smithi061.stderr:/usr/bin/ceph:
2023-11-16T14:01:08.515+0000 7f1cb53b8700 1 -- 172.21.15.61:0/3125709438 wait complete.
2023-11-16T14:01:08.758 INFO:journalctl@ceph.mon.smithi061.smithi061.stdout:Nov 16 14:01:08 smithi061 ceph-71d22a3a-8488-11ee-8dbe-212e2dc638e7-mon-smithi061[111911]: audit
2023-11-16T14:01:08.343199+0000 mon.smithi061 (mon.0) 26 : audit [INF] from='client.? 172.21.15.61:0/3125709438' entity='client.admin' cmd=[{"prefix": "mgr module enable", "module": "cephadm"}]: dispatch
2023-11-16T14:01:09.830 INFO:journalctl@ceph.mon.smithi061.smithi061.stdout:Nov 16 14:01:09 smithi061 ceph-71d22a3a-8488-11ee-8dbe-212e2dc638e7-mon-smithi061[111911]: audit
2023-11-16T14:01:08.513232+0000 mon.smithi061 (mon.0) 27 : audit [INF] from='client.? 172.21.15.61:0/3125709438' entity='client.admin' cmd='[{"prefix": "mgr module enable", "module": "cephadm"}]': finished
2023-11-16T14:01:09.830 INFO:journalctl@ceph.mon.smithi061.smithi061.stdout:Nov 16 14:01:09 smithi061 ceph-71d22a3a-8488-11ee-8dbe-212e2dc638e7-mon-smithi061[111911]: cluster
2023-11-16T14:01:08.513284+0000 mon.smithi061 (mon.0) 28 : cluster [DBG] mgrmap e5: smithi061.zcjido(active, since 9s)
2023-11-16T14:01:11.074 INFO:teuthology.orchestra.run.smithi061.stderr:/usr/bin/ceph:
2023-11-16T14:01:11.068+0000 7f186ffff700 1 Processor -- start
2023-11-16T14:01:11.074 INFO:teuthology.orchestra.run.smithi061.stderr:/usr/bin/ceph:
2023-11-16T14:01:11.068+0000 7f186ffff700 1 -- start start
2023-11-16T14:01:11.075 INFO:teuthology.orchestra.run.smithi061.stderr:/usr/bin/ceph:
2023-11-16T14:01:11.068+0000 7f186ffff700 1 --2- >> [v2:172.21.15.61:3300/0,v1:172.21.15.61:6789/0] conn(0x7f187006ade0 0x7f18700fe980 unknown :-1 s=NONE pgs=0 cs=0 l=0 rev1=0 rx=0 tx=0).connect
2023-11-16T14:01:11.075 INFO:teuthology.orchestra.run.smithi061.stderr:/usr/bin/ceph:
2023-11-16T14:01:11.068+0000 7f186ffff700 1 -- --> [v2:172.21.15.61:3300/0,v1:172.21.15.61:6789/0] -- mon_getmap magic: 0 v1 -- 0x7f18700fee70 con 0x7f187006ade0
2023-11-16T14:01:11.075 INFO:teuthology.orchestra.run.smithi061.stderr:/usr/bin/ceph:
2023-11-16T14:01:11.068+0000 7f186effd700 1 --2- >> [v2:172.21.15.61:3300/0,v1:172.21.15.61:6789/0] conn(0x7f187006ade0 0x7f18700fe980 unknown :-1 s=BANNER_CONNECTING pgs=0 cs=0 l=0 rev1=0 rx=0 tx=0)._handle_peer_banner_payload supported=1 required=0
2023-11-16T14:01:11.075 INFO:teuthology.orchestra.run.smithi061.stderr:/usr/bin/ceph:
2023-11-16T14:01:11.068+0000 7f186effd700 1 --2- >> [v2:172.21.15.61:3300/0,v1:172.21.15.61:6789/0] conn(0x7f187006ade0 0x7f18700fe980 unknown :-1 s=HELLO_CONNECTING pgs=0 cs=0 l=0 rev1=1 rx=0 tx=0).handle_hello peer v2:172.21.15.61:3300/0 says I am v2:172.21.15.61:56830/0 (socket says 172.21.15.61:56830)
2023-11-16T14:01:11.075 INFO:teuthology.orchestra.run.smithi061.stderr:/usr/bin/ceph:
2023-11-16T14:01:11.068+0000 7f186effd700 1 -- 172.21.15.61:0/1176963876 learned_addr learned my addr 172.21.15.61:0/1176963876 (peer_addr_for_me v2:172.21.15.61:0/0)
2023-11-16T14:01:11.075 INFO:teuthology.orchestra.run.smithi061.stderr:/usr/bin/ceph:
2023-11-16T14:01:11.069+0000 7f186effd700 1 -- 172.21.15.61:0/1176963876 --> [v2:172.21.15.61:3300/0,v1:172.21.15.61:6789/0] -- mon_subscribe({config=0+,monmap=0+}) v3 -- 0x7f18700fefb0 con 0x7f187006ade0
2023-11-16T14:01:11.075 INFO:teuthology.orchestra.run.smithi061.stderr:/usr/bin/ceph:
2023-11-16T14:01:11.069+0000 7f186effd700 1 --2- 172.21.15.61:0/1176963876 >> [v2:172.21.15.61:3300/0,v1:172.21.15.61:6789/0] conn(0x7f187006ade0 0x7f18700fe980 secure :-1 s=READY pgs=22 cs=0 l=1 rev1=1 rx=0x7f186000b5f0 tx=0x7f1860006ee0).ready entity=mon.0 client_cookie=f9182f01610f2c94 server_cookie=0 in_seq=0 out_seq=0
2023-11-16T14:01:11.075 INFO:teuthology.orchestra.run.smithi061.stderr:/usr/bin/ceph:
2023-11-16T14:01:11.069+0000 7f186dffb700 1 -- 172.21.15.61:0/1176963876 <== mon.0 v2:172.21.15.61:3300/0 1 ==== mon_map magic: 0 v1 ==== 229+0+0 (secure 0 0 0) 0x7f186000d600 con 0x7f187006ade0
2023-11-16T14:01:11.075 INFO:teuthology.orchestra.run.smithi061.stderr:/usr/bin/ceph:
2023-11-16T14:01:11.069+0000 7f186dffb700 1 -- 172.21.15.61:0/1176963876 <== mon.0 v2:172.21.15.61:3300/0 2 ==== config(25 keys) v1 ==== 997+0+0 (secure 0 0 0) 0x7f186000dbc0 con 0x7f187006ade0
2023-11-16T14:01:11.075 INFO:teuthology.orchestra.run.smithi061.stderr:/usr/bin/ceph:
2023-11-16T14:01:11.069+0000 7f186dffb700 1 -- 172.21.15.61:0/1176963876 <== mon.0 v2:172.21.15.61:3300/0 3 ==== mon_map magic: 0 v1 ==== 229+0+0 (secure 0 0 0) 0x7f1860011b90 con 0x7f187006ade0
2023-11-16T14:01:11.075 INFO:teuthology.orchestra.run.smithi061.stderr:/usr/bin/ceph:
2023-11-16T14:01:11.070+0000 7f186ffff700 1 -- 172.21.15.61:0/1176963876 >> [v2:172.21.15.61:3300/0,v1:172.21.15.61:6789/0] conn(0x7f187006ade0 msgr2=0x7f18700fe980 secure :-1 s=STATE_CONNECTION_ESTABLISHED l=1).mark_down
2023-11-16T14:01:11.075 INFO:teuthology.orchestra.run.smithi061.stderr:/usr/bin/ceph:
2023-11-16T14:01:11.070+0000 7f186ffff700 1 --2- 172.21.15.61:0/1176963876 >> [v2:172.21.15.61:3300/0,v1:172.21.15.61:6789/0] conn(0x7f187006ade0 0x7f18700fe980 secure :-1 s=READY pgs=22 cs=0 l=1 rev1=1 rx=0x7f186000b5f0 tx=0x7f1860006ee0).stop
2023-11-16T14:01:11.076 INFO:teuthology.orchestra.run.smithi061.stderr:/usr/bin/ceph:
2023-11-16T14:01:11.070+0000 7f186ffff700 1 -- 172.21.15.61:0/1176963876 shutdown_connections
2023-11-16T14:01:11.076 INFO:teuthology.orchestra.run.smithi061.stderr:/usr/bin/ceph:
2023-11-16T14:01:11.070+0000 7f186ffff700 1 --2- 172.21.15.61:0/1176963876 >> [v2:172.21.15.61:3300/0,v1:172.21.15.61:6789/0] conn(0x7f187006ade0 0x7f18700fe980 unknown :-1 s=CLOSED pgs=22 cs=0 l=1 rev1=1 rx=0 tx=0).stop
2023-11-16T14:01:11.076 INFO:teuthology.orchestra.run.smithi061.stderr:/usr/bin/ceph:
2023-11-16T14:01:11.070+0000 7f186ffff700 1 -- 172.21.15.61:0/1176963876 >> 172.21.15.61:0/1176963876 conn(0x7f18700f63c0 msgr2=0x7f18700f8840 unknown :-1 s=STATE_NONE l=0).mark_down
2023-11-16T14:01:11.076 INFO:teuthology.orchestra.run.smithi061.stderr:/usr/bin/ceph:
2023-11-16T14:01:11.070+0000 7f186ffff700 1 -- 172.21.15.61:0/1176963876 shutdown_connections
2023-11-16T14:01:11.076 INFO:teuthology.orchestra.run.smithi061.stderr:/usr/bin/ceph:
2023-11-16T14:01:11.070+0000 7f186ffff700 1 -- 172.21.15.61:0/1176963876 wait complete.
2023-11-16T14:01:11.076 INFO:teuthology.orchestra.run.smithi061.stderr:/usr/bin/ceph:
2023-11-16T14:01:11.071+0000 7f186ffff700 1 Processor -- start
2023-11-16T14:01:11.076 INFO:teuthology.orchestra.run.smithi061.stderr:/usr/bin/ceph:
2023-11-16T14:01:11.071+0000 7f186ffff700 1 -- start start
2023-11-16T14:01:11.076 INFO:teuthology.orchestra.run.smithi061.stderr:/usr/bin/ceph:
2023-11-16T14:01:11.071+0000 7f186ffff700 1 --2- >> [v2:172.21.15.61:3300/0,v1:172.21.15.61:6789/0] conn(0x7f187006ade0 0x7f187010aac0 unknown :-1 s=NONE pgs=0 cs=0 l=1 rev1=0 rx=0 tx=0).connect
2023-11-16T14:01:11.076 INFO:teuthology.orchestra.run.smithi061.stderr:/usr/bin/ceph:
2023-11-16T14:01:11.071+0000 7f186ffff700 1 -- --> [v2:172.21.15.61:3300/0,v1:172.21.15.61:6789/0] -- mon_getmap magic: 0 v1 -- 0x7f187010afb0 con 0x7f187006ade0
2023-11-16T14:01:11.076 INFO:teuthology.orchestra.run.smithi061.stderr:/usr/bin/ceph:
2023-11-16T14:01:11.071+0000 7f186effd700 1 --2- >> [v2:172.21.15.61:3300/0,v1:172.21.15.61:6789/0] conn(0x7f187006ade0 0x7f187010aac0 unknown :-1 s=BANNER_CONNECTING pgs=0 cs=0 l=1 rev1=0 rx=0 tx=0)._handle_peer_banner_payload supported=1 required=0
2023-11-16T14:01:11.076 INFO:teuthology.orchestra.run.smithi061.stderr:/usr/bin/ceph:
2023-11-16T14:01:11.071+0000 7f186effd700 1 --2- >> [v2:172.21.15.61:3300/0,v1:172.21.15.61:6789/0] conn(0x7f187006ade0 0x7f187010aac0 unknown :-1 s=HELLO_CONNECTING pgs=0 cs=0 l=1 rev1=1 rx=0 tx=0).handle_hello peer v2:172.21.15.61:3300/0 says I am v2:172.21.15.61:56832/0 (socket says 172.21.15.61:56832)
2023-11-16T14:01:11.077 INFO:teuthology.orchestra.run.smithi061.stderr:/usr/bin/ceph:
2023-11-16T14:01:11.071+0000 7f186effd700 1 -- 172.21.15.61:0/4110339435 learned_addr learned my addr 172.21.15.61:0/4110339435 (peer_addr_for_me v2:172.21.15.61:0/0)
2023-11-16T14:01:11.077 INFO:teuthology.orchestra.run.smithi061.stderr:/usr/bin/ceph:
2023-11-16T14:01:11.071+0000 7f186effd700 1 -- 172.21.15.61:0/4110339435 --> [v2:172.21.15.61:3300/0,v1:172.21.15.61:6789/0] -- mon_subscribe({config=0+,monmap=0+}) v3 -- 0x7f186000b200 con 0x7f187006ade0
2023-11-16T14:01:11.077 INFO:teuthology.orchestra.run.smithi061.stderr:/usr/bin/ceph:
2023-11-16T14:01:11.071+0000 7f186effd700 1 --2- 172.21.15.61:0/4110339435 >> [v2:172.21.15.61:3300/0,v1:172.21.15.61:6789/0] conn(0x7f187006ade0 0x7f187010aac0 secure :-1 s=READY pgs=23 cs=0 l=1 rev1=1 rx=0x7f1860000c00 tx=0x7f1860006ee0).ready entity=mon.0 client_cookie=0 server_cookie=0 in_seq=0 out_seq=0
2023-11-16T14:01:11.077 INFO:teuthology.orchestra.run.smithi061.stderr:/usr/bin/ceph:
2023-11-16T14:01:11.072+0000 7f18577fe700 1 -- 172.21.15.61:0/4110339435 <== mon.0 v2:172.21.15.61:3300/0 1 ==== mon_map magic: 0 v1 ==== 229+0+0 (secure 0 0 0) 0x7f186001b410 con 0x7f187006ade0
2023-11-16T14:01:11.077 INFO:teuthology.orchestra.run.smithi061.stderr:/usr/bin/ceph:
2023-11-16T14:01:11.072+0000 7f18577fe700 1 -- 172.21.15.61:0/4110339435 <== mon.0 v2:172.21.15.61:3300/0 2 ==== config(25 keys) v1 ==== 997+0+0 (secure 0 0 0) 0x7f186001b9d0 con 0x7f187006ade0
2023-11-16T14:01:11.077 INFO:teuthology.orchestra.run.smithi061.stderr:/usr/bin/ceph:
2023-11-16T14:01:11.072+0000 7f186ffff700 1 -- 172.21.15.61:0/4110339435 --> [v2:172.21.15.61:3300/0,v1:172.21.15.61:6789/0] -- mon_subscribe({mgrmap=0+}) v3 -- 0x7f187010b1b0 con 0x7f187006ade0
2023-11-16T14:01:11.077 INFO:teuthology.orchestra.run.smithi061.stderr:/usr/bin/ceph:
2023-11-16T14:01:11.072+0000 7f18577fe700 1 -- 172.21.15.61:0/4110339435 <== mon.0 v2:172.21.15.61:3300/0 3 ==== mon_map magic: 0 v1 ==== 229+0+0 (secure 0 0 0) 0x7f186001a620 con 0x7f187006ade0
2023-11-16T14:01:11.078 INFO:teuthology.orchestra.run.smithi061.stderr:/usr/bin/ceph:
2023-11-16T14:01:11.072+0000 7f186ffff700 1 -- 172.21.15.61:0/4110339435 --> [v2:172.21.15.61:3300/0,v1:172.21.15.61:6789/0] -- mon_subscribe({osdmap=0}) v3 -- 0x7f187010b640 con 0x7f187006ade0
2023-11-16T14:01:11.078 INFO:teuthology.orchestra.run.smithi061.stderr:/usr/bin/ceph:
2023-11-16T14:01:11.073+0000 7f18577fe700 1 -- 172.21.15.61:0/4110339435 <== mon.0 v2:172.21.15.61:3300/0 4 ==== mgrmap(e 5) v1 ==== 37095+0+0 (secure 0 0 0) 0x7f186000f070 con 0x7f187006ade0
2023-11-16T14:01:11.078 INFO:teuthology.orchestra.run.smithi061.stderr:/usr/bin/ceph:
2023-11-16T14:01:11.073+0000 7f18577fe700 1 --2- 172.21.15.61:0/4110339435 >> [v2:172.21.15.61:6800/1180654700,v1:172.21.15.61:6801/1180654700] conn(0x7f185c030ff0 0x7f185c0334b0 unknown :-1 s=NONE pgs=0 cs=0 l=1 rev1=0 rx=0 tx=0).connect
2023-11-16T14:01:11.078 INFO:teuthology.orchestra.run.smithi061.stderr:/usr/bin/ceph:
2023-11-16T14:01:11.073+0000 7f18577fe700 1 -- 172.21.15.61:0/4110339435 <== mon.0 v2:172.21.15.61:3300/0 5 ==== osd_map(1..1 src has 1..1) v4 ==== 721+0+0 (secure 0 0 0) 0x7f186001be40 con 0x7f187006ade0
2023-11-16T14:01:11.078 INFO:teuthology.orchestra.run.smithi061.stderr:/usr/bin/ceph:
2023-11-16T14:01:11.073+0000 7f186e7fc700 1 -- 172.21.15.61:0/4110339435 >> [v2:172.21.15.61:6800/1180654700,v1:172.21.15.61:6801/1180654700] conn(0x7f185c030ff0 msgr2=0x7f185c0334b0 unknown :-1 s=STATE_CONNECTING_RE l=1).process reconnect failed to v2:172.21.15.61:6800/1180654700
2023-11-16T14:01:11.078 INFO:teuthology.orchestra.run.smithi061.stderr:/usr/bin/ceph:
2023-11-16T14:01:11.073+0000 7f186e7fc700 1 --2- 172.21.15.61:0/4110339435 >> [v2:172.21.15.61:6800/1180654700,v1:172.21.15.61:6801/1180654700] conn(0x7f185c030ff0 0x7f185c0334b0 unknown :-1 s=START_CONNECT pgs=0 cs=0 l=1 rev1=0 rx=0 tx=0)._fault waiting 0.200000
2023-11-16T14:01:11.079 INFO:teuthology.orchestra.run.smithi061.stderr:/usr/bin/ceph:
2023-11-16T14:01:11.073+0000 7f186ffff700 1 -- 172.21.15.61:0/4110339435 --> [v2:172.21.15.61:3300/0,v1:172.21.15.61:6789/0] -- mon_command({"prefix": "get_command_descriptions"} v 0) v1 -- 0x7f1870045bb0 con 0x7f187006ade0
2023-11-16T14:01:11.080 INFO:teuthology.orchestra.run.smithi061.stderr:/usr/bin/ceph:
2023-11-16T14:01:11.078+0000 7f18577fe700 1 -- 172.21.15.61:0/4110339435 <== mon.0 v2:172.21.15.61:3300/0 6 ==== mon_command_ack([{"prefix": "get_command_descriptions"}]=0 v0) v1 ==== 72+0+153237 (secure 0 0 0) 0x7f186001f070 con 0x7f187006ade0
2023-11-16T14:01:11.277 INFO:teuthology.orchestra.run.smithi061.stderr:/usr/bin/ceph:
2023-11-16T14:01:11.274+0000 7f186e7fc700 1 -- 172.21.15.61:0/4110339435 >> [v2:172.21.15.61:6800/1180654700,v1:172.21.15.61:6801/1180654700] conn(0x7f185c030ff0 msgr2=0x7f185c0334b0 unknown :-1 s=STATE_CONNECTING_RE l=1).process reconnect failed to v2:172.21.15.61:6800/1180654700
2023-11-16T14:01:11.277 INFO:teuthology.orchestra.run.smithi061.stderr:/usr/bin/ceph:
2023-11-16T14:01:11.274+0000 7f186e7fc700 1 --2- 172.21.15.61:0/4110339435 >> [v2:172.21.15.61:6800/1180654700,v1:172.21.15.61:6801/1180654700] conn(0x7f185c030ff0 0x7f185c0334b0 unknown :-1 s=START_CONNECT pgs=0 cs=0 l=1 rev1=0 rx=0 tx=0)._fault waiting 0.400000
2023-11-16T14:01:11.283 INFO:teuthology.orchestra.run.smithi061.stderr:/usr/bin/ceph:
2023-11-16T14:01:11.280+0000 7f186ffff700 1 -- 172.21.15.61:0/4110339435 --> [v2:172.21.15.61:3300/0,v1:172.21.15.61:6789/0] -- mon_command({"prefix": "mgr stat"} v 0) v1 -- 0x7f18701049e0 con 0x7f187006ade0
2023-11-16T14:01:11.283 INFO:teuthology.orchestra.run.smithi061.stderr:/usr/bin/ceph:
2023-11-16T14:01:11.280+0000 7f18577fe700 1 -- 172.21.15.61:0/4110339435 <== mon.0 v2:172.21.15.61:3300/0 7 ==== mon_command_ack([{"prefix": "mgr stat"}]=0 v5) v1 ==== 56+0+103 (secure 0 0 0) 0x7f186001b570 con 0x7f187006ade0
2023-11-16T14:01:11.284 INFO:teuthology.orchestra.run.smithi061.stderr:/usr/bin/ceph: {
2023-11-16T14:01:11.284 INFO:teuthology.orchestra.run.smithi061.stderr:/usr/bin/ceph: "epoch": 5,
2023-11-16T14:01:11.284 INFO:teuthology.orchestra.run.smithi061.stderr:/usr/bin/ceph: "available": true,
2023-11-16T14:01:11.284 INFO:teuthology.orchestra.run.smithi061.stderr:/usr/bin/ceph: "active_name": "smithi061.zcjido",
2023-11-16T14:01:11.284 INFO:teuthology.orchestra.run.smithi061.stderr:/usr/bin/ceph: "num_standby": 0
2023-11-16T14:01:11.284 INFO:teuthology.orchestra.run.smithi061.stderr:/usr/bin/ceph: }
2023-11-16T14:01:11.286 INFO:teuthology.orchestra.run.smithi061.stderr:/usr/bin/ceph:
2023-11-16T14:01:11.282+0000 7f186ffff700 1 -- 172.21.15.61:0/4110339435 >> [v2:172.21.15.61:6800/1180654700,v1:172.21.15.61:6801/1180654700] conn(0x7f185c030ff0 msgr2=0x7f185c0334b0 unknown :-1 s=STATE_CONNECTING l=1).mark_down
2023-11-16T14:01:11.286 INFO:teuthology.orchestra.run.smithi061.stderr:/usr/bin/ceph:
2023-11-16T14:01:11.282+0000 7f186ffff700 1 --2- 172.21.15.61:0/4110339435 >> [v2:172.21.15.61:6800/1180654700,v1:172.21.15.61:6801/1180654700] conn(0x7f185c030ff0 0x7f185c0334b0 unknown :-1 s=START_CONNECT pgs=0 cs=0 l=1 rev1=0 rx=0 tx=0).stop
2023-11-16T14:01:11.286 INFO:teuthology.orchestra.run.smithi061.stderr:/usr/bin/ceph:
2023-11-16T14:01:11.282+0000 7f186ffff700 1 -- 172.21.15.61:0/4110339435 >> [v2:172.21.15.61:3300/0,v1:172.21.15.61:6789/0] conn(0x7f187006ade0 msgr2=0x7f187010aac0 secure :-1 s=STATE_CONNECTION_ESTABLISHED l=1).mark_down
2023-11-16T14:01:11.286 INFO:teuthology.orchestra.run.smithi061.stderr:/usr/bin/ceph:
2023-11-16T14:01:11.282+0000 7f186ffff700 1 --2- 172.21.15.61:0/4110339435 >> [v2:172.21.15.61:3300/0,v1:172.21.15.61:6789/0] conn(0x7f187006ade0 0x7f187010aac0 secure :-1 s=READY pgs=23 cs=0 l=1 rev1=1 rx=0x7f1860000c00 tx=0x7f1860006ee0).stop
2023-11-16T14:01:11.286 INFO:teuthology.orchestra.run.smithi061.stderr:/usr/bin/ceph:
2023-11-16T14:01:11.282+0000 7f186ffff700 1 -- 172.21.15.61:0/4110339435 shutdown_connections
2023-11-16T14:01:11.286 INFO:teuthology.orchestra.run.smithi061.stderr:/usr/bin/ceph:
2023-11-16T14:01:11.282+0000 7f186ffff700 1 --2- 172.21.15.61:0/4110339435 >> [v2:172.21.15.61:6800/1180654700,v1:172.21.15.61:6801/1180654700] conn(0x7f185c030ff0 0x7f185c0334b0 unknown :-1 s=CLOSED pgs=0 cs=0 l=1 rev1=0 rx=0 tx=0).stop
2023-11-16T14:01:11.286 INFO:teuthology.orchestra.run.smithi061.stderr:/usr/bin/ceph:
2023-11-16T14:01:11.282+0000 7f186ffff700 1 --2- 172.21.15.61:0/4110339435 >> [v2:172.21.15.61:3300/0,v1:172.21.15.61:6789/0] conn(0x7f187006ade0 0x7f187010aac0 unknown :-1 s=CLOSED pgs=23 cs=0 l=1 rev1=1 rx=0 tx=0).stop
2023-11-16T14:01:11.286 INFO:teuthology.orchestra.run.smithi061.stderr:/usr/bin/ceph:
2023-11-16T14:01:11.282+0000 7f186ffff700 1 -- 172.21.15.61:0/4110339435 >> 172.21.15.61:0/4110339435 conn(0x7f18700f63c0 msgr2=0x7f18700f7f50 unknown :-1 s=STATE_NONE l=0).mark_down
2023-11-16T14:01:11.287 INFO:teuthology.orchestra.run.smithi061.stderr:/usr/bin/ceph:
2023-11-16T14:01:11.282+0000 7f186ffff700 1 -- 172.21.15.61:0/4110339435 shutdown_connections
2023-11-16T14:01:11.287 INFO:teuthology.orchestra.run.smithi061.stderr:/usr/bin/ceph:
2023-11-16T14:01:11.282+0000 7f186ffff700 1 -- 172.21.15.61:0/4110339435 wait complete.
2023-11-16T14:01:11.592 INFO:journalctl@ceph.mon.smithi061.smithi061.stdout:Nov 16 14:01:11 smithi061 ceph-71d22a3a-8488-11ee-8dbe-212e2dc638e7-mon-smithi061[111911]: audit
2023-11-16T14:01:11.281688+0000 mon.smithi061 (mon.0) 29 : audit [DBG] from='client.? 172.21.15.61:0/4110339435' entity='client.admin' cmd=[{"prefix": "mgr stat"}]: dispatch
2023-11-16T14:01:11.640 INFO:teuthology.orchestra.run.smithi061.stderr:Waiting for the mgr to restart...
2023-11-16T14:01:11.640 INFO:teuthology.orchestra.run.smithi061.stderr:Waiting for mgr epoch 5...
2023-11-16T14:01:12.001 INFO:teuthology.orchestra.run.smithi061.stderr:/usr/bin/ceph:
2023-11-16T14:01:11.997+0000 7f93a2197700 1 Processor -- start
2023-11-16T14:01:12.001 INFO:teuthology.orchestra.run.smithi061.stderr:/usr/bin/ceph:
2023-11-16T14:01:11.997+0000 7f93a2197700 1 -- start start
2023-11-16T14:01:12.001 INFO:teuthology.orchestra.run.smithi061.stderr:/usr/bin/ceph:
2023-11-16T14:01:11.997+0000 7f93a2197700 1 --2- >> [v2:172.21.15.61:3300/0,v1:172.21.15.61:6789/0] conn(0x7f939c0fbf00 0x7f939c0fc320 unknown :-1 s=NONE pgs=0 cs=0 l=0 rev1=0 rx=0 tx=0).connect
2023-11-16T14:01:12.001 INFO:teuthology.orchestra.run.smithi061.stderr:/usr/bin/ceph:
2023-11-16T14:01:11.997+0000 7f93a2197700 1 -- --> [v2:172.21.15.61:3300/0,v1:172.21.15.61:6789/0] -- mon_getmap magic: 0 v1 -- 0x7f939c0fc810 con 0x7f939c0fbf00
2023-11-16T14:01:12.001 INFO:teuthology.orchestra.run.smithi061.stderr:/usr/bin/ceph:
2023-11-16T14:01:11.998+0000 7f939b7fe700 1 --2- >> [v2:172.21.15.61:3300/0,v1:172.21.15.61:6789/0] conn(0x7f939c0fbf00 0x7f939c0fc320 unknown :-1 s=BANNER_CONNECTING pgs=0 cs=0 l=0 rev1=0 rx=0 tx=0)._handle_peer_banner_payload supported=1 required=0
2023-11-16T14:01:12.001 INFO:teuthology.orchestra.run.smithi061.stderr:/usr/bin/ceph:
2023-11-16T14:01:11.998+0000 7f939b7fe700 1 --2- >> [v2:172.21.15.61:3300/0,v1:172.21.15.61:6789/0] conn(0x7f939c0fbf00 0x7f939c0fc320 unknown :-1 s=HELLO_CONNECTING pgs=0 cs=0 l=0 rev1=1 rx=0 tx=0).handle_hello peer v2:172.21.15.61:3300/0 says I am v2:172.21.15.61:56844/0 (socket says 172.21.15.61:56844)
2023-11-16T14:01:12.001 INFO:teuthology.orchestra.run.smithi061.stderr:/usr/bin/ceph:
2023-11-16T14:01:11.998+0000 7f939b7fe700 1 -- 172.21.15.61:0/2046326873 learned_addr learned my addr 172.21.15.61:0/2046326873 (peer_addr_for_me v2:172.21.15.61:0/0)
2023-11-16T14:01:12.002 INFO:teuthology.orchestra.run.smithi061.stderr:/usr/bin/ceph:
2023-11-16T14:01:11.998+0000 7f939b7fe700 1 -- 172.21.15.61:0/2046326873 --> [v2:172.21.15.61:3300/0,v1:172.21.15.61:6789/0] -- mon_subscribe({config=0+,monmap=0+}) v3 -- 0x7f939c0fc950 con 0x7f939c0fbf00
2023-11-16T14:01:12.002 INFO:teuthology.orchestra.run.smithi061.stderr:/usr/bin/ceph:
2023-11-16T14:01:11.998+0000 7f939b7fe700 1 --2- 172.21.15.61:0/2046326873 >> [v2:172.21.15.61:3300/0,v1:172.21.15.61:6789/0] conn(0x7f939c0fbf00 0x7f939c0fc320 secure :-1 s=READY pgs=24 cs=0 l=1 rev1=1 rx=0x7f938c00b5f0 tx=0x7f938c006ee0).ready entity=mon.0 client_cookie=48765cd783ba6db8 server_cookie=0 in_seq=0 out_seq=0
2023-11-16T14:01:12.002 INFO:teuthology.orchestra.run.smithi061.stderr:/usr/bin/ceph:
2023-11-16T14:01:11.998+0000 7f939a7fc700 1 -- 172.21.15.61:0/2046326873 <== mon.0 v2:172.21.15.61:3300/0 1 ==== mon_map magic: 0 v1 ==== 229+0+0 (secure 0 0 0) 0x7f938c00d600 con 0x7f939c0fbf00
2023-11-16T14:01:12.002 INFO:teuthology.orchestra.run.smithi061.stderr:/usr/bin/ceph:
2023-11-16T14:01:11.998+0000 7f939a7fc700 1 -- 172.21.15.61:0/2046326873 <== mon.0 v2:172.21.15.61:3300/0 2 ==== config(25 keys) v1 ==== 997+0+0 (secure 0 0 0) 0x7f938c00dbc0 con 0x7f939c0fbf00
2023-11-16T14:01:12.002 INFO:teuthology.orchestra.run.smithi061.stderr:/usr/bin/ceph:
2023-11-16T14:01:11.998+0000 7f939a7fc700 1 -- 172.21.15.61:0/2046326873 <== mon.0 v2:172.21.15.61:3300/0 3 ==== mon_map magic: 0 v1 ==== 229+0+0 (secure 0 0 0) 0x7f938c011b90 con 0x7f939c0fbf00
2023-11-16T14:01:12.005 INFO:teuthology.orchestra.run.smithi061.stderr:/usr/bin/ceph:
2023-11-16T14:01:11.999+0000 7f93a2197700 1 -- 172.21.15.61:0/2046326873 >> [v2:172.21.15.61:3300/0,v1:172.21.15.61:6789/0] conn(0x7f939c0fbf00 msgr2=0x7f939c0fc320 secure :-1 s=STATE_CONNECTION_ESTABLISHED l=1).mark_down
2023-11-16T14:01:12.005 INFO:teuthology.orchestra.run.smithi061.stderr:/usr/bin/ceph:
2023-11-16T14:01:11.999+0000 7f93a2197700 1 --2- 172.21.15.61:0/2046326873 >> [v2:172.21.15.61:3300/0,v1:172.21.15.61:6789/0] conn(0x7f939c0fbf00 0x7f939c0fc320 secure :-1 s=READY pgs=24 cs=0 l=1 rev1=1 rx=0x7f938c00b5f0 tx=0x7f938c006ee0).stop
2023-11-16T14:01:12.005 INFO:teuthology.orchestra.run.smithi061.stderr:/usr/bin/ceph:
2023-11-16T14:01:11.999+0000 7f93a2197700 1 -- 172.21.15.61:0/2046326873 shutdown_connections
2023-11-16T14:01:12.005 INFO:teuthology.orchestra.run.smithi061.stderr:/usr/bin/ceph:
2023-11-16T14:01:11.999+0000 7f93a2197700 1 --2- 172.21.15.61:0/2046326873 >> [v2:172.21.15.61:3300/0,v1:172.21.15.61:6789/0] conn(0x7f939c0fbf00 0x7f939c0fc320 unknown :-1 s=CLOSED pgs=24 cs=0 l=1 rev1=1 rx=0 tx=0).stop
2023-11-16T14:01:12.005 INFO:teuthology.orchestra.run.smithi061.stderr:/usr/bin/ceph:
2023-11-16T14:01:11.999+0000 7f93a2197700 1 -- 172.21.15.61:0/2046326873 >> 172.21.15.61:0/2046326873 conn(0x7f939c0f7650 msgr2=0x7f939c0f9ad0 unknown :-1 s=STATE_NONE l=0).mark_down
2023-11-16T14:01:12.005 INFO:teuthology.orchestra.run.smithi061.stderr:/usr/bin/ceph:
2023-11-16T14:01:11.999+0000 7f93a2197700 1 -- 172.21.15.61:0/2046326873 shutdown_connections
2023-11-16T14:01:12.005 INFO:teuthology.orchestra.run.smithi061.stderr:/usr/bin/ceph:
2023-11-16T14:01:11.999+0000 7f93a2197700 1 -- 172.21.15.61:0/2046326873 wait complete.
2023-11-16T14:01:12.005 INFO:teuthology.orchestra.run.smithi061.stderr:/usr/bin/ceph:
2023-11-16T14:01:12.000+0000 7f93a2197700 1 Processor -- start
2023-11-16T14:01:12.006 INFO:teuthology.orchestra.run.smithi061.stderr:/usr/bin/ceph:
2023-11-16T14:01:12.000+0000 7f93a2197700 1 -- start start
2023-11-16T14:01:12.006 INFO:teuthology.orchestra.run.smithi061.stderr:/usr/bin/ceph:
2023-11-16T14:01:12.000+0000 7f93a2197700 1 --2- >> [v2:172.21.15.61:3300/0,v1:172.21.15.61:6789/0] conn(0x7f939c0fbf00 0x7f939c10ac00 unknown :-1 s=NONE pgs=0 cs=0 l=1 rev1=0 rx=0 tx=0).connect
2023-11-16T14:01:12.006 INFO:teuthology.orchestra.run.smithi061.stderr:/usr/bin/ceph:
2023-11-16T14:01:12.000+0000 7f93a2197700 1 -- --> [v2:172.21.15.61:3300/0,v1:172.21.15.61:6789/0] -- mon_getmap magic: 0 v1 -- 0x7f939c10b0f0 con 0x7f939c0fbf00
2023-11-16T14:01:12.006 INFO:teuthology.orchestra.run.smithi061.stderr:/usr/bin/ceph:
2023-11-16T14:01:12.000+0000 7f939b7fe700 1 --2- >> [v2:172.21.15.61:3300/0,v1:172.21.15.61:6789/0] conn(0x7f939c0fbf00 0x7f939c10ac00 unknown :-1 s=BANNER_CONNECTING pgs=0 cs=0 l=1 rev1=0 rx=0 tx=0)._handle_peer_banner_payload supported=1 required=0
2023-11-16T14:01:12.006 INFO:teuthology.orchestra.run.smithi061.stderr:/usr/bin/ceph:
2023-11-16T14:01:12.000+0000 7f939b7fe700 1 --2- >> [v2:172.21.15.61:3300/0,v1:172.21.15.61:6789/0] conn(0x7f939c0fbf00 0x7f939c10ac00 unknown :-1 s=HELLO_CONNECTING pgs=0 cs=0 l=1 rev1=1 rx=0 tx=0).handle_hello peer v2:172.21.15.61:3300/0 says I am v2:172.21.15.61:56858/0 (socket says 172.21.15.61:56858)
2023-11-16T14:01:12.006 INFO:teuthology.orchestra.run.smithi061.stderr:/usr/bin/ceph:
2023-11-16T14:01:12.000+0000 7f939b7fe700 1 -- 172.21.15.61:0/4080825790 learned_addr learned my addr 172.21.15.61:0/4080825790 (peer_addr_for_me v2:172.21.15.61:0/0)
2023-11-16T14:01:12.006 INFO:teuthology.orchestra.run.smithi061.stderr:/usr/bin/ceph:
2023-11-16T14:01:12.000+0000 7f939b7fe700 1 -- 172.21.15.61:0/4080825790 --> [v2:172.21.15.61:3300/0,v1:172.21.15.61:6789/0] -- mon_subscribe({config=0+,monmap=0+}) v3 -- 0x7f938c00b200 con 0x7f939c0fbf00
2023-11-16T14:01:12.006 INFO:teuthology.orchestra.run.smithi061.stderr:/usr/bin/ceph:
2023-11-16T14:01:12.001+0000 7f939b7fe700 1 --2- 172.21.15.61:0/4080825790 >> [v2:172.21.15.61:3300/0,v1:172.21.15.61:6789/0] conn(0x7f939c0fbf00 0x7f939c10ac00 secure :-1 s=READY pgs=25 cs=0 l=1 rev1=1 rx=0x7f938c006800 tx=0x7f938c006ee0).ready entity=mon.0 client_cookie=0 server_cookie=0 in_seq=0 out_seq=0
2023-11-16T14:01:12.006 INFO:teuthology.orchestra.run.smithi061.stderr:/usr/bin/ceph:
2023-11-16T14:01:12.001+0000 7f9383fff700 1 -- 172.21.15.61:0/4080825790 <== mon.0 v2:172.21.15.61:3300/0 1 ==== mon_map magic: 0 v1 ==== 229+0+0 (secure 0 0 0) 0x7f938c01b410 con 0x7f939c0fbf00
2023-11-16T14:01:12.006 INFO:teuthology.orchestra.run.smithi061.stderr:/usr/bin/ceph:
2023-11-16T14:01:12.001+0000 7f9383fff700 1 -- 172.21.15.61:0/4080825790 <== mon.0 v2:172.21.15.61:3300/0 2 ==== config(25 keys) v1 ==== 997+0+0 (secure 0 0 0) 0x7f938c01b9d0 con 0x7f939c0fbf00
2023-11-16T14:01:12.006 INFO:teuthology.orchestra.run.smithi061.stderr:/usr/bin/ceph:
2023-11-16T14:01:12.001+0000 7f93a2197700 1 -- 172.21.15.61:0/4080825790 --> [v2:172.21.15.61:3300/0,v1:172.21.15.61:6789/0] -- mon_subscribe({mgrmap=0+}) v3 -- 0x7f939c10b2f0 con 0x7f939c0fbf00
2023-11-16T14:01:12.006 INFO:teuthology.orchestra.run.smithi061.stderr:/usr/bin/ceph:
2023-11-16T14:01:12.001+0000 7f9383fff700 1 -- 172.21.15.61:0/4080825790 <== mon.0 v2:172.21.15.61:3300/0 3 ==== mon_map magic: 0 v1 ==== 229+0+0 (secure 0 0 0) 0x7f938c01a840 con 0x7f939c0fbf00
2023-11-16T14:01:12.007 INFO:teuthology.orchestra.run.smithi061.stderr:/usr/bin/ceph:
2023-11-16T14:01:12.001+0000 7f93a2197700 1 -- 172.21.15.61:0/4080825790 --> [v2:172.21.15.61:3300/0,v1:172.21.15.61:6789/0] -- mon_subscribe({osdmap=0}) v3 -- 0x7f939c10b780 con 0x7f939c0fbf00
2023-11-16T14:01:12.007 INFO:teuthology.orchestra.run.smithi061.stderr:/usr/bin/ceph:
2023-11-16T14:01:12.002+0000 7f9383fff700 1 -- 172.21.15.61:0/4080825790 <== mon.0 v2:172.21.15.61:3300/0 4 ==== mgrmap(e 5) v1 ==== 37095+0+0 (secure 0 0 0) 0x7f938c00f070 con 0x7f939c0fbf00
2023-11-16T14:01:12.007 INFO:teuthology.orchestra.run.smithi061.stderr:/usr/bin/ceph:
2023-11-16T14:01:12.002+0000 7f9383fff700 1 --2- 172.21.15.61:0/4080825790 >> [v2:172.21.15.61:6800/1180654700,v1:172.21.15.61:6801/1180654700] conn(0x7f9388030ff0 0x7f93880334b0 unknown :-1 s=NONE pgs=0 cs=0 l=1 rev1=0 rx=0 tx=0).connect
2023-11-16T14:01:12.007 INFO:teuthology.orchestra.run.smithi061.stderr:/usr/bin/ceph:
2023-11-16T14:01:12.002+0000 7f93a2197700 1 -- 172.21.15.61:0/4080825790 --> [v2:172.21.15.61:6800/1180654700,v1:172.21.15.61:6801/1180654700] -- command(tid 0: {"prefix": "get_command_descriptions"}) v1 -- 0x7f939c0591e0 con 0x7f9388030ff0
2023-11-16T14:01:12.007 INFO:teuthology.orchestra.run.smithi061.stderr:/usr/bin/ceph:
2023-11-16T14:01:12.002+0000 7f9383fff700 1 -- 172.21.15.61:0/4080825790 <== mon.0 v2:172.21.15.61:3300/0 5 ==== osd_map(1..1 src has 1..1) v4 ==== 721+0+0 (secure 0 0 0) 0x7f938c042b40 con 0x7f939c0fbf00
2023-11-16T14:01:12.007 INFO:teuthology.orchestra.run.smithi061.stderr:/usr/bin/ceph:
2023-11-16T14:01:12.002+0000 7f939affd700 1 -- 172.21.15.61:0/4080825790 >> [v2:172.21.15.61:6800/1180654700,v1:172.21.15.61:6801/1180654700] conn(0x7f9388030ff0 msgr2=0x7f93880334b0 unknown :-1 s=STATE_CONNECTING_RE l=1).process reconnect failed to v2:172.21.15.61:6800/1180654700
2023-11-16T14:01:12.007 INFO:teuthology.orchestra.run.smithi061.stderr:/usr/bin/ceph:
2023-11-16T14:01:12.002+0000 7f939affd700 1 --2- 172.21.15.61:0/4080825790 >> [v2:172.21.15.61:6800/1180654700,v1:172.21.15.61:6801/1180654700] conn(0x7f9388030ff0 0x7f93880334b0 unknown :-1 s=START_CONNECT pgs=0 cs=0 l=1 rev1=0 rx=0 tx=0)._fault waiting 0.200000
2023-11-16T14:01:12.205 INFO:teuthology.orchestra.run.smithi061.stderr:/usr/bin/ceph:
2023-11-16T14:01:12.203+0000 7f939affd700 1 -- 172.21.15.61:0/4080825790 >> [v2:172.21.15.61:6800/1180654700,v1:172.21.15.61:6801/1180654700] conn(0x7f9388030ff0 msgr2=0x7f93880334b0 unknown :-1 s=STATE_CONNECTING_RE l=1).process reconnect failed to v2:172.21.15.61:6800/1180654700
2023-11-16T14:01:12.206 INFO:teuthology.orchestra.run.smithi061.stderr:/usr/bin/ceph:
2023-11-16T14:01:12.203+0000 7f939affd700 1 --2- 172.21.15.61:0/4080825790 >> [v2:172.21.15.61:6800/1180654700,v1:172.21.15.61:6801/1180654700] conn(0x7f9388030ff0 0x7f93880334b0 unknown :-1 s=START_CONNECT pgs=0 cs=0 l=1 rev1=0 rx=0 tx=0)._fault waiting 0.400000
2023-11-16T14:01:12.606 INFO:teuthology.orchestra.run.smithi061.stderr:/usr/bin/ceph:
2023-11-16T14:01:12.604+0000 7f939affd700 1 -- 172.21.15.61:0/4080825790 >> [v2:172.21.15.61:6800/1180654700,v1:172.21.15.61:6801/1180654700] conn(0x7f9388030ff0 msgr2=0x7f93880334b0 unknown :-1 s=STATE_CONNECTING_RE l=1).process reconnect failed to v2:172.21.15.61:6800/1180654700
2023-11-16T14:01:12.607 INFO:teuthology.orchestra.run.smithi061.stderr:/usr/bin/ceph:
2023-11-16T14:01:12.604+0000 7f939affd700 1 --2- 172.21.15.61:0/4080825790 >> [v2:172.21.15.61:6800/1180654700,v1:172.21.15.61:6801/1180654700] conn(0x7f9388030ff0 0x7f93880334b0 unknown :-1 s=START_CONNECT pgs=0 cs=0 l=1 rev1=0 rx=0 tx=0)._fault waiting 0.800000
2023-11-16T14:01:13.407 INFO:teuthology.orchestra.run.smithi061.stderr:/usr/bin/ceph:
2023-11-16T14:01:13.405+0000 7f939affd700 1 -- 172.21.15.61:0/4080825790 >> [v2:172.21.15.61:6800/1180654700,v1:172.21.15.61:6801/1180654700] conn(0x7f9388030ff0 msgr2=0x7f93880334b0 unknown :-1 s=STATE_CONNECTING_RE l=1).process reconnect failed to v2:172.21.15.61:6800/1180654700
2023-11-16T14:01:13.408 INFO:teuthology.orchestra.run.smithi061.stderr:/usr/bin/ceph:
2023-11-16T14:01:13.405+0000 7f939affd700 1 --2- 172.21.15.61:0/4080825790 >> [v2:172.21.15.61:6800/1180654700,v1:172.21.15.61:6801/1180654700] conn(0x7f9388030ff0 0x7f93880334b0 unknown :-1 s=START_CONNECT pgs=0 cs=0 l=1 rev1=0 rx=0 tx=0)._fault waiting 1.600000
2023-11-16T14:01:13.910 INFO:teuthology.orchestra.run.smithi061.stderr:/usr/bin/ceph:
2023-11-16T14:01:13.906+0000 7f9383fff700 1 -- 172.21.15.61:0/4080825790 <== mon.0 v2:172.21.15.61:3300/0 6 ==== mgrmap(e 6) v1 ==== 36945+0+0 (secure 0 0 0) 0x7f938c01bb40 con 0x7f939c0fbf00
2023-11-16T14:01:13.910 INFO:teuthology.orchestra.run.smithi061.stderr:/usr/bin/ceph:
2023-11-16T14:01:13.906+0000 7f9383fff700 1 -- 172.21.15.61:0/4080825790 >> [v2:172.21.15.61:6800/1180654700,v1:172.21.15.61:6801/1180654700] conn(0x7f9388030ff0 msgr2=0x7f93880334b0 unknown :-1 s=STATE_CONNECTING l=1).mark_down
2023-11-16T14:01:13.910 INFO:teuthology.orchestra.run.smithi061.stderr:/usr/bin/ceph:
2023-11-16T14:01:13.906+0000 7f9383fff700 1 --2- 172.21.15.61:0/4080825790 >> [v2:172.21.15.61:6800/1180654700,v1:172.21.15.61:6801/1180654700] conn(0x7f9388030ff0 0x7f93880334b0 unknown :-1 s=START_CONNECT pgs=0 cs=0 l=1 rev1=0 rx=0 tx=0).stop
2023-11-16T14:01:14.258 INFO:journalctl@ceph.mon.smithi061.smithi061.stdout:Nov 16 14:01:13 smithi061 ceph-71d22a3a-8488-11ee-8dbe-212e2dc638e7-mon-smithi061[111911]: cluster
2023-11-16T14:01:13.852900+0000 mon.smithi061 (mon.0) 30 : cluster [INF] Active manager daemon smithi061.zcjido restarted
2023-11-16T14:01:14.258 INFO:journalctl@ceph.mon.smithi061.smithi061.stdout:Nov 16 14:01:13 smithi061 ceph-71d22a3a-8488-11ee-8dbe-212e2dc638e7-mon-smithi061[111911]: cluster
2023-11-16T14:01:13.853290+0000 mon.smithi061 (mon.0) 31 : cluster [INF] Activating manager daemon smithi061.zcjido
2023-11-16T14:01:14.258 INFO:journalctl@ceph.mon.smithi061.smithi061.stdout:Nov 16 14:01:13 smithi061 ceph-71d22a3a-8488-11ee-8dbe-212e2dc638e7-mon-smithi061[111911]: cluster
2023-11-16T14:01:13.857441+0000 mon.smithi061 (mon.0) 32 : cluster [DBG] osdmap e2: 0 total, 0 up, 0 in
2023-11-16T14:01:14.920 INFO:teuthology.orchestra.run.smithi061.stderr:/usr/bin/ceph:
2023-11-16T14:01:14.916+0000 7f9383fff700 1 -- 172.21.15.61:0/4080825790 <== mon.0 v2:172.21.15.61:3300/0 7 ==== mgrmap(e 7) v1 ==== 37015+0+0 (secure 0 0 0) 0x7f938c044070 con 0x7f939c0fbf00
2023-11-16T14:01:14.920 INFO:teuthology.orchestra.run.smithi061.stderr:/usr/bin/ceph:
2023-11-16T14:01:14.916+0000 7f9383fff700 1 --2- 172.21.15.61:0/4080825790 >> [v2:172.21.15.61:6800/1639220556,v1:172.21.15.61:6801/1639220556] conn(0x7f9388034850 0x7f9388036c40 unknown :-1 s=NONE pgs=0 cs=0 l=1 rev1=0 rx=0 tx=0).connect
2023-11-16T14:01:14.920 INFO:teuthology.orchestra.run.smithi061.stderr:/usr/bin/ceph:
2023-11-16T14:01:14.916+0000 7f9383fff700 1 -- 172.21.15.61:0/4080825790 --> [v2:172.21.15.61:6800/1639220556,v1:172.21.15.61:6801/1639220556] -- command(tid 0: {"prefix": "get_command_descriptions"}) v1 -- 0x7f939c0591e0 con 0x7f9388034850
2023-11-16T14:01:14.920 INFO:teuthology.orchestra.run.smithi061.stderr:/usr/bin/ceph:
2023-11-16T14:01:14.917+0000 7f939affd700 1 --2- 172.21.15.61:0/4080825790 >> [v2:172.21.15.61:6800/1639220556,v1:172.21.15.61:6801/1639220556] conn(0x7f9388034850 0x7f9388036c40 unknown :-1 s=BANNER_CONNECTING pgs=0 cs=0 l=1 rev1=0 rx=0 tx=0)._handle_peer_banner_payload supported=1 required=0
2023-11-16T14:01:14.920 INFO:teuthology.orchestra.run.smithi061.stderr:/usr/bin/ceph:
2023-11-16T14:01:14.917+0000 7f939affd700 1 --2- 172.21.15.61:0/4080825790 >> [v2:172.21.15.61:6800/1639220556,v1:172.21.15.61:6801/1639220556] conn(0x7f9388034850 0x7f9388036c40 secure :-1 s=READY pgs=2 cs=0 l=1 rev1=1 rx=0x7f93900036d0 tx=0x7f9390006d20).ready entity=mgr.14116 client_cookie=0 server_cookie=0 in_seq=0 out_seq=0
2023-11-16T14:01:14.922 INFO:teuthology.orchestra.run.smithi061.stderr:/usr/bin/ceph:
2023-11-16T14:01:14.918+0000 7f9383fff700 1 -- 172.21.15.61:0/4080825790 <== mgr.14116 v2:172.21.15.61:6800/1639220556 1 ==== command_reply(tid 0: 0 ) v1 ==== 8+0+6438 (secure 0 0 0) 0x7f939c0591e0 con 0x7f9388034850
2023-11-16T14:01:14.927 INFO:teuthology.orchestra.run.smithi061.stderr:/usr/bin/ceph:
2023-11-16T14:01:14.925+0000 7f93a2197700 1 -- 172.21.15.61:0/4080825790 --> [v2:172.21.15.61:6800/1639220556,v1:172.21.15.61:6801/1639220556] -- command(tid 1: {"prefix": "mgr_status"}) v1 -- 0x7f939c045bb0 con 0x7f9388034850
2023-11-16T14:01:14.928 INFO:teuthology.orchestra.run.smithi061.stderr:/usr/bin/ceph:
2023-11-16T14:01:14.925+0000 7f9383fff700 1 -- 172.21.15.61:0/4080825790 <== mgr.14116 v2:172.21.15.61:6800/1639220556 2 ==== command_reply(tid 1: 0 ) v1 ==== 8+0+51 (secure 0 0 0) 0x7f939c045bb0 con 0x7f9388034850
2023-11-16T14:01:14.928 INFO:teuthology.orchestra.run.smithi061.stderr:/usr/bin/ceph: {
2023-11-16T14:01:14.928 INFO:teuthology.orchestra.run.smithi061.stderr:/usr/bin/ceph: "mgrmap_epoch": 7,
2023-11-16T14:01:14.928 INFO:teuthology.orchestra.run.smithi061.stderr:/usr/bin/ceph: "initialized": true
2023-11-16T14:01:14.928 INFO:teuthology.orchestra.run.smithi061.stderr:/usr/bin/ceph: }
2023-11-16T14:01:14.930 INFO:teuthology.orchestra.run.smithi061.stderr:/usr/bin/ceph:
2023-11-16T14:01:14.926+0000 7f93a2197700 1 -- 172.21.15.61:0/4080825790 >> [v2:172.21.15.61:6800/1639220556,v1:172.21.15.61:6801/1639220556] conn(0x7f9388034850 msgr2=0x7f9388036c40 secure :-1 s=STATE_CONNECTION_ESTABLISHED l=1).mark_down
2023-11-16T14:01:14.930 INFO:teuthology.orchestra.run.smithi061.stderr:/usr/bin/ceph:
2023-11-16T14:01:14.926+0000 7f93a2197700 1 --2- 172.21.15.61:0/4080825790 >> [v2:172.21.15.61:6800/1639220556,v1:172.21.15.61:6801/1639220556] conn(0x7f9388034850 0x7f9388036c40 secure :-1 s=READY pgs=2 cs=0 l=1 rev1=1 rx=0x7f93900036d0 tx=0x7f9390006d20).stop
2023-11-16T14:01:14.930 INFO:teuthology.orchestra.run.smithi061.stderr:/usr/bin/ceph:
2023-11-16T14:01:14.926+0000 7f93a2197700 1 -- 172.21.15.61:0/4080825790 >> [v2:172.21.15.61:3300/0,v1:172.21.15.61:6789/0] conn(0x7f939c0fbf00 msgr2=0x7f939c10ac00 secure :-1 s=STATE_CONNECTION_ESTABLISHED l=1).mark_down
2023-11-16T14:01:14.930 INFO:teuthology.orchestra.run.smithi061.stderr:/usr/bin/ceph:
2023-11-16T14:01:14.926+0000 7f93a2197700 1 --2- 172.21.15.61:0/4080825790 >> [v2:172.21.15.61:3300/0,v1:172.21.15.61:6789/0] conn(0x7f939c0fbf00 0x7f939c10ac00 secure :-1 s=READY pgs=25 cs=0 l=1 rev1=1 rx=0x7f938c006800 tx=0x7f938c006ee0).stop
2023-11-16T14:01:14.930 INFO:teuthology.orchestra.run.smithi061.stderr:/usr/bin/ceph:
2023-11-16T14:01:14.926+0000 7f93a2197700 1 -- 172.21.15.61:0/4080825790 shutdown_connections
2023-11-16T14:01:14.930 INFO:teuthology.orchestra.run.smithi061.stderr:/usr/bin/ceph:
2023-11-16T14:01:14.926+0000 7f93a2197700 1 --2- 172.21.15.61:0/4080825790 >> [v2:172.21.15.61:3300/0,v1:172.21.15.61:6789/0] conn(0x7f939c0fbf00 0x7f939c10ac00 unknown :-1 s=CLOSED pgs=25 cs=0 l=1 rev1=1 rx=0 tx=0).stop
2023-11-16T14:01:14.930 INFO:teuthology.orchestra.run.smithi061.stderr:/usr/bin/ceph:
2023-11-16T14:01:14.926+0000 7f93a2197700 1 --2- 172.21.15.61:0/4080825790 >> [v2:172.21.15.61:6800/1639220556,v1:172.21.15.61:6801/1639220556] conn(0x7f9388034850 0x7f9388036c40 unknown :-1 s=CLOSED pgs=2 cs=0 l=1 rev1=1 rx=0 tx=0).stop
2023-11-16T14:01:14.930 INFO:teuthology.orchestra.run.smithi061.stderr:/usr/bin/ceph:
2023-11-16T14:01:14.926+0000 7f93a2197700 1 --2- 172.21.15.61:0/4080825790 >> [v2:172.21.15.61:6800/1180654700,v1:172.21.15.61:6801/1180654700] conn(0x7f9388030ff0 0x7f93880334b0 unknown :-1 s=CLOSED pgs=0 cs=0 l=1 rev1=0 rx=0 tx=0).stop
2023-11-16T14:01:14.930 INFO:teuthology.orchestra.run.smithi061.stderr:/usr/bin/ceph:
2023-11-16T14:01:14.926+0000 7f93a2197700 1 -- 172.21.15.61:0/4080825790 >> 172.21.15.61:0/4080825790 conn(0x7f939c0f7650 msgr2=0x7f939c0f9140 unknown :-1 s=STATE_NONE l=0).mark_down
2023-11-16T14:01:14.930 INFO:teuthology.orchestra.run.smithi061.stderr:/usr/bin/ceph:
2023-11-16T14:01:14.926+0000 7f93a2197700 1 -- 172.21.15.61:0/4080825790 shutdown_connections
2023-11-16T14:01:14.930 INFO:teuthology.orchestra.run.smithi061.stderr:/usr/bin/ceph:
