2023-12-07T16:03:19.784+0000 7fc0473de700 1 Processor -- start
2023-12-07T16:03:21.696 INFO:teuthology.orchestra.run.smithi001.stdout:/usr/bin/ceph: stderr
2023-12-07T16:03:19.784+0000 7fc0473de700 1 -- start start
2023-12-07T16:03:21.696 INFO:teuthology.orchestra.run.smithi001.stdout:/usr/bin/ceph: stderr
2023-12-07T16:03:19.785+0000 7fc0473de700 1 --2- >> [v2:172.21.15.1:3300/0,v1:172.21.15.1:6789/0] conn(0x7fc040071000 0x7fc040104ea0 unknown :-1 s=NONE pgs=0 cs=0 l=0 rev1=0 crypto rx=0 tx=0 comp rx=0 tx=0).connect
2023-12-07T16:03:21.696 INFO:teuthology.orchestra.run.smithi001.stdout:/usr/bin/ceph: stderr
2023-12-07T16:03:19.785+0000 7fc0473de700 1 -- --> [v2:172.21.15.1:3300/0,v1:172.21.15.1:6789/0] -- mon_getmap magic: 0 v1 -- 0x7fc0401053e0 con 0x7fc040071000
2023-12-07T16:03:21.696 INFO:teuthology.orchestra.run.smithi001.stdout:/usr/bin/ceph: stderr
2023-12-07T16:03:19.785+0000 7fc04517a700 1 --2- >> [v2:172.21.15.1:3300/0,v1:172.21.15.1:6789/0] conn(0x7fc040071000 0x7fc040104ea0 unknown :-1 s=BANNER_CONNECTING pgs=0 cs=0 l=0 rev1=0 crypto rx=0 tx=0 comp rx=0 tx=0)._handle_peer_banner_payload supported=3 required=0
2023-12-07T16:03:21.696 INFO:teuthology.orchestra.run.smithi001.stdout:/usr/bin/ceph: stderr
2023-12-07T16:03:19.785+0000 7fc04517a700 1 --2- >> [v2:172.21.15.1:3300/0,v1:172.21.15.1:6789/0] conn(0x7fc040071000 0x7fc040104ea0 unknown :-1 s=HELLO_CONNECTING pgs=0 cs=0 l=0 rev1=1 crypto rx=0 tx=0 comp rx=0 tx=0).handle_hello peer v2:172.21.15.1:3300/0 says I am v2:172.21.15.1:54220/0 (socket says 172.21.15.1:54220)
2023-12-07T16:03:21.696 INFO:teuthology.orchestra.run.smithi001.stdout:/usr/bin/ceph: stderr
2023-12-07T16:03:19.785+0000 7fc04517a700 1 -- 172.21.15.1:0/3333937685 learned_addr learned my addr 172.21.15.1:0/3333937685 (peer_addr_for_me v2:172.21.15.1:0/0)
2023-12-07T16:03:21.696 INFO:teuthology.orchestra.run.smithi001.stdout:/usr/bin/ceph: stderr
2023-12-07T16:03:19.785+0000 7fc04517a700 1 -- 172.21.15.1:0/3333937685 --> [v2:172.21.15.1:3300/0,v1:172.21.15.1:6789/0] -- mon_subscribe({config=0+,monmap=0+}) v3 -- 0x7fc040105520 con 0x7fc040071000
2023-12-07T16:03:21.696 INFO:teuthology.orchestra.run.smithi001.stdout:/usr/bin/ceph: stderr
2023-12-07T16:03:19.785+0000 7fc04517a700 1 --2- 172.21.15.1:0/3333937685 >> [v2:172.21.15.1:3300/0,v1:172.21.15.1:6789/0] conn(0x7fc040071000 0x7fc040104ea0 secure :-1 s=READY pgs=69 cs=0 l=1 rev1=1 crypto rx=0x7fc03c0098e0 tx=0x7fc03c009250 comp rx=0 tx=0).ready entity=mon.0 client_cookie=3dc92bcacd904c5b server_cookie=0 in_seq=0 out_seq=0
2023-12-07T16:03:21.696 INFO:teuthology.orchestra.run.smithi001.stdout:/usr/bin/ceph: stderr
2023-12-07T16:03:19.786+0000 7fc037fff700 1 -- 172.21.15.1:0/3333937685 <== mon.0 v2:172.21.15.1:3300/0 1 ==== mon_map magic: 0 v1 ==== 229+0+0 (secure 0 0 0) 0x7fc03c00b860 con 0x7fc040071000
2023-12-07T16:03:21.696 INFO:teuthology.orchestra.run.smithi001.stdout:/usr/bin/ceph: stderr
2023-12-07T16:03:19.786+0000 7fc037fff700 1 -- 172.21.15.1:0/3333937685 <== mon.0 v2:172.21.15.1:3300/0 2 ==== config(26 keys) v1 ==== 1074+0+0 (secure 0 0 0) 0x7fc03c00be70 con 0x7fc040071000
2023-12-07T16:03:21.697 INFO:teuthology.orchestra.run.smithi001.stdout:/usr/bin/ceph: stderr
2023-12-07T16:03:19.786+0000 7fc037fff700 1 -- 172.21.15.1:0/3333937685 <== mon.0 v2:172.21.15.1:3300/0 3 ==== mon_map magic: 0 v1 ==== 229+0+0 (secure 0 0 0) 0x7fc03c010380 con 0x7fc040071000
2023-12-07T16:03:21.697 INFO:teuthology.orchestra.run.smithi001.stdout:/usr/bin/ceph: stderr
2023-12-07T16:03:19.786+0000 7fc0473de700 1 -- 172.21.15.1:0/3333937685 >> [v2:172.21.15.1:3300/0,v1:172.21.15.1:6789/0] conn(0x7fc040071000 msgr2=0x7fc040104ea0 secure :-1 s=STATE_CONNECTION_ESTABLISHED l=1).mark_down
2023-12-07T16:03:21.697 INFO:teuthology.orchestra.run.smithi001.stdout:/usr/bin/ceph: stderr
2023-12-07T16:03:19.786+0000 7fc0473de700 1 --2- 172.21.15.1:0/3333937685 >> [v2:172.21.15.1:3300/0,v1:172.21.15.1:6789/0] conn(0x7fc040071000 0x7fc040104ea0 secure :-1 s=READY pgs=69 cs=0 l=1 rev1=1 crypto rx=0x7fc03c0098e0 tx=0x7fc03c009250 comp rx=0 tx=0).stop
2023-12-07T16:03:21.697 INFO:teuthology.orchestra.run.smithi001.stdout:/usr/bin/ceph: stderr
2023-12-07T16:03:19.786+0000 7fc0473de700 1 -- 172.21.15.1:0/3333937685 shutdown_connections
2023-12-07T16:03:21.697 INFO:teuthology.orchestra.run.smithi001.stdout:/usr/bin/ceph: stderr
2023-12-07T16:03:19.786+0000 7fc0473de700 1 --2- 172.21.15.1:0/3333937685 >> [v2:172.21.15.1:3300/0,v1:172.21.15.1:6789/0] conn(0x7fc040071000 0x7fc040104ea0 unknown :-1 s=CLOSED pgs=69 cs=0 l=1 rev1=1 crypto rx=0 tx=0 comp rx=0 tx=0).stop
2023-12-07T16:03:21.697 INFO:teuthology.orchestra.run.smithi001.stdout:/usr/bin/ceph: stderr
2023-12-07T16:03:19.786+0000 7fc0473de700 1 -- 172.21.15.1:0/3333937685 >> 172.21.15.1:0/3333937685 conn(0x7fc0400fc970 msgr2=0x7fc0400fed80 unknown :-1 s=STATE_NONE l=0).mark_down
2023-12-07T16:03:21.697 INFO:teuthology.orchestra.run.smithi001.stdout:/usr/bin/ceph: stderr
2023-12-07T16:03:19.787+0000 7fc0473de700 1 -- 172.21.15.1:0/3333937685 shutdown_connections
2023-12-07T16:03:21.697 INFO:teuthology.orchestra.run.smithi001.stdout:/usr/bin/ceph: stderr
2023-12-07T16:03:19.787+0000 7fc0473de700 1 -- 172.21.15.1:0/3333937685 wait complete.
2023-12-07T16:03:21.697 INFO:teuthology.orchestra.run.smithi001.stdout:/usr/bin/ceph: stderr
2023-12-07T16:03:19.787+0000 7fc0473de700 1 Processor -- start
2023-12-07T16:03:21.697 INFO:teuthology.orchestra.run.smithi001.stdout:/usr/bin/ceph: stderr
2023-12-07T16:03:19.787+0000 7fc0473de700 1 -- start start
2023-12-07T16:03:21.697 INFO:teuthology.orchestra.run.smithi001.stdout:/usr/bin/ceph: stderr
2023-12-07T16:03:19.788+0000 7fc0473de700 1 --2- >> [v2:172.21.15.1:3300/0,v1:172.21.15.1:6789/0] conn(0x7fc040071000 0x7fc040102920 unknown :-1 s=NONE pgs=0 cs=0 l=1 rev1=0 crypto rx=0 tx=0 comp rx=0 tx=0).connect
2023-12-07T16:03:21.698 INFO:teuthology.orchestra.run.smithi001.stdout:/usr/bin/ceph: stderr
2023-12-07T16:03:19.788+0000 7fc0473de700 1 -- --> [v2:172.21.15.1:3300/0,v1:172.21.15.1:6789/0] -- mon_getmap magic: 0 v1 -- 0x7fc040100da0 con 0x7fc040071000
2023-12-07T16:03:21.698 INFO:teuthology.orchestra.run.smithi001.stdout:/usr/bin/ceph: stderr
2023-12-07T16:03:19.788+0000 7fc04517a700 1 --2- >> [v2:172.21.15.1:3300/0,v1:172.21.15.1:6789/0] conn(0x7fc040071000 0x7fc040102920 unknown :-1 s=BANNER_CONNECTING pgs=0 cs=0 l=1 rev1=0 crypto rx=0 tx=0 comp rx=0 tx=0)._handle_peer_banner_payload supported=3 required=0
2023-12-07T16:03:21.698 INFO:teuthology.orchestra.run.smithi001.stdout:/usr/bin/ceph: stderr
2023-12-07T16:03:19.788+0000 7fc04517a700 1 --2- >> [v2:172.21.15.1:3300/0,v1:172.21.15.1:6789/0] conn(0x7fc040071000 0x7fc040102920 unknown :-1 s=HELLO_CONNECTING pgs=0 cs=0 l=1 rev1=1 crypto rx=0 tx=0 comp rx=0 tx=0).handle_hello peer v2:172.21.15.1:3300/0 says I am v2:172.21.15.1:54232/0 (socket says 172.21.15.1:54232)
2023-12-07T16:03:21.698 INFO:teuthology.orchestra.run.smithi001.stdout:/usr/bin/ceph: stderr
2023-12-07T16:03:19.788+0000 7fc04517a700 1 -- 172.21.15.1:0/780290209 learned_addr learned my addr 172.21.15.1:0/780290209 (peer_addr_for_me v2:172.21.15.1:0/0)
2023-12-07T16:03:21.698 INFO:teuthology.orchestra.run.smithi001.stdout:/usr/bin/ceph: stderr
2023-12-07T16:03:19.788+0000 7fc04517a700 1 -- 172.21.15.1:0/780290209 --> [v2:172.21.15.1:3300/0,v1:172.21.15.1:6789/0] -- mon_subscribe({config=0+,monmap=0+}) v3 -- 0x7fc03c0094f0 con 0x7fc040071000
2023-12-07T16:03:21.698 INFO:teuthology.orchestra.run.smithi001.stdout:/usr/bin/ceph: stderr
2023-12-07T16:03:19.788+0000 7fc04517a700 1 --2- 172.21.15.1:0/780290209 >> [v2:172.21.15.1:3300/0,v1:172.21.15.1:6789/0] conn(0x7fc040071000 0x7fc040102920 secure :-1 s=READY pgs=70 cs=0 l=1 rev1=1 crypto rx=0x7fc03c006d40 tx=0x7fc03c009250 comp rx=0 tx=0).ready entity=mon.0 client_cookie=0 server_cookie=0 in_seq=0 out_seq=0
2023-12-07T16:03:21.698 INFO:teuthology.orchestra.run.smithi001.stdout:/usr/bin/ceph: stderr
2023-12-07T16:03:19.788+0000 7fc035ffb700 1 -- 172.21.15.1:0/780290209 <== mon.0 v2:172.21.15.1:3300/0 1 ==== mon_map magic: 0 v1 ==== 229+0+0 (secure 0 0 0) 0x7fc03c010960 con 0x7fc040071000
2023-12-07T16:03:21.698 INFO:teuthology.orchestra.run.smithi001.stdout:/usr/bin/ceph: stderr
2023-12-07T16:03:19.788+0000 7fc0473de700 1 -- 172.21.15.1:0/780290209 --> [v2:172.21.15.1:3300/0,v1:172.21.15.1:6789/0] -- mon_subscribe({mgrmap=0+}) v3 -- 0x7fc040100fa0 con 0x7fc040071000
2023-12-07T16:03:21.698 INFO:teuthology.orchestra.run.smithi001.stdout:/usr/bin/ceph: stderr
2023-12-07T16:03:19.788+0000 7fc035ffb700 1 -- 172.21.15.1:0/780290209 <== mon.0 v2:172.21.15.1:3300/0 2 ==== config(26 keys) v1 ==== 1074+0+0 (secure 0 0 0) 0x7fc03c01a430 con 0x7fc040071000
2023-12-07T16:03:21.698 INFO:teuthology.orchestra.run.smithi001.stdout:/usr/bin/ceph: stderr
2023-12-07T16:03:19.788+0000 7fc035ffb700 1 -- 172.21.15.1:0/780290209 <== mon.0 v2:172.21.15.1:3300/0 3 ==== mon_map magic: 0 v1 ==== 229+0+0 (secure 0 0 0) 0x7fc03c0245b0 con 0x7fc040071000
2023-12-07T16:03:21.698 INFO:teuthology.orchestra.run.smithi001.stdout:/usr/bin/ceph: stderr
2023-12-07T16:03:19.789+0000 7fc0473de700 1 -- 172.21.15.1:0/780290209 --> [v2:172.21.15.1:3300/0,v1:172.21.15.1:6789/0] -- mon_subscribe({osdmap=0}) v3 -- 0x7fc0401013b0 con 0x7fc040071000
2023-12-07T16:03:21.699 INFO:teuthology.orchestra.run.smithi001.stdout:/usr/bin/ceph: stderr
2023-12-07T16:03:19.790+0000 7fc035ffb700 1 -- 172.21.15.1:0/780290209 <== mon.0 v2:172.21.15.1:3300/0 4 ==== mgrmap(e 9) v1 ==== 43294+0+0 (secure 0 0 0) 0x7fc03c02d3f0 con 0x7fc040071000
2023-12-07T16:03:21.699 INFO:teuthology.orchestra.run.smithi001.stdout:/usr/bin/ceph: stderr
2023-12-07T16:03:19.790+0000 7fc0473de700 1 -- 172.21.15.1:0/780290209 --> [v2:172.21.15.1:3300/0,v1:172.21.15.1:6789/0] -- mon_command({"prefix": "get_command_descriptions"} v 0) v1 -- 0x7fc04010b180 con 0x7fc040071000
2023-12-07T16:03:21.699 INFO:teuthology.orchestra.run.smithi001.stdout:/usr/bin/ceph: stderr
2023-12-07T16:03:19.790+0000 7fc035ffb700 1 --2- 172.21.15.1:0/780290209 >> [v2:172.21.15.1:6800/2276465089,v1:172.21.15.1:6801/2276465089] conn(0x7fc02c036640 0x7fc02c038af0 unknown :-1 s=NONE pgs=0 cs=0 l=1 rev1=0 crypto rx=0 tx=0 comp rx=0 tx=0).connect
2023-12-07T16:03:21.699 INFO:teuthology.orchestra.run.smithi001.stdout:/usr/bin/ceph: stderr
2023-12-07T16:03:19.790+0000 7fc035ffb700 1 -- 172.21.15.1:0/780290209 <== mon.0 v2:172.21.15.1:3300/0 5 ==== osd_map(2..2 src has 1..2) v4 ==== 936+0+0 (secure 0 0 0) 0x7fc03c04a330 con 0x7fc040071000
2023-12-07T16:03:21.699 INFO:teuthology.orchestra.run.smithi001.stdout:/usr/bin/ceph: stderr
2023-12-07T16:03:19.790+0000 7fc044979700 1 -- 172.21.15.1:0/780290209 >> [v2:172.21.15.1:6800/2276465089,v1:172.21.15.1:6801/2276465089] conn(0x7fc02c036640 msgr2=0x7fc02c038af0 unknown :-1 s=STATE_CONNECTING_RE l=1).process reconnect failed to v2:172.21.15.1:6800/2276465089
2023-12-07T16:03:21.699 INFO:teuthology.orchestra.run.smithi001.stdout:/usr/bin/ceph: stderr
2023-12-07T16:03:19.790+0000 7fc044979700 1 --2- 172.21.15.1:0/780290209 >> [v2:172.21.15.1:6800/2276465089,v1:172.21.15.1:6801/2276465089] conn(0x7fc02c036640 0x7fc02c038af0 unknown :-1 s=START_CONNECT pgs=0 cs=0 l=1 rev1=0 crypto rx=0 tx=0 comp rx=0 tx=0)._fault waiting 0.200000
2023-12-07T16:03:21.699 INFO:teuthology.orchestra.run.smithi001.stdout:/usr/bin/ceph: stderr
2023-12-07T16:03:19.795+0000 7fc035ffb700 1 -- 172.21.15.1:0/780290209 <== mon.0 v2:172.21.15.1:3300/0 6 ==== mon_command_ack([{"prefix": "get_command_descriptions"}]=0 v0) v1 ==== 72+0+174570 (secure 0 0 0) 0x7fc03c02b8e0 con 0x7fc040071000
2023-12-07T16:03:21.699 INFO:teuthology.orchestra.run.smithi001.stdout:/usr/bin/ceph: stderr
2023-12-07T16:03:19.991+0000 7fc044979700 1 -- 172.21.15.1:0/780290209 >> [v2:172.21.15.1:6800/2276465089,v1:172.21.15.1:6801/2276465089] conn(0x7fc02c036640 msgr2=0x7fc02c038af0 unknown :-1 s=STATE_CONNECTING_RE l=1).process reconnect failed to v2:172.21.15.1:6800/2276465089
2023-12-07T16:03:21.699 INFO:teuthology.orchestra.run.smithi001.stdout:/usr/bin/ceph: stderr
2023-12-07T16:03:19.991+0000 7fc044979700 1 --2- 172.21.15.1:0/780290209 >> [v2:172.21.15.1:6800/2276465089,v1:172.21.15.1:6801/2276465089] conn(0x7fc02c036640 0x7fc02c038af0 unknown :-1 s=START_CONNECT pgs=0 cs=0 l=1 rev1=0 crypto rx=0 tx=0 comp rx=0 tx=0)._fault waiting 0.400000
2023-12-07T16:03:21.699 INFO:teuthology.orchestra.run.smithi001.stdout:/usr/bin/ceph: stderr
2023-12-07T16:03:20.054+0000 7fc0473de700 1 -- 172.21.15.1:0/780290209 --> [v2:172.21.15.1:3300/0,v1:172.21.15.1:6789/0] -- mon_command({"prefix": "mgr stat"} v 0) v1 -- 0x7fc04002b0e0 con 0x7fc040071000
2023-12-07T16:03:21.699 INFO:teuthology.orchestra.run.smithi001.stdout:/usr/bin/ceph: stderr
2023-12-07T16:03:20.055+0000 7fc035ffb700 1 -- 172.21.15.1:0/780290209 <== mon.0 v2:172.21.15.1:3300/0 7 ==== mon_command_ack([{"prefix": "mgr stat"}]=0 v9) v1 ==== 56+0+103 (secure 0 0 0) 0x7fc03c02b2f0 con 0x7fc040071000
2023-12-07T16:03:21.700 INFO:teuthology.orchestra.run.smithi001.stdout:/usr/bin/ceph: stderr
2023-12-07T16:03:20.057+0000 7fc0473de700 1 -- 172.21.15.1:0/780290209 >> [v2:172.21.15.1:6800/2276465089,v1:172.21.15.1:6801/2276465089] conn(0x7fc02c036640 msgr2=0x7fc02c038af0 unknown :-1 s=STATE_CONNECTING l=1).mark_down
2023-12-07T16:03:21.700 INFO:teuthology.orchestra.run.smithi001.stdout:/usr/bin/ceph: stderr
2023-12-07T16:03:20.057+0000 7fc0473de700 1 --2- 172.21.15.1:0/780290209 >> [v2:172.21.15.1:6800/2276465089,v1:172.21.15.1:6801/2276465089] conn(0x7fc02c036640 0x7fc02c038af0 unknown :-1 s=START_CONNECT pgs=0 cs=0 l=1 rev1=0 crypto rx=0 tx=0 comp rx=0 tx=0).stop
2023-12-07T16:03:21.700 INFO:teuthology.orchestra.run.smithi001.stdout:/usr/bin/ceph: stderr
2023-12-07T16:03:20.057+0000 7fc0473de700 1 -- 172.21.15.1:0/780290209 >> [v2:172.21.15.1:3300/0,v1:172.21.15.1:6789/0] conn(0x7fc040071000 msgr2=0x7fc040102920 secure :-1 s=STATE_CONNECTION_ESTABLISHED l=1).mark_down
2023-12-07T16:03:21.700 INFO:teuthology.orchestra.run.smithi001.stdout:/usr/bin/ceph: stderr
2023-12-07T16:03:20.057+0000 7fc0473de700 1 --2- 172.21.15.1:0/780290209 >> [v2:172.21.15.1:3300/0,v1:172.21.15.1:6789/0] conn(0x7fc040071000 0x7fc040102920 secure :-1 s=READY pgs=70 cs=0 l=1 rev1=1 crypto rx=0x7fc03c006d40 tx=0x7fc03c009250 comp rx=0 tx=0).stop
2023-12-07T16:03:21.700 INFO:teuthology.orchestra.run.smithi001.stdout:/usr/bin/ceph: stderr
2023-12-07T16:03:20.057+0000 7fc0473de700 1 -- 172.21.15.1:0/780290209 shutdown_connections
2023-12-07T16:03:21.700 INFO:teuthology.orchestra.run.smithi001.stdout:/usr/bin/ceph: stderr
2023-12-07T16:03:20.057+0000 7fc0473de700 1 --2- 172.21.15.1:0/780290209 >> [v2:172.21.15.1:6800/2276465089,v1:172.21.15.1:6801/2276465089] conn(0x7fc02c036640 0x7fc02c038af0 unknown :-1 s=CLOSED pgs=0 cs=0 l=1 rev1=0 crypto rx=0 tx=0 comp rx=0 tx=0).stop
2023-12-07T16:03:21.700 INFO:teuthology.orchestra.run.smithi001.stdout:/usr/bin/ceph: stderr
2023-12-07T16:03:20.057+0000 7fc0473de700 1 --2- 172.21.15.1:0/780290209 >> [v2:172.21.15.1:3300/0,v1:172.21.15.1:6789/0] conn(0x7fc040071000 0x7fc040102920 unknown :-1 s=CLOSED pgs=70 cs=0 l=1 rev1=1 crypto rx=0 tx=0 comp rx=0 tx=0).stop
2023-12-07T16:03:21.700 INFO:teuthology.orchestra.run.smithi001.stdout:/usr/bin/ceph: stderr
2023-12-07T16:03:20.057+0000 7fc0473de700 1 -- 172.21.15.1:0/780290209 >> 172.21.15.1:0/780290209 conn(0x7fc0400fc970 msgr2=0x7fc0400fed70 unknown :-1 s=STATE_NONE l=0).mark_down
2023-12-07T16:03:21.700 INFO:teuthology.orchestra.run.smithi001.stdout:/usr/bin/ceph: stderr
2023-12-07T16:03:20.057+0000 7fc0473de700 1 -- 172.21.15.1:0/780290209 shutdown_connections
2023-12-07T16:03:21.700 INFO:teuthology.orchestra.run.smithi001.stdout:/usr/bin/ceph: stderr
2023-12-07T16:03:20.057+0000 7fc0473de700 1 -- 172.21.15.1:0/780290209 wait complete.
2023-12-07T16:03:21.700 INFO:teuthology.orchestra.run.smithi001.stdout:Waiting for the mgr to restart...
2023-12-07T16:03:21.700 INFO:teuthology.orchestra.run.smithi001.stdout:Waiting for mgr epoch 9...
2023-12-07T16:03:26.419 INFO:journalctl@ceph.mon.smithi001.smithi001.stdout:Dec 07 16:03:26 smithi001 ceph-mon[112093]: Active manager daemon smithi001.tojxeo restarted
2023-12-07T16:03:26.419 INFO:journalctl@ceph.mon.smithi001.smithi001.stdout:Dec 07 16:03:26 smithi001 ceph-mon[112093]: Activating manager daemon smithi001.tojxeo
2023-12-07T16:03:26.419 INFO:journalctl@ceph.mon.smithi001.smithi001.stdout:Dec 07 16:03:26 smithi001 ceph-mon[112093]: osdmap e3: 0 total, 0 up, 0 in
2023-12-07T16:03:26.419 INFO:journalctl@ceph.mon.smithi001.smithi001.stdout:Dec 07 16:03:26 smithi001 ceph-mon[112093]: mgrmap e10: smithi001.tojxeo(active, starting, since 0.00354496s)
2023-12-07T16:03:26.419 INFO:journalctl@ceph.mon.smithi001.smithi001.stdout:Dec 07 16:03:26 smithi001 ceph-mon[112093]: from='mgr.14162 172.21.15.1:0/3944689899' entity='mgr.smithi001.tojxeo' cmd=[{"prefix": "mon metadata", "id": "smithi001"}]: dispatch
2023-12-07T16:03:26.420 INFO:journalctl@ceph.mon.smithi001.smithi001.stdout:Dec 07 16:03:26 smithi001 ceph-mon[112093]: from='mgr.14162 172.21.15.1:0/3944689899' entity='mgr.smithi001.tojxeo' cmd=[{"prefix": "mgr metadata", "who": "smithi001.tojxeo", "id": "smithi001.tojxeo"}]: dispatch
2023-12-07T16:03:26.420 INFO:journalctl@ceph.mon.smithi001.smithi001.stdout:Dec 07 16:03:26 smithi001 ceph-mon[112093]: from='mgr.14162 172.21.15.1:0/3944689899' entity='mgr.smithi001.tojxeo' cmd=[{"prefix": "mds metadata"}]: dispatch
2023-12-07T16:03:26.420 INFO:journalctl@ceph.mon.smithi001.smithi001.stdout:Dec 07 16:03:26 smithi001 ceph-mon[112093]: from='mgr.14162 172.21.15.1:0/3944689899' entity='mgr.smithi001.tojxeo' cmd=[{"prefix": "osd metadata"}]: dispatch
2023-12-07T16:03:26.420 INFO:journalctl@ceph.mon.smithi001.smithi001.stdout:Dec 07 16:03:26 smithi001 ceph-mon[112093]: from='mgr.14162 172.21.15.1:0/3944689899' entity='mgr.smithi001.tojxeo' cmd=[{"prefix": "mon metadata"}]: dispatch
2023-12-07T16:03:26.420 INFO:journalctl@ceph.mon.smithi001.smithi001.stdout:Dec 07 16:03:26 smithi001 ceph-mon[112093]: Manager daemon smithi001.tojxeo is now available
2023-12-07T16:03:26.420 INFO:journalctl@ceph.mon.smithi001.smithi001.stdout:Dec 07 16:03:26 smithi001 ceph-mon[112093]: from='mgr.14162 172.21.15.1:0/3944689899' entity='mgr.smithi001.tojxeo' cmd=[{"prefix": "config dump", "format": "json"}]: dispatch
2023-12-07T16:03:26.420 INFO:journalctl@ceph.mon.smithi001.smithi001.stdout:Dec 07 16:03:26 smithi001 ceph-mon[112093]: from='mgr.14162 172.21.15.1:0/3944689899' entity='mgr.smithi001.tojxeo' cmd=[{"prefix": "config dump", "format": "json"}]: dispatch
2023-12-07T16:03:27.492 INFO:journalctl@ceph.mon.smithi001.smithi001.stdout:Dec 07 16:03:27 smithi001 ceph-mon[112093]: from='mgr.14162 172.21.15.1:0/3944689899' entity='mgr.smithi001.tojxeo' cmd=[{"prefix":"config rm","who":"mgr","name":"mgr/rbd_support/smithi001.tojxeo/mirror_snapshot_schedule"}]: dispatch
2023-12-07T16:03:27.492 INFO:journalctl@ceph.mon.smithi001.smithi001.stdout:Dec 07 16:03:27 smithi001 ceph-mon[112093]: from='mgr.14162 172.21.15.1:0/3944689899' entity='mgr.smithi001.tojxeo' cmd=[{"prefix":"config rm","who":"mgr","name":"mgr/rbd_support/smithi001.tojxeo/trash_purge_schedule"}]: dispatch
2023-12-07T16:03:27.492 INFO:journalctl@ceph.mon.smithi001.smithi001.stdout:Dec 07 16:03:27 smithi001 ceph-mon[112093]: mgrmap e11: smithi001.tojxeo(active, since 1.00667s)
2023-12-07T16:03:27.696 INFO:teuthology.orchestra.run.smithi001.stdout:/usr/bin/ceph: stdout {
2023-12-07T16:03:27.696 INFO:teuthology.orchestra.run.smithi001.stdout:/usr/bin/ceph: stdout "mgrmap_epoch": 11,
2023-12-07T16:03:27.696 INFO:teuthology.orchestra.run.smithi001.stdout:/usr/bin/ceph: stdout "initialized": true
2023-12-07T16:03:27.697 INFO:teuthology.orchestra.run.smithi001.stdout:/usr/bin/ceph: stdout }
2023-12-07T16:03:27.697 INFO:teuthology.orchestra.run.smithi001.stdout:/usr/bin/ceph: stderr
2023-12-07T16:03:22.910+0000 7fdf370d3700 1 Processor -- start
2023-12-07T16:03:27.697 INFO:teuthology.orchestra.run.smithi001.stdout:/usr/bin/ceph: stderr
2023-12-07T16:03:22.910+0000 7fdf370d3700 1 -- start start
2023-12-07T16:03:27.697 INFO:teuthology.orchestra.run.smithi001.stdout:/usr/bin/ceph: stderr
2023-12-07T16:03:22.911+0000 7fdf370d3700 1 --2- >> [v2:172.21.15.1:3300/0,v1:172.21.15.1:6789/0] conn(0x7fdf301027d0 0x7fdf30102be0 unknown :-1 s=NONE pgs=0 cs=0 l=0 rev1=0 crypto rx=0 tx=0 comp rx=0 tx=0).connect
2023-12-07T16:03:27.697 INFO:teuthology.orchestra.run.smithi001.stdout:/usr/bin/ceph: stderr
2023-12-07T16:03:22.911+0000 7fdf370d3700 1 -- --> [v2:172.21.15.1:3300/0,v1:172.21.15.1:6789/0] -- mon_getmap magic: 0 v1 -- 0x7fdf30103120 con 0x7fdf301027d0
2023-12-07T16:03:27.697 INFO:teuthology.orchestra.run.smithi001.stdout:/usr/bin/ceph: stderr
2023-12-07T16:03:22.911+0000 7fdf34e6f700 1 --2- >> [v2:172.21.15.1:3300/0,v1:172.21.15.1:6789/0] conn(0x7fdf301027d0 0x7fdf30102be0 unknown :-1 s=BANNER_CONNECTING pgs=0 cs=0 l=0 rev1=0 crypto rx=0 tx=0 comp rx=0 tx=0)._handle_peer_banner_payload supported=3 required=0
2023-12-07T16:03:27.697 INFO:teuthology.orchestra.run.smithi001.stdout:/usr/bin/ceph: stderr
2023-12-07T16:03:22.911+0000 7fdf34e6f700 1 --2- >> [v2:172.21.15.1:3300/0,v1:172.21.15.1:6789/0] conn(0x7fdf301027d0 0x7fdf30102be0 unknown :-1 s=HELLO_CONNECTING pgs=0 cs=0 l=0 rev1=1 crypto rx=0 tx=0 comp rx=0 tx=0).handle_hello peer v2:172.21.15.1:3300/0 says I am v2:172.21.15.1:34918/0 (socket says 172.21.15.1:34918)
2023-12-07T16:03:27.697 INFO:teuthology.orchestra.run.smithi001.stdout:/usr/bin/ceph: stderr
2023-12-07T16:03:22.911+0000 7fdf34e6f700 1 -- 172.21.15.1:0/3590339754 learned_addr learned my addr 172.21.15.1:0/3590339754 (peer_addr_for_me v2:172.21.15.1:0/0)
2023-12-07T16:03:27.697 INFO:teuthology.orchestra.run.smithi001.stdout:/usr/bin/ceph: stderr
2023-12-07T16:03:22.911+0000 7fdf34e6f700 1 -- 172.21.15.1:0/3590339754 --> [v2:172.21.15.1:3300/0,v1:172.21.15.1:6789/0] -- mon_subscribe({config=0+,monmap=0+}) v3 -- 0x7fdf30103260 con 0x7fdf301027d0
2023-12-07T16:03:27.697 INFO:teuthology.orchestra.run.smithi001.stdout:/usr/bin/ceph: stderr
2023-12-07T16:03:22.911+0000 7fdf34e6f700 1 --2- 172.21.15.1:0/3590339754 >> [v2:172.21.15.1:3300/0,v1:172.21.15.1:6789/0] conn(0x7fdf301027d0 0x7fdf30102be0 secure :-1 s=READY pgs=71 cs=0 l=1 rev1=1 crypto rx=0x7fdf240098e0 tx=0x7fdf24009250 comp rx=0 tx=0).ready entity=mon.0 client_cookie=2aab4f01fef61c3 server_cookie=0 in_seq=0 out_seq=0
2023-12-07T16:03:27.697 INFO:teuthology.orchestra.run.smithi001.stdout:/usr/bin/ceph: stderr
2023-12-07T16:03:22.912+0000 7fdf2f7fe700 1 -- 172.21.15.1:0/3590339754 <== mon.0 v2:172.21.15.1:3300/0 1 ==== mon_map magic: 0 v1 ==== 229+0+0 (secure 0 0 0) 0x7fdf2400b860 con 0x7fdf301027d0
2023-12-07T16:03:27.698 INFO:teuthology.orchestra.run.smithi001.stdout:/usr/bin/ceph: stderr
2023-12-07T16:03:22.912+0000 7fdf2f7fe700 1 -- 172.21.15.1:0/3590339754 <== mon.0 v2:172.21.15.1:3300/0 2 ==== config(26 keys) v1 ==== 1074+0+0 (secure 0 0 0) 0x7fdf2400be70 con 0x7fdf301027d0
2023-12-07T16:03:27.698 INFO:teuthology.orchestra.run.smithi001.stdout:/usr/bin/ceph: stderr
2023-12-07T16:03:22.912+0000 7fdf2f7fe700 1 -- 172.21.15.1:0/3590339754 <== mon.0 v2:172.21.15.1:3300/0 3 ==== mon_map magic: 0 v1 ==== 229+0+0 (secure 0 0 0) 0x7fdf24010380 con 0x7fdf301027d0
2023-12-07T16:03:27.698 INFO:teuthology.orchestra.run.smithi001.stdout:/usr/bin/ceph: stderr
2023-12-07T16:03:22.912+0000 7fdf370d3700 1 -- 172.21.15.1:0/3590339754 >> [v2:172.21.15.1:3300/0,v1:172.21.15.1:6789/0] conn(0x7fdf301027d0 msgr2=0x7fdf30102be0 secure :-1 s=STATE_CONNECTION_ESTABLISHED l=1).mark_down
2023-12-07T16:03:27.698 INFO:teuthology.orchestra.run.smithi001.stdout:/usr/bin/ceph: stderr
2023-12-07T16:03:22.912+0000 7fdf370d3700 1 --2- 172.21.15.1:0/3590339754 >> [v2:172.21.15.1:3300/0,v1:172.21.15.1:6789/0] conn(0x7fdf301027d0 0x7fdf30102be0 secure :-1 s=READY pgs=71 cs=0 l=1 rev1=1 crypto rx=0x7fdf240098e0 tx=0x7fdf24009250 comp rx=0 tx=0).stop
2023-12-07T16:03:27.698 INFO:teuthology.orchestra.run.smithi001.stdout:/usr/bin/ceph: stderr
2023-12-07T16:03:22.912+0000 7fdf370d3700 1 -- 172.21.15.1:0/3590339754 shutdown_connections
2023-12-07T16:03:27.698 INFO:teuthology.orchestra.run.smithi001.stdout:/usr/bin/ceph: stderr
2023-12-07T16:03:22.912+0000 7fdf370d3700 1 --2- 172.21.15.1:0/3590339754 >> [v2:172.21.15.1:3300/0,v1:172.21.15.1:6789/0] conn(0x7fdf301027d0 0x7fdf30102be0 unknown :-1 s=CLOSED pgs=71 cs=0 l=1 rev1=1 crypto rx=0 tx=0 comp rx=0 tx=0).stop
2023-12-07T16:03:27.698 INFO:teuthology.orchestra.run.smithi001.stdout:/usr/bin/ceph: stderr
2023-12-07T16:03:22.912+0000 7fdf370d3700 1 -- 172.21.15.1:0/3590339754 >> 172.21.15.1:0/3590339754 conn(0x7fdf300fc0b0 msgr2=0x7fdf300fe4e0 unknown :-1 s=STATE_NONE l=0).mark_down
2023-12-07T16:03:27.698 INFO:teuthology.orchestra.run.smithi001.stdout:/usr/bin/ceph: stderr
2023-12-07T16:03:22.913+0000 7fdf370d3700 1 -- 172.21.15.1:0/3590339754 shutdown_connections
2023-12-07T16:03:27.698 INFO:teuthology.orchestra.run.smithi001.stdout:/usr/bin/ceph: stderr
2023-12-07T16:03:22.913+0000 7fdf370d3700 1 -- 172.21.15.1:0/3590339754 wait complete.
2023-12-07T16:03:27.698 INFO:teuthology.orchestra.run.smithi001.stdout:/usr/bin/ceph: stderr
2023-12-07T16:03:22.913+0000 7fdf370d3700 1 Processor -- start
2023-12-07T16:03:27.699 INFO:teuthology.orchestra.run.smithi001.stdout:/usr/bin/ceph: stderr
2023-12-07T16:03:22.913+0000 7fdf370d3700 1 -- start start
2023-12-07T16:03:27.699 INFO:teuthology.orchestra.run.smithi001.stdout:/usr/bin/ceph: stderr
2023-12-07T16:03:22.914+0000 7fdf370d3700 1 --2- >> [v2:172.21.15.1:3300/0,v1:172.21.15.1:6789/0] conn(0x7fdf301027d0 0x7fdf30110070 unknown :-1 s=NONE pgs=0 cs=0 l=1 rev1=0 crypto rx=0 tx=0 comp rx=0 tx=0).connect
2023-12-07T16:03:27.699 INFO:teuthology.orchestra.run.smithi001.stdout:/usr/bin/ceph: stderr
2023-12-07T16:03:22.914+0000 7fdf370d3700 1 -- --> [v2:172.21.15.1:3300/0,v1:172.21.15.1:6789/0] -- mon_getmap magic: 0 v1 -- 0x7fdf301105b0 con 0x7fdf301027d0
2023-12-07T16:03:27.699 INFO:teuthology.orchestra.run.smithi001.stdout:/usr/bin/ceph: stderr
2023-12-07T16:03:22.914+0000 7fdf34e6f700 1 --2- >> [v2:172.21.15.1:3300/0,v1:172.21.15.1:6789/0] conn(0x7fdf301027d0 0x7fdf30110070 unknown :-1 s=BANNER_CONNECTING pgs=0 cs=0 l=1 rev1=0 crypto rx=0 tx=0 comp rx=0 tx=0)._handle_peer_banner_payload supported=3 required=0
2023-12-07T16:03:27.699 INFO:teuthology.orchestra.run.smithi001.stdout:/usr/bin/ceph: stderr
2023-12-07T16:03:22.914+0000 7fdf34e6f700 1 --2- >> [v2:172.21.15.1:3300/0,v1:172.21.15.1:6789/0] conn(0x7fdf301027d0 0x7fdf30110070 unknown :-1 s=HELLO_CONNECTING pgs=0 cs=0 l=1 rev1=1 crypto rx=0 tx=0 comp rx=0 tx=0).handle_hello peer v2:172.21.15.1:3300/0 says I am v2:172.21.15.1:34934/0 (socket says 172.21.15.1:34934)
2023-12-07T16:03:27.699 INFO:teuthology.orchestra.run.smithi001.stdout:/usr/bin/ceph: stderr
2023-12-07T16:03:22.914+0000 7fdf34e6f700 1 -- 172.21.15.1:0/2313214420 learned_addr learned my addr 172.21.15.1:0/2313214420 (peer_addr_for_me v2:172.21.15.1:0/0)
2023-12-07T16:03:27.699 INFO:teuthology.orchestra.run.smithi001.stdout:/usr/bin/ceph: stderr
2023-12-07T16:03:22.914+0000 7fdf34e6f700 1 -- 172.21.15.1:0/2313214420 --> [v2:172.21.15.1:3300/0,v1:172.21.15.1:6789/0] -- mon_subscribe({config=0+,monmap=0+}) v3 -- 0x7fdf240094f0 con 0x7fdf301027d0
2023-12-07T16:03:27.699 INFO:teuthology.orchestra.run.smithi001.stdout:/usr/bin/ceph: stderr
2023-12-07T16:03:22.914+0000 7fdf34e6f700 1 --2- 172.21.15.1:0/2313214420 >> [v2:172.21.15.1:3300/0,v1:172.21.15.1:6789/0] conn(0x7fdf301027d0 0x7fdf30110070 secure :-1 s=READY pgs=72 cs=0 l=1 rev1=1 crypto rx=0x7fdf24011b60 tx=0x7fdf24009250 comp rx=0 tx=0).ready entity=mon.0 client_cookie=0 server_cookie=0 in_seq=0 out_seq=0
2023-12-07T16:03:27.699 INFO:teuthology.orchestra.run.smithi001.stdout:/usr/bin/ceph: stderr
2023-12-07T16:03:22.915+0000 7fdf2d7fa700 1 -- 172.21.15.1:0/2313214420 <== mon.0 v2:172.21.15.1:3300/0 1 ==== mon_map magic: 0 v1 ==== 229+0+0 (secure 0 0 0) 0x7fdf24010850 con 0x7fdf301027d0
2023-12-07T16:03:27.699 INFO:teuthology.orchestra.run.smithi001.stdout:/usr/bin/ceph: stderr
2023-12-07T16:03:22.915+0000 7fdf2d7fa700 1 -- 172.21.15.1:0/2313214420 <== mon.0 v2:172.21.15.1:3300/0 2 ==== config(26 keys) v1 ==== 1074+0+0 (secure 0 0 0) 0x7fdf24010e60 con 0x7fdf301027d0
2023-12-07T16:03:27.699 INFO:teuthology.orchestra.run.smithi001.stdout:/usr/bin/ceph: stderr
2023-12-07T16:03:22.915+0000 7fdf370d3700 1 -- 172.21.15.1:0/2313214420 --> [v2:172.21.15.1:3300/0,v1:172.21.15.1:6789/0] -- mon_subscribe({mgrmap=0+}) v3 -- 0x7fdf301107b0 con 0x7fdf301027d0
2023-12-07T16:03:27.700 INFO:teuthology.orchestra.run.smithi001.stdout:/usr/bin/ceph: stderr
2023-12-07T16:03:22.915+0000 7fdf2d7fa700 1 -- 172.21.15.1:0/2313214420 <== mon.0 v2:172.21.15.1:3300/0 3 ==== mon_map magic: 0 v1 ==== 229+0+0 (secure 0 0 0) 0x7fdf2401ae20 con 0x7fdf301027d0
2023-12-07T16:03:27.700 INFO:teuthology.orchestra.run.smithi001.stdout:/usr/bin/ceph: stderr
2023-12-07T16:03:22.915+0000 7fdf370d3700 1 -- 172.21.15.1:0/2313214420 --> [v2:172.21.15.1:3300/0,v1:172.21.15.1:6789/0] -- mon_subscribe({osdmap=0}) v3 -- 0x7fdf30110bc0 con 0x7fdf301027d0
2023-12-07T16:03:27.700 INFO:teuthology.orchestra.run.smithi001.stdout:/usr/bin/ceph: stderr
2023-12-07T16:03:22.916+0000 7fdf2d7fa700 1 -- 172.21.15.1:0/2313214420 <== mon.0 v2:172.21.15.1:3300/0 4 ==== mgrmap(e 9) v1 ==== 43294+0+0 (secure 0 0 0) 0x7fdf2402d3f0 con 0x7fdf301027d0
2023-12-07T16:03:27.700 INFO:teuthology.orchestra.run.smithi001.stdout:/usr/bin/ceph: stderr
2023-12-07T16:03:22.916+0000 7fdf2d7fa700 1 --2- 172.21.15.1:0/2313214420 >> [v2:172.21.15.1:6800/2276465089,v1:172.21.15.1:6801/2276465089] conn(0x7fdf20036640 0x7fdf20038af0 unknown :-1 s=NONE pgs=0 cs=0 l=1 rev1=0 crypto rx=0 tx=0 comp rx=0 tx=0).connect
2023-12-07T16:03:27.700 INFO:teuthology.orchestra.run.smithi001.stdout:/usr/bin/ceph: stderr
2023-12-07T16:03:22.916+0000 7fdf2d7fa700 1 -- 172.21.15.1:0/2313214420 --> [v2:172.21.15.1:6800/2276465089,v1:172.21.15.1:6801/2276465089] -- command(tid 0: {"prefix": "get_command_descriptions"}) v1 -- 0x7fdf20039200 con 0x7fdf20036640
2023-12-07T16:03:27.700 INFO:teuthology.orchestra.run.smithi001.stdout:/usr/bin/ceph: stderr
2023-12-07T16:03:22.916+0000 7fdf2d7fa700 1 -- 172.21.15.1:0/2313214420 <== mon.0 v2:172.21.15.1:3300/0 5 ==== osd_map(2..2 src has 1..2) v4 ==== 936+0+0 (secure 0 0 0) 0x7fdf2404a400 con 0x7fdf301027d0
2023-12-07T16:03:27.700 INFO:teuthology.orchestra.run.smithi001.stdout:/usr/bin/ceph: stderr
2023-12-07T16:03:22.916+0000 7fdf2ffff700 1 -- 172.21.15.1:0/2313214420 >> [v2:172.21.15.1:6800/2276465089,v1:172.21.15.1:6801/2276465089] conn(0x7fdf20036640 msgr2=0x7fdf20038af0 unknown :-1 s=STATE_CONNECTING_RE l=1).process reconnect failed to v2:172.21.15.1:6800/2276465089
2023-12-07T16:03:27.700 INFO:teuthology.orchestra.run.smithi001.stdout:/usr/bin/ceph: stderr
2023-12-07T16:03:22.916+0000 7fdf2ffff700 1 --2- 172.21.15.1:0/2313214420 >> [v2:172.21.15.1:6800/2276465089,v1:172.21.15.1:6801/2276465089] conn(0x7fdf20036640 0x7fdf20038af0 unknown :-1 s=START_CONNECT pgs=0 cs=0 l=1 rev1=0 crypto rx=0 tx=0 comp rx=0 tx=0)._fault waiting 0.200000
2023-12-07T16:03:27.700 INFO:teuthology.orchestra.run.smithi001.stdout:/usr/bin/ceph: stderr
2023-12-07T16:03:23.117+0000 7fdf2ffff700 1 -- 172.21.15.1:0/2313214420 >> [v2:172.21.15.1:6800/2276465089,v1:172.21.15.1:6801/2276465089] conn(0x7fdf20036640 msgr2=0x7fdf20038af0 unknown :-1 s=STATE_CONNECTING_RE l=1).process reconnect failed to v2:172.21.15.1:6800/2276465089
2023-12-07T16:03:27.700 INFO:teuthology.orchestra.run.smithi001.stdout:/usr/bin/ceph: stderr
2023-12-07T16:03:23.117+0000 7fdf2ffff700 1 --2- 172.21.15.1:0/2313214420 >> [v2:172.21.15.1:6800/2276465089,v1:172.21.15.1:6801/2276465089] conn(0x7fdf20036640 0x7fdf20038af0 unknown :-1 s=START_CONNECT pgs=0 cs=0 l=1 rev1=0 crypto rx=0 tx=0 comp rx=0 tx=0)._fault waiting 0.400000
2023-12-07T16:03:27.700 INFO:teuthology.orchestra.run.smithi001.stdout:/usr/bin/ceph: stderr
2023-12-07T16:03:23.518+0000 7fdf2ffff700 1 -- 172.21.15.1:0/2313214420 >> [v2:172.21.15.1:6800/2276465089,v1:172.21.15.1:6801/2276465089] conn(0x7fdf20036640 msgr2=0x7fdf20038af0 unknown :-1 s=STATE_CONNECTING_RE l=1).process reconnect failed to v2:172.21.15.1:6800/2276465089
2023-12-07T16:03:27.701 INFO:teuthology.orchestra.run.smithi001.stdout:/usr/bin/ceph: stderr
2023-12-07T16:03:23.518+0000 7fdf2ffff700 1 --2- 172.21.15.1:0/2313214420 >> [v2:172.21.15.1:6800/2276465089,v1:172.21.15.1:6801/2276465089] conn(0x7fdf20036640 0x7fdf20038af0 unknown :-1 s=START_CONNECT pgs=0 cs=0 l=1 rev1=0 crypto rx=0 tx=0 comp rx=0 tx=0)._fault waiting 0.800000
2023-12-07T16:03:27.701 INFO:teuthology.orchestra.run.smithi001.stdout:/usr/bin/ceph: stderr
2023-12-07T16:03:24.319+0000 7fdf2ffff700 1 -- 172.21.15.1:0/2313214420 >> [v2:172.21.15.1:6800/2276465089,v1:172.21.15.1:6801/2276465089] conn(0x7fdf20036640 msgr2=0x7fdf20038af0 unknown :-1 s=STATE_CONNECTING_RE l=1).process reconnect failed to v2:172.21.15.1:6800/2276465089
2023-12-07T16:03:27.701 INFO:teuthology.orchestra.run.smithi001.stdout:/usr/bin/ceph: stderr
2023-12-07T16:03:24.319+0000 7fdf2ffff700 1 --2- 172.21.15.1:0/2313214420 >> [v2:172.21.15.1:6800/2276465089,v1:172.21.15.1:6801/2276465089] conn(0x7fdf20036640 0x7fdf20038af0 unknown :-1 s=START_CONNECT pgs=0 cs=0 l=1 rev1=0 crypto rx=0 tx=0 comp rx=0 tx=0)._fault waiting 1.600000
2023-12-07T16:03:27.701 INFO:teuthology.orchestra.run.smithi001.stdout:/usr/bin/ceph: stderr
2023-12-07T16:03:25.920+0000 7fdf2ffff700 1 -- 172.21.15.1:0/2313214420 >> [v2:172.21.15.1:6800/2276465089,v1:172.21.15.1:6801/2276465089] conn(0x7fdf20036640 msgr2=0x7fdf20038af0 unknown :-1 s=STATE_CONNECTING_RE l=1).process reconnect failed to v2:172.21.15.1:6800/2276465089
2023-12-07T16:03:27.701 INFO:teuthology.orchestra.run.smithi001.stdout:/usr/bin/ceph: stderr
2023-12-07T16:03:25.920+0000 7fdf2ffff700 1 --2- 172.21.15.1:0/2313214420 >> [v2:172.21.15.1:6800/2276465089,v1:172.21.15.1:6801/2276465089] conn(0x7fdf20036640 0x7fdf20038af0 unknown :-1 s=START_CONNECT pgs=0 cs=0 l=1 rev1=0 crypto rx=0 tx=0 comp rx=0 tx=0)._fault waiting 3.200000
2023-12-07T16:03:27.701 INFO:teuthology.orchestra.run.smithi001.stdout:/usr/bin/ceph: stderr
2023-12-07T16:03:26.298+0000 7fdf2d7fa700 1 -- 172.21.15.1:0/2313214420 <== mon.0 v2:172.21.15.1:3300/0 6 ==== mgrmap(e 10) v1 ==== 43061+0+0 (secure 0 0 0) 0x7fdf2402d740 con 0x7fdf301027d0
2023-12-07T16:03:27.701 INFO:teuthology.orchestra.run.smithi001.stdout:/usr/bin/ceph: stderr
2023-12-07T16:03:26.298+0000 7fdf2d7fa700 1 -- 172.21.15.1:0/2313214420 >> [v2:172.21.15.1:6800/2276465089,v1:172.21.15.1:6801/2276465089] conn(0x7fdf20036640 msgr2=0x7fdf20038af0 unknown :-1 s=STATE_CONNECTING l=1).mark_down
2023-12-07T16:03:27.701 INFO:teuthology.orchestra.run.smithi001.stdout:/usr/bin/ceph: stderr
2023-12-07T16:03:26.298+0000 7fdf2d7fa700 1 --2- 172.21.15.1:0/2313214420 >> [v2:172.21.15.1:6800/2276465089,v1:172.21.15.1:6801/2276465089] conn(0x7fdf20036640 0x7fdf20038af0 unknown :-1 s=START_CONNECT pgs=0 cs=0 l=1 rev1=0 crypto rx=0 tx=0 comp rx=0 tx=0).stop
2023-12-07T16:03:27.701 INFO:teuthology.orchestra.run.smithi001.stdout:/usr/bin/ceph: stderr
2023-12-07T16:03:27.300+0000 7fdf2d7fa700 1 -- 172.21.15.1:0/2313214420 <== mon.0 v2:172.21.15.1:3300/0 7 ==== mgrmap(e 11) v1 ==== 43188+0+0 (secure 0 0 0) 0x7fdf24018350 con 0x7fdf301027d0
2023-12-07T16:03:27.701 INFO:teuthology.orchestra.run.smithi001.stdout:/usr/bin/ceph: stderr
2023-12-07T16:03:27.300+0000 7fdf2d7fa700 1 --2- 172.21.15.1:0/2313214420 >> [v2:172.21.15.1:6800/636205529,v1:172.21.15.1:6801/636205529] conn(0x7fdf20039fb0 0x7fdf2003c390 unknown :-1 s=NONE pgs=0 cs=0 l=1 rev1=0 crypto rx=0 tx=0 comp rx=0 tx=0).connect
2023-12-07T16:03:27.701 INFO:teuthology.orchestra.run.smithi001.stdout:/usr/bin/ceph: stderr
2023-12-07T16:03:27.300+0000 7fdf2d7fa700 1 -- 172.21.15.1:0/2313214420 --> [v2:172.21.15.1:6800/636205529,v1:172.21.15.1:6801/636205529] -- command(tid 0: {"prefix": "get_command_descriptions"}) v1 -- 0x7fdf20039200 con 0x7fdf20039fb0
2023-12-07T16:03:27.701 INFO:teuthology.orchestra.run.smithi001.stdout:/usr/bin/ceph: stderr
2023-12-07T16:03:27.305+0000 7fdf2ffff700 1 --2- 172.21.15.1:0/2313214420 >> [v2:172.21.15.1:6800/636205529,v1:172.21.15.1:6801/636205529] conn(0x7fdf20039fb0 0x7fdf2003c390 unknown :-1 s=BANNER_CONNECTING pgs=0 cs=0 l=1 rev1=0 crypto rx=0 tx=0 comp rx=0 tx=0)._handle_peer_banner_payload supported=3 required=0
2023-12-07T16:03:27.702 INFO:teuthology.orchestra.run.smithi001.stdout:/usr/bin/ceph: stderr
2023-12-07T16:03:27.306+0000 7fdf2ffff700 1 --2- 172.21.15.1:0/2313214420 >> [v2:172.21.15.1:6800/636205529,v1:172.21.15.1:6801/636205529] conn(0x7fdf20039fb0 0x7fdf2003c390 secure :-1 s=READY pgs=6 cs=0 l=1 rev1=1 crypto rx=0x7fdf1c0039d0 tx=0x7fdf1c0092f0 comp rx=0 tx=0).ready entity=mgr.14162 client_cookie=0 server_cookie=0 in_seq=0 out_seq=0
2023-12-07T16:03:27.702 INFO:teuthology.orchestra.run.smithi001.stdout:/usr/bin/ceph: stderr
2023-12-07T16:03:27.306+0000 7fdf2d7fa700 1 -- 172.21.15.1:0/2313214420 <== mgr.14162 v2:172.21.15.1:6800/636205529 1 ==== command_reply(tid 0: 0 ) v1 ==== 8+0+6549 (secure 0 0 0) 0x7fdf20039200 con 0x7fdf20039fb0
2023-12-07T16:03:27.702 INFO:teuthology.orchestra.run.smithi001.stdout:/usr/bin/ceph: stderr
2023-12-07T16:03:27.312+0000 7fdf370d3700 1 -- 172.21.15.1:0/2313214420 --> [v2:172.21.15.1:6800/636205529,v1:172.21.15.1:6801/636205529] -- command(tid 1: {"prefix": "mgr_status"}) v1 -- 0x7fdf3004bb80 con 0x7fdf20039fb0
2023-12-07T16:03:27.702 INFO:teuthology.orchestra.run.smithi001.stdout:/usr/bin/ceph: stderr
2023-12-07T16:03:27.313+0000 7fdf2d7fa700 1 -- 172.21.15.1:0/2313214420 <== mgr.14162 v2:172.21.15.1:6800/636205529 2 ==== command_reply(tid 1: 0 ) v1 ==== 8+0+52 (secure 0 0 0) 0x7fdf3004bb80 con 0x7fdf20039fb0
2023-12-07T16:03:27.702 INFO:teuthology.orchestra.run.smithi001.stdout:/usr/bin/ceph: stderr
2023-12-07T16:03:27.313+0000 7fdf370d3700 1 -- 172.21.15.1:0/2313214420 >> [v2:172.21.15.1:6800/636205529,v1:172.21.15.1:6801/636205529] conn(0x7fdf20039fb0 msgr2=0x7fdf2003c390 secure :-1 s=STATE_CONNECTION_ESTABLISHED l=1).mark_down
2023-12-07T16:03:27.702 INFO:teuthology.orchestra.run.smithi001.stdout:/usr/bin/ceph: stderr
2023-12-07T16:03:27.313+0000 7fdf370d3700 1 --2- 172.21.15.1:0/2313214420 >> [v2:172.21.15.1:6800/636205529,v1:172.21.15.1:6801/636205529] conn(0x7fdf20039fb0 0x7fdf2003c390 secure :-1 s=READY pgs=6 cs=0 l=1 rev1=1 crypto rx=0x7fdf1c0039d0 tx=0x7fdf1c0092f0 comp rx=0 tx=0).stop
2023-12-07T16:03:27.702 INFO:teuthology.orchestra.run.smithi001.stdout:/usr/bin/ceph: stderr
2023-12-07T16:03:27.313+0000 7fdf370d3700 1 -- 172.21.15.1:0/2313214420 >> [v2:172.21.15.1:3300/0,v1:172.21.15.1:6789/0] conn(0x7fdf301027d0 msgr2=0x7fdf30110070 secure :-1 s=STATE_CONNECTION_ESTABLISHED l=1).mark_down
2023-12-07T16:03:27.702 INFO:teuthology.orchestra.run.smithi001.stdout:/usr/bin/ceph: stderr
2023-12-07T16:03:27.313+0000 7fdf370d3700 1 --2- 172.21.15.1:0/2313214420 >> [v2:172.21.15.1:3300/0,v1:172.21.15.1:6789/0] conn(0x7fdf301027d0 0x7fdf30110070 secure :-1 s=READY pgs=72 cs=0 l=1 rev1=1 crypto rx=0x7fdf24011b60 tx=0x7fdf24009250 comp rx=0 tx=0).stop
2023-12-07T16:03:27.702 INFO:teuthology.orchestra.run.smithi001.stdout:/usr/bin/ceph: stderr
2023-12-07T16:03:27.313+0000 7fdf370d3700 1 -- 172.21.15.1:0/2313214420 shutdown_connections
2023-12-07T16:03:27.702 INFO:teuthology.orchestra.run.smithi001.stdout:/usr/bin/ceph: stderr
2023-12-07T16:03:27.313+0000 7fdf370d3700 1 --2- 172.21.15.1:0/2313214420 >> [v2:172.21.15.1:3300/0,v1:172.21.15.1:6789/0] conn(0x7fdf301027d0 0x7fdf30110070 unknown :-1 s=CLOSED pgs=72 cs=0 l=1 rev1=1 crypto rx=0 tx=0 comp rx=0 tx=0).stop
2023-12-07T16:03:27.702 INFO:teuthology.orchestra.run.smithi001.stdout:/usr/bin/ceph: stderr
2023-12-07T16:03:27.313+0000 7fdf370d3700 1 --2- 172.21.15.1:0/2313214420 >> [v2:172.21.15.1:6800/636205529,v1:172.21.15.1:6801/636205529] conn(0x7fdf20039fb0 0x7fdf2003c390 unknown :-1 s=CLOSED pgs=6 cs=0 l=1 rev1=1 crypto rx=0 tx=0 comp rx=0 tx=0).stop
2023-12-07T16:03:27.702 INFO:teuthology.orchestra.run.smithi001.stdout:/usr/bin/ceph: stderr
2023-12-07T16:03:27.313+0000 7fdf370d3700 1 --2- 172.21.15.1:0/2313214420 >> [v2:172.21.15.1:6800/2276465089,v1:172.21.15.1:6801/2276465089] conn(0x7fdf20036640 0x7fdf20038af0 unknown :-1 s=CLOSED pgs=0 cs=0 l=1 rev1=0 crypto rx=0 tx=0 comp rx=0 tx=0).stop
2023-12-07T16:03:27.703 INFO:teuthology.orchestra.run.smithi001.stdout:/usr/bin/ceph: stderr
2023-12-07T16:03:27.313+0000 7fdf370d3700 1 -- 172.21.15.1:0/2313214420 >> 172.21.15.1:0/2313214420 conn(0x7fdf300fc0b0 msgr2=0x7fdf300fe4a0 unknown :-1 s=STATE_NONE l=0).mark_down
2023-12-07T16:03:27.703 INFO:teuthology.orchestra.run.smithi001.stdout:/usr/bin/ceph: stderr
2023-12-07T16:03:27.313+0000 7fdf370d3700 1 -- 172.21.15.1:0/2313214420 shutdown_connections
2023-12-07T16:03:27.703 INFO:teuthology.orchestra.run.smithi001.stdout:/usr/bin/ceph: stderr
2023-12-07T16:03:27.313+0000 7fdf370d3700 1 -- 172.21.15.1:0/2313214420 wait complete.
2023-12-07T16:03:27.703 INFO:teuthology.orchestra.run.smithi001.stdout:mgr epoch 9 is available
2023-12-07T16:03:27.703 INFO:teuthology.orchestra.run.smithi001.stdout:Generating a dashboard self-signed certificate...
2023-12-07T16:03:28.700 INFO:journalctl@ceph.mon.smithi001.smithi001.stdout:Dec 07 16:03:28 smithi001 ceph-mon[112093]: from='mgr.14162 172.21.15.1:0/3944689899' entity='mgr.smithi001.tojxeo'
2023-12-07T16:03:28.700 INFO:journalctl@ceph.mon.smithi001.smithi001.stdout:Dec 07 16:03:28 smithi001 ceph-mon[112093]: [07/Dec/2023:16:03:27] ENGINE Bus STARTING
2023-12-07T16:03:28.701 INFO:journalctl@ceph.mon.smithi001.smithi001.stdout:Dec 07 16:03:28 smithi001 ceph-mon[112093]: from='mgr.14162 172.21.15.1:0/3944689899' entity='mgr.smithi001.tojxeo'
2023-12-07T16:03:29.145 INFO:teuthology.orchestra.run.smithi001.stdout:/usr/bin/ceph: stdout Self-signed certificate created
2023-12-07T16:03:29.145 INFO:teuthology.orchestra.run.smithi001.stdout:/usr/bin/ceph: stderr
2023-12-07T16:03:28.387+0000 7f3f39f5b700 1 Processor -- start
2023-12-07T16:03:29.145 INFO:teuthology.orchestra.run.smithi001.stdout:/usr/bin/ceph: stderr
2023-12-07T16:03:28.387+0000 7f3f39f5b700 1 -- start start
2023-12-07T16:03:29.145 INFO:teuthology.orchestra.run.smithi001.stdout:/usr/bin/ceph: stderr
2023-12-07T16:03:28.388+0000 7f3f39f5b700 1 --2- >> [v2:172.21.15.1:3300/0,v1:172.21.15.1:6789/0] conn(0x7f3f341011c0 0x7f3f341015d0 unknown :-1 s=NONE pgs=0 cs=0 l=0 rev1=0 crypto rx=0 tx=0 comp rx=0 tx=0).connect
2023-12-07T16:03:29.145 INFO:teuthology.orchestra.run.smithi001.stdout:/usr/bin/ceph: stderr
2023-12-07T16:03:28.388+0000 7f3f39f5b700 1 -- --> [v2:172.21.15.1:3300/0,v1:172.21.15.1:6789/0] -- mon_getmap magic: 0 v1 -- 0x7f3f34101b10 con 0x7f3f341011c0
2023-12-07T16:03:29.145 INFO:teuthology.orchestra.run.smithi001.stdout:/usr/bin/ceph: stderr
2023-12-07T16:03:28.388+0000 7f3f337fe700 1 --2- >> [v2:172.21.15.1:3300/0,v1:172.21.15.1:6789/0] conn(0x7f3f341011c0 0x7f3f341015d0 unknown :-1 s=BANNER_CONNECTING pgs=0 cs=0 l=0 rev1=0 crypto rx=0 tx=0 comp rx=0 tx=0)._handle_peer_banner_payload supported=3 required=0
2023-12-07T16:03:29.145 INFO:teuthology.orchestra.run.smithi001.stdout:/usr/bin/ceph: stderr
2023-12-07T16:03:28.388+0000 7f3f337fe700 1 --2- >> [v2:172.21.15.1:3300/0,v1:172.21.15.1:6789/0] conn(0x7f3f341011c0 0x7f3f341015d0 unknown :-1 s=HELLO_CONNECTING pgs=0 cs=0 l=0 rev1=1 crypto rx=0 tx=0 comp rx=0 tx=0).handle_hello peer v2:172.21.15.1:3300/0 says I am v2:172.21.15.1:35002/0 (socket says 172.21.15.1:35002)
2023-12-07T16:03:29.146 INFO:teuthology.orchestra.run.smithi001.stdout:/usr/bin/ceph: stderr
2023-12-07T16:03:28.388+0000 7f3f337fe700 1 -- 172.21.15.1:0/1012344993 learned_addr learned my addr 172.21.15.1:0/1012344993 (peer_addr_for_me v2:172.21.15.1:0/0)
2023-12-07T16:03:29.146 INFO:teuthology.orchestra.run.smithi001.stdout:/usr/bin/ceph: stderr
2023-12-07T16:03:28.388+0000 7f3f337fe700 1 -- 172.21.15.1:0/1012344993 --> [v2:172.21.15.1:3300/0,v1:172.21.15.1:6789/0] -- mon_subscribe({config=0+,monmap=0+}) v3 -- 0x7f3f34101c50 con 0x7f3f341011c0
2023-12-07T16:03:29.146 INFO:teuthology.orchestra.run.smithi001.stdout:/usr/bin/ceph: stderr
2023-12-07T16:03:28.388+0000 7f3f337fe700 1 --2- 172.21.15.1:0/1012344993 >> [v2:172.21.15.1:3300/0,v1:172.21.15.1:6789/0] conn(0x7f3f341011c0 0x7f3f341015d0 secure :-1 s=READY pgs=80 cs=0 l=1 rev1=1 crypto rx=0x7f3f1c0098e0 tx=0x7f3f1c009250 comp rx=0 tx=0).ready entity=mon.0 client_cookie=99d34a9b96438cc7 server_cookie=0 in_seq=0 out_seq=0
2023-12-07T16:03:29.146 INFO:teuthology.orchestra.run.smithi001.stdout:/usr/bin/ceph: stderr
2023-12-07T16:03:28.388+0000 7f3f327fc700 1 -- 172.21.15.1:0/1012344993 <== mon.0 v2:172.21.15.1:3300/0 1 ==== mon_map magic: 0 v1 ==== 229+0+0 (secure 0 0 0) 0x7f3f1c00b860 con 0x7f3f341011c0
2023-12-07T16:03:29.146 INFO:teuthology.orchestra.run.smithi001.stdout:/usr/bin/ceph: stderr
2023-12-07T16:03:28.388+0000 7f3f327fc700 1 -- 172.21.15.1:0/1012344993 <== mon.0 v2:172.21.15.1:3300/0 2 ==== config(26 keys) v1 ==== 1074+0+0 (secure 0 0 0) 0x7f3f1c00be70 con 0x7f3f341011c0
2023-12-07T16:03:29.146 INFO:teuthology.orchestra.run.smithi001.stdout:/usr/bin/ceph: stderr
2023-12-07T16:03:28.388+0000 7f3f327fc700 1 -- 172.21.15.1:0/1012344993 <== mon.0 v2:172.21.15.1:3300/0 3 ==== mon_map magic: 0 v1 ==== 229+0+0 (secure 0 0 0) 0x7f3f1c010380 con 0x7f3f341011c0
2023-12-07T16:03:29.146 INFO:teuthology.orchestra.run.smithi001.stdout:/usr/bin/ceph: stderr
2023-12-07T16:03:28.389+0000 7f3f39f5b700 1 -- 172.21.15.1:0/1012344993 >> [v2:172.21.15.1:3300/0,v1:172.21.15.1:6789/0] conn(0x7f3f341011c0 msgr2=0x7f3f341015d0 secure :-1 s=STATE_CONNECTION_ESTABLISHED l=1).mark_down
2023-12-07T16:03:29.146 INFO:teuthology.orchestra.run.smithi001.stdout:/usr/bin/ceph: stderr
2023-12-07T16:03:28.389+0000 7f3f39f5b700 1 --2- 172.21.15.1:0/1012344993 >> [v2:172.21.15.1:3300/0,v1:172.21.15.1:6789/0] conn(0x7f3f341011c0 0x7f3f341015d0 secure :-1 s=READY pgs=80 cs=0 l=1 rev1=1 crypto rx=0x7f3f1c0098e0 tx=0x7f3f1c009250 comp rx=0 tx=0).stop
2023-12-07T16:03:29.146 INFO:teuthology.orchestra.run.smithi001.stdout:/usr/bin/ceph: stderr
2023-12-07T16:03:28.389+0000 7f3f39f5b700 1 -- 172.21.15.1:0/1012344993 shutdown_connections
2023-12-07T16:03:29.146 INFO:teuthology.orchestra.run.smithi001.stdout:/usr/bin/ceph: stderr
2023-12-07T16:03:28.389+0000 7f3f39f5b700 1 --2- 172.21.15.1:0/1012344993 >> [v2:172.21.15.1:3300/0,v1:172.21.15.1:6789/0] conn(0x7f3f341011c0 0x7f3f341015d0 unknown :-1 s=CLOSED pgs=80 cs=0 l=1 rev1=1 crypto rx=0 tx=0 comp rx=0 tx=0).stop
2023-12-07T16:03:29.146 INFO:teuthology.orchestra.run.smithi001.stdout:/usr/bin/ceph: stderr
2023-12-07T16:03:28.389+0000 7f3f39f5b700 1 -- 172.21.15.1:0/1012344993 >> 172.21.15.1:0/1012344993 conn(0x7f3f340fc980 msgr2=0x7f3f340fed90 unknown :-1 s=STATE_NONE l=0).mark_down
2023-12-07T16:03:29.146 INFO:teuthology.orchestra.run.smithi001.stdout:/usr/bin/ceph: stderr
2023-12-07T16:03:28.389+0000 7f3f39f5b700 1 -- 172.21.15.1:0/1012344993 shutdown_connections
2023-12-07T16:03:29.146 INFO:teuthology.orchestra.run.smithi001.stdout:/usr/bin/ceph: stderr
2023-12-07T16:03:28.389+0000 7f3f39f5b700 1 -- 172.21.15.1:0/1012344993 wait complete.
2023-12-07T16:03:29.147 INFO:teuthology.orchestra.run.smithi001.stdout:/usr/bin/ceph: stderr
2023-12-07T16:03:28.390+0000 7f3f39f5b700 1 Processor -- start
2023-12-07T16:03:29.147 INFO:teuthology.orchestra.run.smithi001.stdout:/usr/bin/ceph: stderr
2023-12-07T16:03:28.390+0000 7f3f39f5b700 1 -- start start
2023-12-07T16:03:29.147 INFO:teuthology.orchestra.run.smithi001.stdout:/usr/bin/ceph: stderr
2023-12-07T16:03:28.391+0000 7f3f39f5b700 1 --2- >> [v2:172.21.15.1:3300/0,v1:172.21.15.1:6789/0] conn(0x7f3f341011c0 0x7f3f34113ea0 unknown :-1 s=NONE pgs=0 cs=0 l=1 rev1=0 crypto rx=0 tx=0 comp rx=0 tx=0).connect
2023-12-07T16:03:29.147 INFO:teuthology.orchestra.run.smithi001.stdout:/usr/bin/ceph: stderr
2023-12-07T16:03:28.391+0000 7f3f39f5b700 1 -- --> [v2:172.21.15.1:3300/0,v1:172.21.15.1:6789/0] -- mon_getmap magic: 0 v1 -- 0x7f3f34076bf0 con 0x7f3f341011c0
2023-12-07T16:03:29.147 INFO:teuthology.orchestra.run.smithi001.stdout:/usr/bin/ceph: stderr
2023-12-07T16:03:28.391+0000 7f3f337fe700 1 --2- >> [v2:172.21.15.1:3300/0,v1:172.21.15.1:6789/0] conn(0x7f3f341011c0 0x7f3f34113ea0 unknown :-1 s=BANNER_CONNECTING pgs=0 cs=0 l=1 rev1=0 crypto rx=0 tx=0 comp rx=0 tx=0)._handle_peer_banner_payload supported=3 required=0
2023-12-07T16:03:29.147 INFO:teuthology.orchestra.run.smithi001.stdout:/usr/bin/ceph: stderr
2023-12-07T16:03:28.391+0000 7f3f337fe700 1 --2- >> [v2:172.21.15.1:3300/0,v1:172.21.15.1:6789/0] conn(0x7f3f341011c0 0x7f3f34113ea0 unknown :-1 s=HELLO_CONNECTING pgs=0 cs=0 l=1 rev1=1 crypto rx=0 tx=0 comp rx=0 tx=0).handle_hello peer v2:172.21.15.1:3300/0 says I am v2:172.21.15.1:35014/0 (socket says 172.21.15.1:35014)
2023-12-07T16:03:29.147 INFO:teuthology.orchestra.run.smithi001.stdout:/usr/bin/ceph: stderr
2023-12-07T16:03:28.391+0000 7f3f337fe700 1 -- 172.21.15.1:0/2520503916 learned_addr learned my addr 172.21.15.1:0/2520503916 (peer_addr_for_me v2:172.21.15.1:0/0)
2023-12-07T16:03:29.147 INFO:teuthology.orchestra.run.smithi001.stdout:/usr/bin/ceph: stderr
2023-12-07T16:03:28.391+0000 7f3f337fe700 1 -- 172.21.15.1:0/2520503916 --> [v2:172.21.15.1:3300/0,v1:172.21.15.1:6789/0] -- mon_subscribe({config=0+,monmap=0+}) v3 -- 0x7f3f1c0094f0 con 0x7f3f341011c0
2023-12-07T16:03:29.147 INFO:teuthology.orchestra.run.smithi001.stdout:/usr/bin/ceph: stderr
2023-12-07T16:03:28.391+0000 7f3f337fe700 1 --2- 172.21.15.1:0/2520503916 >> [v2:172.21.15.1:3300/0,v1:172.21.15.1:6789/0] conn(0x7f3f341011c0 0x7f3f34113ea0 secure :-1 s=READY pgs=81 cs=0 l=1 rev1=1 crypto rx=0x7f3f1c00c010 tx=0x7f3f1c009250 comp rx=0 tx=0).ready entity=mon.0 client_cookie=0 server_cookie=0 in_seq=0 out_seq=0
