2023-12-07T16:02:53.670 INFO:teuthology.orchestra.run.smithi001.stdout:/usr/bin/ceph: stderr
2023-12-07T16:02:51.397+0000 7f64e49ae700 1 -- 172.21.15.1:0/3359379339 shutdown_connections
2023-12-07T16:02:53.670 INFO:teuthology.orchestra.run.smithi001.stdout:/usr/bin/ceph: stderr
2023-12-07T16:02:51.397+0000 7f64e49ae700 1 -- 172.21.15.1:0/3359379339 wait complete.
2023-12-07T16:02:53.670 INFO:teuthology.orchestra.run.smithi001.stdout:/usr/bin/ceph: stderr
2023-12-07T16:02:51.398+0000 7f64e49ae700 1 Processor -- start
2023-12-07T16:02:53.670 INFO:teuthology.orchestra.run.smithi001.stdout:/usr/bin/ceph: stderr
2023-12-07T16:02:51.398+0000 7f64e49ae700 1 -- start start
2023-12-07T16:02:53.671 INFO:teuthology.orchestra.run.smithi001.stdout:/usr/bin/ceph: stderr
2023-12-07T16:02:51.398+0000 7f64e49ae700 1 --2- >> [v2:172.21.15.1:3300/0,v1:172.21.15.1:6789/0] conn(0x7f64e01022d0 0x7f64e0077c00 unknown :-1 s=NONE pgs=0 cs=0 l=1 rev1=0 crypto rx=0 tx=0 comp rx=0 tx=0).connect
2023-12-07T16:02:53.671 INFO:teuthology.orchestra.run.smithi001.stdout:/usr/bin/ceph: stderr
2023-12-07T16:02:51.398+0000 7f64e49ae700 1 -- --> [v2:172.21.15.1:3300/0,v1:172.21.15.1:6789/0] -- mon_getmap magic: 0 v1 -- 0x7f64e0076080 con 0x7f64e01022d0
2023-12-07T16:02:53.671 INFO:teuthology.orchestra.run.smithi001.stdout:/usr/bin/ceph: stderr
2023-12-07T16:02:51.398+0000 7f64de59c700 1 --2- >> [v2:172.21.15.1:3300/0,v1:172.21.15.1:6789/0] conn(0x7f64e01022d0 0x7f64e0077c00 unknown :-1 s=BANNER_CONNECTING pgs=0 cs=0 l=1 rev1=0 crypto rx=0 tx=0 comp rx=0 tx=0)._handle_peer_banner_payload supported=3 required=0
2023-12-07T16:02:53.671 INFO:teuthology.orchestra.run.smithi001.stdout:/usr/bin/ceph: stderr
2023-12-07T16:02:51.398+0000 7f64de59c700 1 --2- >> [v2:172.21.15.1:3300/0,v1:172.21.15.1:6789/0] conn(0x7f64e01022d0 0x7f64e0077c00 unknown :-1 s=HELLO_CONNECTING pgs=0 cs=0 l=1 rev1=1 crypto rx=0 tx=0 comp rx=0 tx=0).handle_hello peer v2:172.21.15.1:3300/0 says I am v2:172.21.15.1:38742/0 (socket says 172.21.15.1:38742)
2023-12-07T16:02:53.671 INFO:teuthology.orchestra.run.smithi001.stdout:/usr/bin/ceph: stderr
2023-12-07T16:02:51.398+0000 7f64de59c700 1 -- 172.21.15.1:0/615900077 learned_addr learned my addr 172.21.15.1:0/615900077 (peer_addr_for_me v2:172.21.15.1:0/0)
2023-12-07T16:02:53.671 INFO:teuthology.orchestra.run.smithi001.stdout:/usr/bin/ceph: stderr
2023-12-07T16:02:51.399+0000 7f64de59c700 1 -- 172.21.15.1:0/615900077 --> [v2:172.21.15.1:3300/0,v1:172.21.15.1:6789/0] -- mon_subscribe({config=0+,monmap=0+}) v3 -- 0x7f64d00094f0 con 0x7f64e01022d0
2023-12-07T16:02:53.671 INFO:teuthology.orchestra.run.smithi001.stdout:/usr/bin/ceph: stderr
2023-12-07T16:02:51.399+0000 7f64de59c700 1 --2- 172.21.15.1:0/615900077 >> [v2:172.21.15.1:3300/0,v1:172.21.15.1:6789/0] conn(0x7f64e01022d0 0x7f64e0077c00 secure :-1 s=READY pgs=23 cs=0 l=1 rev1=1 crypto rx=0x7f64d0000c00 tx=0x7f64d0009250 comp rx=0 tx=0).ready entity=mon.0 client_cookie=0 server_cookie=0 in_seq=0 out_seq=0
2023-12-07T16:02:53.671 INFO:teuthology.orchestra.run.smithi001.stdout:/usr/bin/ceph: stderr
2023-12-07T16:02:51.399+0000 7f64d6ffd700 1 -- 172.21.15.1:0/615900077 <== mon.0 v2:172.21.15.1:3300/0 1 ==== mon_map magic: 0 v1 ==== 229+0+0 (secure 0 0 0) 0x7f64d0010a80 con 0x7f64e01022d0
2023-12-07T16:02:53.671 INFO:teuthology.orchestra.run.smithi001.stdout:/usr/bin/ceph: stderr
2023-12-07T16:02:51.399+0000 7f64d6ffd700 1 -- 172.21.15.1:0/615900077 <== mon.0 v2:172.21.15.1:3300/0 2 ==== config(26 keys) v1 ==== 1009+0+0 (secure 0 0 0) 0x7f64d001a430 con 0x7f64e01022d0
2023-12-07T16:02:53.671 INFO:teuthology.orchestra.run.smithi001.stdout:/usr/bin/ceph: stderr
2023-12-07T16:02:51.399+0000 7f64e49ae700 1 -- 172.21.15.1:0/615900077 --> [v2:172.21.15.1:3300/0,v1:172.21.15.1:6789/0] -- mon_subscribe({mgrmap=0+}) v3 -- 0x7f64e0076280 con 0x7f64e01022d0
2023-12-07T16:02:53.671 INFO:teuthology.orchestra.run.smithi001.stdout:/usr/bin/ceph: stderr
2023-12-07T16:02:51.399+0000 7f64d6ffd700 1 -- 172.21.15.1:0/615900077 <== mon.0 v2:172.21.15.1:3300/0 3 ==== mon_map magic: 0 v1 ==== 229+0+0 (secure 0 0 0) 0x7f64d00245b0 con 0x7f64e01022d0
2023-12-07T16:02:53.671 INFO:teuthology.orchestra.run.smithi001.stdout:/usr/bin/ceph: stderr
2023-12-07T16:02:51.399+0000 7f64e49ae700 1 -- 172.21.15.1:0/615900077 --> [v2:172.21.15.1:3300/0,v1:172.21.15.1:6789/0] -- mon_subscribe({osdmap=0}) v3 -- 0x7f64e0076690 con 0x7f64e01022d0
2023-12-07T16:02:53.671 INFO:teuthology.orchestra.run.smithi001.stdout:/usr/bin/ceph: stderr
2023-12-07T16:02:51.400+0000 7f64d6ffd700 1 -- 172.21.15.1:0/615900077 <== mon.0 v2:172.21.15.1:3300/0 4 ==== mgrmap(e 4) v1 ==== 43270+0+0 (secure 0 0 0) 0x7f64d00247a0 con 0x7f64e01022d0
2023-12-07T16:02:53.671 INFO:teuthology.orchestra.run.smithi001.stdout:/usr/bin/ceph: stderr
2023-12-07T16:02:51.400+0000 7f64e49ae700 1 -- 172.21.15.1:0/615900077 --> [v2:172.21.15.1:3300/0,v1:172.21.15.1:6789/0] -- mon_command({"prefix": "get_command_descriptions"} v 0) v1 -- 0x7f64e004bb80 con 0x7f64e01022d0
2023-12-07T16:02:53.671 INFO:teuthology.orchestra.run.smithi001.stdout:/usr/bin/ceph: stderr
2023-12-07T16:02:51.400+0000 7f64d6ffd700 1 --2- 172.21.15.1:0/615900077 >> [v2:172.21.15.1:6800/167957634,v1:172.21.15.1:6801/167957634] conn(0x7f64cc0365f0 0x7f64cc038aa0 unknown :-1 s=NONE pgs=0 cs=0 l=1 rev1=0 crypto rx=0 tx=0 comp rx=0 tx=0).connect
2023-12-07T16:02:53.672 INFO:teuthology.orchestra.run.smithi001.stdout:/usr/bin/ceph: stderr
2023-12-07T16:02:51.400+0000 7f64d6ffd700 1 -- 172.21.15.1:0/615900077 <== mon.0 v2:172.21.15.1:3300/0 5 ==== osd_map(1..1 src has 1..1) v4 ==== 721+0+0 (secure 0 0 0) 0x7f64d004ac30 con 0x7f64e01022d0
2023-12-07T16:02:53.672 INFO:teuthology.orchestra.run.smithi001.stdout:/usr/bin/ceph: stderr
2023-12-07T16:02:51.400+0000 7f64ddd9b700 1 --2- 172.21.15.1:0/615900077 >> [v2:172.21.15.1:6800/167957634,v1:172.21.15.1:6801/167957634] conn(0x7f64cc0365f0 0x7f64cc038aa0 unknown :-1 s=BANNER_CONNECTING pgs=0 cs=0 l=1 rev1=0 crypto rx=0 tx=0 comp rx=0 tx=0)._handle_peer_banner_payload supported=3 required=0
2023-12-07T16:02:53.672 INFO:teuthology.orchestra.run.smithi001.stdout:/usr/bin/ceph: stderr
2023-12-07T16:02:51.401+0000 7f64ddd9b700 1 --2- 172.21.15.1:0/615900077 >> [v2:172.21.15.1:6800/167957634,v1:172.21.15.1:6801/167957634] conn(0x7f64cc0365f0 0x7f64cc038aa0 secure :-1 s=READY pgs=8 cs=0 l=1 rev1=1 crypto rx=0x7f64c8009990 tx=0x7f64c8006e40 comp rx=0 tx=0).ready entity=mgr.14100 client_cookie=0 server_cookie=0 in_seq=0 out_seq=0
2023-12-07T16:02:53.672 INFO:teuthology.orchestra.run.smithi001.stdout:/usr/bin/ceph: stderr
2023-12-07T16:02:51.405+0000 7f64d6ffd700 1 -- 172.21.15.1:0/615900077 <== mon.0 v2:172.21.15.1:3300/0 6 ==== mon_command_ack([{"prefix": "get_command_descriptions"}]=0 v0) v1 ==== 72+0+174570 (secure 0 0 0) 0x7f64d0023df0 con 0x7f64e01022d0
2023-12-07T16:02:53.672 INFO:teuthology.orchestra.run.smithi001.stdout:/usr/bin/ceph: stderr
2023-12-07T16:02:51.662+0000 7f64e49ae700 1 -- 172.21.15.1:0/615900077 --> [v2:172.21.15.1:3300/0,v1:172.21.15.1:6789/0] -- mon_command({"prefix": "mgr module enable", "module": "cephadm"} v 0) v1 -- 0x7f64e01040e0 con 0x7f64e01022d0
2023-12-07T16:02:53.672 INFO:teuthology.orchestra.run.smithi001.stdout:/usr/bin/ceph: stderr
2023-12-07T16:02:51.715+0000 7f64d6ffd700 1 -- 172.21.15.1:0/615900077 <== mon.0 v2:172.21.15.1:3300/0 7 ==== mgrmap(e 5) v1 ==== 43281+0+0 (secure 0 0 0) 0x7f64d001a610 con 0x7f64e01022d0
2023-12-07T16:02:53.672 INFO:teuthology.orchestra.run.smithi001.stdout:/usr/bin/ceph: stderr
2023-12-07T16:02:51.716+0000 7f64d6ffd700 1 -- 172.21.15.1:0/615900077 <== mon.0 v2:172.21.15.1:3300/0 8 ==== mon_command_ack([{"prefix": "mgr module enable", "module": "cephadm"}]=0 v5) v1 ==== 86+0+0 (secure 0 0 0) 0x7f64d000fca0 con 0x7f64e01022d0
2023-12-07T16:02:53.672 INFO:teuthology.orchestra.run.smithi001.stdout:/usr/bin/ceph: stderr
2023-12-07T16:02:51.719+0000 7f64e49ae700 1 -- 172.21.15.1:0/615900077 >> [v2:172.21.15.1:6800/167957634,v1:172.21.15.1:6801/167957634] conn(0x7f64cc0365f0 msgr2=0x7f64cc038aa0 secure :-1 s=STATE_CONNECTION_ESTABLISHED l=1).mark_down
2023-12-07T16:02:53.672 INFO:teuthology.orchestra.run.smithi001.stdout:/usr/bin/ceph: stderr
2023-12-07T16:02:51.719+0000 7f64e49ae700 1 --2- 172.21.15.1:0/615900077 >> [v2:172.21.15.1:6800/167957634,v1:172.21.15.1:6801/167957634] conn(0x7f64cc0365f0 0x7f64cc038aa0 secure :-1 s=READY pgs=8 cs=0 l=1 rev1=1 crypto rx=0x7f64c8009990 tx=0x7f64c8006e40 comp rx=0 tx=0).stop
2023-12-07T16:02:53.672 INFO:teuthology.orchestra.run.smithi001.stdout:/usr/bin/ceph: stderr
2023-12-07T16:02:51.719+0000 7f64e49ae700 1 -- 172.21.15.1:0/615900077 >> [v2:172.21.15.1:3300/0,v1:172.21.15.1:6789/0] conn(0x7f64e01022d0 msgr2=0x7f64e0077c00 secure :-1 s=STATE_CONNECTION_ESTABLISHED l=1).mark_down
2023-12-07T16:02:53.672 INFO:teuthology.orchestra.run.smithi001.stdout:/usr/bin/ceph: stderr
2023-12-07T16:02:51.719+0000 7f64e49ae700 1 --2- 172.21.15.1:0/615900077 >> [v2:172.21.15.1:3300/0,v1:172.21.15.1:6789/0] conn(0x7f64e01022d0 0x7f64e0077c00 secure :-1 s=READY pgs=23 cs=0 l=1 rev1=1 crypto rx=0x7f64d0000c00 tx=0x7f64d0009250 comp rx=0 tx=0).stop
2023-12-07T16:02:53.672 INFO:teuthology.orchestra.run.smithi001.stdout:/usr/bin/ceph: stderr
2023-12-07T16:02:51.719+0000 7f64e49ae700 1 -- 172.21.15.1:0/615900077 shutdown_connections
2023-12-07T16:02:53.672 INFO:teuthology.orchestra.run.smithi001.stdout:/usr/bin/ceph: stderr
2023-12-07T16:02:51.719+0000 7f64e49ae700 1 --2- 172.21.15.1:0/615900077 >> [v2:172.21.15.1:6800/167957634,v1:172.21.15.1:6801/167957634] conn(0x7f64cc0365f0 0x7f64cc038aa0 unknown :-1 s=CLOSED pgs=8 cs=0 l=1 rev1=1 crypto rx=0 tx=0 comp rx=0 tx=0).stop
2023-12-07T16:02:53.672 INFO:teuthology.orchestra.run.smithi001.stdout:/usr/bin/ceph: stderr
2023-12-07T16:02:51.719+0000 7f64e49ae700 1 --2- 172.21.15.1:0/615900077 >> [v2:172.21.15.1:3300/0,v1:172.21.15.1:6789/0] conn(0x7f64e01022d0 0x7f64e0077c00 unknown :-1 s=CLOSED pgs=23 cs=0 l=1 rev1=1 crypto rx=0 tx=0 comp rx=0 tx=0).stop
2023-12-07T16:02:53.672 INFO:teuthology.orchestra.run.smithi001.stdout:/usr/bin/ceph: stderr
2023-12-07T16:02:51.719+0000 7f64e49ae700 1 -- 172.21.15.1:0/615900077 >> 172.21.15.1:0/615900077 conn(0x7f64e00fda50 msgr2=0x7f64e00ff250 unknown :-1 s=STATE_NONE l=0).mark_down
2023-12-07T16:02:53.673 INFO:teuthology.orchestra.run.smithi001.stdout:/usr/bin/ceph: stderr
2023-12-07T16:02:51.719+0000 7f64e49ae700 1 -- 172.21.15.1:0/615900077 shutdown_connections
2023-12-07T16:02:53.673 INFO:teuthology.orchestra.run.smithi001.stdout:/usr/bin/ceph: stderr
2023-12-07T16:02:51.719+0000 7f64e49ae700 1 -- 172.21.15.1:0/615900077 wait complete.
2023-12-07T16:02:55.210 INFO:journalctl@ceph.mon.smithi001.smithi001.stdout:Dec 07 16:02:54 smithi001 ceph-mon[112093]: from='client.? 172.21.15.1:0/3370959058' entity='client.admin' cmd=[{"prefix": "mgr stat"}]: dispatch
2023-12-07T16:02:55.255 INFO:teuthology.orchestra.run.smithi001.stdout:/usr/bin/ceph: stdout {
2023-12-07T16:02:55.255 INFO:teuthology.orchestra.run.smithi001.stdout:/usr/bin/ceph: stdout "epoch": 5,
2023-12-07T16:02:55.255 INFO:teuthology.orchestra.run.smithi001.stdout:/usr/bin/ceph: stdout "available": true,
2023-12-07T16:02:55.255 INFO:teuthology.orchestra.run.smithi001.stdout:/usr/bin/ceph: stdout "active_name": "smithi001.tojxeo",
2023-12-07T16:02:55.255 INFO:teuthology.orchestra.run.smithi001.stdout:/usr/bin/ceph: stdout "num_standby": 0
2023-12-07T16:02:55.255 INFO:teuthology.orchestra.run.smithi001.stdout:/usr/bin/ceph: stdout }
2023-12-07T16:02:55.255 INFO:teuthology.orchestra.run.smithi001.stdout:/usr/bin/ceph: stderr
2023-12-07T16:02:54.593+0000 7f4b0eca4700 1 Processor -- start
2023-12-07T16:02:55.255 INFO:teuthology.orchestra.run.smithi001.stdout:/usr/bin/ceph: stderr
2023-12-07T16:02:54.593+0000 7f4b0eca4700 1 -- start start
2023-12-07T16:02:55.255 INFO:teuthology.orchestra.run.smithi001.stdout:/usr/bin/ceph: stderr
2023-12-07T16:02:54.593+0000 7f4b0eca4700 1 --2- >> [v2:172.21.15.1:3300/0,v1:172.21.15.1:6789/0] conn(0x7f4b081011d0 0x7f4b081015e0 unknown :-1 s=NONE pgs=0 cs=0 l=0 rev1=0 crypto rx=0 tx=0 comp rx=0 tx=0).connect
2023-12-07T16:02:55.256 INFO:teuthology.orchestra.run.smithi001.stdout:/usr/bin/ceph: stderr
2023-12-07T16:02:54.593+0000 7f4b0eca4700 1 -- --> [v2:172.21.15.1:3300/0,v1:172.21.15.1:6789/0] -- mon_getmap magic: 0 v1 -- 0x7f4b08101b20 con 0x7f4b081011d0
2023-12-07T16:02:55.256 INFO:teuthology.orchestra.run.smithi001.stdout:/usr/bin/ceph: stderr
2023-12-07T16:02:54.594+0000 7f4b0ca40700 1 --2- >> [v2:172.21.15.1:3300/0,v1:172.21.15.1:6789/0] conn(0x7f4b081011d0 0x7f4b081015e0 unknown :-1 s=BANNER_CONNECTING pgs=0 cs=0 l=0 rev1=0 crypto rx=0 tx=0 comp rx=0 tx=0)._handle_peer_banner_payload supported=3 required=0
2023-12-07T16:02:55.256 INFO:teuthology.orchestra.run.smithi001.stdout:/usr/bin/ceph: stderr
2023-12-07T16:02:54.594+0000 7f4b0ca40700 1 --2- >> [v2:172.21.15.1:3300/0,v1:172.21.15.1:6789/0] conn(0x7f4b081011d0 0x7f4b081015e0 unknown :-1 s=HELLO_CONNECTING pgs=0 cs=0 l=0 rev1=1 crypto rx=0 tx=0 comp rx=0 tx=0).handle_hello peer v2:172.21.15.1:3300/0 says I am v2:172.21.15.1:48764/0 (socket says 172.21.15.1:48764)
2023-12-07T16:02:55.256 INFO:teuthology.orchestra.run.smithi001.stdout:/usr/bin/ceph: stderr
2023-12-07T16:02:54.594+0000 7f4b0ca40700 1 -- 172.21.15.1:0/3331524632 learned_addr learned my addr 172.21.15.1:0/3331524632 (peer_addr_for_me v2:172.21.15.1:0/0)
2023-12-07T16:02:55.256 INFO:teuthology.orchestra.run.smithi001.stdout:/usr/bin/ceph: stderr
2023-12-07T16:02:54.594+0000 7f4b0ca40700 1 -- 172.21.15.1:0/3331524632 --> [v2:172.21.15.1:3300/0,v1:172.21.15.1:6789/0] -- mon_subscribe({config=0+,monmap=0+}) v3 -- 0x7f4b08101c60 con 0x7f4b081011d0
2023-12-07T16:02:55.256 INFO:teuthology.orchestra.run.smithi001.stdout:/usr/bin/ceph: stderr
2023-12-07T16:02:54.594+0000 7f4b0ca40700 1 --2- 172.21.15.1:0/3331524632 >> [v2:172.21.15.1:3300/0,v1:172.21.15.1:6789/0] conn(0x7f4b081011d0 0x7f4b081015e0 secure :-1 s=READY pgs=26 cs=0 l=1 rev1=1 crypto rx=0x7f4afc0098e0 tx=0x7f4afc009250 comp rx=0 tx=0).ready entity=mon.0 client_cookie=edaf5423ecc08459 server_cookie=0 in_seq=0 out_seq=0
2023-12-07T16:02:55.256 INFO:teuthology.orchestra.run.smithi001.stdout:/usr/bin/ceph: stderr
2023-12-07T16:02:54.594+0000 7f4b077fe700 1 -- 172.21.15.1:0/3331524632 <== mon.0 v2:172.21.15.1:3300/0 1 ==== mon_map magic: 0 v1 ==== 229+0+0 (secure 0 0 0) 0x7f4afc00b860 con 0x7f4b081011d0
2023-12-07T16:02:55.256 INFO:teuthology.orchestra.run.smithi001.stdout:/usr/bin/ceph: stderr
2023-12-07T16:02:54.594+0000 7f4b077fe700 1 -- 172.21.15.1:0/3331524632 <== mon.0 v2:172.21.15.1:3300/0 2 ==== config(26 keys) v1 ==== 1009+0+0 (secure 0 0 0) 0x7f4afc00be30 con 0x7f4b081011d0
2023-12-07T16:02:55.256 INFO:teuthology.orchestra.run.smithi001.stdout:/usr/bin/ceph: stderr
2023-12-07T16:02:54.595+0000 7f4b077fe700 1 -- 172.21.15.1:0/3331524632 <== mon.0 v2:172.21.15.1:3300/0 3 ==== mon_map magic: 0 v1 ==== 229+0+0 (secure 0 0 0) 0x7f4afc010380 con 0x7f4b081011d0
2023-12-07T16:02:55.256 INFO:teuthology.orchestra.run.smithi001.stdout:/usr/bin/ceph: stderr
2023-12-07T16:02:54.595+0000 7f4b0eca4700 1 -- 172.21.15.1:0/3331524632 >> [v2:172.21.15.1:3300/0,v1:172.21.15.1:6789/0] conn(0x7f4b081011d0 msgr2=0x7f4b081015e0 secure :-1 s=STATE_CONNECTION_ESTABLISHED l=1).mark_down
2023-12-07T16:02:55.256 INFO:teuthology.orchestra.run.smithi001.stdout:/usr/bin/ceph: stderr
2023-12-07T16:02:54.595+0000 7f4b0eca4700 1 --2- 172.21.15.1:0/3331524632 >> [v2:172.21.15.1:3300/0,v1:172.21.15.1:6789/0] conn(0x7f4b081011d0 0x7f4b081015e0 secure :-1 s=READY pgs=26 cs=0 l=1 rev1=1 crypto rx=0x7f4afc0098e0 tx=0x7f4afc009250 comp rx=0 tx=0).stop
2023-12-07T16:02:55.256 INFO:teuthology.orchestra.run.smithi001.stdout:/usr/bin/ceph: stderr
2023-12-07T16:02:54.595+0000 7f4b0eca4700 1 -- 172.21.15.1:0/3331524632 shutdown_connections
2023-12-07T16:02:55.256 INFO:teuthology.orchestra.run.smithi001.stdout:/usr/bin/ceph: stderr
2023-12-07T16:02:54.595+0000 7f4b0eca4700 1 --2- 172.21.15.1:0/3331524632 >> [v2:172.21.15.1:3300/0,v1:172.21.15.1:6789/0] conn(0x7f4b081011d0 0x7f4b081015e0 unknown :-1 s=CLOSED pgs=26 cs=0 l=1 rev1=1 crypto rx=0 tx=0 comp rx=0 tx=0).stop
2023-12-07T16:02:55.256 INFO:teuthology.orchestra.run.smithi001.stdout:/usr/bin/ceph: stderr
2023-12-07T16:02:54.595+0000 7f4b0eca4700 1 -- 172.21.15.1:0/3331524632 >> 172.21.15.1:0/3331524632 conn(0x7f4b080fc970 msgr2=0x7f4b080fed80 unknown :-1 s=STATE_NONE l=0).mark_down
2023-12-07T16:02:55.257 INFO:teuthology.orchestra.run.smithi001.stdout:/usr/bin/ceph: stderr
2023-12-07T16:02:54.595+0000 7f4b0eca4700 1 -- 172.21.15.1:0/3331524632 shutdown_connections
2023-12-07T16:02:55.257 INFO:teuthology.orchestra.run.smithi001.stdout:/usr/bin/ceph: stderr
2023-12-07T16:02:54.595+0000 7f4b0eca4700 1 -- 172.21.15.1:0/3331524632 wait complete.
2023-12-07T16:02:55.257 INFO:teuthology.orchestra.run.smithi001.stdout:/usr/bin/ceph: stderr
2023-12-07T16:02:54.596+0000 7f4b0eca4700 1 Processor -- start
2023-12-07T16:02:55.257 INFO:teuthology.orchestra.run.smithi001.stdout:/usr/bin/ceph: stderr
2023-12-07T16:02:54.596+0000 7f4b0eca4700 1 -- start start
2023-12-07T16:02:55.257 INFO:teuthology.orchestra.run.smithi001.stdout:/usr/bin/ceph: stderr
2023-12-07T16:02:54.596+0000 7f4b0eca4700 1 --2- >> [v2:172.21.15.1:3300/0,v1:172.21.15.1:6789/0] conn(0x7f4b081011d0 0x7f4b08107570 unknown :-1 s=NONE pgs=0 cs=0 l=1 rev1=0 crypto rx=0 tx=0 comp rx=0 tx=0).connect
2023-12-07T16:02:55.257 INFO:teuthology.orchestra.run.smithi001.stdout:/usr/bin/ceph: stderr
2023-12-07T16:02:54.596+0000 7f4b0eca4700 1 -- --> [v2:172.21.15.1:3300/0,v1:172.21.15.1:6789/0] -- mon_getmap magic: 0 v1 -- 0x7f4b081059f0 con 0x7f4b081011d0
2023-12-07T16:02:55.257 INFO:teuthology.orchestra.run.smithi001.stdout:/usr/bin/ceph: stderr
2023-12-07T16:02:54.596+0000 7f4b0ca40700 1 --2- >> [v2:172.21.15.1:3300/0,v1:172.21.15.1:6789/0] conn(0x7f4b081011d0 0x7f4b08107570 unknown :-1 s=BANNER_CONNECTING pgs=0 cs=0 l=1 rev1=0 crypto rx=0 tx=0 comp rx=0 tx=0)._handle_peer_banner_payload supported=3 required=0
2023-12-07T16:02:55.257 INFO:teuthology.orchestra.run.smithi001.stdout:/usr/bin/ceph: stderr
2023-12-07T16:02:54.596+0000 7f4b0ca40700 1 --2- >> [v2:172.21.15.1:3300/0,v1:172.21.15.1:6789/0] conn(0x7f4b081011d0 0x7f4b08107570 unknown :-1 s=HELLO_CONNECTING pgs=0 cs=0 l=1 rev1=1 crypto rx=0 tx=0 comp rx=0 tx=0).handle_hello peer v2:172.21.15.1:3300/0 says I am v2:172.21.15.1:48776/0 (socket says 172.21.15.1:48776)
2023-12-07T16:02:55.257 INFO:teuthology.orchestra.run.smithi001.stdout:/usr/bin/ceph: stderr
2023-12-07T16:02:54.596+0000 7f4b0ca40700 1 -- 172.21.15.1:0/3370959058 learned_addr learned my addr 172.21.15.1:0/3370959058 (peer_addr_for_me v2:172.21.15.1:0/0)
2023-12-07T16:02:55.257 INFO:teuthology.orchestra.run.smithi001.stdout:/usr/bin/ceph: stderr
2023-12-07T16:02:54.597+0000 7f4b0ca40700 1 -- 172.21.15.1:0/3370959058 --> [v2:172.21.15.1:3300/0,v1:172.21.15.1:6789/0] -- mon_subscribe({config=0+,monmap=0+}) v3 -- 0x7f4afc0094f0 con 0x7f4b081011d0
2023-12-07T16:02:55.257 INFO:teuthology.orchestra.run.smithi001.stdout:/usr/bin/ceph: stderr
2023-12-07T16:02:54.597+0000 7f4b0ca40700 1 --2- 172.21.15.1:0/3370959058 >> [v2:172.21.15.1:3300/0,v1:172.21.15.1:6789/0] conn(0x7f4b081011d0 0x7f4b08107570 secure :-1 s=READY pgs=27 cs=0 l=1 rev1=1 crypto rx=0x7f4afc000c00 tx=0x7f4afc009250 comp rx=0 tx=0).ready entity=mon.0 client_cookie=0 server_cookie=0 in_seq=0 out_seq=0
2023-12-07T16:02:55.257 INFO:teuthology.orchestra.run.smithi001.stdout:/usr/bin/ceph: stderr
2023-12-07T16:02:54.597+0000 7f4b057fa700 1 -- 172.21.15.1:0/3370959058 <== mon.0 v2:172.21.15.1:3300/0 1 ==== mon_map magic: 0 v1 ==== 229+0+0 (secure 0 0 0) 0x7f4afc010a80 con 0x7f4b081011d0
2023-12-07T16:02:55.257 INFO:teuthology.orchestra.run.smithi001.stdout:/usr/bin/ceph: stderr
2023-12-07T16:02:54.597+0000 7f4b057fa700 1 -- 172.21.15.1:0/3370959058 <== mon.0 v2:172.21.15.1:3300/0 2 ==== config(26 keys) v1 ==== 1009+0+0 (secure 0 0 0) 0x7f4afc01a430 con 0x7f4b081011d0
2023-12-07T16:02:55.257 INFO:teuthology.orchestra.run.smithi001.stdout:/usr/bin/ceph: stderr
2023-12-07T16:02:54.597+0000 7f4b0eca4700 1 -- 172.21.15.1:0/3370959058 --> [v2:172.21.15.1:3300/0,v1:172.21.15.1:6789/0] -- mon_subscribe({mgrmap=0+}) v3 -- 0x7f4b08105bf0 con 0x7f4b081011d0
2023-12-07T16:02:55.257 INFO:teuthology.orchestra.run.smithi001.stdout:/usr/bin/ceph: stderr
2023-12-07T16:02:54.597+0000 7f4b057fa700 1 -- 172.21.15.1:0/3370959058 <== mon.0 v2:172.21.15.1:3300/0 3 ==== mon_map magic: 0 v1 ==== 229+0+0 (secure 0 0 0) 0x7f4afc0245b0 con 0x7f4b081011d0
2023-12-07T16:02:55.258 INFO:teuthology.orchestra.run.smithi001.stdout:/usr/bin/ceph: stderr
2023-12-07T16:02:54.597+0000 7f4b0eca4700 1 -- 172.21.15.1:0/3370959058 --> [v2:172.21.15.1:3300/0,v1:172.21.15.1:6789/0] -- mon_subscribe({osdmap=0}) v3 -- 0x7f4b08106000 con 0x7f4b081011d0
2023-12-07T16:02:55.258 INFO:teuthology.orchestra.run.smithi001.stdout:/usr/bin/ceph: stderr
2023-12-07T16:02:54.598+0000 7f4b057fa700 1 -- 172.21.15.1:0/3370959058 <== mon.0 v2:172.21.15.1:3300/0 4 ==== mgrmap(e 5) v1 ==== 43281+0+0 (secure 0 0 0) 0x7f4afc0247f0 con 0x7f4b081011d0
2023-12-07T16:02:55.258 INFO:teuthology.orchestra.run.smithi001.stdout:/usr/bin/ceph: stderr
2023-12-07T16:02:54.598+0000 7f4b057fa700 1 --2- 172.21.15.1:0/3370959058 >> [v2:172.21.15.1:6800/167957634,v1:172.21.15.1:6801/167957634] conn(0x7f4af80365f0 0x7f4af8038aa0 unknown :-1 s=NONE pgs=0 cs=0 l=1 rev1=0 crypto rx=0 tx=0 comp rx=0 tx=0).connect
2023-12-07T16:02:55.258 INFO:teuthology.orchestra.run.smithi001.stdout:/usr/bin/ceph: stderr
2023-12-07T16:02:54.598+0000 7f4b057fa700 1 -- 172.21.15.1:0/3370959058 <== mon.0 v2:172.21.15.1:3300/0 5 ==== osd_map(1..1 src has 1..1) v4 ==== 721+0+0 (secure 0 0 0) 0x7f4afc04ab80 con 0x7f4b081011d0
2023-12-07T16:02:55.258 INFO:teuthology.orchestra.run.smithi001.stdout:/usr/bin/ceph: stderr
2023-12-07T16:02:54.598+0000 7f4b07fff700 1 -- 172.21.15.1:0/3370959058 >> [v2:172.21.15.1:6800/167957634,v1:172.21.15.1:6801/167957634] conn(0x7f4af80365f0 msgr2=0x7f4af8038aa0 unknown :-1 s=STATE_CONNECTING_RE l=1).process reconnect failed to v2:172.21.15.1:6800/167957634
2023-12-07T16:02:55.258 INFO:teuthology.orchestra.run.smithi001.stdout:/usr/bin/ceph: stderr
2023-12-07T16:02:54.598+0000 7f4b07fff700 1 --2- 172.21.15.1:0/3370959058 >> [v2:172.21.15.1:6800/167957634,v1:172.21.15.1:6801/167957634] conn(0x7f4af80365f0 0x7f4af8038aa0 unknown :-1 s=START_CONNECT pgs=0 cs=0 l=1 rev1=0 crypto rx=0 tx=0 comp rx=0 tx=0)._fault waiting 0.200000
2023-12-07T16:02:55.258 INFO:teuthology.orchestra.run.smithi001.stdout:/usr/bin/ceph: stderr
2023-12-07T16:02:54.599+0000 7f4b0eca4700 1 -- 172.21.15.1:0/3370959058 --> [v2:172.21.15.1:3300/0,v1:172.21.15.1:6789/0] -- mon_command({"prefix": "get_command_descriptions"} v 0) v1 -- 0x7f4b0805f270 con 0x7f4b081011d0
2023-12-07T16:02:55.258 INFO:teuthology.orchestra.run.smithi001.stdout:/usr/bin/ceph: stderr
2023-12-07T16:02:54.604+0000 7f4b057fa700 1 -- 172.21.15.1:0/3370959058 <== mon.0 v2:172.21.15.1:3300/0 6 ==== mon_command_ack([{"prefix": "get_command_descriptions"}]=0 v0) v1 ==== 72+0+174570 (secure 0 0 0) 0x7f4afc018350 con 0x7f4b081011d0
2023-12-07T16:02:55.258 INFO:teuthology.orchestra.run.smithi001.stdout:/usr/bin/ceph: stderr
2023-12-07T16:02:54.799+0000 7f4b07fff700 1 -- 172.21.15.1:0/3370959058 >> [v2:172.21.15.1:6800/167957634,v1:172.21.15.1:6801/167957634] conn(0x7f4af80365f0 msgr2=0x7f4af8038aa0 unknown :-1 s=STATE_CONNECTING_RE l=1).process reconnect failed to v2:172.21.15.1:6800/167957634
2023-12-07T16:02:55.258 INFO:teuthology.orchestra.run.smithi001.stdout:/usr/bin/ceph: stderr
2023-12-07T16:02:54.799+0000 7f4b07fff700 1 --2- 172.21.15.1:0/3370959058 >> [v2:172.21.15.1:6800/167957634,v1:172.21.15.1:6801/167957634] conn(0x7f4af80365f0 0x7f4af8038aa0 unknown :-1 s=START_CONNECT pgs=0 cs=0 l=1 rev1=0 crypto rx=0 tx=0 comp rx=0 tx=0)._fault waiting 0.400000
2023-12-07T16:02:55.258 INFO:teuthology.orchestra.run.smithi001.stdout:/usr/bin/ceph: stderr
2023-12-07T16:02:54.862+0000 7f4b0eca4700 1 -- 172.21.15.1:0/3370959058 --> [v2:172.21.15.1:3300/0,v1:172.21.15.1:6789/0] -- mon_command({"prefix": "mgr stat"} v 0) v1 -- 0x7f4b08106310 con 0x7f4b081011d0
2023-12-07T16:02:55.258 INFO:teuthology.orchestra.run.smithi001.stdout:/usr/bin/ceph: stderr
2023-12-07T16:02:54.862+0000 7f4b057fa700 1 -- 172.21.15.1:0/3370959058 <== mon.0 v2:172.21.15.1:3300/0 7 ==== mon_command_ack([{"prefix": "mgr stat"}]=0 v5) v1 ==== 56+0+103 (secure 0 0 0) 0x7f4afc023b80 con 0x7f4b081011d0
2023-12-07T16:02:55.258 INFO:teuthology.orchestra.run.smithi001.stdout:/usr/bin/ceph: stderr
2023-12-07T16:02:54.866+0000 7f4b0eca4700 1 -- 172.21.15.1:0/3370959058 >> [v2:172.21.15.1:6800/167957634,v1:172.21.15.1:6801/167957634] conn(0x7f4af80365f0 msgr2=0x7f4af8038aa0 unknown :-1 s=STATE_CONNECTING l=1).mark_down
2023-12-07T16:02:55.258 INFO:teuthology.orchestra.run.smithi001.stdout:/usr/bin/ceph: stderr
2023-12-07T16:02:54.866+0000 7f4b0eca4700 1 --2- 172.21.15.1:0/3370959058 >> [v2:172.21.15.1:6800/167957634,v1:172.21.15.1:6801/167957634] conn(0x7f4af80365f0 0x7f4af8038aa0 unknown :-1 s=START_CONNECT pgs=0 cs=0 l=1 rev1=0 crypto rx=0 tx=0 comp rx=0 tx=0).stop
2023-12-07T16:02:55.259 INFO:teuthology.orchestra.run.smithi001.stdout:/usr/bin/ceph: stderr
2023-12-07T16:02:54.866+0000 7f4b0eca4700 1 -- 172.21.15.1:0/3370959058 >> [v2:172.21.15.1:3300/0,v1:172.21.15.1:6789/0] conn(0x7f4b081011d0 msgr2=0x7f4b08107570 secure :-1 s=STATE_CONNECTION_ESTABLISHED l=1).mark_down
2023-12-07T16:02:55.259 INFO:teuthology.orchestra.run.smithi001.stdout:/usr/bin/ceph: stderr
2023-12-07T16:02:54.866+0000 7f4b0eca4700 1 --2- 172.21.15.1:0/3370959058 >> [v2:172.21.15.1:3300/0,v1:172.21.15.1:6789/0] conn(0x7f4b081011d0 0x7f4b08107570 secure :-1 s=READY pgs=27 cs=0 l=1 rev1=1 crypto rx=0x7f4afc000c00 tx=0x7f4afc009250 comp rx=0 tx=0).stop
2023-12-07T16:02:55.259 INFO:teuthology.orchestra.run.smithi001.stdout:/usr/bin/ceph: stderr
2023-12-07T16:02:54.867+0000 7f4b0eca4700 1 -- 172.21.15.1:0/3370959058 shutdown_connections
2023-12-07T16:02:55.259 INFO:teuthology.orchestra.run.smithi001.stdout:/usr/bin/ceph: stderr
2023-12-07T16:02:54.867+0000 7f4b0eca4700 1 --2- 172.21.15.1:0/3370959058 >> [v2:172.21.15.1:6800/167957634,v1:172.21.15.1:6801/167957634] conn(0x7f4af80365f0 0x7f4af8038aa0 unknown :-1 s=CLOSED pgs=0 cs=0 l=1 rev1=0 crypto rx=0 tx=0 comp rx=0 tx=0).stop
2023-12-07T16:02:55.259 INFO:teuthology.orchestra.run.smithi001.stdout:/usr/bin/ceph: stderr
2023-12-07T16:02:54.867+0000 7f4b0eca4700 1 --2- 172.21.15.1:0/3370959058 >> [v2:172.21.15.1:3300/0,v1:172.21.15.1:6789/0] conn(0x7f4b081011d0 0x7f4b08107570 unknown :-1 s=CLOSED pgs=27 cs=0 l=1 rev1=1 crypto rx=0 tx=0 comp rx=0 tx=0).stop
2023-12-07T16:02:55.259 INFO:teuthology.orchestra.run.smithi001.stdout:/usr/bin/ceph: stderr
2023-12-07T16:02:54.867+0000 7f4b0eca4700 1 -- 172.21.15.1:0/3370959058 >> 172.21.15.1:0/3370959058 conn(0x7f4b080fc970 msgr2=0x7f4b08070b90 unknown :-1 s=STATE_NONE l=0).mark_down
2023-12-07T16:02:55.259 INFO:teuthology.orchestra.run.smithi001.stdout:/usr/bin/ceph: stderr
2023-12-07T16:02:54.867+0000 7f4b0eca4700 1 -- 172.21.15.1:0/3370959058 shutdown_connections
2023-12-07T16:02:55.259 INFO:teuthology.orchestra.run.smithi001.stdout:/usr/bin/ceph: stderr
2023-12-07T16:02:54.867+0000 7f4b0eca4700 1 -- 172.21.15.1:0/3370959058 wait complete.
2023-12-07T16:02:55.259 INFO:teuthology.orchestra.run.smithi001.stdout:Waiting for the mgr to restart...
2023-12-07T16:02:55.259 INFO:teuthology.orchestra.run.smithi001.stdout:Waiting for mgr epoch 5...
2023-12-07T16:02:59.242 INFO:journalctl@ceph.mon.smithi001.smithi001.stdout:Dec 07 16:02:59 smithi001 ceph-mon[112093]: Active manager daemon smithi001.tojxeo restarted
2023-12-07T16:02:59.242 INFO:journalctl@ceph.mon.smithi001.smithi001.stdout:Dec 07 16:02:59 smithi001 ceph-mon[112093]: Activating manager daemon smithi001.tojxeo
2023-12-07T16:02:59.242 INFO:journalctl@ceph.mon.smithi001.smithi001.stdout:Dec 07 16:02:59 smithi001 ceph-mon[112093]: osdmap e2: 0 total, 0 up, 0 in
2023-12-07T16:02:59.242 INFO:journalctl@ceph.mon.smithi001.smithi001.stdout:Dec 07 16:02:59 smithi001 ceph-mon[112093]: mgrmap e6: smithi001.tojxeo(active, starting, since 0.00350327s)
2023-12-07T16:02:59.242 INFO:journalctl@ceph.mon.smithi001.smithi001.stdout:Dec 07 16:02:59 smithi001 ceph-mon[112093]: from='mgr.14120 172.21.15.1:0/290786840' entity='mgr.smithi001.tojxeo' cmd=[{"prefix": "mon metadata", "id": "smithi001"}]: dispatch
2023-12-07T16:02:59.242 INFO:journalctl@ceph.mon.smithi001.smithi001.stdout:Dec 07 16:02:59 smithi001 ceph-mon[112093]: from='mgr.14120 172.21.15.1:0/290786840' entity='mgr.smithi001.tojxeo' cmd=[{"prefix": "mgr metadata", "who": "smithi001.tojxeo", "id": "smithi001.tojxeo"}]: dispatch
2023-12-07T16:02:59.242 INFO:journalctl@ceph.mon.smithi001.smithi001.stdout:Dec 07 16:02:59 smithi001 ceph-mon[112093]: from='mgr.14120 172.21.15.1:0/290786840' entity='mgr.smithi001.tojxeo' cmd=[{"prefix": "mds metadata"}]: dispatch
2023-12-07T16:02:59.243 INFO:journalctl@ceph.mon.smithi001.smithi001.stdout:Dec 07 16:02:59 smithi001 ceph-mon[112093]: from='mgr.14120 172.21.15.1:0/290786840' entity='mgr.smithi001.tojxeo' cmd=[{"prefix": "osd metadata"}]: dispatch
2023-12-07T16:02:59.243 INFO:journalctl@ceph.mon.smithi001.smithi001.stdout:Dec 07 16:02:59 smithi001 ceph-mon[112093]: from='mgr.14120 172.21.15.1:0/290786840' entity='mgr.smithi001.tojxeo' cmd=[{"prefix": "mon metadata"}]: dispatch
2023-12-07T16:02:59.243 INFO:journalctl@ceph.mon.smithi001.smithi001.stdout:Dec 07 16:02:59 smithi001 ceph-mon[112093]: Manager daemon smithi001.tojxeo is now available
2023-12-07T16:02:59.243 INFO:journalctl@ceph.mon.smithi001.smithi001.stdout:Dec 07 16:02:59 smithi001 ceph-mon[112093]: from='mgr.14120 172.21.15.1:0/290786840' entity='mgr.smithi001.tojxeo'
2023-12-07T16:02:59.243 INFO:journalctl@ceph.mon.smithi001.smithi001.stdout:Dec 07 16:02:59 smithi001 ceph-mon[112093]: from='mgr.14120 172.21.15.1:0/290786840' entity='mgr.smithi001.tojxeo'
2023-12-07T16:02:59.243 INFO:journalctl@ceph.mon.smithi001.smithi001.stdout:Dec 07 16:02:59 smithi001 ceph-mon[112093]: from='mgr.14120 172.21.15.1:0/290786840' entity='mgr.smithi001.tojxeo' cmd=[{"prefix": "config dump", "format": "json"}]: dispatch
2023-12-07T16:02:59.243 INFO:journalctl@ceph.mon.smithi001.smithi001.stdout:Dec 07 16:02:59 smithi001 ceph-mon[112093]: from='mgr.14120 172.21.15.1:0/290786840' entity='mgr.smithi001.tojxeo' cmd=[{"prefix": "config dump", "format": "json"}]: dispatch
2023-12-07T16:03:00.418 INFO:journalctl@ceph.mon.smithi001.smithi001.stdout:Dec 07 16:03:00 smithi001 ceph-mon[112093]: Found migration_current of "None". Setting to last migration.
2023-12-07T16:03:00.418 INFO:journalctl@ceph.mon.smithi001.smithi001.stdout:Dec 07 16:03:00 smithi001 ceph-mon[112093]: from='mgr.14120 172.21.15.1:0/290786840' entity='mgr.smithi001.tojxeo' cmd=[{"prefix": "config dump", "format": "json"}]: dispatch
2023-12-07T16:03:00.418 INFO:journalctl@ceph.mon.smithi001.smithi001.stdout:Dec 07 16:03:00 smithi001 ceph-mon[112093]: from='mgr.14120 172.21.15.1:0/290786840' entity='mgr.smithi001.tojxeo' cmd=[{"prefix":"config rm","who":"mgr","name":"mgr/rbd_support/smithi001.tojxeo/mirror_snapshot_schedule"}]: dispatch
2023-12-07T16:03:00.418 INFO:journalctl@ceph.mon.smithi001.smithi001.stdout:Dec 07 16:03:00 smithi001 ceph-mon[112093]: from='mgr.14120 172.21.15.1:0/290786840' entity='mgr.smithi001.tojxeo' cmd=[{"prefix":"config rm","who":"mgr","name":"mgr/rbd_support/smithi001.tojxeo/trash_purge_schedule"}]: dispatch
2023-12-07T16:03:00.418 INFO:journalctl@ceph.mon.smithi001.smithi001.stdout:Dec 07 16:03:00 smithi001 ceph-mon[112093]: mgrmap e7: smithi001.tojxeo(active, since 1.0055s)
2023-12-07T16:03:00.440 INFO:teuthology.orchestra.run.smithi001.stdout:/usr/bin/ceph: stdout {
2023-12-07T16:03:00.440 INFO:teuthology.orchestra.run.smithi001.stdout:/usr/bin/ceph: stdout "mgrmap_epoch": 7,
2023-12-07T16:03:00.440 INFO:teuthology.orchestra.run.smithi001.stdout:/usr/bin/ceph: stdout "initialized": true
2023-12-07T16:03:00.440 INFO:teuthology.orchestra.run.smithi001.stdout:/usr/bin/ceph: stdout }
2023-12-07T16:03:00.440 INFO:teuthology.orchestra.run.smithi001.stdout:/usr/bin/ceph: stderr
2023-12-07T16:02:55.678+0000 7f3bfa25e700 1 Processor -- start
2023-12-07T16:03:00.440 INFO:teuthology.orchestra.run.smithi001.stdout:/usr/bin/ceph: stderr
2023-12-07T16:02:55.678+0000 7f3bfa25e700 1 -- start start
2023-12-07T16:03:00.441 INFO:teuthology.orchestra.run.smithi001.stdout:/usr/bin/ceph: stderr
2023-12-07T16:02:55.678+0000 7f3bfa25e700 1 --2- >> [v2:172.21.15.1:3300/0,v1:172.21.15.1:6789/0] conn(0x7f3bf41022d0 0x7f3bf41026e0 unknown :-1 s=NONE pgs=0 cs=0 l=0 rev1=0 crypto rx=0 tx=0 comp rx=0 tx=0).connect
2023-12-07T16:03:00.441 INFO:teuthology.orchestra.run.smithi001.stdout:/usr/bin/ceph: stderr
2023-12-07T16:02:55.678+0000 7f3bfa25e700 1 -- --> [v2:172.21.15.1:3300/0,v1:172.21.15.1:6789/0] -- mon_getmap magic: 0 v1 -- 0x7f3bf4102c20 con 0x7f3bf41022d0
2023-12-07T16:03:00.441 INFO:teuthology.orchestra.run.smithi001.stdout:/usr/bin/ceph: stderr
2023-12-07T16:02:55.679+0000 7f3bf37fe700 1 --2- >> [v2:172.21.15.1:3300/0,v1:172.21.15.1:6789/0] conn(0x7f3bf41022d0 0x7f3bf41026e0 unknown :-1 s=BANNER_CONNECTING pgs=0 cs=0 l=0 rev1=0 crypto rx=0 tx=0 comp rx=0 tx=0)._handle_peer_banner_payload supported=3 required=0
2023-12-07T16:03:00.441 INFO:teuthology.orchestra.run.smithi001.stdout:/usr/bin/ceph: stderr
2023-12-07T16:02:55.679+0000 7f3bf37fe700 1 --2- >> [v2:172.21.15.1:3300/0,v1:172.21.15.1:6789/0] conn(0x7f3bf41022d0 0x7f3bf41026e0 unknown :-1 s=HELLO_CONNECTING pgs=0 cs=0 l=0 rev1=1 crypto rx=0 tx=0 comp rx=0 tx=0).handle_hello peer v2:172.21.15.1:3300/0 says I am v2:172.21.15.1:48784/0 (socket says 172.21.15.1:48784)
2023-12-07T16:03:00.441 INFO:teuthology.orchestra.run.smithi001.stdout:/usr/bin/ceph: stderr
2023-12-07T16:02:55.679+0000 7f3bf37fe700 1 -- 172.21.15.1:0/4125647924 learned_addr learned my addr 172.21.15.1:0/4125647924 (peer_addr_for_me v2:172.21.15.1:0/0)
2023-12-07T16:03:00.441 INFO:teuthology.orchestra.run.smithi001.stdout:/usr/bin/ceph: stderr
2023-12-07T16:02:55.679+0000 7f3bf37fe700 1 -- 172.21.15.1:0/4125647924 --> [v2:172.21.15.1:3300/0,v1:172.21.15.1:6789/0] -- mon_subscribe({config=0+,monmap=0+}) v3 -- 0x7f3bf4102d60 con 0x7f3bf41022d0
2023-12-07T16:03:00.441 INFO:teuthology.orchestra.run.smithi001.stdout:/usr/bin/ceph: stderr
2023-12-07T16:02:55.679+0000 7f3bf37fe700 1 --2- 172.21.15.1:0/4125647924 >> [v2:172.21.15.1:3300/0,v1:172.21.15.1:6789/0] conn(0x7f3bf41022d0 0x7f3bf41026e0 secure :-1 s=READY pgs=28 cs=0 l=1 rev1=1 crypto rx=0x7f3be40098e0 tx=0x7f3be4009250 comp rx=0 tx=0).ready entity=mon.0 client_cookie=f390a9666e84371a server_cookie=0 in_seq=0 out_seq=0
2023-12-07T16:03:00.441 INFO:teuthology.orchestra.run.smithi001.stdout:/usr/bin/ceph: stderr
2023-12-07T16:02:55.679+0000 7f3bf27fc700 1 -- 172.21.15.1:0/4125647924 <== mon.0 v2:172.21.15.1:3300/0 1 ==== mon_map magic: 0 v1 ==== 229+0+0 (secure 0 0 0) 0x7f3be400b860 con 0x7f3bf41022d0
2023-12-07T16:03:00.441 INFO:teuthology.orchestra.run.smithi001.stdout:/usr/bin/ceph: stderr
2023-12-07T16:02:55.679+0000 7f3bf27fc700 1 -- 172.21.15.1:0/4125647924 <== mon.0 v2:172.21.15.1:3300/0 2 ==== config(26 keys) v1 ==== 1009+0+0 (secure 0 0 0) 0x7f3be400be30 con 0x7f3bf41022d0
2023-12-07T16:03:00.441 INFO:teuthology.orchestra.run.smithi001.stdout:/usr/bin/ceph: stderr
2023-12-07T16:02:55.679+0000 7f3bf27fc700 1 -- 172.21.15.1:0/4125647924 <== mon.0 v2:172.21.15.1:3300/0 3 ==== mon_map magic: 0 v1 ==== 229+0+0 (secure 0 0 0) 0x7f3be4010380 con 0x7f3bf41022d0
2023-12-07T16:03:00.441 INFO:teuthology.orchestra.run.smithi001.stdout:/usr/bin/ceph: stderr
2023-12-07T16:02:55.680+0000 7f3bfa25e700 1 -- 172.21.15.1:0/4125647924 >> [v2:172.21.15.1:3300/0,v1:172.21.15.1:6789/0] conn(0x7f3bf41022d0 msgr2=0x7f3bf41026e0 secure :-1 s=STATE_CONNECTION_ESTABLISHED l=1).mark_down
2023-12-07T16:03:00.441 INFO:teuthology.orchestra.run.smithi001.stdout:/usr/bin/ceph: stderr
2023-12-07T16:02:55.680+0000 7f3bfa25e700 1 --2- 172.21.15.1:0/4125647924 >> [v2:172.21.15.1:3300/0,v1:172.21.15.1:6789/0] conn(0x7f3bf41022d0 0x7f3bf41026e0 secure :-1 s=READY pgs=28 cs=0 l=1 rev1=1 crypto rx=0x7f3be40098e0 tx=0x7f3be4009250 comp rx=0 tx=0).stop
2023-12-07T16:03:00.441 INFO:teuthology.orchestra.run.smithi001.stdout:/usr/bin/ceph: stderr
2023-12-07T16:02:55.680+0000 7f3bfa25e700 1 -- 172.21.15.1:0/4125647924 shutdown_connections
2023-12-07T16:03:00.441 INFO:teuthology.orchestra.run.smithi001.stdout:/usr/bin/ceph: stderr
2023-12-07T16:02:55.680+0000 7f3bfa25e700 1 --2- 172.21.15.1:0/4125647924 >> [v2:172.21.15.1:3300/0,v1:172.21.15.1:6789/0] conn(0x7f3bf41022d0 0x7f3bf41026e0 unknown :-1 s=CLOSED pgs=28 cs=0 l=1 rev1=1 crypto rx=0 tx=0 comp rx=0 tx=0).stop
2023-12-07T16:03:00.441 INFO:teuthology.orchestra.run.smithi001.stdout:/usr/bin/ceph: stderr
2023-12-07T16:02:55.680+0000 7f3bfa25e700 1 -- 172.21.15.1:0/4125647924 >> 172.21.15.1:0/4125647924 conn(0x7f3bf40fda50 msgr2=0x7f3bf40ffe60 unknown :-1 s=STATE_NONE l=0).mark_down
2023-12-07T16:03:00.442 INFO:teuthology.orchestra.run.smithi001.stdout:/usr/bin/ceph: stderr
2023-12-07T16:02:55.680+0000 7f3bfa25e700 1 -- 172.21.15.1:0/4125647924 shutdown_connections
2023-12-07T16:03:00.442 INFO:teuthology.orchestra.run.smithi001.stdout:/usr/bin/ceph: stderr
2023-12-07T16:02:55.680+0000 7f3bfa25e700 1 -- 172.21.15.1:0/4125647924 wait complete.
2023-12-07T16:03:00.442 INFO:teuthology.orchestra.run.smithi001.stdout:/usr/bin/ceph: stderr
2023-12-07T16:02:55.681+0000 7f3bfa25e700 1 Processor -- start
2023-12-07T16:03:00.442 INFO:teuthology.orchestra.run.smithi001.stdout:/usr/bin/ceph: stderr
2023-12-07T16:02:55.681+0000 7f3bfa25e700 1 -- start start
2023-12-07T16:03:00.442 INFO:teuthology.orchestra.run.smithi001.stdout:/usr/bin/ceph: stderr
2023-12-07T16:02:55.682+0000 7f3bfa25e700 1 --2- >> [v2:172.21.15.1:3300/0,v1:172.21.15.1:6789/0] conn(0x7f3bf41022d0 0x7f3bf4111140 unknown :-1 s=NONE pgs=0 cs=0 l=1 rev1=0 crypto rx=0 tx=0 comp rx=0 tx=0).connect
2023-12-07T16:03:00.442 INFO:teuthology.orchestra.run.smithi001.stdout:/usr/bin/ceph: stderr
2023-12-07T16:02:55.682+0000 7f3bfa25e700 1 -- --> [v2:172.21.15.1:3300/0,v1:172.21.15.1:6789/0] -- mon_getmap magic: 0 v1 -- 0x7f3bf4111680 con 0x7f3bf41022d0
2023-12-07T16:03:00.442 INFO:teuthology.orchestra.run.smithi001.stdout:/usr/bin/ceph: stderr
2023-12-07T16:02:55.682+0000 7f3bf37fe700 1 --2- >> [v2:172.21.15.1:3300/0,v1:172.21.15.1:6789/0] conn(0x7f3bf41022d0 0x7f3bf4111140 unknown :-1 s=BANNER_CONNECTING pgs=0 cs=0 l=1 rev1=0 crypto rx=0 tx=0 comp rx=0 tx=0)._handle_peer_banner_payload supported=3 required=0
2023-12-07T16:03:00.442 INFO:teuthology.orchestra.run.smithi001.stdout:/usr/bin/ceph: stderr
2023-12-07T16:02:55.682+0000 7f3bf37fe700 1 --2- >> [v2:172.21.15.1:3300/0,v1:172.21.15.1:6789/0] conn(0x7f3bf41022d0 0x7f3bf4111140 unknown :-1 s=HELLO_CONNECTING pgs=0 cs=0 l=1 rev1=1 crypto rx=0 tx=0 comp rx=0 tx=0).handle_hello peer v2:172.21.15.1:3300/0 says I am v2:172.21.15.1:48800/0 (socket says 172.21.15.1:48800)
2023-12-07T16:03:00.442 INFO:teuthology.orchestra.run.smithi001.stdout:/usr/bin/ceph: stderr
2023-12-07T16:02:55.682+0000 7f3bf37fe700 1 -- 172.21.15.1:0/3458466568 learned_addr learned my addr 172.21.15.1:0/3458466568 (peer_addr_for_me v2:172.21.15.1:0/0)
2023-12-07T16:03:00.442 INFO:teuthology.orchestra.run.smithi001.stdout:/usr/bin/ceph: stderr
2023-12-07T16:02:55.682+0000 7f3bf37fe700 1 -- 172.21.15.1:0/3458466568 --> [v2:172.21.15.1:3300/0,v1:172.21.15.1:6789/0] -- mon_subscribe({config=0+,monmap=0+}) v3 -- 0x7f3be40094f0 con 0x7f3bf41022d0
2023-12-07T16:03:00.442 INFO:teuthology.orchestra.run.smithi001.stdout:/usr/bin/ceph: stderr
2023-12-07T16:02:55.682+0000 7f3bf37fe700 1 --2- 172.21.15.1:0/3458466568 >> [v2:172.21.15.1:3300/0,v1:172.21.15.1:6789/0] conn(0x7f3bf41022d0 0x7f3bf4111140 secure :-1 s=READY pgs=29 cs=0 l=1 rev1=1 crypto rx=0x7f3be4006b00 tx=0x7f3be4009250 comp rx=0 tx=0).ready entity=mon.0 client_cookie=0 server_cookie=0 in_seq=0 out_seq=0
2023-12-07T16:03:00.442 INFO:teuthology.orchestra.run.smithi001.stdout:/usr/bin/ceph: stderr
2023-12-07T16:02:55.683+0000 7f3bdbfff700 1 -- 172.21.15.1:0/3458466568 <== mon.0 v2:172.21.15.1:3300/0 1 ==== mon_map magic: 0 v1 ==== 229+0+0 (secure 0 0 0) 0x7f3be40109b0 con 0x7f3bf41022d0
2023-12-07T16:03:00.442 INFO:teuthology.orchestra.run.smithi001.stdout:/usr/bin/ceph: stderr
2023-12-07T16:02:55.683+0000 7f3bdbfff700 1 -- 172.21.15.1:0/3458466568 <== mon.0 v2:172.21.15.1:3300/0 2 ==== config(26 keys) v1 ==== 1009+0+0 (secure 0 0 0) 0x7f3be4024440 con 0x7f3bf41022d0
2023-12-07T16:03:00.442 INFO:teuthology.orchestra.run.smithi001.stdout:/usr/bin/ceph: stderr
2023-12-07T16:02:55.683+0000 7f3bfa25e700 1 -- 172.21.15.1:0/3458466568 --> [v2:172.21.15.1:3300/0,v1:172.21.15.1:6789/0] -- mon_subscribe({mgrmap=0+}) v3 -- 0x7f3bf4111880 con 0x7f3bf41022d0
2023-12-07T16:03:00.442 INFO:teuthology.orchestra.run.smithi001.stdout:/usr/bin/ceph: stderr
2023-12-07T16:02:55.683+0000 7f3bdbfff700 1 -- 172.21.15.1:0/3458466568 <== mon.0 v2:172.21.15.1:3300/0 3 ==== mon_map magic: 0 v1 ==== 229+0+0 (secure 0 0 0) 0x7f3be401a5f0 con 0x7f3bf41022d0
2023-12-07T16:03:00.443 INFO:teuthology.orchestra.run.smithi001.stdout:/usr/bin/ceph: stderr
2023-12-07T16:02:55.683+0000 7f3bfa25e700 1 -- 172.21.15.1:0/3458466568 --> [v2:172.21.15.1:3300/0,v1:172.21.15.1:6789/0] -- mon_subscribe({osdmap=0}) v3 -- 0x7f3bf4111c90 con 0x7f3bf41022d0
2023-12-07T16:03:00.443 INFO:teuthology.orchestra.run.smithi001.stdout:/usr/bin/ceph: stderr
2023-12-07T16:02:55.684+0000 7f3bdbfff700 1 -- 172.21.15.1:0/3458466568 <== mon.0 v2:172.21.15.1:3300/0 4 ==== mgrmap(e 5) v1 ==== 43281+0+0 (secure 0 0 0) 0x7f3be401a8b0 con 0x7f3bf41022d0
2023-12-07T16:03:00.443 INFO:teuthology.orchestra.run.smithi001.stdout:/usr/bin/ceph: stderr
2023-12-07T16:02:55.684+0000 7f3bdbfff700 1 --2- 172.21.15.1:0/3458466568 >> [v2:172.21.15.1:6800/167957634,v1:172.21.15.1:6801/167957634] conn(0x7f3bdc0365f0 0x7f3bdc038aa0 unknown :-1 s=NONE pgs=0 cs=0 l=1 rev1=0 crypto rx=0 tx=0 comp rx=0 tx=0).connect
2023-12-07T16:03:00.443 INFO:teuthology.orchestra.run.smithi001.stdout:/usr/bin/ceph: stderr
2023-12-07T16:02:55.684+0000 7f3bdbfff700 1 -- 172.21.15.1:0/3458466568 --> [v2:172.21.15.1:6800/167957634,v1:172.21.15.1:6801/167957634] -- command(tid 0: {"prefix": "get_command_descriptions"}) v1 -- 0x7f3bdc0391b0 con 0x7f3bdc0365f0
2023-12-07T16:03:00.443 INFO:teuthology.orchestra.run.smithi001.stdout:/usr/bin/ceph: stderr
2023-12-07T16:02:55.684+0000 7f3bf2ffd700 1 -- 172.21.15.1:0/3458466568 >> [v2:172.21.15.1:6800/167957634,v1:172.21.15.1:6801/167957634] conn(0x7f3bdc0365f0 msgr2=0x7f3bdc038aa0 unknown :-1 s=STATE_CONNECTING_RE l=1).process reconnect failed to v2:172.21.15.1:6800/167957634
2023-12-07T16:03:00.443 INFO:teuthology.orchestra.run.smithi001.stdout:/usr/bin/ceph: stderr
2023-12-07T16:02:55.684+0000 7f3bdbfff700 1 -- 172.21.15.1:0/3458466568 <== mon.0 v2:172.21.15.1:3300/0 5 ==== osd_map(1..1 src has 1..1) v4 ==== 721+0+0 (secure 0 0 0) 0x7f3be404a720 con 0x7f3bf41022d0
2023-12-07T16:03:00.443 INFO:teuthology.orchestra.run.smithi001.stdout:/usr/bin/ceph: stderr
2023-12-07T16:02:55.684+0000 7f3bf2ffd700 1 --2- 172.21.15.1:0/3458466568 >> [v2:172.21.15.1:6800/167957634,v1:172.21.15.1:6801/167957634] conn(0x7f3bdc0365f0 0x7f3bdc038aa0 unknown :-1 s=START_CONNECT pgs=0 cs=0 l=1 rev1=0 crypto rx=0 tx=0 comp rx=0 tx=0)._fault waiting 0.200000
2023-12-07T16:03:00.443 INFO:teuthology.orchestra.run.smithi001.stdout:/usr/bin/ceph: stderr
2023-12-07T16:02:55.885+0000 7f3bf2ffd700 1 -- 172.21.15.1:0/3458466568 >> [v2:172.21.15.1:6800/167957634,v1:172.21.15.1:6801/167957634] conn(0x7f3bdc0365f0 msgr2=0x7f3bdc038aa0 unknown :-1 s=STATE_CONNECTING_RE l=1).process reconnect failed to v2:172.21.15.1:6800/167957634
2023-12-07T16:03:00.443 INFO:teuthology.orchestra.run.smithi001.stdout:/usr/bin/ceph: stderr
2023-12-07T16:02:55.885+0000 7f3bf2ffd700 1 --2- 172.21.15.1:0/3458466568 >> [v2:172.21.15.1:6800/167957634,v1:172.21.15.1:6801/167957634] conn(0x7f3bdc0365f0 0x7f3bdc038aa0 unknown :-1 s=START_CONNECT pgs=0 cs=0 l=1 rev1=0 crypto rx=0 tx=0 comp rx=0 tx=0)._fault waiting 0.400000
2023-12-07T16:03:00.443 INFO:teuthology.orchestra.run.smithi001.stdout:/usr/bin/ceph: stderr
2023-12-07T16:02:56.286+0000 7f3bf2ffd700 1 -- 172.21.15.1:0/3458466568 >> [v2:172.21.15.1:6800/167957634,v1:172.21.15.1:6801/167957634] conn(0x7f3bdc0365f0 msgr2=0x7f3bdc038aa0 unknown :-1 s=STATE_CONNECTING_RE l=1).process reconnect failed to v2:172.21.15.1:6800/167957634
2023-12-07T16:03:00.443 INFO:teuthology.orchestra.run.smithi001.stdout:/usr/bin/ceph: stderr
2023-12-07T16:02:56.286+0000 7f3bf2ffd700 1 --2- 172.21.15.1:0/3458466568 >> [v2:172.21.15.1:6800/167957634,v1:172.21.15.1:6801/167957634] conn(0x7f3bdc0365f0 0x7f3bdc038aa0 unknown :-1 s=START_CONNECT pgs=0 cs=0 l=1 rev1=0 crypto rx=0 tx=0 comp rx=0 tx=0)._fault waiting 0.800000
2023-12-07T16:03:00.443 INFO:teuthology.orchestra.run.smithi001.stdout:/usr/bin/ceph: stderr
2023-12-07T16:02:57.087+0000 7f3bf2ffd700 1 -- 172.21.15.1:0/3458466568 >> [v2:172.21.15.1:6800/167957634,v1:172.21.15.1:6801/167957634] conn(0x7f3bdc0365f0 msgr2=0x7f3bdc038aa0 unknown :-1 s=STATE_CONNECTING_RE l=1).process reconnect failed to v2:172.21.15.1:6800/167957634
2023-12-07T16:03:00.443 INFO:teuthology.orchestra.run.smithi001.stdout:/usr/bin/ceph: stderr
2023-12-07T16:02:57.087+0000 7f3bf2ffd700 1 --2- 172.21.15.1:0/3458466568 >> [v2:172.21.15.1:6800/167957634,v1:172.21.15.1:6801/167957634] conn(0x7f3bdc0365f0 0x7f3bdc038aa0 unknown :-1 s=START_CONNECT pgs=0 cs=0 l=1 rev1=0 crypto rx=0 tx=0 comp rx=0 tx=0)._fault waiting 1.600000
2023-12-07T16:03:00.443 INFO:teuthology.orchestra.run.smithi001.stdout:/usr/bin/ceph: stderr
2023-12-07T16:02:58.688+0000 7f3bf2ffd700 1 -- 172.21.15.1:0/3458466568 >> [v2:172.21.15.1:6800/167957634,v1:172.21.15.1:6801/167957634] conn(0x7f3bdc0365f0 msgr2=0x7f3bdc038aa0 unknown :-1 s=STATE_CONNECTING_RE l=1).process reconnect failed to v2:172.21.15.1:6800/167957634
2023-12-07T16:03:00.443 INFO:teuthology.orchestra.run.smithi001.stdout:/usr/bin/ceph: stderr
2023-12-07T16:02:58.688+0000 7f3bf2ffd700 1 --2- 172.21.15.1:0/3458466568 >> [v2:172.21.15.1:6800/167957634,v1:172.21.15.1:6801/167957634] conn(0x7f3bdc0365f0 0x7f3bdc038aa0 unknown :-1 s=START_CONNECT pgs=0 cs=0 l=1 rev1=0 crypto rx=0 tx=0 comp rx=0 tx=0)._fault waiting 3.200000
2023-12-07T16:03:00.444 INFO:teuthology.orchestra.run.smithi001.stdout:/usr/bin/ceph: stderr
2023-12-07T16:02:59.055+0000 7f3bdbfff700 1 -- 172.21.15.1:0/3458466568 <== mon.0 v2:172.21.15.1:3300/0 6 ==== mgrmap(e 6) v1 ==== 43048+0+0 (secure 0 0 0) 0x7f3be4024990 con 0x7f3bf41022d0
2023-12-07T16:03:00.444 INFO:teuthology.orchestra.run.smithi001.stdout:/usr/bin/ceph: stderr
2023-12-07T16:02:59.055+0000 7f3bdbfff700 1 -- 172.21.15.1:0/3458466568 >> [v2:172.21.15.1:6800/167957634,v1:172.21.15.1:6801/167957634] conn(0x7f3bdc0365f0 msgr2=0x7f3bdc038aa0 unknown :-1 s=STATE_CONNECTING l=1).mark_down
2023-12-07T16:03:00.444 INFO:teuthology.orchestra.run.smithi001.stdout:/usr/bin/ceph: stderr
2023-12-07T16:02:59.055+0000 7f3bdbfff700 1 --2- 172.21.15.1:0/3458466568 >> [v2:172.21.15.1:6800/167957634,v1:172.21.15.1:6801/167957634] conn(0x7f3bdc0365f0 0x7f3bdc038aa0 unknown :-1 s=START_CONNECT pgs=0 cs=0 l=1 rev1=0 crypto rx=0 tx=0 comp rx=0 tx=0).stop
2023-12-07T16:03:00.444 INFO:teuthology.orchestra.run.smithi001.stdout:/usr/bin/ceph: stderr
2023-12-07T16:03:00.056+0000 7f3bdbfff700 1 -- 172.21.15.1:0/3458466568 <== mon.0 v2:172.21.15.1:3300/0 7 ==== mgrmap(e 7) v1 ==== 43175+0+0 (secure 0 0 0) 0x7f3be404be80 con 0x7f3bf41022d0
2023-12-07T16:03:00.444 INFO:teuthology.orchestra.run.smithi001.stdout:/usr/bin/ceph: stderr
2023-12-07T16:03:00.056+0000 7f3bdbfff700 1 --2- 172.21.15.1:0/3458466568 >> [v2:172.21.15.1:6800/2276465089,v1:172.21.15.1:6801/2276465089] conn(0x7f3bdc039f60 0x7f3bdc03c340 unknown :-1 s=NONE pgs=0 cs=0 l=1 rev1=0 crypto rx=0 tx=0 comp rx=0 tx=0).connect
2023-12-07T16:03:00.444 INFO:teuthology.orchestra.run.smithi001.stdout:/usr/bin/ceph: stderr
2023-12-07T16:03:00.056+0000 7f3bdbfff700 1 -- 172.21.15.1:0/3458466568 --> [v2:172.21.15.1:6800/2276465089,v1:172.21.15.1:6801/2276465089] -- command(tid 0: {"prefix": "get_command_descriptions"}) v1 -- 0x7f3bdc0391b0 con 0x7f3bdc039f60
2023-12-07T16:03:00.444 INFO:teuthology.orchestra.run.smithi001.stdout:/usr/bin/ceph: stderr
2023-12-07T16:03:00.057+0000 7f3bf2ffd700 1 --2- 172.21.15.1:0/3458466568 >> [v2:172.21.15.1:6800/2276465089,v1:172.21.15.1:6801/2276465089] conn(0x7f3bdc039f60 0x7f3bdc03c340 unknown :-1 s=BANNER_CONNECTING pgs=0 cs=0 l=1 rev1=0 crypto rx=0 tx=0 comp rx=0 tx=0)._handle_peer_banner_payload supported=3 required=0
2023-12-07T16:03:00.444 INFO:teuthology.orchestra.run.smithi001.stdout:/usr/bin/ceph: stderr
2023-12-07T16:03:00.057+0000 7f3bf2ffd700 1 --2- 172.21.15.1:0/3458466568 >> [v2:172.21.15.1:6800/2276465089,v1:172.21.15.1:6801/2276465089] conn(0x7f3bdc039f60 0x7f3bdc03c340 secure :-1 s=READY pgs=1 cs=0 l=1 rev1=1 crypto rx=0x7f3be80039d0 tx=0x7f3be8009350 comp rx=0 tx=0).ready entity=mgr.14120 client_cookie=0 server_cookie=0 in_seq=0 out_seq=0
2023-12-07T16:03:00.444 INFO:teuthology.orchestra.run.smithi001.stdout:/usr/bin/ceph: stderr
2023-12-07T16:03:00.058+0000 7f3bdbfff700 1 -- 172.21.15.1:0/3458466568 <== mgr.14120 v2:172.21.15.1:6800/2276465089 1 ==== command_reply(tid 0: 0 ) v1 ==== 8+0+6549 (secure 0 0 0) 0x7f3bdc0391b0 con 0x7f3bdc039f60
2023-12-07T16:03:00.444 INFO:teuthology.orchestra.run.smithi001.stdout:/usr/bin/ceph: stderr
2023-12-07T16:03:00.064+0000 7f3bfa25e700 1 -- 172.21.15.1:0/3458466568 --> [v2:172.21.15.1:6800/2276465089,v1:172.21.15.1:6801/2276465089] -- command(tid 1: {"prefix": "mgr_status"}) v1 -- 0x7f3bf404bb80 con 0x7f3bdc039f60
