2023-12-07T16:03:08.549 INFO:teuthology.orchestra.run.smithi001.stdout:/usr/bin/ceph: stderr
2023-12-07T16:03:08.072+0000 7f4332bb2700 1 -- 172.21.15.1:0/1591870978 >> [v2:172.21.15.1:3300/0,v1:172.21.15.1:6789/0] conn(0x7f432c076b80 msgr2=0x7f432c111180 secure :-1 s=STATE_CONNECTION_ESTABLISHED l=1).mark_down
2023-12-07T16:03:08.549 INFO:teuthology.orchestra.run.smithi001.stdout:/usr/bin/ceph: stderr
2023-12-07T16:03:08.072+0000 7f4332bb2700 1 --2- 172.21.15.1:0/1591870978 >> [v2:172.21.15.1:3300/0,v1:172.21.15.1:6789/0] conn(0x7f432c076b80 0x7f432c111180 secure :-1 s=READY pgs=48 cs=0 l=1 rev1=1 crypto rx=0x7f4320006b00 tx=0x7f4320009250 comp rx=0 tx=0).stop
2023-12-07T16:03:08.550 INFO:teuthology.orchestra.run.smithi001.stdout:/usr/bin/ceph: stderr
2023-12-07T16:03:08.072+0000 7f4332bb2700 1 -- 172.21.15.1:0/1591870978 shutdown_connections
2023-12-07T16:03:08.550 INFO:teuthology.orchestra.run.smithi001.stdout:/usr/bin/ceph: stderr
2023-12-07T16:03:08.072+0000 7f4332bb2700 1 --2- 172.21.15.1:0/1591870978 >> [v2:172.21.15.1:6800/2276465089,v1:172.21.15.1:6801/2276465089] conn(0x7f431c0365f0 0x7f431c038aa0 unknown :-1 s=CLOSED pgs=12 cs=0 l=1 rev1=1 crypto rx=0 tx=0 comp rx=0 tx=0).stop
2023-12-07T16:03:08.550 INFO:teuthology.orchestra.run.smithi001.stdout:/usr/bin/ceph: stderr
2023-12-07T16:03:08.072+0000 7f4332bb2700 1 --2- 172.21.15.1:0/1591870978 >> [v2:172.21.15.1:3300/0,v1:172.21.15.1:6789/0] conn(0x7f432c076b80 0x7f432c111180 unknown :-1 s=CLOSED pgs=48 cs=0 l=1 rev1=1 crypto rx=0 tx=0 comp rx=0 tx=0).stop
2023-12-07T16:03:08.550 INFO:teuthology.orchestra.run.smithi001.stdout:/usr/bin/ceph: stderr
2023-12-07T16:03:08.072+0000 7f4332bb2700 1 -- 172.21.15.1:0/1591870978 >> 172.21.15.1:0/1591870978 conn(0x7f432c0fc950 msgr2=0x7f432c0fed30 unknown :-1 s=STATE_NONE l=0).mark_down
2023-12-07T16:03:08.550 INFO:teuthology.orchestra.run.smithi001.stdout:/usr/bin/ceph: stderr
2023-12-07T16:03:08.072+0000 7f4332bb2700 1 -- 172.21.15.1:0/1591870978 shutdown_connections
2023-12-07T16:03:08.550 INFO:teuthology.orchestra.run.smithi001.stdout:/usr/bin/ceph: stderr
2023-12-07T16:03:08.072+0000 7f4332bb2700 1 -- 172.21.15.1:0/1591870978 wait complete.
2023-12-07T16:03:08.550 INFO:teuthology.orchestra.run.smithi001.stdout:Deploying mgr service with default placement...
2023-12-07T16:03:09.192 INFO:journalctl@ceph.mon.smithi001.smithi001.stdout:Dec 07 16:03:09 smithi001 ceph-mon[112093]: from='client.14142 -' entity='client.admin' cmd=[{"prefix": "orch apply", "service_type": "mon", "target": ["mon-mgr", ""]}]: dispatch
2023-12-07T16:03:09.193 INFO:journalctl@ceph.mon.smithi001.smithi001.stdout:Dec 07 16:03:09 smithi001 ceph-mon[112093]: Saving service mon spec with placement count:5
2023-12-07T16:03:09.193 INFO:journalctl@ceph.mon.smithi001.smithi001.stdout:Dec 07 16:03:09 smithi001 ceph-mon[112093]: from='mgr.14120 172.21.15.1:0/290786840' entity='mgr.smithi001.tojxeo'
2023-12-07T16:03:09.577 INFO:teuthology.orchestra.run.smithi001.stdout:/usr/bin/ceph: stdout Scheduled mgr update...
2023-12-07T16:03:09.578 INFO:teuthology.orchestra.run.smithi001.stdout:/usr/bin/ceph: stderr
2023-12-07T16:03:08.924+0000 7fa641424700 1 Processor -- start
2023-12-07T16:03:09.578 INFO:teuthology.orchestra.run.smithi001.stdout:/usr/bin/ceph: stderr
2023-12-07T16:03:08.924+0000 7fa641424700 1 -- start start
2023-12-07T16:03:09.578 INFO:teuthology.orchestra.run.smithi001.stdout:/usr/bin/ceph: stderr
2023-12-07T16:03:08.925+0000 7fa641424700 1 --2- >> [v2:172.21.15.1:3300/0,v1:172.21.15.1:6789/0] conn(0x7fa63c102900 0x7fa63c102d10 unknown :-1 s=NONE pgs=0 cs=0 l=0 rev1=0 crypto rx=0 tx=0 comp rx=0 tx=0).connect
2023-12-07T16:03:09.578 INFO:teuthology.orchestra.run.smithi001.stdout:/usr/bin/ceph: stderr
2023-12-07T16:03:08.925+0000 7fa641424700 1 -- --> [v2:172.21.15.1:3300/0,v1:172.21.15.1:6789/0] -- mon_getmap magic: 0 v1 -- 0x7fa63c103250 con 0x7fa63c102900
2023-12-07T16:03:09.578 INFO:teuthology.orchestra.run.smithi001.stdout:/usr/bin/ceph: stderr
2023-12-07T16:03:08.925+0000 7fa63affd700 1 --2- >> [v2:172.21.15.1:3300/0,v1:172.21.15.1:6789/0] conn(0x7fa63c102900 0x7fa63c102d10 unknown :-1 s=BANNER_CONNECTING pgs=0 cs=0 l=0 rev1=0 crypto rx=0 tx=0 comp rx=0 tx=0)._handle_peer_banner_payload supported=3 required=0
2023-12-07T16:03:09.578 INFO:teuthology.orchestra.run.smithi001.stdout:/usr/bin/ceph: stderr
2023-12-07T16:03:08.925+0000 7fa63affd700 1 --2- >> [v2:172.21.15.1:3300/0,v1:172.21.15.1:6789/0] conn(0x7fa63c102900 0x7fa63c102d10 unknown :-1 s=HELLO_CONNECTING pgs=0 cs=0 l=0 rev1=1 crypto rx=0 tx=0 comp rx=0 tx=0).handle_hello peer v2:172.21.15.1:3300/0 says I am v2:172.21.15.1:38014/0 (socket says 172.21.15.1:38014)
2023-12-07T16:03:09.578 INFO:teuthology.orchestra.run.smithi001.stdout:/usr/bin/ceph: stderr
2023-12-07T16:03:08.925+0000 7fa63affd700 1 -- 172.21.15.1:0/3609123700 learned_addr learned my addr 172.21.15.1:0/3609123700 (peer_addr_for_me v2:172.21.15.1:0/0)
2023-12-07T16:03:09.578 INFO:teuthology.orchestra.run.smithi001.stdout:/usr/bin/ceph: stderr
2023-12-07T16:03:08.925+0000 7fa63affd700 1 -- 172.21.15.1:0/3609123700 --> [v2:172.21.15.1:3300/0,v1:172.21.15.1:6789/0] -- mon_subscribe({config=0+,monmap=0+}) v3 -- 0x7fa63c103390 con 0x7fa63c102900
2023-12-07T16:03:09.578 INFO:teuthology.orchestra.run.smithi001.stdout:/usr/bin/ceph: stderr
2023-12-07T16:03:08.925+0000 7fa63affd700 1 --2- 172.21.15.1:0/3609123700 >> [v2:172.21.15.1:3300/0,v1:172.21.15.1:6789/0] conn(0x7fa63c102900 0x7fa63c102d10 secure :-1 s=READY pgs=49 cs=0 l=1 rev1=1 crypto rx=0x7fa62c0098e0 tx=0x7fa62c009250 comp rx=0 tx=0).ready entity=mon.0 client_cookie=d23e317e99517236 server_cookie=0 in_seq=0 out_seq=0
2023-12-07T16:03:09.578 INFO:teuthology.orchestra.run.smithi001.stdout:/usr/bin/ceph: stderr
2023-12-07T16:03:08.925+0000 7fa639ffb700 1 -- 172.21.15.1:0/3609123700 <== mon.0 v2:172.21.15.1:3300/0 1 ==== mon_map magic: 0 v1 ==== 229+0+0 (secure 0 0 0) 0x7fa62c00b860 con 0x7fa63c102900
2023-12-07T16:03:09.578 INFO:teuthology.orchestra.run.smithi001.stdout:/usr/bin/ceph: stderr
2023-12-07T16:03:08.926+0000 7fa639ffb700 1 -- 172.21.15.1:0/3609123700 <== mon.0 v2:172.21.15.1:3300/0 2 ==== config(26 keys) v1 ==== 1009+0+0 (secure 0 0 0) 0x7fa62c00be30 con 0x7fa63c102900
2023-12-07T16:03:09.578 INFO:teuthology.orchestra.run.smithi001.stdout:/usr/bin/ceph: stderr
2023-12-07T16:03:08.926+0000 7fa639ffb700 1 -- 172.21.15.1:0/3609123700 <== mon.0 v2:172.21.15.1:3300/0 3 ==== mon_map magic: 0 v1 ==== 229+0+0 (secure 0 0 0) 0x7fa62c010380 con 0x7fa63c102900
2023-12-07T16:03:09.579 INFO:teuthology.orchestra.run.smithi001.stdout:/usr/bin/ceph: stderr
2023-12-07T16:03:08.926+0000 7fa641424700 1 -- 172.21.15.1:0/3609123700 >> [v2:172.21.15.1:3300/0,v1:172.21.15.1:6789/0] conn(0x7fa63c102900 msgr2=0x7fa63c102d10 secure :-1 s=STATE_CONNECTION_ESTABLISHED l=1).mark_down
2023-12-07T16:03:09.579 INFO:teuthology.orchestra.run.smithi001.stdout:/usr/bin/ceph: stderr
2023-12-07T16:03:08.926+0000 7fa641424700 1 --2- 172.21.15.1:0/3609123700 >> [v2:172.21.15.1:3300/0,v1:172.21.15.1:6789/0] conn(0x7fa63c102900 0x7fa63c102d10 secure :-1 s=READY pgs=49 cs=0 l=1 rev1=1 crypto rx=0x7fa62c0098e0 tx=0x7fa62c009250 comp rx=0 tx=0).stop
2023-12-07T16:03:09.579 INFO:teuthology.orchestra.run.smithi001.stdout:/usr/bin/ceph: stderr
2023-12-07T16:03:08.926+0000 7fa641424700 1 -- 172.21.15.1:0/3609123700 shutdown_connections
2023-12-07T16:03:09.579 INFO:teuthology.orchestra.run.smithi001.stdout:/usr/bin/ceph: stderr
2023-12-07T16:03:08.926+0000 7fa641424700 1 --2- 172.21.15.1:0/3609123700 >> [v2:172.21.15.1:3300/0,v1:172.21.15.1:6789/0] conn(0x7fa63c102900 0x7fa63c102d10 unknown :-1 s=CLOSED pgs=49 cs=0 l=1 rev1=1 crypto rx=0 tx=0 comp rx=0 tx=0).stop
2023-12-07T16:03:09.579 INFO:teuthology.orchestra.run.smithi001.stdout:/usr/bin/ceph: stderr
2023-12-07T16:03:08.926+0000 7fa641424700 1 -- 172.21.15.1:0/3609123700 >> 172.21.15.1:0/3609123700 conn(0x7fa63c0fc0b0 msgr2=0x7fa63c0fe4e0 unknown :-1 s=STATE_NONE l=0).mark_down
2023-12-07T16:03:09.579 INFO:teuthology.orchestra.run.smithi001.stdout:/usr/bin/ceph: stderr
2023-12-07T16:03:08.926+0000 7fa641424700 1 -- 172.21.15.1:0/3609123700 shutdown_connections
2023-12-07T16:03:09.579 INFO:teuthology.orchestra.run.smithi001.stdout:/usr/bin/ceph: stderr
2023-12-07T16:03:08.926+0000 7fa641424700 1 -- 172.21.15.1:0/3609123700 wait complete.
2023-12-07T16:03:09.579 INFO:teuthology.orchestra.run.smithi001.stdout:/usr/bin/ceph: stderr
2023-12-07T16:03:08.927+0000 7fa641424700 1 Processor -- start
2023-12-07T16:03:09.579 INFO:teuthology.orchestra.run.smithi001.stdout:/usr/bin/ceph: stderr
2023-12-07T16:03:08.927+0000 7fa641424700 1 -- start start
2023-12-07T16:03:09.579 INFO:teuthology.orchestra.run.smithi001.stdout:/usr/bin/ceph: stderr
2023-12-07T16:03:08.927+0000 7fa641424700 1 --2- >> [v2:172.21.15.1:3300/0,v1:172.21.15.1:6789/0] conn(0x7fa63c102900 0x7fa63c113370 unknown :-1 s=NONE pgs=0 cs=0 l=1 rev1=0 crypto rx=0 tx=0 comp rx=0 tx=0).connect
2023-12-07T16:03:09.579 INFO:teuthology.orchestra.run.smithi001.stdout:/usr/bin/ceph: stderr
2023-12-07T16:03:08.927+0000 7fa641424700 1 -- --> [v2:172.21.15.1:3300/0,v1:172.21.15.1:6789/0] -- mon_getmap magic: 0 v1 -- 0x7fa63c1138b0 con 0x7fa63c102900
2023-12-07T16:03:09.579 INFO:teuthology.orchestra.run.smithi001.stdout:/usr/bin/ceph: stderr
2023-12-07T16:03:08.927+0000 7fa63affd700 1 --2- >> [v2:172.21.15.1:3300/0,v1:172.21.15.1:6789/0] conn(0x7fa63c102900 0x7fa63c113370 unknown :-1 s=BANNER_CONNECTING pgs=0 cs=0 l=1 rev1=0 crypto rx=0 tx=0 comp rx=0 tx=0)._handle_peer_banner_payload supported=3 required=0
2023-12-07T16:03:09.579 INFO:teuthology.orchestra.run.smithi001.stdout:/usr/bin/ceph: stderr
2023-12-07T16:03:08.927+0000 7fa63affd700 1 --2- >> [v2:172.21.15.1:3300/0,v1:172.21.15.1:6789/0] conn(0x7fa63c102900 0x7fa63c113370 unknown :-1 s=HELLO_CONNECTING pgs=0 cs=0 l=1 rev1=1 crypto rx=0 tx=0 comp rx=0 tx=0).handle_hello peer v2:172.21.15.1:3300/0 says I am v2:172.21.15.1:38018/0 (socket says 172.21.15.1:38018)
2023-12-07T16:03:09.579 INFO:teuthology.orchestra.run.smithi001.stdout:/usr/bin/ceph: stderr
2023-12-07T16:03:08.927+0000 7fa63affd700 1 -- 172.21.15.1:0/4109026313 learned_addr learned my addr 172.21.15.1:0/4109026313 (peer_addr_for_me v2:172.21.15.1:0/0)
2023-12-07T16:03:09.579 INFO:teuthology.orchestra.run.smithi001.stdout:/usr/bin/ceph: stderr
2023-12-07T16:03:08.928+0000 7fa63affd700 1 -- 172.21.15.1:0/4109026313 --> [v2:172.21.15.1:3300/0,v1:172.21.15.1:6789/0] -- mon_subscribe({config=0+,monmap=0+}) v3 -- 0x7fa62c0094f0 con 0x7fa63c102900
2023-12-07T16:03:09.580 INFO:teuthology.orchestra.run.smithi001.stdout:/usr/bin/ceph: stderr
2023-12-07T16:03:08.928+0000 7fa63affd700 1 --2- 172.21.15.1:0/4109026313 >> [v2:172.21.15.1:3300/0,v1:172.21.15.1:6789/0] conn(0x7fa63c102900 0x7fa63c113370 secure :-1 s=READY pgs=50 cs=0 l=1 rev1=1 crypto rx=0x7fa62c006b00 tx=0x7fa62c009250 comp rx=0 tx=0).ready entity=mon.0 client_cookie=0 server_cookie=0 in_seq=0 out_seq=0
2023-12-07T16:03:09.580 INFO:teuthology.orchestra.run.smithi001.stdout:/usr/bin/ceph: stderr
2023-12-07T16:03:08.928+0000 7fa6237fe700 1 -- 172.21.15.1:0/4109026313 <== mon.0 v2:172.21.15.1:3300/0 1 ==== mon_map magic: 0 v1 ==== 229+0+0 (secure 0 0 0) 0x7fa62c0109b0 con 0x7fa63c102900
2023-12-07T16:03:09.580 INFO:teuthology.orchestra.run.smithi001.stdout:/usr/bin/ceph: stderr
2023-12-07T16:03:08.928+0000 7fa641424700 1 -- 172.21.15.1:0/4109026313 --> [v2:172.21.15.1:3300/0,v1:172.21.15.1:6789/0] -- mon_subscribe({mgrmap=0+}) v3 -- 0x7fa63c113ab0 con 0x7fa63c102900
2023-12-07T16:03:09.580 INFO:teuthology.orchestra.run.smithi001.stdout:/usr/bin/ceph: stderr
2023-12-07T16:03:08.928+0000 7fa641424700 1 -- 172.21.15.1:0/4109026313 --> [v2:172.21.15.1:3300/0,v1:172.21.15.1:6789/0] -- mon_subscribe({osdmap=0}) v3 -- 0x7fa63c113ec0 con 0x7fa63c102900
2023-12-07T16:03:09.580 INFO:teuthology.orchestra.run.smithi001.stdout:/usr/bin/ceph: stderr
2023-12-07T16:03:08.929+0000 7fa6237fe700 1 -- 172.21.15.1:0/4109026313 <== mon.0 v2:172.21.15.1:3300/0 2 ==== config(26 keys) v1 ==== 1009+0+0 (secure 0 0 0) 0x7fa62c024440 con 0x7fa63c102900
2023-12-07T16:03:09.580 INFO:teuthology.orchestra.run.smithi001.stdout:/usr/bin/ceph: stderr
2023-12-07T16:03:08.929+0000 7fa6237fe700 1 -- 172.21.15.1:0/4109026313 <== mon.0 v2:172.21.15.1:3300/0 3 ==== mon_map magic: 0 v1 ==== 229+0+0 (secure 0 0 0) 0x7fa62c01a5f0 con 0x7fa63c102900
2023-12-07T16:03:09.580 INFO:teuthology.orchestra.run.smithi001.stdout:/usr/bin/ceph: stderr
2023-12-07T16:03:08.929+0000 7fa6237fe700 1 -- 172.21.15.1:0/4109026313 <== mon.0 v2:172.21.15.1:3300/0 4 ==== mgrmap(e 8) v1 ==== 43281+0+0 (secure 0 0 0) 0x7fa62c01a860 con 0x7fa63c102900
2023-12-07T16:03:09.580 INFO:teuthology.orchestra.run.smithi001.stdout:/usr/bin/ceph: stderr
2023-12-07T16:03:08.929+0000 7fa6237fe700 1 --2- 172.21.15.1:0/4109026313 >> [v2:172.21.15.1:6800/2276465089,v1:172.21.15.1:6801/2276465089] conn(0x7fa624036640 0x7fa624038af0 unknown :-1 s=NONE pgs=0 cs=0 l=1 rev1=0 crypto rx=0 tx=0 comp rx=0 tx=0).connect
2023-12-07T16:03:09.580 INFO:teuthology.orchestra.run.smithi001.stdout:/usr/bin/ceph: stderr
2023-12-07T16:03:08.929+0000 7fa641424700 1 -- 172.21.15.1:0/4109026313 --> [v2:172.21.15.1:3300/0,v1:172.21.15.1:6789/0] -- mon_command({"prefix": "get_command_descriptions"} v 0) v1 -- 0x7fa6280052e0 con 0x7fa63c102900
2023-12-07T16:03:09.580 INFO:teuthology.orchestra.run.smithi001.stdout:/usr/bin/ceph: stderr
2023-12-07T16:03:08.929+0000 7fa6237fe700 1 -- 172.21.15.1:0/4109026313 <== mon.0 v2:172.21.15.1:3300/0 5 ==== osd_map(2..2 src has 1..2) v4 ==== 936+0+0 (secure 0 0 0) 0x7fa62c04b5d0 con 0x7fa63c102900
2023-12-07T16:03:09.580 INFO:teuthology.orchestra.run.smithi001.stdout:/usr/bin/ceph: stderr
2023-12-07T16:03:08.930+0000 7fa63a7fc700 1 --2- 172.21.15.1:0/4109026313 >> [v2:172.21.15.1:6800/2276465089,v1:172.21.15.1:6801/2276465089] conn(0x7fa624036640 0x7fa624038af0 unknown :-1 s=BANNER_CONNECTING pgs=0 cs=0 l=1 rev1=0 crypto rx=0 tx=0 comp rx=0 tx=0)._handle_peer_banner_payload supported=3 required=0
2023-12-07T16:03:09.580 INFO:teuthology.orchestra.run.smithi001.stdout:/usr/bin/ceph: stderr
2023-12-07T16:03:08.930+0000 7fa63a7fc700 1 --2- 172.21.15.1:0/4109026313 >> [v2:172.21.15.1:6800/2276465089,v1:172.21.15.1:6801/2276465089] conn(0x7fa624036640 0x7fa624038af0 secure :-1 s=READY pgs=13 cs=0 l=1 rev1=1 crypto rx=0x7fa630009990 tx=0x7fa630006e40 comp rx=0 tx=0).ready entity=mgr.14120 client_cookie=0 server_cookie=0 in_seq=0 out_seq=0
2023-12-07T16:03:09.580 INFO:teuthology.orchestra.run.smithi001.stdout:/usr/bin/ceph: stderr
2023-12-07T16:03:08.934+0000 7fa6237fe700 1 -- 172.21.15.1:0/4109026313 <== mon.0 v2:172.21.15.1:3300/0 6 ==== mon_command_ack([{"prefix": "get_command_descriptions"}]=0 v0) v1 ==== 72+0+174570 (secure 0 0 0) 0x7fa62c01ab60 con 0x7fa63c102900
2023-12-07T16:03:09.580 INFO:teuthology.orchestra.run.smithi001.stdout:/usr/bin/ceph: stderr
2023-12-07T16:03:09.074+0000 7fa6237fe700 1 -- 172.21.15.1:0/4109026313 <== mon.0 v2:172.21.15.1:3300/0 7 ==== config(26 keys) v1 ==== 1074+0+0 (secure 0 0 0) 0x7fa62c01ab60 con 0x7fa63c102900
2023-12-07T16:03:09.580 INFO:teuthology.orchestra.run.smithi001.stdout:/usr/bin/ceph: stderr
2023-12-07T16:03:09.162+0000 7fa641424700 1 -- 172.21.15.1:0/4109026313 --> [v2:172.21.15.1:6800/2276465089,v1:172.21.15.1:6801/2276465089] -- mgr_command(tid 0: {"prefix": "orch apply", "service_type": "mgr", "target": ["mon-mgr", ""]}) v1 -- 0x7fa628000bf0 con 0x7fa624036640
2023-12-07T16:03:09.581 INFO:teuthology.orchestra.run.smithi001.stdout:/usr/bin/ceph: stderr
2023-12-07T16:03:09.167+0000 7fa6237fe700 1 -- 172.21.15.1:0/4109026313 <== mgr.14120 v2:172.21.15.1:6800/2276465089 1 ==== mgr_command_reply(tid 0: 0 ) v1 ==== 8+0+24 (secure 0 0 0) 0x7fa628000bf0 con 0x7fa624036640
2023-12-07T16:03:09.581 INFO:teuthology.orchestra.run.smithi001.stdout:/usr/bin/ceph: stderr
2023-12-07T16:03:09.169+0000 7fa641424700 1 -- 172.21.15.1:0/4109026313 >> [v2:172.21.15.1:6800/2276465089,v1:172.21.15.1:6801/2276465089] conn(0x7fa624036640 msgr2=0x7fa624038af0 secure :-1 s=STATE_CONNECTION_ESTABLISHED l=1).mark_down
2023-12-07T16:03:09.581 INFO:teuthology.orchestra.run.smithi001.stdout:/usr/bin/ceph: stderr
2023-12-07T16:03:09.169+0000 7fa641424700 1 --2- 172.21.15.1:0/4109026313 >> [v2:172.21.15.1:6800/2276465089,v1:172.21.15.1:6801/2276465089] conn(0x7fa624036640 0x7fa624038af0 secure :-1 s=READY pgs=13 cs=0 l=1 rev1=1 crypto rx=0x7fa630009990 tx=0x7fa630006e40 comp rx=0 tx=0).stop
2023-12-07T16:03:09.581 INFO:teuthology.orchestra.run.smithi001.stdout:/usr/bin/ceph: stderr
2023-12-07T16:03:09.169+0000 7fa641424700 1 -- 172.21.15.1:0/4109026313 >> [v2:172.21.15.1:3300/0,v1:172.21.15.1:6789/0] conn(0x7fa63c102900 msgr2=0x7fa63c113370 secure :-1 s=STATE_CONNECTION_ESTABLISHED l=1).mark_down
2023-12-07T16:03:09.581 INFO:teuthology.orchestra.run.smithi001.stdout:/usr/bin/ceph: stderr
2023-12-07T16:03:09.169+0000 7fa641424700 1 --2- 172.21.15.1:0/4109026313 >> [v2:172.21.15.1:3300/0,v1:172.21.15.1:6789/0] conn(0x7fa63c102900 0x7fa63c113370 secure :-1 s=READY pgs=50 cs=0 l=1 rev1=1 crypto rx=0x7fa62c006b00 tx=0x7fa62c009250 comp rx=0 tx=0).stop
2023-12-07T16:03:09.581 INFO:teuthology.orchestra.run.smithi001.stdout:/usr/bin/ceph: stderr
2023-12-07T16:03:09.169+0000 7fa641424700 1 -- 172.21.15.1:0/4109026313 shutdown_connections
2023-12-07T16:03:09.581 INFO:teuthology.orchestra.run.smithi001.stdout:/usr/bin/ceph: stderr
2023-12-07T16:03:09.169+0000 7fa641424700 1 --2- 172.21.15.1:0/4109026313 >> [v2:172.21.15.1:6800/2276465089,v1:172.21.15.1:6801/2276465089] conn(0x7fa624036640 0x7fa624038af0 unknown :-1 s=CLOSED pgs=13 cs=0 l=1 rev1=1 crypto rx=0 tx=0 comp rx=0 tx=0).stop
2023-12-07T16:03:09.581 INFO:teuthology.orchestra.run.smithi001.stdout:/usr/bin/ceph: stderr
2023-12-07T16:03:09.169+0000 7fa641424700 1 --2- 172.21.15.1:0/4109026313 >> [v2:172.21.15.1:3300/0,v1:172.21.15.1:6789/0] conn(0x7fa63c102900 0x7fa63c113370 unknown :-1 s=CLOSED pgs=50 cs=0 l=1 rev1=1 crypto rx=0 tx=0 comp rx=0 tx=0).stop
2023-12-07T16:03:09.581 INFO:teuthology.orchestra.run.smithi001.stdout:/usr/bin/ceph: stderr
2023-12-07T16:03:09.169+0000 7fa641424700 1 -- 172.21.15.1:0/4109026313 >> 172.21.15.1:0/4109026313 conn(0x7fa63c0fc0b0 msgr2=0x7fa63c0fe490 unknown :-1 s=STATE_NONE l=0).mark_down
2023-12-07T16:03:09.581 INFO:teuthology.orchestra.run.smithi001.stdout:/usr/bin/ceph: stderr
2023-12-07T16:03:09.169+0000 7fa641424700 1 -- 172.21.15.1:0/4109026313 shutdown_connections
2023-12-07T16:03:09.581 INFO:teuthology.orchestra.run.smithi001.stdout:/usr/bin/ceph: stderr
2023-12-07T16:03:09.169+0000 7fa641424700 1 -- 172.21.15.1:0/4109026313 wait complete.
2023-12-07T16:03:09.581 INFO:teuthology.orchestra.run.smithi001.stdout:Deploying crash service with default placement...
2023-12-07T16:03:10.383 INFO:journalctl@ceph.mon.smithi001.smithi001.stdout:Dec 07 16:03:10 smithi001 ceph-mon[112093]: from='mgr.14120 172.21.15.1:0/290786840' entity='mgr.smithi001.tojxeo'
2023-12-07T16:03:10.383 INFO:journalctl@ceph.mon.smithi001.smithi001.stdout:Dec 07 16:03:10 smithi001 ceph-mon[112093]: from='client.14144 -' entity='client.admin' cmd=[{"prefix": "orch apply", "service_type": "mgr", "target": ["mon-mgr", ""]}]: dispatch
2023-12-07T16:03:10.383 INFO:journalctl@ceph.mon.smithi001.smithi001.stdout:Dec 07 16:03:10 smithi001 ceph-mon[112093]: Saving service mgr spec with placement count:2
2023-12-07T16:03:10.383 INFO:journalctl@ceph.mon.smithi001.smithi001.stdout:Dec 07 16:03:10 smithi001 ceph-mon[112093]: from='mgr.14120 172.21.15.1:0/290786840' entity='mgr.smithi001.tojxeo'
2023-12-07T16:03:10.384 INFO:journalctl@ceph.mon.smithi001.smithi001.stdout:Dec 07 16:03:10 smithi001 ceph-mon[112093]: from='mgr.14120 172.21.15.1:0/290786840' entity='mgr.smithi001.tojxeo'
2023-12-07T16:03:10.619 INFO:teuthology.orchestra.run.smithi001.stdout:/usr/bin/ceph: stdout Scheduled crash update...
2023-12-07T16:03:10.619 INFO:teuthology.orchestra.run.smithi001.stdout:/usr/bin/ceph: stderr
2023-12-07T16:03:09.993+0000 7fea0ddeb700 1 Processor -- start
2023-12-07T16:03:10.619 INFO:teuthology.orchestra.run.smithi001.stdout:/usr/bin/ceph: stderr
2023-12-07T16:03:09.993+0000 7fea0ddeb700 1 -- start start
2023-12-07T16:03:10.619 INFO:teuthology.orchestra.run.smithi001.stdout:/usr/bin/ceph: stderr
2023-12-07T16:03:09.993+0000 7fea0ddeb700 1 --2- >> [v2:172.21.15.1:3300/0,v1:172.21.15.1:6789/0] conn(0x7fea081011d0 0x7fea081015e0 unknown :-1 s=NONE pgs=0 cs=0 l=0 rev1=0 crypto rx=0 tx=0 comp rx=0 tx=0).connect
2023-12-07T16:03:10.619 INFO:teuthology.orchestra.run.smithi001.stdout:/usr/bin/ceph: stderr
2023-12-07T16:03:09.993+0000 7fea0ddeb700 1 -- --> [v2:172.21.15.1:3300/0,v1:172.21.15.1:6789/0] -- mon_getmap magic: 0 v1 -- 0x7fea08101b20 con 0x7fea081011d0
2023-12-07T16:03:10.619 INFO:teuthology.orchestra.run.smithi001.stdout:/usr/bin/ceph: stderr
2023-12-07T16:03:09.993+0000 7fea077fe700 1 --2- >> [v2:172.21.15.1:3300/0,v1:172.21.15.1:6789/0] conn(0x7fea081011d0 0x7fea081015e0 unknown :-1 s=BANNER_CONNECTING pgs=0 cs=0 l=0 rev1=0 crypto rx=0 tx=0 comp rx=0 tx=0)._handle_peer_banner_payload supported=3 required=0
2023-12-07T16:03:10.620 INFO:teuthology.orchestra.run.smithi001.stdout:/usr/bin/ceph: stderr
2023-12-07T16:03:09.993+0000 7fea077fe700 1 --2- >> [v2:172.21.15.1:3300/0,v1:172.21.15.1:6789/0] conn(0x7fea081011d0 0x7fea081015e0 unknown :-1 s=HELLO_CONNECTING pgs=0 cs=0 l=0 rev1=1 crypto rx=0 tx=0 comp rx=0 tx=0).handle_hello peer v2:172.21.15.1:3300/0 says I am v2:172.21.15.1:38026/0 (socket says 172.21.15.1:38026)
2023-12-07T16:03:10.620 INFO:teuthology.orchestra.run.smithi001.stdout:/usr/bin/ceph: stderr
2023-12-07T16:03:09.993+0000 7fea077fe700 1 -- 172.21.15.1:0/4080776689 learned_addr learned my addr 172.21.15.1:0/4080776689 (peer_addr_for_me v2:172.21.15.1:0/0)
2023-12-07T16:03:10.620 INFO:teuthology.orchestra.run.smithi001.stdout:/usr/bin/ceph: stderr
2023-12-07T16:03:09.994+0000 7fea077fe700 1 -- 172.21.15.1:0/4080776689 --> [v2:172.21.15.1:3300/0,v1:172.21.15.1:6789/0] -- mon_subscribe({config=0+,monmap=0+}) v3 -- 0x7fea08101c60 con 0x7fea081011d0
2023-12-07T16:03:10.620 INFO:teuthology.orchestra.run.smithi001.stdout:/usr/bin/ceph: stderr
2023-12-07T16:03:09.994+0000 7fea077fe700 1 --2- 172.21.15.1:0/4080776689 >> [v2:172.21.15.1:3300/0,v1:172.21.15.1:6789/0] conn(0x7fea081011d0 0x7fea081015e0 secure :-1 s=READY pgs=51 cs=0 l=1 rev1=1 crypto rx=0x7fe9f80098e0 tx=0x7fe9f8009250 comp rx=0 tx=0).ready entity=mon.0 client_cookie=9e98f5fc1e19beb7 server_cookie=0 in_seq=0 out_seq=0
2023-12-07T16:03:10.620 INFO:teuthology.orchestra.run.smithi001.stdout:/usr/bin/ceph: stderr
2023-12-07T16:03:09.994+0000 7fea067fc700 1 -- 172.21.15.1:0/4080776689 <== mon.0 v2:172.21.15.1:3300/0 1 ==== mon_map magic: 0 v1 ==== 229+0+0 (secure 0 0 0) 0x7fe9f800b860 con 0x7fea081011d0
2023-12-07T16:03:10.620 INFO:teuthology.orchestra.run.smithi001.stdout:/usr/bin/ceph: stderr
2023-12-07T16:03:09.994+0000 7fea067fc700 1 -- 172.21.15.1:0/4080776689 <== mon.0 v2:172.21.15.1:3300/0 2 ==== config(26 keys) v1 ==== 1074+0+0 (secure 0 0 0) 0x7fe9f800be70 con 0x7fea081011d0
2023-12-07T16:03:10.620 INFO:teuthology.orchestra.run.smithi001.stdout:/usr/bin/ceph: stderr
2023-12-07T16:03:09.994+0000 7fea067fc700 1 -- 172.21.15.1:0/4080776689 <== mon.0 v2:172.21.15.1:3300/0 3 ==== mon_map magic: 0 v1 ==== 229+0+0 (secure 0 0 0) 0x7fe9f8010380 con 0x7fea081011d0
2023-12-07T16:03:10.620 INFO:teuthology.orchestra.run.smithi001.stdout:/usr/bin/ceph: stderr
2023-12-07T16:03:09.995+0000 7fea0ddeb700 1 -- 172.21.15.1:0/4080776689 >> [v2:172.21.15.1:3300/0,v1:172.21.15.1:6789/0] conn(0x7fea081011d0 msgr2=0x7fea081015e0 secure :-1 s=STATE_CONNECTION_ESTABLISHED l=1).mark_down
2023-12-07T16:03:10.620 INFO:teuthology.orchestra.run.smithi001.stdout:/usr/bin/ceph: stderr
2023-12-07T16:03:09.995+0000 7fea0ddeb700 1 --2- 172.21.15.1:0/4080776689 >> [v2:172.21.15.1:3300/0,v1:172.21.15.1:6789/0] conn(0x7fea081011d0 0x7fea081015e0 secure :-1 s=READY pgs=51 cs=0 l=1 rev1=1 crypto rx=0x7fe9f80098e0 tx=0x7fe9f8009250 comp rx=0 tx=0).stop
2023-12-07T16:03:10.620 INFO:teuthology.orchestra.run.smithi001.stdout:/usr/bin/ceph: stderr
2023-12-07T16:03:09.995+0000 7fea0ddeb700 1 -- 172.21.15.1:0/4080776689 shutdown_connections
2023-12-07T16:03:10.620 INFO:teuthology.orchestra.run.smithi001.stdout:/usr/bin/ceph: stderr
2023-12-07T16:03:09.995+0000 7fea0ddeb700 1 --2- 172.21.15.1:0/4080776689 >> [v2:172.21.15.1:3300/0,v1:172.21.15.1:6789/0] conn(0x7fea081011d0 0x7fea081015e0 unknown :-1 s=CLOSED pgs=51 cs=0 l=1 rev1=1 crypto rx=0 tx=0 comp rx=0 tx=0).stop
2023-12-07T16:03:10.620 INFO:teuthology.orchestra.run.smithi001.stdout:/usr/bin/ceph: stderr
2023-12-07T16:03:09.995+0000 7fea0ddeb700 1 -- 172.21.15.1:0/4080776689 >> 172.21.15.1:0/4080776689 conn(0x7fea080fc950 msgr2=0x7fea080fed60 unknown :-1 s=STATE_NONE l=0).mark_down
2023-12-07T16:03:10.620 INFO:teuthology.orchestra.run.smithi001.stdout:/usr/bin/ceph: stderr
2023-12-07T16:03:09.995+0000 7fea0ddeb700 1 -- 172.21.15.1:0/4080776689 shutdown_connections
2023-12-07T16:03:10.620 INFO:teuthology.orchestra.run.smithi001.stdout:/usr/bin/ceph: stderr
2023-12-07T16:03:09.995+0000 7fea0ddeb700 1 -- 172.21.15.1:0/4080776689 wait complete.
2023-12-07T16:03:10.620 INFO:teuthology.orchestra.run.smithi001.stdout:/usr/bin/ceph: stderr
2023-12-07T16:03:09.996+0000 7fea0ddeb700 1 Processor -- start
2023-12-07T16:03:10.620 INFO:teuthology.orchestra.run.smithi001.stdout:/usr/bin/ceph: stderr
2023-12-07T16:03:09.996+0000 7fea0ddeb700 1 -- start start
2023-12-07T16:03:10.621 INFO:teuthology.orchestra.run.smithi001.stdout:/usr/bin/ceph: stderr
2023-12-07T16:03:09.996+0000 7fea0ddeb700 1 --2- >> [v2:172.21.15.1:3300/0,v1:172.21.15.1:6789/0] conn(0x7fea081011d0 0x7fea081075b0 unknown :-1 s=NONE pgs=0 cs=0 l=1 rev1=0 crypto rx=0 tx=0 comp rx=0 tx=0).connect
2023-12-07T16:03:10.621 INFO:teuthology.orchestra.run.smithi001.stdout:/usr/bin/ceph: stderr
2023-12-07T16:03:09.996+0000 7fea0ddeb700 1 -- --> [v2:172.21.15.1:3300/0,v1:172.21.15.1:6789/0] -- mon_getmap magic: 0 v1 -- 0x7fea08105a30 con 0x7fea081011d0
2023-12-07T16:03:10.621 INFO:teuthology.orchestra.run.smithi001.stdout:/usr/bin/ceph: stderr
2023-12-07T16:03:09.996+0000 7fea077fe700 1 --2- >> [v2:172.21.15.1:3300/0,v1:172.21.15.1:6789/0] conn(0x7fea081011d0 0x7fea081075b0 unknown :-1 s=BANNER_CONNECTING pgs=0 cs=0 l=1 rev1=0 crypto rx=0 tx=0 comp rx=0 tx=0)._handle_peer_banner_payload supported=3 required=0
2023-12-07T16:03:10.621 INFO:teuthology.orchestra.run.smithi001.stdout:/usr/bin/ceph: stderr
2023-12-07T16:03:09.996+0000 7fea077fe700 1 --2- >> [v2:172.21.15.1:3300/0,v1:172.21.15.1:6789/0] conn(0x7fea081011d0 0x7fea081075b0 unknown :-1 s=HELLO_CONNECTING pgs=0 cs=0 l=1 rev1=1 crypto rx=0 tx=0 comp rx=0 tx=0).handle_hello peer v2:172.21.15.1:3300/0 says I am v2:172.21.15.1:38034/0 (socket says 172.21.15.1:38034)
2023-12-07T16:03:10.621 INFO:teuthology.orchestra.run.smithi001.stdout:/usr/bin/ceph: stderr
2023-12-07T16:03:09.996+0000 7fea077fe700 1 -- 172.21.15.1:0/3882952703 learned_addr learned my addr 172.21.15.1:0/3882952703 (peer_addr_for_me v2:172.21.15.1:0/0)
2023-12-07T16:03:10.621 INFO:teuthology.orchestra.run.smithi001.stdout:/usr/bin/ceph: stderr
2023-12-07T16:03:09.997+0000 7fea077fe700 1 -- 172.21.15.1:0/3882952703 --> [v2:172.21.15.1:3300/0,v1:172.21.15.1:6789/0] -- mon_subscribe({config=0+,monmap=0+}) v3 -- 0x7fe9f80094f0 con 0x7fea081011d0
2023-12-07T16:03:10.621 INFO:teuthology.orchestra.run.smithi001.stdout:/usr/bin/ceph: stderr
2023-12-07T16:03:09.997+0000 7fea077fe700 1 --2- 172.21.15.1:0/3882952703 >> [v2:172.21.15.1:3300/0,v1:172.21.15.1:6789/0] conn(0x7fea081011d0 0x7fea081075b0 secure :-1 s=READY pgs=52 cs=0 l=1 rev1=1 crypto rx=0x7fe9f8011b60 tx=0x7fe9f8009250 comp rx=0 tx=0).ready entity=mon.0 client_cookie=0 server_cookie=0 in_seq=0 out_seq=0
2023-12-07T16:03:10.621 INFO:teuthology.orchestra.run.smithi001.stdout:/usr/bin/ceph: stderr
2023-12-07T16:03:09.997+0000 7fe9effff700 1 -- 172.21.15.1:0/3882952703 <== mon.0 v2:172.21.15.1:3300/0 1 ==== mon_map magic: 0 v1 ==== 229+0+0 (secure 0 0 0) 0x7fe9f8010850 con 0x7fea081011d0
2023-12-07T16:03:10.621 INFO:teuthology.orchestra.run.smithi001.stdout:/usr/bin/ceph: stderr
2023-12-07T16:03:09.997+0000 7fe9effff700 1 -- 172.21.15.1:0/3882952703 <== mon.0 v2:172.21.15.1:3300/0 2 ==== config(26 keys) v1 ==== 1074+0+0 (secure 0 0 0) 0x7fe9f8010e60 con 0x7fea081011d0
2023-12-07T16:03:10.621 INFO:teuthology.orchestra.run.smithi001.stdout:/usr/bin/ceph: stderr
2023-12-07T16:03:09.997+0000 7fea0ddeb700 1 -- 172.21.15.1:0/3882952703 --> [v2:172.21.15.1:3300/0,v1:172.21.15.1:6789/0] -- mon_subscribe({mgrmap=0+}) v3 -- 0x7fea08105c30 con 0x7fea081011d0
2023-12-07T16:03:10.621 INFO:teuthology.orchestra.run.smithi001.stdout:/usr/bin/ceph: stderr
2023-12-07T16:03:09.997+0000 7fe9effff700 1 -- 172.21.15.1:0/3882952703 <== mon.0 v2:172.21.15.1:3300/0 3 ==== mon_map magic: 0 v1 ==== 229+0+0 (secure 0 0 0) 0x7fe9f801ae20 con 0x7fea081011d0
2023-12-07T16:03:10.621 INFO:teuthology.orchestra.run.smithi001.stdout:/usr/bin/ceph: stderr
2023-12-07T16:03:09.997+0000 7fea0ddeb700 1 -- 172.21.15.1:0/3882952703 --> [v2:172.21.15.1:3300/0,v1:172.21.15.1:6789/0] -- mon_subscribe({osdmap=0}) v3 -- 0x7fea08106040 con 0x7fea081011d0
2023-12-07T16:03:10.621 INFO:teuthology.orchestra.run.smithi001.stdout:/usr/bin/ceph: stderr
2023-12-07T16:03:09.998+0000 7fe9effff700 1 -- 172.21.15.1:0/3882952703 <== mon.0 v2:172.21.15.1:3300/0 4 ==== mgrmap(e 8) v1 ==== 43281+0+0 (secure 0 0 0) 0x7fe9f802d3f0 con 0x7fea081011d0
2023-12-07T16:03:10.621 INFO:teuthology.orchestra.run.smithi001.stdout:/usr/bin/ceph: stderr
2023-12-07T16:03:09.998+0000 7fea0ddeb700 1 -- 172.21.15.1:0/3882952703 --> [v2:172.21.15.1:3300/0,v1:172.21.15.1:6789/0] -- mon_command({"prefix": "get_command_descriptions"} v 0) v1 -- 0x7fea0804bb80 con 0x7fea081011d0
2023-12-07T16:03:10.621 INFO:teuthology.orchestra.run.smithi001.stdout:/usr/bin/ceph: stderr
2023-12-07T16:03:09.998+0000 7fe9effff700 1 --2- 172.21.15.1:0/3882952703 >> [v2:172.21.15.1:6800/2276465089,v1:172.21.15.1:6801/2276465089] conn(0x7fe9f0036640 0x7fe9f0038af0 unknown :-1 s=NONE pgs=0 cs=0 l=1 rev1=0 crypto rx=0 tx=0 comp rx=0 tx=0).connect
2023-12-07T16:03:10.621 INFO:teuthology.orchestra.run.smithi001.stdout:/usr/bin/ceph: stderr
2023-12-07T16:03:09.998+0000 7fe9effff700 1 -- 172.21.15.1:0/3882952703 <== mon.0 v2:172.21.15.1:3300/0 5 ==== osd_map(2..2 src has 1..2) v4 ==== 936+0+0 (secure 0 0 0) 0x7fe9f804a180 con 0x7fea081011d0
2023-12-07T16:03:10.622 INFO:teuthology.orchestra.run.smithi001.stdout:/usr/bin/ceph: stderr
2023-12-07T16:03:09.999+0000 7fea06ffd700 1 --2- 172.21.15.1:0/3882952703 >> [v2:172.21.15.1:6800/2276465089,v1:172.21.15.1:6801/2276465089] conn(0x7fe9f0036640 0x7fe9f0038af0 unknown :-1 s=BANNER_CONNECTING pgs=0 cs=0 l=1 rev1=0 crypto rx=0 tx=0 comp rx=0 tx=0)._handle_peer_banner_payload supported=3 required=0
2023-12-07T16:03:10.622 INFO:teuthology.orchestra.run.smithi001.stdout:/usr/bin/ceph: stderr
2023-12-07T16:03:09.999+0000 7fea06ffd700 1 --2- 172.21.15.1:0/3882952703 >> [v2:172.21.15.1:6800/2276465089,v1:172.21.15.1:6801/2276465089] conn(0x7fe9f0036640 0x7fe9f0038af0 secure :-1 s=READY pgs=14 cs=0 l=1 rev1=1 crypto rx=0x7fe9fc009990 tx=0x7fe9fc006e40 comp rx=0 tx=0).ready entity=mgr.14120 client_cookie=0 server_cookie=0 in_seq=0 out_seq=0
2023-12-07T16:03:10.622 INFO:teuthology.orchestra.run.smithi001.stdout:/usr/bin/ceph: stderr
2023-12-07T16:03:10.004+0000 7fe9effff700 1 -- 172.21.15.1:0/3882952703 <== mon.0 v2:172.21.15.1:3300/0 6 ==== mon_command_ack([{"prefix": "get_command_descriptions"}]=0 v0) v1 ==== 72+0+174570 (secure 0 0 0) 0x7fe9f802b8e0 con 0x7fea081011d0
2023-12-07T16:03:10.622 INFO:teuthology.orchestra.run.smithi001.stdout:/usr/bin/ceph: stderr
2023-12-07T16:03:10.226+0000 7fea0ddeb700 1 -- 172.21.15.1:0/3882952703 --> [v2:172.21.15.1:6800/2276465089,v1:172.21.15.1:6801/2276465089] -- mgr_command(tid 0: {"prefix": "orch apply", "service_type": "crash", "target": ["mon-mgr", ""]}) v1 -- 0x7fea08106820 con 0x7fe9f0036640
2023-12-07T16:03:10.622 INFO:teuthology.orchestra.run.smithi001.stdout:/usr/bin/ceph: stderr
2023-12-07T16:03:10.231+0000 7fe9effff700 1 -- 172.21.15.1:0/3882952703 <== mgr.14120 v2:172.21.15.1:6800/2276465089 1 ==== mgr_command_reply(tid 0: 0 ) v1 ==== 8+0+26 (secure 0 0 0) 0x7fea08106820 con 0x7fe9f0036640
2023-12-07T16:03:10.622 INFO:teuthology.orchestra.run.smithi001.stdout:/usr/bin/ceph: stderr
2023-12-07T16:03:10.233+0000 7fea0ddeb700 1 -- 172.21.15.1:0/3882952703 >> [v2:172.21.15.1:6800/2276465089,v1:172.21.15.1:6801/2276465089] conn(0x7fe9f0036640 msgr2=0x7fe9f0038af0 secure :-1 s=STATE_CONNECTION_ESTABLISHED l=1).mark_down
2023-12-07T16:03:10.622 INFO:teuthology.orchestra.run.smithi001.stdout:/usr/bin/ceph: stderr
2023-12-07T16:03:10.233+0000 7fea0ddeb700 1 --2- 172.21.15.1:0/3882952703 >> [v2:172.21.15.1:6800/2276465089,v1:172.21.15.1:6801/2276465089] conn(0x7fe9f0036640 0x7fe9f0038af0 secure :-1 s=READY pgs=14 cs=0 l=1 rev1=1 crypto rx=0x7fe9fc009990 tx=0x7fe9fc006e40 comp rx=0 tx=0).stop
2023-12-07T16:03:10.622 INFO:teuthology.orchestra.run.smithi001.stdout:/usr/bin/ceph: stderr
2023-12-07T16:03:10.233+0000 7fea0ddeb700 1 -- 172.21.15.1:0/3882952703 >> [v2:172.21.15.1:3300/0,v1:172.21.15.1:6789/0] conn(0x7fea081011d0 msgr2=0x7fea081075b0 secure :-1 s=STATE_CONNECTION_ESTABLISHED l=1).mark_down
2023-12-07T16:03:10.622 INFO:teuthology.orchestra.run.smithi001.stdout:/usr/bin/ceph: stderr
2023-12-07T16:03:10.233+0000 7fea0ddeb700 1 --2- 172.21.15.1:0/3882952703 >> [v2:172.21.15.1:3300/0,v1:172.21.15.1:6789/0] conn(0x7fea081011d0 0x7fea081075b0 secure :-1 s=READY pgs=52 cs=0 l=1 rev1=1 crypto rx=0x7fe9f8011b60 tx=0x7fe9f8009250 comp rx=0 tx=0).stop
2023-12-07T16:03:10.622 INFO:teuthology.orchestra.run.smithi001.stdout:/usr/bin/ceph: stderr
2023-12-07T16:03:10.233+0000 7fea0ddeb700 1 -- 172.21.15.1:0/3882952703 shutdown_connections
2023-12-07T16:03:10.622 INFO:teuthology.orchestra.run.smithi001.stdout:/usr/bin/ceph: stderr
2023-12-07T16:03:10.233+0000 7fea0ddeb700 1 --2- 172.21.15.1:0/3882952703 >> [v2:172.21.15.1:6800/2276465089,v1:172.21.15.1:6801/2276465089] conn(0x7fe9f0036640 0x7fe9f0038af0 unknown :-1 s=CLOSED pgs=14 cs=0 l=1 rev1=1 crypto rx=0 tx=0 comp rx=0 tx=0).stop
2023-12-07T16:03:10.622 INFO:teuthology.orchestra.run.smithi001.stdout:/usr/bin/ceph: stderr
2023-12-07T16:03:10.233+0000 7fea0ddeb700 1 --2- 172.21.15.1:0/3882952703 >> [v2:172.21.15.1:3300/0,v1:172.21.15.1:6789/0] conn(0x7fea081011d0 0x7fea081075b0 unknown :-1 s=CLOSED pgs=52 cs=0 l=1 rev1=1 crypto rx=0 tx=0 comp rx=0 tx=0).stop
2023-12-07T16:03:10.622 INFO:teuthology.orchestra.run.smithi001.stdout:/usr/bin/ceph: stderr
2023-12-07T16:03:10.233+0000 7fea0ddeb700 1 -- 172.21.15.1:0/3882952703 >> 172.21.15.1:0/3882952703 conn(0x7fea080fc950 msgr2=0x7fea080767f0 unknown :-1 s=STATE_NONE l=0).mark_down
2023-12-07T16:03:10.622 INFO:teuthology.orchestra.run.smithi001.stdout:/usr/bin/ceph: stderr
2023-12-07T16:03:10.233+0000 7fea0ddeb700 1 -- 172.21.15.1:0/3882952703 shutdown_connections
2023-12-07T16:03:10.623 INFO:teuthology.orchestra.run.smithi001.stdout:/usr/bin/ceph: stderr
2023-12-07T16:03:10.233+0000 7fea0ddeb700 1 -- 172.21.15.1:0/3882952703 wait complete.
2023-12-07T16:03:10.623 INFO:teuthology.orchestra.run.smithi001.stdout:Deploying prometheus service with default placement...
2023-12-07T16:03:11.492 INFO:journalctl@ceph.mon.smithi001.smithi001.stdout:Dec 07 16:03:11 smithi001 ceph-mon[112093]: from='client.14146 -' entity='client.admin' cmd=[{"prefix": "orch apply", "service_type": "crash", "target": ["mon-mgr", ""]}]: dispatch
2023-12-07T16:03:11.492 INFO:journalctl@ceph.mon.smithi001.smithi001.stdout:Dec 07 16:03:11 smithi001 ceph-mon[112093]: Saving service crash spec with placement *
2023-12-07T16:03:11.492 INFO:journalctl@ceph.mon.smithi001.smithi001.stdout:Dec 07 16:03:11 smithi001 ceph-mon[112093]: from='mgr.14120 172.21.15.1:0/290786840' entity='mgr.smithi001.tojxeo'
2023-12-07T16:03:11.492 INFO:journalctl@ceph.mon.smithi001.smithi001.stdout:Dec 07 16:03:11 smithi001 ceph-mon[112093]: from='mgr.14120 172.21.15.1:0/290786840' entity='mgr.smithi001.tojxeo'
2023-12-07T16:03:11.829 INFO:teuthology.orchestra.run.smithi001.stdout:/usr/bin/ceph: stdout Scheduled prometheus update...
2023-12-07T16:03:11.829 INFO:teuthology.orchestra.run.smithi001.stdout:/usr/bin/ceph: stderr
2023-12-07T16:03:11.204+0000 7f16e4f1a700 1 Processor -- start
2023-12-07T16:03:11.829 INFO:teuthology.orchestra.run.smithi001.stdout:/usr/bin/ceph: stderr
2023-12-07T16:03:11.204+0000 7f16e4f1a700 1 -- start start
2023-12-07T16:03:11.829 INFO:teuthology.orchestra.run.smithi001.stdout:/usr/bin/ceph: stderr
2023-12-07T16:03:11.205+0000 7f16e4f1a700 1 --2- >> [v2:172.21.15.1:3300/0,v1:172.21.15.1:6789/0] conn(0x7f16e0070f80 0x7f16e0104f20 unknown :-1 s=NONE pgs=0 cs=0 l=0 rev1=0 crypto rx=0 tx=0 comp rx=0 tx=0).connect
2023-12-07T16:03:11.829 INFO:teuthology.orchestra.run.smithi001.stdout:/usr/bin/ceph: stderr
2023-12-07T16:03:11.205+0000 7f16e4f1a700 1 -- --> [v2:172.21.15.1:3300/0,v1:172.21.15.1:6789/0] -- mon_getmap magic: 0 v1 -- 0x7f16e0105460 con 0x7f16e0070f80
2023-12-07T16:03:11.830 INFO:teuthology.orchestra.run.smithi001.stdout:/usr/bin/ceph: stderr
2023-12-07T16:03:11.205+0000 7f16de59c700 1 --2- >> [v2:172.21.15.1:3300/0,v1:172.21.15.1:6789/0] conn(0x7f16e0070f80 0x7f16e0104f20 unknown :-1 s=BANNER_CONNECTING pgs=0 cs=0 l=0 rev1=0 crypto rx=0 tx=0 comp rx=0 tx=0)._handle_peer_banner_payload supported=3 required=0
2023-12-07T16:03:11.830 INFO:teuthology.orchestra.run.smithi001.stdout:/usr/bin/ceph: stderr
2023-12-07T16:03:11.205+0000 7f16de59c700 1 --2- >> [v2:172.21.15.1:3300/0,v1:172.21.15.1:6789/0] conn(0x7f16e0070f80 0x7f16e0104f20 unknown :-1 s=HELLO_CONNECTING pgs=0 cs=0 l=0 rev1=1 crypto rx=0 tx=0 comp rx=0 tx=0).handle_hello peer v2:172.21.15.1:3300/0 says I am v2:172.21.15.1:38036/0 (socket says 172.21.15.1:38036)
2023-12-07T16:03:11.830 INFO:teuthology.orchestra.run.smithi001.stdout:/usr/bin/ceph: stderr
2023-12-07T16:03:11.205+0000 7f16de59c700 1 -- 172.21.15.1:0/650053887 learned_addr learned my addr 172.21.15.1:0/650053887 (peer_addr_for_me v2:172.21.15.1:0/0)
2023-12-07T16:03:11.830 INFO:teuthology.orchestra.run.smithi001.stdout:/usr/bin/ceph: stderr
2023-12-07T16:03:11.205+0000 7f16de59c700 1 -- 172.21.15.1:0/650053887 --> [v2:172.21.15.1:3300/0,v1:172.21.15.1:6789/0] -- mon_subscribe({config=0+,monmap=0+}) v3 -- 0x7f16e01055a0 con 0x7f16e0070f80
2023-12-07T16:03:11.830 INFO:teuthology.orchestra.run.smithi001.stdout:/usr/bin/ceph: stderr
2023-12-07T16:03:11.205+0000 7f16de59c700 1 --2- 172.21.15.1:0/650053887 >> [v2:172.21.15.1:3300/0,v1:172.21.15.1:6789/0] conn(0x7f16e0070f80 0x7f16e0104f20 secure :-1 s=READY pgs=53 cs=0 l=1 rev1=1 crypto rx=0x7f16d00098e0 tx=0x7f16d0009250 comp rx=0 tx=0).ready entity=mon.0 client_cookie=4b7bab439a646009 server_cookie=0 in_seq=0 out_seq=0
2023-12-07T16:03:11.830 INFO:teuthology.orchestra.run.smithi001.stdout:/usr/bin/ceph: stderr
2023-12-07T16:03:11.206+0000 7f16dd59a700 1 -- 172.21.15.1:0/650053887 <== mon.0 v2:172.21.15.1:3300/0 1 ==== mon_map magic: 0 v1 ==== 229+0+0 (secure 0 0 0) 0x7f16d000b860 con 0x7f16e0070f80
2023-12-07T16:03:11.830 INFO:teuthology.orchestra.run.smithi001.stdout:/usr/bin/ceph: stderr
2023-12-07T16:03:11.206+0000 7f16dd59a700 1 -- 172.21.15.1:0/650053887 <== mon.0 v2:172.21.15.1:3300/0 2 ==== config(26 keys) v1 ==== 1074+0+0 (secure 0 0 0) 0x7f16d000be70 con 0x7f16e0070f80
2023-12-07T16:03:11.830 INFO:teuthology.orchestra.run.smithi001.stdout:/usr/bin/ceph: stderr
2023-12-07T16:03:11.206+0000 7f16dd59a700 1 -- 172.21.15.1:0/650053887 <== mon.0 v2:172.21.15.1:3300/0 3 ==== mon_map magic: 0 v1 ==== 229+0+0 (secure 0 0 0) 0x7f16d0010380 con 0x7f16e0070f80
2023-12-07T16:03:11.830 INFO:teuthology.orchestra.run.smithi001.stdout:/usr/bin/ceph: stderr
2023-12-07T16:03:11.206+0000 7f16e4f1a700 1 -- 172.21.15.1:0/650053887 >> [v2:172.21.15.1:3300/0,v1:172.21.15.1:6789/0] conn(0x7f16e0070f80 msgr2=0x7f16e0104f20 secure :-1 s=STATE_CONNECTION_ESTABLISHED l=1).mark_down
2023-12-07T16:03:11.830 INFO:teuthology.orchestra.run.smithi001.stdout:/usr/bin/ceph: stderr
2023-12-07T16:03:11.206+0000 7f16e4f1a700 1 --2- 172.21.15.1:0/650053887 >> [v2:172.21.15.1:3300/0,v1:172.21.15.1:6789/0] conn(0x7f16e0070f80 0x7f16e0104f20 secure :-1 s=READY pgs=53 cs=0 l=1 rev1=1 crypto rx=0x7f16d00098e0 tx=0x7f16d0009250 comp rx=0 tx=0).stop
2023-12-07T16:03:11.830 INFO:teuthology.orchestra.run.smithi001.stdout:/usr/bin/ceph: stderr
2023-12-07T16:03:11.206+0000 7f16e4f1a700 1 -- 172.21.15.1:0/650053887 shutdown_connections
2023-12-07T16:03:11.831 INFO:teuthology.orchestra.run.smithi001.stdout:/usr/bin/ceph: stderr
2023-12-07T16:03:11.206+0000 7f16e4f1a700 1 --2- 172.21.15.1:0/650053887 >> [v2:172.21.15.1:3300/0,v1:172.21.15.1:6789/0] conn(0x7f16e0070f80 0x7f16e0104f20 unknown :-1 s=CLOSED pgs=53 cs=0 l=1 rev1=1 crypto rx=0 tx=0 comp rx=0 tx=0).stop
2023-12-07T16:03:11.831 INFO:teuthology.orchestra.run.smithi001.stdout:/usr/bin/ceph: stderr
2023-12-07T16:03:11.206+0000 7f16e4f1a700 1 -- 172.21.15.1:0/650053887 >> 172.21.15.1:0/650053887 conn(0x7f16e00fc970 msgr2=0x7f16e00fed80 unknown :-1 s=STATE_NONE l=0).mark_down
2023-12-07T16:03:11.831 INFO:teuthology.orchestra.run.smithi001.stdout:/usr/bin/ceph: stderr
2023-12-07T16:03:11.206+0000 7f16e4f1a700 1 -- 172.21.15.1:0/650053887 shutdown_connections
2023-12-07T16:03:11.831 INFO:teuthology.orchestra.run.smithi001.stdout:/usr/bin/ceph: stderr
2023-12-07T16:03:11.207+0000 7f16e4f1a700 1 -- 172.21.15.1:0/650053887 wait complete.
2023-12-07T16:03:11.831 INFO:teuthology.orchestra.run.smithi001.stdout:/usr/bin/ceph: stderr
2023-12-07T16:03:11.207+0000 7f16e4f1a700 1 Processor -- start
2023-12-07T16:03:11.831 INFO:teuthology.orchestra.run.smithi001.stdout:/usr/bin/ceph: stderr
2023-12-07T16:03:11.207+0000 7f16e4f1a700 1 -- start start
2023-12-07T16:03:11.831 INFO:teuthology.orchestra.run.smithi001.stdout:/usr/bin/ceph: stderr
2023-12-07T16:03:11.207+0000 7f16e4f1a700 1 --2- >> [v2:172.21.15.1:3300/0,v1:172.21.15.1:6789/0] conn(0x7f16e0070f80 0x7f16e01111b0 unknown :-1 s=NONE pgs=0 cs=0 l=1 rev1=0 crypto rx=0 tx=0 comp rx=0 tx=0).connect
2023-12-07T16:03:11.831 INFO:teuthology.orchestra.run.smithi001.stdout:/usr/bin/ceph: stderr
2023-12-07T16:03:11.207+0000 7f16e4f1a700 1 -- --> [v2:172.21.15.1:3300/0,v1:172.21.15.1:6789/0] -- mon_getmap magic: 0 v1 -- 0x7f16e01116f0 con 0x7f16e0070f80
2023-12-07T16:03:11.831 INFO:teuthology.orchestra.run.smithi001.stdout:/usr/bin/ceph: stderr
2023-12-07T16:03:11.207+0000 7f16de59c700 1 --2- >> [v2:172.21.15.1:3300/0,v1:172.21.15.1:6789/0] conn(0x7f16e0070f80 0x7f16e01111b0 unknown :-1 s=BANNER_CONNECTING pgs=0 cs=0 l=1 rev1=0 crypto rx=0 tx=0 comp rx=0 tx=0)._handle_peer_banner_payload supported=3 required=0
2023-12-07T16:03:11.831 INFO:teuthology.orchestra.run.smithi001.stdout:/usr/bin/ceph: stderr
2023-12-07T16:03:11.207+0000 7f16de59c700 1 --2- >> [v2:172.21.15.1:3300/0,v1:172.21.15.1:6789/0] conn(0x7f16e0070f80 0x7f16e01111b0 unknown :-1 s=HELLO_CONNECTING pgs=0 cs=0 l=1 rev1=1 crypto rx=0 tx=0 comp rx=0 tx=0).handle_hello peer v2:172.21.15.1:3300/0 says I am v2:172.21.15.1:38040/0 (socket says 172.21.15.1:38040)
2023-12-07T16:03:11.831 INFO:teuthology.orchestra.run.smithi001.stdout:/usr/bin/ceph: stderr
2023-12-07T16:03:11.207+0000 7f16de59c700 1 -- 172.21.15.1:0/4193481761 learned_addr learned my addr 172.21.15.1:0/4193481761 (peer_addr_for_me v2:172.21.15.1:0/0)
2023-12-07T16:03:11.832 INFO:teuthology.orchestra.run.smithi001.stdout:/usr/bin/ceph: stderr
2023-12-07T16:03:11.208+0000 7f16de59c700 1 -- 172.21.15.1:0/4193481761 --> [v2:172.21.15.1:3300/0,v1:172.21.15.1:6789/0] -- mon_subscribe({config=0+,monmap=0+}) v3 -- 0x7f16d00094f0 con 0x7f16e0070f80
2023-12-07T16:03:11.832 INFO:teuthology.orchestra.run.smithi001.stdout:/usr/bin/ceph: stderr
2023-12-07T16:03:11.208+0000 7f16de59c700 1 --2- 172.21.15.1:0/4193481761 >> [v2:172.21.15.1:3300/0,v1:172.21.15.1:6789/0] conn(0x7f16e0070f80 0x7f16e01111b0 secure :-1 s=READY pgs=54 cs=0 l=1 rev1=1 crypto rx=0x7f16d00094c0 tx=0x7f16d0009250 comp rx=0 tx=0).ready entity=mon.0 client_cookie=0 server_cookie=0 in_seq=0 out_seq=0
2023-12-07T16:03:11.832 INFO:teuthology.orchestra.run.smithi001.stdout:/usr/bin/ceph: stderr
2023-12-07T16:03:11.208+0000 7f16ceffd700 1 -- 172.21.15.1:0/4193481761 <== mon.0 v2:172.21.15.1:3300/0 1 ==== mon_map magic: 0 v1 ==== 229+0+0 (secure 0 0 0) 0x7f16d0010850 con 0x7f16e0070f80
2023-12-07T16:03:11.832 INFO:teuthology.orchestra.run.smithi001.stdout:/usr/bin/ceph: stderr
2023-12-07T16:03:11.208+0000 7f16ceffd700 1 -- 172.21.15.1:0/4193481761 <== mon.0 v2:172.21.15.1:3300/0 2 ==== config(26 keys) v1 ==== 1074+0+0 (secure 0 0 0) 0x7f16d0010e60 con 0x7f16e0070f80
2023-12-07T16:03:11.832 INFO:teuthology.orchestra.run.smithi001.stdout:/usr/bin/ceph: stderr
2023-12-07T16:03:11.208+0000 7f16e4f1a700 1 -- 172.21.15.1:0/4193481761 --> [v2:172.21.15.1:3300/0,v1:172.21.15.1:6789/0] -- mon_subscribe({mgrmap=0+}) v3 -- 0x7f16e01118f0 con 0x7f16e0070f80
2023-12-07T16:03:11.832 INFO:teuthology.orchestra.run.smithi001.stdout:/usr/bin/ceph: stderr
2023-12-07T16:03:11.208+0000 7f16ceffd700 1 -- 172.21.15.1:0/4193481761 <== mon.0 v2:172.21.15.1:3300/0 3 ==== mon_map magic: 0 v1 ==== 229+0+0 (secure 0 0 0) 0x7f16d001a430 con 0x7f16e0070f80
2023-12-07T16:03:11.832 INFO:teuthology.orchestra.run.smithi001.stdout:/usr/bin/ceph: stderr
2023-12-07T16:03:11.208+0000 7f16e4f1a700 1 -- 172.21.15.1:0/4193481761 --> [v2:172.21.15.1:3300/0,v1:172.21.15.1:6789/0] -- mon_subscribe({osdmap=0}) v3 -- 0x7f16e0111d00 con 0x7f16e0070f80
2023-12-07T16:03:11.832 INFO:teuthology.orchestra.run.smithi001.stdout:/usr/bin/ceph: stderr
2023-12-07T16:03:11.209+0000 7f16ceffd700 1 -- 172.21.15.1:0/4193481761 <== mon.0 v2:172.21.15.1:3300/0 4 ==== mgrmap(e 8) v1 ==== 43281+0+0 (secure 0 0 0) 0x7f16d00247b0 con 0x7f16e0070f80
2023-12-07T16:03:11.832 INFO:teuthology.orchestra.run.smithi001.stdout:/usr/bin/ceph: stderr
2023-12-07T16:03:11.209+0000 7f16ceffd700 1 --2- 172.21.15.1:0/4193481761 >> [v2:172.21.15.1:6800/2276465089,v1:172.21.15.1:6801/2276465089] conn(0x7f16c80365f0 0x7f16c8038aa0 unknown :-1 s=NONE pgs=0 cs=0 l=1 rev1=0 crypto rx=0 tx=0 comp rx=0 tx=0).connect
2023-12-07T16:03:11.832 INFO:teuthology.orchestra.run.smithi001.stdout:/usr/bin/ceph: stderr
2023-12-07T16:03:11.209+0000 7f16ceffd700 1 -- 172.21.15.1:0/4193481761 <== mon.0 v2:172.21.15.1:3300/0 5 ==== osd_map(2..2 src has 1..2) v4 ==== 936+0+0 (secure 0 0 0) 0x7f16d004a400 con 0x7f16e0070f80
2023-12-07T16:03:11.832 INFO:teuthology.orchestra.run.smithi001.stdout:/usr/bin/ceph: stderr
2023-12-07T16:03:11.209+0000 7f16e4f1a700 1 -- 172.21.15.1:0/4193481761 --> [v2:172.21.15.1:3300/0,v1:172.21.15.1:6789/0] -- mon_command({"prefix": "get_command_descriptions"} v 0) v1 -- 0x7f16e004bb80 con 0x7f16e0070f80
2023-12-07T16:03:11.832 INFO:teuthology.orchestra.run.smithi001.stdout:/usr/bin/ceph: stderr
2023-12-07T16:03:11.210+0000 7f16ddd9b700 1 --2- 172.21.15.1:0/4193481761 >> [v2:172.21.15.1:6800/2276465089,v1:172.21.15.1:6801/2276465089] conn(0x7f16c80365f0 0x7f16c8038aa0 unknown :-1 s=BANNER_CONNECTING pgs=0 cs=0 l=1 rev1=0 crypto rx=0 tx=0 comp rx=0 tx=0)._handle_peer_banner_payload supported=3 required=0
2023-12-07T16:03:11.833 INFO:teuthology.orchestra.run.smithi001.stdout:/usr/bin/ceph: stderr
2023-12-07T16:03:11.210+0000 7f16ddd9b700 1 --2- 172.21.15.1:0/4193481761 >> [v2:172.21.15.1:6800/2276465089,v1:172.21.15.1:6801/2276465089] conn(0x7f16c80365f0 0x7f16c8038aa0 secure :-1 s=READY pgs=15 cs=0 l=1 rev1=1 crypto rx=0x7f16d4009990 tx=0x7f16d4006e40 comp rx=0 tx=0).ready entity=mgr.14120 client_cookie=0 server_cookie=0 in_seq=0 out_seq=0
2023-12-07T16:03:11.833 INFO:teuthology.orchestra.run.smithi001.stdout:/usr/bin/ceph: stderr
2023-12-07T16:03:11.214+0000 7f16ceffd700 1 -- 172.21.15.1:0/4193481761 <== mon.0 v2:172.21.15.1:3300/0 6 ==== mon_command_ack([{"prefix": "get_command_descriptions"}]=0 v0) v1 ==== 72+0+174570 (secure 0 0 0) 0x7f16d0024440 con 0x7f16e0070f80
2023-12-07T16:03:11.833 INFO:teuthology.orchestra.run.smithi001.stdout:/usr/bin/ceph: stderr
2023-12-07T16:03:11.434+0000 7f16e4f1a700 1 -- 172.21.15.1:0/4193481761 --> [v2:172.21.15.1:6800/2276465089,v1:172.21.15.1:6801/2276465089] -- mgr_command(tid 0: {"prefix": "orch apply", "service_type": "prometheus", "target": ["mon-mgr", ""]}) v1 -- 0x7f16e010adf0 con 0x7f16c80365f0
2023-12-07T16:03:11.833 INFO:teuthology.orchestra.run.smithi001.stdout:/usr/bin/ceph: stderr
2023-12-07T16:03:11.441+0000 7f16ceffd700 1 -- 172.21.15.1:0/4193481761 <== mgr.14120 v2:172.21.15.1:6800/2276465089 1 ==== mgr_command_reply(tid 0: 0 ) v1 ==== 8+0+31 (secure 0 0 0) 0x7f16e010adf0 con 0x7f16c80365f0
2023-12-07T16:03:11.833 INFO:teuthology.orchestra.run.smithi001.stdout:/usr/bin/ceph: stderr
2023-12-07T16:03:11.443+0000 7f16e4f1a700 1 -- 172.21.15.1:0/4193481761 >> [v2:172.21.15.1:6800/2276465089,v1:172.21.15.1:6801/2276465089] conn(0x7f16c80365f0 msgr2=0x7f16c8038aa0 secure :-1 s=STATE_CONNECTION_ESTABLISHED l=1).mark_down
2023-12-07T16:03:11.833 INFO:teuthology.orchestra.run.smithi001.stdout:/usr/bin/ceph: stderr
2023-12-07T16:03:11.443+0000 7f16e4f1a700 1 --2- 172.21.15.1:0/4193481761 >> [v2:172.21.15.1:6800/2276465089,v1:172.21.15.1:6801/2276465089] conn(0x7f16c80365f0 0x7f16c8038aa0 secure :-1 s=READY pgs=15 cs=0 l=1 rev1=1 crypto rx=0x7f16d4009990 tx=0x7f16d4006e40 comp rx=0 tx=0).stop
2023-12-07T16:03:11.833 INFO:teuthology.orchestra.run.smithi001.stdout:/usr/bin/ceph: stderr
2023-12-07T16:03:11.443+0000 7f16e4f1a700 1 -- 172.21.15.1:0/4193481761 >> [v2:172.21.15.1:3300/0,v1:172.21.15.1:6789/0] conn(0x7f16e0070f80 msgr2=0x7f16e01111b0 secure :-1 s=STATE_CONNECTION_ESTABLISHED l=1).mark_down
2023-12-07T16:03:11.833 INFO:teuthology.orchestra.run.smithi001.stdout:/usr/bin/ceph: stderr
