2023-12-07T16:14:52.199+0000 7fbd5e3e9700 1 --2- 172.21.15.63:0/373470954 >> [v2:172.21.15.63:6800/1052036735,v1:172.21.15.63:6801/1052036735] conn(0x7fbd40036640 0x7fbd40038af0 secure :-1 s=READY pgs=21 cs=0 l=1 rev1=1 crypto rx=0x7fbd4c009990 tx=0x7fbd4c006e40 comp rx=0 tx=0).stop
2023-12-07T16:14:52.665 INFO:teuthology.orchestra.run.smithi063.stdout:/usr/bin/ceph: stderr
2023-12-07T16:14:52.199+0000 7fbd5e3e9700 1 -- 172.21.15.63:0/373470954 >> [v2:172.21.15.63:3300/0,v1:172.21.15.63:6789/0] conn(0x7fbd58076c60 msgr2=0x7fbd58102910 secure :-1 s=STATE_CONNECTION_ESTABLISHED l=1).mark_down
2023-12-07T16:14:52.665 INFO:teuthology.orchestra.run.smithi063.stdout:/usr/bin/ceph: stderr
2023-12-07T16:14:52.199+0000 7fbd5e3e9700 1 --2- 172.21.15.63:0/373470954 >> [v2:172.21.15.63:3300/0,v1:172.21.15.63:6789/0] conn(0x7fbd58076c60 0x7fbd58102910 secure :-1 s=READY pgs=66 cs=0 l=1 rev1=1 crypto rx=0x7fbd48006d40 tx=0x7fbd48009250 comp rx=0 tx=0).stop
2023-12-07T16:14:52.665 INFO:teuthology.orchestra.run.smithi063.stdout:/usr/bin/ceph: stderr
2023-12-07T16:14:52.200+0000 7fbd5e3e9700 1 -- 172.21.15.63:0/373470954 shutdown_connections
2023-12-07T16:14:52.665 INFO:teuthology.orchestra.run.smithi063.stdout:/usr/bin/ceph: stderr
2023-12-07T16:14:52.200+0000 7fbd5e3e9700 1 --2- 172.21.15.63:0/373470954 >> [v2:172.21.15.63:6800/1052036735,v1:172.21.15.63:6801/1052036735] conn(0x7fbd40036640 0x7fbd40038af0 unknown :-1 s=CLOSED pgs=21 cs=0 l=1 rev1=1 crypto rx=0 tx=0 comp rx=0 tx=0).stop
2023-12-07T16:14:52.665 INFO:teuthology.orchestra.run.smithi063.stdout:/usr/bin/ceph: stderr
2023-12-07T16:14:52.200+0000 7fbd5e3e9700 1 --2- 172.21.15.63:0/373470954 >> [v2:172.21.15.63:3300/0,v1:172.21.15.63:6789/0] conn(0x7fbd58076c60 0x7fbd58102910 unknown :-1 s=CLOSED pgs=66 cs=0 l=1 rev1=1 crypto rx=0 tx=0 comp rx=0 tx=0).stop
2023-12-07T16:14:52.665 INFO:teuthology.orchestra.run.smithi063.stdout:/usr/bin/ceph: stderr
2023-12-07T16:14:52.200+0000 7fbd5e3e9700 1 -- 172.21.15.63:0/373470954 >> 172.21.15.63:0/373470954 conn(0x7fbd580fc980 msgr2=0x7fbd580fed70 unknown :-1 s=STATE_NONE l=0).mark_down
2023-12-07T16:14:52.665 INFO:teuthology.orchestra.run.smithi063.stdout:/usr/bin/ceph: stderr
2023-12-07T16:14:52.200+0000 7fbd5e3e9700 1 -- 172.21.15.63:0/373470954 shutdown_connections
2023-12-07T16:14:52.665 INFO:teuthology.orchestra.run.smithi063.stdout:/usr/bin/ceph: stderr
2023-12-07T16:14:52.200+0000 7fbd5e3e9700 1 -- 172.21.15.63:0/373470954 wait complete.
2023-12-07T16:14:53.530 INFO:journalctl@ceph.mon.smithi063.smithi063.stdout:Dec 07 16:14:53 smithi063 ceph-mon[112095]: from='client.? 172.21.15.63:0/373470954' entity='client.admin' cmd='[{"prefix": "mgr module enable", "module": "dashboard"}]': finished
2023-12-07T16:14:53.530 INFO:journalctl@ceph.mon.smithi063.smithi063.stdout:Dec 07 16:14:53 smithi063 ceph-mon[112095]: mgrmap e9: smithi063.yohyyx(active, since 24s)
2023-12-07T16:14:53.731 INFO:teuthology.orchestra.run.smithi063.stdout:/usr/bin/ceph: stdout {
2023-12-07T16:14:53.737 INFO:teuthology.orchestra.run.smithi063.stdout:/usr/bin/ceph: stdout "epoch": 9,
2023-12-07T16:14:53.737 INFO:teuthology.orchestra.run.smithi063.stdout:/usr/bin/ceph: stdout "available": true,
2023-12-07T16:14:53.737 INFO:teuthology.orchestra.run.smithi063.stdout:/usr/bin/ceph: stdout "active_name": "smithi063.yohyyx",
2023-12-07T16:14:53.737 INFO:teuthology.orchestra.run.smithi063.stdout:/usr/bin/ceph: stdout "num_standby": 0
2023-12-07T16:14:53.738 INFO:teuthology.orchestra.run.smithi063.stdout:/usr/bin/ceph: stdout }
2023-12-07T16:14:53.738 INFO:teuthology.orchestra.run.smithi063.stdout:/usr/bin/ceph: stderr
2023-12-07T16:14:53.044+0000 7f19f0f21700 1 Processor -- start
2023-12-07T16:14:53.738 INFO:teuthology.orchestra.run.smithi063.stdout:/usr/bin/ceph: stderr
2023-12-07T16:14:53.044+0000 7f19f0f21700 1 -- start start
2023-12-07T16:14:53.738 INFO:teuthology.orchestra.run.smithi063.stdout:/usr/bin/ceph: stderr
2023-12-07T16:14:53.045+0000 7f19f0f21700 1 --2- >> [v2:172.21.15.63:3300/0,v1:172.21.15.63:6789/0] conn(0x7f19ec102780 0x7f19ec102b90 unknown :-1 s=NONE pgs=0 cs=0 l=0 rev1=0 crypto rx=0 tx=0 comp rx=0 tx=0).connect
2023-12-07T16:14:53.738 INFO:teuthology.orchestra.run.smithi063.stdout:/usr/bin/ceph: stderr
2023-12-07T16:14:53.045+0000 7f19f0f21700 1 -- --> [v2:172.21.15.63:3300/0,v1:172.21.15.63:6789/0] -- mon_getmap magic: 0 v1 -- 0x7f19ec1030d0 con 0x7f19ec102780
2023-12-07T16:14:53.738 INFO:teuthology.orchestra.run.smithi063.stdout:/usr/bin/ceph: stderr
2023-12-07T16:14:53.045+0000 7f19ea59c700 1 --2- >> [v2:172.21.15.63:3300/0,v1:172.21.15.63:6789/0] conn(0x7f19ec102780 0x7f19ec102b90 unknown :-1 s=BANNER_CONNECTING pgs=0 cs=0 l=0 rev1=0 crypto rx=0 tx=0 comp rx=0 tx=0)._handle_peer_banner_payload supported=3 required=0
2023-12-07T16:14:53.738 INFO:teuthology.orchestra.run.smithi063.stdout:/usr/bin/ceph: stderr
2023-12-07T16:14:53.045+0000 7f19ea59c700 1 --2- >> [v2:172.21.15.63:3300/0,v1:172.21.15.63:6789/0] conn(0x7f19ec102780 0x7f19ec102b90 unknown :-1 s=HELLO_CONNECTING pgs=0 cs=0 l=0 rev1=1 crypto rx=0 tx=0 comp rx=0 tx=0).handle_hello peer v2:172.21.15.63:3300/0 says I am v2:172.21.15.63:59382/0 (socket says 172.21.15.63:59382)
2023-12-07T16:14:53.738 INFO:teuthology.orchestra.run.smithi063.stdout:/usr/bin/ceph: stderr
2023-12-07T16:14:53.045+0000 7f19ea59c700 1 -- 172.21.15.63:0/1218434447 learned_addr learned my addr 172.21.15.63:0/1218434447 (peer_addr_for_me v2:172.21.15.63:0/0)
2023-12-07T16:14:53.738 INFO:teuthology.orchestra.run.smithi063.stdout:/usr/bin/ceph: stderr
2023-12-07T16:14:53.045+0000 7f19ea59c700 1 -- 172.21.15.63:0/1218434447 --> [v2:172.21.15.63:3300/0,v1:172.21.15.63:6789/0] -- mon_subscribe({config=0+,monmap=0+}) v3 -- 0x7f19ec103210 con 0x7f19ec102780
2023-12-07T16:14:53.738 INFO:teuthology.orchestra.run.smithi063.stdout:/usr/bin/ceph: stderr
2023-12-07T16:14:53.045+0000 7f19ea59c700 1 --2- 172.21.15.63:0/1218434447 >> [v2:172.21.15.63:3300/0,v1:172.21.15.63:6789/0] conn(0x7f19ec102780 0x7f19ec102b90 secure :-1 s=READY pgs=69 cs=0 l=1 rev1=1 crypto rx=0x7f19dc0098e0 tx=0x7f19dc009250 comp rx=0 tx=0).ready entity=mon.0 client_cookie=c5326af14d4f976d server_cookie=0 in_seq=0 out_seq=0
2023-12-07T16:14:53.738 INFO:teuthology.orchestra.run.smithi063.stdout:/usr/bin/ceph: stderr
2023-12-07T16:14:53.046+0000 7f19e959a700 1 -- 172.21.15.63:0/1218434447 <== mon.0 v2:172.21.15.63:3300/0 1 ==== mon_map magic: 0 v1 ==== 229+0+0 (secure 0 0 0) 0x7f19dc00b860 con 0x7f19ec102780
2023-12-07T16:14:53.739 INFO:teuthology.orchestra.run.smithi063.stdout:/usr/bin/ceph: stderr
2023-12-07T16:14:53.046+0000 7f19e959a700 1 -- 172.21.15.63:0/1218434447 <== mon.0 v2:172.21.15.63:3300/0 2 ==== config(26 keys) v1 ==== 1074+0+0 (secure 0 0 0) 0x7f19dc00be70 con 0x7f19ec102780
2023-12-07T16:14:53.739 INFO:teuthology.orchestra.run.smithi063.stdout:/usr/bin/ceph: stderr
2023-12-07T16:14:53.046+0000 7f19e959a700 1 -- 172.21.15.63:0/1218434447 <== mon.0 v2:172.21.15.63:3300/0 3 ==== mon_map magic: 0 v1 ==== 229+0+0 (secure 0 0 0) 0x7f19dc010380 con 0x7f19ec102780
2023-12-07T16:14:53.739 INFO:teuthology.orchestra.run.smithi063.stdout:/usr/bin/ceph: stderr
2023-12-07T16:14:53.046+0000 7f19f0f21700 1 -- 172.21.15.63:0/1218434447 >> [v2:172.21.15.63:3300/0,v1:172.21.15.63:6789/0] conn(0x7f19ec102780 msgr2=0x7f19ec102b90 secure :-1 s=STATE_CONNECTION_ESTABLISHED l=1).mark_down
2023-12-07T16:14:53.739 INFO:teuthology.orchestra.run.smithi063.stdout:/usr/bin/ceph: stderr
2023-12-07T16:14:53.046+0000 7f19f0f21700 1 --2- 172.21.15.63:0/1218434447 >> [v2:172.21.15.63:3300/0,v1:172.21.15.63:6789/0] conn(0x7f19ec102780 0x7f19ec102b90 secure :-1 s=READY pgs=69 cs=0 l=1 rev1=1 crypto rx=0x7f19dc0098e0 tx=0x7f19dc009250 comp rx=0 tx=0).stop
2023-12-07T16:14:53.739 INFO:teuthology.orchestra.run.smithi063.stdout:/usr/bin/ceph: stderr
2023-12-07T16:14:53.046+0000 7f19f0f21700 1 -- 172.21.15.63:0/1218434447 shutdown_connections
2023-12-07T16:14:53.739 INFO:teuthology.orchestra.run.smithi063.stdout:/usr/bin/ceph: stderr
2023-12-07T16:14:53.046+0000 7f19f0f21700 1 --2- 172.21.15.63:0/1218434447 >> [v2:172.21.15.63:3300/0,v1:172.21.15.63:6789/0] conn(0x7f19ec102780 0x7f19ec102b90 unknown :-1 s=CLOSED pgs=69 cs=0 l=1 rev1=1 crypto rx=0 tx=0 comp rx=0 tx=0).stop
2023-12-07T16:14:53.739 INFO:teuthology.orchestra.run.smithi063.stdout:/usr/bin/ceph: stderr
2023-12-07T16:14:53.046+0000 7f19f0f21700 1 -- 172.21.15.63:0/1218434447 >> 172.21.15.63:0/1218434447 conn(0x7f19ec0fc0b0 msgr2=0x7f19ec0fe4e0 unknown :-1 s=STATE_NONE l=0).mark_down
2023-12-07T16:14:53.739 INFO:teuthology.orchestra.run.smithi063.stdout:/usr/bin/ceph: stderr
2023-12-07T16:14:53.046+0000 7f19f0f21700 1 -- 172.21.15.63:0/1218434447 shutdown_connections
2023-12-07T16:14:53.739 INFO:teuthology.orchestra.run.smithi063.stdout:/usr/bin/ceph: stderr
2023-12-07T16:14:53.046+0000 7f19f0f21700 1 -- 172.21.15.63:0/1218434447 wait complete.
2023-12-07T16:14:53.739 INFO:teuthology.orchestra.run.smithi063.stdout:/usr/bin/ceph: stderr
2023-12-07T16:14:53.047+0000 7f19f0f21700 1 Processor -- start
2023-12-07T16:14:53.739 INFO:teuthology.orchestra.run.smithi063.stdout:/usr/bin/ceph: stderr
2023-12-07T16:14:53.047+0000 7f19f0f21700 1 -- start start
2023-12-07T16:14:53.740 INFO:teuthology.orchestra.run.smithi063.stdout:/usr/bin/ceph: stderr
2023-12-07T16:14:53.047+0000 7f19f0f21700 1 --2- >> [v2:172.21.15.63:3300/0,v1:172.21.15.63:6789/0] conn(0x7f19ec102780 0x7f19ec113e60 unknown :-1 s=NONE pgs=0 cs=0 l=1 rev1=0 crypto rx=0 tx=0 comp rx=0 tx=0).connect
2023-12-07T16:14:53.740 INFO:teuthology.orchestra.run.smithi063.stdout:/usr/bin/ceph: stderr
2023-12-07T16:14:53.047+0000 7f19f0f21700 1 -- --> [v2:172.21.15.63:3300/0,v1:172.21.15.63:6789/0] -- mon_getmap magic: 0 v1 -- 0x7f19ec101070 con 0x7f19ec102780
2023-12-07T16:14:53.740 INFO:teuthology.orchestra.run.smithi063.stdout:/usr/bin/ceph: stderr
2023-12-07T16:14:53.047+0000 7f19ea59c700 1 --2- >> [v2:172.21.15.63:3300/0,v1:172.21.15.63:6789/0] conn(0x7f19ec102780 0x7f19ec113e60 unknown :-1 s=BANNER_CONNECTING pgs=0 cs=0 l=1 rev1=0 crypto rx=0 tx=0 comp rx=0 tx=0)._handle_peer_banner_payload supported=3 required=0
2023-12-07T16:14:53.740 INFO:teuthology.orchestra.run.smithi063.stdout:/usr/bin/ceph: stderr
2023-12-07T16:14:53.047+0000 7f19ea59c700 1 --2- >> [v2:172.21.15.63:3300/0,v1:172.21.15.63:6789/0] conn(0x7f19ec102780 0x7f19ec113e60 unknown :-1 s=HELLO_CONNECTING pgs=0 cs=0 l=1 rev1=1 crypto rx=0 tx=0 comp rx=0 tx=0).handle_hello peer v2:172.21.15.63:3300/0 says I am v2:172.21.15.63:59384/0 (socket says 172.21.15.63:59384)
2023-12-07T16:14:53.740 INFO:teuthology.orchestra.run.smithi063.stdout:/usr/bin/ceph: stderr
2023-12-07T16:14:53.047+0000 7f19ea59c700 1 -- 172.21.15.63:0/2932024292 learned_addr learned my addr 172.21.15.63:0/2932024292 (peer_addr_for_me v2:172.21.15.63:0/0)
2023-12-07T16:14:53.740 INFO:teuthology.orchestra.run.smithi063.stdout:/usr/bin/ceph: stderr
2023-12-07T16:14:53.047+0000 7f19ea59c700 1 -- 172.21.15.63:0/2932024292 --> [v2:172.21.15.63:3300/0,v1:172.21.15.63:6789/0] -- mon_subscribe({config=0+,monmap=0+}) v3 -- 0x7f19dc0094f0 con 0x7f19ec102780
2023-12-07T16:14:53.740 INFO:teuthology.orchestra.run.smithi063.stdout:/usr/bin/ceph: stderr
2023-12-07T16:14:53.047+0000 7f19ea59c700 1 --2- 172.21.15.63:0/2932024292 >> [v2:172.21.15.63:3300/0,v1:172.21.15.63:6789/0] conn(0x7f19ec102780 0x7f19ec113e60 secure :-1 s=READY pgs=70 cs=0 l=1 rev1=1 crypto rx=0x7f19dc006d40 tx=0x7f19dc009250 comp rx=0 tx=0).ready entity=mon.0 client_cookie=0 server_cookie=0 in_seq=0 out_seq=0
2023-12-07T16:14:53.740 INFO:teuthology.orchestra.run.smithi063.stdout:/usr/bin/ceph: stderr
2023-12-07T16:14:53.048+0000 7f19daffd700 1 -- 172.21.15.63:0/2932024292 <== mon.0 v2:172.21.15.63:3300/0 1 ==== mon_map magic: 0 v1 ==== 229+0+0 (secure 0 0 0) 0x7f19dc010960 con 0x7f19ec102780
2023-12-07T16:14:53.740 INFO:teuthology.orchestra.run.smithi063.stdout:/usr/bin/ceph: stderr
2023-12-07T16:14:53.048+0000 7f19daffd700 1 -- 172.21.15.63:0/2932024292 <== mon.0 v2:172.21.15.63:3300/0 2 ==== config(26 keys) v1 ==== 1074+0+0 (secure 0 0 0) 0x7f19dc01a430 con 0x7f19ec102780
2023-12-07T16:14:53.740 INFO:teuthology.orchestra.run.smithi063.stdout:/usr/bin/ceph: stderr
2023-12-07T16:14:53.048+0000 7f19f0f21700 1 -- 172.21.15.63:0/2932024292 --> [v2:172.21.15.63:3300/0,v1:172.21.15.63:6789/0] -- mon_subscribe({mgrmap=0+}) v3 -- 0x7f19ec101270 con 0x7f19ec102780
2023-12-07T16:14:53.740 INFO:teuthology.orchestra.run.smithi063.stdout:/usr/bin/ceph: stderr
2023-12-07T16:14:53.048+0000 7f19daffd700 1 -- 172.21.15.63:0/2932024292 <== mon.0 v2:172.21.15.63:3300/0 3 ==== mon_map magic: 0 v1 ==== 229+0+0 (secure 0 0 0) 0x7f19dc0245b0 con 0x7f19ec102780
2023-12-07T16:14:53.740 INFO:teuthology.orchestra.run.smithi063.stdout:/usr/bin/ceph: stderr
2023-12-07T16:14:53.048+0000 7f19f0f21700 1 -- 172.21.15.63:0/2932024292 --> [v2:172.21.15.63:3300/0,v1:172.21.15.63:6789/0] -- mon_subscribe({osdmap=0}) v3 -- 0x7f19ec114560 con 0x7f19ec102780
2023-12-07T16:14:53.741 INFO:teuthology.orchestra.run.smithi063.stdout:/usr/bin/ceph: stderr
2023-12-07T16:14:53.049+0000 7f19daffd700 1 -- 172.21.15.63:0/2932024292 <== mon.0 v2:172.21.15.63:3300/0 4 ==== mgrmap(e 9) v1 ==== 43294+0+0 (secure 0 0 0) 0x7f19dc02d3f0 con 0x7f19ec102780
2023-12-07T16:14:53.741 INFO:teuthology.orchestra.run.smithi063.stdout:/usr/bin/ceph: stderr
2023-12-07T16:14:53.049+0000 7f19f0f21700 1 -- 172.21.15.63:0/2932024292 --> [v2:172.21.15.63:3300/0,v1:172.21.15.63:6789/0] -- mon_command({"prefix": "get_command_descriptions"} v 0) v1 -- 0x7f19ec10a0b0 con 0x7f19ec102780
2023-12-07T16:14:53.741 INFO:teuthology.orchestra.run.smithi063.stdout:/usr/bin/ceph: stderr
2023-12-07T16:14:53.049+0000 7f19daffd700 1 --2- 172.21.15.63:0/2932024292 >> [v2:172.21.15.63:6800/1052036735,v1:172.21.15.63:6801/1052036735] conn(0x7f19d4036640 0x7f19d4038af0 unknown :-1 s=NONE pgs=0 cs=0 l=1 rev1=0 crypto rx=0 tx=0 comp rx=0 tx=0).connect
2023-12-07T16:14:53.741 INFO:teuthology.orchestra.run.smithi063.stdout:/usr/bin/ceph: stderr
2023-12-07T16:14:53.049+0000 7f19daffd700 1 -- 172.21.15.63:0/2932024292 <== mon.0 v2:172.21.15.63:3300/0 5 ==== osd_map(2..2 src has 1..2) v4 ==== 936+0+0 (secure 0 0 0) 0x7f19dc04a2e0 con 0x7f19ec102780
2023-12-07T16:14:53.741 INFO:teuthology.orchestra.run.smithi063.stdout:/usr/bin/ceph: stderr
2023-12-07T16:14:53.049+0000 7f19e9d9b700 1 -- 172.21.15.63:0/2932024292 >> [v2:172.21.15.63:6800/1052036735,v1:172.21.15.63:6801/1052036735] conn(0x7f19d4036640 msgr2=0x7f19d4038af0 unknown :-1 s=STATE_CONNECTING_RE l=1).process reconnect failed to v2:172.21.15.63:6800/1052036735
2023-12-07T16:14:53.741 INFO:teuthology.orchestra.run.smithi063.stdout:/usr/bin/ceph: stderr
2023-12-07T16:14:53.049+0000 7f19e9d9b700 1 --2- 172.21.15.63:0/2932024292 >> [v2:172.21.15.63:6800/1052036735,v1:172.21.15.63:6801/1052036735] conn(0x7f19d4036640 0x7f19d4038af0 unknown :-1 s=START_CONNECT pgs=0 cs=0 l=1 rev1=0 crypto rx=0 tx=0 comp rx=0 tx=0)._fault waiting 0.200000
2023-12-07T16:14:53.741 INFO:teuthology.orchestra.run.smithi063.stdout:/usr/bin/ceph: stderr
2023-12-07T16:14:53.054+0000 7f19daffd700 1 -- 172.21.15.63:0/2932024292 <== mon.0 v2:172.21.15.63:3300/0 6 ==== mon_command_ack([{"prefix": "get_command_descriptions"}]=0 v0) v1 ==== 72+0+174570 (secure 0 0 0) 0x7f19dc018e20 con 0x7f19ec102780
2023-12-07T16:14:53.741 INFO:teuthology.orchestra.run.smithi063.stdout:/usr/bin/ceph: stderr
2023-12-07T16:14:53.250+0000 7f19e9d9b700 1 -- 172.21.15.63:0/2932024292 >> [v2:172.21.15.63:6800/1052036735,v1:172.21.15.63:6801/1052036735] conn(0x7f19d4036640 msgr2=0x7f19d4038af0 unknown :-1 s=STATE_CONNECTING_RE l=1).process reconnect failed to v2:172.21.15.63:6800/1052036735
2023-12-07T16:14:53.741 INFO:teuthology.orchestra.run.smithi063.stdout:/usr/bin/ceph: stderr
2023-12-07T16:14:53.250+0000 7f19e9d9b700 1 --2- 172.21.15.63:0/2932024292 >> [v2:172.21.15.63:6800/1052036735,v1:172.21.15.63:6801/1052036735] conn(0x7f19d4036640 0x7f19d4038af0 unknown :-1 s=START_CONNECT pgs=0 cs=0 l=1 rev1=0 crypto rx=0 tx=0 comp rx=0 tx=0)._fault waiting 0.400000
2023-12-07T16:14:53.741 INFO:teuthology.orchestra.run.smithi063.stdout:/usr/bin/ceph: stderr
2023-12-07T16:14:53.311+0000 7f19f0f21700 1 -- 172.21.15.63:0/2932024292 --> [v2:172.21.15.63:3300/0,v1:172.21.15.63:6789/0] -- mon_command({"prefix": "mgr stat"} v 0) v1 -- 0x7f19ec101fd0 con 0x7f19ec102780
2023-12-07T16:14:53.742 INFO:teuthology.orchestra.run.smithi063.stdout:/usr/bin/ceph: stderr
2023-12-07T16:14:53.312+0000 7f19daffd700 1 -- 172.21.15.63:0/2932024292 <== mon.0 v2:172.21.15.63:3300/0 7 ==== mon_command_ack([{"prefix": "mgr stat"}]=0 v9) v1 ==== 56+0+103 (secure 0 0 0) 0x7f19dc018c40 con 0x7f19ec102780
2023-12-07T16:14:53.742 INFO:teuthology.orchestra.run.smithi063.stdout:/usr/bin/ceph: stderr
2023-12-07T16:14:53.314+0000 7f19f0f21700 1 -- 172.21.15.63:0/2932024292 >> [v2:172.21.15.63:6800/1052036735,v1:172.21.15.63:6801/1052036735] conn(0x7f19d4036640 msgr2=0x7f19d4038af0 unknown :-1 s=STATE_CONNECTING l=1).mark_down
2023-12-07T16:14:53.742 INFO:teuthology.orchestra.run.smithi063.stdout:/usr/bin/ceph: stderr
2023-12-07T16:14:53.314+0000 7f19f0f21700 1 --2- 172.21.15.63:0/2932024292 >> [v2:172.21.15.63:6800/1052036735,v1:172.21.15.63:6801/1052036735] conn(0x7f19d4036640 0x7f19d4038af0 unknown :-1 s=START_CONNECT pgs=0 cs=0 l=1 rev1=0 crypto rx=0 tx=0 comp rx=0 tx=0).stop
2023-12-07T16:14:53.742 INFO:teuthology.orchestra.run.smithi063.stdout:/usr/bin/ceph: stderr
2023-12-07T16:14:53.314+0000 7f19f0f21700 1 -- 172.21.15.63:0/2932024292 >> [v2:172.21.15.63:3300/0,v1:172.21.15.63:6789/0] conn(0x7f19ec102780 msgr2=0x7f19ec113e60 secure :-1 s=STATE_CONNECTION_ESTABLISHED l=1).mark_down
2023-12-07T16:14:53.742 INFO:teuthology.orchestra.run.smithi063.stdout:/usr/bin/ceph: stderr
2023-12-07T16:14:53.314+0000 7f19f0f21700 1 --2- 172.21.15.63:0/2932024292 >> [v2:172.21.15.63:3300/0,v1:172.21.15.63:6789/0] conn(0x7f19ec102780 0x7f19ec113e60 secure :-1 s=READY pgs=70 cs=0 l=1 rev1=1 crypto rx=0x7f19dc006d40 tx=0x7f19dc009250 comp rx=0 tx=0).stop
2023-12-07T16:14:53.742 INFO:teuthology.orchestra.run.smithi063.stdout:/usr/bin/ceph: stderr
2023-12-07T16:14:53.314+0000 7f19f0f21700 1 -- 172.21.15.63:0/2932024292 shutdown_connections
2023-12-07T16:14:53.742 INFO:teuthology.orchestra.run.smithi063.stdout:/usr/bin/ceph: stderr
2023-12-07T16:14:53.314+0000 7f19f0f21700 1 --2- 172.21.15.63:0/2932024292 >> [v2:172.21.15.63:6800/1052036735,v1:172.21.15.63:6801/1052036735] conn(0x7f19d4036640 0x7f19d4038af0 unknown :-1 s=CLOSED pgs=0 cs=0 l=1 rev1=0 crypto rx=0 tx=0 comp rx=0 tx=0).stop
2023-12-07T16:14:53.742 INFO:teuthology.orchestra.run.smithi063.stdout:/usr/bin/ceph: stderr
2023-12-07T16:14:53.314+0000 7f19f0f21700 1 --2- 172.21.15.63:0/2932024292 >> [v2:172.21.15.63:3300/0,v1:172.21.15.63:6789/0] conn(0x7f19ec102780 0x7f19ec113e60 unknown :-1 s=CLOSED pgs=70 cs=0 l=1 rev1=1 crypto rx=0 tx=0 comp rx=0 tx=0).stop
2023-12-07T16:14:53.742 INFO:teuthology.orchestra.run.smithi063.stdout:/usr/bin/ceph: stderr
2023-12-07T16:14:53.314+0000 7f19f0f21700 1 -- 172.21.15.63:0/2932024292 >> 172.21.15.63:0/2932024292 conn(0x7f19ec0fc0b0 msgr2=0x7f19ec0fe4a0 unknown :-1 s=STATE_NONE l=0).mark_down
2023-12-07T16:14:53.742 INFO:teuthology.orchestra.run.smithi063.stdout:/usr/bin/ceph: stderr
2023-12-07T16:14:53.314+0000 7f19f0f21700 1 -- 172.21.15.63:0/2932024292 shutdown_connections
2023-12-07T16:14:53.742 INFO:teuthology.orchestra.run.smithi063.stdout:/usr/bin/ceph: stderr
2023-12-07T16:14:53.314+0000 7f19f0f21700 1 -- 172.21.15.63:0/2932024292 wait complete.
2023-12-07T16:14:53.743 INFO:teuthology.orchestra.run.smithi063.stdout:Waiting for the mgr to restart...
2023-12-07T16:14:53.743 INFO:teuthology.orchestra.run.smithi063.stdout:Waiting for mgr epoch 9...
2023-12-07T16:14:54.655 INFO:journalctl@ceph.mon.smithi063.smithi063.stdout:Dec 07 16:14:54 smithi063 ceph-mon[112095]: from='client.? 172.21.15.63:0/2932024292' entity='client.admin' cmd=[{"prefix": "mgr stat"}]: dispatch
2023-12-07T16:14:59.185 INFO:journalctl@ceph.mon.smithi063.smithi063.stdout:Dec 07 16:14:59 smithi063 ceph-mon[112095]: Active manager daemon smithi063.yohyyx restarted
2023-12-07T16:14:59.185 INFO:journalctl@ceph.mon.smithi063.smithi063.stdout:Dec 07 16:14:59 smithi063 ceph-mon[112095]: Activating manager daemon smithi063.yohyyx
2023-12-07T16:14:59.185 INFO:journalctl@ceph.mon.smithi063.smithi063.stdout:Dec 07 16:14:59 smithi063 ceph-mon[112095]: osdmap e3: 0 total, 0 up, 0 in
2023-12-07T16:14:59.185 INFO:journalctl@ceph.mon.smithi063.smithi063.stdout:Dec 07 16:14:59 smithi063 ceph-mon[112095]: mgrmap e10: smithi063.yohyyx(active, starting, since 0.00334961s)
2023-12-07T16:14:59.185 INFO:journalctl@ceph.mon.smithi063.smithi063.stdout:Dec 07 16:14:59 smithi063 ceph-mon[112095]: from='mgr.14162 172.21.15.63:0/4175189475' entity='mgr.smithi063.yohyyx' cmd=[{"prefix": "mon metadata", "id": "smithi063"}]: dispatch
2023-12-07T16:14:59.185 INFO:journalctl@ceph.mon.smithi063.smithi063.stdout:Dec 07 16:14:59 smithi063 ceph-mon[112095]: from='mgr.14162 172.21.15.63:0/4175189475' entity='mgr.smithi063.yohyyx' cmd=[{"prefix": "mgr metadata", "who": "smithi063.yohyyx", "id": "smithi063.yohyyx"}]: dispatch
2023-12-07T16:14:59.185 INFO:journalctl@ceph.mon.smithi063.smithi063.stdout:Dec 07 16:14:59 smithi063 ceph-mon[112095]: from='mgr.14162 172.21.15.63:0/4175189475' entity='mgr.smithi063.yohyyx' cmd=[{"prefix": "mds metadata"}]: dispatch
2023-12-07T16:14:59.185 INFO:journalctl@ceph.mon.smithi063.smithi063.stdout:Dec 07 16:14:59 smithi063 ceph-mon[112095]: from='mgr.14162 172.21.15.63:0/4175189475' entity='mgr.smithi063.yohyyx' cmd=[{"prefix": "osd metadata"}]: dispatch
2023-12-07T16:14:59.186 INFO:journalctl@ceph.mon.smithi063.smithi063.stdout:Dec 07 16:14:59 smithi063 ceph-mon[112095]: from='mgr.14162 172.21.15.63:0/4175189475' entity='mgr.smithi063.yohyyx' cmd=[{"prefix": "mon metadata"}]: dispatch
2023-12-07T16:14:59.186 INFO:journalctl@ceph.mon.smithi063.smithi063.stdout:Dec 07 16:14:59 smithi063 ceph-mon[112095]: Manager daemon smithi063.yohyyx is now available
2023-12-07T16:14:59.186 INFO:journalctl@ceph.mon.smithi063.smithi063.stdout:Dec 07 16:14:59 smithi063 ceph-mon[112095]: from='mgr.14162 172.21.15.63:0/4175189475' entity='mgr.smithi063.yohyyx' cmd=[{"prefix": "config dump", "format": "json"}]: dispatch
2023-12-07T16:14:59.186 INFO:journalctl@ceph.mon.smithi063.smithi063.stdout:Dec 07 16:14:59 smithi063 ceph-mon[112095]: from='mgr.14162 172.21.15.63:0/4175189475' entity='mgr.smithi063.yohyyx' cmd=[{"prefix": "config dump", "format": "json"}]: dispatch
2023-12-07T16:15:00.155 INFO:journalctl@ceph.mon.smithi063.smithi063.stdout:Dec 07 16:15:00 smithi063 ceph-mon[112095]: from='mgr.14162 172.21.15.63:0/4175189475' entity='mgr.smithi063.yohyyx' cmd=[{"prefix":"config rm","who":"mgr","name":"mgr/rbd_support/smithi063.yohyyx/mirror_snapshot_schedule"}]: dispatch
2023-12-07T16:15:00.156 INFO:journalctl@ceph.mon.smithi063.smithi063.stdout:Dec 07 16:15:00 smithi063 ceph-mon[112095]: from='mgr.14162 172.21.15.63:0/4175189475' entity='mgr.smithi063.yohyyx' cmd=[{"prefix":"config rm","who":"mgr","name":"mgr/rbd_support/smithi063.yohyyx/trash_purge_schedule"}]: dispatch
2023-12-07T16:15:00.156 INFO:journalctl@ceph.mon.smithi063.smithi063.stdout:Dec 07 16:15:00 smithi063 ceph-mon[112095]: mgrmap e11: smithi063.yohyyx(active, since 1.0063s)
2023-12-07T16:15:00.156 INFO:journalctl@ceph.mon.smithi063.smithi063.stdout:Dec 07 16:15:00 smithi063 ceph-mon[112095]: from='mgr.14162 172.21.15.63:0/4175189475' entity='mgr.smithi063.yohyyx'
2023-12-07T16:15:00.488 INFO:teuthology.orchestra.run.smithi063.stdout:/usr/bin/ceph: stdout {
2023-12-07T16:15:00.488 INFO:teuthology.orchestra.run.smithi063.stdout:/usr/bin/ceph: stdout "mgrmap_epoch": 11,
2023-12-07T16:15:00.488 INFO:teuthology.orchestra.run.smithi063.stdout:/usr/bin/ceph: stdout "initialized": true
2023-12-07T16:15:00.488 INFO:teuthology.orchestra.run.smithi063.stdout:/usr/bin/ceph: stdout }
2023-12-07T16:15:00.488 INFO:teuthology.orchestra.run.smithi063.stdout:/usr/bin/ceph: stderr
2023-12-07T16:14:54.129+0000 7f92ebf95700 1 Processor -- start
2023-12-07T16:15:00.488 INFO:teuthology.orchestra.run.smithi063.stdout:/usr/bin/ceph: stderr
2023-12-07T16:14:54.130+0000 7f92ebf95700 1 -- start start
2023-12-07T16:15:00.488 INFO:teuthology.orchestra.run.smithi063.stdout:/usr/bin/ceph: stderr
2023-12-07T16:14:54.130+0000 7f92ebf95700 1 --2- >> [v2:172.21.15.63:3300/0,v1:172.21.15.63:6789/0] conn(0x7f92e41022d0 0x7f92e41026e0 unknown :-1 s=NONE pgs=0 cs=0 l=0 rev1=0 crypto rx=0 tx=0 comp rx=0 tx=0).connect
2023-12-07T16:15:00.488 INFO:teuthology.orchestra.run.smithi063.stdout:/usr/bin/ceph: stderr
2023-12-07T16:14:54.130+0000 7f92ebf95700 1 -- --> [v2:172.21.15.63:3300/0,v1:172.21.15.63:6789/0] -- mon_getmap magic: 0 v1 -- 0x7f92e4102c20 con 0x7f92e41022d0
2023-12-07T16:15:00.489 INFO:teuthology.orchestra.run.smithi063.stdout:/usr/bin/ceph: stderr
2023-12-07T16:14:54.130+0000 7f92e9d31700 1 --2- >> [v2:172.21.15.63:3300/0,v1:172.21.15.63:6789/0] conn(0x7f92e41022d0 0x7f92e41026e0 unknown :-1 s=BANNER_CONNECTING pgs=0 cs=0 l=0 rev1=0 crypto rx=0 tx=0 comp rx=0 tx=0)._handle_peer_banner_payload supported=3 required=0
2023-12-07T16:15:00.489 INFO:teuthology.orchestra.run.smithi063.stdout:/usr/bin/ceph: stderr
2023-12-07T16:14:54.130+0000 7f92e9d31700 1 --2- >> [v2:172.21.15.63:3300/0,v1:172.21.15.63:6789/0] conn(0x7f92e41022d0 0x7f92e41026e0 unknown :-1 s=HELLO_CONNECTING pgs=0 cs=0 l=0 rev1=1 crypto rx=0 tx=0 comp rx=0 tx=0).handle_hello peer v2:172.21.15.63:3300/0 says I am v2:172.21.15.63:59388/0 (socket says 172.21.15.63:59388)
2023-12-07T16:15:00.489 INFO:teuthology.orchestra.run.smithi063.stdout:/usr/bin/ceph: stderr
2023-12-07T16:14:54.130+0000 7f92e9d31700 1 -- 172.21.15.63:0/1632852426 learned_addr learned my addr 172.21.15.63:0/1632852426 (peer_addr_for_me v2:172.21.15.63:0/0)
2023-12-07T16:15:00.489 INFO:teuthology.orchestra.run.smithi063.stdout:/usr/bin/ceph: stderr
2023-12-07T16:14:54.130+0000 7f92e9d31700 1 -- 172.21.15.63:0/1632852426 --> [v2:172.21.15.63:3300/0,v1:172.21.15.63:6789/0] -- mon_subscribe({config=0+,monmap=0+}) v3 -- 0x7f92e4102d60 con 0x7f92e41022d0
2023-12-07T16:15:00.489 INFO:teuthology.orchestra.run.smithi063.stdout:/usr/bin/ceph: stderr
2023-12-07T16:14:54.130+0000 7f92e9d31700 1 --2- 172.21.15.63:0/1632852426 >> [v2:172.21.15.63:3300/0,v1:172.21.15.63:6789/0] conn(0x7f92e41022d0 0x7f92e41026e0 secure :-1 s=READY pgs=71 cs=0 l=1 rev1=1 crypto rx=0x7f92e00098e0 tx=0x7f92e0009250 comp rx=0 tx=0).ready entity=mon.0 client_cookie=a87bc15807bab2b server_cookie=0 in_seq=0 out_seq=0
2023-12-07T16:15:00.489 INFO:teuthology.orchestra.run.smithi063.stdout:/usr/bin/ceph: stderr
2023-12-07T16:14:54.131+0000 7f92e8d2f700 1 -- 172.21.15.63:0/1632852426 <== mon.0 v2:172.21.15.63:3300/0 1 ==== mon_map magic: 0 v1 ==== 229+0+0 (secure 0 0 0) 0x7f92e000b860 con 0x7f92e41022d0
2023-12-07T16:15:00.489 INFO:teuthology.orchestra.run.smithi063.stdout:/usr/bin/ceph: stderr
2023-12-07T16:14:54.131+0000 7f92e8d2f700 1 -- 172.21.15.63:0/1632852426 <== mon.0 v2:172.21.15.63:3300/0 2 ==== config(26 keys) v1 ==== 1074+0+0 (secure 0 0 0) 0x7f92e000be70 con 0x7f92e41022d0
2023-12-07T16:15:00.489 INFO:teuthology.orchestra.run.smithi063.stdout:/usr/bin/ceph: stderr
2023-12-07T16:14:54.131+0000 7f92e8d2f700 1 -- 172.21.15.63:0/1632852426 <== mon.0 v2:172.21.15.63:3300/0 3 ==== mon_map magic: 0 v1 ==== 229+0+0 (secure 0 0 0) 0x7f92e0010380 con 0x7f92e41022d0
2023-12-07T16:15:00.489 INFO:teuthology.orchestra.run.smithi063.stdout:/usr/bin/ceph: stderr
2023-12-07T16:14:54.131+0000 7f92ebf95700 1 -- 172.21.15.63:0/1632852426 >> [v2:172.21.15.63:3300/0,v1:172.21.15.63:6789/0] conn(0x7f92e41022d0 msgr2=0x7f92e41026e0 secure :-1 s=STATE_CONNECTION_ESTABLISHED l=1).mark_down
2023-12-07T16:15:00.489 INFO:teuthology.orchestra.run.smithi063.stdout:/usr/bin/ceph: stderr
2023-12-07T16:14:54.131+0000 7f92ebf95700 1 --2- 172.21.15.63:0/1632852426 >> [v2:172.21.15.63:3300/0,v1:172.21.15.63:6789/0] conn(0x7f92e41022d0 0x7f92e41026e0 secure :-1 s=READY pgs=71 cs=0 l=1 rev1=1 crypto rx=0x7f92e00098e0 tx=0x7f92e0009250 comp rx=0 tx=0).stop
2023-12-07T16:15:00.489 INFO:teuthology.orchestra.run.smithi063.stdout:/usr/bin/ceph: stderr
2023-12-07T16:14:54.131+0000 7f92ebf95700 1 -- 172.21.15.63:0/1632852426 shutdown_connections
2023-12-07T16:15:00.489 INFO:teuthology.orchestra.run.smithi063.stdout:/usr/bin/ceph: stderr
2023-12-07T16:14:54.131+0000 7f92ebf95700 1 --2- 172.21.15.63:0/1632852426 >> [v2:172.21.15.63:3300/0,v1:172.21.15.63:6789/0] conn(0x7f92e41022d0 0x7f92e41026e0 unknown :-1 s=CLOSED pgs=71 cs=0 l=1 rev1=1 crypto rx=0 tx=0 comp rx=0 tx=0).stop
2023-12-07T16:15:00.489 INFO:teuthology.orchestra.run.smithi063.stdout:/usr/bin/ceph: stderr
2023-12-07T16:14:54.131+0000 7f92ebf95700 1 -- 172.21.15.63:0/1632852426 >> 172.21.15.63:0/1632852426 conn(0x7f92e40fda50 msgr2=0x7f92e40ffe60 unknown :-1 s=STATE_NONE l=0).mark_down
2023-12-07T16:15:00.489 INFO:teuthology.orchestra.run.smithi063.stdout:/usr/bin/ceph: stderr
2023-12-07T16:14:54.131+0000 7f92ebf95700 1 -- 172.21.15.63:0/1632852426 shutdown_connections
2023-12-07T16:15:00.489 INFO:teuthology.orchestra.run.smithi063.stdout:/usr/bin/ceph: stderr
2023-12-07T16:14:54.131+0000 7f92ebf95700 1 -- 172.21.15.63:0/1632852426 wait complete.
2023-12-07T16:15:00.490 INFO:teuthology.orchestra.run.smithi063.stdout:/usr/bin/ceph: stderr
2023-12-07T16:14:54.132+0000 7f92ebf95700 1 Processor -- start
2023-12-07T16:15:00.490 INFO:teuthology.orchestra.run.smithi063.stdout:/usr/bin/ceph: stderr
2023-12-07T16:14:54.132+0000 7f92ebf95700 1 -- start start
2023-12-07T16:15:00.490 INFO:teuthology.orchestra.run.smithi063.stdout:/usr/bin/ceph: stderr
2023-12-07T16:14:54.132+0000 7f92ebf95700 1 --2- >> [v2:172.21.15.63:3300/0,v1:172.21.15.63:6789/0] conn(0x7f92e41022d0 0x7f92e4111180 unknown :-1 s=NONE pgs=0 cs=0 l=1 rev1=0 crypto rx=0 tx=0 comp rx=0 tx=0).connect
2023-12-07T16:15:00.490 INFO:teuthology.orchestra.run.smithi063.stdout:/usr/bin/ceph: stderr
2023-12-07T16:14:54.132+0000 7f92ebf95700 1 -- --> [v2:172.21.15.63:3300/0,v1:172.21.15.63:6789/0] -- mon_getmap magic: 0 v1 -- 0x7f92e41116c0 con 0x7f92e41022d0
2023-12-07T16:15:00.490 INFO:teuthology.orchestra.run.smithi063.stdout:/usr/bin/ceph: stderr
2023-12-07T16:14:54.132+0000 7f92e9d31700 1 --2- >> [v2:172.21.15.63:3300/0,v1:172.21.15.63:6789/0] conn(0x7f92e41022d0 0x7f92e4111180 unknown :-1 s=BANNER_CONNECTING pgs=0 cs=0 l=1 rev1=0 crypto rx=0 tx=0 comp rx=0 tx=0)._handle_peer_banner_payload supported=3 required=0
2023-12-07T16:15:00.490 INFO:teuthology.orchestra.run.smithi063.stdout:/usr/bin/ceph: stderr
2023-12-07T16:14:54.132+0000 7f92e9d31700 1 --2- >> [v2:172.21.15.63:3300/0,v1:172.21.15.63:6789/0] conn(0x7f92e41022d0 0x7f92e4111180 unknown :-1 s=HELLO_CONNECTING pgs=0 cs=0 l=1 rev1=1 crypto rx=0 tx=0 comp rx=0 tx=0).handle_hello peer v2:172.21.15.63:3300/0 says I am v2:172.21.15.63:59390/0 (socket says 172.21.15.63:59390)
2023-12-07T16:15:00.490 INFO:teuthology.orchestra.run.smithi063.stdout:/usr/bin/ceph: stderr
2023-12-07T16:14:54.132+0000 7f92e9d31700 1 -- 172.21.15.63:0/237494129 learned_addr learned my addr 172.21.15.63:0/237494129 (peer_addr_for_me v2:172.21.15.63:0/0)
2023-12-07T16:15:00.490 INFO:teuthology.orchestra.run.smithi063.stdout:/usr/bin/ceph: stderr
2023-12-07T16:14:54.132+0000 7f92e9d31700 1 -- 172.21.15.63:0/237494129 --> [v2:172.21.15.63:3300/0,v1:172.21.15.63:6789/0] -- mon_subscribe({config=0+,monmap=0+}) v3 -- 0x7f92e00094f0 con 0x7f92e41022d0
2023-12-07T16:15:00.490 INFO:teuthology.orchestra.run.smithi063.stdout:/usr/bin/ceph: stderr
2023-12-07T16:14:54.133+0000 7f92e9d31700 1 --2- 172.21.15.63:0/237494129 >> [v2:172.21.15.63:3300/0,v1:172.21.15.63:6789/0] conn(0x7f92e41022d0 0x7f92e4111180 secure :-1 s=READY pgs=72 cs=0 l=1 rev1=1 crypto rx=0x7f92e000c010 tx=0x7f92e0009250 comp rx=0 tx=0).ready entity=mon.0 client_cookie=0 server_cookie=0 in_seq=0 out_seq=0
2023-12-07T16:15:00.490 INFO:teuthology.orchestra.run.smithi063.stdout:/usr/bin/ceph: stderr
2023-12-07T16:14:54.133+0000 7f92da7fc700 1 -- 172.21.15.63:0/237494129 <== mon.0 v2:172.21.15.63:3300/0 1 ==== mon_map magic: 0 v1 ==== 229+0+0 (secure 0 0 0) 0x7f92e0010960 con 0x7f92e41022d0
2023-12-07T16:15:00.490 INFO:teuthology.orchestra.run.smithi063.stdout:/usr/bin/ceph: stderr
2023-12-07T16:14:54.133+0000 7f92da7fc700 1 -- 172.21.15.63:0/237494129 <== mon.0 v2:172.21.15.63:3300/0 2 ==== config(26 keys) v1 ==== 1074+0+0 (secure 0 0 0) 0x7f92e001a430 con 0x7f92e41022d0
2023-12-07T16:15:00.490 INFO:teuthology.orchestra.run.smithi063.stdout:/usr/bin/ceph: stderr
2023-12-07T16:14:54.133+0000 7f92ebf95700 1 -- 172.21.15.63:0/237494129 --> [v2:172.21.15.63:3300/0,v1:172.21.15.63:6789/0] -- mon_subscribe({mgrmap=0+}) v3 -- 0x7f92e41118c0 con 0x7f92e41022d0
2023-12-07T16:15:00.490 INFO:teuthology.orchestra.run.smithi063.stdout:/usr/bin/ceph: stderr
2023-12-07T16:14:54.133+0000 7f92da7fc700 1 -- 172.21.15.63:0/237494129 <== mon.0 v2:172.21.15.63:3300/0 3 ==== mon_map magic: 0 v1 ==== 229+0+0 (secure 0 0 0) 0x7f92e0019580 con 0x7f92e41022d0
2023-12-07T16:15:00.490 INFO:teuthology.orchestra.run.smithi063.stdout:/usr/bin/ceph: stderr
2023-12-07T16:14:54.133+0000 7f92ebf95700 1 -- 172.21.15.63:0/237494129 --> [v2:172.21.15.63:3300/0,v1:172.21.15.63:6789/0] -- mon_subscribe({osdmap=0}) v3 -- 0x7f92e4111cd0 con 0x7f92e41022d0
2023-12-07T16:15:00.491 INFO:teuthology.orchestra.run.smithi063.stdout:/usr/bin/ceph: stderr
2023-12-07T16:14:54.134+0000 7f92da7fc700 1 -- 172.21.15.63:0/237494129 <== mon.0 v2:172.21.15.63:3300/0 4 ==== mgrmap(e 9) v1 ==== 43294+0+0 (secure 0 0 0) 0x7f92e00197b0 con 0x7f92e41022d0
2023-12-07T16:15:00.491 INFO:teuthology.orchestra.run.smithi063.stdout:/usr/bin/ceph: stderr
2023-12-07T16:14:54.134+0000 7f92da7fc700 1 --2- 172.21.15.63:0/237494129 >> [v2:172.21.15.63:6800/1052036735,v1:172.21.15.63:6801/1052036735] conn(0x7f92d0036690 0x7f92d0038b40 unknown :-1 s=NONE pgs=0 cs=0 l=1 rev1=0 crypto rx=0 tx=0 comp rx=0 tx=0).connect
2023-12-07T16:15:00.491 INFO:teuthology.orchestra.run.smithi063.stdout:/usr/bin/ceph: stderr
2023-12-07T16:14:54.134+0000 7f92da7fc700 1 -- 172.21.15.63:0/237494129 --> [v2:172.21.15.63:6800/1052036735,v1:172.21.15.63:6801/1052036735] -- command(tid 0: {"prefix": "get_command_descriptions"}) v1 -- 0x7f92d0039250 con 0x7f92d0036690
2023-12-07T16:15:00.491 INFO:teuthology.orchestra.run.smithi063.stdout:/usr/bin/ceph: stderr
2023-12-07T16:14:54.134+0000 7f92da7fc700 1 -- 172.21.15.63:0/237494129 <== mon.0 v2:172.21.15.63:3300/0 5 ==== osd_map(2..2 src has 1..2) v4 ==== 936+0+0 (secure 0 0 0) 0x7f92e004a3f0 con 0x7f92e41022d0
2023-12-07T16:15:00.491 INFO:teuthology.orchestra.run.smithi063.stdout:/usr/bin/ceph: stderr
2023-12-07T16:14:54.134+0000 7f92e9530700 1 -- 172.21.15.63:0/237494129 >> [v2:172.21.15.63:6800/1052036735,v1:172.21.15.63:6801/1052036735] conn(0x7f92d0036690 msgr2=0x7f92d0038b40 unknown :-1 s=STATE_CONNECTING_RE l=1).process reconnect failed to v2:172.21.15.63:6800/1052036735
2023-12-07T16:15:00.491 INFO:teuthology.orchestra.run.smithi063.stdout:/usr/bin/ceph: stderr
2023-12-07T16:14:54.134+0000 7f92e9530700 1 --2- 172.21.15.63:0/237494129 >> [v2:172.21.15.63:6800/1052036735,v1:172.21.15.63:6801/1052036735] conn(0x7f92d0036690 0x7f92d0038b40 unknown :-1 s=START_CONNECT pgs=0 cs=0 l=1 rev1=0 crypto rx=0 tx=0 comp rx=0 tx=0)._fault waiting 0.200000
2023-12-07T16:15:00.491 INFO:teuthology.orchestra.run.smithi063.stdout:/usr/bin/ceph: stderr
2023-12-07T16:14:54.335+0000 7f92e9530700 1 -- 172.21.15.63:0/237494129 >> [v2:172.21.15.63:6800/1052036735,v1:172.21.15.63:6801/1052036735] conn(0x7f92d0036690 msgr2=0x7f92d0038b40 unknown :-1 s=STATE_CONNECTING_RE l=1).process reconnect failed to v2:172.21.15.63:6800/1052036735
2023-12-07T16:15:00.491 INFO:teuthology.orchestra.run.smithi063.stdout:/usr/bin/ceph: stderr
2023-12-07T16:14:54.335+0000 7f92e9530700 1 --2- 172.21.15.63:0/237494129 >> [v2:172.21.15.63:6800/1052036735,v1:172.21.15.63:6801/1052036735] conn(0x7f92d0036690 0x7f92d0038b40 unknown :-1 s=START_CONNECT pgs=0 cs=0 l=1 rev1=0 crypto rx=0 tx=0 comp rx=0 tx=0)._fault waiting 0.400000
2023-12-07T16:15:00.491 INFO:teuthology.orchestra.run.smithi063.stdout:/usr/bin/ceph: stderr
2023-12-07T16:14:54.736+0000 7f92e9530700 1 -- 172.21.15.63:0/237494129 >> [v2:172.21.15.63:6800/1052036735,v1:172.21.15.63:6801/1052036735] conn(0x7f92d0036690 msgr2=0x7f92d0038b40 unknown :-1 s=STATE_CONNECTING_RE l=1).process reconnect failed to v2:172.21.15.63:6800/1052036735
2023-12-07T16:15:00.491 INFO:teuthology.orchestra.run.smithi063.stdout:/usr/bin/ceph: stderr
2023-12-07T16:14:54.736+0000 7f92e9530700 1 --2- 172.21.15.63:0/237494129 >> [v2:172.21.15.63:6800/1052036735,v1:172.21.15.63:6801/1052036735] conn(0x7f92d0036690 0x7f92d0038b40 unknown :-1 s=START_CONNECT pgs=0 cs=0 l=1 rev1=0 crypto rx=0 tx=0 comp rx=0 tx=0)._fault waiting 0.800000
2023-12-07T16:15:00.491 INFO:teuthology.orchestra.run.smithi063.stdout:/usr/bin/ceph: stderr
2023-12-07T16:14:55.537+0000 7f92e9530700 1 -- 172.21.15.63:0/237494129 >> [v2:172.21.15.63:6800/1052036735,v1:172.21.15.63:6801/1052036735] conn(0x7f92d0036690 msgr2=0x7f92d0038b40 unknown :-1 s=STATE_CONNECTING_RE l=1).process reconnect failed to v2:172.21.15.63:6800/1052036735
2023-12-07T16:15:00.491 INFO:teuthology.orchestra.run.smithi063.stdout:/usr/bin/ceph: stderr
2023-12-07T16:14:55.537+0000 7f92e9530700 1 --2- 172.21.15.63:0/237494129 >> [v2:172.21.15.63:6800/1052036735,v1:172.21.15.63:6801/1052036735] conn(0x7f92d0036690 0x7f92d0038b40 unknown :-1 s=START_CONNECT pgs=0 cs=0 l=1 rev1=0 crypto rx=0 tx=0 comp rx=0 tx=0)._fault waiting 1.600000
2023-12-07T16:15:00.491 INFO:teuthology.orchestra.run.smithi063.stdout:/usr/bin/ceph: stderr
2023-12-07T16:14:57.138+0000 7f92e9530700 1 -- 172.21.15.63:0/237494129 >> [v2:172.21.15.63:6800/1052036735,v1:172.21.15.63:6801/1052036735] conn(0x7f92d0036690 msgr2=0x7f92d0038b40 unknown :-1 s=STATE_CONNECTING_RE l=1).process reconnect failed to v2:172.21.15.63:6800/1052036735
2023-12-07T16:15:00.491 INFO:teuthology.orchestra.run.smithi063.stdout:/usr/bin/ceph: stderr
2023-12-07T16:14:57.138+0000 7f92e9530700 1 --2- 172.21.15.63:0/237494129 >> [v2:172.21.15.63:6800/1052036735,v1:172.21.15.63:6801/1052036735] conn(0x7f92d0036690 0x7f92d0038b40 unknown :-1 s=START_CONNECT pgs=0 cs=0 l=1 rev1=0 crypto rx=0 tx=0 comp rx=0 tx=0)._fault waiting 3.200000
2023-12-07T16:15:00.491 INFO:teuthology.orchestra.run.smithi063.stdout:/usr/bin/ceph: stderr
2023-12-07T16:14:59.067+0000 7f92da7fc700 1 -- 172.21.15.63:0/237494129 <== mon.0 v2:172.21.15.63:3300/0 6 ==== mgrmap(e 10) v1 ==== 43061+0+0 (secure 0 0 0) 0x7f92e001a980 con 0x7f92e41022d0
2023-12-07T16:15:00.491 INFO:teuthology.orchestra.run.smithi063.stdout:/usr/bin/ceph: stderr
2023-12-07T16:14:59.067+0000 7f92da7fc700 1 -- 172.21.15.63:0/237494129 >> [v2:172.21.15.63:6800/1052036735,v1:172.21.15.63:6801/1052036735] conn(0x7f92d0036690 msgr2=0x7f92d0038b40 unknown :-1 s=STATE_CONNECTING l=1).mark_down
2023-12-07T16:15:00.492 INFO:teuthology.orchestra.run.smithi063.stdout:/usr/bin/ceph: stderr
2023-12-07T16:14:59.067+0000 7f92da7fc700 1 --2- 172.21.15.63:0/237494129 >> [v2:172.21.15.63:6800/1052036735,v1:172.21.15.63:6801/1052036735] conn(0x7f92d0036690 0x7f92d0038b40 unknown :-1 s=START_CONNECT pgs=0 cs=0 l=1 rev1=0 crypto rx=0 tx=0 comp rx=0 tx=0).stop
2023-12-07T16:15:00.492 INFO:teuthology.orchestra.run.smithi063.stdout:/usr/bin/ceph: stderr
2023-12-07T16:15:00.069+0000 7f92da7fc700 1 -- 172.21.15.63:0/237494129 <== mon.0 v2:172.21.15.63:3300/0 7 ==== mgrmap(e 11) v1 ==== 43188+0+0 (secure 0 0 0) 0x7f92e002d3f0 con 0x7f92e41022d0
2023-12-07T16:15:00.492 INFO:teuthology.orchestra.run.smithi063.stdout:/usr/bin/ceph: stderr
2023-12-07T16:15:00.069+0000 7f92da7fc700 1 --2- 172.21.15.63:0/237494129 >> [v2:172.21.15.63:6800/4069965417,v1:172.21.15.63:6801/4069965417] conn(0x7f92d0039fb0 0x7f92d003c390 unknown :-1 s=NONE pgs=0 cs=0 l=1 rev1=0 crypto rx=0 tx=0 comp rx=0 tx=0).connect
2023-12-07T16:15:00.492 INFO:teuthology.orchestra.run.smithi063.stdout:/usr/bin/ceph: stderr
2023-12-07T16:15:00.069+0000 7f92da7fc700 1 -- 172.21.15.63:0/237494129 --> [v2:172.21.15.63:6800/4069965417,v1:172.21.15.63:6801/4069965417] -- command(tid 0: {"prefix": "get_command_descriptions"}) v1 -- 0x7f92d0039250 con 0x7f92d0039fb0
2023-12-07T16:15:00.492 INFO:teuthology.orchestra.run.smithi063.stdout:/usr/bin/ceph: stderr
2023-12-07T16:15:00.070+0000 7f92e9530700 1 --2- 172.21.15.63:0/237494129 >> [v2:172.21.15.63:6800/4069965417,v1:172.21.15.63:6801/4069965417] conn(0x7f92d0039fb0 0x7f92d003c390 unknown :-1 s=BANNER_CONNECTING pgs=0 cs=0 l=1 rev1=0 crypto rx=0 tx=0 comp rx=0 tx=0)._handle_peer_banner_payload supported=3 required=0
2023-12-07T16:15:00.492 INFO:teuthology.orchestra.run.smithi063.stdout:/usr/bin/ceph: stderr
2023-12-07T16:15:00.070+0000 7f92e9530700 1 --2- 172.21.15.63:0/237494129 >> [v2:172.21.15.63:6800/4069965417,v1:172.21.15.63:6801/4069965417] conn(0x7f92d0039fb0 0x7f92d003c390 secure :-1 s=READY pgs=1 cs=0 l=1 rev1=1 crypto rx=0x7f92d40039d0 tx=0x7f92d4009350 comp rx=0 tx=0).ready entity=mgr.14162 client_cookie=0 server_cookie=0 in_seq=0 out_seq=0
2023-12-07T16:15:00.492 INFO:teuthology.orchestra.run.smithi063.stdout:/usr/bin/ceph: stderr
2023-12-07T16:15:00.071+0000 7f92da7fc700 1 -- 172.21.15.63:0/237494129 <== mgr.14162 v2:172.21.15.63:6800/4069965417 1 ==== command_reply(tid 0: 0 ) v1 ==== 8+0+6549 (secure 0 0 0) 0x7f92d0039250 con 0x7f92d0039fb0
2023-12-07T16:15:00.492 INFO:teuthology.orchestra.run.smithi063.stdout:/usr/bin/ceph: stderr
2023-12-07T16:15:00.081+0000 7f92ebf95700 1 -- 172.21.15.63:0/237494129 --> [v2:172.21.15.63:6800/4069965417,v1:172.21.15.63:6801/4069965417] -- command(tid 1: {"prefix": "mgr_status"}) v1 -- 0x7f92e404bb80 con 0x7f92d0039fb0
2023-12-07T16:15:00.492 INFO:teuthology.orchestra.run.smithi063.stdout:/usr/bin/ceph: stderr
2023-12-07T16:15:00.082+0000 7f92da7fc700 1 -- 172.21.15.63:0/237494129 <== mgr.14162 v2:172.21.15.63:6800/4069965417 2 ==== command_reply(tid 1: 0 ) v1 ==== 8+0+52 (secure 0 0 0) 0x7f92e404bb80 con 0x7f92d0039fb0
2023-12-07T16:15:00.492 INFO:teuthology.orchestra.run.smithi063.stdout:/usr/bin/ceph: stderr
2023-12-07T16:15:00.082+0000 7f92ebf95700 1 -- 172.21.15.63:0/237494129 >> [v2:172.21.15.63:6800/4069965417,v1:172.21.15.63:6801/4069965417] conn(0x7f92d0039fb0 msgr2=0x7f92d003c390 secure :-1 s=STATE_CONNECTION_ESTABLISHED l=1).mark_down
2023-12-07T16:15:00.492 INFO:teuthology.orchestra.run.smithi063.stdout:/usr/bin/ceph: stderr
2023-12-07T16:15:00.082+0000 7f92ebf95700 1 --2- 172.21.15.63:0/237494129 >> [v2:172.21.15.63:6800/4069965417,v1:172.21.15.63:6801/4069965417] conn(0x7f92d0039fb0 0x7f92d003c390 secure :-1 s=READY pgs=1 cs=0 l=1 rev1=1 crypto rx=0x7f92d40039d0 tx=0x7f92d4009350 comp rx=0 tx=0).stop
2023-12-07T16:15:00.492 INFO:teuthology.orchestra.run.smithi063.stdout:/usr/bin/ceph: stderr
2023-12-07T16:15:00.082+0000 7f92ebf95700 1 -- 172.21.15.63:0/237494129 >> [v2:172.21.15.63:3300/0,v1:172.21.15.63:6789/0] conn(0x7f92e41022d0 msgr2=0x7f92e4111180 secure :-1 s=STATE_CONNECTION_ESTABLISHED l=1).mark_down
2023-12-07T16:15:00.492 INFO:teuthology.orchestra.run.smithi063.stdout:/usr/bin/ceph: stderr
2023-12-07T16:15:00.082+0000 7f92ebf95700 1 --2- 172.21.15.63:0/237494129 >> [v2:172.21.15.63:3300/0,v1:172.21.15.63:6789/0] conn(0x7f92e41022d0 0x7f92e4111180 secure :-1 s=READY pgs=72 cs=0 l=1 rev1=1 crypto rx=0x7f92e000c010 tx=0x7f92e0009250 comp rx=0 tx=0).stop
2023-12-07T16:15:00.492 INFO:teuthology.orchestra.run.smithi063.stdout:/usr/bin/ceph: stderr
2023-12-07T16:15:00.082+0000 7f92ebf95700 1 -- 172.21.15.63:0/237494129 shutdown_connections
2023-12-07T16:15:00.492 INFO:teuthology.orchestra.run.smithi063.stdout:/usr/bin/ceph: stderr
2023-12-07T16:15:00.082+0000 7f92ebf95700 1 --2- 172.21.15.63:0/237494129 >> [v2:172.21.15.63:6800/4069965417,v1:172.21.15.63:6801/4069965417] conn(0x7f92d0039fb0 0x7f92d003c390 unknown :-1 s=CLOSED pgs=1 cs=0 l=1 rev1=1 crypto rx=0 tx=0 comp rx=0 tx=0).stop
2023-12-07T16:15:00.492 INFO:teuthology.orchestra.run.smithi063.stdout:/usr/bin/ceph: stderr
2023-12-07T16:15:00.082+0000 7f92ebf95700 1 --2- 172.21.15.63:0/237494129 >> [v2:172.21.15.63:3300/0,v1:172.21.15.63:6789/0] conn(0x7f92e41022d0 0x7f92e4111180 unknown :-1 s=CLOSED pgs=72 cs=0 l=1 rev1=1 crypto rx=0 tx=0 comp rx=0 tx=0).stop
2023-12-07T16:15:00.492 INFO:teuthology.orchestra.run.smithi063.stdout:/usr/bin/ceph: stderr
2023-12-07T16:15:00.082+0000 7f92ebf95700 1 --2- 172.21.15.63:0/237494129 >> [v2:172.21.15.63:6800/1052036735,v1:172.21.15.63:6801/1052036735] conn(0x7f92d0036690 0x7f92d0038b40 unknown :-1 s=CLOSED pgs=0 cs=0 l=1 rev1=0 crypto rx=0 tx=0 comp rx=0 tx=0).stop
2023-12-07T16:15:00.493 INFO:teuthology.orchestra.run.smithi063.stdout:/usr/bin/ceph: stderr
2023-12-07T16:15:00.082+0000 7f92ebf95700 1 -- 172.21.15.63:0/237494129 >> 172.21.15.63:0/237494129 conn(0x7f92e40fda50 msgr2=0x7f92e40ffe50 unknown :-1 s=STATE_NONE l=0).mark_down
2023-12-07T16:15:00.493 INFO:teuthology.orchestra.run.smithi063.stdout:/usr/bin/ceph: stderr
2023-12-07T16:15:00.082+0000 7f92ebf95700 1 -- 172.21.15.63:0/237494129 shutdown_connections
2023-12-07T16:15:00.493 INFO:teuthology.orchestra.run.smithi063.stdout:/usr/bin/ceph: stderr
2023-12-07T16:15:00.082+0000 7f92ebf95700 1 -- 172.21.15.63:0/237494129 wait complete.
2023-12-07T16:15:00.493 INFO:teuthology.orchestra.run.smithi063.stdout:mgr epoch 9 is available
2023-12-07T16:15:00.493 INFO:teuthology.orchestra.run.smithi063.stdout:Generating a dashboard self-signed certificate...
2023-12-07T16:15:01.383 INFO:journalctl@ceph.mon.smithi063.smithi063.stdout:Dec 07 16:15:01 smithi063 ceph-mon[112095]: from='client.14166 -' entity='client.admin' cmd=[{"prefix": "get_command_descriptions"}]: dispatch
2023-12-07T16:15:01.383 INFO:journalctl@ceph.mon.smithi063.smithi063.stdout:Dec 07 16:15:01 smithi063 ceph-mon[112095]: from='client.14166 -' entity='client.admin' cmd=[{"prefix": "mgr_status"}]: dispatch
2023-12-07T16:15:01.383 INFO:journalctl@ceph.mon.smithi063.smithi063.stdout:Dec 07 16:15:01 smithi063 ceph-mon[112095]: from='mgr.14162 172.21.15.63:0/4175189475' entity='mgr.smithi063.yohyyx'
2023-12-07T16:15:01.383 INFO:journalctl@ceph.mon.smithi063.smithi063.stdout:Dec 07 16:15:01 smithi063 ceph-mon[112095]: from='mgr.14162 172.21.15.63:0/4175189475' entity='mgr.smithi063.yohyyx'
2023-12-07T16:15:01.835 INFO:teuthology.orchestra.run.smithi063.stdout:/usr/bin/ceph: stdout Self-signed certificate created
2023-12-07T16:15:01.836 INFO:teuthology.orchestra.run.smithi063.stdout:/usr/bin/ceph: stderr
2023-12-07T16:15:00.959+0000 7f993b25c700 1 Processor -- start
2023-12-07T16:15:01.836 INFO:teuthology.orchestra.run.smithi063.stdout:/usr/bin/ceph: stderr
2023-12-07T16:15:00.959+0000 7f993b25c700 1 -- start start
2023-12-07T16:15:01.836 INFO:teuthology.orchestra.run.smithi063.stdout:/usr/bin/ceph: stderr
2023-12-07T16:15:00.959+0000 7f993b25c700 1 --2- >> [v2:172.21.15.63:3300/0,v1:172.21.15.63:6789/0] conn(0x7f99341022d0 0x7f99341026e0 unknown :-1 s=NONE pgs=0 cs=0 l=0 rev1=0 crypto rx=0 tx=0 comp rx=0 tx=0).connect
2023-12-07T16:15:01.836 INFO:teuthology.orchestra.run.smithi063.stdout:/usr/bin/ceph: stderr
2023-12-07T16:15:00.959+0000 7f993b25c700 1 -- --> [v2:172.21.15.63:3300/0,v1:172.21.15.63:6789/0] -- mon_getmap magic: 0 v1 -- 0x7f9934102c20 con 0x7f99341022d0
2023-12-07T16:15:01.836 INFO:teuthology.orchestra.run.smithi063.stdout:/usr/bin/ceph: stderr
2023-12-07T16:15:00.959+0000 7f9938ff8700 1 --2- >> [v2:172.21.15.63:3300/0,v1:172.21.15.63:6789/0] conn(0x7f99341022d0 0x7f99341026e0 unknown :-1 s=BANNER_CONNECTING pgs=0 cs=0 l=0 rev1=0 crypto rx=0 tx=0 comp rx=0 tx=0)._handle_peer_banner_payload supported=3 required=0
2023-12-07T16:15:01.836 INFO:teuthology.orchestra.run.smithi063.stdout:/usr/bin/ceph: stderr
2023-12-07T16:15:00.959+0000 7f9938ff8700 1 --2- >> [v2:172.21.15.63:3300/0,v1:172.21.15.63:6789/0] conn(0x7f99341022d0 0x7f99341026e0 unknown :-1 s=HELLO_CONNECTING pgs=0 cs=0 l=0 rev1=1 crypto rx=0 tx=0 comp rx=0 tx=0).handle_hello peer v2:172.21.15.63:3300/0 says I am v2:172.21.15.63:47836/0 (socket says 172.21.15.63:47836)
2023-12-07T16:15:01.836 INFO:teuthology.orchestra.run.smithi063.stdout:/usr/bin/ceph: stderr
2023-12-07T16:15:00.959+0000 7f9938ff8700 1 -- 172.21.15.63:0/3474888002 learned_addr learned my addr 172.21.15.63:0/3474888002 (peer_addr_for_me v2:172.21.15.63:0/0)
2023-12-07T16:15:01.836 INFO:teuthology.orchestra.run.smithi063.stdout:/usr/bin/ceph: stderr
2023-12-07T16:15:00.960+0000 7f9938ff8700 1 -- 172.21.15.63:0/3474888002 --> [v2:172.21.15.63:3300/0,v1:172.21.15.63:6789/0] -- mon_subscribe({config=0+,monmap=0+}) v3 -- 0x7f9934102d60 con 0x7f99341022d0
2023-12-07T16:15:01.836 INFO:teuthology.orchestra.run.smithi063.stdout:/usr/bin/ceph: stderr
2023-12-07T16:15:00.960+0000 7f9938ff8700 1 --2- 172.21.15.63:0/3474888002 >> [v2:172.21.15.63:3300/0,v1:172.21.15.63:6789/0] conn(0x7f99341022d0 0x7f99341026e0 secure :-1 s=READY pgs=80 cs=0 l=1 rev1=1 crypto rx=0x7f99280098e0 tx=0x7f9928009250 comp rx=0 tx=0).ready entity=mon.0 client_cookie=aca301a1d0f71d1a server_cookie=0 in_seq=0 out_seq=0
2023-12-07T16:15:01.836 INFO:teuthology.orchestra.run.smithi063.stdout:/usr/bin/ceph: stderr
2023-12-07T16:15:00.960+0000 7f99337fe700 1 -- 172.21.15.63:0/3474888002 <== mon.0 v2:172.21.15.63:3300/0 1 ==== mon_map magic: 0 v1 ==== 229+0+0 (secure 0 0 0) 0x7f992800b860 con 0x7f99341022d0
2023-12-07T16:15:01.836 INFO:teuthology.orchestra.run.smithi063.stdout:/usr/bin/ceph: stderr
2023-12-07T16:15:00.960+0000 7f99337fe700 1 -- 172.21.15.63:0/3474888002 <== mon.0 v2:172.21.15.63:3300/0 2 ==== config(26 keys) v1 ==== 1074+0+0 (secure 0 0 0) 0x7f992800be70 con 0x7f99341022d0
2023-12-07T16:15:01.836 INFO:teuthology.orchestra.run.smithi063.stdout:/usr/bin/ceph: stderr
