2023-12-07T16:14:15.024+0000 7f4b61ad0700 1 -- 172.21.15.63:0/3678909520 >> [v2:172.21.15.63:3300/0,v1:172.21.15.63:6789/0] conn(0x7f4b5c071000 msgr2=0x7f4b5c111160 secure :-1 s=STATE_CONNECTION_ESTABLISHED l=1).mark_down
2023-12-07T16:14:15.434 INFO:teuthology.orchestra.run.smithi063.stdout:/usr/bin/ceph: stderr
2023-12-07T16:14:15.024+0000 7f4b61ad0700 1 --2- 172.21.15.63:0/3678909520 >> [v2:172.21.15.63:3300/0,v1:172.21.15.63:6789/0] conn(0x7f4b5c071000 0x7f4b5c111160 secure :-1 s=READY pgs=10 cs=0 l=1 rev1=1 crypto rx=0x7f4b4c006d40 tx=0x7f4b4c009250 comp rx=0 tx=0).stop
2023-12-07T16:14:15.434 INFO:teuthology.orchestra.run.smithi063.stdout:/usr/bin/ceph: stderr
2023-12-07T16:14:15.024+0000 7f4b61ad0700 1 -- 172.21.15.63:0/3678909520 shutdown_connections
2023-12-07T16:14:15.434 INFO:teuthology.orchestra.run.smithi063.stdout:/usr/bin/ceph: stderr
2023-12-07T16:14:15.024+0000 7f4b61ad0700 1 --2- 172.21.15.63:0/3678909520 >> [v2:172.21.15.63:3300/0,v1:172.21.15.63:6789/0] conn(0x7f4b5c071000 0x7f4b5c111160 unknown :-1 s=CLOSED pgs=10 cs=0 l=1 rev1=1 crypto rx=0 tx=0 comp rx=0 tx=0).stop
2023-12-07T16:14:15.434 INFO:teuthology.orchestra.run.smithi063.stdout:/usr/bin/ceph: stderr
2023-12-07T16:14:15.024+0000 7f4b61ad0700 1 -- 172.21.15.63:0/3678909520 >> 172.21.15.63:0/3678909520 conn(0x7f4b5c0fc970 msgr2=0x7f4b5c0fed70 unknown :-1 s=STATE_NONE l=0).mark_down
2023-12-07T16:14:15.434 INFO:teuthology.orchestra.run.smithi063.stdout:/usr/bin/ceph: stderr
2023-12-07T16:14:15.024+0000 7f4b61ad0700 1 -- 172.21.15.63:0/3678909520 shutdown_connections
2023-12-07T16:14:15.434 INFO:teuthology.orchestra.run.smithi063.stdout:/usr/bin/ceph: stderr
2023-12-07T16:14:15.025+0000 7f4b61ad0700 1 -- 172.21.15.63:0/3678909520 wait complete.
2023-12-07T16:14:15.434 INFO:teuthology.orchestra.run.smithi063.stdout:mgr not available, waiting (3/15)...
2023-12-07T16:14:16.406 INFO:journalctl@ceph.mon.smithi063.smithi063.stdout:Dec 07 16:14:16 smithi063 ceph-mon[112095]: Activating manager daemon smithi063.yohyyx
2023-12-07T16:14:16.406 INFO:journalctl@ceph.mon.smithi063.smithi063.stdout:Dec 07 16:14:16 smithi063 ceph-mon[112095]: mgrmap e2: smithi063.yohyyx(active, starting, since 0.00278175s)
2023-12-07T16:14:16.406 INFO:journalctl@ceph.mon.smithi063.smithi063.stdout:Dec 07 16:14:16 smithi063 ceph-mon[112095]: from='mgr.14100 172.21.15.63:0/1512191965' entity='mgr.smithi063.yohyyx' cmd=[{"prefix": "mds metadata"}]: dispatch
2023-12-07T16:14:16.406 INFO:journalctl@ceph.mon.smithi063.smithi063.stdout:Dec 07 16:14:16 smithi063 ceph-mon[112095]: from='mgr.14100 172.21.15.63:0/1512191965' entity='mgr.smithi063.yohyyx' cmd=[{"prefix": "osd metadata"}]: dispatch
2023-12-07T16:14:16.406 INFO:journalctl@ceph.mon.smithi063.smithi063.stdout:Dec 07 16:14:16 smithi063 ceph-mon[112095]: from='mgr.14100 172.21.15.63:0/1512191965' entity='mgr.smithi063.yohyyx' cmd=[{"prefix": "mon metadata"}]: dispatch
2023-12-07T16:14:16.406 INFO:journalctl@ceph.mon.smithi063.smithi063.stdout:Dec 07 16:14:16 smithi063 ceph-mon[112095]: from='mgr.14100 172.21.15.63:0/1512191965' entity='mgr.smithi063.yohyyx' cmd=[{"prefix": "mon metadata", "id": "smithi063"}]: dispatch
2023-12-07T16:14:16.406 INFO:journalctl@ceph.mon.smithi063.smithi063.stdout:Dec 07 16:14:16 smithi063 ceph-mon[112095]: from='mgr.14100 172.21.15.63:0/1512191965' entity='mgr.smithi063.yohyyx' cmd=[{"prefix": "mgr metadata", "who": "smithi063.yohyyx", "id": "smithi063.yohyyx"}]: dispatch
2023-12-07T16:14:16.406 INFO:journalctl@ceph.mon.smithi063.smithi063.stdout:Dec 07 16:14:16 smithi063 ceph-mon[112095]: Manager daemon smithi063.yohyyx is now available
2023-12-07T16:14:16.406 INFO:journalctl@ceph.mon.smithi063.smithi063.stdout:Dec 07 16:14:16 smithi063 ceph-mon[112095]: from='mgr.14100 172.21.15.63:0/1512191965' entity='mgr.smithi063.yohyyx' cmd=[{"prefix":"config rm","who":"mgr","name":"mgr/rbd_support/smithi063.yohyyx/mirror_snapshot_schedule"}]: dispatch
2023-12-07T16:14:16.406 INFO:journalctl@ceph.mon.smithi063.smithi063.stdout:Dec 07 16:14:16 smithi063 ceph-mon[112095]: from='mgr.14100 172.21.15.63:0/1512191965' entity='mgr.smithi063.yohyyx' cmd=[{"prefix":"config rm","who":"mgr","name":"mgr/rbd_support/smithi063.yohyyx/trash_purge_schedule"}]: dispatch
2023-12-07T16:14:16.406 INFO:journalctl@ceph.mon.smithi063.smithi063.stdout:Dec 07 16:14:16 smithi063 ceph-mon[112095]: from='mgr.14100 172.21.15.63:0/1512191965' entity='mgr.smithi063.yohyyx'
2023-12-07T16:14:16.406 INFO:journalctl@ceph.mon.smithi063.smithi063.stdout:Dec 07 16:14:16 smithi063 ceph-mon[112095]: from='mgr.14100 172.21.15.63:0/1512191965' entity='mgr.smithi063.yohyyx'
2023-12-07T16:14:16.407 INFO:journalctl@ceph.mon.smithi063.smithi063.stdout:Dec 07 16:14:16 smithi063 ceph-mon[112095]: from='mgr.14100 172.21.15.63:0/1512191965' entity='mgr.smithi063.yohyyx'
2023-12-07T16:14:17.905 INFO:journalctl@ceph.mon.smithi063.smithi063.stdout:Dec 07 16:14:17 smithi063 ceph-mon[112095]: mgrmap e3: smithi063.yohyyx(active, since 1.00719s)
2023-12-07T16:14:18.502 INFO:teuthology.orchestra.run.smithi063.stdout:/usr/bin/ceph: stdout
2023-12-07T16:14:18.505 INFO:teuthology.orchestra.run.smithi063.stdout:/usr/bin/ceph: stdout {
2023-12-07T16:14:18.505 INFO:teuthology.orchestra.run.smithi063.stdout:/usr/bin/ceph: stdout "fsid": "8c493298-951b-11ee-95a2-87774f69a715",
2023-12-07T16:14:18.505 INFO:teuthology.orchestra.run.smithi063.stdout:/usr/bin/ceph: stdout "health": {
2023-12-07T16:14:18.505 INFO:teuthology.orchestra.run.smithi063.stdout:/usr/bin/ceph: stdout "status": "HEALTH_OK",
2023-12-07T16:14:18.505 INFO:teuthology.orchestra.run.smithi063.stdout:/usr/bin/ceph: stdout "checks": {},
2023-12-07T16:14:18.505 INFO:teuthology.orchestra.run.smithi063.stdout:/usr/bin/ceph: stdout "mutes": []
2023-12-07T16:14:18.505 INFO:teuthology.orchestra.run.smithi063.stdout:/usr/bin/ceph: stdout },
2023-12-07T16:14:18.505 INFO:teuthology.orchestra.run.smithi063.stdout:/usr/bin/ceph: stdout "election_epoch": 5,
2023-12-07T16:14:18.506 INFO:teuthology.orchestra.run.smithi063.stdout:/usr/bin/ceph: stdout "quorum": [
2023-12-07T16:14:18.506 INFO:teuthology.orchestra.run.smithi063.stdout:/usr/bin/ceph: stdout 0
2023-12-07T16:14:18.506 INFO:teuthology.orchestra.run.smithi063.stdout:/usr/bin/ceph: stdout ],
2023-12-07T16:14:18.506 INFO:teuthology.orchestra.run.smithi063.stdout:/usr/bin/ceph: stdout "quorum_names": [
2023-12-07T16:14:18.506 INFO:teuthology.orchestra.run.smithi063.stdout:/usr/bin/ceph: stdout "smithi063"
2023-12-07T16:14:18.506 INFO:teuthology.orchestra.run.smithi063.stdout:/usr/bin/ceph: stdout ],
2023-12-07T16:14:18.506 INFO:teuthology.orchestra.run.smithi063.stdout:/usr/bin/ceph: stdout "quorum_age": 10,
2023-12-07T16:14:18.506 INFO:teuthology.orchestra.run.smithi063.stdout:/usr/bin/ceph: stdout "monmap": {
2023-12-07T16:14:18.506 INFO:teuthology.orchestra.run.smithi063.stdout:/usr/bin/ceph: stdout "epoch": 1,
2023-12-07T16:14:18.506 INFO:teuthology.orchestra.run.smithi063.stdout:/usr/bin/ceph: stdout "min_mon_release_name": "quincy",
2023-12-07T16:14:18.506 INFO:teuthology.orchestra.run.smithi063.stdout:/usr/bin/ceph: stdout "num_mons": 1
2023-12-07T16:14:18.506 INFO:teuthology.orchestra.run.smithi063.stdout:/usr/bin/ceph: stdout },
2023-12-07T16:14:18.506 INFO:teuthology.orchestra.run.smithi063.stdout:/usr/bin/ceph: stdout "osdmap": {
2023-12-07T16:14:18.507 INFO:teuthology.orchestra.run.smithi063.stdout:/usr/bin/ceph: stdout "epoch": 1,
2023-12-07T16:14:18.507 INFO:teuthology.orchestra.run.smithi063.stdout:/usr/bin/ceph: stdout "num_osds": 0,
2023-12-07T16:14:18.507 INFO:teuthology.orchestra.run.smithi063.stdout:/usr/bin/ceph: stdout "num_up_osds": 0,
2023-12-07T16:14:18.507 INFO:teuthology.orchestra.run.smithi063.stdout:/usr/bin/ceph: stdout "osd_up_since": 0,
2023-12-07T16:14:18.515 INFO:teuthology.orchestra.run.smithi063.stdout:/usr/bin/ceph: stdout "num_in_osds": 0,
2023-12-07T16:14:18.515 INFO:teuthology.orchestra.run.smithi063.stdout:/usr/bin/ceph: stdout "osd_in_since": 0,
2023-12-07T16:14:18.515 INFO:teuthology.orchestra.run.smithi063.stdout:/usr/bin/ceph: stdout "num_remapped_pgs": 0
2023-12-07T16:14:18.515 INFO:teuthology.orchestra.run.smithi063.stdout:/usr/bin/ceph: stdout },
2023-12-07T16:14:18.515 INFO:teuthology.orchestra.run.smithi063.stdout:/usr/bin/ceph: stdout "pgmap": {
2023-12-07T16:14:18.515 INFO:teuthology.orchestra.run.smithi063.stdout:/usr/bin/ceph: stdout "pgs_by_state": [],
2023-12-07T16:14:18.516 INFO:teuthology.orchestra.run.smithi063.stdout:/usr/bin/ceph: stdout "num_pgs": 0,
2023-12-07T16:14:18.516 INFO:teuthology.orchestra.run.smithi063.stdout:/usr/bin/ceph: stdout "num_pools": 0,
2023-12-07T16:14:18.516 INFO:teuthology.orchestra.run.smithi063.stdout:/usr/bin/ceph: stdout "num_objects": 0,
2023-12-07T16:14:18.516 INFO:teuthology.orchestra.run.smithi063.stdout:/usr/bin/ceph: stdout "data_bytes": 0,
2023-12-07T16:14:18.516 INFO:teuthology.orchestra.run.smithi063.stdout:/usr/bin/ceph: stdout "bytes_used": 0,
2023-12-07T16:14:18.516 INFO:teuthology.orchestra.run.smithi063.stdout:/usr/bin/ceph: stdout "bytes_avail": 0,
2023-12-07T16:14:18.516 INFO:teuthology.orchestra.run.smithi063.stdout:/usr/bin/ceph: stdout "bytes_total": 0
2023-12-07T16:14:18.516 INFO:teuthology.orchestra.run.smithi063.stdout:/usr/bin/ceph: stdout },
2023-12-07T16:14:18.516 INFO:teuthology.orchestra.run.smithi063.stdout:/usr/bin/ceph: stdout "fsmap": {
2023-12-07T16:14:18.516 INFO:teuthology.orchestra.run.smithi063.stdout:/usr/bin/ceph: stdout "epoch": 1,
2023-12-07T16:14:18.516 INFO:teuthology.orchestra.run.smithi063.stdout:/usr/bin/ceph: stdout "by_rank": [],
2023-12-07T16:14:18.516 INFO:teuthology.orchestra.run.smithi063.stdout:/usr/bin/ceph: stdout "up:standby": 0
2023-12-07T16:14:18.516 INFO:teuthology.orchestra.run.smithi063.stdout:/usr/bin/ceph: stdout },
2023-12-07T16:14:18.516 INFO:teuthology.orchestra.run.smithi063.stdout:/usr/bin/ceph: stdout "mgrmap": {
2023-12-07T16:14:18.516 INFO:teuthology.orchestra.run.smithi063.stdout:/usr/bin/ceph: stdout "available": true,
2023-12-07T16:14:18.517 INFO:teuthology.orchestra.run.smithi063.stdout:/usr/bin/ceph: stdout "num_standbys": 0,
2023-12-07T16:14:18.517 INFO:teuthology.orchestra.run.smithi063.stdout:/usr/bin/ceph: stdout "modules": [
2023-12-07T16:14:18.517 INFO:teuthology.orchestra.run.smithi063.stdout:/usr/bin/ceph: stdout "iostat",
2023-12-07T16:14:18.517 INFO:teuthology.orchestra.run.smithi063.stdout:/usr/bin/ceph: stdout "nfs",
2023-12-07T16:14:18.517 INFO:teuthology.orchestra.run.smithi063.stdout:/usr/bin/ceph: stdout "restful"
2023-12-07T16:14:18.517 INFO:teuthology.orchestra.run.smithi063.stdout:/usr/bin/ceph: stdout ],
2023-12-07T16:14:18.517 INFO:teuthology.orchestra.run.smithi063.stdout:/usr/bin/ceph: stdout "services": {}
2023-12-07T16:14:18.517 INFO:teuthology.orchestra.run.smithi063.stdout:/usr/bin/ceph: stdout },
2023-12-07T16:14:18.517 INFO:teuthology.orchestra.run.smithi063.stdout:/usr/bin/ceph: stdout "servicemap": {
2023-12-07T16:14:18.517 INFO:teuthology.orchestra.run.smithi063.stdout:/usr/bin/ceph: stdout "epoch": 1,
2023-12-07T16:14:18.517 INFO:teuthology.orchestra.run.smithi063.stdout:/usr/bin/ceph: stdout "modified": "2023-12-07T16:14:03.401744+0000",
2023-12-07T16:14:18.517 INFO:teuthology.orchestra.run.smithi063.stdout:/usr/bin/ceph: stdout "services": {}
2023-12-07T16:14:18.517 INFO:teuthology.orchestra.run.smithi063.stdout:/usr/bin/ceph: stdout },
2023-12-07T16:14:18.517 INFO:teuthology.orchestra.run.smithi063.stdout:/usr/bin/ceph: stdout "progress_events": {}
2023-12-07T16:14:18.517 INFO:teuthology.orchestra.run.smithi063.stdout:/usr/bin/ceph: stdout }
2023-12-07T16:14:18.518 INFO:teuthology.orchestra.run.smithi063.stdout:/usr/bin/ceph: stderr
2023-12-07T16:14:17.807+0000 7f1e084ad700 1 Processor -- start
2023-12-07T16:14:18.518 INFO:teuthology.orchestra.run.smithi063.stdout:/usr/bin/ceph: stderr
2023-12-07T16:14:17.807+0000 7f1e084ad700 1 -- start start
2023-12-07T16:14:18.518 INFO:teuthology.orchestra.run.smithi063.stdout:/usr/bin/ceph: stderr
2023-12-07T16:14:17.808+0000 7f1e084ad700 1 --2- >> [v2:172.21.15.63:3300/0,v1:172.21.15.63:6789/0] conn(0x7f1e00102900 0x7f1e00102d10 unknown :-1 s=NONE pgs=0 cs=0 l=0 rev1=0 crypto rx=0 tx=0 comp rx=0 tx=0).connect
2023-12-07T16:14:18.518 INFO:teuthology.orchestra.run.smithi063.stdout:/usr/bin/ceph: stderr
2023-12-07T16:14:17.808+0000 7f1e084ad700 1 -- --> [v2:172.21.15.63:3300/0,v1:172.21.15.63:6789/0] -- mon_getmap magic: 0 v1 -- 0x7f1e00103250 con 0x7f1e00102900
2023-12-07T16:14:18.518 INFO:teuthology.orchestra.run.smithi063.stdout:/usr/bin/ceph: stderr
2023-12-07T16:14:17.808+0000 7f1e06249700 1 --2- >> [v2:172.21.15.63:3300/0,v1:172.21.15.63:6789/0] conn(0x7f1e00102900 0x7f1e00102d10 unknown :-1 s=BANNER_CONNECTING pgs=0 cs=0 l=0 rev1=0 crypto rx=0 tx=0 comp rx=0 tx=0)._handle_peer_banner_payload supported=3 required=0
2023-12-07T16:14:18.518 INFO:teuthology.orchestra.run.smithi063.stdout:/usr/bin/ceph: stderr
2023-12-07T16:14:17.808+0000 7f1e06249700 1 --2- >> [v2:172.21.15.63:3300/0,v1:172.21.15.63:6789/0] conn(0x7f1e00102900 0x7f1e00102d10 unknown :-1 s=HELLO_CONNECTING pgs=0 cs=0 l=0 rev1=1 crypto rx=0 tx=0 comp rx=0 tx=0).handle_hello peer v2:172.21.15.63:3300/0 says I am v2:172.21.15.63:49516/0 (socket says 172.21.15.63:49516)
2023-12-07T16:14:18.518 INFO:teuthology.orchestra.run.smithi063.stdout:/usr/bin/ceph: stderr
2023-12-07T16:14:17.808+0000 7f1e06249700 1 -- 172.21.15.63:0/1898525671 learned_addr learned my addr 172.21.15.63:0/1898525671 (peer_addr_for_me v2:172.21.15.63:0/0)
2023-12-07T16:14:18.518 INFO:teuthology.orchestra.run.smithi063.stdout:/usr/bin/ceph: stderr
2023-12-07T16:14:17.808+0000 7f1e06249700 1 -- 172.21.15.63:0/1898525671 --> [v2:172.21.15.63:3300/0,v1:172.21.15.63:6789/0] -- mon_subscribe({config=0+,monmap=0+}) v3 -- 0x7f1e00103390 con 0x7f1e00102900
2023-12-07T16:14:18.518 INFO:teuthology.orchestra.run.smithi063.stdout:/usr/bin/ceph: stderr
2023-12-07T16:14:17.808+0000 7f1e06249700 1 --2- 172.21.15.63:0/1898525671 >> [v2:172.21.15.63:3300/0,v1:172.21.15.63:6789/0] conn(0x7f1e00102900 0x7f1e00102d10 secure :-1 s=READY pgs=18 cs=0 l=1 rev1=1 crypto rx=0x7f1dfc0098e0 tx=0x7f1dfc009250 comp rx=0 tx=0).ready entity=mon.0 client_cookie=be89abcf86bbf80 server_cookie=0 in_seq=0 out_seq=0
2023-12-07T16:14:18.518 INFO:teuthology.orchestra.run.smithi063.stdout:/usr/bin/ceph: stderr
2023-12-07T16:14:17.809+0000 7f1e05247700 1 -- 172.21.15.63:0/1898525671 <== mon.0 v2:172.21.15.63:3300/0 1 ==== mon_map magic: 0 v1 ==== 229+0+0 (secure 0 0 0) 0x7f1dfc00b860 con 0x7f1e00102900
2023-12-07T16:14:18.518 INFO:teuthology.orchestra.run.smithi063.stdout:/usr/bin/ceph: stderr
2023-12-07T16:14:17.809+0000 7f1e05247700 1 -- 172.21.15.63:0/1898525671 <== mon.0 v2:172.21.15.63:3300/0 2 ==== config(26 keys) v1 ==== 1009+0+0 (secure 0 0 0) 0x7f1dfc00be30 con 0x7f1e00102900
2023-12-07T16:14:18.518 INFO:teuthology.orchestra.run.smithi063.stdout:/usr/bin/ceph: stderr
2023-12-07T16:14:17.809+0000 7f1e05247700 1 -- 172.21.15.63:0/1898525671 <== mon.0 v2:172.21.15.63:3300/0 3 ==== mon_map magic: 0 v1 ==== 229+0+0 (secure 0 0 0) 0x7f1dfc010380 con 0x7f1e00102900
2023-12-07T16:14:18.518 INFO:teuthology.orchestra.run.smithi063.stdout:/usr/bin/ceph: stderr
2023-12-07T16:14:17.809+0000 7f1e084ad700 1 -- 172.21.15.63:0/1898525671 >> [v2:172.21.15.63:3300/0,v1:172.21.15.63:6789/0] conn(0x7f1e00102900 msgr2=0x7f1e00102d10 secure :-1 s=STATE_CONNECTION_ESTABLISHED l=1).mark_down
2023-12-07T16:14:18.519 INFO:teuthology.orchestra.run.smithi063.stdout:/usr/bin/ceph: stderr
2023-12-07T16:14:17.809+0000 7f1e084ad700 1 --2- 172.21.15.63:0/1898525671 >> [v2:172.21.15.63:3300/0,v1:172.21.15.63:6789/0] conn(0x7f1e00102900 0x7f1e00102d10 secure :-1 s=READY pgs=18 cs=0 l=1 rev1=1 crypto rx=0x7f1dfc0098e0 tx=0x7f1dfc009250 comp rx=0 tx=0).stop
2023-12-07T16:14:18.519 INFO:teuthology.orchestra.run.smithi063.stdout:/usr/bin/ceph: stderr
2023-12-07T16:14:17.809+0000 7f1e084ad700 1 -- 172.21.15.63:0/1898525671 shutdown_connections
2023-12-07T16:14:18.519 INFO:teuthology.orchestra.run.smithi063.stdout:/usr/bin/ceph: stderr
2023-12-07T16:14:17.809+0000 7f1e084ad700 1 --2- 172.21.15.63:0/1898525671 >> [v2:172.21.15.63:3300/0,v1:172.21.15.63:6789/0] conn(0x7f1e00102900 0x7f1e00102d10 unknown :-1 s=CLOSED pgs=18 cs=0 l=1 rev1=1 crypto rx=0 tx=0 comp rx=0 tx=0).stop
2023-12-07T16:14:18.519 INFO:teuthology.orchestra.run.smithi063.stdout:/usr/bin/ceph: stderr
2023-12-07T16:14:17.809+0000 7f1e084ad700 1 -- 172.21.15.63:0/1898525671 >> 172.21.15.63:0/1898525671 conn(0x7f1e000fc0b0 msgr2=0x7f1e000fe4e0 unknown :-1 s=STATE_NONE l=0).mark_down
2023-12-07T16:14:18.519 INFO:teuthology.orchestra.run.smithi063.stdout:/usr/bin/ceph: stderr
2023-12-07T16:14:17.809+0000 7f1e084ad700 1 -- 172.21.15.63:0/1898525671 shutdown_connections
2023-12-07T16:14:18.519 INFO:teuthology.orchestra.run.smithi063.stdout:/usr/bin/ceph: stderr
2023-12-07T16:14:17.809+0000 7f1e084ad700 1 -- 172.21.15.63:0/1898525671 wait complete.
2023-12-07T16:14:18.519 INFO:teuthology.orchestra.run.smithi063.stdout:/usr/bin/ceph: stderr
2023-12-07T16:14:17.810+0000 7f1e084ad700 1 Processor -- start
2023-12-07T16:14:18.519 INFO:teuthology.orchestra.run.smithi063.stdout:/usr/bin/ceph: stderr
2023-12-07T16:14:17.810+0000 7f1e084ad700 1 -- start start
2023-12-07T16:14:18.519 INFO:teuthology.orchestra.run.smithi063.stdout:/usr/bin/ceph: stderr
2023-12-07T16:14:17.810+0000 7f1e084ad700 1 --2- >> [v2:172.21.15.63:3300/0,v1:172.21.15.63:6789/0] conn(0x7f1e00102900 0x7f1e00113320 unknown :-1 s=NONE pgs=0 cs=0 l=1 rev1=0 crypto rx=0 tx=0 comp rx=0 tx=0).connect
2023-12-07T16:14:18.519 INFO:teuthology.orchestra.run.smithi063.stdout:/usr/bin/ceph: stderr
2023-12-07T16:14:17.810+0000 7f1e084ad700 1 -- --> [v2:172.21.15.63:3300/0,v1:172.21.15.63:6789/0] -- mon_getmap magic: 0 v1 -- 0x7f1e00113860 con 0x7f1e00102900
2023-12-07T16:14:18.519 INFO:teuthology.orchestra.run.smithi063.stdout:/usr/bin/ceph: stderr
2023-12-07T16:14:17.810+0000 7f1e06249700 1 --2- >> [v2:172.21.15.63:3300/0,v1:172.21.15.63:6789/0] conn(0x7f1e00102900 0x7f1e00113320 unknown :-1 s=BANNER_CONNECTING pgs=0 cs=0 l=1 rev1=0 crypto rx=0 tx=0 comp rx=0 tx=0)._handle_peer_banner_payload supported=3 required=0
2023-12-07T16:14:18.519 INFO:teuthology.orchestra.run.smithi063.stdout:/usr/bin/ceph: stderr
2023-12-07T16:14:17.810+0000 7f1e06249700 1 --2- >> [v2:172.21.15.63:3300/0,v1:172.21.15.63:6789/0] conn(0x7f1e00102900 0x7f1e00113320 unknown :-1 s=HELLO_CONNECTING pgs=0 cs=0 l=1 rev1=1 crypto rx=0 tx=0 comp rx=0 tx=0).handle_hello peer v2:172.21.15.63:3300/0 says I am v2:172.21.15.63:49526/0 (socket says 172.21.15.63:49526)
2023-12-07T16:14:18.519 INFO:teuthology.orchestra.run.smithi063.stdout:/usr/bin/ceph: stderr
2023-12-07T16:14:17.810+0000 7f1e06249700 1 -- 172.21.15.63:0/4289419968 learned_addr learned my addr 172.21.15.63:0/4289419968 (peer_addr_for_me v2:172.21.15.63:0/0)
2023-12-07T16:14:18.520 INFO:teuthology.orchestra.run.smithi063.stdout:/usr/bin/ceph: stderr
2023-12-07T16:14:17.811+0000 7f1e06249700 1 -- 172.21.15.63:0/4289419968 --> [v2:172.21.15.63:3300/0,v1:172.21.15.63:6789/0] -- mon_subscribe({config=0+,monmap=0+}) v3 -- 0x7f1dfc0094f0 con 0x7f1e00102900
2023-12-07T16:14:18.520 INFO:teuthology.orchestra.run.smithi063.stdout:/usr/bin/ceph: stderr
2023-12-07T16:14:17.811+0000 7f1e06249700 1 --2- 172.21.15.63:0/4289419968 >> [v2:172.21.15.63:3300/0,v1:172.21.15.63:6789/0] conn(0x7f1e00102900 0x7f1e00113320 secure :-1 s=READY pgs=19 cs=0 l=1 rev1=1 crypto rx=0x7f1dfc006b00 tx=0x7f1dfc009250 comp rx=0 tx=0).ready entity=mon.0 client_cookie=0 server_cookie=0 in_seq=0 out_seq=0
2023-12-07T16:14:18.520 INFO:teuthology.orchestra.run.smithi063.stdout:/usr/bin/ceph: stderr
2023-12-07T16:14:17.811+0000 7f1df6ffd700 1 -- 172.21.15.63:0/4289419968 <== mon.0 v2:172.21.15.63:3300/0 1 ==== mon_map magic: 0 v1 ==== 229+0+0 (secure 0 0 0) 0x7f1dfc0109b0 con 0x7f1e00102900
2023-12-07T16:14:18.520 INFO:teuthology.orchestra.run.smithi063.stdout:/usr/bin/ceph: stderr
2023-12-07T16:14:17.811+0000 7f1df6ffd700 1 -- 172.21.15.63:0/4289419968 <== mon.0 v2:172.21.15.63:3300/0 2 ==== config(26 keys) v1 ==== 1009+0+0 (secure 0 0 0) 0x7f1dfc024440 con 0x7f1e00102900
2023-12-07T16:14:18.520 INFO:teuthology.orchestra.run.smithi063.stdout:/usr/bin/ceph: stderr
2023-12-07T16:14:17.811+0000 7f1e084ad700 1 -- 172.21.15.63:0/4289419968 --> [v2:172.21.15.63:3300/0,v1:172.21.15.63:6789/0] -- mon_subscribe({mgrmap=0+}) v3 -- 0x7f1e00113a60 con 0x7f1e00102900
2023-12-07T16:14:18.520 INFO:teuthology.orchestra.run.smithi063.stdout:/usr/bin/ceph: stderr
2023-12-07T16:14:17.811+0000 7f1df6ffd700 1 -- 172.21.15.63:0/4289419968 <== mon.0 v2:172.21.15.63:3300/0 3 ==== mon_map magic: 0 v1 ==== 229+0+0 (secure 0 0 0) 0x7f1dfc01a5f0 con 0x7f1e00102900
2023-12-07T16:14:18.520 INFO:teuthology.orchestra.run.smithi063.stdout:/usr/bin/ceph: stderr
2023-12-07T16:14:17.811+0000 7f1e084ad700 1 -- 172.21.15.63:0/4289419968 --> [v2:172.21.15.63:3300/0,v1:172.21.15.63:6789/0] -- mon_subscribe({osdmap=0}) v3 -- 0x7f1e00113e70 con 0x7f1e00102900
2023-12-07T16:14:18.520 INFO:teuthology.orchestra.run.smithi063.stdout:/usr/bin/ceph: stderr
2023-12-07T16:14:17.812+0000 7f1df6ffd700 1 -- 172.21.15.63:0/4289419968 <== mon.0 v2:172.21.15.63:3300/0 4 ==== mgrmap(e 3) v1 ==== 43164+0+0 (secure 0 0 0) 0x7f1dfc024990 con 0x7f1e00102900
2023-12-07T16:14:18.520 INFO:teuthology.orchestra.run.smithi063.stdout:/usr/bin/ceph: stderr
2023-12-07T16:14:17.812+0000 7f1df6ffd700 1 --2- 172.21.15.63:0/4289419968 >> [v2:172.21.15.63:6800/2117148141,v1:172.21.15.63:6801/2117148141] conn(0x7f1dec036470 0x7f1dec038920 unknown :-1 s=NONE pgs=0 cs=0 l=1 rev1=0 crypto rx=0 tx=0 comp rx=0 tx=0).connect
2023-12-07T16:14:18.520 INFO:teuthology.orchestra.run.smithi063.stdout:/usr/bin/ceph: stderr
2023-12-07T16:14:17.812+0000 7f1e084ad700 1 -- 172.21.15.63:0/4289419968 --> [v2:172.21.15.63:3300/0,v1:172.21.15.63:6789/0] -- mon_command({"prefix": "get_command_descriptions"} v 0) v1 -- 0x7f1e0004bb80 con 0x7f1e00102900
2023-12-07T16:14:18.520 INFO:teuthology.orchestra.run.smithi063.stdout:/usr/bin/ceph: stderr
2023-12-07T16:14:17.812+0000 7f1df6ffd700 1 -- 172.21.15.63:0/4289419968 <== mon.0 v2:172.21.15.63:3300/0 5 ==== osd_map(1..1 src has 1..1) v4 ==== 721+0+0 (secure 0 0 0) 0x7f1dfc04a300 con 0x7f1e00102900
2023-12-07T16:14:18.520 INFO:teuthology.orchestra.run.smithi063.stdout:/usr/bin/ceph: stderr
2023-12-07T16:14:17.812+0000 7f1e05a48700 1 --2- 172.21.15.63:0/4289419968 >> [v2:172.21.15.63:6800/2117148141,v1:172.21.15.63:6801/2117148141] conn(0x7f1dec036470 0x7f1dec038920 unknown :-1 s=BANNER_CONNECTING pgs=0 cs=0 l=1 rev1=0 crypto rx=0 tx=0 comp rx=0 tx=0)._handle_peer_banner_payload supported=3 required=0
2023-12-07T16:14:18.520 INFO:teuthology.orchestra.run.smithi063.stdout:/usr/bin/ceph: stderr
2023-12-07T16:14:17.812+0000 7f1e05a48700 1 --2- 172.21.15.63:0/4289419968 >> [v2:172.21.15.63:6800/2117148141,v1:172.21.15.63:6801/2117148141] conn(0x7f1dec036470 0x7f1dec038920 secure :-1 s=READY pgs=6 cs=0 l=1 rev1=1 crypto rx=0x7f1df0009990 tx=0x7f1df0006e40 comp rx=0 tx=0).ready entity=mgr.14100 client_cookie=0 server_cookie=0 in_seq=0 out_seq=0
2023-12-07T16:14:18.521 INFO:teuthology.orchestra.run.smithi063.stdout:/usr/bin/ceph: stderr
2023-12-07T16:14:17.817+0000 7f1df6ffd700 1 -- 172.21.15.63:0/4289419968 <== mon.0 v2:172.21.15.63:3300/0 6 ==== mon_command_ack([{"prefix": "get_command_descriptions"}]=0 v0) v1 ==== 72+0+174570 (secure 0 0 0) 0x7f1dfc006d70 con 0x7f1e00102900
2023-12-07T16:14:18.521 INFO:teuthology.orchestra.run.smithi063.stdout:/usr/bin/ceph: stderr
2023-12-07T16:14:18.085+0000 7f1e084ad700 1 -- 172.21.15.63:0/4289419968 --> [v2:172.21.15.63:3300/0,v1:172.21.15.63:6789/0] -- mon_command({"prefix": "status", "format": "json-pretty"} v 0) v1 -- 0x7f1e0010d160 con 0x7f1e00102900
2023-12-07T16:14:18.521 INFO:teuthology.orchestra.run.smithi063.stdout:/usr/bin/ceph: stderr
2023-12-07T16:14:18.086+0000 7f1df6ffd700 1 -- 172.21.15.63:0/4289419968 <== mon.0 v2:172.21.15.63:3300/0 7 ==== mon_command_ack([{"prefix": "status", "format": "json-pretty"}]=0 v0) v1 ==== 79+0+1248 (secure 0 0 0) 0x7f1dfc0233a0 con 0x7f1e00102900
2023-12-07T16:14:18.521 INFO:teuthology.orchestra.run.smithi063.stdout:/usr/bin/ceph: stderr
2023-12-07T16:14:18.087+0000 7f1e084ad700 1 -- 172.21.15.63:0/4289419968 >> [v2:172.21.15.63:6800/2117148141,v1:172.21.15.63:6801/2117148141] conn(0x7f1dec036470 msgr2=0x7f1dec038920 secure :-1 s=STATE_CONNECTION_ESTABLISHED l=1).mark_down
2023-12-07T16:14:18.521 INFO:teuthology.orchestra.run.smithi063.stdout:/usr/bin/ceph: stderr
2023-12-07T16:14:18.087+0000 7f1e084ad700 1 --2- 172.21.15.63:0/4289419968 >> [v2:172.21.15.63:6800/2117148141,v1:172.21.15.63:6801/2117148141] conn(0x7f1dec036470 0x7f1dec038920 secure :-1 s=READY pgs=6 cs=0 l=1 rev1=1 crypto rx=0x7f1df0009990 tx=0x7f1df0006e40 comp rx=0 tx=0).stop
2023-12-07T16:14:18.521 INFO:teuthology.orchestra.run.smithi063.stdout:/usr/bin/ceph: stderr
2023-12-07T16:14:18.087+0000 7f1e084ad700 1 -- 172.21.15.63:0/4289419968 >> [v2:172.21.15.63:3300/0,v1:172.21.15.63:6789/0] conn(0x7f1e00102900 msgr2=0x7f1e00113320 secure :-1 s=STATE_CONNECTION_ESTABLISHED l=1).mark_down
2023-12-07T16:14:18.521 INFO:teuthology.orchestra.run.smithi063.stdout:/usr/bin/ceph: stderr
2023-12-07T16:14:18.087+0000 7f1e084ad700 1 --2- 172.21.15.63:0/4289419968 >> [v2:172.21.15.63:3300/0,v1:172.21.15.63:6789/0] conn(0x7f1e00102900 0x7f1e00113320 secure :-1 s=READY pgs=19 cs=0 l=1 rev1=1 crypto rx=0x7f1dfc006b00 tx=0x7f1dfc009250 comp rx=0 tx=0).stop
2023-12-07T16:14:18.521 INFO:teuthology.orchestra.run.smithi063.stdout:/usr/bin/ceph: stderr
2023-12-07T16:14:18.088+0000 7f1e084ad700 1 -- 172.21.15.63:0/4289419968 shutdown_connections
2023-12-07T16:14:18.521 INFO:teuthology.orchestra.run.smithi063.stdout:/usr/bin/ceph: stderr
2023-12-07T16:14:18.088+0000 7f1e084ad700 1 --2- 172.21.15.63:0/4289419968 >> [v2:172.21.15.63:6800/2117148141,v1:172.21.15.63:6801/2117148141] conn(0x7f1dec036470 0x7f1dec038920 unknown :-1 s=CLOSED pgs=6 cs=0 l=1 rev1=1 crypto rx=0 tx=0 comp rx=0 tx=0).stop
2023-12-07T16:14:18.521 INFO:teuthology.orchestra.run.smithi063.stdout:/usr/bin/ceph: stderr
2023-12-07T16:14:18.088+0000 7f1e084ad700 1 --2- 172.21.15.63:0/4289419968 >> [v2:172.21.15.63:3300/0,v1:172.21.15.63:6789/0] conn(0x7f1e00102900 0x7f1e00113320 unknown :-1 s=CLOSED pgs=19 cs=0 l=1 rev1=1 crypto rx=0 tx=0 comp rx=0 tx=0).stop
2023-12-07T16:14:18.521 INFO:teuthology.orchestra.run.smithi063.stdout:/usr/bin/ceph: stderr
2023-12-07T16:14:18.088+0000 7f1e084ad700 1 -- 172.21.15.63:0/4289419968 >> 172.21.15.63:0/4289419968 conn(0x7f1e000fc0b0 msgr2=0x7f1e000fd830 unknown :-1 s=STATE_NONE l=0).mark_down
2023-12-07T16:14:18.521 INFO:teuthology.orchestra.run.smithi063.stdout:/usr/bin/ceph: stderr
2023-12-07T16:14:18.088+0000 7f1e084ad700 1 -- 172.21.15.63:0/4289419968 shutdown_connections
2023-12-07T16:14:18.521 INFO:teuthology.orchestra.run.smithi063.stdout:/usr/bin/ceph: stderr
2023-12-07T16:14:18.088+0000 7f1e084ad700 1 -- 172.21.15.63:0/4289419968 wait complete.
2023-12-07T16:14:18.521 INFO:teuthology.orchestra.run.smithi063.stdout:mgr is available
2023-12-07T16:14:18.905 INFO:journalctl@ceph.mon.smithi063.smithi063.stdout:Dec 07 16:14:18 smithi063 ceph-mon[112095]: from='client.? 172.21.15.63:0/4289419968' entity='client.admin' cmd=[{"prefix": "status", "format": "json-pretty"}]: dispatch
2023-12-07T16:14:19.450 INFO:teuthology.orchestra.run.smithi063.stdout:/usr/bin/ceph: stdout
2023-12-07T16:14:19.450 INFO:teuthology.orchestra.run.smithi063.stdout:/usr/bin/ceph: stdout [global]
2023-12-07T16:14:19.451 INFO:teuthology.orchestra.run.smithi063.stdout:/usr/bin/ceph: stdout fsid = 8c493298-951b-11ee-95a2-87774f69a715
2023-12-07T16:14:19.451 INFO:teuthology.orchestra.run.smithi063.stdout:/usr/bin/ceph: stdout mon_osd_allow_pg_remap = true
2023-12-07T16:14:19.451 INFO:teuthology.orchestra.run.smithi063.stdout:/usr/bin/ceph: stdout mon_osd_allow_primary_affinity = true
2023-12-07T16:14:19.451 INFO:teuthology.orchestra.run.smithi063.stdout:/usr/bin/ceph: stdout mon_warn_on_no_sortbitwise = false
2023-12-07T16:14:19.451 INFO:teuthology.orchestra.run.smithi063.stdout:/usr/bin/ceph: stdout osd_crush_chooseleaf_type = 0
2023-12-07T16:14:19.451 INFO:teuthology.orchestra.run.smithi063.stdout:/usr/bin/ceph: stdout
2023-12-07T16:14:19.451 INFO:teuthology.orchestra.run.smithi063.stdout:/usr/bin/ceph: stdout [mgr]
2023-12-07T16:14:19.451 INFO:teuthology.orchestra.run.smithi063.stdout:/usr/bin/ceph: stdout mgr/telemetry/nag = false
2023-12-07T16:14:19.451 INFO:teuthology.orchestra.run.smithi063.stdout:/usr/bin/ceph: stdout
2023-12-07T16:14:19.451 INFO:teuthology.orchestra.run.smithi063.stdout:/usr/bin/ceph: stdout [osd]
2023-12-07T16:14:19.451 INFO:teuthology.orchestra.run.smithi063.stdout:/usr/bin/ceph: stdout mon_osd_backfillfull_ratio = 0.85
2023-12-07T16:14:19.451 INFO:teuthology.orchestra.run.smithi063.stdout:/usr/bin/ceph: stdout mon_osd_full_ratio = 0.9
2023-12-07T16:14:19.451 INFO:teuthology.orchestra.run.smithi063.stdout:/usr/bin/ceph: stdout mon_osd_nearfull_ratio = 0.8
2023-12-07T16:14:19.451 INFO:teuthology.orchestra.run.smithi063.stdout:/usr/bin/ceph: stdout osd_map_max_advance = 10
2023-12-07T16:14:19.451 INFO:teuthology.orchestra.run.smithi063.stdout:/usr/bin/ceph: stdout osd_sloppy_crc = true
2023-12-07T16:14:19.451 INFO:teuthology.orchestra.run.smithi063.stdout:/usr/bin/ceph: stderr
2023-12-07T16:14:18.879+0000 7f8d2383f700 1 Processor -- start
2023-12-07T16:14:19.452 INFO:teuthology.orchestra.run.smithi063.stdout:/usr/bin/ceph: stderr
2023-12-07T16:14:18.879+0000 7f8d2383f700 1 -- start start
2023-12-07T16:14:19.452 INFO:teuthology.orchestra.run.smithi063.stdout:/usr/bin/ceph: stderr
2023-12-07T16:14:18.879+0000 7f8d2383f700 1 --2- >> [v2:172.21.15.63:3300/0,v1:172.21.15.63:6789/0] conn(0x7f8d1c070fc0 0x7f8d1c104ee0 unknown :-1 s=NONE pgs=0 cs=0 l=0 rev1=0 crypto rx=0 tx=0 comp rx=0 tx=0).connect
2023-12-07T16:14:19.452 INFO:teuthology.orchestra.run.smithi063.stdout:/usr/bin/ceph: stderr
2023-12-07T16:14:18.879+0000 7f8d2383f700 1 -- --> [v2:172.21.15.63:3300/0,v1:172.21.15.63:6789/0] -- mon_getmap magic: 0 v1 -- 0x7f8d1c105420 con 0x7f8d1c070fc0
2023-12-07T16:14:19.452 INFO:teuthology.orchestra.run.smithi063.stdout:/usr/bin/ceph: stderr
2023-12-07T16:14:18.879+0000 7f8d215db700 1 --2- >> [v2:172.21.15.63:3300/0,v1:172.21.15.63:6789/0] conn(0x7f8d1c070fc0 0x7f8d1c104ee0 unknown :-1 s=BANNER_CONNECTING pgs=0 cs=0 l=0 rev1=0 crypto rx=0 tx=0 comp rx=0 tx=0)._handle_peer_banner_payload supported=3 required=0
2023-12-07T16:14:19.452 INFO:teuthology.orchestra.run.smithi063.stdout:/usr/bin/ceph: stderr
2023-12-07T16:14:18.879+0000 7f8d215db700 1 --2- >> [v2:172.21.15.63:3300/0,v1:172.21.15.63:6789/0] conn(0x7f8d1c070fc0 0x7f8d1c104ee0 unknown :-1 s=HELLO_CONNECTING pgs=0 cs=0 l=0 rev1=1 crypto rx=0 tx=0 comp rx=0 tx=0).handle_hello peer v2:172.21.15.63:3300/0 says I am v2:172.21.15.63:49536/0 (socket says 172.21.15.63:49536)
2023-12-07T16:14:19.452 INFO:teuthology.orchestra.run.smithi063.stdout:/usr/bin/ceph: stderr
2023-12-07T16:14:18.879+0000 7f8d215db700 1 -- 172.21.15.63:0/109669192 learned_addr learned my addr 172.21.15.63:0/109669192 (peer_addr_for_me v2:172.21.15.63:0/0)
2023-12-07T16:14:19.452 INFO:teuthology.orchestra.run.smithi063.stdout:/usr/bin/ceph: stderr
2023-12-07T16:14:18.879+0000 7f8d215db700 1 -- 172.21.15.63:0/109669192 --> [v2:172.21.15.63:3300/0,v1:172.21.15.63:6789/0] -- mon_subscribe({config=0+,monmap=0+}) v3 -- 0x7f8d1c105560 con 0x7f8d1c070fc0
2023-12-07T16:14:19.452 INFO:teuthology.orchestra.run.smithi063.stdout:/usr/bin/ceph: stderr
2023-12-07T16:14:18.880+0000 7f8d215db700 1 --2- 172.21.15.63:0/109669192 >> [v2:172.21.15.63:3300/0,v1:172.21.15.63:6789/0] conn(0x7f8d1c070fc0 0x7f8d1c104ee0 secure :-1 s=READY pgs=20 cs=0 l=1 rev1=1 crypto rx=0x7f8d180098e0 tx=0x7f8d18009250 comp rx=0 tx=0).ready entity=mon.0 client_cookie=f2829a876ed7cc8f server_cookie=0 in_seq=0 out_seq=0
2023-12-07T16:14:19.452 INFO:teuthology.orchestra.run.smithi063.stdout:/usr/bin/ceph: stderr
2023-12-07T16:14:18.880+0000 7f8d0ffff700 1 -- 172.21.15.63:0/109669192 <== mon.0 v2:172.21.15.63:3300/0 1 ==== mon_map magic: 0 v1 ==== 229+0+0 (secure 0 0 0) 0x7f8d1800b860 con 0x7f8d1c070fc0
2023-12-07T16:14:19.452 INFO:teuthology.orchestra.run.smithi063.stdout:/usr/bin/ceph: stderr
2023-12-07T16:14:18.880+0000 7f8d0ffff700 1 -- 172.21.15.63:0/109669192 <== mon.0 v2:172.21.15.63:3300/0 2 ==== config(26 keys) v1 ==== 1009+0+0 (secure 0 0 0) 0x7f8d1800be30 con 0x7f8d1c070fc0
2023-12-07T16:14:19.452 INFO:teuthology.orchestra.run.smithi063.stdout:/usr/bin/ceph: stderr
2023-12-07T16:14:18.880+0000 7f8d0ffff700 1 -- 172.21.15.63:0/109669192 <== mon.0 v2:172.21.15.63:3300/0 3 ==== mon_map magic: 0 v1 ==== 229+0+0 (secure 0 0 0) 0x7f8d18010380 con 0x7f8d1c070fc0
2023-12-07T16:14:19.452 INFO:teuthology.orchestra.run.smithi063.stdout:/usr/bin/ceph: stderr
2023-12-07T16:14:18.880+0000 7f8d2383f700 1 -- 172.21.15.63:0/109669192 >> [v2:172.21.15.63:3300/0,v1:172.21.15.63:6789/0] conn(0x7f8d1c070fc0 msgr2=0x7f8d1c104ee0 secure :-1 s=STATE_CONNECTION_ESTABLISHED l=1).mark_down
2023-12-07T16:14:19.452 INFO:teuthology.orchestra.run.smithi063.stdout:/usr/bin/ceph: stderr
2023-12-07T16:14:18.880+0000 7f8d2383f700 1 --2- 172.21.15.63:0/109669192 >> [v2:172.21.15.63:3300/0,v1:172.21.15.63:6789/0] conn(0x7f8d1c070fc0 0x7f8d1c104ee0 secure :-1 s=READY pgs=20 cs=0 l=1 rev1=1 crypto rx=0x7f8d180098e0 tx=0x7f8d18009250 comp rx=0 tx=0).stop
2023-12-07T16:14:19.452 INFO:teuthology.orchestra.run.smithi063.stdout:/usr/bin/ceph: stderr
2023-12-07T16:14:18.880+0000 7f8d2383f700 1 -- 172.21.15.63:0/109669192 shutdown_connections
2023-12-07T16:14:19.452 INFO:teuthology.orchestra.run.smithi063.stdout:/usr/bin/ceph: stderr
2023-12-07T16:14:18.880+0000 7f8d2383f700 1 --2- 172.21.15.63:0/109669192 >> [v2:172.21.15.63:3300/0,v1:172.21.15.63:6789/0] conn(0x7f8d1c070fc0 0x7f8d1c104ee0 unknown :-1 s=CLOSED pgs=20 cs=0 l=1 rev1=1 crypto rx=0 tx=0 comp rx=0 tx=0).stop
2023-12-07T16:14:19.452 INFO:teuthology.orchestra.run.smithi063.stdout:/usr/bin/ceph: stderr
2023-12-07T16:14:18.880+0000 7f8d2383f700 1 -- 172.21.15.63:0/109669192 >> 172.21.15.63:0/109669192 conn(0x7f8d1c0fc970 msgr2=0x7f8d1c0fed80 unknown :-1 s=STATE_NONE l=0).mark_down
2023-12-07T16:14:19.453 INFO:teuthology.orchestra.run.smithi063.stdout:/usr/bin/ceph: stderr
2023-12-07T16:14:18.880+0000 7f8d2383f700 1 -- 172.21.15.63:0/109669192 shutdown_connections
2023-12-07T16:14:19.453 INFO:teuthology.orchestra.run.smithi063.stdout:/usr/bin/ceph: stderr
2023-12-07T16:14:18.880+0000 7f8d2383f700 1 -- 172.21.15.63:0/109669192 wait complete.
2023-12-07T16:14:19.453 INFO:teuthology.orchestra.run.smithi063.stdout:/usr/bin/ceph: stderr
2023-12-07T16:14:18.881+0000 7f8d2383f700 1 Processor -- start
2023-12-07T16:14:19.453 INFO:teuthology.orchestra.run.smithi063.stdout:/usr/bin/ceph: stderr
2023-12-07T16:14:18.881+0000 7f8d2383f700 1 -- start start
2023-12-07T16:14:19.453 INFO:teuthology.orchestra.run.smithi063.stdout:/usr/bin/ceph: stderr
2023-12-07T16:14:18.881+0000 7f8d2383f700 1 --2- >> [v2:172.21.15.63:3300/0,v1:172.21.15.63:6789/0] conn(0x7f8d1c070fc0 0x7f8d1c111180 unknown :-1 s=NONE pgs=0 cs=0 l=1 rev1=0 crypto rx=0 tx=0 comp rx=0 tx=0).connect
2023-12-07T16:14:19.453 INFO:teuthology.orchestra.run.smithi063.stdout:/usr/bin/ceph: stderr
2023-12-07T16:14:18.881+0000 7f8d2383f700 1 -- --> [v2:172.21.15.63:3300/0,v1:172.21.15.63:6789/0] -- mon_getmap magic: 0 v1 -- 0x7f8d1c1116c0 con 0x7f8d1c070fc0
2023-12-07T16:14:19.453 INFO:teuthology.orchestra.run.smithi063.stdout:/usr/bin/ceph: stderr
2023-12-07T16:14:18.881+0000 7f8d215db700 1 --2- >> [v2:172.21.15.63:3300/0,v1:172.21.15.63:6789/0] conn(0x7f8d1c070fc0 0x7f8d1c111180 unknown :-1 s=BANNER_CONNECTING pgs=0 cs=0 l=1 rev1=0 crypto rx=0 tx=0 comp rx=0 tx=0)._handle_peer_banner_payload supported=3 required=0
2023-12-07T16:14:19.453 INFO:teuthology.orchestra.run.smithi063.stdout:/usr/bin/ceph: stderr
2023-12-07T16:14:18.881+0000 7f8d215db700 1 --2- >> [v2:172.21.15.63:3300/0,v1:172.21.15.63:6789/0] conn(0x7f8d1c070fc0 0x7f8d1c111180 unknown :-1 s=HELLO_CONNECTING pgs=0 cs=0 l=1 rev1=1 crypto rx=0 tx=0 comp rx=0 tx=0).handle_hello peer v2:172.21.15.63:3300/0 says I am v2:172.21.15.63:49542/0 (socket says 172.21.15.63:49542)
2023-12-07T16:14:19.453 INFO:teuthology.orchestra.run.smithi063.stdout:/usr/bin/ceph: stderr
2023-12-07T16:14:18.881+0000 7f8d215db700 1 -- 172.21.15.63:0/2412466812 learned_addr learned my addr 172.21.15.63:0/2412466812 (peer_addr_for_me v2:172.21.15.63:0/0)
2023-12-07T16:14:19.453 INFO:teuthology.orchestra.run.smithi063.stdout:/usr/bin/ceph: stderr
2023-12-07T16:14:18.882+0000 7f8d215db700 1 -- 172.21.15.63:0/2412466812 --> [v2:172.21.15.63:3300/0,v1:172.21.15.63:6789/0] -- mon_subscribe({config=0+,monmap=0+}) v3 -- 0x7f8d180094f0 con 0x7f8d1c070fc0
2023-12-07T16:14:19.453 INFO:teuthology.orchestra.run.smithi063.stdout:/usr/bin/ceph: stderr
2023-12-07T16:14:18.882+0000 7f8d215db700 1 --2- 172.21.15.63:0/2412466812 >> [v2:172.21.15.63:3300/0,v1:172.21.15.63:6789/0] conn(0x7f8d1c070fc0 0x7f8d1c111180 secure :-1 s=READY pgs=21 cs=0 l=1 rev1=1 crypto rx=0x7f8d18006d40 tx=0x7f8d18009250 comp rx=0 tx=0).ready entity=mon.0 client_cookie=0 server_cookie=0 in_seq=0 out_seq=0
2023-12-07T16:14:19.453 INFO:teuthology.orchestra.run.smithi063.stdout:/usr/bin/ceph: stderr
2023-12-07T16:14:18.882+0000 7f8d0dffb700 1 -- 172.21.15.63:0/2412466812 <== mon.0 v2:172.21.15.63:3300/0 1 ==== mon_map magic: 0 v1 ==== 229+0+0 (secure 0 0 0) 0x7f8d180109b0 con 0x7f8d1c070fc0
2023-12-07T16:14:19.453 INFO:teuthology.orchestra.run.smithi063.stdout:/usr/bin/ceph: stderr
2023-12-07T16:14:18.882+0000 7f8d2383f700 1 -- 172.21.15.63:0/2412466812 --> [v2:172.21.15.63:3300/0,v1:172.21.15.63:6789/0] -- mon_subscribe({mgrmap=0+}) v3 -- 0x7f8d1c1118c0 con 0x7f8d1c070fc0
2023-12-07T16:14:19.453 INFO:teuthology.orchestra.run.smithi063.stdout:/usr/bin/ceph: stderr
2023-12-07T16:14:18.882+0000 7f8d0dffb700 1 -- 172.21.15.63:0/2412466812 <== mon.0 v2:172.21.15.63:3300/0 2 ==== config(26 keys) v1 ==== 1009+0+0 (secure 0 0 0) 0x7f8d18024440 con 0x7f8d1c070fc0
2023-12-07T16:14:19.453 INFO:teuthology.orchestra.run.smithi063.stdout:/usr/bin/ceph: stderr
2023-12-07T16:14:18.882+0000 7f8d0dffb700 1 -- 172.21.15.63:0/2412466812 <== mon.0 v2:172.21.15.63:3300/0 3 ==== mon_map magic: 0 v1 ==== 229+0+0 (secure 0 0 0) 0x7f8d1801a5f0 con 0x7f8d1c070fc0
2023-12-07T16:14:19.453 INFO:teuthology.orchestra.run.smithi063.stdout:/usr/bin/ceph: stderr
2023-12-07T16:14:18.882+0000 7f8d2383f700 1 -- 172.21.15.63:0/2412466812 --> [v2:172.21.15.63:3300/0,v1:172.21.15.63:6789/0] -- mon_subscribe({osdmap=0}) v3 -- 0x7f8d1c111cd0 con 0x7f8d1c070fc0
2023-12-07T16:14:19.454 INFO:teuthology.orchestra.run.smithi063.stdout:/usr/bin/ceph: stderr
2023-12-07T16:14:18.883+0000 7f8d0dffb700 1 -- 172.21.15.63:0/2412466812 <== mon.0 v2:172.21.15.63:3300/0 4 ==== mgrmap(e 4) v1 ==== 43270+0+0 (secure 0 0 0) 0x7f8d1801a870 con 0x7f8d1c070fc0
2023-12-07T16:14:19.454 INFO:teuthology.orchestra.run.smithi063.stdout:/usr/bin/ceph: stderr
2023-12-07T16:14:18.883+0000 7f8d0dffb700 1 --2- 172.21.15.63:0/2412466812 >> [v2:172.21.15.63:6800/2117148141,v1:172.21.15.63:6801/2117148141] conn(0x7f8d080365a0 0x7f8d08038a50 unknown :-1 s=NONE pgs=0 cs=0 l=1 rev1=0 crypto rx=0 tx=0 comp rx=0 tx=0).connect
2023-12-07T16:14:19.454 INFO:teuthology.orchestra.run.smithi063.stdout:/usr/bin/ceph: stderr
2023-12-07T16:14:18.883+0000 7f8d0dffb700 1 -- 172.21.15.63:0/2412466812 <== mon.0 v2:172.21.15.63:3300/0 5 ==== osd_map(1..1 src has 1..1) v4 ==== 721+0+0 (secure 0 0 0) 0x7f8d1804a430 con 0x7f8d1c070fc0
2023-12-07T16:14:19.454 INFO:teuthology.orchestra.run.smithi063.stdout:/usr/bin/ceph: stderr
2023-12-07T16:14:18.883+0000 7f8d2383f700 1 -- 172.21.15.63:0/2412466812 --> [v2:172.21.15.63:3300/0,v1:172.21.15.63:6789/0] -- mon_command({"prefix": "get_command_descriptions"} v 0) v1 -- 0x7f8d1c04bb80 con 0x7f8d1c070fc0
2023-12-07T16:14:19.454 INFO:teuthology.orchestra.run.smithi063.stdout:/usr/bin/ceph: stderr
2023-12-07T16:14:18.883+0000 7f8d20dda700 1 --2- 172.21.15.63:0/2412466812 >> [v2:172.21.15.63:6800/2117148141,v1:172.21.15.63:6801/2117148141] conn(0x7f8d080365a0 0x7f8d08038a50 unknown :-1 s=BANNER_CONNECTING pgs=0 cs=0 l=1 rev1=0 crypto rx=0 tx=0 comp rx=0 tx=0)._handle_peer_banner_payload supported=3 required=0
2023-12-07T16:14:19.454 INFO:teuthology.orchestra.run.smithi063.stdout:/usr/bin/ceph: stderr
2023-12-07T16:14:18.884+0000 7f8d20dda700 1 --2- 172.21.15.63:0/2412466812 >> [v2:172.21.15.63:6800/2117148141,v1:172.21.15.63:6801/2117148141] conn(0x7f8d080365a0 0x7f8d08038a50 secure :-1 s=READY pgs=7 cs=0 l=1 rev1=1 crypto rx=0x7f8d10009990 tx=0x7f8d10006e40 comp rx=0 tx=0).ready entity=mgr.14100 client_cookie=0 server_cookie=0 in_seq=0 out_seq=0
2023-12-07T16:14:19.454 INFO:teuthology.orchestra.run.smithi063.stdout:/usr/bin/ceph: stderr
2023-12-07T16:14:18.889+0000 7f8d0dffb700 1 -- 172.21.15.63:0/2412466812 <== mon.0 v2:172.21.15.63:3300/0 6 ==== mon_command_ack([{"prefix": "get_command_descriptions"}]=0 v0) v1 ==== 72+0+174570 (secure 0 0 0) 0x7f8d1802d3f0 con 0x7f8d1c070fc0
2023-12-07T16:14:19.454 INFO:teuthology.orchestra.run.smithi063.stdout:/usr/bin/ceph: stderr
2023-12-07T16:14:19.079+0000 7f8d2383f700 1 -- 172.21.15.63:0/2412466812 --> [v2:172.21.15.63:3300/0,v1:172.21.15.63:6789/0] -- mon_command({"prefix": "config assimilate-conf"} v 0) v1 -- 0x7f8d1c106310 con 0x7f8d1c070fc0
2023-12-07T16:14:19.454 INFO:teuthology.orchestra.run.smithi063.stdout:/usr/bin/ceph: stderr
2023-12-07T16:14:19.080+0000 7f8d0dffb700 1 -- 172.21.15.63:0/2412466812 <== mon.0 v2:172.21.15.63:3300/0 7 ==== mon_command_ack([{"prefix": "config assimilate-conf"}]=0 v3) v1 ==== 70+0+373 (secure 0 0 0) 0x7f8d18048020 con 0x7f8d1c070fc0
2023-12-07T16:14:19.454 INFO:teuthology.orchestra.run.smithi063.stdout:/usr/bin/ceph: stderr
2023-12-07T16:14:19.082+0000 7f8d2383f700 1 -- 172.21.15.63:0/2412466812 >> [v2:172.21.15.63:6800/2117148141,v1:172.21.15.63:6801/2117148141] conn(0x7f8d080365a0 msgr2=0x7f8d08038a50 secure :-1 s=STATE_CONNECTION_ESTABLISHED l=1).mark_down
2023-12-07T16:14:19.454 INFO:teuthology.orchestra.run.smithi063.stdout:/usr/bin/ceph: stderr
2023-12-07T16:14:19.082+0000 7f8d2383f700 1 --2- 172.21.15.63:0/2412466812 >> [v2:172.21.15.63:6800/2117148141,v1:172.21.15.63:6801/2117148141] conn(0x7f8d080365a0 0x7f8d08038a50 secure :-1 s=READY pgs=7 cs=0 l=1 rev1=1 crypto rx=0x7f8d10009990 tx=0x7f8d10006e40 comp rx=0 tx=0).stop
2023-12-07T16:14:19.454 INFO:teuthology.orchestra.run.smithi063.stdout:/usr/bin/ceph: stderr
2023-12-07T16:14:19.082+0000 7f8d2383f700 1 -- 172.21.15.63:0/2412466812 >> [v2:172.21.15.63:3300/0,v1:172.21.15.63:6789/0] conn(0x7f8d1c070fc0 msgr2=0x7f8d1c111180 secure :-1 s=STATE_CONNECTION_ESTABLISHED l=1).mark_down
2023-12-07T16:14:19.454 INFO:teuthology.orchestra.run.smithi063.stdout:/usr/bin/ceph: stderr
2023-12-07T16:14:19.082+0000 7f8d2383f700 1 --2- 172.21.15.63:0/2412466812 >> [v2:172.21.15.63:3300/0,v1:172.21.15.63:6789/0] conn(0x7f8d1c070fc0 0x7f8d1c111180 secure :-1 s=READY pgs=21 cs=0 l=1 rev1=1 crypto rx=0x7f8d18006d40 tx=0x7f8d18009250 comp rx=0 tx=0).stop
2023-12-07T16:14:19.454 INFO:teuthology.orchestra.run.smithi063.stdout:/usr/bin/ceph: stderr
2023-12-07T16:14:19.082+0000 7f8d2383f700 1 -- 172.21.15.63:0/2412466812 shutdown_connections
2023-12-07T16:14:19.455 INFO:teuthology.orchestra.run.smithi063.stdout:/usr/bin/ceph: stderr
2023-12-07T16:14:19.082+0000 7f8d2383f700 1 --2- 172.21.15.63:0/2412466812 >> [v2:172.21.15.63:6800/2117148141,v1:172.21.15.63:6801/2117148141] conn(0x7f8d080365a0 0x7f8d08038a50 unknown :-1 s=CLOSED pgs=7 cs=0 l=1 rev1=1 crypto rx=0 tx=0 comp rx=0 tx=0).stop
2023-12-07T16:14:19.455 INFO:teuthology.orchestra.run.smithi063.stdout:/usr/bin/ceph: stderr
2023-12-07T16:14:19.082+0000 7f8d2383f700 1 --2- 172.21.15.63:0/2412466812 >> [v2:172.21.15.63:3300/0,v1:172.21.15.63:6789/0] conn(0x7f8d1c070fc0 0x7f8d1c111180 unknown :-1 s=CLOSED pgs=21 cs=0 l=1 rev1=1 crypto rx=0 tx=0 comp rx=0 tx=0).stop
2023-12-07T16:14:19.455 INFO:teuthology.orchestra.run.smithi063.stdout:/usr/bin/ceph: stderr
2023-12-07T16:14:19.082+0000 7f8d2383f700 1 -- 172.21.15.63:0/2412466812 >> 172.21.15.63:0/2412466812 conn(0x7f8d1c0fc970 msgr2=0x7f8d1c0fe190 unknown :-1 s=STATE_NONE l=0).mark_down
2023-12-07T16:14:19.455 INFO:teuthology.orchestra.run.smithi063.stdout:/usr/bin/ceph: stderr
2023-12-07T16:14:19.082+0000 7f8d2383f700 1 -- 172.21.15.63:0/2412466812 shutdown_connections
2023-12-07T16:14:19.455 INFO:teuthology.orchestra.run.smithi063.stdout:/usr/bin/ceph: stderr
2023-12-07T16:14:19.082+0000 7f8d2383f700 1 -- 172.21.15.63:0/2412466812 wait complete.
2023-12-07T16:14:19.455 INFO:teuthology.orchestra.run.smithi063.stdout:Enabling cephadm module...
2023-12-07T16:14:19.905 INFO:journalctl@ceph.mon.smithi063.smithi063.stdout:Dec 07 16:14:19 smithi063 ceph-mon[112095]: mgrmap e4: smithi063.yohyyx(active, since 3s)
2023-12-07T16:14:19.905 INFO:journalctl@ceph.mon.smithi063.smithi063.stdout:Dec 07 16:14:19 smithi063 ceph-mon[112095]: from='client.? 172.21.15.63:0/2412466812' entity='client.admin' cmd=[{"prefix": "config assimilate-conf"}]: dispatch
2023-12-07T16:14:20.882 INFO:journalctl@ceph.mon.smithi063.smithi063.stdout:Dec 07 16:14:20 smithi063 ceph-mon[112095]: from='client.? 172.21.15.63:0/2282185871' entity='client.admin' cmd=[{"prefix": "mgr module enable", "module": "cephadm"}]: dispatch
2023-12-07T16:14:20.959 INFO:teuthology.orchestra.run.smithi063.stdout:/usr/bin/ceph: stderr
2023-12-07T16:14:19.810+0000 7ff2e5c14700 1 Processor -- start
2023-12-07T16:14:20.959 INFO:teuthology.orchestra.run.smithi063.stdout:/usr/bin/ceph: stderr
2023-12-07T16:14:19.810+0000 7ff2e5c14700 1 -- start start
2023-12-07T16:14:20.959 INFO:teuthology.orchestra.run.smithi063.stdout:/usr/bin/ceph: stderr
2023-12-07T16:14:19.810+0000 7ff2e5c14700 1 --2- >> [v2:172.21.15.63:3300/0,v1:172.21.15.63:6789/0] conn(0x7ff2e0071000 0x7ff2e0104ea0 unknown :-1 s=NONE pgs=0 cs=0 l=0 rev1=0 crypto rx=0 tx=0 comp rx=0 tx=0).connect
2023-12-07T16:14:20.959 INFO:teuthology.orchestra.run.smithi063.stdout:/usr/bin/ceph: stderr
2023-12-07T16:14:19.810+0000 7ff2e5c14700 1 -- --> [v2:172.21.15.63:3300/0,v1:172.21.15.63:6789/0] -- mon_getmap magic: 0 v1 -- 0x7ff2e01053e0 con 0x7ff2e0071000
2023-12-07T16:14:20.959 INFO:teuthology.orchestra.run.smithi063.stdout:/usr/bin/ceph: stderr
2023-12-07T16:14:19.810+0000 7ff2df7fe700 1 --2- >> [v2:172.21.15.63:3300/0,v1:172.21.15.63:6789/0] conn(0x7ff2e0071000 0x7ff2e0104ea0 unknown :-1 s=BANNER_CONNECTING pgs=0 cs=0 l=0 rev1=0 crypto rx=0 tx=0 comp rx=0 tx=0)._handle_peer_banner_payload supported=3 required=0
2023-12-07T16:14:20.959 INFO:teuthology.orchestra.run.smithi063.stdout:/usr/bin/ceph: stderr
2023-12-07T16:14:19.810+0000 7ff2df7fe700 1 --2- >> [v2:172.21.15.63:3300/0,v1:172.21.15.63:6789/0] conn(0x7ff2e0071000 0x7ff2e0104ea0 unknown :-1 s=HELLO_CONNECTING pgs=0 cs=0 l=0 rev1=1 crypto rx=0 tx=0 comp rx=0 tx=0).handle_hello peer v2:172.21.15.63:3300/0 says I am v2:172.21.15.63:40798/0 (socket says 172.21.15.63:40798)
2023-12-07T16:14:20.959 INFO:teuthology.orchestra.run.smithi063.stdout:/usr/bin/ceph: stderr
2023-12-07T16:14:19.810+0000 7ff2df7fe700 1 -- 172.21.15.63:0/489905985 learned_addr learned my addr 172.21.15.63:0/489905985 (peer_addr_for_me v2:172.21.15.63:0/0)
2023-12-07T16:14:20.959 INFO:teuthology.orchestra.run.smithi063.stdout:/usr/bin/ceph: stderr
2023-12-07T16:14:19.811+0000 7ff2df7fe700 1 -- 172.21.15.63:0/489905985 --> [v2:172.21.15.63:3300/0,v1:172.21.15.63:6789/0] -- mon_subscribe({config=0+,monmap=0+}) v3 -- 0x7ff2e0105520 con 0x7ff2e0071000
2023-12-07T16:14:20.959 INFO:teuthology.orchestra.run.smithi063.stdout:/usr/bin/ceph: stderr
2023-12-07T16:14:19.811+0000 7ff2df7fe700 1 --2- 172.21.15.63:0/489905985 >> [v2:172.21.15.63:3300/0,v1:172.21.15.63:6789/0] conn(0x7ff2e0071000 0x7ff2e0104ea0 secure :-1 s=READY pgs=22 cs=0 l=1 rev1=1 crypto rx=0x7ff2d00098e0 tx=0x7ff2d0009250 comp rx=0 tx=0).ready entity=mon.0 client_cookie=baa0fca0d3d2362a server_cookie=0 in_seq=0 out_seq=0
2023-12-07T16:14:20.959 INFO:teuthology.orchestra.run.smithi063.stdout:/usr/bin/ceph: stderr
2023-12-07T16:14:19.811+0000 7ff2de7fc700 1 -- 172.21.15.63:0/489905985 <== mon.0 v2:172.21.15.63:3300/0 1 ==== mon_map magic: 0 v1 ==== 229+0+0 (secure 0 0 0) 0x7ff2d000b860 con 0x7ff2e0071000
2023-12-07T16:14:20.959 INFO:teuthology.orchestra.run.smithi063.stdout:/usr/bin/ceph: stderr
2023-12-07T16:14:19.811+0000 7ff2de7fc700 1 -- 172.21.15.63:0/489905985 <== mon.0 v2:172.21.15.63:3300/0 2 ==== config(26 keys) v1 ==== 1009+0+0 (secure 0 0 0) 0x7ff2d000be30 con 0x7ff2e0071000
2023-12-07T16:14:20.959 INFO:teuthology.orchestra.run.smithi063.stdout:/usr/bin/ceph: stderr
2023-12-07T16:14:19.811+0000 7ff2de7fc700 1 -- 172.21.15.63:0/489905985 <== mon.0 v2:172.21.15.63:3300/0 3 ==== mon_map magic: 0 v1 ==== 229+0+0 (secure 0 0 0) 0x7ff2d0010380 con 0x7ff2e0071000
2023-12-07T16:14:20.959 INFO:teuthology.orchestra.run.smithi063.stdout:/usr/bin/ceph: stderr
2023-12-07T16:14:19.811+0000 7ff2e5c14700 1 -- 172.21.15.63:0/489905985 >> [v2:172.21.15.63:3300/0,v1:172.21.15.63:6789/0] conn(0x7ff2e0071000 msgr2=0x7ff2e0104ea0 secure :-1 s=STATE_CONNECTION_ESTABLISHED l=1).mark_down
2023-12-07T16:14:20.960 INFO:teuthology.orchestra.run.smithi063.stdout:/usr/bin/ceph: stderr
2023-12-07T16:14:19.811+0000 7ff2e5c14700 1 --2- 172.21.15.63:0/489905985 >> [v2:172.21.15.63:3300/0,v1:172.21.15.63:6789/0] conn(0x7ff2e0071000 0x7ff2e0104ea0 secure :-1 s=READY pgs=22 cs=0 l=1 rev1=1 crypto rx=0x7ff2d00098e0 tx=0x7ff2d0009250 comp rx=0 tx=0).stop
2023-12-07T16:14:20.960 INFO:teuthology.orchestra.run.smithi063.stdout:/usr/bin/ceph: stderr
2023-12-07T16:14:19.812+0000 7ff2e5c14700 1 -- 172.21.15.63:0/489905985 shutdown_connections
