2023-12-07T16:14:31.196+0000 7f90a7f1d700 1 -- 172.21.15.63:0/4110808715 --> [v2:172.21.15.63:3300/0,v1:172.21.15.63:6789/0] -- mon_command({"prefix": "get_command_descriptions"} v 0) v1 -- 0x7f90a004bb80 con 0x7f90a01027b0
2023-12-07T16:14:34.721 INFO:teuthology.orchestra.run.smithi063.stdout:/usr/bin/ceph: stderr
2023-12-07T16:14:31.196+0000 7f90927fc700 1 --2- 172.21.15.63:0/4110808715 >> [v2:172.21.15.63:6800/1052036735,v1:172.21.15.63:6801/1052036735] conn(0x7f908c036640 0x7f908c038af0 unknown :-1 s=NONE pgs=0 cs=0 l=1 rev1=0 crypto rx=0 tx=0 comp rx=0 tx=0).connect
2023-12-07T16:14:34.721 INFO:teuthology.orchestra.run.smithi063.stdout:/usr/bin/ceph: stderr
2023-12-07T16:14:31.196+0000 7f90927fc700 1 -- 172.21.15.63:0/4110808715 <== mon.0 v2:172.21.15.63:3300/0 5 ==== osd_map(2..2 src has 1..2) v4 ==== 936+0+0 (secure 0 0 0) 0x7f909c04acf0 con 0x7f90a01027b0
2023-12-07T16:14:34.721 INFO:teuthology.orchestra.run.smithi063.stdout:/usr/bin/ceph: stderr
2023-12-07T16:14:31.196+0000 7f90a54b8700 1 --2- 172.21.15.63:0/4110808715 >> [v2:172.21.15.63:6800/1052036735,v1:172.21.15.63:6801/1052036735] conn(0x7f908c036640 0x7f908c038af0 unknown :-1 s=BANNER_CONNECTING pgs=0 cs=0 l=1 rev1=0 crypto rx=0 tx=0 comp rx=0 tx=0)._handle_peer_banner_payload supported=3 required=0
2023-12-07T16:14:34.721 INFO:teuthology.orchestra.run.smithi063.stdout:/usr/bin/ceph: stderr
2023-12-07T16:14:31.196+0000 7f90a54b8700 1 --2- 172.21.15.63:0/4110808715 >> [v2:172.21.15.63:6800/1052036735,v1:172.21.15.63:6801/1052036735] conn(0x7f908c036640 0x7f908c038af0 secure :-1 s=READY pgs=9 cs=0 l=1 rev1=1 crypto rx=0x7f9094009990 tx=0x7f9094006e40 comp rx=0 tx=0).ready entity=mgr.14120 client_cookie=0 server_cookie=0 in_seq=0 out_seq=0
2023-12-07T16:14:34.721 INFO:teuthology.orchestra.run.smithi063.stdout:/usr/bin/ceph: stderr
2023-12-07T16:14:31.201+0000 7f90927fc700 1 -- 172.21.15.63:0/4110808715 <== mon.0 v2:172.21.15.63:3300/0 6 ==== mon_command_ack([{"prefix": "get_command_descriptions"}]=0 v0) v1 ==== 72+0+174570 (secure 0 0 0) 0x7f909c010be0 con 0x7f90a01027b0
2023-12-07T16:14:34.722 INFO:teuthology.orchestra.run.smithi063.stdout:/usr/bin/ceph: stderr
2023-12-07T16:14:31.396+0000 7f90a7f1d700 1 -- 172.21.15.63:0/4110808715 --> [v2:172.21.15.63:6800/1052036735,v1:172.21.15.63:6801/1052036735] -- mgr_command(tid 0: {"prefix": "cephadm generate-key", "target": ["mon-mgr", ""]}) v1 -- 0x7f90a00fe3b0 con 0x7f908c036640
2023-12-07T16:14:34.722 INFO:teuthology.orchestra.run.smithi063.stdout:/usr/bin/ceph: stderr
2023-12-07T16:14:31.890+0000 7f90927fc700 1 -- 172.21.15.63:0/4110808715 <== mgr.14120 v2:172.21.15.63:6800/1052036735 1 ==== mgr_command_reply(tid 0: 0 ) v1 ==== 8+0+0 (secure 0 0 0) 0x7f90a00fe3b0 con 0x7f908c036640
2023-12-07T16:14:34.722 INFO:teuthology.orchestra.run.smithi063.stdout:/usr/bin/ceph: stderr
2023-12-07T16:14:31.892+0000 7f90a7f1d700 1 -- 172.21.15.63:0/4110808715 >> [v2:172.21.15.63:6800/1052036735,v1:172.21.15.63:6801/1052036735] conn(0x7f908c036640 msgr2=0x7f908c038af0 secure :-1 s=STATE_CONNECTION_ESTABLISHED l=1).mark_down
2023-12-07T16:14:34.722 INFO:teuthology.orchestra.run.smithi063.stdout:/usr/bin/ceph: stderr
2023-12-07T16:14:31.892+0000 7f90a7f1d700 1 --2- 172.21.15.63:0/4110808715 >> [v2:172.21.15.63:6800/1052036735,v1:172.21.15.63:6801/1052036735] conn(0x7f908c036640 0x7f908c038af0 secure :-1 s=READY pgs=9 cs=0 l=1 rev1=1 crypto rx=0x7f9094009990 tx=0x7f9094006e40 comp rx=0 tx=0).stop
2023-12-07T16:14:34.722 INFO:teuthology.orchestra.run.smithi063.stdout:/usr/bin/ceph: stderr
2023-12-07T16:14:31.892+0000 7f90a7f1d700 1 -- 172.21.15.63:0/4110808715 >> [v2:172.21.15.63:3300/0,v1:172.21.15.63:6789/0] conn(0x7f90a01027b0 msgr2=0x7f90a0111190 secure :-1 s=STATE_CONNECTION_ESTABLISHED l=1).mark_down
2023-12-07T16:14:34.722 INFO:teuthology.orchestra.run.smithi063.stdout:/usr/bin/ceph: stderr
2023-12-07T16:14:31.892+0000 7f90a7f1d700 1 --2- 172.21.15.63:0/4110808715 >> [v2:172.21.15.63:3300/0,v1:172.21.15.63:6789/0] conn(0x7f90a01027b0 0x7f90a0111190 secure :-1 s=READY pgs=42 cs=0 l=1 rev1=1 crypto rx=0x7f909c000c00 tx=0x7f909c009250 comp rx=0 tx=0).stop
2023-12-07T16:14:34.722 INFO:teuthology.orchestra.run.smithi063.stdout:/usr/bin/ceph: stderr
2023-12-07T16:14:31.892+0000 7f90a7f1d700 1 -- 172.21.15.63:0/4110808715 shutdown_connections
2023-12-07T16:14:34.722 INFO:teuthology.orchestra.run.smithi063.stdout:/usr/bin/ceph: stderr
2023-12-07T16:14:31.892+0000 7f90a7f1d700 1 --2- 172.21.15.63:0/4110808715 >> [v2:172.21.15.63:6800/1052036735,v1:172.21.15.63:6801/1052036735] conn(0x7f908c036640 0x7f908c038af0 unknown :-1 s=CLOSED pgs=9 cs=0 l=1 rev1=1 crypto rx=0 tx=0 comp rx=0 tx=0).stop
2023-12-07T16:14:34.722 INFO:teuthology.orchestra.run.smithi063.stdout:/usr/bin/ceph: stderr
2023-12-07T16:14:31.892+0000 7f90a7f1d700 1 --2- 172.21.15.63:0/4110808715 >> [v2:172.21.15.63:3300/0,v1:172.21.15.63:6789/0] conn(0x7f90a01027b0 0x7f90a0111190 unknown :-1 s=CLOSED pgs=42 cs=0 l=1 rev1=1 crypto rx=0 tx=0 comp rx=0 tx=0).stop
2023-12-07T16:14:34.722 INFO:teuthology.orchestra.run.smithi063.stdout:/usr/bin/ceph: stderr
2023-12-07T16:14:31.892+0000 7f90a7f1d700 1 -- 172.21.15.63:0/4110808715 >> 172.21.15.63:0/4110808715 conn(0x7f90a00fc0b0 msgr2=0x7f90a0100cb0 unknown :-1 s=STATE_NONE l=0).mark_down
2023-12-07T16:14:34.722 INFO:teuthology.orchestra.run.smithi063.stdout:/usr/bin/ceph: stderr
2023-12-07T16:14:31.892+0000 7f90a7f1d700 1 -- 172.21.15.63:0/4110808715 shutdown_connections
2023-12-07T16:14:34.722 INFO:teuthology.orchestra.run.smithi063.stdout:/usr/bin/ceph: stderr
2023-12-07T16:14:31.892+0000 7f90a7f1d700 1 -- 172.21.15.63:0/4110808715 wait complete.
2023-12-07T16:14:36.905 INFO:journalctl@ceph.mon.smithi063.smithi063.stdout:Dec 07 16:14:36 smithi063 ceph-mon[112095]: from='client.14138 -' entity='client.admin' cmd=[{"prefix": "cephadm get-pub-key", "target": ["mon-mgr", ""]}]: dispatch
2023-12-07T16:14:38.606 INFO:teuthology.orchestra.run.smithi063.stdout:/usr/bin/ceph: stdout ssh-rsa AAAAB3NzaC1yc2EAAAADAQABAAABgQCrOapwP2GGGnp5m5aLe5ahbVKlxAN9Jg2A1LRQ44Q2itIrlffHP9iN3q/E8c1ADP3B1n1VGvGEs/t3kcjxsNBBmg3MQyjECoIdlOmy9ITtvZZGSb/mIyjIjMEFYkp7NgBV9VsUPeSaCsrw+E16C56mcItfKLXCaOyMkVGnCDgCmou0InBsFdq5yDD9SSm504z62af2Djpf7+BM60upvrV8S9SpKjzqFC5UJXF99+08QpXVG3Fo3YbuAEVNbVhc9CfpVas4/qFLND4FN4303WZXIK8QIok742iJct/30+j1Q/81DLkhrDZf+BUiHmGsLRtFjphngQlkTGFGmsV3VtkmwfuuvCSWGtMZl+6HSG9Vh6aV5tWHjY1UDi7AJV80CObG/UV900/thIDqFAXkPAWfH/bsy3xHkdeGmLyPmDbahvbOt4bJ4u/oWSOysWmpDKos5BDg2y+HKb+0SO/xofh5bY2lQCAxtlFNb3BmGPu43IvQ/RzN0CgL4P2DDEpnv10= ceph-8c493298-951b-11ee-95a2-87774f69a715
2023-12-07T16:14:38.606 INFO:teuthology.orchestra.run.smithi063.stdout:/usr/bin/ceph: stderr
2023-12-07T16:14:36.241+0000 7f6e51266700 1 Processor -- start
2023-12-07T16:14:38.606 INFO:teuthology.orchestra.run.smithi063.stdout:/usr/bin/ceph: stderr
2023-12-07T16:14:36.241+0000 7f6e51266700 1 -- start start
2023-12-07T16:14:38.606 INFO:teuthology.orchestra.run.smithi063.stdout:/usr/bin/ceph: stderr
2023-12-07T16:14:36.241+0000 7f6e51266700 1 --2- >> [v2:172.21.15.63:3300/0,v1:172.21.15.63:6789/0] conn(0x7f6e4c070f80 0x7f6e4c107320 unknown :-1 s=NONE pgs=0 cs=0 l=0 rev1=0 crypto rx=0 tx=0 comp rx=0 tx=0).connect
2023-12-07T16:14:38.606 INFO:teuthology.orchestra.run.smithi063.stdout:/usr/bin/ceph: stderr
2023-12-07T16:14:36.241+0000 7f6e51266700 1 -- --> [v2:172.21.15.63:3300/0,v1:172.21.15.63:6789/0] -- mon_getmap magic: 0 v1 -- 0x7f6e4c102d10 con 0x7f6e4c070f80
2023-12-07T16:14:38.606 INFO:teuthology.orchestra.run.smithi063.stdout:/usr/bin/ceph: stderr
2023-12-07T16:14:36.241+0000 7f6e4affd700 1 --2- >> [v2:172.21.15.63:3300/0,v1:172.21.15.63:6789/0] conn(0x7f6e4c070f80 0x7f6e4c107320 unknown :-1 s=BANNER_CONNECTING pgs=0 cs=0 l=0 rev1=0 crypto rx=0 tx=0 comp rx=0 tx=0)._handle_peer_banner_payload supported=3 required=0
2023-12-07T16:14:38.606 INFO:teuthology.orchestra.run.smithi063.stdout:/usr/bin/ceph: stderr
2023-12-07T16:14:36.241+0000 7f6e4affd700 1 --2- >> [v2:172.21.15.63:3300/0,v1:172.21.15.63:6789/0] conn(0x7f6e4c070f80 0x7f6e4c107320 unknown :-1 s=HELLO_CONNECTING pgs=0 cs=0 l=0 rev1=1 crypto rx=0 tx=0 comp rx=0 tx=0).handle_hello peer v2:172.21.15.63:3300/0 says I am v2:172.21.15.63:44528/0 (socket says 172.21.15.63:44528)
2023-12-07T16:14:38.606 INFO:teuthology.orchestra.run.smithi063.stdout:/usr/bin/ceph: stderr
2023-12-07T16:14:36.241+0000 7f6e4affd700 1 -- 172.21.15.63:0/1296417694 learned_addr learned my addr 172.21.15.63:0/1296417694 (peer_addr_for_me v2:172.21.15.63:0/0)
2023-12-07T16:14:38.606 INFO:teuthology.orchestra.run.smithi063.stdout:/usr/bin/ceph: stderr
2023-12-07T16:14:36.242+0000 7f6e4affd700 1 -- 172.21.15.63:0/1296417694 --> [v2:172.21.15.63:3300/0,v1:172.21.15.63:6789/0] -- mon_subscribe({config=0+,monmap=0+}) v3 -- 0x7f6e4c107860 con 0x7f6e4c070f80
2023-12-07T16:14:38.607 INFO:teuthology.orchestra.run.smithi063.stdout:/usr/bin/ceph: stderr
2023-12-07T16:14:36.242+0000 7f6e4affd700 1 --2- 172.21.15.63:0/1296417694 >> [v2:172.21.15.63:3300/0,v1:172.21.15.63:6789/0] conn(0x7f6e4c070f80 0x7f6e4c107320 secure :-1 s=READY pgs=43 cs=0 l=1 rev1=1 crypto rx=0x7f6e340098e0 tx=0x7f6e34009250 comp rx=0 tx=0).ready entity=mon.0 client_cookie=4e7b603ad1e95928 server_cookie=0 in_seq=0 out_seq=0
2023-12-07T16:14:38.607 INFO:teuthology.orchestra.run.smithi063.stdout:/usr/bin/ceph: stderr
2023-12-07T16:14:36.242+0000 7f6e49ffb700 1 -- 172.21.15.63:0/1296417694 <== mon.0 v2:172.21.15.63:3300/0 1 ==== mon_map magic: 0 v1 ==== 229+0+0 (secure 0 0 0) 0x7f6e3400b860 con 0x7f6e4c070f80
2023-12-07T16:14:38.607 INFO:teuthology.orchestra.run.smithi063.stdout:/usr/bin/ceph: stderr
2023-12-07T16:14:36.242+0000 7f6e49ffb700 1 -- 172.21.15.63:0/1296417694 <== mon.0 v2:172.21.15.63:3300/0 2 ==== config(26 keys) v1 ==== 1009+0+0 (secure 0 0 0) 0x7f6e3400be30 con 0x7f6e4c070f80
2023-12-07T16:14:38.607 INFO:teuthology.orchestra.run.smithi063.stdout:/usr/bin/ceph: stderr
2023-12-07T16:14:36.242+0000 7f6e49ffb700 1 -- 172.21.15.63:0/1296417694 <== mon.0 v2:172.21.15.63:3300/0 3 ==== mon_map magic: 0 v1 ==== 229+0+0 (secure 0 0 0) 0x7f6e34010380 con 0x7f6e4c070f80
2023-12-07T16:14:38.607 INFO:teuthology.orchestra.run.smithi063.stdout:/usr/bin/ceph: stderr
2023-12-07T16:14:36.243+0000 7f6e51266700 1 -- 172.21.15.63:0/1296417694 >> [v2:172.21.15.63:3300/0,v1:172.21.15.63:6789/0] conn(0x7f6e4c070f80 msgr2=0x7f6e4c107320 secure :-1 s=STATE_CONNECTION_ESTABLISHED l=1).mark_down
2023-12-07T16:14:38.607 INFO:teuthology.orchestra.run.smithi063.stdout:/usr/bin/ceph: stderr
2023-12-07T16:14:36.243+0000 7f6e51266700 1 --2- 172.21.15.63:0/1296417694 >> [v2:172.21.15.63:3300/0,v1:172.21.15.63:6789/0] conn(0x7f6e4c070f80 0x7f6e4c107320 secure :-1 s=READY pgs=43 cs=0 l=1 rev1=1 crypto rx=0x7f6e340098e0 tx=0x7f6e34009250 comp rx=0 tx=0).stop
2023-12-07T16:14:38.607 INFO:teuthology.orchestra.run.smithi063.stdout:/usr/bin/ceph: stderr
2023-12-07T16:14:36.243+0000 7f6e51266700 1 -- 172.21.15.63:0/1296417694 shutdown_connections
2023-12-07T16:14:38.607 INFO:teuthology.orchestra.run.smithi063.stdout:/usr/bin/ceph: stderr
2023-12-07T16:14:36.243+0000 7f6e51266700 1 --2- 172.21.15.63:0/1296417694 >> [v2:172.21.15.63:3300/0,v1:172.21.15.63:6789/0] conn(0x7f6e4c070f80 0x7f6e4c107320 unknown :-1 s=CLOSED pgs=43 cs=0 l=1 rev1=1 crypto rx=0 tx=0 comp rx=0 tx=0).stop
2023-12-07T16:14:38.607 INFO:teuthology.orchestra.run.smithi063.stdout:/usr/bin/ceph: stderr
2023-12-07T16:14:36.243+0000 7f6e51266700 1 -- 172.21.15.63:0/1296417694 >> 172.21.15.63:0/1296417694 conn(0x7f6e4c0fc970 msgr2=0x7f6e4c0fed80 unknown :-1 s=STATE_NONE l=0).mark_down
2023-12-07T16:14:38.607 INFO:teuthology.orchestra.run.smithi063.stdout:/usr/bin/ceph: stderr
2023-12-07T16:14:36.243+0000 7f6e51266700 1 -- 172.21.15.63:0/1296417694 shutdown_connections
2023-12-07T16:14:38.607 INFO:teuthology.orchestra.run.smithi063.stdout:/usr/bin/ceph: stderr
2023-12-07T16:14:36.243+0000 7f6e51266700 1 -- 172.21.15.63:0/1296417694 wait complete.
2023-12-07T16:14:38.607 INFO:teuthology.orchestra.run.smithi063.stdout:/usr/bin/ceph: stderr
2023-12-07T16:14:36.243+0000 7f6e51266700 1 Processor -- start
2023-12-07T16:14:38.607 INFO:teuthology.orchestra.run.smithi063.stdout:/usr/bin/ceph: stderr
2023-12-07T16:14:36.243+0000 7f6e51266700 1 -- start start
2023-12-07T16:14:38.607 INFO:teuthology.orchestra.run.smithi063.stdout:/usr/bin/ceph: stderr
2023-12-07T16:14:36.244+0000 7f6e51266700 1 --2- >> [v2:172.21.15.63:3300/0,v1:172.21.15.63:6789/0] conn(0x7f6e4c070f80 0x7f6e4c113380 unknown :-1 s=NONE pgs=0 cs=0 l=1 rev1=0 crypto rx=0 tx=0 comp rx=0 tx=0).connect
2023-12-07T16:14:38.608 INFO:teuthology.orchestra.run.smithi063.stdout:/usr/bin/ceph: stderr
2023-12-07T16:14:36.244+0000 7f6e51266700 1 -- --> [v2:172.21.15.63:3300/0,v1:172.21.15.63:6789/0] -- mon_getmap magic: 0 v1 -- 0x7f6e4c1138c0 con 0x7f6e4c070f80
2023-12-07T16:14:38.608 INFO:teuthology.orchestra.run.smithi063.stdout:/usr/bin/ceph: stderr
2023-12-07T16:14:36.244+0000 7f6e4affd700 1 --2- >> [v2:172.21.15.63:3300/0,v1:172.21.15.63:6789/0] conn(0x7f6e4c070f80 0x7f6e4c113380 unknown :-1 s=BANNER_CONNECTING pgs=0 cs=0 l=1 rev1=0 crypto rx=0 tx=0 comp rx=0 tx=0)._handle_peer_banner_payload supported=3 required=0
2023-12-07T16:14:38.608 INFO:teuthology.orchestra.run.smithi063.stdout:/usr/bin/ceph: stderr
2023-12-07T16:14:36.244+0000 7f6e4affd700 1 --2- >> [v2:172.21.15.63:3300/0,v1:172.21.15.63:6789/0] conn(0x7f6e4c070f80 0x7f6e4c113380 unknown :-1 s=HELLO_CONNECTING pgs=0 cs=0 l=1 rev1=1 crypto rx=0 tx=0 comp rx=0 tx=0).handle_hello peer v2:172.21.15.63:3300/0 says I am v2:172.21.15.63:44532/0 (socket says 172.21.15.63:44532)
2023-12-07T16:14:38.608 INFO:teuthology.orchestra.run.smithi063.stdout:/usr/bin/ceph: stderr
2023-12-07T16:14:36.244+0000 7f6e4affd700 1 -- 172.21.15.63:0/3475931367 learned_addr learned my addr 172.21.15.63:0/3475931367 (peer_addr_for_me v2:172.21.15.63:0/0)
2023-12-07T16:14:38.608 INFO:teuthology.orchestra.run.smithi063.stdout:/usr/bin/ceph: stderr
2023-12-07T16:14:36.244+0000 7f6e4affd700 1 -- 172.21.15.63:0/3475931367 --> [v2:172.21.15.63:3300/0,v1:172.21.15.63:6789/0] -- mon_subscribe({config=0+,monmap=0+}) v3 -- 0x7f6e340094f0 con 0x7f6e4c070f80
2023-12-07T16:14:38.608 INFO:teuthology.orchestra.run.smithi063.stdout:/usr/bin/ceph: stderr
2023-12-07T16:14:36.244+0000 7f6e4affd700 1 --2- 172.21.15.63:0/3475931367 >> [v2:172.21.15.63:3300/0,v1:172.21.15.63:6789/0] conn(0x7f6e4c070f80 0x7f6e4c113380 secure :-1 s=READY pgs=44 cs=0 l=1 rev1=1 crypto rx=0x7f6e34006b00 tx=0x7f6e34009250 comp rx=0 tx=0).ready entity=mon.0 client_cookie=0 server_cookie=0 in_seq=0 out_seq=0
2023-12-07T16:14:38.608 INFO:teuthology.orchestra.run.smithi063.stdout:/usr/bin/ceph: stderr
2023-12-07T16:14:36.244+0000 7f6e437fe700 1 -- 172.21.15.63:0/3475931367 <== mon.0 v2:172.21.15.63:3300/0 1 ==== mon_map magic: 0 v1 ==== 229+0+0 (secure 0 0 0) 0x7f6e34010a80 con 0x7f6e4c070f80
2023-12-07T16:14:38.608 INFO:teuthology.orchestra.run.smithi063.stdout:/usr/bin/ceph: stderr
2023-12-07T16:14:36.244+0000 7f6e437fe700 1 -- 172.21.15.63:0/3475931367 <== mon.0 v2:172.21.15.63:3300/0 2 ==== config(26 keys) v1 ==== 1009+0+0 (secure 0 0 0) 0x7f6e3401a430 con 0x7f6e4c070f80
2023-12-07T16:14:38.608 INFO:teuthology.orchestra.run.smithi063.stdout:/usr/bin/ceph: stderr
2023-12-07T16:14:36.244+0000 7f6e51266700 1 -- 172.21.15.63:0/3475931367 --> [v2:172.21.15.63:3300/0,v1:172.21.15.63:6789/0] -- mon_subscribe({mgrmap=0+}) v3 -- 0x7f6e4c113ac0 con 0x7f6e4c070f80
2023-12-07T16:14:38.608 INFO:teuthology.orchestra.run.smithi063.stdout:/usr/bin/ceph: stderr
2023-12-07T16:14:36.244+0000 7f6e437fe700 1 -- 172.21.15.63:0/3475931367 <== mon.0 v2:172.21.15.63:3300/0 3 ==== mon_map magic: 0 v1 ==== 229+0+0 (secure 0 0 0) 0x7f6e340245b0 con 0x7f6e4c070f80
2023-12-07T16:14:38.608 INFO:teuthology.orchestra.run.smithi063.stdout:/usr/bin/ceph: stderr
2023-12-07T16:14:36.244+0000 7f6e51266700 1 -- 172.21.15.63:0/3475931367 --> [v2:172.21.15.63:3300/0,v1:172.21.15.63:6789/0] -- mon_subscribe({osdmap=0}) v3 -- 0x7f6e4c113ed0 con 0x7f6e4c070f80
2023-12-07T16:14:38.608 INFO:teuthology.orchestra.run.smithi063.stdout:/usr/bin/ceph: stderr
2023-12-07T16:14:36.245+0000 7f6e437fe700 1 -- 172.21.15.63:0/3475931367 <== mon.0 v2:172.21.15.63:3300/0 4 ==== mgrmap(e 8) v1 ==== 43281+0+0 (secure 0 0 0) 0x7f6e34010be0 con 0x7f6e4c070f80
2023-12-07T16:14:38.608 INFO:teuthology.orchestra.run.smithi063.stdout:/usr/bin/ceph: stderr
2023-12-07T16:14:36.245+0000 7f6e437fe700 1 --2- 172.21.15.63:0/3475931367 >> [v2:172.21.15.63:6800/1052036735,v1:172.21.15.63:6801/1052036735] conn(0x7f6e38036640 0x7f6e38038af0 unknown :-1 s=NONE pgs=0 cs=0 l=1 rev1=0 crypto rx=0 tx=0 comp rx=0 tx=0).connect
2023-12-07T16:14:38.608 INFO:teuthology.orchestra.run.smithi063.stdout:/usr/bin/ceph: stderr
2023-12-07T16:14:36.245+0000 7f6e51266700 1 -- 172.21.15.63:0/3475931367 --> [v2:172.21.15.63:3300/0,v1:172.21.15.63:6789/0] -- mon_command({"prefix": "get_command_descriptions"} v 0) v1 -- 0x7f6e4c04bb80 con 0x7f6e4c070f80
2023-12-07T16:14:38.609 INFO:teuthology.orchestra.run.smithi063.stdout:/usr/bin/ceph: stderr
2023-12-07T16:14:36.246+0000 7f6e437fe700 1 -- 172.21.15.63:0/3475931367 <== mon.0 v2:172.21.15.63:3300/0 5 ==== osd_map(2..2 src has 1..2) v4 ==== 936+0+0 (secure 0 0 0) 0x7f6e3404aad0 con 0x7f6e4c070f80
2023-12-07T16:14:38.609 INFO:teuthology.orchestra.run.smithi063.stdout:/usr/bin/ceph: stderr
2023-12-07T16:14:36.246+0000 7f6e4a7fc700 1 --2- 172.21.15.63:0/3475931367 >> [v2:172.21.15.63:6800/1052036735,v1:172.21.15.63:6801/1052036735] conn(0x7f6e38036640 0x7f6e38038af0 unknown :-1 s=BANNER_CONNECTING pgs=0 cs=0 l=1 rev1=0 crypto rx=0 tx=0 comp rx=0 tx=0)._handle_peer_banner_payload supported=3 required=0
2023-12-07T16:14:38.609 INFO:teuthology.orchestra.run.smithi063.stdout:/usr/bin/ceph: stderr
2023-12-07T16:14:36.246+0000 7f6e4a7fc700 1 --2- 172.21.15.63:0/3475931367 >> [v2:172.21.15.63:6800/1052036735,v1:172.21.15.63:6801/1052036735] conn(0x7f6e38036640 0x7f6e38038af0 secure :-1 s=READY pgs=10 cs=0 l=1 rev1=1 crypto rx=0x7f6e3c009990 tx=0x7f6e3c006e40 comp rx=0 tx=0).ready entity=mgr.14120 client_cookie=0 server_cookie=0 in_seq=0 out_seq=0
2023-12-07T16:14:38.609 INFO:teuthology.orchestra.run.smithi063.stdout:/usr/bin/ceph: stderr
2023-12-07T16:14:36.251+0000 7f6e437fe700 1 -- 172.21.15.63:0/3475931367 <== mon.0 v2:172.21.15.63:3300/0 6 ==== mon_command_ack([{"prefix": "get_command_descriptions"}]=0 v0) v1 ==== 72+0+174570 (secure 0 0 0) 0x7f6e340239e0 con 0x7f6e4c070f80
2023-12-07T16:14:38.609 INFO:teuthology.orchestra.run.smithi063.stdout:/usr/bin/ceph: stderr
2023-12-07T16:14:36.446+0000 7f6e51266700 1 -- 172.21.15.63:0/3475931367 --> [v2:172.21.15.63:6800/1052036735,v1:172.21.15.63:6801/1052036735] -- mgr_command(tid 0: {"prefix": "cephadm get-pub-key", "target": ["mon-mgr", ""]}) v1 -- 0x7f6e4c10d1b0 con 0x7f6e38036640
2023-12-07T16:14:38.609 INFO:teuthology.orchestra.run.smithi063.stdout:/usr/bin/ceph: stderr
2023-12-07T16:14:36.447+0000 7f6e437fe700 1 -- 172.21.15.63:0/3475931367 <== mgr.14120 v2:172.21.15.63:6800/1052036735 1 ==== mgr_command_reply(tid 0: 0 ) v1 ==== 8+0+595 (secure 0 0 0) 0x7f6e4c10d1b0 con 0x7f6e38036640
2023-12-07T16:14:38.609 INFO:teuthology.orchestra.run.smithi063.stdout:/usr/bin/ceph: stderr
2023-12-07T16:14:36.449+0000 7f6e51266700 1 -- 172.21.15.63:0/3475931367 >> [v2:172.21.15.63:6800/1052036735,v1:172.21.15.63:6801/1052036735] conn(0x7f6e38036640 msgr2=0x7f6e38038af0 secure :-1 s=STATE_CONNECTION_ESTABLISHED l=1).mark_down
2023-12-07T16:14:38.609 INFO:teuthology.orchestra.run.smithi063.stdout:/usr/bin/ceph: stderr
2023-12-07T16:14:36.449+0000 7f6e51266700 1 --2- 172.21.15.63:0/3475931367 >> [v2:172.21.15.63:6800/1052036735,v1:172.21.15.63:6801/1052036735] conn(0x7f6e38036640 0x7f6e38038af0 secure :-1 s=READY pgs=10 cs=0 l=1 rev1=1 crypto rx=0x7f6e3c009990 tx=0x7f6e3c006e40 comp rx=0 tx=0).stop
2023-12-07T16:14:38.609 INFO:teuthology.orchestra.run.smithi063.stdout:/usr/bin/ceph: stderr
2023-12-07T16:14:36.449+0000 7f6e51266700 1 -- 172.21.15.63:0/3475931367 >> [v2:172.21.15.63:3300/0,v1:172.21.15.63:6789/0] conn(0x7f6e4c070f80 msgr2=0x7f6e4c113380 secure :-1 s=STATE_CONNECTION_ESTABLISHED l=1).mark_down
2023-12-07T16:14:38.609 INFO:teuthology.orchestra.run.smithi063.stdout:/usr/bin/ceph: stderr
2023-12-07T16:14:36.449+0000 7f6e51266700 1 --2- 172.21.15.63:0/3475931367 >> [v2:172.21.15.63:3300/0,v1:172.21.15.63:6789/0] conn(0x7f6e4c070f80 0x7f6e4c113380 secure :-1 s=READY pgs=44 cs=0 l=1 rev1=1 crypto rx=0x7f6e34006b00 tx=0x7f6e34009250 comp rx=0 tx=0).stop
2023-12-07T16:14:38.609 INFO:teuthology.orchestra.run.smithi063.stdout:/usr/bin/ceph: stderr
2023-12-07T16:14:36.449+0000 7f6e51266700 1 -- 172.21.15.63:0/3475931367 shutdown_connections
2023-12-07T16:14:38.609 INFO:teuthology.orchestra.run.smithi063.stdout:/usr/bin/ceph: stderr
2023-12-07T16:14:36.449+0000 7f6e51266700 1 --2- 172.21.15.63:0/3475931367 >> [v2:172.21.15.63:6800/1052036735,v1:172.21.15.63:6801/1052036735] conn(0x7f6e38036640 0x7f6e38038af0 unknown :-1 s=CLOSED pgs=10 cs=0 l=1 rev1=1 crypto rx=0 tx=0 comp rx=0 tx=0).stop
2023-12-07T16:14:38.609 INFO:teuthology.orchestra.run.smithi063.stdout:/usr/bin/ceph: stderr
2023-12-07T16:14:36.449+0000 7f6e51266700 1 --2- 172.21.15.63:0/3475931367 >> [v2:172.21.15.63:3300/0,v1:172.21.15.63:6789/0] conn(0x7f6e4c070f80 0x7f6e4c113380 unknown :-1 s=CLOSED pgs=44 cs=0 l=1 rev1=1 crypto rx=0 tx=0 comp rx=0 tx=0).stop
2023-12-07T16:14:38.609 INFO:teuthology.orchestra.run.smithi063.stdout:/usr/bin/ceph: stderr
2023-12-07T16:14:36.449+0000 7f6e51266700 1 -- 172.21.15.63:0/3475931367 >> 172.21.15.63:0/3475931367 conn(0x7f6e4c0fc970 msgr2=0x7f6e4c0fe1d0 unknown :-1 s=STATE_NONE l=0).mark_down
2023-12-07T16:14:38.610 INFO:teuthology.orchestra.run.smithi063.stdout:/usr/bin/ceph: stderr
2023-12-07T16:14:36.449+0000 7f6e51266700 1 -- 172.21.15.63:0/3475931367 shutdown_connections
2023-12-07T16:14:38.610 INFO:teuthology.orchestra.run.smithi063.stdout:/usr/bin/ceph: stderr
2023-12-07T16:14:36.449+0000 7f6e51266700 1 -- 172.21.15.63:0/3475931367 wait complete.
2023-12-07T16:14:38.610 INFO:teuthology.orchestra.run.smithi063.stdout:Wrote public SSH key to /home/ubuntu/cephtest/ceph.pub
2023-12-07T16:14:38.610 INFO:teuthology.orchestra.run.smithi063.stdout:Adding key to root@localhost authorized_keys...
2023-12-07T16:14:38.610 INFO:teuthology.orchestra.run.smithi063.stdout:Adding host smithi063...
2023-12-07T16:14:40.905 INFO:journalctl@ceph.mon.smithi063.smithi063.stdout:Dec 07 16:14:40 smithi063 ceph-mon[112095]: from='client.14140 -' entity='client.admin' cmd=[{"prefix": "orch host add", "hostname": "smithi063", "addr": "172.21.15.63", "target": ["mon-mgr", ""]}]: dispatch
2023-12-07T16:14:40.905 INFO:journalctl@ceph.mon.smithi063.smithi063.stdout:Dec 07 16:14:40 smithi063 ceph-mon[112095]: Deploying cephadm binary to smithi063
2023-12-07T16:14:41.895 INFO:teuthology.orchestra.run.smithi063.stdout:/usr/bin/ceph: stdout Added host 'smithi063' with addr '172.21.15.63'
2023-12-07T16:14:41.895 INFO:teuthology.orchestra.run.smithi063.stdout:/usr/bin/ceph: stderr
2023-12-07T16:14:39.557+0000 7f2d28050700 1 Processor -- start
2023-12-07T16:14:41.895 INFO:teuthology.orchestra.run.smithi063.stdout:/usr/bin/ceph: stderr
2023-12-07T16:14:39.557+0000 7f2d28050700 1 -- start start
2023-12-07T16:14:41.895 INFO:teuthology.orchestra.run.smithi063.stdout:/usr/bin/ceph: stderr
2023-12-07T16:14:39.557+0000 7f2d28050700 1 --2- >> [v2:172.21.15.63:3300/0,v1:172.21.15.63:6789/0] conn(0x7f2d20071000 0x7f2d20104ea0 unknown :-1 s=NONE pgs=0 cs=0 l=0 rev1=0 crypto rx=0 tx=0 comp rx=0 tx=0).connect
2023-12-07T16:14:41.896 INFO:teuthology.orchestra.run.smithi063.stdout:/usr/bin/ceph: stderr
2023-12-07T16:14:39.557+0000 7f2d28050700 1 -- --> [v2:172.21.15.63:3300/0,v1:172.21.15.63:6789/0] -- mon_getmap magic: 0 v1 -- 0x7f2d201053e0 con 0x7f2d20071000
2023-12-07T16:14:41.896 INFO:teuthology.orchestra.run.smithi063.stdout:/usr/bin/ceph: stderr
2023-12-07T16:14:39.557+0000 7f2d25dec700 1 --2- >> [v2:172.21.15.63:3300/0,v1:172.21.15.63:6789/0] conn(0x7f2d20071000 0x7f2d20104ea0 unknown :-1 s=BANNER_CONNECTING pgs=0 cs=0 l=0 rev1=0 crypto rx=0 tx=0 comp rx=0 tx=0)._handle_peer_banner_payload supported=3 required=0
2023-12-07T16:14:41.896 INFO:teuthology.orchestra.run.smithi063.stdout:/usr/bin/ceph: stderr
2023-12-07T16:14:39.557+0000 7f2d25dec700 1 --2- >> [v2:172.21.15.63:3300/0,v1:172.21.15.63:6789/0] conn(0x7f2d20071000 0x7f2d20104ea0 unknown :-1 s=HELLO_CONNECTING pgs=0 cs=0 l=0 rev1=1 crypto rx=0 tx=0 comp rx=0 tx=0).handle_hello peer v2:172.21.15.63:3300/0 says I am v2:172.21.15.63:55220/0 (socket says 172.21.15.63:55220)
2023-12-07T16:14:41.896 INFO:teuthology.orchestra.run.smithi063.stdout:/usr/bin/ceph: stderr
2023-12-07T16:14:39.557+0000 7f2d25dec700 1 -- 172.21.15.63:0/751458672 learned_addr learned my addr 172.21.15.63:0/751458672 (peer_addr_for_me v2:172.21.15.63:0/0)
2023-12-07T16:14:41.896 INFO:teuthology.orchestra.run.smithi063.stdout:/usr/bin/ceph: stderr
2023-12-07T16:14:39.558+0000 7f2d25dec700 1 -- 172.21.15.63:0/751458672 --> [v2:172.21.15.63:3300/0,v1:172.21.15.63:6789/0] -- mon_subscribe({config=0+,monmap=0+}) v3 -- 0x7f2d20105520 con 0x7f2d20071000
2023-12-07T16:14:41.896 INFO:teuthology.orchestra.run.smithi063.stdout:/usr/bin/ceph: stderr
2023-12-07T16:14:39.558+0000 7f2d25dec700 1 --2- 172.21.15.63:0/751458672 >> [v2:172.21.15.63:3300/0,v1:172.21.15.63:6789/0] conn(0x7f2d20071000 0x7f2d20104ea0 secure :-1 s=READY pgs=45 cs=0 l=1 rev1=1 crypto rx=0x7f2d1c0098e0 tx=0x7f2d1c009250 comp rx=0 tx=0).ready entity=mon.0 client_cookie=335290a015e06631 server_cookie=0 in_seq=0 out_seq=0
2023-12-07T16:14:41.896 INFO:teuthology.orchestra.run.smithi063.stdout:/usr/bin/ceph: stderr
2023-12-07T16:14:39.558+0000 7f2d24dea700 1 -- 172.21.15.63:0/751458672 <== mon.0 v2:172.21.15.63:3300/0 1 ==== mon_map magic: 0 v1 ==== 229+0+0 (secure 0 0 0) 0x7f2d1c00b860 con 0x7f2d20071000
2023-12-07T16:14:41.896 INFO:teuthology.orchestra.run.smithi063.stdout:/usr/bin/ceph: stderr
2023-12-07T16:14:39.558+0000 7f2d24dea700 1 -- 172.21.15.63:0/751458672 <== mon.0 v2:172.21.15.63:3300/0 2 ==== config(26 keys) v1 ==== 1009+0+0 (secure 0 0 0) 0x7f2d1c00be30 con 0x7f2d20071000
2023-12-07T16:14:41.896 INFO:teuthology.orchestra.run.smithi063.stdout:/usr/bin/ceph: stderr
2023-12-07T16:14:39.558+0000 7f2d24dea700 1 -- 172.21.15.63:0/751458672 <== mon.0 v2:172.21.15.63:3300/0 3 ==== mon_map magic: 0 v1 ==== 229+0+0 (secure 0 0 0) 0x7f2d1c010380 con 0x7f2d20071000
2023-12-07T16:14:41.896 INFO:teuthology.orchestra.run.smithi063.stdout:/usr/bin/ceph: stderr
2023-12-07T16:14:39.559+0000 7f2d28050700 1 -- 172.21.15.63:0/751458672 >> [v2:172.21.15.63:3300/0,v1:172.21.15.63:6789/0] conn(0x7f2d20071000 msgr2=0x7f2d20104ea0 secure :-1 s=STATE_CONNECTION_ESTABLISHED l=1).mark_down
2023-12-07T16:14:41.896 INFO:teuthology.orchestra.run.smithi063.stdout:/usr/bin/ceph: stderr
2023-12-07T16:14:39.559+0000 7f2d28050700 1 --2- 172.21.15.63:0/751458672 >> [v2:172.21.15.63:3300/0,v1:172.21.15.63:6789/0] conn(0x7f2d20071000 0x7f2d20104ea0 secure :-1 s=READY pgs=45 cs=0 l=1 rev1=1 crypto rx=0x7f2d1c0098e0 tx=0x7f2d1c009250 comp rx=0 tx=0).stop
2023-12-07T16:14:41.896 INFO:teuthology.orchestra.run.smithi063.stdout:/usr/bin/ceph: stderr
2023-12-07T16:14:39.559+0000 7f2d28050700 1 -- 172.21.15.63:0/751458672 shutdown_connections
2023-12-07T16:14:41.896 INFO:teuthology.orchestra.run.smithi063.stdout:/usr/bin/ceph: stderr
2023-12-07T16:14:39.559+0000 7f2d28050700 1 --2- 172.21.15.63:0/751458672 >> [v2:172.21.15.63:3300/0,v1:172.21.15.63:6789/0] conn(0x7f2d20071000 0x7f2d20104ea0 unknown :-1 s=CLOSED pgs=45 cs=0 l=1 rev1=1 crypto rx=0 tx=0 comp rx=0 tx=0).stop
2023-12-07T16:14:41.896 INFO:teuthology.orchestra.run.smithi063.stdout:/usr/bin/ceph: stderr
2023-12-07T16:14:39.559+0000 7f2d28050700 1 -- 172.21.15.63:0/751458672 >> 172.21.15.63:0/751458672 conn(0x7f2d200fc970 msgr2=0x7f2d200fed80 unknown :-1 s=STATE_NONE l=0).mark_down
2023-12-07T16:14:41.896 INFO:teuthology.orchestra.run.smithi063.stdout:/usr/bin/ceph: stderr
2023-12-07T16:14:39.559+0000 7f2d28050700 1 -- 172.21.15.63:0/751458672 shutdown_connections
2023-12-07T16:14:41.897 INFO:teuthology.orchestra.run.smithi063.stdout:/usr/bin/ceph: stderr
2023-12-07T16:14:39.559+0000 7f2d28050700 1 -- 172.21.15.63:0/751458672 wait complete.
2023-12-07T16:14:41.897 INFO:teuthology.orchestra.run.smithi063.stdout:/usr/bin/ceph: stderr
2023-12-07T16:14:39.559+0000 7f2d28050700 1 Processor -- start
2023-12-07T16:14:41.897 INFO:teuthology.orchestra.run.smithi063.stdout:/usr/bin/ceph: stderr
2023-12-07T16:14:39.559+0000 7f2d28050700 1 -- start start
2023-12-07T16:14:41.897 INFO:teuthology.orchestra.run.smithi063.stdout:/usr/bin/ceph: stderr
2023-12-07T16:14:39.559+0000 7f2d28050700 1 --2- >> [v2:172.21.15.63:3300/0,v1:172.21.15.63:6789/0] conn(0x7f2d20071000 0x7f2d20102920 unknown :-1 s=NONE pgs=0 cs=0 l=1 rev1=0 crypto rx=0 tx=0 comp rx=0 tx=0).connect
2023-12-07T16:14:41.897 INFO:teuthology.orchestra.run.smithi063.stdout:/usr/bin/ceph: stderr
2023-12-07T16:14:39.559+0000 7f2d28050700 1 -- --> [v2:172.21.15.63:3300/0,v1:172.21.15.63:6789/0] -- mon_getmap magic: 0 v1 -- 0x7f2d20100da0 con 0x7f2d20071000
2023-12-07T16:14:41.897 INFO:teuthology.orchestra.run.smithi063.stdout:/usr/bin/ceph: stderr
2023-12-07T16:14:39.560+0000 7f2d25dec700 1 --2- >> [v2:172.21.15.63:3300/0,v1:172.21.15.63:6789/0] conn(0x7f2d20071000 0x7f2d20102920 unknown :-1 s=BANNER_CONNECTING pgs=0 cs=0 l=1 rev1=0 crypto rx=0 tx=0 comp rx=0 tx=0)._handle_peer_banner_payload supported=3 required=0
2023-12-07T16:14:41.897 INFO:teuthology.orchestra.run.smithi063.stdout:/usr/bin/ceph: stderr
2023-12-07T16:14:39.560+0000 7f2d25dec700 1 --2- >> [v2:172.21.15.63:3300/0,v1:172.21.15.63:6789/0] conn(0x7f2d20071000 0x7f2d20102920 unknown :-1 s=HELLO_CONNECTING pgs=0 cs=0 l=1 rev1=1 crypto rx=0 tx=0 comp rx=0 tx=0).handle_hello peer v2:172.21.15.63:3300/0 says I am v2:172.21.15.63:55230/0 (socket says 172.21.15.63:55230)
2023-12-07T16:14:41.897 INFO:teuthology.orchestra.run.smithi063.stdout:/usr/bin/ceph: stderr
2023-12-07T16:14:39.560+0000 7f2d25dec700 1 -- 172.21.15.63:0/382445712 learned_addr learned my addr 172.21.15.63:0/382445712 (peer_addr_for_me v2:172.21.15.63:0/0)
2023-12-07T16:14:41.897 INFO:teuthology.orchestra.run.smithi063.stdout:/usr/bin/ceph: stderr
2023-12-07T16:14:39.560+0000 7f2d25dec700 1 -- 172.21.15.63:0/382445712 --> [v2:172.21.15.63:3300/0,v1:172.21.15.63:6789/0] -- mon_subscribe({config=0+,monmap=0+}) v3 -- 0x7f2d1c0094f0 con 0x7f2d20071000
2023-12-07T16:14:41.897 INFO:teuthology.orchestra.run.smithi063.stdout:/usr/bin/ceph: stderr
2023-12-07T16:14:39.560+0000 7f2d25dec700 1 --2- 172.21.15.63:0/382445712 >> [v2:172.21.15.63:3300/0,v1:172.21.15.63:6789/0] conn(0x7f2d20071000 0x7f2d20102920 secure :-1 s=READY pgs=46 cs=0 l=1 rev1=1 crypto rx=0x7f2d1c006d40 tx=0x7f2d1c009250 comp rx=0 tx=0).ready entity=mon.0 client_cookie=0 server_cookie=0 in_seq=0 out_seq=0
2023-12-07T16:14:41.897 INFO:teuthology.orchestra.run.smithi063.stdout:/usr/bin/ceph: stderr
2023-12-07T16:14:39.560+0000 7f2d127fc700 1 -- 172.21.15.63:0/382445712 <== mon.0 v2:172.21.15.63:3300/0 1 ==== mon_map magic: 0 v1 ==== 229+0+0 (secure 0 0 0) 0x7f2d1c0109b0 con 0x7f2d20071000
2023-12-07T16:14:41.897 INFO:teuthology.orchestra.run.smithi063.stdout:/usr/bin/ceph: stderr
2023-12-07T16:14:39.560+0000 7f2d127fc700 1 -- 172.21.15.63:0/382445712 <== mon.0 v2:172.21.15.63:3300/0 2 ==== config(26 keys) v1 ==== 1009+0+0 (secure 0 0 0) 0x7f2d1c024440 con 0x7f2d20071000
2023-12-07T16:14:41.897 INFO:teuthology.orchestra.run.smithi063.stdout:/usr/bin/ceph: stderr
2023-12-07T16:14:39.560+0000 7f2d28050700 1 -- 172.21.15.63:0/382445712 --> [v2:172.21.15.63:3300/0,v1:172.21.15.63:6789/0] -- mon_subscribe({mgrmap=0+}) v3 -- 0x7f2d20100fa0 con 0x7f2d20071000
2023-12-07T16:14:41.897 INFO:teuthology.orchestra.run.smithi063.stdout:/usr/bin/ceph: stderr
2023-12-07T16:14:39.560+0000 7f2d127fc700 1 -- 172.21.15.63:0/382445712 <== mon.0 v2:172.21.15.63:3300/0 3 ==== mon_map magic: 0 v1 ==== 229+0+0 (secure 0 0 0) 0x7f2d1c01a5f0 con 0x7f2d20071000
2023-12-07T16:14:41.897 INFO:teuthology.orchestra.run.smithi063.stdout:/usr/bin/ceph: stderr
2023-12-07T16:14:39.560+0000 7f2d28050700 1 -- 172.21.15.63:0/382445712 --> [v2:172.21.15.63:3300/0,v1:172.21.15.63:6789/0] -- mon_subscribe({osdmap=0}) v3 -- 0x7f2d201013b0 con 0x7f2d20071000
2023-12-07T16:14:41.897 INFO:teuthology.orchestra.run.smithi063.stdout:/usr/bin/ceph: stderr
2023-12-07T16:14:39.561+0000 7f2d127fc700 1 -- 172.21.15.63:0/382445712 <== mon.0 v2:172.21.15.63:3300/0 4 ==== mgrmap(e 8) v1 ==== 43281+0+0 (secure 0 0 0) 0x7f2d1c01a820 con 0x7f2d20071000
2023-12-07T16:14:41.898 INFO:teuthology.orchestra.run.smithi063.stdout:/usr/bin/ceph: stderr
2023-12-07T16:14:39.561+0000 7f2d127fc700 1 --2- 172.21.15.63:0/382445712 >> [v2:172.21.15.63:6800/1052036735,v1:172.21.15.63:6801/1052036735] conn(0x7f2d0c036640 0x7f2d0c038af0 unknown :-1 s=NONE pgs=0 cs=0 l=1 rev1=0 crypto rx=0 tx=0 comp rx=0 tx=0).connect
2023-12-07T16:14:41.898 INFO:teuthology.orchestra.run.smithi063.stdout:/usr/bin/ceph: stderr
2023-12-07T16:14:39.561+0000 7f2d28050700 1 -- 172.21.15.63:0/382445712 --> [v2:172.21.15.63:3300/0,v1:172.21.15.63:6789/0] -- mon_command({"prefix": "get_command_descriptions"} v 0) v1 -- 0x7f2d2004bb80 con 0x7f2d20071000
2023-12-07T16:14:41.898 INFO:teuthology.orchestra.run.smithi063.stdout:/usr/bin/ceph: stderr
2023-12-07T16:14:39.561+0000 7f2d127fc700 1 -- 172.21.15.63:0/382445712 <== mon.0 v2:172.21.15.63:3300/0 5 ==== osd_map(2..2 src has 1..2) v4 ==== 936+0+0 (secure 0 0 0) 0x7f2d1c04a550 con 0x7f2d20071000
2023-12-07T16:14:41.898 INFO:teuthology.orchestra.run.smithi063.stdout:/usr/bin/ceph: stderr
2023-12-07T16:14:39.561+0000 7f2d255eb700 1 --2- 172.21.15.63:0/382445712 >> [v2:172.21.15.63:6800/1052036735,v1:172.21.15.63:6801/1052036735] conn(0x7f2d0c036640 0x7f2d0c038af0 unknown :-1 s=BANNER_CONNECTING pgs=0 cs=0 l=1 rev1=0 crypto rx=0 tx=0 comp rx=0 tx=0)._handle_peer_banner_payload supported=3 required=0
2023-12-07T16:14:41.898 INFO:teuthology.orchestra.run.smithi063.stdout:/usr/bin/ceph: stderr
2023-12-07T16:14:39.562+0000 7f2d255eb700 1 --2- 172.21.15.63:0/382445712 >> [v2:172.21.15.63:6800/1052036735,v1:172.21.15.63:6801/1052036735] conn(0x7f2d0c036640 0x7f2d0c038af0 secure :-1 s=READY pgs=11 cs=0 l=1 rev1=1 crypto rx=0x7f2d14009990 tx=0x7f2d14006e40 comp rx=0 tx=0).ready entity=mgr.14120 client_cookie=0 server_cookie=0 in_seq=0 out_seq=0
2023-12-07T16:14:41.898 INFO:teuthology.orchestra.run.smithi063.stdout:/usr/bin/ceph: stderr
2023-12-07T16:14:39.566+0000 7f2d127fc700 1 -- 172.21.15.63:0/382445712 <== mon.0 v2:172.21.15.63:3300/0 6 ==== mon_command_ack([{"prefix": "get_command_descriptions"}]=0 v0) v1 ==== 72+0+174570 (secure 0 0 0) 0x7f2d1c01aad0 con 0x7f2d20071000
2023-12-07T16:14:41.898 INFO:teuthology.orchestra.run.smithi063.stdout:/usr/bin/ceph: stderr
2023-12-07T16:14:39.762+0000 7f2d28050700 1 -- 172.21.15.63:0/382445712 --> [v2:172.21.15.63:6800/1052036735,v1:172.21.15.63:6801/1052036735] -- mgr_command(tid 0: {"prefix": "orch host add", "hostname": "smithi063", "addr": "172.21.15.63", "target": ["mon-mgr", ""]}) v1 -- 0x7f2d2010adb0 con 0x7f2d0c036640
2023-12-07T16:14:41.898 INFO:teuthology.orchestra.run.smithi063.stdout:/usr/bin/ceph: stderr
2023-12-07T16:14:41.544+0000 7f2d127fc700 1 -- 172.21.15.63:0/382445712 <== mgr.14120 v2:172.21.15.63:6800/1052036735 1 ==== mgr_command_reply(tid 0: 0 ) v1 ==== 8+0+48 (secure 0 0 0) 0x7f2d2010adb0 con 0x7f2d0c036640
2023-12-07T16:14:41.898 INFO:teuthology.orchestra.run.smithi063.stdout:/usr/bin/ceph: stderr
2023-12-07T16:14:41.547+0000 7f2d28050700 1 -- 172.21.15.63:0/382445712 >> [v2:172.21.15.63:6800/1052036735,v1:172.21.15.63:6801/1052036735] conn(0x7f2d0c036640 msgr2=0x7f2d0c038af0 secure :-1 s=STATE_CONNECTION_ESTABLISHED l=1).mark_down
2023-12-07T16:14:41.898 INFO:teuthology.orchestra.run.smithi063.stdout:/usr/bin/ceph: stderr
2023-12-07T16:14:41.547+0000 7f2d28050700 1 --2- 172.21.15.63:0/382445712 >> [v2:172.21.15.63:6800/1052036735,v1:172.21.15.63:6801/1052036735] conn(0x7f2d0c036640 0x7f2d0c038af0 secure :-1 s=READY pgs=11 cs=0 l=1 rev1=1 crypto rx=0x7f2d14009990 tx=0x7f2d14006e40 comp rx=0 tx=0).stop
2023-12-07T16:14:41.898 INFO:teuthology.orchestra.run.smithi063.stdout:/usr/bin/ceph: stderr
2023-12-07T16:14:41.547+0000 7f2d28050700 1 -- 172.21.15.63:0/382445712 >> [v2:172.21.15.63:3300/0,v1:172.21.15.63:6789/0] conn(0x7f2d20071000 msgr2=0x7f2d20102920 secure :-1 s=STATE_CONNECTION_ESTABLISHED l=1).mark_down
2023-12-07T16:14:41.898 INFO:teuthology.orchestra.run.smithi063.stdout:/usr/bin/ceph: stderr
2023-12-07T16:14:41.547+0000 7f2d28050700 1 --2- 172.21.15.63:0/382445712 >> [v2:172.21.15.63:3300/0,v1:172.21.15.63:6789/0] conn(0x7f2d20071000 0x7f2d20102920 secure :-1 s=READY pgs=46 cs=0 l=1 rev1=1 crypto rx=0x7f2d1c006d40 tx=0x7f2d1c009250 comp rx=0 tx=0).stop
2023-12-07T16:14:41.898 INFO:teuthology.orchestra.run.smithi063.stdout:/usr/bin/ceph: stderr
2023-12-07T16:14:41.547+0000 7f2d28050700 1 -- 172.21.15.63:0/382445712 shutdown_connections
2023-12-07T16:14:41.898 INFO:teuthology.orchestra.run.smithi063.stdout:/usr/bin/ceph: stderr
2023-12-07T16:14:41.547+0000 7f2d28050700 1 --2- 172.21.15.63:0/382445712 >> [v2:172.21.15.63:6800/1052036735,v1:172.21.15.63:6801/1052036735] conn(0x7f2d0c036640 0x7f2d0c038af0 unknown :-1 s=CLOSED pgs=11 cs=0 l=1 rev1=1 crypto rx=0 tx=0 comp rx=0 tx=0).stop
2023-12-07T16:14:41.898 INFO:teuthology.orchestra.run.smithi063.stdout:/usr/bin/ceph: stderr
2023-12-07T16:14:41.547+0000 7f2d28050700 1 --2- 172.21.15.63:0/382445712 >> [v2:172.21.15.63:3300/0,v1:172.21.15.63:6789/0] conn(0x7f2d20071000 0x7f2d20102920 unknown :-1 s=CLOSED pgs=46 cs=0 l=1 rev1=1 crypto rx=0 tx=0 comp rx=0 tx=0).stop
2023-12-07T16:14:41.899 INFO:teuthology.orchestra.run.smithi063.stdout:/usr/bin/ceph: stderr
2023-12-07T16:14:41.547+0000 7f2d28050700 1 -- 172.21.15.63:0/382445712 >> 172.21.15.63:0/382445712 conn(0x7f2d200fc970 msgr2=0x7f2d200fed70 unknown :-1 s=STATE_NONE l=0).mark_down
2023-12-07T16:14:41.899 INFO:teuthology.orchestra.run.smithi063.stdout:/usr/bin/ceph: stderr
2023-12-07T16:14:41.547+0000 7f2d28050700 1 -- 172.21.15.63:0/382445712 shutdown_connections
2023-12-07T16:14:41.899 INFO:teuthology.orchestra.run.smithi063.stdout:/usr/bin/ceph: stderr
2023-12-07T16:14:41.547+0000 7f2d28050700 1 -- 172.21.15.63:0/382445712 wait complete.
2023-12-07T16:14:41.899 INFO:teuthology.orchestra.run.smithi063.stdout:Deploying mon service with default placement...
2023-12-07T16:14:42.867 INFO:journalctl@ceph.mon.smithi063.smithi063.stdout:Dec 07 16:14:42 smithi063 ceph-mon[112095]: from='mgr.14120 172.21.15.63:0/3303647032' entity='mgr.smithi063.yohyyx'
2023-12-07T16:14:42.867 INFO:journalctl@ceph.mon.smithi063.smithi063.stdout:Dec 07 16:14:42 smithi063 ceph-mon[112095]: Added host smithi063
2023-12-07T16:14:42.867 INFO:journalctl@ceph.mon.smithi063.smithi063.stdout:Dec 07 16:14:42 smithi063 ceph-mon[112095]: from='mgr.14120 172.21.15.63:0/3303647032' entity='mgr.smithi063.yohyyx' cmd=[{"prefix": "config dump", "format": "json"}]: dispatch
2023-12-07T16:14:42.867 INFO:journalctl@ceph.mon.smithi063.smithi063.stdout:Dec 07 16:14:42 smithi063 ceph-mon[112095]: from='mgr.14120 172.21.15.63:0/3303647032' entity='mgr.smithi063.yohyyx'
2023-12-07T16:14:43.345 INFO:teuthology.orchestra.run.smithi063.stdout:/usr/bin/ceph: stdout Scheduled mon update...
2023-12-07T16:14:43.345 INFO:teuthology.orchestra.run.smithi063.stdout:/usr/bin/ceph: stderr
2023-12-07T16:14:42.281+0000 7fc95ad74700 1 Processor -- start
2023-12-07T16:14:43.345 INFO:teuthology.orchestra.run.smithi063.stdout:/usr/bin/ceph: stderr
2023-12-07T16:14:42.281+0000 7fc95ad74700 1 -- start start
2023-12-07T16:14:43.345 INFO:teuthology.orchestra.run.smithi063.stdout:/usr/bin/ceph: stderr
2023-12-07T16:14:42.281+0000 7fc95ad74700 1 --2- >> [v2:172.21.15.63:3300/0,v1:172.21.15.63:6789/0] conn(0x7fc9541011d0 0x7fc9541015e0 unknown :-1 s=NONE pgs=0 cs=0 l=0 rev1=0 crypto rx=0 tx=0 comp rx=0 tx=0).connect
2023-12-07T16:14:43.345 INFO:teuthology.orchestra.run.smithi063.stdout:/usr/bin/ceph: stderr
2023-12-07T16:14:42.281+0000 7fc95ad74700 1 -- --> [v2:172.21.15.63:3300/0,v1:172.21.15.63:6789/0] -- mon_getmap magic: 0 v1 -- 0x7fc954101b20 con 0x7fc9541011d0
2023-12-07T16:14:43.346 INFO:teuthology.orchestra.run.smithi063.stdout:/usr/bin/ceph: stderr
2023-12-07T16:14:42.281+0000 7fc958b10700 1 --2- >> [v2:172.21.15.63:3300/0,v1:172.21.15.63:6789/0] conn(0x7fc9541011d0 0x7fc9541015e0 unknown :-1 s=BANNER_CONNECTING pgs=0 cs=0 l=0 rev1=0 crypto rx=0 tx=0 comp rx=0 tx=0)._handle_peer_banner_payload supported=3 required=0
2023-12-07T16:14:43.346 INFO:teuthology.orchestra.run.smithi063.stdout:/usr/bin/ceph: stderr
2023-12-07T16:14:42.281+0000 7fc958b10700 1 --2- >> [v2:172.21.15.63:3300/0,v1:172.21.15.63:6789/0] conn(0x7fc9541011d0 0x7fc9541015e0 unknown :-1 s=HELLO_CONNECTING pgs=0 cs=0 l=0 rev1=1 crypto rx=0 tx=0 comp rx=0 tx=0).handle_hello peer v2:172.21.15.63:3300/0 says I am v2:172.21.15.63:55242/0 (socket says 172.21.15.63:55242)
2023-12-07T16:14:43.346 INFO:teuthology.orchestra.run.smithi063.stdout:/usr/bin/ceph: stderr
2023-12-07T16:14:42.282+0000 7fc958b10700 1 -- 172.21.15.63:0/3980000021 learned_addr learned my addr 172.21.15.63:0/3980000021 (peer_addr_for_me v2:172.21.15.63:0/0)
2023-12-07T16:14:43.346 INFO:teuthology.orchestra.run.smithi063.stdout:/usr/bin/ceph: stderr
2023-12-07T16:14:42.282+0000 7fc958b10700 1 -- 172.21.15.63:0/3980000021 --> [v2:172.21.15.63:3300/0,v1:172.21.15.63:6789/0] -- mon_subscribe({config=0+,monmap=0+}) v3 -- 0x7fc954101c60 con 0x7fc9541011d0
2023-12-07T16:14:43.346 INFO:teuthology.orchestra.run.smithi063.stdout:/usr/bin/ceph: stderr
2023-12-07T16:14:42.282+0000 7fc958b10700 1 --2- 172.21.15.63:0/3980000021 >> [v2:172.21.15.63:3300/0,v1:172.21.15.63:6789/0] conn(0x7fc9541011d0 0x7fc9541015e0 secure :-1 s=READY pgs=47 cs=0 l=1 rev1=1 crypto rx=0x7fc9480098e0 tx=0x7fc948009250 comp rx=0 tx=0).ready entity=mon.0 client_cookie=1a36c74f9bd3e9ab server_cookie=0 in_seq=0 out_seq=0
2023-12-07T16:14:43.346 INFO:teuthology.orchestra.run.smithi063.stdout:/usr/bin/ceph: stderr
2023-12-07T16:14:42.282+0000 7fc9537fe700 1 -- 172.21.15.63:0/3980000021 <== mon.0 v2:172.21.15.63:3300/0 1 ==== mon_map magic: 0 v1 ==== 229+0+0 (secure 0 0 0) 0x7fc94800b860 con 0x7fc9541011d0
2023-12-07T16:14:43.346 INFO:teuthology.orchestra.run.smithi063.stdout:/usr/bin/ceph: stderr
2023-12-07T16:14:42.282+0000 7fc9537fe700 1 -- 172.21.15.63:0/3980000021 <== mon.0 v2:172.21.15.63:3300/0 2 ==== config(26 keys) v1 ==== 1009+0+0 (secure 0 0 0) 0x7fc94800be30 con 0x7fc9541011d0
2023-12-07T16:14:43.346 INFO:teuthology.orchestra.run.smithi063.stdout:/usr/bin/ceph: stderr
2023-12-07T16:14:42.282+0000 7fc9537fe700 1 -- 172.21.15.63:0/3980000021 <== mon.0 v2:172.21.15.63:3300/0 3 ==== mon_map magic: 0 v1 ==== 229+0+0 (secure 0 0 0) 0x7fc948010380 con 0x7fc9541011d0
2023-12-07T16:14:43.346 INFO:teuthology.orchestra.run.smithi063.stdout:/usr/bin/ceph: stderr
2023-12-07T16:14:42.283+0000 7fc95ad74700 1 -- 172.21.15.63:0/3980000021 >> [v2:172.21.15.63:3300/0,v1:172.21.15.63:6789/0] conn(0x7fc9541011d0 msgr2=0x7fc9541015e0 secure :-1 s=STATE_CONNECTION_ESTABLISHED l=1).mark_down
2023-12-07T16:14:43.346 INFO:teuthology.orchestra.run.smithi063.stdout:/usr/bin/ceph: stderr
2023-12-07T16:14:42.283+0000 7fc95ad74700 1 --2- 172.21.15.63:0/3980000021 >> [v2:172.21.15.63:3300/0,v1:172.21.15.63:6789/0] conn(0x7fc9541011d0 0x7fc9541015e0 secure :-1 s=READY pgs=47 cs=0 l=1 rev1=1 crypto rx=0x7fc9480098e0 tx=0x7fc948009250 comp rx=0 tx=0).stop
2023-12-07T16:14:43.346 INFO:teuthology.orchestra.run.smithi063.stdout:/usr/bin/ceph: stderr
2023-12-07T16:14:42.283+0000 7fc95ad74700 1 -- 172.21.15.63:0/3980000021 shutdown_connections
2023-12-07T16:14:43.346 INFO:teuthology.orchestra.run.smithi063.stdout:/usr/bin/ceph: stderr
2023-12-07T16:14:42.283+0000 7fc95ad74700 1 --2- 172.21.15.63:0/3980000021 >> [v2:172.21.15.63:3300/0,v1:172.21.15.63:6789/0] conn(0x7fc9541011d0 0x7fc9541015e0 unknown :-1 s=CLOSED pgs=47 cs=0 l=1 rev1=1 crypto rx=0 tx=0 comp rx=0 tx=0).stop
2023-12-07T16:14:43.346 INFO:teuthology.orchestra.run.smithi063.stdout:/usr/bin/ceph: stderr
2023-12-07T16:14:42.283+0000 7fc95ad74700 1 -- 172.21.15.63:0/3980000021 >> 172.21.15.63:0/3980000021 conn(0x7fc9540fc970 msgr2=0x7fc9540fed80 unknown :-1 s=STATE_NONE l=0).mark_down
2023-12-07T16:14:43.346 INFO:teuthology.orchestra.run.smithi063.stdout:/usr/bin/ceph: stderr
2023-12-07T16:14:42.283+0000 7fc95ad74700 1 -- 172.21.15.63:0/3980000021 shutdown_connections
2023-12-07T16:14:43.346 INFO:teuthology.orchestra.run.smithi063.stdout:/usr/bin/ceph: stderr
2023-12-07T16:14:42.283+0000 7fc95ad74700 1 -- 172.21.15.63:0/3980000021 wait complete.
2023-12-07T16:14:43.347 INFO:teuthology.orchestra.run.smithi063.stdout:/usr/bin/ceph: stderr
2023-12-07T16:14:42.283+0000 7fc95ad74700 1 Processor -- start
2023-12-07T16:14:43.347 INFO:teuthology.orchestra.run.smithi063.stdout:/usr/bin/ceph: stderr
2023-12-07T16:14:42.283+0000 7fc95ad74700 1 -- start start
2023-12-07T16:14:43.347 INFO:teuthology.orchestra.run.smithi063.stdout:/usr/bin/ceph: stderr
2023-12-07T16:14:42.283+0000 7fc95ad74700 1 --2- >> [v2:172.21.15.63:3300/0,v1:172.21.15.63:6789/0] conn(0x7fc9541011d0 0x7fc954113df0 unknown :-1 s=NONE pgs=0 cs=0 l=1 rev1=0 crypto rx=0 tx=0 comp rx=0 tx=0).connect
2023-12-07T16:14:43.347 INFO:teuthology.orchestra.run.smithi063.stdout:/usr/bin/ceph: stderr
2023-12-07T16:14:42.283+0000 7fc95ad74700 1 -- --> [v2:172.21.15.63:3300/0,v1:172.21.15.63:6789/0] -- mon_getmap magic: 0 v1 -- 0x7fc954070ff0 con 0x7fc9541011d0
2023-12-07T16:14:43.347 INFO:teuthology.orchestra.run.smithi063.stdout:/usr/bin/ceph: stderr
2023-12-07T16:14:42.284+0000 7fc958b10700 1 --2- >> [v2:172.21.15.63:3300/0,v1:172.21.15.63:6789/0] conn(0x7fc9541011d0 0x7fc954113df0 unknown :-1 s=BANNER_CONNECTING pgs=0 cs=0 l=1 rev1=0 crypto rx=0 tx=0 comp rx=0 tx=0)._handle_peer_banner_payload supported=3 required=0
2023-12-07T16:14:43.347 INFO:teuthology.orchestra.run.smithi063.stdout:/usr/bin/ceph: stderr
2023-12-07T16:14:42.284+0000 7fc958b10700 1 --2- >> [v2:172.21.15.63:3300/0,v1:172.21.15.63:6789/0] conn(0x7fc9541011d0 0x7fc954113df0 unknown :-1 s=HELLO_CONNECTING pgs=0 cs=0 l=1 rev1=1 crypto rx=0 tx=0 comp rx=0 tx=0).handle_hello peer v2:172.21.15.63:3300/0 says I am v2:172.21.15.63:55248/0 (socket says 172.21.15.63:55248)
2023-12-07T16:14:43.347 INFO:teuthology.orchestra.run.smithi063.stdout:/usr/bin/ceph: stderr
2023-12-07T16:14:42.284+0000 7fc958b10700 1 -- 172.21.15.63:0/4111801449 learned_addr learned my addr 172.21.15.63:0/4111801449 (peer_addr_for_me v2:172.21.15.63:0/0)
2023-12-07T16:14:43.347 INFO:teuthology.orchestra.run.smithi063.stdout:/usr/bin/ceph: stderr
2023-12-07T16:14:42.284+0000 7fc958b10700 1 -- 172.21.15.63:0/4111801449 --> [v2:172.21.15.63:3300/0,v1:172.21.15.63:6789/0] -- mon_subscribe({config=0+,monmap=0+}) v3 -- 0x7fc9480094f0 con 0x7fc9541011d0
2023-12-07T16:14:43.347 INFO:teuthology.orchestra.run.smithi063.stdout:/usr/bin/ceph: stderr
2023-12-07T16:14:42.284+0000 7fc958b10700 1 --2- 172.21.15.63:0/4111801449 >> [v2:172.21.15.63:3300/0,v1:172.21.15.63:6789/0] conn(0x7fc9541011d0 0x7fc954113df0 secure :-1 s=READY pgs=48 cs=0 l=1 rev1=1 crypto rx=0x7fc948000c00 tx=0x7fc948009250 comp rx=0 tx=0).ready entity=mon.0 client_cookie=0 server_cookie=0 in_seq=0 out_seq=0
2023-12-07T16:14:43.347 INFO:teuthology.orchestra.run.smithi063.stdout:/usr/bin/ceph: stderr
2023-12-07T16:14:42.284+0000 7fc9517fa700 1 -- 172.21.15.63:0/4111801449 <== mon.0 v2:172.21.15.63:3300/0 1 ==== mon_map magic: 0 v1 ==== 229+0+0 (secure 0 0 0) 0x7fc948010a80 con 0x7fc9541011d0
2023-12-07T16:14:43.347 INFO:teuthology.orchestra.run.smithi063.stdout:/usr/bin/ceph: stderr
2023-12-07T16:14:42.284+0000 7fc95ad74700 1 -- 172.21.15.63:0/4111801449 --> [v2:172.21.15.63:3300/0,v1:172.21.15.63:6789/0] -- mon_subscribe({mgrmap=0+}) v3 -- 0x7fc9540711f0 con 0x7fc9541011d0
2023-12-07T16:14:43.347 INFO:teuthology.orchestra.run.smithi063.stdout:/usr/bin/ceph: stderr
2023-12-07T16:14:42.284+0000 7fc9517fa700 1 -- 172.21.15.63:0/4111801449 <== mon.0 v2:172.21.15.63:3300/0 2 ==== config(26 keys) v1 ==== 1009+0+0 (secure 0 0 0) 0x7fc94801a430 con 0x7fc9541011d0
2023-12-07T16:14:43.347 INFO:teuthology.orchestra.run.smithi063.stdout:/usr/bin/ceph: stderr
2023-12-07T16:14:42.284+0000 7fc9517fa700 1 -- 172.21.15.63:0/4111801449 <== mon.0 v2:172.21.15.63:3300/0 3 ==== mon_map magic: 0 v1 ==== 229+0+0 (secure 0 0 0) 0x7fc9480245b0 con 0x7fc9541011d0
2023-12-07T16:14:43.347 INFO:teuthology.orchestra.run.smithi063.stdout:/usr/bin/ceph: stderr
2023-12-07T16:14:42.284+0000 7fc95ad74700 1 -- 172.21.15.63:0/4111801449 --> [v2:172.21.15.63:3300/0,v1:172.21.15.63:6789/0] -- mon_subscribe({osdmap=0}) v3 -- 0x7fc9541144f0 con 0x7fc9541011d0
2023-12-07T16:14:43.347 INFO:teuthology.orchestra.run.smithi063.stdout:/usr/bin/ceph: stderr
2023-12-07T16:14:42.285+0000 7fc9517fa700 1 -- 172.21.15.63:0/4111801449 <== mon.0 v2:172.21.15.63:3300/0 4 ==== mgrmap(e 8) v1 ==== 43281+0+0 (secure 0 0 0) 0x7fc9480247f0 con 0x7fc9541011d0
2023-12-07T16:14:43.347 INFO:teuthology.orchestra.run.smithi063.stdout:/usr/bin/ceph: stderr
2023-12-07T16:14:42.285+0000 7fc95ad74700 1 -- 172.21.15.63:0/4111801449 --> [v2:172.21.15.63:3300/0,v1:172.21.15.63:6789/0] -- mon_command({"prefix": "get_command_descriptions"} v 0) v1 -- 0x7fc95410a050 con 0x7fc9541011d0
2023-12-07T16:14:43.348 INFO:teuthology.orchestra.run.smithi063.stdout:/usr/bin/ceph: stderr
2023-12-07T16:14:42.285+0000 7fc9517fa700 1 --2- 172.21.15.63:0/4111801449 >> [v2:172.21.15.63:6800/1052036735,v1:172.21.15.63:6801/1052036735] conn(0x7fc9440365f0 0x7fc944038aa0 unknown :-1 s=NONE pgs=0 cs=0 l=1 rev1=0 crypto rx=0 tx=0 comp rx=0 tx=0).connect
2023-12-07T16:14:43.348 INFO:teuthology.orchestra.run.smithi063.stdout:/usr/bin/ceph: stderr
