2023-12-21T07:50:17.430 INFO:teuthology.orchestra.run.smithi007.stdout:/usr/bin/ceph: stderr
2023-12-21T07:50:16.842+0000 7f4257fff700 1 --2- >> [v2:172.21.15.7:3300/0,v1:172.21.15.7:6789/0] conn(0x7f4258070fc0 0x7f42581072e0 unknown :-1 s=HELLO_CONNECTING pgs=0 cs=0 l=0 rev1=1 crypto rx=0 tx=0 comp rx=0 tx=0).handle_hello peer v2:172.21.15.7:3300/0 says I am v2:172.21.15.7:52794/0 (socket says 172.21.15.7:52794)
2023-12-21T07:50:17.430 INFO:teuthology.orchestra.run.smithi007.stdout:/usr/bin/ceph: stderr
2023-12-21T07:50:16.842+0000 7f4257fff700 1 -- 172.21.15.7:0/1909873960 learned_addr learned my addr 172.21.15.7:0/1909873960 (peer_addr_for_me v2:172.21.15.7:0/0)
2023-12-21T07:50:17.430 INFO:teuthology.orchestra.run.smithi007.stdout:/usr/bin/ceph: stderr
2023-12-21T07:50:16.843+0000 7f4257fff700 1 -- 172.21.15.7:0/1909873960 --> [v2:172.21.15.7:3300/0,v1:172.21.15.7:6789/0] -- mon_subscribe({config=0+,monmap=0+}) v3 -- 0x7f4258107820 con 0x7f4258070fc0
2023-12-21T07:50:17.430 INFO:teuthology.orchestra.run.smithi007.stdout:/usr/bin/ceph: stderr
2023-12-21T07:50:16.843+0000 7f4257fff700 1 --2- 172.21.15.7:0/1909873960 >> [v2:172.21.15.7:3300/0,v1:172.21.15.7:6789/0] conn(0x7f4258070fc0 0x7f42581072e0 secure :-1 s=READY pgs=37 cs=0 l=1 rev1=1 crypto rx=0x7f42480098e0 tx=0x7f4248009250 comp rx=0 tx=0).ready entity=mon.0 client_cookie=bda2a50e8b7d330c server_cookie=0 in_seq=0 out_seq=0
2023-12-21T07:50:17.430 INFO:teuthology.orchestra.run.smithi007.stdout:/usr/bin/ceph: stderr
2023-12-21T07:50:16.843+0000 7f4256ffd700 1 -- 172.21.15.7:0/1909873960 <== mon.0 v2:172.21.15.7:3300/0 1 ==== mon_map magic: 0 v1 ==== 229+0+0 (secure 0 0 0) 0x7f424800b860 con 0x7f4258070fc0
2023-12-21T07:50:17.430 INFO:teuthology.orchestra.run.smithi007.stdout:/usr/bin/ceph: stderr
2023-12-21T07:50:16.843+0000 7f4256ffd700 1 -- 172.21.15.7:0/1909873960 <== mon.0 v2:172.21.15.7:3300/0 2 ==== config(26 keys) v1 ==== 1009+0+0 (secure 0 0 0) 0x7f424800be30 con 0x7f4258070fc0
2023-12-21T07:50:17.430 INFO:teuthology.orchestra.run.smithi007.stdout:/usr/bin/ceph: stderr
2023-12-21T07:50:16.843+0000 7f4256ffd700 1 -- 172.21.15.7:0/1909873960 <== mon.0 v2:172.21.15.7:3300/0 3 ==== mon_map magic: 0 v1 ==== 229+0+0 (secure 0 0 0) 0x7f4248010380 con 0x7f4258070fc0
2023-12-21T07:50:17.431 INFO:teuthology.orchestra.run.smithi007.stdout:/usr/bin/ceph: stderr
2023-12-21T07:50:16.843+0000 7f425e77e700 1 -- 172.21.15.7:0/1909873960 >> [v2:172.21.15.7:3300/0,v1:172.21.15.7:6789/0] conn(0x7f4258070fc0 msgr2=0x7f42581072e0 secure :-1 s=STATE_CONNECTION_ESTABLISHED l=1).mark_down
2023-12-21T07:50:17.431 INFO:teuthology.orchestra.run.smithi007.stdout:/usr/bin/ceph: stderr
2023-12-21T07:50:16.843+0000 7f425e77e700 1 --2- 172.21.15.7:0/1909873960 >> [v2:172.21.15.7:3300/0,v1:172.21.15.7:6789/0] conn(0x7f4258070fc0 0x7f42581072e0 secure :-1 s=READY pgs=37 cs=0 l=1 rev1=1 crypto rx=0x7f42480098e0 tx=0x7f4248009250 comp rx=0 tx=0).stop
2023-12-21T07:50:17.431 INFO:teuthology.orchestra.run.smithi007.stdout:/usr/bin/ceph: stderr
2023-12-21T07:50:16.844+0000 7f425e77e700 1 -- 172.21.15.7:0/1909873960 shutdown_connections
2023-12-21T07:50:17.431 INFO:teuthology.orchestra.run.smithi007.stdout:/usr/bin/ceph: stderr
2023-12-21T07:50:16.844+0000 7f425e77e700 1 --2- 172.21.15.7:0/1909873960 >> [v2:172.21.15.7:3300/0,v1:172.21.15.7:6789/0] conn(0x7f4258070fc0 0x7f42581072e0 unknown :-1 s=CLOSED pgs=37 cs=0 l=1 rev1=1 crypto rx=0 tx=0 comp rx=0 tx=0).stop
2023-12-21T07:50:17.431 INFO:teuthology.orchestra.run.smithi007.stdout:/usr/bin/ceph: stderr
2023-12-21T07:50:16.844+0000 7f425e77e700 1 -- 172.21.15.7:0/1909873960 >> 172.21.15.7:0/1909873960 conn(0x7f42580fc970 msgr2=0x7f42580fed80 unknown :-1 s=STATE_NONE l=0).mark_down
2023-12-21T07:50:17.431 INFO:teuthology.orchestra.run.smithi007.stdout:/usr/bin/ceph: stderr
2023-12-21T07:50:16.844+0000 7f425e77e700 1 -- 172.21.15.7:0/1909873960 shutdown_connections
2023-12-21T07:50:17.431 INFO:teuthology.orchestra.run.smithi007.stdout:/usr/bin/ceph: stderr
2023-12-21T07:50:16.844+0000 7f425e77e700 1 -- 172.21.15.7:0/1909873960 wait complete.
2023-12-21T07:50:17.431 INFO:teuthology.orchestra.run.smithi007.stdout:/usr/bin/ceph: stderr
2023-12-21T07:50:16.844+0000 7f425e77e700 1 Processor -- start
2023-12-21T07:50:17.431 INFO:teuthology.orchestra.run.smithi007.stdout:/usr/bin/ceph: stderr
2023-12-21T07:50:16.844+0000 7f425e77e700 1 -- start start
2023-12-21T07:50:17.431 INFO:teuthology.orchestra.run.smithi007.stdout:/usr/bin/ceph: stderr
2023-12-21T07:50:16.845+0000 7f425e77e700 1 --2- >> [v2:172.21.15.7:3300/0,v1:172.21.15.7:6789/0] conn(0x7f4258070fc0 0x7f4258113380 unknown :-1 s=NONE pgs=0 cs=0 l=1 rev1=0 crypto rx=0 tx=0 comp rx=0 tx=0).connect
2023-12-21T07:50:17.431 INFO:teuthology.orchestra.run.smithi007.stdout:/usr/bin/ceph: stderr
2023-12-21T07:50:16.845+0000 7f425e77e700 1 -- --> [v2:172.21.15.7:3300/0,v1:172.21.15.7:6789/0] -- mon_getmap magic: 0 v1 -- 0x7f42581138c0 con 0x7f4258070fc0
2023-12-21T07:50:17.431 INFO:teuthology.orchestra.run.smithi007.stdout:/usr/bin/ceph: stderr
2023-12-21T07:50:16.845+0000 7f4257fff700 1 --2- >> [v2:172.21.15.7:3300/0,v1:172.21.15.7:6789/0] conn(0x7f4258070fc0 0x7f4258113380 unknown :-1 s=BANNER_CONNECTING pgs=0 cs=0 l=1 rev1=0 crypto rx=0 tx=0 comp rx=0 tx=0)._handle_peer_banner_payload supported=3 required=0
2023-12-21T07:50:17.431 INFO:teuthology.orchestra.run.smithi007.stdout:/usr/bin/ceph: stderr
2023-12-21T07:50:16.845+0000 7f4257fff700 1 --2- >> [v2:172.21.15.7:3300/0,v1:172.21.15.7:6789/0] conn(0x7f4258070fc0 0x7f4258113380 unknown :-1 s=HELLO_CONNECTING pgs=0 cs=0 l=1 rev1=1 crypto rx=0 tx=0 comp rx=0 tx=0).handle_hello peer v2:172.21.15.7:3300/0 says I am v2:172.21.15.7:52800/0 (socket says 172.21.15.7:52800)
2023-12-21T07:50:17.432 INFO:teuthology.orchestra.run.smithi007.stdout:/usr/bin/ceph: stderr
2023-12-21T07:50:16.845+0000 7f4257fff700 1 -- 172.21.15.7:0/257005245 learned_addr learned my addr 172.21.15.7:0/257005245 (peer_addr_for_me v2:172.21.15.7:0/0)
2023-12-21T07:50:17.432 INFO:teuthology.orchestra.run.smithi007.stdout:/usr/bin/ceph: stderr
2023-12-21T07:50:16.845+0000 7f4257fff700 1 -- 172.21.15.7:0/257005245 --> [v2:172.21.15.7:3300/0,v1:172.21.15.7:6789/0] -- mon_subscribe({config=0+,monmap=0+}) v3 -- 0x7f42480094f0 con 0x7f4258070fc0
2023-12-21T07:50:17.432 INFO:teuthology.orchestra.run.smithi007.stdout:/usr/bin/ceph: stderr
2023-12-21T07:50:16.845+0000 7f4257fff700 1 --2- 172.21.15.7:0/257005245 >> [v2:172.21.15.7:3300/0,v1:172.21.15.7:6789/0] conn(0x7f4258070fc0 0x7f4258113380 secure :-1 s=READY pgs=38 cs=0 l=1 rev1=1 crypto rx=0x7f4248006d40 tx=0x7f4248009250 comp rx=0 tx=0).ready entity=mon.0 client_cookie=0 server_cookie=0 in_seq=0 out_seq=0
2023-12-21T07:50:17.432 INFO:teuthology.orchestra.run.smithi007.stdout:/usr/bin/ceph: stderr
2023-12-21T07:50:16.845+0000 7f4254ff9700 1 -- 172.21.15.7:0/257005245 <== mon.0 v2:172.21.15.7:3300/0 1 ==== mon_map magic: 0 v1 ==== 229+0+0 (secure 0 0 0) 0x7f42480109b0 con 0x7f4258070fc0
2023-12-21T07:50:17.432 INFO:teuthology.orchestra.run.smithi007.stdout:/usr/bin/ceph: stderr
2023-12-21T07:50:16.845+0000 7f4254ff9700 1 -- 172.21.15.7:0/257005245 <== mon.0 v2:172.21.15.7:3300/0 2 ==== config(26 keys) v1 ==== 1009+0+0 (secure 0 0 0) 0x7f4248024440 con 0x7f4258070fc0
2023-12-21T07:50:17.432 INFO:teuthology.orchestra.run.smithi007.stdout:/usr/bin/ceph: stderr
2023-12-21T07:50:16.845+0000 7f425e77e700 1 -- 172.21.15.7:0/257005245 --> [v2:172.21.15.7:3300/0,v1:172.21.15.7:6789/0] -- mon_subscribe({mgrmap=0+}) v3 -- 0x7f4258113ac0 con 0x7f4258070fc0
2023-12-21T07:50:17.432 INFO:teuthology.orchestra.run.smithi007.stdout:/usr/bin/ceph: stderr
2023-12-21T07:50:16.845+0000 7f4254ff9700 1 -- 172.21.15.7:0/257005245 <== mon.0 v2:172.21.15.7:3300/0 3 ==== mon_map magic: 0 v1 ==== 229+0+0 (secure 0 0 0) 0x7f424801a5f0 con 0x7f4258070fc0
2023-12-21T07:50:17.432 INFO:teuthology.orchestra.run.smithi007.stdout:/usr/bin/ceph: stderr
2023-12-21T07:50:16.845+0000 7f425e77e700 1 -- 172.21.15.7:0/257005245 --> [v2:172.21.15.7:3300/0,v1:172.21.15.7:6789/0] -- mon_subscribe({osdmap=0}) v3 -- 0x7f4258113ed0 con 0x7f4258070fc0
2023-12-21T07:50:17.432 INFO:teuthology.orchestra.run.smithi007.stdout:/usr/bin/ceph: stderr
2023-12-21T07:50:16.846+0000 7f425e77e700 1 -- 172.21.15.7:0/257005245 --> [v2:172.21.15.7:3300/0,v1:172.21.15.7:6789/0] -- mon_command({"prefix": "get_command_descriptions"} v 0) v1 -- 0x7f425804bb80 con 0x7f4258070fc0
2023-12-21T07:50:17.432 INFO:teuthology.orchestra.run.smithi007.stdout:/usr/bin/ceph: stderr
2023-12-21T07:50:16.847+0000 7f4254ff9700 1 -- 172.21.15.7:0/257005245 <== mon.0 v2:172.21.15.7:3300/0 4 ==== mgrmap(e 7) v1 ==== 43175+0+0 (secure 0 0 0) 0x7f4248024970 con 0x7f4258070fc0
2023-12-21T07:50:17.432 INFO:teuthology.orchestra.run.smithi007.stdout:/usr/bin/ceph: stderr
2023-12-21T07:50:16.847+0000 7f4254ff9700 1 --2- 172.21.15.7:0/257005245 >> [v2:172.21.15.7:6800/1916361051,v1:172.21.15.7:6801/1916361051] conn(0x7f42400364c0 0x7f4240038970 unknown :-1 s=NONE pgs=0 cs=0 l=1 rev1=0 crypto rx=0 tx=0 comp rx=0 tx=0).connect
2023-12-21T07:50:17.432 INFO:teuthology.orchestra.run.smithi007.stdout:/usr/bin/ceph: stderr
2023-12-21T07:50:16.847+0000 7f4254ff9700 1 -- 172.21.15.7:0/257005245 <== mon.0 v2:172.21.15.7:3300/0 5 ==== osd_map(2..2 src has 1..2) v4 ==== 936+0+0 (secure 0 0 0) 0x7f424804a2b0 con 0x7f4258070fc0
2023-12-21T07:50:17.432 INFO:teuthology.orchestra.run.smithi007.stdout:/usr/bin/ceph: stderr
2023-12-21T07:50:16.847+0000 7f42577fe700 1 --2- 172.21.15.7:0/257005245 >> [v2:172.21.15.7:6800/1916361051,v1:172.21.15.7:6801/1916361051] conn(0x7f42400364c0 0x7f4240038970 unknown :-1 s=BANNER_CONNECTING pgs=0 cs=0 l=1 rev1=0 crypto rx=0 tx=0 comp rx=0 tx=0)._handle_peer_banner_payload supported=3 required=0
2023-12-21T07:50:17.433 INFO:teuthology.orchestra.run.smithi007.stdout:/usr/bin/ceph: stderr
2023-12-21T07:50:16.848+0000 7f42577fe700 1 --2- 172.21.15.7:0/257005245 >> [v2:172.21.15.7:6800/1916361051,v1:172.21.15.7:6801/1916361051] conn(0x7f42400364c0 0x7f4240038970 secure :-1 s=READY pgs=7 cs=0 l=1 rev1=1 crypto rx=0x7f424c009990 tx=0x7f424c006e40 comp rx=0 tx=0).ready entity=mgr.14120 client_cookie=0 server_cookie=0 in_seq=0 out_seq=0
2023-12-21T07:50:17.433 INFO:teuthology.orchestra.run.smithi007.stdout:/usr/bin/ceph: stderr
2023-12-21T07:50:16.856+0000 7f4254ff9700 1 -- 172.21.15.7:0/257005245 <== mon.0 v2:172.21.15.7:3300/0 6 ==== mon_command_ack([{"prefix": "get_command_descriptions"}]=0 v0) v1 ==== 72+0+174570 (secure 0 0 0) 0x7f4248023580 con 0x7f4258070fc0
2023-12-21T07:50:17.433 INFO:teuthology.orchestra.run.smithi007.stdout:/usr/bin/ceph: stderr
2023-12-21T07:50:17.068+0000 7f425e77e700 1 -- 172.21.15.7:0/257005245 --> [v2:172.21.15.7:6800/1916361051,v1:172.21.15.7:6801/1916361051] -- mgr_command(tid 0: {"prefix": "orch set backend", "module_name": "cephadm", "target": ["mon-mgr", ""]}) v1 -- 0x7f425810d1b0 con 0x7f42400364c0
2023-12-21T07:50:17.433 INFO:teuthology.orchestra.run.smithi007.stdout:/usr/bin/ceph: stderr
2023-12-21T07:50:17.074+0000 7f4254ff9700 1 -- 172.21.15.7:0/257005245 <== mgr.14120 v2:172.21.15.7:6800/1916361051 1 ==== mgr_command_reply(tid 0: 0 ) v1 ==== 8+0+0 (secure 0 0 0) 0x7f425810d1b0 con 0x7f42400364c0
2023-12-21T07:50:17.433 INFO:teuthology.orchestra.run.smithi007.stdout:/usr/bin/ceph: stderr
2023-12-21T07:50:17.076+0000 7f425e77e700 1 -- 172.21.15.7:0/257005245 >> [v2:172.21.15.7:6800/1916361051,v1:172.21.15.7:6801/1916361051] conn(0x7f42400364c0 msgr2=0x7f4240038970 secure :-1 s=STATE_CONNECTION_ESTABLISHED l=1).mark_down
2023-12-21T07:50:17.433 INFO:teuthology.orchestra.run.smithi007.stdout:/usr/bin/ceph: stderr
2023-12-21T07:50:17.076+0000 7f425e77e700 1 --2- 172.21.15.7:0/257005245 >> [v2:172.21.15.7:6800/1916361051,v1:172.21.15.7:6801/1916361051] conn(0x7f42400364c0 0x7f4240038970 secure :-1 s=READY pgs=7 cs=0 l=1 rev1=1 crypto rx=0x7f424c009990 tx=0x7f424c006e40 comp rx=0 tx=0).stop
2023-12-21T07:50:17.433 INFO:teuthology.orchestra.run.smithi007.stdout:/usr/bin/ceph: stderr
2023-12-21T07:50:17.076+0000 7f425e77e700 1 -- 172.21.15.7:0/257005245 >> [v2:172.21.15.7:3300/0,v1:172.21.15.7:6789/0] conn(0x7f4258070fc0 msgr2=0x7f4258113380 secure :-1 s=STATE_CONNECTION_ESTABLISHED l=1).mark_down
2023-12-21T07:50:17.433 INFO:teuthology.orchestra.run.smithi007.stdout:/usr/bin/ceph: stderr
2023-12-21T07:50:17.076+0000 7f425e77e700 1 --2- 172.21.15.7:0/257005245 >> [v2:172.21.15.7:3300/0,v1:172.21.15.7:6789/0] conn(0x7f4258070fc0 0x7f4258113380 secure :-1 s=READY pgs=38 cs=0 l=1 rev1=1 crypto rx=0x7f4248006d40 tx=0x7f4248009250 comp rx=0 tx=0).stop
2023-12-21T07:50:17.433 INFO:teuthology.orchestra.run.smithi007.stdout:/usr/bin/ceph: stderr
2023-12-21T07:50:17.076+0000 7f425e77e700 1 -- 172.21.15.7:0/257005245 shutdown_connections
2023-12-21T07:50:17.433 INFO:teuthology.orchestra.run.smithi007.stdout:/usr/bin/ceph: stderr
2023-12-21T07:50:17.076+0000 7f425e77e700 1 --2- 172.21.15.7:0/257005245 >> [v2:172.21.15.7:6800/1916361051,v1:172.21.15.7:6801/1916361051] conn(0x7f42400364c0 0x7f4240038970 unknown :-1 s=CLOSED pgs=7 cs=0 l=1 rev1=1 crypto rx=0 tx=0 comp rx=0 tx=0).stop
2023-12-21T07:50:17.433 INFO:teuthology.orchestra.run.smithi007.stdout:/usr/bin/ceph: stderr
2023-12-21T07:50:17.076+0000 7f425e77e700 1 --2- 172.21.15.7:0/257005245 >> [v2:172.21.15.7:3300/0,v1:172.21.15.7:6789/0] conn(0x7f4258070fc0 0x7f4258113380 unknown :-1 s=CLOSED pgs=38 cs=0 l=1 rev1=1 crypto rx=0 tx=0 comp rx=0 tx=0).stop
2023-12-21T07:50:17.433 INFO:teuthology.orchestra.run.smithi007.stdout:/usr/bin/ceph: stderr
2023-12-21T07:50:17.076+0000 7f425e77e700 1 -- 172.21.15.7:0/257005245 >> 172.21.15.7:0/257005245 conn(0x7f42580fc970 msgr2=0x7f42580fed60 unknown :-1 s=STATE_NONE l=0).mark_down
2023-12-21T07:50:17.434 INFO:teuthology.orchestra.run.smithi007.stdout:/usr/bin/ceph: stderr
2023-12-21T07:50:17.076+0000 7f425e77e700 1 -- 172.21.15.7:0/257005245 shutdown_connections
2023-12-21T07:50:17.434 INFO:teuthology.orchestra.run.smithi007.stdout:/usr/bin/ceph: stderr
2023-12-21T07:50:17.076+0000 7f425e77e700 1 -- 172.21.15.7:0/257005245 wait complete.
2023-12-21T07:50:18.251 INFO:journalctl@ceph.mon.smithi007.smithi007.stdout:Dec 21 07:50:18 smithi007 ceph-mon[111933]: from='client.14132 -' entity='client.admin' cmd=[{"prefix": "orch set backend", "module_name": "cephadm", "target": ["mon-mgr", ""]}]: dispatch
2023-12-21T07:50:18.251 INFO:journalctl@ceph.mon.smithi007.smithi007.stdout:Dec 21 07:50:18 smithi007 ceph-mon[111933]: [21/Dec/2023:07:50:17] ENGINE Bus STARTING
2023-12-21T07:50:18.251 INFO:journalctl@ceph.mon.smithi007.smithi007.stdout:Dec 21 07:50:18 smithi007 ceph-mon[111933]: from='mgr.14120 172.21.15.7:0/1642819774' entity='mgr.smithi007.qpxgac'
2023-12-21T07:50:18.251 INFO:journalctl@ceph.mon.smithi007.smithi007.stdout:Dec 21 07:50:18 smithi007 ceph-mon[111933]: from='mgr.14120 172.21.15.7:0/1642819774' entity='mgr.smithi007.qpxgac' cmd=[{"prefix": "config dump", "format": "json"}]: dispatch
2023-12-21T07:50:18.251 INFO:journalctl@ceph.mon.smithi007.smithi007.stdout:Dec 21 07:50:18 smithi007 ceph-mon[111933]: mgrmap e8: smithi007.qpxgac(active, since 2s)
2023-12-21T07:50:18.312 INFO:teuthology.orchestra.run.smithi007.stdout:/usr/bin/ceph: stdout value unchanged
2023-12-21T07:50:18.312 INFO:teuthology.orchestra.run.smithi007.stdout:/usr/bin/ceph: stderr
2023-12-21T07:50:17.748+0000 7ff3a32b6700 1 Processor -- start
2023-12-21T07:50:18.312 INFO:teuthology.orchestra.run.smithi007.stdout:/usr/bin/ceph: stderr
2023-12-21T07:50:17.748+0000 7ff3a32b6700 1 -- start start
2023-12-21T07:50:18.312 INFO:teuthology.orchestra.run.smithi007.stdout:/usr/bin/ceph: stderr
2023-12-21T07:50:17.748+0000 7ff3a32b6700 1 --2- >> [v2:172.21.15.7:3300/0,v1:172.21.15.7:6789/0] conn(0x7ff39c071000 0x7ff39c104ea0 unknown :-1 s=NONE pgs=0 cs=0 l=0 rev1=0 crypto rx=0 tx=0 comp rx=0 tx=0).connect
2023-12-21T07:50:18.312 INFO:teuthology.orchestra.run.smithi007.stdout:/usr/bin/ceph: stderr
2023-12-21T07:50:17.748+0000 7ff3a32b6700 1 -- --> [v2:172.21.15.7:3300/0,v1:172.21.15.7:6789/0] -- mon_getmap magic: 0 v1 -- 0x7ff39c1053e0 con 0x7ff39c071000
2023-12-21T07:50:18.312 INFO:teuthology.orchestra.run.smithi007.stdout:/usr/bin/ceph: stderr
2023-12-21T07:50:17.748+0000 7ff3a1052700 1 --2- >> [v2:172.21.15.7:3300/0,v1:172.21.15.7:6789/0] conn(0x7ff39c071000 0x7ff39c104ea0 unknown :-1 s=BANNER_CONNECTING pgs=0 cs=0 l=0 rev1=0 crypto rx=0 tx=0 comp rx=0 tx=0)._handle_peer_banner_payload supported=3 required=0
2023-12-21T07:50:18.312 INFO:teuthology.orchestra.run.smithi007.stdout:/usr/bin/ceph: stderr
2023-12-21T07:50:17.748+0000 7ff3a1052700 1 --2- >> [v2:172.21.15.7:3300/0,v1:172.21.15.7:6789/0] conn(0x7ff39c071000 0x7ff39c104ea0 unknown :-1 s=HELLO_CONNECTING pgs=0 cs=0 l=0 rev1=1 crypto rx=0 tx=0 comp rx=0 tx=0).handle_hello peer v2:172.21.15.7:3300/0 says I am v2:172.21.15.7:52808/0 (socket says 172.21.15.7:52808)
2023-12-21T07:50:18.312 INFO:teuthology.orchestra.run.smithi007.stdout:/usr/bin/ceph: stderr
2023-12-21T07:50:17.748+0000 7ff3a1052700 1 -- 172.21.15.7:0/3216250354 learned_addr learned my addr 172.21.15.7:0/3216250354 (peer_addr_for_me v2:172.21.15.7:0/0)
2023-12-21T07:50:18.312 INFO:teuthology.orchestra.run.smithi007.stdout:/usr/bin/ceph: stderr
2023-12-21T07:50:17.748+0000 7ff3a1052700 1 -- 172.21.15.7:0/3216250354 --> [v2:172.21.15.7:3300/0,v1:172.21.15.7:6789/0] -- mon_subscribe({config=0+,monmap=0+}) v3 -- 0x7ff39c105520 con 0x7ff39c071000
2023-12-21T07:50:18.312 INFO:teuthology.orchestra.run.smithi007.stdout:/usr/bin/ceph: stderr
2023-12-21T07:50:17.749+0000 7ff3a1052700 1 --2- 172.21.15.7:0/3216250354 >> [v2:172.21.15.7:3300/0,v1:172.21.15.7:6789/0] conn(0x7ff39c071000 0x7ff39c104ea0 secure :-1 s=READY pgs=39 cs=0 l=1 rev1=1 crypto rx=0x7ff3980098e0 tx=0x7ff398009250 comp rx=0 tx=0).ready entity=mon.0 client_cookie=5c1963859d45bbce server_cookie=0 in_seq=0 out_seq=0
2023-12-21T07:50:18.312 INFO:teuthology.orchestra.run.smithi007.stdout:/usr/bin/ceph: stderr
2023-12-21T07:50:17.749+0000 7ff393fff700 1 -- 172.21.15.7:0/3216250354 <== mon.0 v2:172.21.15.7:3300/0 1 ==== mon_map magic: 0 v1 ==== 229+0+0 (secure 0 0 0) 0x7ff39800b860 con 0x7ff39c071000
2023-12-21T07:50:18.313 INFO:teuthology.orchestra.run.smithi007.stdout:/usr/bin/ceph: stderr
2023-12-21T07:50:17.749+0000 7ff393fff700 1 -- 172.21.15.7:0/3216250354 <== mon.0 v2:172.21.15.7:3300/0 2 ==== config(26 keys) v1 ==== 1009+0+0 (secure 0 0 0) 0x7ff39800be30 con 0x7ff39c071000
2023-12-21T07:50:18.313 INFO:teuthology.orchestra.run.smithi007.stdout:/usr/bin/ceph: stderr
2023-12-21T07:50:17.749+0000 7ff393fff700 1 -- 172.21.15.7:0/3216250354 <== mon.0 v2:172.21.15.7:3300/0 3 ==== mon_map magic: 0 v1 ==== 229+0+0 (secure 0 0 0) 0x7ff398010380 con 0x7ff39c071000
2023-12-21T07:50:18.313 INFO:teuthology.orchestra.run.smithi007.stdout:/usr/bin/ceph: stderr
2023-12-21T07:50:17.749+0000 7ff3a32b6700 1 -- 172.21.15.7:0/3216250354 >> [v2:172.21.15.7:3300/0,v1:172.21.15.7:6789/0] conn(0x7ff39c071000 msgr2=0x7ff39c104ea0 secure :-1 s=STATE_CONNECTION_ESTABLISHED l=1).mark_down
2023-12-21T07:50:18.313 INFO:teuthology.orchestra.run.smithi007.stdout:/usr/bin/ceph: stderr
2023-12-21T07:50:17.749+0000 7ff3a32b6700 1 --2- 172.21.15.7:0/3216250354 >> [v2:172.21.15.7:3300/0,v1:172.21.15.7:6789/0] conn(0x7ff39c071000 0x7ff39c104ea0 secure :-1 s=READY pgs=39 cs=0 l=1 rev1=1 crypto rx=0x7ff3980098e0 tx=0x7ff398009250 comp rx=0 tx=0).stop
2023-12-21T07:50:18.313 INFO:teuthology.orchestra.run.smithi007.stdout:/usr/bin/ceph: stderr
2023-12-21T07:50:17.749+0000 7ff3a32b6700 1 -- 172.21.15.7:0/3216250354 shutdown_connections
2023-12-21T07:50:18.313 INFO:teuthology.orchestra.run.smithi007.stdout:/usr/bin/ceph: stderr
2023-12-21T07:50:17.749+0000 7ff3a32b6700 1 --2- 172.21.15.7:0/3216250354 >> [v2:172.21.15.7:3300/0,v1:172.21.15.7:6789/0] conn(0x7ff39c071000 0x7ff39c104ea0 unknown :-1 s=CLOSED pgs=39 cs=0 l=1 rev1=1 crypto rx=0 tx=0 comp rx=0 tx=0).stop
2023-12-21T07:50:18.313 INFO:teuthology.orchestra.run.smithi007.stdout:/usr/bin/ceph: stderr
2023-12-21T07:50:17.749+0000 7ff3a32b6700 1 -- 172.21.15.7:0/3216250354 >> 172.21.15.7:0/3216250354 conn(0x7ff39c0fc970 msgr2=0x7ff39c0fed80 unknown :-1 s=STATE_NONE l=0).mark_down
2023-12-21T07:50:18.313 INFO:teuthology.orchestra.run.smithi007.stdout:/usr/bin/ceph: stderr
2023-12-21T07:50:17.750+0000 7ff3a32b6700 1 -- 172.21.15.7:0/3216250354 shutdown_connections
2023-12-21T07:50:18.313 INFO:teuthology.orchestra.run.smithi007.stdout:/usr/bin/ceph: stderr
2023-12-21T07:50:17.750+0000 7ff3a32b6700 1 -- 172.21.15.7:0/3216250354 wait complete.
2023-12-21T07:50:18.313 INFO:teuthology.orchestra.run.smithi007.stdout:/usr/bin/ceph: stderr
2023-12-21T07:50:17.750+0000 7ff3a32b6700 1 Processor -- start
2023-12-21T07:50:18.313 INFO:teuthology.orchestra.run.smithi007.stdout:/usr/bin/ceph: stderr
2023-12-21T07:50:17.750+0000 7ff3a32b6700 1 -- start start
2023-12-21T07:50:18.313 INFO:teuthology.orchestra.run.smithi007.stdout:/usr/bin/ceph: stderr
2023-12-21T07:50:17.750+0000 7ff3a32b6700 1 --2- >> [v2:172.21.15.7:3300/0,v1:172.21.15.7:6789/0] conn(0x7ff39c071000 0x7ff39c111160 unknown :-1 s=NONE pgs=0 cs=0 l=1 rev1=0 crypto rx=0 tx=0 comp rx=0 tx=0).connect
2023-12-21T07:50:18.314 INFO:teuthology.orchestra.run.smithi007.stdout:/usr/bin/ceph: stderr
2023-12-21T07:50:17.750+0000 7ff3a32b6700 1 -- --> [v2:172.21.15.7:3300/0,v1:172.21.15.7:6789/0] -- mon_getmap magic: 0 v1 -- 0x7ff39c1116a0 con 0x7ff39c071000
2023-12-21T07:50:18.314 INFO:teuthology.orchestra.run.smithi007.stdout:/usr/bin/ceph: stderr
2023-12-21T07:50:17.750+0000 7ff3a1052700 1 --2- >> [v2:172.21.15.7:3300/0,v1:172.21.15.7:6789/0] conn(0x7ff39c071000 0x7ff39c111160 unknown :-1 s=BANNER_CONNECTING pgs=0 cs=0 l=1 rev1=0 crypto rx=0 tx=0 comp rx=0 tx=0)._handle_peer_banner_payload supported=3 required=0
2023-12-21T07:50:18.314 INFO:teuthology.orchestra.run.smithi007.stdout:/usr/bin/ceph: stderr
2023-12-21T07:50:17.750+0000 7ff3a1052700 1 --2- >> [v2:172.21.15.7:3300/0,v1:172.21.15.7:6789/0] conn(0x7ff39c071000 0x7ff39c111160 unknown :-1 s=HELLO_CONNECTING pgs=0 cs=0 l=1 rev1=1 crypto rx=0 tx=0 comp rx=0 tx=0).handle_hello peer v2:172.21.15.7:3300/0 says I am v2:172.21.15.7:52824/0 (socket says 172.21.15.7:52824)
2023-12-21T07:50:18.314 INFO:teuthology.orchestra.run.smithi007.stdout:/usr/bin/ceph: stderr
2023-12-21T07:50:17.750+0000 7ff3a1052700 1 -- 172.21.15.7:0/4089613153 learned_addr learned my addr 172.21.15.7:0/4089613153 (peer_addr_for_me v2:172.21.15.7:0/0)
2023-12-21T07:50:18.314 INFO:teuthology.orchestra.run.smithi007.stdout:/usr/bin/ceph: stderr
2023-12-21T07:50:17.751+0000 7ff3a1052700 1 -- 172.21.15.7:0/4089613153 --> [v2:172.21.15.7:3300/0,v1:172.21.15.7:6789/0] -- mon_subscribe({config=0+,monmap=0+}) v3 -- 0x7ff3980094f0 con 0x7ff39c071000
2023-12-21T07:50:18.314 INFO:teuthology.orchestra.run.smithi007.stdout:/usr/bin/ceph: stderr
2023-12-21T07:50:17.751+0000 7ff3a1052700 1 --2- 172.21.15.7:0/4089613153 >> [v2:172.21.15.7:3300/0,v1:172.21.15.7:6789/0] conn(0x7ff39c071000 0x7ff39c111160 secure :-1 s=READY pgs=40 cs=0 l=1 rev1=1 crypto rx=0x7ff398006d40 tx=0x7ff398009250 comp rx=0 tx=0).ready entity=mon.0 client_cookie=0 server_cookie=0 in_seq=0 out_seq=0
2023-12-21T07:50:18.314 INFO:teuthology.orchestra.run.smithi007.stdout:/usr/bin/ceph: stderr
2023-12-21T07:50:17.751+0000 7ff391ffb700 1 -- 172.21.15.7:0/4089613153 <== mon.0 v2:172.21.15.7:3300/0 1 ==== mon_map magic: 0 v1 ==== 229+0+0 (secure 0 0 0) 0x7ff3980109b0 con 0x7ff39c071000
2023-12-21T07:50:18.314 INFO:teuthology.orchestra.run.smithi007.stdout:/usr/bin/ceph: stderr
2023-12-21T07:50:17.751+0000 7ff391ffb700 1 -- 172.21.15.7:0/4089613153 <== mon.0 v2:172.21.15.7:3300/0 2 ==== config(26 keys) v1 ==== 1009+0+0 (secure 0 0 0) 0x7ff398024440 con 0x7ff39c071000
2023-12-21T07:50:18.314 INFO:teuthology.orchestra.run.smithi007.stdout:/usr/bin/ceph: stderr
2023-12-21T07:50:17.751+0000 7ff3a32b6700 1 -- 172.21.15.7:0/4089613153 --> [v2:172.21.15.7:3300/0,v1:172.21.15.7:6789/0] -- mon_subscribe({mgrmap=0+}) v3 -- 0x7ff39c1118a0 con 0x7ff39c071000
2023-12-21T07:50:18.314 INFO:teuthology.orchestra.run.smithi007.stdout:/usr/bin/ceph: stderr
2023-12-21T07:50:17.751+0000 7ff391ffb700 1 -- 172.21.15.7:0/4089613153 <== mon.0 v2:172.21.15.7:3300/0 3 ==== mon_map magic: 0 v1 ==== 229+0+0 (secure 0 0 0) 0x7ff39801a5f0 con 0x7ff39c071000
2023-12-21T07:50:18.314 INFO:teuthology.orchestra.run.smithi007.stdout:/usr/bin/ceph: stderr
2023-12-21T07:50:17.751+0000 7ff3a32b6700 1 -- 172.21.15.7:0/4089613153 --> [v2:172.21.15.7:3300/0,v1:172.21.15.7:6789/0] -- mon_subscribe({osdmap=0}) v3 -- 0x7ff39c111cb0 con 0x7ff39c071000
2023-12-21T07:50:18.314 INFO:teuthology.orchestra.run.smithi007.stdout:/usr/bin/ceph: stderr
2023-12-21T07:50:17.752+0000 7ff391ffb700 1 -- 172.21.15.7:0/4089613153 <== mon.0 v2:172.21.15.7:3300/0 4 ==== mgrmap(e 7) v1 ==== 43175+0+0 (secure 0 0 0) 0x7ff398010b10 con 0x7ff39c071000
2023-12-21T07:50:18.314 INFO:teuthology.orchestra.run.smithi007.stdout:/usr/bin/ceph: stderr
2023-12-21T07:50:17.752+0000 7ff3a32b6700 1 -- 172.21.15.7:0/4089613153 --> [v2:172.21.15.7:3300/0,v1:172.21.15.7:6789/0] -- mon_command({"prefix": "get_command_descriptions"} v 0) v1 -- 0x7ff39c04bb80 con 0x7ff39c071000
2023-12-21T07:50:18.314 INFO:teuthology.orchestra.run.smithi007.stdout:/usr/bin/ceph: stderr
2023-12-21T07:50:17.752+0000 7ff391ffb700 1 --2- 172.21.15.7:0/4089613153 >> [v2:172.21.15.7:6800/1916361051,v1:172.21.15.7:6801/1916361051] conn(0x7ff388036510 0x7ff3880389c0 unknown :-1 s=NONE pgs=0 cs=0 l=1 rev1=0 crypto rx=0 tx=0 comp rx=0 tx=0).connect
2023-12-21T07:50:18.315 INFO:teuthology.orchestra.run.smithi007.stdout:/usr/bin/ceph: stderr
2023-12-21T07:50:17.752+0000 7ff391ffb700 1 -- 172.21.15.7:0/4089613153 <== mon.0 v2:172.21.15.7:3300/0 5 ==== osd_map(2..2 src has 1..2) v4 ==== 936+0+0 (secure 0 0 0) 0x7ff39804a260 con 0x7ff39c071000
2023-12-21T07:50:18.315 INFO:teuthology.orchestra.run.smithi007.stdout:/usr/bin/ceph: stderr
2023-12-21T07:50:17.752+0000 7ff3a0851700 1 --2- 172.21.15.7:0/4089613153 >> [v2:172.21.15.7:6800/1916361051,v1:172.21.15.7:6801/1916361051] conn(0x7ff388036510 0x7ff3880389c0 unknown :-1 s=BANNER_CONNECTING pgs=0 cs=0 l=1 rev1=0 crypto rx=0 tx=0 comp rx=0 tx=0)._handle_peer_banner_payload supported=3 required=0
2023-12-21T07:50:18.315 INFO:teuthology.orchestra.run.smithi007.stdout:/usr/bin/ceph: stderr
2023-12-21T07:50:17.753+0000 7ff3a0851700 1 --2- 172.21.15.7:0/4089613153 >> [v2:172.21.15.7:6800/1916361051,v1:172.21.15.7:6801/1916361051] conn(0x7ff388036510 0x7ff3880389c0 secure :-1 s=READY pgs=8 cs=0 l=1 rev1=1 crypto rx=0x7ff38c009990 tx=0x7ff38c006e40 comp rx=0 tx=0).ready entity=mgr.14120 client_cookie=0 server_cookie=0 in_seq=0 out_seq=0
2023-12-21T07:50:18.315 INFO:teuthology.orchestra.run.smithi007.stdout:/usr/bin/ceph: stderr
2023-12-21T07:50:17.757+0000 7ff391ffb700 1 -- 172.21.15.7:0/4089613153 <== mon.0 v2:172.21.15.7:3300/0 6 ==== mon_command_ack([{"prefix": "get_command_descriptions"}]=0 v0) v1 ==== 72+0+174570 (secure 0 0 0) 0x7ff3980245b0 con 0x7ff39c071000
2023-12-21T07:50:18.315 INFO:teuthology.orchestra.run.smithi007.stdout:/usr/bin/ceph: stderr
2023-12-21T07:50:17.954+0000 7ff3a32b6700 1 -- 172.21.15.7:0/4089613153 --> [v2:172.21.15.7:6800/1916361051,v1:172.21.15.7:6801/1916361051] -- mgr_command(tid 0: {"prefix": "cephadm set-user", "user": "root", "target": ["mon-mgr", ""]}) v1 -- 0x7ff39c10afb0 con 0x7ff388036510
2023-12-21T07:50:18.315 INFO:teuthology.orchestra.run.smithi007.stdout:/usr/bin/ceph: stderr
2023-12-21T07:50:17.954+0000 7ff391ffb700 1 -- 172.21.15.7:0/4089613153 <== mgr.14120 v2:172.21.15.7:6800/1916361051 1 ==== mgr_command_reply(tid 0: 0 ) v1 ==== 8+0+16 (secure 0 0 0) 0x7ff39c10afb0 con 0x7ff388036510
2023-12-21T07:50:18.315 INFO:teuthology.orchestra.run.smithi007.stdout:/usr/bin/ceph: stderr
2023-12-21T07:50:17.956+0000 7ff3a32b6700 1 -- 172.21.15.7:0/4089613153 >> [v2:172.21.15.7:6800/1916361051,v1:172.21.15.7:6801/1916361051] conn(0x7ff388036510 msgr2=0x7ff3880389c0 secure :-1 s=STATE_CONNECTION_ESTABLISHED l=1).mark_down
2023-12-21T07:50:18.315 INFO:teuthology.orchestra.run.smithi007.stdout:/usr/bin/ceph: stderr
2023-12-21T07:50:17.956+0000 7ff3a32b6700 1 --2- 172.21.15.7:0/4089613153 >> [v2:172.21.15.7:6800/1916361051,v1:172.21.15.7:6801/1916361051] conn(0x7ff388036510 0x7ff3880389c0 secure :-1 s=READY pgs=8 cs=0 l=1 rev1=1 crypto rx=0x7ff38c009990 tx=0x7ff38c006e40 comp rx=0 tx=0).stop
2023-12-21T07:50:18.315 INFO:teuthology.orchestra.run.smithi007.stdout:/usr/bin/ceph: stderr
2023-12-21T07:50:17.956+0000 7ff3a32b6700 1 -- 172.21.15.7:0/4089613153 >> [v2:172.21.15.7:3300/0,v1:172.21.15.7:6789/0] conn(0x7ff39c071000 msgr2=0x7ff39c111160 secure :-1 s=STATE_CONNECTION_ESTABLISHED l=1).mark_down
2023-12-21T07:50:18.315 INFO:teuthology.orchestra.run.smithi007.stdout:/usr/bin/ceph: stderr
2023-12-21T07:50:17.956+0000 7ff3a32b6700 1 --2- 172.21.15.7:0/4089613153 >> [v2:172.21.15.7:3300/0,v1:172.21.15.7:6789/0] conn(0x7ff39c071000 0x7ff39c111160 secure :-1 s=READY pgs=40 cs=0 l=1 rev1=1 crypto rx=0x7ff398006d40 tx=0x7ff398009250 comp rx=0 tx=0).stop
2023-12-21T07:50:18.315 INFO:teuthology.orchestra.run.smithi007.stdout:/usr/bin/ceph: stderr
2023-12-21T07:50:17.957+0000 7ff3a32b6700 1 -- 172.21.15.7:0/4089613153 shutdown_connections
2023-12-21T07:50:18.315 INFO:teuthology.orchestra.run.smithi007.stdout:/usr/bin/ceph: stderr
2023-12-21T07:50:17.957+0000 7ff3a32b6700 1 --2- 172.21.15.7:0/4089613153 >> [v2:172.21.15.7:6800/1916361051,v1:172.21.15.7:6801/1916361051] conn(0x7ff388036510 0x7ff3880389c0 unknown :-1 s=CLOSED pgs=8 cs=0 l=1 rev1=1 crypto rx=0 tx=0 comp rx=0 tx=0).stop
2023-12-21T07:50:18.315 INFO:teuthology.orchestra.run.smithi007.stdout:/usr/bin/ceph: stderr
2023-12-21T07:50:17.957+0000 7ff3a32b6700 1 --2- 172.21.15.7:0/4089613153 >> [v2:172.21.15.7:3300/0,v1:172.21.15.7:6789/0] conn(0x7ff39c071000 0x7ff39c111160 unknown :-1 s=CLOSED pgs=40 cs=0 l=1 rev1=1 crypto rx=0 tx=0 comp rx=0 tx=0).stop
2023-12-21T07:50:18.316 INFO:teuthology.orchestra.run.smithi007.stdout:/usr/bin/ceph: stderr
2023-12-21T07:50:17.957+0000 7ff3a32b6700 1 -- 172.21.15.7:0/4089613153 >> 172.21.15.7:0/4089613153 conn(0x7ff39c0fc970 msgr2=0x7ff39c0fed70 unknown :-1 s=STATE_NONE l=0).mark_down
2023-12-21T07:50:18.316 INFO:teuthology.orchestra.run.smithi007.stdout:/usr/bin/ceph: stderr
2023-12-21T07:50:17.957+0000 7ff3a32b6700 1 -- 172.21.15.7:0/4089613153 shutdown_connections
2023-12-21T07:50:18.316 INFO:teuthology.orchestra.run.smithi007.stdout:/usr/bin/ceph: stderr
2023-12-21T07:50:17.957+0000 7ff3a32b6700 1 -- 172.21.15.7:0/4089613153 wait complete.
2023-12-21T07:50:18.316 INFO:teuthology.orchestra.run.smithi007.stdout:Generating ssh key...
2023-12-21T07:50:19.608 INFO:journalctl@ceph.mon.smithi007.smithi007.stdout:Dec 21 07:50:19 smithi007 ceph-mon[111933]: [21/Dec/2023:07:50:17] ENGINE Serving on https://172.21.15.7:7150
2023-12-21T07:50:19.609 INFO:journalctl@ceph.mon.smithi007.smithi007.stdout:Dec 21 07:50:19 smithi007 ceph-mon[111933]: [21/Dec/2023:07:50:17] ENGINE Bus STARTED
2023-12-21T07:50:19.609 INFO:journalctl@ceph.mon.smithi007.smithi007.stdout:Dec 21 07:50:19 smithi007 ceph-mon[111933]: from='client.14134 -' entity='client.admin' cmd=[{"prefix": "cephadm set-user", "user": "root", "target": ["mon-mgr", ""]}]: dispatch
2023-12-21T07:50:20.180 INFO:teuthology.orchestra.run.smithi007.stdout:/usr/bin/ceph: stderr
2023-12-21T07:50:18.647+0000 7f5fd17d3700 1 Processor -- start
2023-12-21T07:50:20.180 INFO:teuthology.orchestra.run.smithi007.stdout:/usr/bin/ceph: stderr
2023-12-21T07:50:18.647+0000 7f5fd17d3700 1 -- start start
2023-12-21T07:50:20.180 INFO:teuthology.orchestra.run.smithi007.stdout:/usr/bin/ceph: stderr
2023-12-21T07:50:18.648+0000 7f5fd17d3700 1 --2- >> [v2:172.21.15.7:3300/0,v1:172.21.15.7:6789/0] conn(0x7f5fcc070fc0 0x7f5fcc104ee0 unknown :-1 s=NONE pgs=0 cs=0 l=0 rev1=0 crypto rx=0 tx=0 comp rx=0 tx=0).connect
2023-12-21T07:50:20.180 INFO:teuthology.orchestra.run.smithi007.stdout:/usr/bin/ceph: stderr
2023-12-21T07:50:18.648+0000 7f5fd17d3700 1 -- --> [v2:172.21.15.7:3300/0,v1:172.21.15.7:6789/0] -- mon_getmap magic: 0 v1 -- 0x7f5fcc105420 con 0x7f5fcc070fc0
2023-12-21T07:50:20.180 INFO:teuthology.orchestra.run.smithi007.stdout:/usr/bin/ceph: stderr
2023-12-21T07:50:18.648+0000 7f5fcaffd700 1 --2- >> [v2:172.21.15.7:3300/0,v1:172.21.15.7:6789/0] conn(0x7f5fcc070fc0 0x7f5fcc104ee0 unknown :-1 s=BANNER_CONNECTING pgs=0 cs=0 l=0 rev1=0 crypto rx=0 tx=0 comp rx=0 tx=0)._handle_peer_banner_payload supported=3 required=0
2023-12-21T07:50:20.180 INFO:teuthology.orchestra.run.smithi007.stdout:/usr/bin/ceph: stderr
2023-12-21T07:50:18.648+0000 7f5fcaffd700 1 --2- >> [v2:172.21.15.7:3300/0,v1:172.21.15.7:6789/0] conn(0x7f5fcc070fc0 0x7f5fcc104ee0 unknown :-1 s=HELLO_CONNECTING pgs=0 cs=0 l=0 rev1=1 crypto rx=0 tx=0 comp rx=0 tx=0).handle_hello peer v2:172.21.15.7:3300/0 says I am v2:172.21.15.7:52828/0 (socket says 172.21.15.7:52828)
2023-12-21T07:50:20.180 INFO:teuthology.orchestra.run.smithi007.stdout:/usr/bin/ceph: stderr
2023-12-21T07:50:18.648+0000 7f5fcaffd700 1 -- 172.21.15.7:0/3603747505 learned_addr learned my addr 172.21.15.7:0/3603747505 (peer_addr_for_me v2:172.21.15.7:0/0)
2023-12-21T07:50:20.181 INFO:teuthology.orchestra.run.smithi007.stdout:/usr/bin/ceph: stderr
2023-12-21T07:50:18.648+0000 7f5fcaffd700 1 -- 172.21.15.7:0/3603747505 --> [v2:172.21.15.7:3300/0,v1:172.21.15.7:6789/0] -- mon_subscribe({config=0+,monmap=0+}) v3 -- 0x7f5fcc105560 con 0x7f5fcc070fc0
2023-12-21T07:50:20.181 INFO:teuthology.orchestra.run.smithi007.stdout:/usr/bin/ceph: stderr
2023-12-21T07:50:18.648+0000 7f5fcaffd700 1 --2- 172.21.15.7:0/3603747505 >> [v2:172.21.15.7:3300/0,v1:172.21.15.7:6789/0] conn(0x7f5fcc070fc0 0x7f5fcc104ee0 secure :-1 s=READY pgs=41 cs=0 l=1 rev1=1 crypto rx=0x7f5fbc0098e0 tx=0x7f5fbc009250 comp rx=0 tx=0).ready entity=mon.0 client_cookie=be6f1a20e67f4111 server_cookie=0 in_seq=0 out_seq=0
2023-12-21T07:50:20.181 INFO:teuthology.orchestra.run.smithi007.stdout:/usr/bin/ceph: stderr
2023-12-21T07:50:18.648+0000 7f5fc9ffb700 1 -- 172.21.15.7:0/3603747505 <== mon.0 v2:172.21.15.7:3300/0 1 ==== mon_map magic: 0 v1 ==== 229+0+0 (secure 0 0 0) 0x7f5fbc00b860 con 0x7f5fcc070fc0
2023-12-21T07:50:20.181 INFO:teuthology.orchestra.run.smithi007.stdout:/usr/bin/ceph: stderr
2023-12-21T07:50:18.648+0000 7f5fc9ffb700 1 -- 172.21.15.7:0/3603747505 <== mon.0 v2:172.21.15.7:3300/0 2 ==== config(26 keys) v1 ==== 1009+0+0 (secure 0 0 0) 0x7f5fbc00be30 con 0x7f5fcc070fc0
2023-12-21T07:50:20.181 INFO:teuthology.orchestra.run.smithi007.stdout:/usr/bin/ceph: stderr
2023-12-21T07:50:18.648+0000 7f5fc9ffb700 1 -- 172.21.15.7:0/3603747505 <== mon.0 v2:172.21.15.7:3300/0 3 ==== mon_map magic: 0 v1 ==== 229+0+0 (secure 0 0 0) 0x7f5fbc010380 con 0x7f5fcc070fc0
2023-12-21T07:50:20.181 INFO:teuthology.orchestra.run.smithi007.stdout:/usr/bin/ceph: stderr
2023-12-21T07:50:18.649+0000 7f5fd17d3700 1 -- 172.21.15.7:0/3603747505 >> [v2:172.21.15.7:3300/0,v1:172.21.15.7:6789/0] conn(0x7f5fcc070fc0 msgr2=0x7f5fcc104ee0 secure :-1 s=STATE_CONNECTION_ESTABLISHED l=1).mark_down
2023-12-21T07:50:20.181 INFO:teuthology.orchestra.run.smithi007.stdout:/usr/bin/ceph: stderr
2023-12-21T07:50:18.649+0000 7f5fd17d3700 1 --2- 172.21.15.7:0/3603747505 >> [v2:172.21.15.7:3300/0,v1:172.21.15.7:6789/0] conn(0x7f5fcc070fc0 0x7f5fcc104ee0 secure :-1 s=READY pgs=41 cs=0 l=1 rev1=1 crypto rx=0x7f5fbc0098e0 tx=0x7f5fbc009250 comp rx=0 tx=0).stop
2023-12-21T07:50:20.181 INFO:teuthology.orchestra.run.smithi007.stdout:/usr/bin/ceph: stderr
2023-12-21T07:50:18.649+0000 7f5fd17d3700 1 -- 172.21.15.7:0/3603747505 shutdown_connections
2023-12-21T07:50:20.181 INFO:teuthology.orchestra.run.smithi007.stdout:/usr/bin/ceph: stderr
2023-12-21T07:50:18.649+0000 7f5fd17d3700 1 --2- 172.21.15.7:0/3603747505 >> [v2:172.21.15.7:3300/0,v1:172.21.15.7:6789/0] conn(0x7f5fcc070fc0 0x7f5fcc104ee0 unknown :-1 s=CLOSED pgs=41 cs=0 l=1 rev1=1 crypto rx=0 tx=0 comp rx=0 tx=0).stop
2023-12-21T07:50:20.182 INFO:teuthology.orchestra.run.smithi007.stdout:/usr/bin/ceph: stderr
2023-12-21T07:50:18.649+0000 7f5fd17d3700 1 -- 172.21.15.7:0/3603747505 >> 172.21.15.7:0/3603747505 conn(0x7f5fcc0fc970 msgr2=0x7f5fcc0fed80 unknown :-1 s=STATE_NONE l=0).mark_down
2023-12-21T07:50:20.182 INFO:teuthology.orchestra.run.smithi007.stdout:/usr/bin/ceph: stderr
2023-12-21T07:50:18.649+0000 7f5fd17d3700 1 -- 172.21.15.7:0/3603747505 shutdown_connections
2023-12-21T07:50:20.182 INFO:teuthology.orchestra.run.smithi007.stdout:/usr/bin/ceph: stderr
2023-12-21T07:50:18.649+0000 7f5fd17d3700 1 -- 172.21.15.7:0/3603747505 wait complete.
2023-12-21T07:50:20.182 INFO:teuthology.orchestra.run.smithi007.stdout:/usr/bin/ceph: stderr
2023-12-21T07:50:18.650+0000 7f5fd17d3700 1 Processor -- start
2023-12-21T07:50:20.182 INFO:teuthology.orchestra.run.smithi007.stdout:/usr/bin/ceph: stderr
2023-12-21T07:50:18.650+0000 7f5fd17d3700 1 -- start start
2023-12-21T07:50:20.182 INFO:teuthology.orchestra.run.smithi007.stdout:/usr/bin/ceph: stderr
2023-12-21T07:50:18.650+0000 7f5fd17d3700 1 --2- >> [v2:172.21.15.7:3300/0,v1:172.21.15.7:6789/0] conn(0x7f5fcc070fc0 0x7f5fcc111180 unknown :-1 s=NONE pgs=0 cs=0 l=1 rev1=0 crypto rx=0 tx=0 comp rx=0 tx=0).connect
2023-12-21T07:50:20.182 INFO:teuthology.orchestra.run.smithi007.stdout:/usr/bin/ceph: stderr
2023-12-21T07:50:18.650+0000 7f5fd17d3700 1 -- --> [v2:172.21.15.7:3300/0,v1:172.21.15.7:6789/0] -- mon_getmap magic: 0 v1 -- 0x7f5fcc1116c0 con 0x7f5fcc070fc0
2023-12-21T07:50:20.182 INFO:teuthology.orchestra.run.smithi007.stdout:/usr/bin/ceph: stderr
2023-12-21T07:50:18.650+0000 7f5fcaffd700 1 --2- >> [v2:172.21.15.7:3300/0,v1:172.21.15.7:6789/0] conn(0x7f5fcc070fc0 0x7f5fcc111180 unknown :-1 s=BANNER_CONNECTING pgs=0 cs=0 l=1 rev1=0 crypto rx=0 tx=0 comp rx=0 tx=0)._handle_peer_banner_payload supported=3 required=0
2023-12-21T07:50:20.182 INFO:teuthology.orchestra.run.smithi007.stdout:/usr/bin/ceph: stderr
2023-12-21T07:50:18.650+0000 7f5fcaffd700 1 --2- >> [v2:172.21.15.7:3300/0,v1:172.21.15.7:6789/0] conn(0x7f5fcc070fc0 0x7f5fcc111180 unknown :-1 s=HELLO_CONNECTING pgs=0 cs=0 l=1 rev1=1 crypto rx=0 tx=0 comp rx=0 tx=0).handle_hello peer v2:172.21.15.7:3300/0 says I am v2:172.21.15.7:52834/0 (socket says 172.21.15.7:52834)
2023-12-21T07:50:20.182 INFO:teuthology.orchestra.run.smithi007.stdout:/usr/bin/ceph: stderr
2023-12-21T07:50:18.650+0000 7f5fcaffd700 1 -- 172.21.15.7:0/2868683525 learned_addr learned my addr 172.21.15.7:0/2868683525 (peer_addr_for_me v2:172.21.15.7:0/0)
2023-12-21T07:50:20.183 INFO:teuthology.orchestra.run.smithi007.stdout:/usr/bin/ceph: stderr
2023-12-21T07:50:18.650+0000 7f5fcaffd700 1 -- 172.21.15.7:0/2868683525 --> [v2:172.21.15.7:3300/0,v1:172.21.15.7:6789/0] -- mon_subscribe({config=0+,monmap=0+}) v3 -- 0x7f5fbc0094f0 con 0x7f5fcc070fc0
2023-12-21T07:50:20.183 INFO:teuthology.orchestra.run.smithi007.stdout:/usr/bin/ceph: stderr
2023-12-21T07:50:18.651+0000 7f5fcaffd700 1 --2- 172.21.15.7:0/2868683525 >> [v2:172.21.15.7:3300/0,v1:172.21.15.7:6789/0] conn(0x7f5fcc070fc0 0x7f5fcc111180 secure :-1 s=READY pgs=42 cs=0 l=1 rev1=1 crypto rx=0x7f5fbc006b00 tx=0x7f5fbc009250 comp rx=0 tx=0).ready entity=mon.0 client_cookie=0 server_cookie=0 in_seq=0 out_seq=0
2023-12-21T07:50:20.183 INFO:teuthology.orchestra.run.smithi007.stdout:/usr/bin/ceph: stderr
2023-12-21T07:50:18.651+0000 7f5fc37fe700 1 -- 172.21.15.7:0/2868683525 <== mon.0 v2:172.21.15.7:3300/0 1 ==== mon_map magic: 0 v1 ==== 229+0+0 (secure 0 0 0) 0x7f5fbc010a80 con 0x7f5fcc070fc0
2023-12-21T07:50:20.183 INFO:teuthology.orchestra.run.smithi007.stdout:/usr/bin/ceph: stderr
2023-12-21T07:50:18.651+0000 7f5fc37fe700 1 -- 172.21.15.7:0/2868683525 <== mon.0 v2:172.21.15.7:3300/0 2 ==== config(26 keys) v1 ==== 1009+0+0 (secure 0 0 0) 0x7f5fbc01a430 con 0x7f5fcc070fc0
2023-12-21T07:50:20.183 INFO:teuthology.orchestra.run.smithi007.stdout:/usr/bin/ceph: stderr
2023-12-21T07:50:18.651+0000 7f5fc37fe700 1 -- 172.21.15.7:0/2868683525 <== mon.0 v2:172.21.15.7:3300/0 3 ==== mon_map magic: 0 v1 ==== 229+0+0 (secure 0 0 0) 0x7f5fbc0245b0 con 0x7f5fcc070fc0
2023-12-21T07:50:20.183 INFO:teuthology.orchestra.run.smithi007.stdout:/usr/bin/ceph: stderr
2023-12-21T07:50:18.651+0000 7f5fd17d3700 1 -- 172.21.15.7:0/2868683525 --> [v2:172.21.15.7:3300/0,v1:172.21.15.7:6789/0] -- mon_subscribe({mgrmap=0+}) v3 -- 0x7f5fcc1118c0 con 0x7f5fcc070fc0
2023-12-21T07:50:20.183 INFO:teuthology.orchestra.run.smithi007.stdout:/usr/bin/ceph: stderr
2023-12-21T07:50:18.651+0000 7f5fd17d3700 1 -- 172.21.15.7:0/2868683525 --> [v2:172.21.15.7:3300/0,v1:172.21.15.7:6789/0] -- mon_subscribe({osdmap=0}) v3 -- 0x7f5fcc111cd0 con 0x7f5fcc070fc0
2023-12-21T07:50:20.183 INFO:teuthology.orchestra.run.smithi007.stdout:/usr/bin/ceph: stderr
2023-12-21T07:50:18.652+0000 7f5fc37fe700 1 -- 172.21.15.7:0/2868683525 <== mon.0 v2:172.21.15.7:3300/0 4 ==== mgrmap(e 8) v1 ==== 43281+0+0 (secure 0 0 0) 0x7f5fbc010be0 con 0x7f5fcc070fc0
2023-12-21T07:50:20.183 INFO:teuthology.orchestra.run.smithi007.stdout:/usr/bin/ceph: stderr
2023-12-21T07:50:18.652+0000 7f5fc37fe700 1 --2- 172.21.15.7:0/2868683525 >> [v2:172.21.15.7:6800/1916361051,v1:172.21.15.7:6801/1916361051] conn(0x7f5fb8036640 0x7f5fb8038af0 unknown :-1 s=NONE pgs=0 cs=0 l=1 rev1=0 crypto rx=0 tx=0 comp rx=0 tx=0).connect
2023-12-21T07:50:20.183 INFO:teuthology.orchestra.run.smithi007.stdout:/usr/bin/ceph: stderr
2023-12-21T07:50:18.652+0000 7f5fd17d3700 1 -- 172.21.15.7:0/2868683525 --> [v2:172.21.15.7:3300/0,v1:172.21.15.7:6789/0] -- mon_command({"prefix": "get_command_descriptions"} v 0) v1 -- 0x7f5fcc04bb80 con 0x7f5fcc070fc0
2023-12-21T07:50:20.184 INFO:teuthology.orchestra.run.smithi007.stdout:/usr/bin/ceph: stderr
2023-12-21T07:50:18.652+0000 7f5fc37fe700 1 -- 172.21.15.7:0/2868683525 <== mon.0 v2:172.21.15.7:3300/0 5 ==== osd_map(2..2 src has 1..2) v4 ==== 936+0+0 (secure 0 0 0) 0x7f5fbc04aad0 con 0x7f5fcc070fc0
2023-12-21T07:50:20.184 INFO:teuthology.orchestra.run.smithi007.stdout:/usr/bin/ceph: stderr
2023-12-21T07:50:18.652+0000 7f5fca7fc700 1 --2- 172.21.15.7:0/2868683525 >> [v2:172.21.15.7:6800/1916361051,v1:172.21.15.7:6801/1916361051] conn(0x7f5fb8036640 0x7f5fb8038af0 unknown :-1 s=BANNER_CONNECTING pgs=0 cs=0 l=1 rev1=0 crypto rx=0 tx=0 comp rx=0 tx=0)._handle_peer_banner_payload supported=3 required=0
2023-12-21T07:50:20.184 INFO:teuthology.orchestra.run.smithi007.stdout:/usr/bin/ceph: stderr
2023-12-21T07:50:18.652+0000 7f5fca7fc700 1 --2- 172.21.15.7:0/2868683525 >> [v2:172.21.15.7:6800/1916361051,v1:172.21.15.7:6801/1916361051] conn(0x7f5fb8036640 0x7f5fb8038af0 secure :-1 s=READY pgs=9 cs=0 l=1 rev1=1 crypto rx=0x7f5fb4009990 tx=0x7f5fb4006e40 comp rx=0 tx=0).ready entity=mgr.14120 client_cookie=0 server_cookie=0 in_seq=0 out_seq=0
2023-12-21T07:50:20.184 INFO:teuthology.orchestra.run.smithi007.stdout:/usr/bin/ceph: stderr
2023-12-21T07:50:18.657+0000 7f5fc37fe700 1 -- 172.21.15.7:0/2868683525 <== mon.0 v2:172.21.15.7:3300/0 6 ==== mon_command_ack([{"prefix": "get_command_descriptions"}]=0 v0) v1 ==== 72+0+174570 (secure 0 0 0) 0x7f5fbc03fe60 con 0x7f5fcc070fc0
2023-12-21T07:50:20.184 INFO:teuthology.orchestra.run.smithi007.stdout:/usr/bin/ceph: stderr
2023-12-21T07:50:18.858+0000 7f5fd17d3700 1 -- 172.21.15.7:0/2868683525 --> [v2:172.21.15.7:6800/1916361051,v1:172.21.15.7:6801/1916361051] -- mgr_command(tid 0: {"prefix": "cephadm generate-key", "target": ["mon-mgr", ""]}) v1 -- 0x7f5fcc10afb0 con 0x7f5fb8036640
2023-12-21T07:50:20.184 INFO:teuthology.orchestra.run.smithi007.stdout:/usr/bin/ceph: stderr
2023-12-21T07:50:19.823+0000 7f5fc37fe700 1 -- 172.21.15.7:0/2868683525 <== mgr.14120 v2:172.21.15.7:6800/1916361051 1 ==== mgr_command_reply(tid 0: 0 ) v1 ==== 8+0+0 (secure 0 0 0) 0x7f5fcc10afb0 con 0x7f5fb8036640
2023-12-21T07:50:20.184 INFO:teuthology.orchestra.run.smithi007.stdout:/usr/bin/ceph: stderr
2023-12-21T07:50:19.825+0000 7f5fd17d3700 1 -- 172.21.15.7:0/2868683525 >> [v2:172.21.15.7:6800/1916361051,v1:172.21.15.7:6801/1916361051] conn(0x7f5fb8036640 msgr2=0x7f5fb8038af0 secure :-1 s=STATE_CONNECTION_ESTABLISHED l=1).mark_down
2023-12-21T07:50:20.184 INFO:teuthology.orchestra.run.smithi007.stdout:/usr/bin/ceph: stderr
2023-12-21T07:50:19.825+0000 7f5fd17d3700 1 --2- 172.21.15.7:0/2868683525 >> [v2:172.21.15.7:6800/1916361051,v1:172.21.15.7:6801/1916361051] conn(0x7f5fb8036640 0x7f5fb8038af0 secure :-1 s=READY pgs=9 cs=0 l=1 rev1=1 crypto rx=0x7f5fb4009990 tx=0x7f5fb4006e40 comp rx=0 tx=0).stop
2023-12-21T07:50:20.184 INFO:teuthology.orchestra.run.smithi007.stdout:/usr/bin/ceph: stderr
2023-12-21T07:50:19.825+0000 7f5fd17d3700 1 -- 172.21.15.7:0/2868683525 >> [v2:172.21.15.7:3300/0,v1:172.21.15.7:6789/0] conn(0x7f5fcc070fc0 msgr2=0x7f5fcc111180 secure :-1 s=STATE_CONNECTION_ESTABLISHED l=1).mark_down
2023-12-21T07:50:20.184 INFO:teuthology.orchestra.run.smithi007.stdout:/usr/bin/ceph: stderr
2023-12-21T07:50:19.825+0000 7f5fd17d3700 1 --2- 172.21.15.7:0/2868683525 >> [v2:172.21.15.7:3300/0,v1:172.21.15.7:6789/0] conn(0x7f5fcc070fc0 0x7f5fcc111180 secure :-1 s=READY pgs=42 cs=0 l=1 rev1=1 crypto rx=0x7f5fbc006b00 tx=0x7f5fbc009250 comp rx=0 tx=0).stop
2023-12-21T07:50:20.184 INFO:teuthology.orchestra.run.smithi007.stdout:/usr/bin/ceph: stderr
2023-12-21T07:50:19.825+0000 7f5fd17d3700 1 -- 172.21.15.7:0/2868683525 shutdown_connections
2023-12-21T07:50:20.185 INFO:teuthology.orchestra.run.smithi007.stdout:/usr/bin/ceph: stderr
2023-12-21T07:50:19.825+0000 7f5fd17d3700 1 --2- 172.21.15.7:0/2868683525 >> [v2:172.21.15.7:6800/1916361051,v1:172.21.15.7:6801/1916361051] conn(0x7f5fb8036640 0x7f5fb8038af0 unknown :-1 s=CLOSED pgs=9 cs=0 l=1 rev1=1 crypto rx=0 tx=0 comp rx=0 tx=0).stop
2023-12-21T07:50:20.185 INFO:teuthology.orchestra.run.smithi007.stdout:/usr/bin/ceph: stderr
2023-12-21T07:50:19.825+0000 7f5fd17d3700 1 --2- 172.21.15.7:0/2868683525 >> [v2:172.21.15.7:3300/0,v1:172.21.15.7:6789/0] conn(0x7f5fcc070fc0 0x7f5fcc111180 unknown :-1 s=CLOSED pgs=42 cs=0 l=1 rev1=1 crypto rx=0 tx=0 comp rx=0 tx=0).stop
2023-12-21T07:50:20.185 INFO:teuthology.orchestra.run.smithi007.stdout:/usr/bin/ceph: stderr
2023-12-21T07:50:19.825+0000 7f5fd17d3700 1 -- 172.21.15.7:0/2868683525 >> 172.21.15.7:0/2868683525 conn(0x7f5fcc0fc970 msgr2=0x7f5fcc0fe190 unknown :-1 s=STATE_NONE l=0).mark_down
2023-12-21T07:50:20.185 INFO:teuthology.orchestra.run.smithi007.stdout:/usr/bin/ceph: stderr
2023-12-21T07:50:19.825+0000 7f5fd17d3700 1 -- 172.21.15.7:0/2868683525 shutdown_connections
2023-12-21T07:50:20.185 INFO:teuthology.orchestra.run.smithi007.stdout:/usr/bin/ceph: stderr
2023-12-21T07:50:19.825+0000 7f5fd17d3700 1 -- 172.21.15.7:0/2868683525 wait complete.
2023-12-21T07:50:20.358 INFO:journalctl@ceph.mon.smithi007.smithi007.stdout:Dec 21 07:50:20 smithi007 ceph-mon[111933]: from='client.14136 -' entity='client.admin' cmd=[{"prefix": "cephadm generate-key", "target": ["mon-mgr", ""]}]: dispatch
2023-12-21T07:50:20.359 INFO:journalctl@ceph.mon.smithi007.smithi007.stdout:Dec 21 07:50:20 smithi007 ceph-mon[111933]: Generating ssh key...
2023-12-21T07:50:20.359 INFO:journalctl@ceph.mon.smithi007.smithi007.stdout:Dec 21 07:50:20 smithi007 ceph-mon[111933]: from='mgr.14120 172.21.15.7:0/1642819774' entity='mgr.smithi007.qpxgac'
2023-12-21T07:50:20.359 INFO:journalctl@ceph.mon.smithi007.smithi007.stdout:Dec 21 07:50:20 smithi007 ceph-mon[111933]: from='mgr.14120 172.21.15.7:0/1642819774' entity='mgr.smithi007.qpxgac'
2023-12-21T07:50:21.353 INFO:teuthology.orchestra.run.smithi007.stdout:/usr/bin/ceph: stdout ssh-rsa AAAAB3NzaC1yc2EAAAADAQABAAABgQDEBRqskJ4hJnB9V/y7z9RfcCjaqZ7rgM8Wdk6m4SsgTyZxWEVoEF4Ctyhrxg0bR8txiIdi9Ef1ej6zM/UWNrebcMiqPcpUisruK3ZMB9YEidj9VygaN3H4hveDKY2KaeVUHaoQl7mLnf8s4sn5n1erjBXmmDKCdRh3wLKYKEDpjHGnVQrd1g5a01D5Bk5SVDZ/XB0jaivHvoE+9tzPR2TjP5hA7GNJbsRv4ixOB4ffaCAZUdpGO53MMpN0SxwV77qL2A4+jTDf3lql2zZTbWZmv0jAuyBZBP1tFQyNhC+ZJa9OoN68nhBUPXYKfLQ61s2DQnRmvlZSSFNjUet8cbO1CtZNm+UvFPx+DBvPnYhsHVKIxTJF0oOakCxRt7elOnVj3bX17m6tzfIeSSwst96tAx1RnTHHGwyg//rjodeZbZXAquCIFuOUxq9lJQZkAjWRGqNAQ1EUcv1759EBJZ3xR5uPWueRRdxvpLGtU/VPdD1z0l68ZYnRPkp4YCMEDZM= ceph-6d6af806-9fd5-11ee-95a5-87774f69a715
2023-12-21T07:50:21.353 INFO:teuthology.orchestra.run.smithi007.stdout:/usr/bin/ceph: stderr
2023-12-21T07:50:20.787+0000 7f9a81b36700 1 Processor -- start
2023-12-21T07:50:21.353 INFO:teuthology.orchestra.run.smithi007.stdout:/usr/bin/ceph: stderr
2023-12-21T07:50:20.787+0000 7f9a81b36700 1 -- start start
2023-12-21T07:50:21.353 INFO:teuthology.orchestra.run.smithi007.stdout:/usr/bin/ceph: stderr
2023-12-21T07:50:20.787+0000 7f9a81b36700 1 --2- >> [v2:172.21.15.7:3300/0,v1:172.21.15.7:6789/0] conn(0x7f9a7c1011d0 0x7f9a7c1015e0 unknown :-1 s=NONE pgs=0 cs=0 l=0 rev1=0 crypto rx=0 tx=0 comp rx=0 tx=0).connect
2023-12-21T07:50:21.353 INFO:teuthology.orchestra.run.smithi007.stdout:/usr/bin/ceph: stderr
2023-12-21T07:50:20.787+0000 7f9a81b36700 1 -- --> [v2:172.21.15.7:3300/0,v1:172.21.15.7:6789/0] -- mon_getmap magic: 0 v1 -- 0x7f9a7c101b20 con 0x7f9a7c1011d0
2023-12-21T07:50:21.353 INFO:teuthology.orchestra.run.smithi007.stdout:/usr/bin/ceph: stderr
2023-12-21T07:50:20.787+0000 7f9a7b7fe700 1 --2- >> [v2:172.21.15.7:3300/0,v1:172.21.15.7:6789/0] conn(0x7f9a7c1011d0 0x7f9a7c1015e0 unknown :-1 s=BANNER_CONNECTING pgs=0 cs=0 l=0 rev1=0 crypto rx=0 tx=0 comp rx=0 tx=0)._handle_peer_banner_payload supported=3 required=0
2023-12-21T07:50:21.353 INFO:teuthology.orchestra.run.smithi007.stdout:/usr/bin/ceph: stderr
2023-12-21T07:50:20.787+0000 7f9a7b7fe700 1 --2- >> [v2:172.21.15.7:3300/0,v1:172.21.15.7:6789/0] conn(0x7f9a7c1011d0 0x7f9a7c1015e0 unknown :-1 s=HELLO_CONNECTING pgs=0 cs=0 l=0 rev1=1 crypto rx=0 tx=0 comp rx=0 tx=0).handle_hello peer v2:172.21.15.7:3300/0 says I am v2:172.21.15.7:42968/0 (socket says 172.21.15.7:42968)
2023-12-21T07:50:21.353 INFO:teuthology.orchestra.run.smithi007.stdout:/usr/bin/ceph: stderr
