2023-12-21T07:50:10.341 INFO:teuthology.orchestra.run.smithi007.stdout:/usr/bin/ceph: stderr
2023-12-21T07:50:08.022+0000 7f23059c3700 1 -- 172.21.15.7:0/554469133 wait complete.
2023-12-21T07:50:10.341 INFO:teuthology.orchestra.run.smithi007.stdout:/usr/bin/ceph: stderr
2023-12-21T07:50:08.022+0000 7f23059c3700 1 Processor -- start
2023-12-21T07:50:10.342 INFO:teuthology.orchestra.run.smithi007.stdout:/usr/bin/ceph: stderr
2023-12-21T07:50:08.023+0000 7f23059c3700 1 -- start start
2023-12-21T07:50:10.342 INFO:teuthology.orchestra.run.smithi007.stdout:/usr/bin/ceph: stderr
2023-12-21T07:50:08.023+0000 7f23059c3700 1 --2- >> [v2:172.21.15.7:3300/0,v1:172.21.15.7:6789/0] conn(0x7f23001027d0 0x7f230010eed0 unknown :-1 s=NONE pgs=0 cs=0 l=1 rev1=0 crypto rx=0 tx=0 comp rx=0 tx=0).connect
2023-12-21T07:50:10.342 INFO:teuthology.orchestra.run.smithi007.stdout:/usr/bin/ceph: stderr
2023-12-21T07:50:08.023+0000 7f23059c3700 1 -- --> [v2:172.21.15.7:3300/0,v1:172.21.15.7:6789/0] -- mon_getmap magic: 0 v1 -- 0x7f230010f410 con 0x7f23001027d0
2023-12-21T07:50:10.342 INFO:teuthology.orchestra.run.smithi007.stdout:/usr/bin/ceph: stderr
2023-12-21T07:50:08.023+0000 7f22feffd700 1 --2- >> [v2:172.21.15.7:3300/0,v1:172.21.15.7:6789/0] conn(0x7f23001027d0 0x7f230010eed0 unknown :-1 s=BANNER_CONNECTING pgs=0 cs=0 l=1 rev1=0 crypto rx=0 tx=0 comp rx=0 tx=0)._handle_peer_banner_payload supported=3 required=0
2023-12-21T07:50:10.342 INFO:teuthology.orchestra.run.smithi007.stdout:/usr/bin/ceph: stderr
2023-12-21T07:50:08.023+0000 7f22feffd700 1 --2- >> [v2:172.21.15.7:3300/0,v1:172.21.15.7:6789/0] conn(0x7f23001027d0 0x7f230010eed0 unknown :-1 s=HELLO_CONNECTING pgs=0 cs=0 l=1 rev1=1 crypto rx=0 tx=0 comp rx=0 tx=0).handle_hello peer v2:172.21.15.7:3300/0 says I am v2:172.21.15.7:38420/0 (socket says 172.21.15.7:38420)
2023-12-21T07:50:10.342 INFO:teuthology.orchestra.run.smithi007.stdout:/usr/bin/ceph: stderr
2023-12-21T07:50:08.023+0000 7f22feffd700 1 -- 172.21.15.7:0/235448218 learned_addr learned my addr 172.21.15.7:0/235448218 (peer_addr_for_me v2:172.21.15.7:0/0)
2023-12-21T07:50:10.342 INFO:teuthology.orchestra.run.smithi007.stdout:/usr/bin/ceph: stderr
2023-12-21T07:50:08.023+0000 7f22feffd700 1 -- 172.21.15.7:0/235448218 --> [v2:172.21.15.7:3300/0,v1:172.21.15.7:6789/0] -- mon_subscribe({config=0+,monmap=0+}) v3 -- 0x7f22f000b790 con 0x7f23001027d0
2023-12-21T07:50:10.342 INFO:teuthology.orchestra.run.smithi007.stdout:/usr/bin/ceph: stderr
2023-12-21T07:50:08.023+0000 7f22feffd700 1 --2- 172.21.15.7:0/235448218 >> [v2:172.21.15.7:3300/0,v1:172.21.15.7:6789/0] conn(0x7f23001027d0 0x7f230010eed0 secure :-1 s=READY pgs=23 cs=0 l=1 rev1=1 crypto rx=0x7f22f0006d40 tx=0x7f22f000b4f0 comp rx=0 tx=0).ready entity=mon.0 client_cookie=0 server_cookie=0 in_seq=0 out_seq=0
2023-12-21T07:50:10.342 INFO:teuthology.orchestra.run.smithi007.stdout:/usr/bin/ceph: stderr
2023-12-21T07:50:08.023+0000 7f22f77fe700 1 -- 172.21.15.7:0/235448218 <== mon.0 v2:172.21.15.7:3300/0 1 ==== mon_map magic: 0 v1 ==== 229+0+0 (secure 0 0 0) 0x7f22f0010a00 con 0x7f23001027d0
2023-12-21T07:50:10.342 INFO:teuthology.orchestra.run.smithi007.stdout:/usr/bin/ceph: stderr
2023-12-21T07:50:08.023+0000 7f22f77fe700 1 -- 172.21.15.7:0/235448218 <== mon.0 v2:172.21.15.7:3300/0 2 ==== config(26 keys) v1 ==== 1009+0+0 (secure 0 0 0) 0x7f22f001d050 con 0x7f23001027d0
2023-12-21T07:50:10.343 INFO:teuthology.orchestra.run.smithi007.stdout:/usr/bin/ceph: stderr
2023-12-21T07:50:08.023+0000 7f23059c3700 1 -- 172.21.15.7:0/235448218 --> [v2:172.21.15.7:3300/0,v1:172.21.15.7:6789/0] -- mon_subscribe({mgrmap=0+}) v3 -- 0x7f230010f610 con 0x7f23001027d0
2023-12-21T07:50:10.343 INFO:teuthology.orchestra.run.smithi007.stdout:/usr/bin/ceph: stderr
2023-12-21T07:50:08.023+0000 7f22f77fe700 1 -- 172.21.15.7:0/235448218 <== mon.0 v2:172.21.15.7:3300/0 3 ==== mon_map magic: 0 v1 ==== 229+0+0 (secure 0 0 0) 0x7f22f0022590 con 0x7f23001027d0
2023-12-21T07:50:10.343 INFO:teuthology.orchestra.run.smithi007.stdout:/usr/bin/ceph: stderr
2023-12-21T07:50:08.024+0000 7f23059c3700 1 -- 172.21.15.7:0/235448218 --> [v2:172.21.15.7:3300/0,v1:172.21.15.7:6789/0] -- mon_subscribe({osdmap=0}) v3 -- 0x7f230010fa20 con 0x7f23001027d0
2023-12-21T07:50:10.343 INFO:teuthology.orchestra.run.smithi007.stdout:/usr/bin/ceph: stderr
2023-12-21T07:50:08.024+0000 7f22f77fe700 1 -- 172.21.15.7:0/235448218 <== mon.0 v2:172.21.15.7:3300/0 4 ==== mgrmap(e 4) v1 ==== 43270+0+0 (secure 0 0 0) 0x7f22f0023470 con 0x7f23001027d0
2023-12-21T07:50:10.343 INFO:teuthology.orchestra.run.smithi007.stdout:/usr/bin/ceph: stderr
2023-12-21T07:50:08.024+0000 7f22f77fe700 1 --2- 172.21.15.7:0/235448218 >> [v2:172.21.15.7:6800/4223718257,v1:172.21.15.7:6801/4223718257] conn(0x7f22ec0365f0 0x7f22ec038aa0 unknown :-1 s=NONE pgs=0 cs=0 l=1 rev1=0 crypto rx=0 tx=0 comp rx=0 tx=0).connect
2023-12-21T07:50:10.343 INFO:teuthology.orchestra.run.smithi007.stdout:/usr/bin/ceph: stderr
2023-12-21T07:50:08.025+0000 7f22f77fe700 1 -- 172.21.15.7:0/235448218 <== mon.0 v2:172.21.15.7:3300/0 5 ==== osd_map(1..1 src has 1..1) v4 ==== 721+0+0 (secure 0 0 0) 0x7f22f0014070 con 0x7f23001027d0
2023-12-21T07:50:10.343 INFO:teuthology.orchestra.run.smithi007.stdout:/usr/bin/ceph: stderr
2023-12-21T07:50:08.025+0000 7f23059c3700 1 -- 172.21.15.7:0/235448218 --> [v2:172.21.15.7:3300/0,v1:172.21.15.7:6789/0] -- mon_command({"prefix": "get_command_descriptions"} v 0) v1 -- 0x7f230004bb80 con 0x7f23001027d0
2023-12-21T07:50:10.343 INFO:teuthology.orchestra.run.smithi007.stdout:/usr/bin/ceph: stderr
2023-12-21T07:50:08.025+0000 7f22fe7fc700 1 --2- 172.21.15.7:0/235448218 >> [v2:172.21.15.7:6800/4223718257,v1:172.21.15.7:6801/4223718257] conn(0x7f22ec0365f0 0x7f22ec038aa0 unknown :-1 s=BANNER_CONNECTING pgs=0 cs=0 l=1 rev1=0 crypto rx=0 tx=0 comp rx=0 tx=0)._handle_peer_banner_payload supported=3 required=0
2023-12-21T07:50:10.343 INFO:teuthology.orchestra.run.smithi007.stdout:/usr/bin/ceph: stderr
2023-12-21T07:50:08.025+0000 7f22fe7fc700 1 --2- 172.21.15.7:0/235448218 >> [v2:172.21.15.7:6800/4223718257,v1:172.21.15.7:6801/4223718257] conn(0x7f22ec0365f0 0x7f22ec038aa0 secure :-1 s=READY pgs=8 cs=0 l=1 rev1=1 crypto rx=0x7f22e8009990 tx=0x7f22e8006e40 comp rx=0 tx=0).ready entity=mgr.14100 client_cookie=0 server_cookie=0 in_seq=0 out_seq=0
2023-12-21T07:50:10.343 INFO:teuthology.orchestra.run.smithi007.stdout:/usr/bin/ceph: stderr
2023-12-21T07:50:08.029+0000 7f22f77fe700 1 -- 172.21.15.7:0/235448218 <== mon.0 v2:172.21.15.7:3300/0 6 ==== mon_command_ack([{"prefix": "get_command_descriptions"}]=0 v0) v1 ==== 72+0+174570 (secure 0 0 0) 0x7f22f0022c60 con 0x7f23001027d0
2023-12-21T07:50:10.344 INFO:teuthology.orchestra.run.smithi007.stdout:/usr/bin/ceph: stderr
2023-12-21T07:50:08.277+0000 7f23059c3700 1 -- 172.21.15.7:0/235448218 --> [v2:172.21.15.7:3300/0,v1:172.21.15.7:6789/0] -- mon_command({"prefix": "mgr module enable", "module": "cephadm"} v 0) v1 -- 0x7f2300100fe0 con 0x7f23001027d0
2023-12-21T07:50:10.344 INFO:teuthology.orchestra.run.smithi007.stdout:/usr/bin/ceph: stderr
2023-12-21T07:50:08.329+0000 7f22f77fe700 1 -- 172.21.15.7:0/235448218 <== mon.0 v2:172.21.15.7:3300/0 7 ==== mgrmap(e 5) v1 ==== 43281+0+0 (secure 0 0 0) 0x7f22f0022740 con 0x7f23001027d0
2023-12-21T07:50:10.344 INFO:teuthology.orchestra.run.smithi007.stdout:/usr/bin/ceph: stderr
2023-12-21T07:50:08.331+0000 7f22f77fe700 1 -- 172.21.15.7:0/235448218 <== mon.0 v2:172.21.15.7:3300/0 8 ==== mon_command_ack([{"prefix": "mgr module enable", "module": "cephadm"}]=0 v5) v1 ==== 86+0+0 (secure 0 0 0) 0x7f22f000fbc0 con 0x7f23001027d0
2023-12-21T07:50:10.344 INFO:teuthology.orchestra.run.smithi007.stdout:/usr/bin/ceph: stderr
2023-12-21T07:50:08.333+0000 7f23059c3700 1 -- 172.21.15.7:0/235448218 >> [v2:172.21.15.7:6800/4223718257,v1:172.21.15.7:6801/4223718257] conn(0x7f22ec0365f0 msgr2=0x7f22ec038aa0 secure :-1 s=STATE_CONNECTION_ESTABLISHED l=1).mark_down
2023-12-21T07:50:10.344 INFO:teuthology.orchestra.run.smithi007.stdout:/usr/bin/ceph: stderr
2023-12-21T07:50:08.333+0000 7f23059c3700 1 --2- 172.21.15.7:0/235448218 >> [v2:172.21.15.7:6800/4223718257,v1:172.21.15.7:6801/4223718257] conn(0x7f22ec0365f0 0x7f22ec038aa0 secure :-1 s=READY pgs=8 cs=0 l=1 rev1=1 crypto rx=0x7f22e8009990 tx=0x7f22e8006e40 comp rx=0 tx=0).stop
2023-12-21T07:50:10.344 INFO:teuthology.orchestra.run.smithi007.stdout:/usr/bin/ceph: stderr
2023-12-21T07:50:08.333+0000 7f23059c3700 1 -- 172.21.15.7:0/235448218 >> [v2:172.21.15.7:3300/0,v1:172.21.15.7:6789/0] conn(0x7f23001027d0 msgr2=0x7f230010eed0 secure :-1 s=STATE_CONNECTION_ESTABLISHED l=1).mark_down
2023-12-21T07:50:10.344 INFO:teuthology.orchestra.run.smithi007.stdout:/usr/bin/ceph: stderr
2023-12-21T07:50:08.333+0000 7f23059c3700 1 --2- 172.21.15.7:0/235448218 >> [v2:172.21.15.7:3300/0,v1:172.21.15.7:6789/0] conn(0x7f23001027d0 0x7f230010eed0 secure :-1 s=READY pgs=23 cs=0 l=1 rev1=1 crypto rx=0x7f22f0006d40 tx=0x7f22f000b4f0 comp rx=0 tx=0).stop
2023-12-21T07:50:10.344 INFO:teuthology.orchestra.run.smithi007.stdout:/usr/bin/ceph: stderr
2023-12-21T07:50:08.333+0000 7f23059c3700 1 -- 172.21.15.7:0/235448218 shutdown_connections
2023-12-21T07:50:10.344 INFO:teuthology.orchestra.run.smithi007.stdout:/usr/bin/ceph: stderr
2023-12-21T07:50:08.333+0000 7f23059c3700 1 --2- 172.21.15.7:0/235448218 >> [v2:172.21.15.7:6800/4223718257,v1:172.21.15.7:6801/4223718257] conn(0x7f22ec0365f0 0x7f22ec038aa0 unknown :-1 s=CLOSED pgs=8 cs=0 l=1 rev1=1 crypto rx=0 tx=0 comp rx=0 tx=0).stop
2023-12-21T07:50:10.344 INFO:teuthology.orchestra.run.smithi007.stdout:/usr/bin/ceph: stderr
2023-12-21T07:50:08.333+0000 7f23059c3700 1 --2- 172.21.15.7:0/235448218 >> [v2:172.21.15.7:3300/0,v1:172.21.15.7:6789/0] conn(0x7f23001027d0 0x7f230010eed0 unknown :-1 s=CLOSED pgs=23 cs=0 l=1 rev1=1 crypto rx=0 tx=0 comp rx=0 tx=0).stop
2023-12-21T07:50:10.345 INFO:teuthology.orchestra.run.smithi007.stdout:/usr/bin/ceph: stderr
2023-12-21T07:50:08.333+0000 7f23059c3700 1 -- 172.21.15.7:0/235448218 >> 172.21.15.7:0/235448218 conn(0x7f23000fc0b0 msgr2=0x7f23000fe4a0 unknown :-1 s=STATE_NONE l=0).mark_down
2023-12-21T07:50:10.345 INFO:teuthology.orchestra.run.smithi007.stdout:/usr/bin/ceph: stderr
2023-12-21T07:50:08.333+0000 7f23059c3700 1 -- 172.21.15.7:0/235448218 shutdown_connections
2023-12-21T07:50:10.345 INFO:teuthology.orchestra.run.smithi007.stdout:/usr/bin/ceph: stderr
2023-12-21T07:50:08.333+0000 7f23059c3700 1 -- 172.21.15.7:0/235448218 wait complete.
2023-12-21T07:50:12.452 INFO:journalctl@ceph.mon.smithi007.smithi007.stdout:Dec 21 07:50:12 smithi007 ceph-mon[111933]: from='client.? 172.21.15.7:0/3465704623' entity='client.admin' cmd=[{"prefix": "mgr stat"}]: dispatch
2023-12-21T07:50:14.389 INFO:teuthology.orchestra.run.smithi007.stdout:/usr/bin/ceph: stdout {
2023-12-21T07:50:14.389 INFO:teuthology.orchestra.run.smithi007.stdout:/usr/bin/ceph: stdout "epoch": 5,
2023-12-21T07:50:14.389 INFO:teuthology.orchestra.run.smithi007.stdout:/usr/bin/ceph: stdout "available": true,
2023-12-21T07:50:14.389 INFO:teuthology.orchestra.run.smithi007.stdout:/usr/bin/ceph: stdout "active_name": "smithi007.qpxgac",
2023-12-21T07:50:14.390 INFO:teuthology.orchestra.run.smithi007.stdout:/usr/bin/ceph: stdout "num_standby": 0
2023-12-21T07:50:14.390 INFO:teuthology.orchestra.run.smithi007.stdout:/usr/bin/ceph: stdout }
2023-12-21T07:50:14.390 INFO:teuthology.orchestra.run.smithi007.stdout:/usr/bin/ceph: stderr
2023-12-21T07:50:11.884+0000 7fe07839f700 1 Processor -- start
2023-12-21T07:50:14.390 INFO:teuthology.orchestra.run.smithi007.stdout:/usr/bin/ceph: stderr
2023-12-21T07:50:11.884+0000 7fe07839f700 1 -- start start
2023-12-21T07:50:14.390 INFO:teuthology.orchestra.run.smithi007.stdout:/usr/bin/ceph: stderr
2023-12-21T07:50:11.884+0000 7fe07839f700 1 --2- >> [v2:172.21.15.7:3300/0,v1:172.21.15.7:6789/0] conn(0x7fe070076c60 0x7fe070104ea0 unknown :-1 s=NONE pgs=0 cs=0 l=0 rev1=0 crypto rx=0 tx=0 comp rx=0 tx=0).connect
2023-12-21T07:50:14.390 INFO:teuthology.orchestra.run.smithi007.stdout:/usr/bin/ceph: stderr
2023-12-21T07:50:11.884+0000 7fe07839f700 1 -- --> [v2:172.21.15.7:3300/0,v1:172.21.15.7:6789/0] -- mon_getmap magic: 0 v1 -- 0x7fe0701053e0 con 0x7fe070076c60
2023-12-21T07:50:14.390 INFO:teuthology.orchestra.run.smithi007.stdout:/usr/bin/ceph: stderr
2023-12-21T07:50:11.884+0000 7fe07613b700 1 --2- >> [v2:172.21.15.7:3300/0,v1:172.21.15.7:6789/0] conn(0x7fe070076c60 0x7fe070104ea0 unknown :-1 s=BANNER_CONNECTING pgs=0 cs=0 l=0 rev1=0 crypto rx=0 tx=0 comp rx=0 tx=0)._handle_peer_banner_payload supported=3 required=0
2023-12-21T07:50:14.390 INFO:teuthology.orchestra.run.smithi007.stdout:/usr/bin/ceph: stderr
2023-12-21T07:50:11.884+0000 7fe07613b700 1 --2- >> [v2:172.21.15.7:3300/0,v1:172.21.15.7:6789/0] conn(0x7fe070076c60 0x7fe070104ea0 unknown :-1 s=HELLO_CONNECTING pgs=0 cs=0 l=0 rev1=1 crypto rx=0 tx=0 comp rx=0 tx=0).handle_hello peer v2:172.21.15.7:3300/0 says I am v2:172.21.15.7:52686/0 (socket says 172.21.15.7:52686)
2023-12-21T07:50:14.390 INFO:teuthology.orchestra.run.smithi007.stdout:/usr/bin/ceph: stderr
2023-12-21T07:50:11.884+0000 7fe07613b700 1 -- 172.21.15.7:0/3162814251 learned_addr learned my addr 172.21.15.7:0/3162814251 (peer_addr_for_me v2:172.21.15.7:0/0)
2023-12-21T07:50:14.390 INFO:teuthology.orchestra.run.smithi007.stdout:/usr/bin/ceph: stderr
2023-12-21T07:50:11.884+0000 7fe07613b700 1 -- 172.21.15.7:0/3162814251 --> [v2:172.21.15.7:3300/0,v1:172.21.15.7:6789/0] -- mon_subscribe({config=0+,monmap=0+}) v3 -- 0x7fe070105520 con 0x7fe070076c60
2023-12-21T07:50:14.390 INFO:teuthology.orchestra.run.smithi007.stdout:/usr/bin/ceph: stderr
2023-12-21T07:50:11.885+0000 7fe07613b700 1 --2- 172.21.15.7:0/3162814251 >> [v2:172.21.15.7:3300/0,v1:172.21.15.7:6789/0] conn(0x7fe070076c60 0x7fe070104ea0 secure :-1 s=READY pgs=26 cs=0 l=1 rev1=1 crypto rx=0x7fe06c0098e0 tx=0x7fe06c009250 comp rx=0 tx=0).ready entity=mon.0 client_cookie=1461f866066e560b server_cookie=0 in_seq=0 out_seq=0
2023-12-21T07:50:14.391 INFO:teuthology.orchestra.run.smithi007.stdout:/usr/bin/ceph: stderr
2023-12-21T07:50:11.885+0000 7fe075139700 1 -- 172.21.15.7:0/3162814251 <== mon.0 v2:172.21.15.7:3300/0 1 ==== mon_map magic: 0 v1 ==== 229+0+0 (secure 0 0 0) 0x7fe06c00b860 con 0x7fe070076c60
2023-12-21T07:50:14.391 INFO:teuthology.orchestra.run.smithi007.stdout:/usr/bin/ceph: stderr
2023-12-21T07:50:11.885+0000 7fe075139700 1 -- 172.21.15.7:0/3162814251 <== mon.0 v2:172.21.15.7:3300/0 2 ==== config(26 keys) v1 ==== 1009+0+0 (secure 0 0 0) 0x7fe06c00be30 con 0x7fe070076c60
2023-12-21T07:50:14.391 INFO:teuthology.orchestra.run.smithi007.stdout:/usr/bin/ceph: stderr
2023-12-21T07:50:11.885+0000 7fe075139700 1 -- 172.21.15.7:0/3162814251 <== mon.0 v2:172.21.15.7:3300/0 3 ==== mon_map magic: 0 v1 ==== 229+0+0 (secure 0 0 0) 0x7fe06c010380 con 0x7fe070076c60
2023-12-21T07:50:14.391 INFO:teuthology.orchestra.run.smithi007.stdout:/usr/bin/ceph: stderr
2023-12-21T07:50:11.885+0000 7fe07839f700 1 -- 172.21.15.7:0/3162814251 >> [v2:172.21.15.7:3300/0,v1:172.21.15.7:6789/0] conn(0x7fe070076c60 msgr2=0x7fe070104ea0 secure :-1 s=STATE_CONNECTION_ESTABLISHED l=1).mark_down
2023-12-21T07:50:14.391 INFO:teuthology.orchestra.run.smithi007.stdout:/usr/bin/ceph: stderr
2023-12-21T07:50:11.885+0000 7fe07839f700 1 --2- 172.21.15.7:0/3162814251 >> [v2:172.21.15.7:3300/0,v1:172.21.15.7:6789/0] conn(0x7fe070076c60 0x7fe070104ea0 secure :-1 s=READY pgs=26 cs=0 l=1 rev1=1 crypto rx=0x7fe06c0098e0 tx=0x7fe06c009250 comp rx=0 tx=0).stop
2023-12-21T07:50:14.391 INFO:teuthology.orchestra.run.smithi007.stdout:/usr/bin/ceph: stderr
2023-12-21T07:50:11.885+0000 7fe07839f700 1 -- 172.21.15.7:0/3162814251 shutdown_connections
2023-12-21T07:50:14.391 INFO:teuthology.orchestra.run.smithi007.stdout:/usr/bin/ceph: stderr
2023-12-21T07:50:11.885+0000 7fe07839f700 1 --2- 172.21.15.7:0/3162814251 >> [v2:172.21.15.7:3300/0,v1:172.21.15.7:6789/0] conn(0x7fe070076c60 0x7fe070104ea0 unknown :-1 s=CLOSED pgs=26 cs=0 l=1 rev1=1 crypto rx=0 tx=0 comp rx=0 tx=0).stop
2023-12-21T07:50:14.391 INFO:teuthology.orchestra.run.smithi007.stdout:/usr/bin/ceph: stderr
2023-12-21T07:50:11.885+0000 7fe07839f700 1 -- 172.21.15.7:0/3162814251 >> 172.21.15.7:0/3162814251 conn(0x7fe0700fc950 msgr2=0x7fe0700fed60 unknown :-1 s=STATE_NONE l=0).mark_down
2023-12-21T07:50:14.391 INFO:teuthology.orchestra.run.smithi007.stdout:/usr/bin/ceph: stderr
2023-12-21T07:50:11.886+0000 7fe07839f700 1 -- 172.21.15.7:0/3162814251 shutdown_connections
2023-12-21T07:50:14.391 INFO:teuthology.orchestra.run.smithi007.stdout:/usr/bin/ceph: stderr
2023-12-21T07:50:11.886+0000 7fe07839f700 1 -- 172.21.15.7:0/3162814251 wait complete.
2023-12-21T07:50:14.391 INFO:teuthology.orchestra.run.smithi007.stdout:/usr/bin/ceph: stderr
2023-12-21T07:50:11.886+0000 7fe07839f700 1 Processor -- start
2023-12-21T07:50:14.391 INFO:teuthology.orchestra.run.smithi007.stdout:/usr/bin/ceph: stderr
2023-12-21T07:50:11.886+0000 7fe07839f700 1 -- start start
2023-12-21T07:50:14.392 INFO:teuthology.orchestra.run.smithi007.stdout:/usr/bin/ceph: stderr
2023-12-21T07:50:11.886+0000 7fe07839f700 1 --2- >> [v2:172.21.15.7:3300/0,v1:172.21.15.7:6789/0] conn(0x7fe070076c60 0x7fe070102920 unknown :-1 s=NONE pgs=0 cs=0 l=1 rev1=0 crypto rx=0 tx=0 comp rx=0 tx=0).connect
2023-12-21T07:50:14.392 INFO:teuthology.orchestra.run.smithi007.stdout:/usr/bin/ceph: stderr
2023-12-21T07:50:11.886+0000 7fe07839f700 1 -- --> [v2:172.21.15.7:3300/0,v1:172.21.15.7:6789/0] -- mon_getmap magic: 0 v1 -- 0x7fe070100da0 con 0x7fe070076c60
2023-12-21T07:50:14.392 INFO:teuthology.orchestra.run.smithi007.stdout:/usr/bin/ceph: stderr
2023-12-21T07:50:11.886+0000 7fe07613b700 1 --2- >> [v2:172.21.15.7:3300/0,v1:172.21.15.7:6789/0] conn(0x7fe070076c60 0x7fe070102920 unknown :-1 s=BANNER_CONNECTING pgs=0 cs=0 l=1 rev1=0 crypto rx=0 tx=0 comp rx=0 tx=0)._handle_peer_banner_payload supported=3 required=0
2023-12-21T07:50:14.392 INFO:teuthology.orchestra.run.smithi007.stdout:/usr/bin/ceph: stderr
2023-12-21T07:50:11.886+0000 7fe07613b700 1 --2- >> [v2:172.21.15.7:3300/0,v1:172.21.15.7:6789/0] conn(0x7fe070076c60 0x7fe070102920 unknown :-1 s=HELLO_CONNECTING pgs=0 cs=0 l=1 rev1=1 crypto rx=0 tx=0 comp rx=0 tx=0).handle_hello peer v2:172.21.15.7:3300/0 says I am v2:172.21.15.7:52696/0 (socket says 172.21.15.7:52696)
2023-12-21T07:50:14.392 INFO:teuthology.orchestra.run.smithi007.stdout:/usr/bin/ceph: stderr
2023-12-21T07:50:11.886+0000 7fe07613b700 1 -- 172.21.15.7:0/3465704623 learned_addr learned my addr 172.21.15.7:0/3465704623 (peer_addr_for_me v2:172.21.15.7:0/0)
2023-12-21T07:50:14.392 INFO:teuthology.orchestra.run.smithi007.stdout:/usr/bin/ceph: stderr
2023-12-21T07:50:11.887+0000 7fe07613b700 1 -- 172.21.15.7:0/3465704623 --> [v2:172.21.15.7:3300/0,v1:172.21.15.7:6789/0] -- mon_subscribe({config=0+,monmap=0+}) v3 -- 0x7fe06c0094f0 con 0x7fe070076c60
2023-12-21T07:50:14.392 INFO:teuthology.orchestra.run.smithi007.stdout:/usr/bin/ceph: stderr
2023-12-21T07:50:11.887+0000 7fe07613b700 1 --2- 172.21.15.7:0/3465704623 >> [v2:172.21.15.7:3300/0,v1:172.21.15.7:6789/0] conn(0x7fe070076c60 0x7fe070102920 secure :-1 s=READY pgs=27 cs=0 l=1 rev1=1 crypto rx=0x7fe06c006b00 tx=0x7fe06c009250 comp rx=0 tx=0).ready entity=mon.0 client_cookie=0 server_cookie=0 in_seq=0 out_seq=0
2023-12-21T07:50:14.392 INFO:teuthology.orchestra.run.smithi007.stdout:/usr/bin/ceph: stderr
2023-12-21T07:50:11.887+0000 7fe066ffd700 1 -- 172.21.15.7:0/3465704623 <== mon.0 v2:172.21.15.7:3300/0 1 ==== mon_map magic: 0 v1 ==== 229+0+0 (secure 0 0 0) 0x7fe06c010a80 con 0x7fe070076c60
2023-12-21T07:50:14.392 INFO:teuthology.orchestra.run.smithi007.stdout:/usr/bin/ceph: stderr
2023-12-21T07:50:11.887+0000 7fe066ffd700 1 -- 172.21.15.7:0/3465704623 <== mon.0 v2:172.21.15.7:3300/0 2 ==== config(26 keys) v1 ==== 1009+0+0 (secure 0 0 0) 0x7fe06c01a430 con 0x7fe070076c60
2023-12-21T07:50:14.392 INFO:teuthology.orchestra.run.smithi007.stdout:/usr/bin/ceph: stderr
2023-12-21T07:50:11.887+0000 7fe07839f700 1 -- 172.21.15.7:0/3465704623 --> [v2:172.21.15.7:3300/0,v1:172.21.15.7:6789/0] -- mon_subscribe({mgrmap=0+}) v3 -- 0x7fe070100fa0 con 0x7fe070076c60
2023-12-21T07:50:14.392 INFO:teuthology.orchestra.run.smithi007.stdout:/usr/bin/ceph: stderr
2023-12-21T07:50:11.887+0000 7fe066ffd700 1 -- 172.21.15.7:0/3465704623 <== mon.0 v2:172.21.15.7:3300/0 3 ==== mon_map magic: 0 v1 ==== 229+0+0 (secure 0 0 0) 0x7fe06c0245b0 con 0x7fe070076c60
2023-12-21T07:50:14.392 INFO:teuthology.orchestra.run.smithi007.stdout:/usr/bin/ceph: stderr
2023-12-21T07:50:11.887+0000 7fe07839f700 1 -- 172.21.15.7:0/3465704623 --> [v2:172.21.15.7:3300/0,v1:172.21.15.7:6789/0] -- mon_subscribe({osdmap=0}) v3 -- 0x7fe0701013b0 con 0x7fe070076c60
2023-12-21T07:50:14.393 INFO:teuthology.orchestra.run.smithi007.stdout:/usr/bin/ceph: stderr
2023-12-21T07:50:11.888+0000 7fe066ffd700 1 -- 172.21.15.7:0/3465704623 <== mon.0 v2:172.21.15.7:3300/0 4 ==== mgrmap(e 5) v1 ==== 43281+0+0 (secure 0 0 0) 0x7fe06c0247e0 con 0x7fe070076c60
2023-12-21T07:50:14.393 INFO:teuthology.orchestra.run.smithi007.stdout:/usr/bin/ceph: stderr
2023-12-21T07:50:11.888+0000 7fe07839f700 1 -- 172.21.15.7:0/3465704623 --> [v2:172.21.15.7:3300/0,v1:172.21.15.7:6789/0] -- mon_command({"prefix": "get_command_descriptions"} v 0) v1 -- 0x7fe07004bb80 con 0x7fe070076c60
2023-12-21T07:50:14.393 INFO:teuthology.orchestra.run.smithi007.stdout:/usr/bin/ceph: stderr
2023-12-21T07:50:11.888+0000 7fe066ffd700 1 --2- 172.21.15.7:0/3465704623 >> [v2:172.21.15.7:6800/4223718257,v1:172.21.15.7:6801/4223718257] conn(0x7fe05c036640 0x7fe05c038af0 unknown :-1 s=NONE pgs=0 cs=0 l=1 rev1=0 crypto rx=0 tx=0 comp rx=0 tx=0).connect
2023-12-21T07:50:14.393 INFO:teuthology.orchestra.run.smithi007.stdout:/usr/bin/ceph: stderr
2023-12-21T07:50:11.888+0000 7fe066ffd700 1 -- 172.21.15.7:0/3465704623 <== mon.0 v2:172.21.15.7:3300/0 5 ==== osd_map(1..1 src has 1..1) v4 ==== 721+0+0 (secure 0 0 0) 0x7fe06c04ac60 con 0x7fe070076c60
2023-12-21T07:50:14.393 INFO:teuthology.orchestra.run.smithi007.stdout:/usr/bin/ceph: stderr
2023-12-21T07:50:11.888+0000 7fe07593a700 1 -- 172.21.15.7:0/3465704623 >> [v2:172.21.15.7:6800/4223718257,v1:172.21.15.7:6801/4223718257] conn(0x7fe05c036640 msgr2=0x7fe05c038af0 unknown :-1 s=STATE_CONNECTING_RE l=1).process reconnect failed to v2:172.21.15.7:6800/4223718257
2023-12-21T07:50:14.393 INFO:teuthology.orchestra.run.smithi007.stdout:/usr/bin/ceph: stderr
2023-12-21T07:50:11.888+0000 7fe07593a700 1 --2- 172.21.15.7:0/3465704623 >> [v2:172.21.15.7:6800/4223718257,v1:172.21.15.7:6801/4223718257] conn(0x7fe05c036640 0x7fe05c038af0 unknown :-1 s=START_CONNECT pgs=0 cs=0 l=1 rev1=0 crypto rx=0 tx=0 comp rx=0 tx=0)._fault waiting 0.200000
2023-12-21T07:50:14.393 INFO:teuthology.orchestra.run.smithi007.stdout:/usr/bin/ceph: stderr
2023-12-21T07:50:11.893+0000 7fe066ffd700 1 -- 172.21.15.7:0/3465704623 <== mon.0 v2:172.21.15.7:3300/0 6 ==== mon_command_ack([{"prefix": "get_command_descriptions"}]=0 v0) v1 ==== 72+0+174570 (secure 0 0 0) 0x7fe06c02cbc0 con 0x7fe070076c60
2023-12-21T07:50:14.393 INFO:teuthology.orchestra.run.smithi007.stdout:/usr/bin/ceph: stderr
2023-12-21T07:50:12.089+0000 7fe07593a700 1 -- 172.21.15.7:0/3465704623 >> [v2:172.21.15.7:6800/4223718257,v1:172.21.15.7:6801/4223718257] conn(0x7fe05c036640 msgr2=0x7fe05c038af0 unknown :-1 s=STATE_CONNECTING_RE l=1).process reconnect failed to v2:172.21.15.7:6800/4223718257
2023-12-21T07:50:14.393 INFO:teuthology.orchestra.run.smithi007.stdout:/usr/bin/ceph: stderr
2023-12-21T07:50:12.089+0000 7fe07593a700 1 --2- 172.21.15.7:0/3465704623 >> [v2:172.21.15.7:6800/4223718257,v1:172.21.15.7:6801/4223718257] conn(0x7fe05c036640 0x7fe05c038af0 unknown :-1 s=START_CONNECT pgs=0 cs=0 l=1 rev1=0 crypto rx=0 tx=0 comp rx=0 tx=0)._fault waiting 0.400000
2023-12-21T07:50:14.394 INFO:teuthology.orchestra.run.smithi007.stdout:/usr/bin/ceph: stderr
2023-12-21T07:50:12.146+0000 7fe07839f700 1 -- 172.21.15.7:0/3465704623 --> [v2:172.21.15.7:3300/0,v1:172.21.15.7:6789/0] -- mon_command({"prefix": "mgr stat"} v 0) v1 -- 0x7fe07010ad40 con 0x7fe070076c60
2023-12-21T07:50:14.394 INFO:teuthology.orchestra.run.smithi007.stdout:/usr/bin/ceph: stderr
2023-12-21T07:50:12.146+0000 7fe066ffd700 1 -- 172.21.15.7:0/3465704623 <== mon.0 v2:172.21.15.7:3300/0 7 ==== mon_command_ack([{"prefix": "mgr stat"}]=0 v5) v1 ==== 56+0+103 (secure 0 0 0) 0x7fe06c02c800 con 0x7fe070076c60
2023-12-21T07:50:14.394 INFO:teuthology.orchestra.run.smithi007.stdout:/usr/bin/ceph: stderr
2023-12-21T07:50:12.148+0000 7fe07839f700 1 -- 172.21.15.7:0/3465704623 >> [v2:172.21.15.7:6800/4223718257,v1:172.21.15.7:6801/4223718257] conn(0x7fe05c036640 msgr2=0x7fe05c038af0 unknown :-1 s=STATE_CONNECTING l=1).mark_down
2023-12-21T07:50:14.394 INFO:teuthology.orchestra.run.smithi007.stdout:/usr/bin/ceph: stderr
2023-12-21T07:50:12.148+0000 7fe07839f700 1 --2- 172.21.15.7:0/3465704623 >> [v2:172.21.15.7:6800/4223718257,v1:172.21.15.7:6801/4223718257] conn(0x7fe05c036640 0x7fe05c038af0 unknown :-1 s=START_CONNECT pgs=0 cs=0 l=1 rev1=0 crypto rx=0 tx=0 comp rx=0 tx=0).stop
2023-12-21T07:50:14.394 INFO:teuthology.orchestra.run.smithi007.stdout:/usr/bin/ceph: stderr
2023-12-21T07:50:12.148+0000 7fe07839f700 1 -- 172.21.15.7:0/3465704623 >> [v2:172.21.15.7:3300/0,v1:172.21.15.7:6789/0] conn(0x7fe070076c60 msgr2=0x7fe070102920 secure :-1 s=STATE_CONNECTION_ESTABLISHED l=1).mark_down
2023-12-21T07:50:14.394 INFO:teuthology.orchestra.run.smithi007.stdout:/usr/bin/ceph: stderr
2023-12-21T07:50:12.148+0000 7fe07839f700 1 --2- 172.21.15.7:0/3465704623 >> [v2:172.21.15.7:3300/0,v1:172.21.15.7:6789/0] conn(0x7fe070076c60 0x7fe070102920 secure :-1 s=READY pgs=27 cs=0 l=1 rev1=1 crypto rx=0x7fe06c006b00 tx=0x7fe06c009250 comp rx=0 tx=0).stop
2023-12-21T07:50:14.394 INFO:teuthology.orchestra.run.smithi007.stdout:/usr/bin/ceph: stderr
2023-12-21T07:50:12.148+0000 7fe07839f700 1 -- 172.21.15.7:0/3465704623 shutdown_connections
2023-12-21T07:50:14.394 INFO:teuthology.orchestra.run.smithi007.stdout:/usr/bin/ceph: stderr
2023-12-21T07:50:12.148+0000 7fe07839f700 1 --2- 172.21.15.7:0/3465704623 >> [v2:172.21.15.7:6800/4223718257,v1:172.21.15.7:6801/4223718257] conn(0x7fe05c036640 0x7fe05c038af0 unknown :-1 s=CLOSED pgs=0 cs=0 l=1 rev1=0 crypto rx=0 tx=0 comp rx=0 tx=0).stop
2023-12-21T07:50:14.394 INFO:teuthology.orchestra.run.smithi007.stdout:/usr/bin/ceph: stderr
2023-12-21T07:50:12.148+0000 7fe07839f700 1 --2- 172.21.15.7:0/3465704623 >> [v2:172.21.15.7:3300/0,v1:172.21.15.7:6789/0] conn(0x7fe070076c60 0x7fe070102920 unknown :-1 s=CLOSED pgs=27 cs=0 l=1 rev1=1 crypto rx=0 tx=0 comp rx=0 tx=0).stop
2023-12-21T07:50:14.394 INFO:teuthology.orchestra.run.smithi007.stdout:/usr/bin/ceph: stderr
2023-12-21T07:50:12.149+0000 7fe07839f700 1 -- 172.21.15.7:0/3465704623 >> 172.21.15.7:0/3465704623 conn(0x7fe0700fc950 msgr2=0x7fe0700fed50 unknown :-1 s=STATE_NONE l=0).mark_down
2023-12-21T07:50:14.394 INFO:teuthology.orchestra.run.smithi007.stdout:/usr/bin/ceph: stderr
2023-12-21T07:50:12.149+0000 7fe07839f700 1 -- 172.21.15.7:0/3465704623 shutdown_connections
2023-12-21T07:50:14.394 INFO:teuthology.orchestra.run.smithi007.stdout:/usr/bin/ceph: stderr
2023-12-21T07:50:12.149+0000 7fe07839f700 1 -- 172.21.15.7:0/3465704623 wait complete.
2023-12-21T07:50:14.395 INFO:teuthology.orchestra.run.smithi007.stdout:Waiting for the mgr to restart...
2023-12-21T07:50:14.395 INFO:teuthology.orchestra.run.smithi007.stdout:Waiting for mgr epoch 5...
2023-12-21T07:50:15.608 INFO:journalctl@ceph.mon.smithi007.smithi007.stdout:Dec 21 07:50:15 smithi007 ceph-mon[111933]: Active manager daemon smithi007.qpxgac restarted
2023-12-21T07:50:15.608 INFO:journalctl@ceph.mon.smithi007.smithi007.stdout:Dec 21 07:50:15 smithi007 ceph-mon[111933]: Activating manager daemon smithi007.qpxgac
2023-12-21T07:50:15.608 INFO:journalctl@ceph.mon.smithi007.smithi007.stdout:Dec 21 07:50:15 smithi007 ceph-mon[111933]: osdmap e2: 0 total, 0 up, 0 in
2023-12-21T07:50:15.609 INFO:journalctl@ceph.mon.smithi007.smithi007.stdout:Dec 21 07:50:15 smithi007 ceph-mon[111933]: mgrmap e6: smithi007.qpxgac(active, starting, since 0.00309504s)
2023-12-21T07:50:15.609 INFO:journalctl@ceph.mon.smithi007.smithi007.stdout:Dec 21 07:50:15 smithi007 ceph-mon[111933]: from='mgr.14120 172.21.15.7:0/1642819774' entity='mgr.smithi007.qpxgac' cmd=[{"prefix": "mon metadata", "id": "smithi007"}]: dispatch
2023-12-21T07:50:15.609 INFO:journalctl@ceph.mon.smithi007.smithi007.stdout:Dec 21 07:50:15 smithi007 ceph-mon[111933]: from='mgr.14120 172.21.15.7:0/1642819774' entity='mgr.smithi007.qpxgac' cmd=[{"prefix": "mgr metadata", "who": "smithi007.qpxgac", "id": "smithi007.qpxgac"}]: dispatch
2023-12-21T07:50:15.609 INFO:journalctl@ceph.mon.smithi007.smithi007.stdout:Dec 21 07:50:15 smithi007 ceph-mon[111933]: from='mgr.14120 172.21.15.7:0/1642819774' entity='mgr.smithi007.qpxgac' cmd=[{"prefix": "mds metadata"}]: dispatch
2023-12-21T07:50:15.609 INFO:journalctl@ceph.mon.smithi007.smithi007.stdout:Dec 21 07:50:15 smithi007 ceph-mon[111933]: from='mgr.14120 172.21.15.7:0/1642819774' entity='mgr.smithi007.qpxgac' cmd=[{"prefix": "osd metadata"}]: dispatch
2023-12-21T07:50:15.609 INFO:journalctl@ceph.mon.smithi007.smithi007.stdout:Dec 21 07:50:15 smithi007 ceph-mon[111933]: from='mgr.14120 172.21.15.7:0/1642819774' entity='mgr.smithi007.qpxgac' cmd=[{"prefix": "mon metadata"}]: dispatch
2023-12-21T07:50:15.609 INFO:journalctl@ceph.mon.smithi007.smithi007.stdout:Dec 21 07:50:15 smithi007 ceph-mon[111933]: Manager daemon smithi007.qpxgac is now available
2023-12-21T07:50:15.609 INFO:journalctl@ceph.mon.smithi007.smithi007.stdout:Dec 21 07:50:15 smithi007 ceph-mon[111933]: from='mgr.14120 172.21.15.7:0/1642819774' entity='mgr.smithi007.qpxgac'
2023-12-21T07:50:15.609 INFO:journalctl@ceph.mon.smithi007.smithi007.stdout:Dec 21 07:50:15 smithi007 ceph-mon[111933]: from='mgr.14120 172.21.15.7:0/1642819774' entity='mgr.smithi007.qpxgac'
2023-12-21T07:50:15.609 INFO:journalctl@ceph.mon.smithi007.smithi007.stdout:Dec 21 07:50:15 smithi007 ceph-mon[111933]: from='mgr.14120 172.21.15.7:0/1642819774' entity='mgr.smithi007.qpxgac' cmd=[{"prefix": "config dump", "format": "json"}]: dispatch
2023-12-21T07:50:15.609 INFO:journalctl@ceph.mon.smithi007.smithi007.stdout:Dec 21 07:50:15 smithi007 ceph-mon[111933]: from='mgr.14120 172.21.15.7:0/1642819774' entity='mgr.smithi007.qpxgac' cmd=[{"prefix": "config dump", "format": "json"}]: dispatch
2023-12-21T07:50:16.444 INFO:journalctl@ceph.mon.smithi007.smithi007.stdout:Dec 21 07:50:16 smithi007 ceph-mon[111933]: Found migration_current of "None". Setting to last migration.
2023-12-21T07:50:16.445 INFO:journalctl@ceph.mon.smithi007.smithi007.stdout:Dec 21 07:50:16 smithi007 ceph-mon[111933]: from='mgr.14120 172.21.15.7:0/1642819774' entity='mgr.smithi007.qpxgac' cmd=[{"prefix": "config dump", "format": "json"}]: dispatch
2023-12-21T07:50:16.445 INFO:journalctl@ceph.mon.smithi007.smithi007.stdout:Dec 21 07:50:16 smithi007 ceph-mon[111933]: from='mgr.14120 172.21.15.7:0/1642819774' entity='mgr.smithi007.qpxgac' cmd=[{"prefix":"config rm","who":"mgr","name":"mgr/rbd_support/smithi007.qpxgac/mirror_snapshot_schedule"}]: dispatch
2023-12-21T07:50:16.445 INFO:journalctl@ceph.mon.smithi007.smithi007.stdout:Dec 21 07:50:16 smithi007 ceph-mon[111933]: from='mgr.14120 172.21.15.7:0/1642819774' entity='mgr.smithi007.qpxgac' cmd=[{"prefix":"config rm","who":"mgr","name":"mgr/rbd_support/smithi007.qpxgac/trash_purge_schedule"}]: dispatch
2023-12-21T07:50:16.445 INFO:journalctl@ceph.mon.smithi007.smithi007.stdout:Dec 21 07:50:16 smithi007 ceph-mon[111933]: mgrmap e7: smithi007.qpxgac(active, since 1.0053s)
2023-12-21T07:50:16.504 INFO:teuthology.orchestra.run.smithi007.stdout:/usr/bin/ceph: stdout {
2023-12-21T07:50:16.504 INFO:teuthology.orchestra.run.smithi007.stdout:/usr/bin/ceph: stdout "mgrmap_epoch": 7,
2023-12-21T07:50:16.504 INFO:teuthology.orchestra.run.smithi007.stdout:/usr/bin/ceph: stdout "initialized": true
2023-12-21T07:50:16.504 INFO:teuthology.orchestra.run.smithi007.stdout:/usr/bin/ceph: stdout }
2023-12-21T07:50:16.504 INFO:teuthology.orchestra.run.smithi007.stdout:/usr/bin/ceph: stderr
2023-12-21T07:50:15.119+0000 7f44008bf700 1 Processor -- start
2023-12-21T07:50:16.504 INFO:teuthology.orchestra.run.smithi007.stdout:/usr/bin/ceph: stderr
2023-12-21T07:50:15.119+0000 7f44008bf700 1 -- start start
2023-12-21T07:50:16.504 INFO:teuthology.orchestra.run.smithi007.stdout:/usr/bin/ceph: stderr
2023-12-21T07:50:15.119+0000 7f44008bf700 1 --2- >> [v2:172.21.15.7:3300/0,v1:172.21.15.7:6789/0] conn(0x7f43fc102900 0x7f43fc102d10 unknown :-1 s=NONE pgs=0 cs=0 l=0 rev1=0 crypto rx=0 tx=0 comp rx=0 tx=0).connect
2023-12-21T07:50:16.504 INFO:teuthology.orchestra.run.smithi007.stdout:/usr/bin/ceph: stderr
2023-12-21T07:50:15.119+0000 7f44008bf700 1 -- --> [v2:172.21.15.7:3300/0,v1:172.21.15.7:6789/0] -- mon_getmap magic: 0 v1 -- 0x7f43fc103250 con 0x7f43fc102900
2023-12-21T07:50:16.505 INFO:teuthology.orchestra.run.smithi007.stdout:/usr/bin/ceph: stderr
2023-12-21T07:50:15.119+0000 7f43fa59c700 1 --2- >> [v2:172.21.15.7:3300/0,v1:172.21.15.7:6789/0] conn(0x7f43fc102900 0x7f43fc102d10 unknown :-1 s=BANNER_CONNECTING pgs=0 cs=0 l=0 rev1=0 crypto rx=0 tx=0 comp rx=0 tx=0)._handle_peer_banner_payload supported=3 required=0
2023-12-21T07:50:16.505 INFO:teuthology.orchestra.run.smithi007.stdout:/usr/bin/ceph: stderr
2023-12-21T07:50:15.119+0000 7f43fa59c700 1 --2- >> [v2:172.21.15.7:3300/0,v1:172.21.15.7:6789/0] conn(0x7f43fc102900 0x7f43fc102d10 unknown :-1 s=HELLO_CONNECTING pgs=0 cs=0 l=0 rev1=1 crypto rx=0 tx=0 comp rx=0 tx=0).handle_hello peer v2:172.21.15.7:3300/0 says I am v2:172.21.15.7:52726/0 (socket says 172.21.15.7:52726)
2023-12-21T07:50:16.505 INFO:teuthology.orchestra.run.smithi007.stdout:/usr/bin/ceph: stderr
2023-12-21T07:50:15.119+0000 7f43fa59c700 1 -- 172.21.15.7:0/1531736903 learned_addr learned my addr 172.21.15.7:0/1531736903 (peer_addr_for_me v2:172.21.15.7:0/0)
2023-12-21T07:50:16.505 INFO:teuthology.orchestra.run.smithi007.stdout:/usr/bin/ceph: stderr
2023-12-21T07:50:15.119+0000 7f43fa59c700 1 -- 172.21.15.7:0/1531736903 --> [v2:172.21.15.7:3300/0,v1:172.21.15.7:6789/0] -- mon_subscribe({config=0+,monmap=0+}) v3 -- 0x7f43fc103390 con 0x7f43fc102900
2023-12-21T07:50:16.505 INFO:teuthology.orchestra.run.smithi007.stdout:/usr/bin/ceph: stderr
2023-12-21T07:50:15.120+0000 7f43fa59c700 1 --2- 172.21.15.7:0/1531736903 >> [v2:172.21.15.7:3300/0,v1:172.21.15.7:6789/0] conn(0x7f43fc102900 0x7f43fc102d10 secure :-1 s=READY pgs=29 cs=0 l=1 rev1=1 crypto rx=0x7f43ec0098e0 tx=0x7f43ec009250 comp rx=0 tx=0).ready entity=mon.0 client_cookie=eea0920525268b5a server_cookie=0 in_seq=0 out_seq=0
2023-12-21T07:50:16.505 INFO:teuthology.orchestra.run.smithi007.stdout:/usr/bin/ceph: stderr
2023-12-21T07:50:15.120+0000 7f43f959a700 1 -- 172.21.15.7:0/1531736903 <== mon.0 v2:172.21.15.7:3300/0 1 ==== mon_map magic: 0 v1 ==== 229+0+0 (secure 0 0 0) 0x7f43ec00b860 con 0x7f43fc102900
2023-12-21T07:50:16.505 INFO:teuthology.orchestra.run.smithi007.stdout:/usr/bin/ceph: stderr
2023-12-21T07:50:15.120+0000 7f43f959a700 1 -- 172.21.15.7:0/1531736903 <== mon.0 v2:172.21.15.7:3300/0 2 ==== config(26 keys) v1 ==== 1009+0+0 (secure 0 0 0) 0x7f43ec00be30 con 0x7f43fc102900
2023-12-21T07:50:16.505 INFO:teuthology.orchestra.run.smithi007.stdout:/usr/bin/ceph: stderr
2023-12-21T07:50:15.120+0000 7f43f959a700 1 -- 172.21.15.7:0/1531736903 <== mon.0 v2:172.21.15.7:3300/0 3 ==== mon_map magic: 0 v1 ==== 229+0+0 (secure 0 0 0) 0x7f43ec010380 con 0x7f43fc102900
2023-12-21T07:50:16.505 INFO:teuthology.orchestra.run.smithi007.stdout:/usr/bin/ceph: stderr
2023-12-21T07:50:15.121+0000 7f44008bf700 1 -- 172.21.15.7:0/1531736903 >> [v2:172.21.15.7:3300/0,v1:172.21.15.7:6789/0] conn(0x7f43fc102900 msgr2=0x7f43fc102d10 secure :-1 s=STATE_CONNECTION_ESTABLISHED l=1).mark_down
2023-12-21T07:50:16.505 INFO:teuthology.orchestra.run.smithi007.stdout:/usr/bin/ceph: stderr
2023-12-21T07:50:15.121+0000 7f44008bf700 1 --2- 172.21.15.7:0/1531736903 >> [v2:172.21.15.7:3300/0,v1:172.21.15.7:6789/0] conn(0x7f43fc102900 0x7f43fc102d10 secure :-1 s=READY pgs=29 cs=0 l=1 rev1=1 crypto rx=0x7f43ec0098e0 tx=0x7f43ec009250 comp rx=0 tx=0).stop
2023-12-21T07:50:16.505 INFO:teuthology.orchestra.run.smithi007.stdout:/usr/bin/ceph: stderr
2023-12-21T07:50:15.121+0000 7f44008bf700 1 -- 172.21.15.7:0/1531736903 shutdown_connections
2023-12-21T07:50:16.506 INFO:teuthology.orchestra.run.smithi007.stdout:/usr/bin/ceph: stderr
2023-12-21T07:50:15.121+0000 7f44008bf700 1 --2- 172.21.15.7:0/1531736903 >> [v2:172.21.15.7:3300/0,v1:172.21.15.7:6789/0] conn(0x7f43fc102900 0x7f43fc102d10 unknown :-1 s=CLOSED pgs=29 cs=0 l=1 rev1=1 crypto rx=0 tx=0 comp rx=0 tx=0).stop
2023-12-21T07:50:16.506 INFO:teuthology.orchestra.run.smithi007.stdout:/usr/bin/ceph: stderr
2023-12-21T07:50:15.121+0000 7f44008bf700 1 -- 172.21.15.7:0/1531736903 >> 172.21.15.7:0/1531736903 conn(0x7f43fc0fc0b0 msgr2=0x7f43fc0fe4e0 unknown :-1 s=STATE_NONE l=0).mark_down
2023-12-21T07:50:16.506 INFO:teuthology.orchestra.run.smithi007.stdout:/usr/bin/ceph: stderr
2023-12-21T07:50:15.121+0000 7f44008bf700 1 -- 172.21.15.7:0/1531736903 shutdown_connections
2023-12-21T07:50:16.506 INFO:teuthology.orchestra.run.smithi007.stdout:/usr/bin/ceph: stderr
2023-12-21T07:50:15.121+0000 7f44008bf700 1 -- 172.21.15.7:0/1531736903 wait complete.
2023-12-21T07:50:16.506 INFO:teuthology.orchestra.run.smithi007.stdout:/usr/bin/ceph: stderr
2023-12-21T07:50:15.121+0000 7f44008bf700 1 Processor -- start
2023-12-21T07:50:16.506 INFO:teuthology.orchestra.run.smithi007.stdout:/usr/bin/ceph: stderr
2023-12-21T07:50:15.121+0000 7f44008bf700 1 -- start start
2023-12-21T07:50:16.508 INFO:teuthology.orchestra.run.smithi007.stdout:/usr/bin/ceph: stderr
2023-12-21T07:50:15.122+0000 7f44008bf700 1 --2- >> [v2:172.21.15.7:3300/0,v1:172.21.15.7:6789/0] conn(0x7f43fc102900 0x7f43fc113370 unknown :-1 s=NONE pgs=0 cs=0 l=1 rev1=0 crypto rx=0 tx=0 comp rx=0 tx=0).connect
2023-12-21T07:50:16.508 INFO:teuthology.orchestra.run.smithi007.stdout:/usr/bin/ceph: stderr
2023-12-21T07:50:15.122+0000 7f44008bf700 1 -- --> [v2:172.21.15.7:3300/0,v1:172.21.15.7:6789/0] -- mon_getmap magic: 0 v1 -- 0x7f43fc1138b0 con 0x7f43fc102900
2023-12-21T07:50:16.508 INFO:teuthology.orchestra.run.smithi007.stdout:/usr/bin/ceph: stderr
2023-12-21T07:50:15.122+0000 7f43fa59c700 1 --2- >> [v2:172.21.15.7:3300/0,v1:172.21.15.7:6789/0] conn(0x7f43fc102900 0x7f43fc113370 unknown :-1 s=BANNER_CONNECTING pgs=0 cs=0 l=1 rev1=0 crypto rx=0 tx=0 comp rx=0 tx=0)._handle_peer_banner_payload supported=3 required=0
2023-12-21T07:50:16.508 INFO:teuthology.orchestra.run.smithi007.stdout:/usr/bin/ceph: stderr
2023-12-21T07:50:15.122+0000 7f43fa59c700 1 --2- >> [v2:172.21.15.7:3300/0,v1:172.21.15.7:6789/0] conn(0x7f43fc102900 0x7f43fc113370 unknown :-1 s=HELLO_CONNECTING pgs=0 cs=0 l=1 rev1=1 crypto rx=0 tx=0 comp rx=0 tx=0).handle_hello peer v2:172.21.15.7:3300/0 says I am v2:172.21.15.7:52754/0 (socket says 172.21.15.7:52754)
2023-12-21T07:50:16.508 INFO:teuthology.orchestra.run.smithi007.stdout:/usr/bin/ceph: stderr
2023-12-21T07:50:15.122+0000 7f43fa59c700 1 -- 172.21.15.7:0/181625449 learned_addr learned my addr 172.21.15.7:0/181625449 (peer_addr_for_me v2:172.21.15.7:0/0)
2023-12-21T07:50:16.508 INFO:teuthology.orchestra.run.smithi007.stdout:/usr/bin/ceph: stderr
2023-12-21T07:50:15.122+0000 7f43fa59c700 1 -- 172.21.15.7:0/181625449 --> [v2:172.21.15.7:3300/0,v1:172.21.15.7:6789/0] -- mon_subscribe({config=0+,monmap=0+}) v3 -- 0x7f43ec0094f0 con 0x7f43fc102900
2023-12-21T07:50:16.509 INFO:teuthology.orchestra.run.smithi007.stdout:/usr/bin/ceph: stderr
2023-12-21T07:50:15.122+0000 7f43fa59c700 1 --2- 172.21.15.7:0/181625449 >> [v2:172.21.15.7:3300/0,v1:172.21.15.7:6789/0] conn(0x7f43fc102900 0x7f43fc113370 secure :-1 s=READY pgs=32 cs=0 l=1 rev1=1 crypto rx=0x7f43ec006b00 tx=0x7f43ec009250 comp rx=0 tx=0).ready entity=mon.0 client_cookie=0 server_cookie=0 in_seq=0 out_seq=0
2023-12-21T07:50:16.509 INFO:teuthology.orchestra.run.smithi007.stdout:/usr/bin/ceph: stderr
2023-12-21T07:50:15.122+0000 7f43eaffd700 1 -- 172.21.15.7:0/181625449 <== mon.0 v2:172.21.15.7:3300/0 1 ==== mon_map magic: 0 v1 ==== 229+0+0 (secure 0 0 0) 0x7f43ec0109b0 con 0x7f43fc102900
2023-12-21T07:50:16.509 INFO:teuthology.orchestra.run.smithi007.stdout:/usr/bin/ceph: stderr
2023-12-21T07:50:15.122+0000 7f43eaffd700 1 -- 172.21.15.7:0/181625449 <== mon.0 v2:172.21.15.7:3300/0 2 ==== config(26 keys) v1 ==== 1009+0+0 (secure 0 0 0) 0x7f43ec024440 con 0x7f43fc102900
2023-12-21T07:50:16.509 INFO:teuthology.orchestra.run.smithi007.stdout:/usr/bin/ceph: stderr
2023-12-21T07:50:15.123+0000 7f44008bf700 1 -- 172.21.15.7:0/181625449 --> [v2:172.21.15.7:3300/0,v1:172.21.15.7:6789/0] -- mon_subscribe({mgrmap=0+}) v3 -- 0x7f43fc113ab0 con 0x7f43fc102900
2023-12-21T07:50:16.509 INFO:teuthology.orchestra.run.smithi007.stdout:/usr/bin/ceph: stderr
2023-12-21T07:50:15.123+0000 7f44008bf700 1 -- 172.21.15.7:0/181625449 --> [v2:172.21.15.7:3300/0,v1:172.21.15.7:6789/0] -- mon_subscribe({osdmap=0}) v3 -- 0x7f43fc113ec0 con 0x7f43fc102900
2023-12-21T07:50:16.509 INFO:teuthology.orchestra.run.smithi007.stdout:/usr/bin/ceph: stderr
2023-12-21T07:50:15.123+0000 7f43eaffd700 1 -- 172.21.15.7:0/181625449 <== mon.0 v2:172.21.15.7:3300/0 3 ==== mon_map magic: 0 v1 ==== 229+0+0 (secure 0 0 0) 0x7f43ec01a5f0 con 0x7f43fc102900
2023-12-21T07:50:16.509 INFO:teuthology.orchestra.run.smithi007.stdout:/usr/bin/ceph: stderr
2023-12-21T07:50:15.123+0000 7f43eaffd700 1 -- 172.21.15.7:0/181625449 <== mon.0 v2:172.21.15.7:3300/0 4 ==== mgrmap(e 6) v1 ==== 43048+0+0 (secure 0 0 0) 0x7f43ec01a860 con 0x7f43fc102900
2023-12-21T07:50:16.509 INFO:teuthology.orchestra.run.smithi007.stdout:/usr/bin/ceph: stderr
2023-12-21T07:50:15.124+0000 7f43eaffd700 1 -- 172.21.15.7:0/181625449 <== mon.0 v2:172.21.15.7:3300/0 5 ==== osd_map(2..2 src has 1..2) v4 ==== 936+0+0 (secure 0 0 0) 0x7f43ec024990 con 0x7f43fc102900
2023-12-21T07:50:16.509 INFO:teuthology.orchestra.run.smithi007.stdout:/usr/bin/ceph: stderr
2023-12-21T07:50:16.116+0000 7f43eaffd700 1 -- 172.21.15.7:0/181625449 <== mon.0 v2:172.21.15.7:3300/0 6 ==== mgrmap(e 7) v1 ==== 43175+0+0 (secure 0 0 0) 0x7f43ec00fdc0 con 0x7f43fc102900
2023-12-21T07:50:16.509 INFO:teuthology.orchestra.run.smithi007.stdout:/usr/bin/ceph: stderr
2023-12-21T07:50:16.116+0000 7f43eaffd700 1 --2- 172.21.15.7:0/181625449 >> [v2:172.21.15.7:6800/1916361051,v1:172.21.15.7:6801/1916361051] conn(0x7f43e4037180 0x7f43e4039560 unknown :-1 s=NONE pgs=0 cs=0 l=1 rev1=0 crypto rx=0 tx=0 comp rx=0 tx=0).connect
2023-12-21T07:50:16.509 INFO:teuthology.orchestra.run.smithi007.stdout:/usr/bin/ceph: stderr
2023-12-21T07:50:16.116+0000 7f43eaffd700 1 -- 172.21.15.7:0/181625449 --> [v2:172.21.15.7:6800/1916361051,v1:172.21.15.7:6801/1916361051] -- command(tid 0: {"prefix": "get_command_descriptions"}) v1 -- 0x7f43e4039aa0 con 0x7f43e4037180
2023-12-21T07:50:16.509 INFO:teuthology.orchestra.run.smithi007.stdout:/usr/bin/ceph: stderr
2023-12-21T07:50:16.116+0000 7f43f9d9b700 1 --2- 172.21.15.7:0/181625449 >> [v2:172.21.15.7:6800/1916361051,v1:172.21.15.7:6801/1916361051] conn(0x7f43e4037180 0x7f43e4039560 unknown :-1 s=BANNER_CONNECTING pgs=0 cs=0 l=1 rev1=0 crypto rx=0 tx=0 comp rx=0 tx=0)._handle_peer_banner_payload supported=3 required=0
2023-12-21T07:50:16.510 INFO:teuthology.orchestra.run.smithi007.stdout:/usr/bin/ceph: stderr
2023-12-21T07:50:16.117+0000 7f43f9d9b700 1 --2- 172.21.15.7:0/181625449 >> [v2:172.21.15.7:6800/1916361051,v1:172.21.15.7:6801/1916361051] conn(0x7f43e4037180 0x7f43e4039560 secure :-1 s=READY pgs=3 cs=0 l=1 rev1=1 crypto rx=0x7f43f0009990 tx=0x7f43f0006e40 comp rx=0 tx=0).ready entity=mgr.14120 client_cookie=0 server_cookie=0 in_seq=0 out_seq=0
2023-12-21T07:50:16.510 INFO:teuthology.orchestra.run.smithi007.stdout:/usr/bin/ceph: stderr
2023-12-21T07:50:16.117+0000 7f43eaffd700 1 -- 172.21.15.7:0/181625449 <== mgr.14120 v2:172.21.15.7:6800/1916361051 1 ==== command_reply(tid 0: 0 ) v1 ==== 8+0+6549 (secure 0 0 0) 0x7f43e4039aa0 con 0x7f43e4037180
2023-12-21T07:50:16.510 INFO:teuthology.orchestra.run.smithi007.stdout:/usr/bin/ceph: stderr
2023-12-21T07:50:16.123+0000 7f44008bf700 1 -- 172.21.15.7:0/181625449 --> [v2:172.21.15.7:6800/1916361051,v1:172.21.15.7:6801/1916361051] -- command(tid 1: {"prefix": "mgr_status"}) v1 -- 0x7f43dc0025f0 con 0x7f43e4037180
2023-12-21T07:50:16.510 INFO:teuthology.orchestra.run.smithi007.stdout:/usr/bin/ceph: stderr
2023-12-21T07:50:16.123+0000 7f43eaffd700 1 -- 172.21.15.7:0/181625449 <== mgr.14120 v2:172.21.15.7:6800/1916361051 2 ==== command_reply(tid 1: 0 ) v1 ==== 8+0+51 (secure 0 0 0) 0x7f43dc0025f0 con 0x7f43e4037180
2023-12-21T07:50:16.510 INFO:teuthology.orchestra.run.smithi007.stdout:/usr/bin/ceph: stderr
2023-12-21T07:50:16.124+0000 7f44008bf700 1 -- 172.21.15.7:0/181625449 >> [v2:172.21.15.7:6800/1916361051,v1:172.21.15.7:6801/1916361051] conn(0x7f43e4037180 msgr2=0x7f43e4039560 secure :-1 s=STATE_CONNECTION_ESTABLISHED l=1).mark_down
2023-12-21T07:50:16.510 INFO:teuthology.orchestra.run.smithi007.stdout:/usr/bin/ceph: stderr
2023-12-21T07:50:16.124+0000 7f44008bf700 1 --2- 172.21.15.7:0/181625449 >> [v2:172.21.15.7:6800/1916361051,v1:172.21.15.7:6801/1916361051] conn(0x7f43e4037180 0x7f43e4039560 secure :-1 s=READY pgs=3 cs=0 l=1 rev1=1 crypto rx=0x7f43f0009990 tx=0x7f43f0006e40 comp rx=0 tx=0).stop
2023-12-21T07:50:16.510 INFO:teuthology.orchestra.run.smithi007.stdout:/usr/bin/ceph: stderr
2023-12-21T07:50:16.124+0000 7f44008bf700 1 -- 172.21.15.7:0/181625449 >> [v2:172.21.15.7:3300/0,v1:172.21.15.7:6789/0] conn(0x7f43fc102900 msgr2=0x7f43fc113370 secure :-1 s=STATE_CONNECTION_ESTABLISHED l=1).mark_down
2023-12-21T07:50:16.510 INFO:teuthology.orchestra.run.smithi007.stdout:/usr/bin/ceph: stderr
2023-12-21T07:50:16.124+0000 7f44008bf700 1 --2- 172.21.15.7:0/181625449 >> [v2:172.21.15.7:3300/0,v1:172.21.15.7:6789/0] conn(0x7f43fc102900 0x7f43fc113370 secure :-1 s=READY pgs=32 cs=0 l=1 rev1=1 crypto rx=0x7f43ec006b00 tx=0x7f43ec009250 comp rx=0 tx=0).stop
2023-12-21T07:50:16.510 INFO:teuthology.orchestra.run.smithi007.stdout:/usr/bin/ceph: stderr
2023-12-21T07:50:16.124+0000 7f44008bf700 1 -- 172.21.15.7:0/181625449 shutdown_connections
2023-12-21T07:50:16.510 INFO:teuthology.orchestra.run.smithi007.stdout:/usr/bin/ceph: stderr
2023-12-21T07:50:16.124+0000 7f44008bf700 1 --2- 172.21.15.7:0/181625449 >> [v2:172.21.15.7:6800/1916361051,v1:172.21.15.7:6801/1916361051] conn(0x7f43e4037180 0x7f43e4039560 unknown :-1 s=CLOSED pgs=3 cs=0 l=1 rev1=1 crypto rx=0 tx=0 comp rx=0 tx=0).stop
2023-12-21T07:50:16.510 INFO:teuthology.orchestra.run.smithi007.stdout:/usr/bin/ceph: stderr
2023-12-21T07:50:16.124+0000 7f44008bf700 1 --2- 172.21.15.7:0/181625449 >> [v2:172.21.15.7:3300/0,v1:172.21.15.7:6789/0] conn(0x7f43fc102900 0x7f43fc113370 unknown :-1 s=CLOSED pgs=32 cs=0 l=1 rev1=1 crypto rx=0 tx=0 comp rx=0 tx=0).stop
2023-12-21T07:50:16.510 INFO:teuthology.orchestra.run.smithi007.stdout:/usr/bin/ceph: stderr
2023-12-21T07:50:16.124+0000 7f44008bf700 1 -- 172.21.15.7:0/181625449 >> 172.21.15.7:0/181625449 conn(0x7f43fc0fc0b0 msgr2=0x7f43fc0fe490 unknown :-1 s=STATE_NONE l=0).mark_down
2023-12-21T07:50:16.510 INFO:teuthology.orchestra.run.smithi007.stdout:/usr/bin/ceph: stderr
2023-12-21T07:50:16.124+0000 7f44008bf700 1 -- 172.21.15.7:0/181625449 shutdown_connections
2023-12-21T07:50:16.511 INFO:teuthology.orchestra.run.smithi007.stdout:/usr/bin/ceph: stderr
2023-12-21T07:50:16.124+0000 7f44008bf700 1 -- 172.21.15.7:0/181625449 wait complete.
2023-12-21T07:50:16.511 INFO:teuthology.orchestra.run.smithi007.stdout:mgr epoch 5 is available
2023-12-21T07:50:16.511 INFO:teuthology.orchestra.run.smithi007.stdout:Setting orchestrator backend to cephadm...
2023-12-21T07:50:17.358 INFO:journalctl@ceph.mon.smithi007.smithi007.stdout:Dec 21 07:50:17 smithi007 ceph-mon[111933]: from='client.14126 -' entity='client.admin' cmd=[{"prefix": "get_command_descriptions"}]: dispatch
2023-12-21T07:50:17.358 INFO:journalctl@ceph.mon.smithi007.smithi007.stdout:Dec 21 07:50:17 smithi007 ceph-mon[111933]: from='client.14126 -' entity='client.admin' cmd=[{"prefix": "mgr_status"}]: dispatch
2023-12-21T07:50:17.358 INFO:journalctl@ceph.mon.smithi007.smithi007.stdout:Dec 21 07:50:17 smithi007 ceph-mon[111933]: from='mgr.14120 172.21.15.7:0/1642819774' entity='mgr.smithi007.qpxgac'
2023-12-21T07:50:17.358 INFO:journalctl@ceph.mon.smithi007.smithi007.stdout:Dec 21 07:50:17 smithi007 ceph-mon[111933]: from='mgr.14120 172.21.15.7:0/1642819774' entity='mgr.smithi007.qpxgac' cmd=[{"prefix": "config dump", "format": "json"}]: dispatch
2023-12-21T07:50:17.430 INFO:teuthology.orchestra.run.smithi007.stdout:/usr/bin/ceph: stderr
2023-12-21T07:50:16.842+0000 7f425e77e700 1 Processor -- start
2023-12-21T07:50:17.430 INFO:teuthology.orchestra.run.smithi007.stdout:/usr/bin/ceph: stderr
2023-12-21T07:50:16.842+0000 7f425e77e700 1 -- start start
2023-12-21T07:50:17.430 INFO:teuthology.orchestra.run.smithi007.stdout:/usr/bin/ceph: stderr
2023-12-21T07:50:16.842+0000 7f425e77e700 1 --2- >> [v2:172.21.15.7:3300/0,v1:172.21.15.7:6789/0] conn(0x7f4258070fc0 0x7f42581072e0 unknown :-1 s=NONE pgs=0 cs=0 l=0 rev1=0 crypto rx=0 tx=0 comp rx=0 tx=0).connect
2023-12-21T07:50:17.430 INFO:teuthology.orchestra.run.smithi007.stdout:/usr/bin/ceph: stderr
2023-12-21T07:50:16.842+0000 7f425e77e700 1 -- --> [v2:172.21.15.7:3300/0,v1:172.21.15.7:6789/0] -- mon_getmap magic: 0 v1 -- 0x7f4258102cd0 con 0x7f4258070fc0
2023-12-21T07:50:17.430 INFO:teuthology.orchestra.run.smithi007.stdout:/usr/bin/ceph: stderr
2023-12-21T07:50:16.842+0000 7f4257fff700 1 --2- >> [v2:172.21.15.7:3300/0,v1:172.21.15.7:6789/0] conn(0x7f4258070fc0 0x7f42581072e0 unknown :-1 s=BANNER_CONNECTING pgs=0 cs=0 l=0 rev1=0 crypto rx=0 tx=0 comp rx=0 tx=0)._handle_peer_banner_payload supported=3 required=0
