2023-12-21T07:50:42.466+0000 7f54c512c700 1 --2- 172.21.15.7:0/2053054971 >> [v2:172.21.15.7:3300/0,v1:172.21.15.7:6789/0] conn(0x7f54c01039b0 0x7f54c0111190 secure :-1 s=READY pgs=81 cs=0 l=1 rev1=1 crypto rx=0x7f54b0011b60 tx=0x7f54b0009250 comp rx=0 tx=0).stop
2023-12-21T07:50:42.960 INFO:teuthology.orchestra.run.smithi007.stdout:/usr/bin/ceph: stderr
2023-12-21T07:50:42.466+0000 7f54c512c700 1 -- 172.21.15.7:0/2053054971 shutdown_connections
2023-12-21T07:50:42.960 INFO:teuthology.orchestra.run.smithi007.stdout:/usr/bin/ceph: stderr
2023-12-21T07:50:42.466+0000 7f54c512c700 1 --2- 172.21.15.7:0/2053054971 >> [v2:172.21.15.7:6800/1813964676,v1:172.21.15.7:6801/1813964676] conn(0x7f54a8036570 0x7f54a8038a20 unknown :-1 s=CLOSED pgs=7 cs=0 l=1 rev1=1 crypto rx=0 tx=0 comp rx=0 tx=0).stop
2023-12-21T07:50:42.960 INFO:teuthology.orchestra.run.smithi007.stdout:/usr/bin/ceph: stderr
2023-12-21T07:50:42.466+0000 7f54c512c700 1 --2- 172.21.15.7:0/2053054971 >> [v2:172.21.15.7:3300/0,v1:172.21.15.7:6789/0] conn(0x7f54c01039b0 0x7f54c0111190 unknown :-1 s=CLOSED pgs=81 cs=0 l=1 rev1=1 crypto rx=0 tx=0 comp rx=0 tx=0).stop
2023-12-21T07:50:42.960 INFO:teuthology.orchestra.run.smithi007.stdout:/usr/bin/ceph: stderr
2023-12-21T07:50:42.466+0000 7f54c512c700 1 -- 172.21.15.7:0/2053054971 >> 172.21.15.7:0/2053054971 conn(0x7f54c00fc0b0 msgr2=0x7f54c00fe4b0 unknown :-1 s=STATE_NONE l=0).mark_down
2023-12-21T07:50:42.960 INFO:teuthology.orchestra.run.smithi007.stdout:/usr/bin/ceph: stderr
2023-12-21T07:50:42.466+0000 7f54c512c700 1 -- 172.21.15.7:0/2053054971 shutdown_connections
2023-12-21T07:50:42.960 INFO:teuthology.orchestra.run.smithi007.stdout:/usr/bin/ceph: stderr
2023-12-21T07:50:42.466+0000 7f54c512c700 1 -- 172.21.15.7:0/2053054971 wait complete.
2023-12-21T07:50:42.960 INFO:teuthology.orchestra.run.smithi007.stdout:Creating initial admin user...
2023-12-21T07:50:43.858 INFO:journalctl@ceph.mon.smithi007.smithi007.stdout:Dec 21 07:50:43 smithi007 ceph-mon[111933]: [21/Dec/2023:07:50:41] ENGINE Serving on https://172.21.15.7:7150
2023-12-21T07:50:43.858 INFO:journalctl@ceph.mon.smithi007.smithi007.stdout:Dec 21 07:50:43 smithi007 ceph-mon[111933]: [21/Dec/2023:07:50:41] ENGINE Bus STARTED
2023-12-21T07:50:43.858 INFO:journalctl@ceph.mon.smithi007.smithi007.stdout:Dec 21 07:50:43 smithi007 ceph-mon[111933]: from='client.14174 -' entity='client.admin' cmd=[{"prefix": "dashboard create-self-signed-cert", "target": ["mon-mgr", ""]}]: dispatch
2023-12-21T07:50:43.858 INFO:journalctl@ceph.mon.smithi007.smithi007.stdout:Dec 21 07:50:43 smithi007 ceph-mon[111933]: from='mgr.14162 172.21.15.7:0/103344261' entity='mgr.smithi007.qpxgac'
2023-12-21T07:50:43.859 INFO:journalctl@ceph.mon.smithi007.smithi007.stdout:Dec 21 07:50:43 smithi007 ceph-mon[111933]: from='mgr.14162 172.21.15.7:0/103344261' entity='mgr.smithi007.qpxgac'
2023-12-21T07:50:43.859 INFO:journalctl@ceph.mon.smithi007.smithi007.stdout:Dec 21 07:50:43 smithi007 ceph-mon[111933]: mgrmap e12: smithi007.qpxgac(active, since 2s)
2023-12-21T07:50:44.225 INFO:teuthology.orchestra.run.smithi007.stdout:/usr/bin/ceph: stdout {"username": "admin", "password": "$2b$12$fPDMn0a2O.Xks2sTkY/v.u6IgVAVd8l4U0tvdHT3GIuU4FEcdshB6", "roles": ["administrator"], "name": null, "email": null, "lastUpdate": 1703145043, "enabled": true, "pwdExpirationDate": null, "pwdUpdateRequired": true}
2023-12-21T07:50:44.225 INFO:teuthology.orchestra.run.smithi007.stdout:/usr/bin/ceph: stderr
2023-12-21T07:50:43.418+0000 7fbcf4b9c700 1 Processor -- start
2023-12-21T07:50:44.225 INFO:teuthology.orchestra.run.smithi007.stdout:/usr/bin/ceph: stderr
2023-12-21T07:50:43.419+0000 7fbcf4b9c700 1 -- start start
2023-12-21T07:50:44.225 INFO:teuthology.orchestra.run.smithi007.stdout:/usr/bin/ceph: stderr
2023-12-21T07:50:43.419+0000 7fbcf4b9c700 1 --2- >> [v2:172.21.15.7:3300/0,v1:172.21.15.7:6789/0] conn(0x7fbcf01039d0 0x7fbcf0103de0 unknown :-1 s=NONE pgs=0 cs=0 l=0 rev1=0 crypto rx=0 tx=0 comp rx=0 tx=0).connect
2023-12-21T07:50:44.225 INFO:teuthology.orchestra.run.smithi007.stdout:/usr/bin/ceph: stderr
2023-12-21T07:50:43.419+0000 7fbcf4b9c700 1 -- --> [v2:172.21.15.7:3300/0,v1:172.21.15.7:6789/0] -- mon_getmap magic: 0 v1 -- 0x7fbcf0104320 con 0x7fbcf01039d0
2023-12-21T07:50:44.225 INFO:teuthology.orchestra.run.smithi007.stdout:/usr/bin/ceph: stderr
2023-12-21T07:50:43.419+0000 7fbcee59c700 1 --2- >> [v2:172.21.15.7:3300/0,v1:172.21.15.7:6789/0] conn(0x7fbcf01039d0 0x7fbcf0103de0 unknown :-1 s=BANNER_CONNECTING pgs=0 cs=0 l=0 rev1=0 crypto rx=0 tx=0 comp rx=0 tx=0)._handle_peer_banner_payload supported=3 required=0
2023-12-21T07:50:44.225 INFO:teuthology.orchestra.run.smithi007.stdout:/usr/bin/ceph: stderr
2023-12-21T07:50:43.419+0000 7fbcee59c700 1 --2- >> [v2:172.21.15.7:3300/0,v1:172.21.15.7:6789/0] conn(0x7fbcf01039d0 0x7fbcf0103de0 unknown :-1 s=HELLO_CONNECTING pgs=0 cs=0 l=0 rev1=1 crypto rx=0 tx=0 comp rx=0 tx=0).handle_hello peer v2:172.21.15.7:3300/0 says I am v2:172.21.15.7:51874/0 (socket says 172.21.15.7:51874)
2023-12-21T07:50:44.226 INFO:teuthology.orchestra.run.smithi007.stdout:/usr/bin/ceph: stderr
2023-12-21T07:50:43.419+0000 7fbcee59c700 1 -- 172.21.15.7:0/3173478724 learned_addr learned my addr 172.21.15.7:0/3173478724 (peer_addr_for_me v2:172.21.15.7:0/0)
2023-12-21T07:50:44.226 INFO:teuthology.orchestra.run.smithi007.stdout:/usr/bin/ceph: stderr
2023-12-21T07:50:43.419+0000 7fbcee59c700 1 -- 172.21.15.7:0/3173478724 --> [v2:172.21.15.7:3300/0,v1:172.21.15.7:6789/0] -- mon_subscribe({config=0+,monmap=0+}) v3 -- 0x7fbcf0104460 con 0x7fbcf01039d0
2023-12-21T07:50:44.226 INFO:teuthology.orchestra.run.smithi007.stdout:/usr/bin/ceph: stderr
2023-12-21T07:50:43.419+0000 7fbcee59c700 1 --2- 172.21.15.7:0/3173478724 >> [v2:172.21.15.7:3300/0,v1:172.21.15.7:6789/0] conn(0x7fbcf01039d0 0x7fbcf0103de0 secure :-1 s=READY pgs=82 cs=0 l=1 rev1=1 crypto rx=0x7fbcd80098e0 tx=0x7fbcd8009250 comp rx=0 tx=0).ready entity=mon.0 client_cookie=a2dbb2f000153d9e server_cookie=0 in_seq=0 out_seq=0
2023-12-21T07:50:44.226 INFO:teuthology.orchestra.run.smithi007.stdout:/usr/bin/ceph: stderr
2023-12-21T07:50:43.420+0000 7fbced59a700 1 -- 172.21.15.7:0/3173478724 <== mon.0 v2:172.21.15.7:3300/0 1 ==== mon_map magic: 0 v1 ==== 229+0+0 (secure 0 0 0) 0x7fbcd800b860 con 0x7fbcf01039d0
2023-12-21T07:50:44.226 INFO:teuthology.orchestra.run.smithi007.stdout:/usr/bin/ceph: stderr
2023-12-21T07:50:43.420+0000 7fbced59a700 1 -- 172.21.15.7:0/3173478724 <== mon.0 v2:172.21.15.7:3300/0 2 ==== config(26 keys) v1 ==== 1074+0+0 (secure 0 0 0) 0x7fbcd800be70 con 0x7fbcf01039d0
2023-12-21T07:50:44.226 INFO:teuthology.orchestra.run.smithi007.stdout:/usr/bin/ceph: stderr
2023-12-21T07:50:43.420+0000 7fbced59a700 1 -- 172.21.15.7:0/3173478724 <== mon.0 v2:172.21.15.7:3300/0 3 ==== mon_map magic: 0 v1 ==== 229+0+0 (secure 0 0 0) 0x7fbcd8010380 con 0x7fbcf01039d0
2023-12-21T07:50:44.226 INFO:teuthology.orchestra.run.smithi007.stdout:/usr/bin/ceph: stderr
2023-12-21T07:50:43.420+0000 7fbcf4b9c700 1 -- 172.21.15.7:0/3173478724 >> [v2:172.21.15.7:3300/0,v1:172.21.15.7:6789/0] conn(0x7fbcf01039d0 msgr2=0x7fbcf0103de0 secure :-1 s=STATE_CONNECTION_ESTABLISHED l=1).mark_down
2023-12-21T07:50:44.226 INFO:teuthology.orchestra.run.smithi007.stdout:/usr/bin/ceph: stderr
2023-12-21T07:50:43.420+0000 7fbcf4b9c700 1 --2- 172.21.15.7:0/3173478724 >> [v2:172.21.15.7:3300/0,v1:172.21.15.7:6789/0] conn(0x7fbcf01039d0 0x7fbcf0103de0 secure :-1 s=READY pgs=82 cs=0 l=1 rev1=1 crypto rx=0x7fbcd80098e0 tx=0x7fbcd8009250 comp rx=0 tx=0).stop
2023-12-21T07:50:44.226 INFO:teuthology.orchestra.run.smithi007.stdout:/usr/bin/ceph: stderr
2023-12-21T07:50:43.420+0000 7fbcf4b9c700 1 -- 172.21.15.7:0/3173478724 shutdown_connections
2023-12-21T07:50:44.226 INFO:teuthology.orchestra.run.smithi007.stdout:/usr/bin/ceph: stderr
2023-12-21T07:50:43.420+0000 7fbcf4b9c700 1 --2- 172.21.15.7:0/3173478724 >> [v2:172.21.15.7:3300/0,v1:172.21.15.7:6789/0] conn(0x7fbcf01039d0 0x7fbcf0103de0 unknown :-1 s=CLOSED pgs=82 cs=0 l=1 rev1=1 crypto rx=0 tx=0 comp rx=0 tx=0).stop
2023-12-21T07:50:44.226 INFO:teuthology.orchestra.run.smithi007.stdout:/usr/bin/ceph: stderr
2023-12-21T07:50:43.420+0000 7fbcf4b9c700 1 -- 172.21.15.7:0/3173478724 >> 172.21.15.7:0/3173478724 conn(0x7fbcf00fc0b0 msgr2=0x7fbcf00fe4e0 unknown :-1 s=STATE_NONE l=0).mark_down
2023-12-21T07:50:44.226 INFO:teuthology.orchestra.run.smithi007.stdout:/usr/bin/ceph: stderr
2023-12-21T07:50:43.420+0000 7fbcf4b9c700 1 -- 172.21.15.7:0/3173478724 shutdown_connections
2023-12-21T07:50:44.226 INFO:teuthology.orchestra.run.smithi007.stdout:/usr/bin/ceph: stderr
2023-12-21T07:50:43.420+0000 7fbcf4b9c700 1 -- 172.21.15.7:0/3173478724 wait complete.
2023-12-21T07:50:44.227 INFO:teuthology.orchestra.run.smithi007.stdout:/usr/bin/ceph: stderr
2023-12-21T07:50:43.421+0000 7fbcf4b9c700 1 Processor -- start
2023-12-21T07:50:44.227 INFO:teuthology.orchestra.run.smithi007.stdout:/usr/bin/ceph: stderr
2023-12-21T07:50:43.421+0000 7fbcf4b9c700 1 -- start start
2023-12-21T07:50:44.227 INFO:teuthology.orchestra.run.smithi007.stdout:/usr/bin/ceph: stderr
2023-12-21T07:50:43.421+0000 7fbcf4b9c700 1 --2- >> [v2:172.21.15.7:3300/0,v1:172.21.15.7:6789/0] conn(0x7fbcf01039d0 0x7fbcf0103210 unknown :-1 s=NONE pgs=0 cs=0 l=1 rev1=0 crypto rx=0 tx=0 comp rx=0 tx=0).connect
2023-12-21T07:50:44.227 INFO:teuthology.orchestra.run.smithi007.stdout:/usr/bin/ceph: stderr
2023-12-21T07:50:43.421+0000 7fbcf4b9c700 1 -- --> [v2:172.21.15.7:3300/0,v1:172.21.15.7:6789/0] -- mon_getmap magic: 0 v1 -- 0x7fbcf0101690 con 0x7fbcf01039d0
2023-12-21T07:50:44.227 INFO:teuthology.orchestra.run.smithi007.stdout:/usr/bin/ceph: stderr
2023-12-21T07:50:43.421+0000 7fbcee59c700 1 --2- >> [v2:172.21.15.7:3300/0,v1:172.21.15.7:6789/0] conn(0x7fbcf01039d0 0x7fbcf0103210 unknown :-1 s=BANNER_CONNECTING pgs=0 cs=0 l=1 rev1=0 crypto rx=0 tx=0 comp rx=0 tx=0)._handle_peer_banner_payload supported=3 required=0
2023-12-21T07:50:44.227 INFO:teuthology.orchestra.run.smithi007.stdout:/usr/bin/ceph: stderr
2023-12-21T07:50:43.421+0000 7fbcee59c700 1 --2- >> [v2:172.21.15.7:3300/0,v1:172.21.15.7:6789/0] conn(0x7fbcf01039d0 0x7fbcf0103210 unknown :-1 s=HELLO_CONNECTING pgs=0 cs=0 l=1 rev1=1 crypto rx=0 tx=0 comp rx=0 tx=0).handle_hello peer v2:172.21.15.7:3300/0 says I am v2:172.21.15.7:51880/0 (socket says 172.21.15.7:51880)
2023-12-21T07:50:44.227 INFO:teuthology.orchestra.run.smithi007.stdout:/usr/bin/ceph: stderr
2023-12-21T07:50:43.421+0000 7fbcee59c700 1 -- 172.21.15.7:0/3664125441 learned_addr learned my addr 172.21.15.7:0/3664125441 (peer_addr_for_me v2:172.21.15.7:0/0)
2023-12-21T07:50:44.227 INFO:teuthology.orchestra.run.smithi007.stdout:/usr/bin/ceph: stderr
2023-12-21T07:50:43.421+0000 7fbcee59c700 1 -- 172.21.15.7:0/3664125441 --> [v2:172.21.15.7:3300/0,v1:172.21.15.7:6789/0] -- mon_subscribe({config=0+,monmap=0+}) v3 -- 0x7fbcd80094f0 con 0x7fbcf01039d0
2023-12-21T07:50:44.227 INFO:teuthology.orchestra.run.smithi007.stdout:/usr/bin/ceph: stderr
2023-12-21T07:50:43.422+0000 7fbcee59c700 1 --2- 172.21.15.7:0/3664125441 >> [v2:172.21.15.7:3300/0,v1:172.21.15.7:6789/0] conn(0x7fbcf01039d0 0x7fbcf0103210 secure :-1 s=READY pgs=83 cs=0 l=1 rev1=1 crypto rx=0x7fbcd8011b60 tx=0x7fbcd8009250 comp rx=0 tx=0).ready entity=mon.0 client_cookie=0 server_cookie=0 in_seq=0 out_seq=0
2023-12-21T07:50:44.227 INFO:teuthology.orchestra.run.smithi007.stdout:/usr/bin/ceph: stderr
2023-12-21T07:50:43.422+0000 7fbce6ffd700 1 -- 172.21.15.7:0/3664125441 <== mon.0 v2:172.21.15.7:3300/0 1 ==== mon_map magic: 0 v1 ==== 229+0+0 (secure 0 0 0) 0x7fbcd8010850 con 0x7fbcf01039d0
2023-12-21T07:50:44.227 INFO:teuthology.orchestra.run.smithi007.stdout:/usr/bin/ceph: stderr
2023-12-21T07:50:43.422+0000 7fbce6ffd700 1 -- 172.21.15.7:0/3664125441 <== mon.0 v2:172.21.15.7:3300/0 2 ==== config(26 keys) v1 ==== 1074+0+0 (secure 0 0 0) 0x7fbcd8010e60 con 0x7fbcf01039d0
2023-12-21T07:50:44.227 INFO:teuthology.orchestra.run.smithi007.stdout:/usr/bin/ceph: stderr
2023-12-21T07:50:43.422+0000 7fbcf4b9c700 1 -- 172.21.15.7:0/3664125441 --> [v2:172.21.15.7:3300/0,v1:172.21.15.7:6789/0] -- mon_subscribe({mgrmap=0+}) v3 -- 0x7fbcf0101890 con 0x7fbcf01039d0
2023-12-21T07:50:44.227 INFO:teuthology.orchestra.run.smithi007.stdout:/usr/bin/ceph: stderr
2023-12-21T07:50:43.422+0000 7fbce6ffd700 1 -- 172.21.15.7:0/3664125441 <== mon.0 v2:172.21.15.7:3300/0 3 ==== mon_map magic: 0 v1 ==== 229+0+0 (secure 0 0 0) 0x7fbcd801ae20 con 0x7fbcf01039d0
2023-12-21T07:50:44.228 INFO:teuthology.orchestra.run.smithi007.stdout:/usr/bin/ceph: stderr
2023-12-21T07:50:43.422+0000 7fbcf4b9c700 1 -- 172.21.15.7:0/3664125441 --> [v2:172.21.15.7:3300/0,v1:172.21.15.7:6789/0] -- mon_subscribe({osdmap=0}) v3 -- 0x7fbcf0101ca0 con 0x7fbcf01039d0
2023-12-21T07:50:44.228 INFO:teuthology.orchestra.run.smithi007.stdout:/usr/bin/ceph: stderr
2023-12-21T07:50:43.423+0000 7fbce6ffd700 1 -- 172.21.15.7:0/3664125441 <== mon.0 v2:172.21.15.7:3300/0 4 ==== mgrmap(e 12) v1 ==== 43294+0+0 (secure 0 0 0) 0x7fbcd802d3f0 con 0x7fbcf01039d0
2023-12-21T07:50:44.228 INFO:teuthology.orchestra.run.smithi007.stdout:/usr/bin/ceph: stderr
2023-12-21T07:50:43.423+0000 7fbcf4b9c700 1 -- 172.21.15.7:0/3664125441 --> [v2:172.21.15.7:3300/0,v1:172.21.15.7:6789/0] -- mon_command({"prefix": "get_command_descriptions"} v 0) v1 -- 0x7fbcf004bb80 con 0x7fbcf01039d0
2023-12-21T07:50:44.228 INFO:teuthology.orchestra.run.smithi007.stdout:/usr/bin/ceph: stderr
2023-12-21T07:50:43.423+0000 7fbce6ffd700 1 --2- 172.21.15.7:0/3664125441 >> [v2:172.21.15.7:6800/1813964676,v1:172.21.15.7:6801/1813964676] conn(0x7fbcdc036690 0x7fbcdc038b40 unknown :-1 s=NONE pgs=0 cs=0 l=1 rev1=0 crypto rx=0 tx=0 comp rx=0 tx=0).connect
2023-12-21T07:50:44.228 INFO:teuthology.orchestra.run.smithi007.stdout:/usr/bin/ceph: stderr
2023-12-21T07:50:43.423+0000 7fbce6ffd700 1 -- 172.21.15.7:0/3664125441 <== mon.0 v2:172.21.15.7:3300/0 5 ==== osd_map(3..3 src has 1..3) v4 ==== 1151+0+0 (secure 0 0 0) 0x7fbcd804a470 con 0x7fbcf01039d0
2023-12-21T07:50:44.228 INFO:teuthology.orchestra.run.smithi007.stdout:/usr/bin/ceph: stderr
2023-12-21T07:50:43.423+0000 7fbcedd9b700 1 --2- 172.21.15.7:0/3664125441 >> [v2:172.21.15.7:6800/1813964676,v1:172.21.15.7:6801/1813964676] conn(0x7fbcdc036690 0x7fbcdc038b40 unknown :-1 s=BANNER_CONNECTING pgs=0 cs=0 l=1 rev1=0 crypto rx=0 tx=0 comp rx=0 tx=0)._handle_peer_banner_payload supported=3 required=0
2023-12-21T07:50:44.228 INFO:teuthology.orchestra.run.smithi007.stdout:/usr/bin/ceph: stderr
2023-12-21T07:50:43.423+0000 7fbcedd9b700 1 --2- 172.21.15.7:0/3664125441 >> [v2:172.21.15.7:6800/1813964676,v1:172.21.15.7:6801/1813964676] conn(0x7fbcdc036690 0x7fbcdc038b40 secure :-1 s=READY pgs=8 cs=0 l=1 rev1=1 crypto rx=0x7fbce0009990 tx=0x7fbce0006e40 comp rx=0 tx=0).ready entity=mgr.14162 client_cookie=0 server_cookie=0 in_seq=0 out_seq=0
2023-12-21T07:50:44.228 INFO:teuthology.orchestra.run.smithi007.stdout:/usr/bin/ceph: stderr
2023-12-21T07:50:43.428+0000 7fbce6ffd700 1 -- 172.21.15.7:0/3664125441 <== mon.0 v2:172.21.15.7:3300/0 6 ==== mon_command_ack([{"prefix": "get_command_descriptions"}]=0 v0) v1 ==== 72+0+174570 (secure 0 0 0) 0x7fbcd8010b90 con 0x7fbcf01039d0
2023-12-21T07:50:44.228 INFO:teuthology.orchestra.run.smithi007.stdout:/usr/bin/ceph: stderr
2023-12-21T07:50:43.643+0000 7fbcf4b9c700 1 -- 172.21.15.7:0/3664125441 --> [v2:172.21.15.7:6800/1813964676,v1:172.21.15.7:6801/1813964676] -- mgr_command(tid 0: {"prefix": "dashboard ac-user-create", "username": "admin", "rolename": "administrator", "force_password": true, "pwd_update_required": true, "target": ["mon-mgr", ""]}) v1 -- 0x7fbcf005f090 con 0x7fbcdc036690
2023-12-21T07:50:44.228 INFO:teuthology.orchestra.run.smithi007.stdout:/usr/bin/ceph: stderr
2023-12-21T07:50:43.888+0000 7fbce6ffd700 1 -- 172.21.15.7:0/3664125441 <== mgr.14162 v2:172.21.15.7:6800/1813964676 1 ==== mgr_command_reply(tid 0: 0 ) v1 ==== 8+0+252 (secure 0 0 0) 0x7fbcf005f090 con 0x7fbcdc036690
2023-12-21T07:50:44.228 INFO:teuthology.orchestra.run.smithi007.stdout:/usr/bin/ceph: stderr
2023-12-21T07:50:43.890+0000 7fbcf4b9c700 1 -- 172.21.15.7:0/3664125441 >> [v2:172.21.15.7:6800/1813964676,v1:172.21.15.7:6801/1813964676] conn(0x7fbcdc036690 msgr2=0x7fbcdc038b40 secure :-1 s=STATE_CONNECTION_ESTABLISHED l=1).mark_down
2023-12-21T07:50:44.228 INFO:teuthology.orchestra.run.smithi007.stdout:/usr/bin/ceph: stderr
2023-12-21T07:50:43.890+0000 7fbcf4b9c700 1 --2- 172.21.15.7:0/3664125441 >> [v2:172.21.15.7:6800/1813964676,v1:172.21.15.7:6801/1813964676] conn(0x7fbcdc036690 0x7fbcdc038b40 secure :-1 s=READY pgs=8 cs=0 l=1 rev1=1 crypto rx=0x7fbce0009990 tx=0x7fbce0006e40 comp rx=0 tx=0).stop
2023-12-21T07:50:44.228 INFO:teuthology.orchestra.run.smithi007.stdout:/usr/bin/ceph: stderr
2023-12-21T07:50:43.890+0000 7fbcf4b9c700 1 -- 172.21.15.7:0/3664125441 >> [v2:172.21.15.7:3300/0,v1:172.21.15.7:6789/0] conn(0x7fbcf01039d0 msgr2=0x7fbcf0103210 secure :-1 s=STATE_CONNECTION_ESTABLISHED l=1).mark_down
2023-12-21T07:50:44.229 INFO:teuthology.orchestra.run.smithi007.stdout:/usr/bin/ceph: stderr
2023-12-21T07:50:43.890+0000 7fbcf4b9c700 1 --2- 172.21.15.7:0/3664125441 >> [v2:172.21.15.7:3300/0,v1:172.21.15.7:6789/0] conn(0x7fbcf01039d0 0x7fbcf0103210 secure :-1 s=READY pgs=83 cs=0 l=1 rev1=1 crypto rx=0x7fbcd8011b60 tx=0x7fbcd8009250 comp rx=0 tx=0).stop
2023-12-21T07:50:44.229 INFO:teuthology.orchestra.run.smithi007.stdout:/usr/bin/ceph: stderr
2023-12-21T07:50:43.890+0000 7fbcf4b9c700 1 -- 172.21.15.7:0/3664125441 shutdown_connections
2023-12-21T07:50:44.229 INFO:teuthology.orchestra.run.smithi007.stdout:/usr/bin/ceph: stderr
2023-12-21T07:50:43.890+0000 7fbcf4b9c700 1 --2- 172.21.15.7:0/3664125441 >> [v2:172.21.15.7:6800/1813964676,v1:172.21.15.7:6801/1813964676] conn(0x7fbcdc036690 0x7fbcdc038b40 unknown :-1 s=CLOSED pgs=8 cs=0 l=1 rev1=1 crypto rx=0 tx=0 comp rx=0 tx=0).stop
2023-12-21T07:50:44.229 INFO:teuthology.orchestra.run.smithi007.stdout:/usr/bin/ceph: stderr
2023-12-21T07:50:43.890+0000 7fbcf4b9c700 1 --2- 172.21.15.7:0/3664125441 >> [v2:172.21.15.7:3300/0,v1:172.21.15.7:6789/0] conn(0x7fbcf01039d0 0x7fbcf0103210 unknown :-1 s=CLOSED pgs=83 cs=0 l=1 rev1=1 crypto rx=0 tx=0 comp rx=0 tx=0).stop
2023-12-21T07:50:44.229 INFO:teuthology.orchestra.run.smithi007.stdout:/usr/bin/ceph: stderr
2023-12-21T07:50:43.890+0000 7fbcf4b9c700 1 -- 172.21.15.7:0/3664125441 >> 172.21.15.7:0/3664125441 conn(0x7fbcf00fc0b0 msgr2=0x7fbcf00fd8a0 unknown :-1 s=STATE_NONE l=0).mark_down
2023-12-21T07:50:44.229 INFO:teuthology.orchestra.run.smithi007.stdout:/usr/bin/ceph: stderr
2023-12-21T07:50:43.890+0000 7fbcf4b9c700 1 -- 172.21.15.7:0/3664125441 shutdown_connections
2023-12-21T07:50:44.229 INFO:teuthology.orchestra.run.smithi007.stdout:/usr/bin/ceph: stderr
2023-12-21T07:50:43.890+0000 7fbcf4b9c700 1 -- 172.21.15.7:0/3664125441 wait complete.
2023-12-21T07:50:44.229 INFO:teuthology.orchestra.run.smithi007.stdout:Fetching dashboard port number...
2023-12-21T07:50:45.080 INFO:journalctl@ceph.mon.smithi007.smithi007.stdout:Dec 21 07:50:44 smithi007 ceph-mon[111933]: from='client.14176 -' entity='client.admin' cmd=[{"prefix": "dashboard ac-user-create", "username": "admin", "rolename": "administrator", "force_password": true, "pwd_update_required": true, "target": ["mon-mgr", ""]}]: dispatch
2023-12-21T07:50:45.080 INFO:journalctl@ceph.mon.smithi007.smithi007.stdout:Dec 21 07:50:44 smithi007 ceph-mon[111933]: from='mgr.14162 172.21.15.7:0/103344261' entity='mgr.smithi007.qpxgac'
2023-12-21T07:50:45.080 INFO:journalctl@ceph.mon.smithi007.smithi007.stdout:Dec 21 07:50:44 smithi007 ceph-mon[111933]: from='client.? 172.21.15.7:0/2300882043' entity='client.admin' cmd=[{"prefix": "config get", "who": "mgr", "key": "mgr/dashboard/ssl_server_port"}]: dispatch
2023-12-21T07:50:45.148 INFO:teuthology.orchestra.run.smithi007.stdout:/usr/bin/ceph: stdout 8443
2023-12-21T07:50:45.148 INFO:teuthology.orchestra.run.smithi007.stdout:/usr/bin/ceph: stderr
2023-12-21T07:50:44.595+0000 7f6d8e0a5700 1 Processor -- start
2023-12-21T07:50:45.148 INFO:teuthology.orchestra.run.smithi007.stdout:/usr/bin/ceph: stderr
2023-12-21T07:50:44.595+0000 7f6d8e0a5700 1 -- start start
2023-12-21T07:50:45.148 INFO:teuthology.orchestra.run.smithi007.stdout:/usr/bin/ceph: stderr
2023-12-21T07:50:44.595+0000 7f6d8e0a5700 1 --2- >> [v2:172.21.15.7:3300/0,v1:172.21.15.7:6789/0] conn(0x7f6d88070fc0 0x7f6d88104ee0 unknown :-1 s=NONE pgs=0 cs=0 l=0 rev1=0 crypto rx=0 tx=0 comp rx=0 tx=0).connect
2023-12-21T07:50:45.149 INFO:teuthology.orchestra.run.smithi007.stdout:/usr/bin/ceph: stderr
2023-12-21T07:50:44.595+0000 7f6d8e0a5700 1 -- --> [v2:172.21.15.7:3300/0,v1:172.21.15.7:6789/0] -- mon_getmap magic: 0 v1 -- 0x7f6d88105420 con 0x7f6d88070fc0
2023-12-21T07:50:45.149 INFO:teuthology.orchestra.run.smithi007.stdout:/usr/bin/ceph: stderr
2023-12-21T07:50:44.596+0000 7f6d877fe700 1 --2- >> [v2:172.21.15.7:3300/0,v1:172.21.15.7:6789/0] conn(0x7f6d88070fc0 0x7f6d88104ee0 unknown :-1 s=BANNER_CONNECTING pgs=0 cs=0 l=0 rev1=0 crypto rx=0 tx=0 comp rx=0 tx=0)._handle_peer_banner_payload supported=3 required=0
2023-12-21T07:50:45.149 INFO:teuthology.orchestra.run.smithi007.stdout:/usr/bin/ceph: stderr
2023-12-21T07:50:44.596+0000 7f6d877fe700 1 --2- >> [v2:172.21.15.7:3300/0,v1:172.21.15.7:6789/0] conn(0x7f6d88070fc0 0x7f6d88104ee0 unknown :-1 s=HELLO_CONNECTING pgs=0 cs=0 l=0 rev1=1 crypto rx=0 tx=0 comp rx=0 tx=0).handle_hello peer v2:172.21.15.7:3300/0 says I am v2:172.21.15.7:51894/0 (socket says 172.21.15.7:51894)
2023-12-21T07:50:45.149 INFO:teuthology.orchestra.run.smithi007.stdout:/usr/bin/ceph: stderr
2023-12-21T07:50:44.596+0000 7f6d877fe700 1 -- 172.21.15.7:0/3968369322 learned_addr learned my addr 172.21.15.7:0/3968369322 (peer_addr_for_me v2:172.21.15.7:0/0)
2023-12-21T07:50:45.149 INFO:teuthology.orchestra.run.smithi007.stdout:/usr/bin/ceph: stderr
2023-12-21T07:50:44.596+0000 7f6d877fe700 1 -- 172.21.15.7:0/3968369322 --> [v2:172.21.15.7:3300/0,v1:172.21.15.7:6789/0] -- mon_subscribe({config=0+,monmap=0+}) v3 -- 0x7f6d88105560 con 0x7f6d88070fc0
2023-12-21T07:50:45.149 INFO:teuthology.orchestra.run.smithi007.stdout:/usr/bin/ceph: stderr
2023-12-21T07:50:44.596+0000 7f6d877fe700 1 --2- 172.21.15.7:0/3968369322 >> [v2:172.21.15.7:3300/0,v1:172.21.15.7:6789/0] conn(0x7f6d88070fc0 0x7f6d88104ee0 secure :-1 s=READY pgs=84 cs=0 l=1 rev1=1 crypto rx=0x7f6d780098e0 tx=0x7f6d78009250 comp rx=0 tx=0).ready entity=mon.0 client_cookie=f39d38a2df719424 server_cookie=0 in_seq=0 out_seq=0
2023-12-21T07:50:45.149 INFO:teuthology.orchestra.run.smithi007.stdout:/usr/bin/ceph: stderr
2023-12-21T07:50:44.596+0000 7f6d867fc700 1 -- 172.21.15.7:0/3968369322 <== mon.0 v2:172.21.15.7:3300/0 1 ==== mon_map magic: 0 v1 ==== 229+0+0 (secure 0 0 0) 0x7f6d7800b860 con 0x7f6d88070fc0
2023-12-21T07:50:45.149 INFO:teuthology.orchestra.run.smithi007.stdout:/usr/bin/ceph: stderr
2023-12-21T07:50:44.596+0000 7f6d867fc700 1 -- 172.21.15.7:0/3968369322 <== mon.0 v2:172.21.15.7:3300/0 2 ==== config(26 keys) v1 ==== 1074+0+0 (secure 0 0 0) 0x7f6d7800be70 con 0x7f6d88070fc0
2023-12-21T07:50:45.149 INFO:teuthology.orchestra.run.smithi007.stdout:/usr/bin/ceph: stderr
2023-12-21T07:50:44.596+0000 7f6d867fc700 1 -- 172.21.15.7:0/3968369322 <== mon.0 v2:172.21.15.7:3300/0 3 ==== mon_map magic: 0 v1 ==== 229+0+0 (secure 0 0 0) 0x7f6d78010380 con 0x7f6d88070fc0
2023-12-21T07:50:45.149 INFO:teuthology.orchestra.run.smithi007.stdout:/usr/bin/ceph: stderr
2023-12-21T07:50:44.597+0000 7f6d8e0a5700 1 -- 172.21.15.7:0/3968369322 >> [v2:172.21.15.7:3300/0,v1:172.21.15.7:6789/0] conn(0x7f6d88070fc0 msgr2=0x7f6d88104ee0 secure :-1 s=STATE_CONNECTION_ESTABLISHED l=1).mark_down
2023-12-21T07:50:45.149 INFO:teuthology.orchestra.run.smithi007.stdout:/usr/bin/ceph: stderr
2023-12-21T07:50:44.597+0000 7f6d8e0a5700 1 --2- 172.21.15.7:0/3968369322 >> [v2:172.21.15.7:3300/0,v1:172.21.15.7:6789/0] conn(0x7f6d88070fc0 0x7f6d88104ee0 secure :-1 s=READY pgs=84 cs=0 l=1 rev1=1 crypto rx=0x7f6d780098e0 tx=0x7f6d78009250 comp rx=0 tx=0).stop
2023-12-21T07:50:45.149 INFO:teuthology.orchestra.run.smithi007.stdout:/usr/bin/ceph: stderr
2023-12-21T07:50:44.597+0000 7f6d8e0a5700 1 -- 172.21.15.7:0/3968369322 shutdown_connections
2023-12-21T07:50:45.149 INFO:teuthology.orchestra.run.smithi007.stdout:/usr/bin/ceph: stderr
2023-12-21T07:50:44.597+0000 7f6d8e0a5700 1 --2- 172.21.15.7:0/3968369322 >> [v2:172.21.15.7:3300/0,v1:172.21.15.7:6789/0] conn(0x7f6d88070fc0 0x7f6d88104ee0 unknown :-1 s=CLOSED pgs=84 cs=0 l=1 rev1=1 crypto rx=0 tx=0 comp rx=0 tx=0).stop
2023-12-21T07:50:45.149 INFO:teuthology.orchestra.run.smithi007.stdout:/usr/bin/ceph: stderr
2023-12-21T07:50:44.597+0000 7f6d8e0a5700 1 -- 172.21.15.7:0/3968369322 >> 172.21.15.7:0/3968369322 conn(0x7f6d880fc970 msgr2=0x7f6d880fed80 unknown :-1 s=STATE_NONE l=0).mark_down
2023-12-21T07:50:45.149 INFO:teuthology.orchestra.run.smithi007.stdout:/usr/bin/ceph: stderr
2023-12-21T07:50:44.597+0000 7f6d8e0a5700 1 -- 172.21.15.7:0/3968369322 shutdown_connections
2023-12-21T07:50:45.149 INFO:teuthology.orchestra.run.smithi007.stdout:/usr/bin/ceph: stderr
2023-12-21T07:50:44.597+0000 7f6d8e0a5700 1 -- 172.21.15.7:0/3968369322 wait complete.
2023-12-21T07:50:45.150 INFO:teuthology.orchestra.run.smithi007.stdout:/usr/bin/ceph: stderr
2023-12-21T07:50:44.597+0000 7f6d8e0a5700 1 Processor -- start
2023-12-21T07:50:45.150 INFO:teuthology.orchestra.run.smithi007.stdout:/usr/bin/ceph: stderr
2023-12-21T07:50:44.598+0000 7f6d8e0a5700 1 -- start start
2023-12-21T07:50:45.150 INFO:teuthology.orchestra.run.smithi007.stdout:/usr/bin/ceph: stderr
2023-12-21T07:50:44.598+0000 7f6d8e0a5700 1 --2- >> [v2:172.21.15.7:3300/0,v1:172.21.15.7:6789/0] conn(0x7f6d88070fc0 0x7f6d881111c0 unknown :-1 s=NONE pgs=0 cs=0 l=1 rev1=0 crypto rx=0 tx=0 comp rx=0 tx=0).connect
2023-12-21T07:50:45.150 INFO:teuthology.orchestra.run.smithi007.stdout:/usr/bin/ceph: stderr
2023-12-21T07:50:44.598+0000 7f6d8e0a5700 1 -- --> [v2:172.21.15.7:3300/0,v1:172.21.15.7:6789/0] -- mon_getmap magic: 0 v1 -- 0x7f6d88111700 con 0x7f6d88070fc0
2023-12-21T07:50:45.150 INFO:teuthology.orchestra.run.smithi007.stdout:/usr/bin/ceph: stderr
2023-12-21T07:50:44.598+0000 7f6d877fe700 1 --2- >> [v2:172.21.15.7:3300/0,v1:172.21.15.7:6789/0] conn(0x7f6d88070fc0 0x7f6d881111c0 unknown :-1 s=BANNER_CONNECTING pgs=0 cs=0 l=1 rev1=0 crypto rx=0 tx=0 comp rx=0 tx=0)._handle_peer_banner_payload supported=3 required=0
2023-12-21T07:50:45.150 INFO:teuthology.orchestra.run.smithi007.stdout:/usr/bin/ceph: stderr
2023-12-21T07:50:44.598+0000 7f6d877fe700 1 --2- >> [v2:172.21.15.7:3300/0,v1:172.21.15.7:6789/0] conn(0x7f6d88070fc0 0x7f6d881111c0 unknown :-1 s=HELLO_CONNECTING pgs=0 cs=0 l=1 rev1=1 crypto rx=0 tx=0 comp rx=0 tx=0).handle_hello peer v2:172.21.15.7:3300/0 says I am v2:172.21.15.7:51906/0 (socket says 172.21.15.7:51906)
2023-12-21T07:50:45.150 INFO:teuthology.orchestra.run.smithi007.stdout:/usr/bin/ceph: stderr
2023-12-21T07:50:44.598+0000 7f6d877fe700 1 -- 172.21.15.7:0/2300882043 learned_addr learned my addr 172.21.15.7:0/2300882043 (peer_addr_for_me v2:172.21.15.7:0/0)
2023-12-21T07:50:45.150 INFO:teuthology.orchestra.run.smithi007.stdout:/usr/bin/ceph: stderr
2023-12-21T07:50:44.598+0000 7f6d877fe700 1 -- 172.21.15.7:0/2300882043 --> [v2:172.21.15.7:3300/0,v1:172.21.15.7:6789/0] -- mon_subscribe({config=0+,monmap=0+}) v3 -- 0x7f6d780094f0 con 0x7f6d88070fc0
2023-12-21T07:50:45.150 INFO:teuthology.orchestra.run.smithi007.stdout:/usr/bin/ceph: stderr
2023-12-21T07:50:44.598+0000 7f6d877fe700 1 --2- 172.21.15.7:0/2300882043 >> [v2:172.21.15.7:3300/0,v1:172.21.15.7:6789/0] conn(0x7f6d88070fc0 0x7f6d881111c0 secure :-1 s=READY pgs=85 cs=0 l=1 rev1=1 crypto rx=0x7f6d78006d40 tx=0x7f6d78009250 comp rx=0 tx=0).ready entity=mon.0 client_cookie=0 server_cookie=0 in_seq=0 out_seq=0
2023-12-21T07:50:45.150 INFO:teuthology.orchestra.run.smithi007.stdout:/usr/bin/ceph: stderr
2023-12-21T07:50:44.598+0000 7f6d6ffff700 1 -- 172.21.15.7:0/2300882043 <== mon.0 v2:172.21.15.7:3300/0 1 ==== mon_map magic: 0 v1 ==== 229+0+0 (secure 0 0 0) 0x7f6d78010960 con 0x7f6d88070fc0
2023-12-21T07:50:45.150 INFO:teuthology.orchestra.run.smithi007.stdout:/usr/bin/ceph: stderr
2023-12-21T07:50:44.598+0000 7f6d6ffff700 1 -- 172.21.15.7:0/2300882043 <== mon.0 v2:172.21.15.7:3300/0 2 ==== config(26 keys) v1 ==== 1074+0+0 (secure 0 0 0) 0x7f6d7801a430 con 0x7f6d88070fc0
2023-12-21T07:50:45.150 INFO:teuthology.orchestra.run.smithi007.stdout:/usr/bin/ceph: stderr
2023-12-21T07:50:44.598+0000 7f6d8e0a5700 1 -- 172.21.15.7:0/2300882043 --> [v2:172.21.15.7:3300/0,v1:172.21.15.7:6789/0] -- mon_subscribe({mgrmap=0+}) v3 -- 0x7f6d88111900 con 0x7f6d88070fc0
2023-12-21T07:50:45.150 INFO:teuthology.orchestra.run.smithi007.stdout:/usr/bin/ceph: stderr
2023-12-21T07:50:44.598+0000 7f6d6ffff700 1 -- 172.21.15.7:0/2300882043 <== mon.0 v2:172.21.15.7:3300/0 3 ==== mon_map magic: 0 v1 ==== 229+0+0 (secure 0 0 0) 0x7f6d780245b0 con 0x7f6d88070fc0
2023-12-21T07:50:45.150 INFO:teuthology.orchestra.run.smithi007.stdout:/usr/bin/ceph: stderr
2023-12-21T07:50:44.599+0000 7f6d8e0a5700 1 -- 172.21.15.7:0/2300882043 --> [v2:172.21.15.7:3300/0,v1:172.21.15.7:6789/0] -- mon_subscribe({osdmap=0}) v3 -- 0x7f6d88111d10 con 0x7f6d88070fc0
2023-12-21T07:50:45.150 INFO:teuthology.orchestra.run.smithi007.stdout:/usr/bin/ceph: stderr
2023-12-21T07:50:44.599+0000 7f6d6ffff700 1 -- 172.21.15.7:0/2300882043 <== mon.0 v2:172.21.15.7:3300/0 4 ==== mgrmap(e 12) v1 ==== 43294+0+0 (secure 0 0 0) 0x7f6d7802d3f0 con 0x7f6d88070fc0
2023-12-21T07:50:45.150 INFO:teuthology.orchestra.run.smithi007.stdout:/usr/bin/ceph: stderr
2023-12-21T07:50:44.599+0000 7f6d6ffff700 1 --2- 172.21.15.7:0/2300882043 >> [v2:172.21.15.7:6800/1813964676,v1:172.21.15.7:6801/1813964676] conn(0x7f6d70036640 0x7f6d70038af0 unknown :-1 s=NONE pgs=0 cs=0 l=1 rev1=0 crypto rx=0 tx=0 comp rx=0 tx=0).connect
2023-12-21T07:50:45.150 INFO:teuthology.orchestra.run.smithi007.stdout:/usr/bin/ceph: stderr
2023-12-21T07:50:44.599+0000 7f6d6ffff700 1 -- 172.21.15.7:0/2300882043 <== mon.0 v2:172.21.15.7:3300/0 5 ==== osd_map(3..3 src has 1..3) v4 ==== 1151+0+0 (secure 0 0 0) 0x7f6d7804a450 con 0x7f6d88070fc0
2023-12-21T07:50:45.151 INFO:teuthology.orchestra.run.smithi007.stdout:/usr/bin/ceph: stderr
2023-12-21T07:50:44.600+0000 7f6d8e0a5700 1 -- 172.21.15.7:0/2300882043 --> [v2:172.21.15.7:3300/0,v1:172.21.15.7:6789/0] -- mon_command({"prefix": "get_command_descriptions"} v 0) v1 -- 0x7f6d8804bb80 con 0x7f6d88070fc0
2023-12-21T07:50:45.151 INFO:teuthology.orchestra.run.smithi007.stdout:/usr/bin/ceph: stderr
2023-12-21T07:50:44.600+0000 7f6d86ffd700 1 --2- 172.21.15.7:0/2300882043 >> [v2:172.21.15.7:6800/1813964676,v1:172.21.15.7:6801/1813964676] conn(0x7f6d70036640 0x7f6d70038af0 unknown :-1 s=BANNER_CONNECTING pgs=0 cs=0 l=1 rev1=0 crypto rx=0 tx=0 comp rx=0 tx=0)._handle_peer_banner_payload supported=3 required=0
2023-12-21T07:50:45.151 INFO:teuthology.orchestra.run.smithi007.stdout:/usr/bin/ceph: stderr
2023-12-21T07:50:44.600+0000 7f6d86ffd700 1 --2- 172.21.15.7:0/2300882043 >> [v2:172.21.15.7:6800/1813964676,v1:172.21.15.7:6801/1813964676] conn(0x7f6d70036640 0x7f6d70038af0 secure :-1 s=READY pgs=9 cs=0 l=1 rev1=1 crypto rx=0x7f6d7c009990 tx=0x7f6d7c006e40 comp rx=0 tx=0).ready entity=mgr.14162 client_cookie=0 server_cookie=0 in_seq=0 out_seq=0
2023-12-21T07:50:45.151 INFO:teuthology.orchestra.run.smithi007.stdout:/usr/bin/ceph: stderr
2023-12-21T07:50:44.604+0000 7f6d6ffff700 1 -- 172.21.15.7:0/2300882043 <== mon.0 v2:172.21.15.7:3300/0 6 ==== mon_command_ack([{"prefix": "get_command_descriptions"}]=0 v0) v1 ==== 72+0+174570 (secure 0 0 0) 0x7f6d7802b2f0 con 0x7f6d88070fc0
2023-12-21T07:50:45.151 INFO:teuthology.orchestra.run.smithi007.stdout:/usr/bin/ceph: stderr
2023-12-21T07:50:44.801+0000 7f6d8e0a5700 1 -- 172.21.15.7:0/2300882043 --> [v2:172.21.15.7:3300/0,v1:172.21.15.7:6789/0] -- mon_command({"prefix": "config get", "who": "mgr", "key": "mgr/dashboard/ssl_server_port"} v 0) v1 -- 0x7f6d881062e0 con 0x7f6d88070fc0
2023-12-21T07:50:45.151 INFO:teuthology.orchestra.run.smithi007.stdout:/usr/bin/ceph: stderr
2023-12-21T07:50:44.801+0000 7f6d6ffff700 1 -- 172.21.15.7:0/2300882043 <== mon.0 v2:172.21.15.7:3300/0 7 ==== mon_command_ack([{"prefix": "config get", "who": "mgr", "key": "mgr/dashboard/ssl_server_port"}]=0 v8) v1 ==== 112+0+5 (secure 0 0 0) 0x7f6d78010ac0 con 0x7f6d88070fc0
2023-12-21T07:50:45.151 INFO:teuthology.orchestra.run.smithi007.stdout:/usr/bin/ceph: stderr
2023-12-21T07:50:44.803+0000 7f6d8e0a5700 1 -- 172.21.15.7:0/2300882043 >> [v2:172.21.15.7:6800/1813964676,v1:172.21.15.7:6801/1813964676] conn(0x7f6d70036640 msgr2=0x7f6d70038af0 secure :-1 s=STATE_CONNECTION_ESTABLISHED l=1).mark_down
2023-12-21T07:50:45.151 INFO:teuthology.orchestra.run.smithi007.stdout:/usr/bin/ceph: stderr
2023-12-21T07:50:44.803+0000 7f6d8e0a5700 1 --2- 172.21.15.7:0/2300882043 >> [v2:172.21.15.7:6800/1813964676,v1:172.21.15.7:6801/1813964676] conn(0x7f6d70036640 0x7f6d70038af0 secure :-1 s=READY pgs=9 cs=0 l=1 rev1=1 crypto rx=0x7f6d7c009990 tx=0x7f6d7c006e40 comp rx=0 tx=0).stop
2023-12-21T07:50:45.151 INFO:teuthology.orchestra.run.smithi007.stdout:/usr/bin/ceph: stderr
2023-12-21T07:50:44.803+0000 7f6d8e0a5700 1 -- 172.21.15.7:0/2300882043 >> [v2:172.21.15.7:3300/0,v1:172.21.15.7:6789/0] conn(0x7f6d88070fc0 msgr2=0x7f6d881111c0 secure :-1 s=STATE_CONNECTION_ESTABLISHED l=1).mark_down
2023-12-21T07:50:45.151 INFO:teuthology.orchestra.run.smithi007.stdout:/usr/bin/ceph: stderr
2023-12-21T07:50:44.803+0000 7f6d8e0a5700 1 --2- 172.21.15.7:0/2300882043 >> [v2:172.21.15.7:3300/0,v1:172.21.15.7:6789/0] conn(0x7f6d88070fc0 0x7f6d881111c0 secure :-1 s=READY pgs=85 cs=0 l=1 rev1=1 crypto rx=0x7f6d78006d40 tx=0x7f6d78009250 comp rx=0 tx=0).stop
2023-12-21T07:50:45.151 INFO:teuthology.orchestra.run.smithi007.stdout:/usr/bin/ceph: stderr
2023-12-21T07:50:44.803+0000 7f6d8e0a5700 1 -- 172.21.15.7:0/2300882043 shutdown_connections
2023-12-21T07:50:45.151 INFO:teuthology.orchestra.run.smithi007.stdout:/usr/bin/ceph: stderr
2023-12-21T07:50:44.803+0000 7f6d8e0a5700 1 --2- 172.21.15.7:0/2300882043 >> [v2:172.21.15.7:6800/1813964676,v1:172.21.15.7:6801/1813964676] conn(0x7f6d70036640 0x7f6d70038af0 unknown :-1 s=CLOSED pgs=9 cs=0 l=1 rev1=1 crypto rx=0 tx=0 comp rx=0 tx=0).stop
2023-12-21T07:50:45.151 INFO:teuthology.orchestra.run.smithi007.stdout:/usr/bin/ceph: stderr
2023-12-21T07:50:44.803+0000 7f6d8e0a5700 1 --2- 172.21.15.7:0/2300882043 >> [v2:172.21.15.7:3300/0,v1:172.21.15.7:6789/0] conn(0x7f6d88070fc0 0x7f6d881111c0 unknown :-1 s=CLOSED pgs=85 cs=0 l=1 rev1=1 crypto rx=0 tx=0 comp rx=0 tx=0).stop
2023-12-21T07:50:45.151 INFO:teuthology.orchestra.run.smithi007.stdout:/usr/bin/ceph: stderr
2023-12-21T07:50:44.803+0000 7f6d8e0a5700 1 -- 172.21.15.7:0/2300882043 >> 172.21.15.7:0/2300882043 conn(0x7f6d880fc970 msgr2=0x7f6d880fed70 unknown :-1 s=STATE_NONE l=0).mark_down
2023-12-21T07:50:45.151 INFO:teuthology.orchestra.run.smithi007.stdout:/usr/bin/ceph: stderr
2023-12-21T07:50:44.804+0000 7f6d8e0a5700 1 -- 172.21.15.7:0/2300882043 shutdown_connections
2023-12-21T07:50:45.151 INFO:teuthology.orchestra.run.smithi007.stdout:/usr/bin/ceph: stderr
2023-12-21T07:50:44.804+0000 7f6d8e0a5700 1 -- 172.21.15.7:0/2300882043 wait complete.
2023-12-21T07:50:45.156 INFO:teuthology.orchestra.run.smithi007.stdout:Non-zero exit code 1 from systemctl is-enabled firewalld.service
2023-12-21T07:50:45.156 INFO:teuthology.orchestra.run.smithi007.stdout:systemctl: stdout disabled
2023-12-21T07:50:45.164 INFO:teuthology.orchestra.run.smithi007.stdout:Non-zero exit code 3 from systemctl is-active firewalld.service
2023-12-21T07:50:45.164 INFO:teuthology.orchestra.run.smithi007.stdout:systemctl: stdout inactive
2023-12-21T07:50:45.164 INFO:teuthology.orchestra.run.smithi007.stdout:firewalld.service is not enabled
2023-12-21T07:50:45.164 INFO:teuthology.orchestra.run.smithi007.stdout:Not possible to open ports <[8443]>. firewalld.service is not available
2023-12-21T07:50:45.167 INFO:teuthology.orchestra.run.smithi007.stdout:Ceph Dashboard is now available at:
2023-12-21T07:50:45.167 INFO:teuthology.orchestra.run.smithi007.stdout:
2023-12-21T07:50:45.167 INFO:teuthology.orchestra.run.smithi007.stdout: URL: https://smithi007.front.sepia.ceph.com:8443/
2023-12-21T07:50:45.167 INFO:teuthology.orchestra.run.smithi007.stdout: User: admin
2023-12-21T07:50:45.167 INFO:teuthology.orchestra.run.smithi007.stdout: Password: fx3lvfyp31
2023-12-21T07:50:45.167 INFO:teuthology.orchestra.run.smithi007.stdout:
2023-12-21T07:50:45.167 INFO:teuthology.orchestra.run.smithi007.stdout:Saving cluster configuration to /var/lib/ceph/6d6af806-9fd5-11ee-95a5-87774f69a715/config directory
2023-12-21T07:50:45.167 INFO:teuthology.orchestra.run.smithi007.stdout:Enabling autotune for osd_memory_target
2023-12-21T07:50:47.365 INFO:teuthology.orchestra.run.smithi007.stdout:/usr/bin/ceph: stderr
2023-12-21T07:50:45.504+0000 7fe993ca7700 1 Processor -- start
2023-12-21T07:50:47.365 INFO:teuthology.orchestra.run.smithi007.stdout:/usr/bin/ceph: stderr
2023-12-21T07:50:45.504+0000 7fe993ca7700 1 -- start start
2023-12-21T07:50:47.365 INFO:teuthology.orchestra.run.smithi007.stdout:/usr/bin/ceph: stderr
2023-12-21T07:50:45.505+0000 7fe993ca7700 1 --2- >> [v2:172.21.15.7:3300/0,v1:172.21.15.7:6789/0] conn(0x7fe98c070fa0 0x7fe98c104f00 unknown :-1 s=NONE pgs=0 cs=0 l=0 rev1=0 crypto rx=0 tx=0 comp rx=0 tx=0).connect
2023-12-21T07:50:47.365 INFO:teuthology.orchestra.run.smithi007.stdout:/usr/bin/ceph: stderr
2023-12-21T07:50:45.505+0000 7fe993ca7700 1 -- --> [v2:172.21.15.7:3300/0,v1:172.21.15.7:6789/0] -- mon_getmap magic: 0 v1 -- 0x7fe98c105440 con 0x7fe98c070fa0
2023-12-21T07:50:47.365 INFO:teuthology.orchestra.run.smithi007.stdout:/usr/bin/ceph: stderr
2023-12-21T07:50:45.505+0000 7fe991a43700 1 --2- >> [v2:172.21.15.7:3300/0,v1:172.21.15.7:6789/0] conn(0x7fe98c070fa0 0x7fe98c104f00 unknown :-1 s=BANNER_CONNECTING pgs=0 cs=0 l=0 rev1=0 crypto rx=0 tx=0 comp rx=0 tx=0)._handle_peer_banner_payload supported=3 required=0
2023-12-21T07:50:47.366 INFO:teuthology.orchestra.run.smithi007.stdout:/usr/bin/ceph: stderr
2023-12-21T07:50:45.505+0000 7fe991a43700 1 --2- >> [v2:172.21.15.7:3300/0,v1:172.21.15.7:6789/0] conn(0x7fe98c070fa0 0x7fe98c104f00 unknown :-1 s=HELLO_CONNECTING pgs=0 cs=0 l=0 rev1=1 crypto rx=0 tx=0 comp rx=0 tx=0).handle_hello peer v2:172.21.15.7:3300/0 says I am v2:172.21.15.7:51914/0 (socket says 172.21.15.7:51914)
2023-12-21T07:50:47.366 INFO:teuthology.orchestra.run.smithi007.stdout:/usr/bin/ceph: stderr
2023-12-21T07:50:45.505+0000 7fe991a43700 1 -- 172.21.15.7:0/692825516 learned_addr learned my addr 172.21.15.7:0/692825516 (peer_addr_for_me v2:172.21.15.7:0/0)
2023-12-21T07:50:47.366 INFO:teuthology.orchestra.run.smithi007.stdout:/usr/bin/ceph: stderr
2023-12-21T07:50:45.505+0000 7fe991a43700 1 -- 172.21.15.7:0/692825516 --> [v2:172.21.15.7:3300/0,v1:172.21.15.7:6789/0] -- mon_subscribe({config=0+,monmap=0+}) v3 -- 0x7fe98c105580 con 0x7fe98c070fa0
2023-12-21T07:50:47.366 INFO:teuthology.orchestra.run.smithi007.stdout:/usr/bin/ceph: stderr
2023-12-21T07:50:45.506+0000 7fe991a43700 1 --2- 172.21.15.7:0/692825516 >> [v2:172.21.15.7:3300/0,v1:172.21.15.7:6789/0] conn(0x7fe98c070fa0 0x7fe98c104f00 secure :-1 s=READY pgs=86 cs=0 l=1 rev1=1 crypto rx=0x7fe9880098e0 tx=0x7fe988009250 comp rx=0 tx=0).ready entity=mon.0 client_cookie=63b33a5e08aea7af server_cookie=0 in_seq=0 out_seq=0
2023-12-21T07:50:47.366 INFO:teuthology.orchestra.run.smithi007.stdout:/usr/bin/ceph: stderr
2023-12-21T07:50:45.506+0000 7fe990a41700 1 -- 172.21.15.7:0/692825516 <== mon.0 v2:172.21.15.7:3300/0 1 ==== mon_map magic: 0 v1 ==== 229+0+0 (secure 0 0 0) 0x7fe98800b860 con 0x7fe98c070fa0
2023-12-21T07:50:47.366 INFO:teuthology.orchestra.run.smithi007.stdout:/usr/bin/ceph: stderr
2023-12-21T07:50:45.506+0000 7fe990a41700 1 -- 172.21.15.7:0/692825516 <== mon.0 v2:172.21.15.7:3300/0 2 ==== config(26 keys) v1 ==== 1074+0+0 (secure 0 0 0) 0x7fe98800be70 con 0x7fe98c070fa0
2023-12-21T07:50:47.366 INFO:teuthology.orchestra.run.smithi007.stdout:/usr/bin/ceph: stderr
2023-12-21T07:50:45.506+0000 7fe990a41700 1 -- 172.21.15.7:0/692825516 <== mon.0 v2:172.21.15.7:3300/0 3 ==== mon_map magic: 0 v1 ==== 229+0+0 (secure 0 0 0) 0x7fe988010380 con 0x7fe98c070fa0
2023-12-21T07:50:47.366 INFO:teuthology.orchestra.run.smithi007.stdout:/usr/bin/ceph: stderr
2023-12-21T07:50:45.506+0000 7fe993ca7700 1 -- 172.21.15.7:0/692825516 >> [v2:172.21.15.7:3300/0,v1:172.21.15.7:6789/0] conn(0x7fe98c070fa0 msgr2=0x7fe98c104f00 secure :-1 s=STATE_CONNECTION_ESTABLISHED l=1).mark_down
2023-12-21T07:50:47.366 INFO:teuthology.orchestra.run.smithi007.stdout:/usr/bin/ceph: stderr
2023-12-21T07:50:45.506+0000 7fe993ca7700 1 --2- 172.21.15.7:0/692825516 >> [v2:172.21.15.7:3300/0,v1:172.21.15.7:6789/0] conn(0x7fe98c070fa0 0x7fe98c104f00 secure :-1 s=READY pgs=86 cs=0 l=1 rev1=1 crypto rx=0x7fe9880098e0 tx=0x7fe988009250 comp rx=0 tx=0).stop
2023-12-21T07:50:47.366 INFO:teuthology.orchestra.run.smithi007.stdout:/usr/bin/ceph: stderr
2023-12-21T07:50:45.506+0000 7fe993ca7700 1 -- 172.21.15.7:0/692825516 shutdown_connections
2023-12-21T07:50:47.366 INFO:teuthology.orchestra.run.smithi007.stdout:/usr/bin/ceph: stderr
2023-12-21T07:50:45.506+0000 7fe993ca7700 1 --2- 172.21.15.7:0/692825516 >> [v2:172.21.15.7:3300/0,v1:172.21.15.7:6789/0] conn(0x7fe98c070fa0 0x7fe98c104f00 unknown :-1 s=CLOSED pgs=86 cs=0 l=1 rev1=1 crypto rx=0 tx=0 comp rx=0 tx=0).stop
2023-12-21T07:50:47.366 INFO:teuthology.orchestra.run.smithi007.stdout:/usr/bin/ceph: stderr
2023-12-21T07:50:45.506+0000 7fe993ca7700 1 -- 172.21.15.7:0/692825516 >> 172.21.15.7:0/692825516 conn(0x7fe98c0fc970 msgr2=0x7fe98c0fed80 unknown :-1 s=STATE_NONE l=0).mark_down
2023-12-21T07:50:47.366 INFO:teuthology.orchestra.run.smithi007.stdout:/usr/bin/ceph: stderr
2023-12-21T07:50:45.506+0000 7fe993ca7700 1 -- 172.21.15.7:0/692825516 shutdown_connections
2023-12-21T07:50:47.366 INFO:teuthology.orchestra.run.smithi007.stdout:/usr/bin/ceph: stderr
2023-12-21T07:50:45.507+0000 7fe993ca7700 1 -- 172.21.15.7:0/692825516 wait complete.
2023-12-21T07:50:47.366 INFO:teuthology.orchestra.run.smithi007.stdout:/usr/bin/ceph: stderr
2023-12-21T07:50:45.507+0000 7fe993ca7700 1 Processor -- start
2023-12-21T07:50:47.366 INFO:teuthology.orchestra.run.smithi007.stdout:/usr/bin/ceph: stderr
2023-12-21T07:50:45.507+0000 7fe993ca7700 1 -- start start
2023-12-21T07:50:47.366 INFO:teuthology.orchestra.run.smithi007.stdout:/usr/bin/ceph: stderr
2023-12-21T07:50:45.507+0000 7fe993ca7700 1 --2- >> [v2:172.21.15.7:3300/0,v1:172.21.15.7:6789/0] conn(0x7fe98c070fa0 0x7fe98c1111c0 unknown :-1 s=NONE pgs=0 cs=0 l=1 rev1=0 crypto rx=0 tx=0 comp rx=0 tx=0).connect
2023-12-21T07:50:47.367 INFO:teuthology.orchestra.run.smithi007.stdout:/usr/bin/ceph: stderr
2023-12-21T07:50:45.507+0000 7fe993ca7700 1 -- --> [v2:172.21.15.7:3300/0,v1:172.21.15.7:6789/0] -- mon_getmap magic: 0 v1 -- 0x7fe98c111700 con 0x7fe98c070fa0
2023-12-21T07:50:47.367 INFO:teuthology.orchestra.run.smithi007.stdout:/usr/bin/ceph: stderr
2023-12-21T07:50:45.508+0000 7fe991a43700 1 --2- >> [v2:172.21.15.7:3300/0,v1:172.21.15.7:6789/0] conn(0x7fe98c070fa0 0x7fe98c1111c0 unknown :-1 s=BANNER_CONNECTING pgs=0 cs=0 l=1 rev1=0 crypto rx=0 tx=0 comp rx=0 tx=0)._handle_peer_banner_payload supported=3 required=0
2023-12-21T07:50:47.367 INFO:teuthology.orchestra.run.smithi007.stdout:/usr/bin/ceph: stderr
2023-12-21T07:50:45.508+0000 7fe991a43700 1 --2- >> [v2:172.21.15.7:3300/0,v1:172.21.15.7:6789/0] conn(0x7fe98c070fa0 0x7fe98c1111c0 unknown :-1 s=HELLO_CONNECTING pgs=0 cs=0 l=1 rev1=1 crypto rx=0 tx=0 comp rx=0 tx=0).handle_hello peer v2:172.21.15.7:3300/0 says I am v2:172.21.15.7:51922/0 (socket says 172.21.15.7:51922)
2023-12-21T07:50:47.367 INFO:teuthology.orchestra.run.smithi007.stdout:/usr/bin/ceph: stderr
2023-12-21T07:50:45.508+0000 7fe991a43700 1 -- 172.21.15.7:0/996633291 learned_addr learned my addr 172.21.15.7:0/996633291 (peer_addr_for_me v2:172.21.15.7:0/0)
2023-12-21T07:50:47.367 INFO:teuthology.orchestra.run.smithi007.stdout:/usr/bin/ceph: stderr
2023-12-21T07:50:45.508+0000 7fe991a43700 1 -- 172.21.15.7:0/996633291 --> [v2:172.21.15.7:3300/0,v1:172.21.15.7:6789/0] -- mon_subscribe({config=0+,monmap=0+}) v3 -- 0x7fe9880094f0 con 0x7fe98c070fa0
2023-12-21T07:50:47.367 INFO:teuthology.orchestra.run.smithi007.stdout:/usr/bin/ceph: stderr
2023-12-21T07:50:45.508+0000 7fe991a43700 1 --2- 172.21.15.7:0/996633291 >> [v2:172.21.15.7:3300/0,v1:172.21.15.7:6789/0] conn(0x7fe98c070fa0 0x7fe98c1111c0 secure :-1 s=READY pgs=87 cs=0 l=1 rev1=1 crypto rx=0x7fe9880094c0 tx=0x7fe988009250 comp rx=0 tx=0).ready entity=mon.0 client_cookie=0 server_cookie=0 in_seq=0 out_seq=0
2023-12-21T07:50:47.367 INFO:teuthology.orchestra.run.smithi007.stdout:/usr/bin/ceph: stderr
2023-12-21T07:50:45.508+0000 7fe9827fc700 1 -- 172.21.15.7:0/996633291 <== mon.0 v2:172.21.15.7:3300/0 1 ==== mon_map magic: 0 v1 ==== 229+0+0 (secure 0 0 0) 0x7fe988010850 con 0x7fe98c070fa0
2023-12-21T07:50:47.367 INFO:teuthology.orchestra.run.smithi007.stdout:/usr/bin/ceph: stderr
2023-12-21T07:50:45.508+0000 7fe9827fc700 1 -- 172.21.15.7:0/996633291 <== mon.0 v2:172.21.15.7:3300/0 2 ==== config(26 keys) v1 ==== 1074+0+0 (secure 0 0 0) 0x7fe988010e60 con 0x7fe98c070fa0
2023-12-21T07:50:47.367 INFO:teuthology.orchestra.run.smithi007.stdout:/usr/bin/ceph: stderr
2023-12-21T07:50:45.508+0000 7fe993ca7700 1 -- 172.21.15.7:0/996633291 --> [v2:172.21.15.7:3300/0,v1:172.21.15.7:6789/0] -- mon_subscribe({mgrmap=0+}) v3 -- 0x7fe98c111900 con 0x7fe98c070fa0
2023-12-21T07:50:47.367 INFO:teuthology.orchestra.run.smithi007.stdout:/usr/bin/ceph: stderr
2023-12-21T07:50:45.508+0000 7fe9827fc700 1 -- 172.21.15.7:0/996633291 <== mon.0 v2:172.21.15.7:3300/0 3 ==== mon_map magic: 0 v1 ==== 229+0+0 (secure 0 0 0) 0x7fe98801a430 con 0x7fe98c070fa0
2023-12-21T07:50:47.367 INFO:teuthology.orchestra.run.smithi007.stdout:/usr/bin/ceph: stderr
2023-12-21T07:50:45.508+0000 7fe993ca7700 1 -- 172.21.15.7:0/996633291 --> [v2:172.21.15.7:3300/0,v1:172.21.15.7:6789/0] -- mon_subscribe({osdmap=0}) v3 -- 0x7fe98c111d10 con 0x7fe98c070fa0
2023-12-21T07:50:47.367 INFO:teuthology.orchestra.run.smithi007.stdout:/usr/bin/ceph: stderr
2023-12-21T07:50:45.509+0000 7fe993ca7700 1 -- 172.21.15.7:0/996633291 --> [v2:172.21.15.7:3300/0,v1:172.21.15.7:6789/0] -- mon_command({"prefix": "get_command_descriptions"} v 0) v1 -- 0x7fe98c04bb80 con 0x7fe98c070fa0
2023-12-21T07:50:47.367 INFO:teuthology.orchestra.run.smithi007.stdout:/usr/bin/ceph: stderr
2023-12-21T07:50:45.510+0000 7fe9827fc700 1 -- 172.21.15.7:0/996633291 <== mon.0 v2:172.21.15.7:3300/0 4 ==== mgrmap(e 12) v1 ==== 43294+0+0 (secure 0 0 0) 0x7fe9880247b0 con 0x7fe98c070fa0
2023-12-21T07:50:47.367 INFO:teuthology.orchestra.run.smithi007.stdout:/usr/bin/ceph: stderr
2023-12-21T07:50:45.510+0000 7fe9827fc700 1 --2- 172.21.15.7:0/996633291 >> [v2:172.21.15.7:6800/1813964676,v1:172.21.15.7:6801/1813964676] conn(0x7fe978036640 0x7fe978038af0 unknown :-1 s=NONE pgs=0 cs=0 l=1 rev1=0 crypto rx=0 tx=0 comp rx=0 tx=0).connect
2023-12-21T07:50:47.367 INFO:teuthology.orchestra.run.smithi007.stdout:/usr/bin/ceph: stderr
2023-12-21T07:50:45.510+0000 7fe9827fc700 1 -- 172.21.15.7:0/996633291 <== mon.0 v2:172.21.15.7:3300/0 5 ==== osd_map(3..3 src has 1..3) v4 ==== 1151+0+0 (secure 0 0 0) 0x7fe98804a7b0 con 0x7fe98c070fa0
2023-12-21T07:50:47.367 INFO:teuthology.orchestra.run.smithi007.stdout:/usr/bin/ceph: stderr
2023-12-21T07:50:45.510+0000 7fe991242700 1 --2- 172.21.15.7:0/996633291 >> [v2:172.21.15.7:6800/1813964676,v1:172.21.15.7:6801/1813964676] conn(0x7fe978036640 0x7fe978038af0 unknown :-1 s=BANNER_CONNECTING pgs=0 cs=0 l=1 rev1=0 crypto rx=0 tx=0 comp rx=0 tx=0)._handle_peer_banner_payload supported=3 required=0
2023-12-21T07:50:47.368 INFO:teuthology.orchestra.run.smithi007.stdout:/usr/bin/ceph: stderr
2023-12-21T07:50:45.510+0000 7fe991242700 1 --2- 172.21.15.7:0/996633291 >> [v2:172.21.15.7:6800/1813964676,v1:172.21.15.7:6801/1813964676] conn(0x7fe978036640 0x7fe978038af0 secure :-1 s=READY pgs=10 cs=0 l=1 rev1=1 crypto rx=0x7fe97c009990 tx=0x7fe97c006e40 comp rx=0 tx=0).ready entity=mgr.14162 client_cookie=0 server_cookie=0 in_seq=0 out_seq=0
2023-12-21T07:50:47.368 INFO:teuthology.orchestra.run.smithi007.stdout:/usr/bin/ceph: stderr
2023-12-21T07:50:45.514+0000 7fe9827fc700 1 -- 172.21.15.7:0/996633291 <== mon.0 v2:172.21.15.7:3300/0 6 ==== mon_command_ack([{"prefix": "get_command_descriptions"}]=0 v0) v1 ==== 72+0+174570 (secure 0 0 0) 0x7fe988022930 con 0x7fe98c070fa0
2023-12-21T07:50:47.368 INFO:teuthology.orchestra.run.smithi007.stdout:/usr/bin/ceph: stderr
2023-12-21T07:50:45.748+0000 7fe993ca7700 1 -- 172.21.15.7:0/996633291 --> [v2:172.21.15.7:3300/0,v1:172.21.15.7:6789/0] -- mon_command([{prefix=config set, name=osd_memory_target_autotune}] v 0) v1 -- 0x7fe98c106300 con 0x7fe98c070fa0
2023-12-21T07:50:47.368 INFO:teuthology.orchestra.run.smithi007.stdout:/usr/bin/ceph: stderr
2023-12-21T07:50:45.748+0000 7fe9827fc700 1 -- 172.21.15.7:0/996633291 <== mon.0 v2:172.21.15.7:3300/0 7 ==== mon_command_ack([{prefix=config set, name=osd_memory_target_autotune}]=0 v8)=0 v8) v1 ==== 127+0+0 (secure 0 0 0) 0x7fe988022340 con 0x7fe98c070fa0
2023-12-21T07:50:47.368 INFO:teuthology.orchestra.run.smithi007.stdout:/usr/bin/ceph: stderr
2023-12-21T07:50:45.750+0000 7fe993ca7700 1 -- 172.21.15.7:0/996633291 >> [v2:172.21.15.7:6800/1813964676,v1:172.21.15.7:6801/1813964676] conn(0x7fe978036640 msgr2=0x7fe978038af0 secure :-1 s=STATE_CONNECTION_ESTABLISHED l=1).mark_down
2023-12-21T07:50:47.368 INFO:teuthology.orchestra.run.smithi007.stdout:/usr/bin/ceph: stderr
2023-12-21T07:50:45.750+0000 7fe993ca7700 1 --2- 172.21.15.7:0/996633291 >> [v2:172.21.15.7:6800/1813964676,v1:172.21.15.7:6801/1813964676] conn(0x7fe978036640 0x7fe978038af0 secure :-1 s=READY pgs=10 cs=0 l=1 rev1=1 crypto rx=0x7fe97c009990 tx=0x7fe97c006e40 comp rx=0 tx=0).stop
