2024-02-05T07:12:11.120+0000 7f763b7fe700 1 --1- >> v1:172.21.15.184:6789/0 conn(0x7f763c104390 0x7f763c1047b0 :-1 s=CONNECTING_WAIT_BANNER_AND_IDENTIFY pgs=0 cs=0 l=0).handle_server_banner_and_identify peer v1:172.21.15.184:6789/0 says I am v1:172.21.15.184:53630/0 (socket says 172.21.15.184:53630)
2024-02-05T07:12:11.978 INFO:teuthology.orchestra.run.smithi184.stdout:/usr/bin/ceph: stderr
2024-02-05T07:12:11.120+0000 7f763b7fe700 1 -- 172.21.15.184:0/2241998130 learned_addr learned my addr 172.21.15.184:0/2241998130 (peer_addr_for_me v1:172.21.15.184:0/0)
2024-02-05T07:12:11.978 INFO:teuthology.orchestra.run.smithi184.stdout:/usr/bin/ceph: stderr
2024-02-05T07:12:11.120+0000 7f763a7fc700 1 -- 172.21.15.184:0/2241998130 <== mon.0 v1:172.21.15.184:6789/0 1 ==== auth_reply(proto 2 0 (0) Success) v1 ==== 33+0+0 (unknown 3769267306 0 0) 0x7f763c078e50 con 0x7f763c104390
2024-02-05T07:12:11.978 INFO:teuthology.orchestra.run.smithi184.stdout:/usr/bin/ceph: stderr
2024-02-05T07:12:11.120+0000 7f763a7fc700 1 -- 172.21.15.184:0/2241998130 --> v1:172.21.15.184:6789/0 -- auth(proto 2 36 bytes epoch 0) v1 -- 0x7f76240035b0 con 0x7f763c104390
2024-02-05T07:12:11.978 INFO:teuthology.orchestra.run.smithi184.stdout:/usr/bin/ceph: stderr
2024-02-05T07:12:11.121+0000 7f763a7fc700 1 -- 172.21.15.184:0/2241998130 <== mon.0 v1:172.21.15.184:6789/0 2 ==== auth_reply(proto 2 0 (0) Success) v1 ==== 214+0+0 (unknown 3291689392 0 0) 0x7f76240035b0 con 0x7f763c104390
2024-02-05T07:12:11.978 INFO:teuthology.orchestra.run.smithi184.stdout:/usr/bin/ceph: stderr
2024-02-05T07:12:11.121+0000 7f763a7fc700 1 -- 172.21.15.184:0/2241998130 --> v1:172.21.15.184:6789/0 -- mon_subscribe({config=0+,monmap=0+}) v3 -- 0x7f763c105ed0 con 0x7f763c104390
2024-02-05T07:12:11.978 INFO:teuthology.orchestra.run.smithi184.stdout:/usr/bin/ceph: stderr
2024-02-05T07:12:11.121+0000 7f763a7fc700 1 -- 172.21.15.184:0/2241998130 <== mon.0 v1:172.21.15.184:6789/0 3 ==== mon_map magic: 0 v1 ==== 170+0+0 (unknown 2625926556 0 0) 0x7f762c001580 con 0x7f763c104390
2024-02-05T07:12:11.978 INFO:teuthology.orchestra.run.smithi184.stdout:/usr/bin/ceph: stderr
2024-02-05T07:12:11.121+0000 7f763a7fc700 1 -- 172.21.15.184:0/2241998130 <== mon.0 v1:172.21.15.184:6789/0 4 ==== config(25 keys) v1 ==== 1037+0+0 (unknown 1670703156 0 0) 0x7f762c001c10 con 0x7f763c104390
2024-02-05T07:12:11.978 INFO:teuthology.orchestra.run.smithi184.stdout:/usr/bin/ceph: stderr
2024-02-05T07:12:11.121+0000 7f763a7fc700 1 -- 172.21.15.184:0/2241998130 <== mon.0 v1:172.21.15.184:6789/0 5 ==== mon_map magic: 0 v1 ==== 170+0+0 (unknown 2625926556 0 0) 0x7f762c0057b0 con 0x7f763c104390
2024-02-05T07:12:11.978 INFO:teuthology.orchestra.run.smithi184.stdout:/usr/bin/ceph: stderr
2024-02-05T07:12:11.121+0000 7f7641fb0700 1 -- 172.21.15.184:0/2241998130 >> v1:172.21.15.184:6789/0 conn(0x7f763c104390 legacy=0x7f763c1047b0 unknown :-1 s=STATE_CONNECTION_ESTABLISHED l=1).mark_down
2024-02-05T07:12:11.978 INFO:teuthology.orchestra.run.smithi184.stdout:/usr/bin/ceph: stderr
2024-02-05T07:12:11.122+0000 7f7641fb0700 1 -- 172.21.15.184:0/2241998130 shutdown_connections
2024-02-05T07:12:11.978 INFO:teuthology.orchestra.run.smithi184.stdout:/usr/bin/ceph: stderr
2024-02-05T07:12:11.122+0000 7f7641fb0700 1 -- 172.21.15.184:0/2241998130 >> 172.21.15.184:0/2241998130 conn(0x7f763c0fff70 msgr2=0x7f763c102390 unknown :-1 s=STATE_NONE l=0).mark_down
2024-02-05T07:12:11.978 INFO:teuthology.orchestra.run.smithi184.stdout:/usr/bin/ceph: stderr
2024-02-05T07:12:11.122+0000 7f7641fb0700 1 -- 172.21.15.184:0/2241998130 shutdown_connections
2024-02-05T07:12:11.978 INFO:teuthology.orchestra.run.smithi184.stdout:/usr/bin/ceph: stderr
2024-02-05T07:12:11.122+0000 7f7641fb0700 1 -- 172.21.15.184:0/2241998130 wait complete.
2024-02-05T07:12:11.979 INFO:teuthology.orchestra.run.smithi184.stdout:/usr/bin/ceph: stderr
2024-02-05T07:12:11.122+0000 7f7641fb0700 1 Processor -- start
2024-02-05T07:12:11.979 INFO:teuthology.orchestra.run.smithi184.stdout:/usr/bin/ceph: stderr
2024-02-05T07:12:11.122+0000 7f7641fb0700 1 -- start start
2024-02-05T07:12:11.979 INFO:teuthology.orchestra.run.smithi184.stdout:/usr/bin/ceph: stderr
2024-02-05T07:12:11.123+0000 7f7641fb0700 1 -- --> v1:172.21.15.184:6789/0 -- auth(proto 0 34 bytes epoch 0) v1 -- 0x7f763c19be40 con 0x7f763c104390
2024-02-05T07:12:11.979 INFO:teuthology.orchestra.run.smithi184.stdout:/usr/bin/ceph: stderr
2024-02-05T07:12:11.123+0000 7f763b7fe700 1 --1- >> v1:172.21.15.184:6789/0 conn(0x7f763c104390 0x7f763c19b730 :-1 s=CONNECTING_WAIT_BANNER_AND_IDENTIFY pgs=0 cs=0 l=1).handle_server_banner_and_identify peer v1:172.21.15.184:6789/0 says I am v1:172.21.15.184:53632/0 (socket says 172.21.15.184:53632)
2024-02-05T07:12:11.979 INFO:teuthology.orchestra.run.smithi184.stdout:/usr/bin/ceph: stderr
2024-02-05T07:12:11.123+0000 7f763b7fe700 1 -- 172.21.15.184:0/1719785406 learned_addr learned my addr 172.21.15.184:0/1719785406 (peer_addr_for_me v1:172.21.15.184:0/0)
2024-02-05T07:12:11.979 INFO:teuthology.orchestra.run.smithi184.stdout:/usr/bin/ceph: stderr
2024-02-05T07:12:11.123+0000 7f7638ff9700 1 -- 172.21.15.184:0/1719785406 <== mon.0 v1:172.21.15.184:6789/0 1 ==== auth_reply(proto 2 0 (0) Success) v1 ==== 33+0+0 (unknown 3174174586 0 0) 0x7f763c19be40 con 0x7f763c104390
2024-02-05T07:12:11.979 INFO:teuthology.orchestra.run.smithi184.stdout:/usr/bin/ceph: stderr
2024-02-05T07:12:11.123+0000 7f7638ff9700 1 -- 172.21.15.184:0/1719785406 --> v1:172.21.15.184:6789/0 -- auth(proto 2 36 bytes epoch 0) v1 -- 0x7f7624005540 con 0x7f763c104390
2024-02-05T07:12:11.979 INFO:teuthology.orchestra.run.smithi184.stdout:/usr/bin/ceph: stderr
2024-02-05T07:12:11.123+0000 7f7638ff9700 1 -- 172.21.15.184:0/1719785406 <== mon.0 v1:172.21.15.184:6789/0 2 ==== auth_reply(proto 2 0 (0) Success) v1 ==== 764+0+0 (unknown 462273292 0 0) 0x7f7624005540 con 0x7f763c104390
2024-02-05T07:12:11.979 INFO:teuthology.orchestra.run.smithi184.stdout:/usr/bin/ceph: stderr
2024-02-05T07:12:11.123+0000 7f7638ff9700 1 -- 172.21.15.184:0/1719785406 --> v1:172.21.15.184:6789/0 -- auth(proto 2 165 bytes epoch 0) v1 -- 0x7f763c19be40 con 0x7f763c104390
2024-02-05T07:12:11.979 INFO:teuthology.orchestra.run.smithi184.stdout:/usr/bin/ceph: stderr
2024-02-05T07:12:11.123+0000 7f7638ff9700 1 -- 172.21.15.184:0/1719785406 <== mon.0 v1:172.21.15.184:6789/0 3 ==== mon_map magic: 0 v1 ==== 170+0+0 (unknown 2625926556 0 0) 0x7f762c001080 con 0x7f763c104390
2024-02-05T07:12:11.979 INFO:teuthology.orchestra.run.smithi184.stdout:/usr/bin/ceph: stderr
2024-02-05T07:12:11.123+0000 7f7638ff9700 1 -- 172.21.15.184:0/1719785406 <== mon.0 v1:172.21.15.184:6789/0 4 ==== auth_reply(proto 2 0 (0) Success) v1 ==== 580+0+0 (unknown 3305259363 0 0) 0x7f763c19be40 con 0x7f763c104390
2024-02-05T07:12:11.979 INFO:teuthology.orchestra.run.smithi184.stdout:/usr/bin/ceph: stderr
2024-02-05T07:12:11.123+0000 7f7638ff9700 1 -- 172.21.15.184:0/1719785406 --> v1:172.21.15.184:6789/0 -- mon_subscribe({config=0+,monmap=0+}) v3 -- 0x7f763c19bfd0 con 0x7f763c104390
2024-02-05T07:12:11.980 INFO:teuthology.orchestra.run.smithi184.stdout:/usr/bin/ceph: stderr
2024-02-05T07:12:11.123+0000 7f7641fb0700 1 -- 172.21.15.184:0/1719785406 --> v1:172.21.15.184:6789/0 -- mon_subscribe({mgrmap=0+}) v3 -- 0x7f763c19c280 con 0x7f763c104390
2024-02-05T07:12:11.980 INFO:teuthology.orchestra.run.smithi184.stdout:/usr/bin/ceph: stderr
2024-02-05T07:12:11.124+0000 7f7641fb0700 1 -- 172.21.15.184:0/1719785406 --> v1:172.21.15.184:6789/0 -- mon_subscribe({osdmap=0}) v3 -- 0x7f763c19fdd0 con 0x7f763c104390
2024-02-05T07:12:11.980 INFO:teuthology.orchestra.run.smithi184.stdout:/usr/bin/ceph: stderr
2024-02-05T07:12:11.124+0000 7f7638ff9700 1 -- 172.21.15.184:0/1719785406 <== mon.0 v1:172.21.15.184:6789/0 5 ==== config(25 keys) v1 ==== 1037+0+0 (unknown 1670703156 0 0) 0x7f762c004990 con 0x7f763c104390
2024-02-05T07:12:11.980 INFO:teuthology.orchestra.run.smithi184.stdout:/usr/bin/ceph: stderr
2024-02-05T07:12:11.124+0000 7f7638ff9700 1 -- 172.21.15.184:0/1719785406 <== mon.0 v1:172.21.15.184:6789/0 6 ==== mon_map magic: 0 v1 ==== 170+0+0 (unknown 2625926556 0 0) 0x7f762c006110 con 0x7f763c104390
2024-02-05T07:12:11.980 INFO:teuthology.orchestra.run.smithi184.stdout:/usr/bin/ceph: stderr
2024-02-05T07:12:11.124+0000 7f7638ff9700 1 -- 172.21.15.184:0/1719785406 <== mon.0 v1:172.21.15.184:6789/0 7 ==== mgrmap(e 5) v1 ==== 45897+0+0 (unknown 485493536 0 0) 0x7f762c011690 con 0x7f763c104390
2024-02-05T07:12:11.980 INFO:teuthology.orchestra.run.smithi184.stdout:/usr/bin/ceph: stderr
2024-02-05T07:12:11.125+0000 7f7641fb0700 1 -- 172.21.15.184:0/1719785406 --> v1:172.21.15.184:6789/0 -- mon_command({"prefix": "get_command_descriptions"} v 0) v1 -- 0x7f7628005150 con 0x7f763c104390
2024-02-05T07:12:11.980 INFO:teuthology.orchestra.run.smithi184.stdout:/usr/bin/ceph: stderr
2024-02-05T07:12:11.125+0000 7f763affd700 1 -- 172.21.15.184:0/1719785406 >> v1:172.21.15.184:6800/668972809 conn(0x7f762403a120 legacy=0x7f762403c5e0 unknown :-1 s=STATE_CONNECTING_RE l=1).process reconnect failed to v1:172.21.15.184:6800/668972809
2024-02-05T07:12:11.980 INFO:teuthology.orchestra.run.smithi184.stdout:/usr/bin/ceph: stderr
2024-02-05T07:12:11.125+0000 7f7638ff9700 1 -- 172.21.15.184:0/1719785406 <== mon.0 v1:172.21.15.184:6789/0 8 ==== osd_map(1..1 src has 1..1) v4 ==== 725+0+0 (unknown 389070130 0 0) 0x7f762c048170 con 0x7f763c104390
2024-02-05T07:12:11.980 INFO:teuthology.orchestra.run.smithi184.stdout:/usr/bin/ceph: stderr
2024-02-05T07:12:11.129+0000 7f7638ff9700 1 -- 172.21.15.184:0/1719785406 <== mon.0 v1:172.21.15.184:6789/0 9 ==== mon_command_ack([{"prefix": "get_command_descriptions"}]=0 v0) v1 ==== 72+0+183564 (unknown 1092875540 0 1883366685) 0x7f762c012f00 con 0x7f763c104390
2024-02-05T07:12:11.980 INFO:teuthology.orchestra.run.smithi184.stdout:/usr/bin/ceph: stderr
2024-02-05T07:12:11.326+0000 7f763affd700 1 -- 172.21.15.184:0/1719785406 >> v1:172.21.15.184:6800/668972809 conn(0x7f762403a120 legacy=0x7f762403c5e0 unknown :-1 s=STATE_CONNECTING_RE l=1).process reconnect failed to v1:172.21.15.184:6800/668972809
2024-02-05T07:12:11.980 INFO:teuthology.orchestra.run.smithi184.stdout:/usr/bin/ceph: stderr
2024-02-05T07:12:11.384+0000 7f7641fb0700 1 -- 172.21.15.184:0/1719785406 --> v1:172.21.15.184:6789/0 -- mon_command({"prefix": "mgr stat"} v 0) v1 -- 0x7f7628005c10 con 0x7f763c104390
2024-02-05T07:12:11.980 INFO:teuthology.orchestra.run.smithi184.stdout:/usr/bin/ceph: stderr
2024-02-05T07:12:11.384+0000 7f7638ff9700 1 -- 172.21.15.184:0/1719785406 <== mon.0 v1:172.21.15.184:6789/0 10 ==== mon_command_ack([{"prefix": "mgr stat"}]=0 v5) v1 ==== 56+0+88 (unknown 3768197548 0 15966916) 0x7f762c0477c0 con 0x7f763c104390
2024-02-05T07:12:11.981 INFO:teuthology.orchestra.run.smithi184.stdout:/usr/bin/ceph: stderr
2024-02-05T07:12:11.386+0000 7f7641fb0700 1 -- 172.21.15.184:0/1719785406 >> v1:172.21.15.184:6800/668972809 conn(0x7f762403a120 legacy=0x7f762403c5e0 unknown :-1 s=STATE_CONNECTING l=1).mark_down
2024-02-05T07:12:11.981 INFO:teuthology.orchestra.run.smithi184.stdout:/usr/bin/ceph: stderr
2024-02-05T07:12:11.386+0000 7f7641fb0700 1 -- 172.21.15.184:0/1719785406 >> v1:172.21.15.184:6789/0 conn(0x7f763c104390 legacy=0x7f763c19b730 unknown :-1 s=STATE_CONNECTION_ESTABLISHED l=1).mark_down
2024-02-05T07:12:11.981 INFO:teuthology.orchestra.run.smithi184.stdout:/usr/bin/ceph: stderr
2024-02-05T07:12:11.387+0000 7f7641fb0700 1 -- 172.21.15.184:0/1719785406 shutdown_connections
2024-02-05T07:12:11.981 INFO:teuthology.orchestra.run.smithi184.stdout:/usr/bin/ceph: stderr
2024-02-05T07:12:11.387+0000 7f7641fb0700 1 -- 172.21.15.184:0/1719785406 >> 172.21.15.184:0/1719785406 conn(0x7f763c0fff70 msgr2=0x7f763c1924d0 unknown :-1 s=STATE_NONE l=0).mark_down
2024-02-05T07:12:11.981 INFO:teuthology.orchestra.run.smithi184.stdout:/usr/bin/ceph: stderr
2024-02-05T07:12:11.387+0000 7f7641fb0700 1 -- 172.21.15.184:0/1719785406 shutdown_connections
2024-02-05T07:12:11.981 INFO:teuthology.orchestra.run.smithi184.stdout:/usr/bin/ceph: stderr
2024-02-05T07:12:11.387+0000 7f7641fb0700 1 -- 172.21.15.184:0/1719785406 wait complete.
2024-02-05T07:12:11.981 INFO:teuthology.orchestra.run.smithi184.stdout:Waiting for the mgr to restart...
2024-02-05T07:12:11.981 INFO:teuthology.orchestra.run.smithi184.stdout:Waiting for mgr epoch 5...
2024-02-05T07:12:12.252 INFO:journalctl@ceph.mon.a.smithi184.stdout:Feb 05 07:12:12 smithi184 ceph-mon[29861]: from='client.? v1:172.21.15.184:0/1719785406' entity='client.admin' cmd=[{"prefix": "mgr stat"}]: dispatch
2024-02-05T07:12:12.252 INFO:journalctl@ceph.mgr.y.smithi184.stdout:Feb 05 07:12:12 smithi184 ceph-ae38c7f2-c3f5-11ee-95b6-87774f69a715-mgr-y[30118]:
2024-02-05T07:12:12.139+0000 7fd63ec82200 -1 mgr[py] Module rgw has missing NOTIFY_TYPES member
2024-02-05T07:12:12.252 INFO:journalctl@ceph.mgr.y.smithi184.stdout:Feb 05 07:12:12 smithi184 ceph-ae38c7f2-c3f5-11ee-95b6-87774f69a715-mgr-y[30118]:
2024-02-05T07:12:12.249+0000 7fd63ec82200 -1 mgr[py] Module rbd_support has missing NOTIFY_TYPES member
2024-02-05T07:12:12.521 INFO:journalctl@ceph.mgr.y.smithi184.stdout:Feb 05 07:12:12 smithi184 ceph-ae38c7f2-c3f5-11ee-95b6-87774f69a715-mgr-y[30118]:
2024-02-05T07:12:12.340+0000 7fd63ec82200 -1 mgr[py] Module progress has missing NOTIFY_TYPES member
2024-02-05T07:12:12.522 INFO:journalctl@ceph.mgr.y.smithi184.stdout:Feb 05 07:12:12 smithi184 ceph-ae38c7f2-c3f5-11ee-95b6-87774f69a715-mgr-y[30118]:
2024-02-05T07:12:12.438+0000 7fd63ec82200 -1 mgr[py] Module pg_autoscaler has missing NOTIFY_TYPES member
2024-02-05T07:12:13.022 INFO:journalctl@ceph.mgr.y.smithi184.stdout:Feb 05 07:12:12 smithi184 ceph-ae38c7f2-c3f5-11ee-95b6-87774f69a715-mgr-y[30118]:
2024-02-05T07:12:12.622+0000 7fd63ec82200 -1 mgr[py] Module devicehealth has missing NOTIFY_TYPES member
2024-02-05T07:12:13.982 INFO:journalctl@ceph.mgr.y.smithi184.stdout:Feb 05 07:12:13 smithi184 ceph-ae38c7f2-c3f5-11ee-95b6-87774f69a715-mgr-y[30118]:
2024-02-05T07:12:13.576+0000 7fd63ec82200 -1 mgr[py] Module rook has missing NOTIFY_TYPES member
2024-02-05T07:12:13.982 INFO:journalctl@ceph.mgr.y.smithi184.stdout:Feb 05 07:12:13 smithi184 ceph-ae38c7f2-c3f5-11ee-95b6-87774f69a715-mgr-y[30118]:
2024-02-05T07:12:13.707+0000 7fd63ec82200 -1 mgr[py] Module diskprediction_local has missing NOTIFY_TYPES member
2024-02-05T07:12:14.271 INFO:journalctl@ceph.mgr.y.smithi184.stdout:Feb 05 07:12:14 smithi184 ceph-ae38c7f2-c3f5-11ee-95b6-87774f69a715-mgr-y[30118]:
2024-02-05T07:12:14.041+0000 7fd63ec82200 -1 mgr[py] Module selftest has missing NOTIFY_TYPES member
2024-02-05T07:12:14.272 INFO:journalctl@ceph.mgr.y.smithi184.stdout:Feb 05 07:12:14 smithi184 ceph-ae38c7f2-c3f5-11ee-95b6-87774f69a715-mgr-y[30118]:
2024-02-05T07:12:14.132+0000 7fd63ec82200 -1 mgr[py] Module telegraf has missing NOTIFY_TYPES member
2024-02-05T07:12:14.772 INFO:journalctl@ceph.mgr.y.smithi184.stdout:Feb 05 07:12:14 smithi184 ceph-ae38c7f2-c3f5-11ee-95b6-87774f69a715-mgr-y[30118]:
2024-02-05T07:12:14.327+0000 7fd63ec82200 -1 mgr[py] Module test_orchestrator has missing NOTIFY_TYPES member
2024-02-05T07:12:14.772 INFO:journalctl@ceph.mgr.y.smithi184.stdout:Feb 05 07:12:14 smithi184 ceph-ae38c7f2-c3f5-11ee-95b6-87774f69a715-mgr-y[30118]:
2024-02-05T07:12:14.509+0000 7fd63ec82200 -1 mgr[py] Module crash has missing NOTIFY_TYPES member
2024-02-05T07:12:15.055 INFO:journalctl@ceph.mgr.y.smithi184.stdout:Feb 05 07:12:14 smithi184 ceph-ae38c7f2-c3f5-11ee-95b6-87774f69a715-mgr-y[30118]:
2024-02-05T07:12:14.790+0000 7fd63ec82200 -1 mgr[py] Module orchestrator has missing NOTIFY_TYPES member
2024-02-05T07:12:15.055 INFO:journalctl@ceph.mgr.y.smithi184.stdout:Feb 05 07:12:15 smithi184 ceph-ae38c7f2-c3f5-11ee-95b6-87774f69a715-mgr-y[30118]:
2024-02-05T07:12:15.053+0000 7fd63ec82200 -1 mgr[py] Module osd_support has missing NOTIFY_TYPES member
2024-02-05T07:12:15.521 INFO:journalctl@ceph.mgr.y.smithi184.stdout:Feb 05 07:12:15 smithi184 ceph-ae38c7f2-c3f5-11ee-95b6-87774f69a715-mgr-y[30118]:
2024-02-05T07:12:15.288+0000 7fd63ec82200 -1 mgr[py] Module volumes has missing NOTIFY_TYPES member
2024-02-05T07:12:16.521 INFO:journalctl@ceph.mgr.y.smithi184.stdout:Feb 05 07:12:16 smithi184 ceph-ae38c7f2-c3f5-11ee-95b6-87774f69a715-mgr-y[30118]:
2024-02-05T07:12:16.081+0000 7fd63ec82200 -1 mgr[py] Module telemetry has missing NOTIFY_TYPES member
2024-02-05T07:12:16.970 INFO:journalctl@ceph.mgr.y.smithi184.stdout:Feb 05 07:12:16 smithi184 ceph-ae38c7f2-c3f5-11ee-95b6-87774f69a715-mgr-y[30118]:
2024-02-05T07:12:16.655+0000 7fd63ec82200 -1 mgr[py] Module prometheus has missing NOTIFY_TYPES member
2024-02-05T07:12:16.970 INFO:journalctl@ceph.mgr.y.smithi184.stdout:Feb 05 07:12:16 smithi184 ceph-ae38c7f2-c3f5-11ee-95b6-87774f69a715-mgr-y[30118]:
2024-02-05T07:12:16.753+0000 7fd63ec82200 -1 mgr[py] Module status has missing NOTIFY_TYPES member
2024-02-05T07:12:16.970 INFO:journalctl@ceph.mgr.y.smithi184.stdout:Feb 05 07:12:16 smithi184 ceph-ae38c7f2-c3f5-11ee-95b6-87774f69a715-mgr-y[30118]:
2024-02-05T07:12:16.967+0000 7fd63ec82200 -1 mgr[py] Module nfs has missing NOTIFY_TYPES member
2024-02-05T07:12:17.271 INFO:journalctl@ceph.mon.a.smithi184.stdout:Feb 05 07:12:17 smithi184 ceph-mon[29861]: Active manager daemon y restarted
2024-02-05T07:12:17.272 INFO:journalctl@ceph.mon.a.smithi184.stdout:Feb 05 07:12:17 smithi184 ceph-mon[29861]: Activating manager daemon y
2024-02-05T07:12:17.272 INFO:journalctl@ceph.mon.a.smithi184.stdout:Feb 05 07:12:17 smithi184 ceph-mon[29861]: osdmap e2: 0 total, 0 up, 0 in
2024-02-05T07:12:17.272 INFO:journalctl@ceph.mon.a.smithi184.stdout:Feb 05 07:12:17 smithi184 ceph-mon[29861]: mgrmap e6: y(active, starting, since 0.00325075s)
2024-02-05T07:12:17.272 INFO:journalctl@ceph.mon.a.smithi184.stdout:Feb 05 07:12:17 smithi184 ceph-mon[29861]: from='mgr.14118 v1:172.21.15.184:0/3468866972' entity='mgr.y' cmd=[{"prefix": "mon metadata", "id": "a"}]: dispatch
2024-02-05T07:12:17.272 INFO:journalctl@ceph.mon.a.smithi184.stdout:Feb 05 07:12:17 smithi184 ceph-mon[29861]: from='mgr.14118 v1:172.21.15.184:0/3468866972' entity='mgr.y' cmd=[{"prefix": "mgr metadata", "who": "y", "id": "y"}]: dispatch
2024-02-05T07:12:17.272 INFO:journalctl@ceph.mon.a.smithi184.stdout:Feb 05 07:12:17 smithi184 ceph-mon[29861]: from='mgr.14118 v1:172.21.15.184:0/3468866972' entity='mgr.y' cmd=[{"prefix": "mds metadata"}]: dispatch
2024-02-05T07:12:17.272 INFO:journalctl@ceph.mon.a.smithi184.stdout:Feb 05 07:12:17 smithi184 ceph-mon[29861]: from='mgr.14118 v1:172.21.15.184:0/3468866972' entity='mgr.y' cmd=[{"prefix": "osd metadata"}]: dispatch
2024-02-05T07:12:17.272 INFO:journalctl@ceph.mon.a.smithi184.stdout:Feb 05 07:12:17 smithi184 ceph-mon[29861]: from='mgr.14118 v1:172.21.15.184:0/3468866972' entity='mgr.y' cmd=[{"prefix": "mon metadata"}]: dispatch
2024-02-05T07:12:17.272 INFO:journalctl@ceph.mon.a.smithi184.stdout:Feb 05 07:12:17 smithi184 ceph-mon[29861]: Manager daemon y is now available
2024-02-05T07:12:17.272 INFO:journalctl@ceph.mon.a.smithi184.stdout:Feb 05 07:12:17 smithi184 ceph-mon[29861]: from='mgr.14118 v1:172.21.15.184:0/3468866972' entity='mgr.y'
2024-02-05T07:12:17.272 INFO:journalctl@ceph.mon.a.smithi184.stdout:Feb 05 07:12:17 smithi184 ceph-mon[29861]: from='mgr.14118 v1:172.21.15.184:0/3468866972' entity='mgr.y'
2024-02-05T07:12:17.273 INFO:journalctl@ceph.mon.a.smithi184.stdout:Feb 05 07:12:17 smithi184 ceph-mon[29861]: from='mgr.14118 v1:172.21.15.184:0/3468866972' entity='mgr.y' cmd=[{"prefix": "config dump", "format": "json"}]: dispatch
2024-02-05T07:12:17.273 INFO:journalctl@ceph.mon.a.smithi184.stdout:Feb 05 07:12:17 smithi184 ceph-mon[29861]: from='mgr.14118 v1:172.21.15.184:0/3468866972' entity='mgr.y' cmd=[{"prefix": "config dump", "format": "json"}]: dispatch
2024-02-05T07:12:18.272 INFO:journalctl@ceph.mon.a.smithi184.stdout:Feb 05 07:12:18 smithi184 ceph-mon[29861]: Found migration_current of "None". Setting to last migration.
2024-02-05T07:12:18.272 INFO:journalctl@ceph.mon.a.smithi184.stdout:Feb 05 07:12:18 smithi184 ceph-mon[29861]: from='mgr.14118 v1:172.21.15.184:0/3468866972' entity='mgr.y' cmd=[{"prefix": "config dump", "format": "json"}]: dispatch
2024-02-05T07:12:18.272 INFO:journalctl@ceph.mon.a.smithi184.stdout:Feb 05 07:12:18 smithi184 ceph-mon[29861]: from='mgr.14118 v1:172.21.15.184:0/3468866972' entity='mgr.y' cmd=[{"prefix":"config rm","who":"mgr","name":"mgr/rbd_support/y/mirror_snapshot_schedule"}]: dispatch
2024-02-05T07:12:18.272 INFO:journalctl@ceph.mon.a.smithi184.stdout:Feb 05 07:12:18 smithi184 ceph-mon[29861]: from='mgr.14118 v1:172.21.15.184:0/3468866972' entity='mgr.y' cmd=[{"prefix":"config rm","who":"mgr","name":"mgr/rbd_support/y/trash_purge_schedule"}]: dispatch
2024-02-05T07:12:18.272 INFO:journalctl@ceph.mon.a.smithi184.stdout:Feb 05 07:12:18 smithi184 ceph-mon[29861]: from='mgr.14118 v1:172.21.15.184:0/3468866972' entity='mgr.y'
2024-02-05T07:12:18.272 INFO:journalctl@ceph.mon.a.smithi184.stdout:Feb 05 07:12:18 smithi184 ceph-mon[29861]: from='mgr.14118 v1:172.21.15.184:0/3468866972' entity='mgr.y'
2024-02-05T07:12:18.272 INFO:journalctl@ceph.mon.a.smithi184.stdout:Feb 05 07:12:18 smithi184 ceph-mon[29861]: mgrmap e7: y(active, since 1.00592s)
2024-02-05T07:12:18.622 INFO:teuthology.orchestra.run.smithi184.stdout:/usr/bin/ceph: stdout {
2024-02-05T07:12:18.622 INFO:teuthology.orchestra.run.smithi184.stdout:/usr/bin/ceph: stdout "mgrmap_epoch": 7,
2024-02-05T07:12:18.622 INFO:teuthology.orchestra.run.smithi184.stdout:/usr/bin/ceph: stdout "initialized": true
2024-02-05T07:12:18.622 INFO:teuthology.orchestra.run.smithi184.stdout:/usr/bin/ceph: stdout }
2024-02-05T07:12:18.622 INFO:teuthology.orchestra.run.smithi184.stdout:/usr/bin/ceph: stderr
2024-02-05T07:12:12.572+0000 7f8051def700 1 Processor -- start
2024-02-05T07:12:18.622 INFO:teuthology.orchestra.run.smithi184.stdout:/usr/bin/ceph: stderr
2024-02-05T07:12:12.572+0000 7f8051def700 1 -- start start
2024-02-05T07:12:18.622 INFO:teuthology.orchestra.run.smithi184.stdout:/usr/bin/ceph: stderr
2024-02-05T07:12:12.572+0000 7f8051def700 1 -- --> v1:172.21.15.184:6789/0 -- auth(proto 0 34 bytes epoch 0) v1 -- 0x7f804c079720 con 0x7f804c106580
2024-02-05T07:12:18.622 INFO:teuthology.orchestra.run.smithi184.stdout:/usr/bin/ceph: stderr
2024-02-05T07:12:12.573+0000 7f804b7fe700 1 --1- >> v1:172.21.15.184:6789/0 conn(0x7f804c106580 0x7f804c108970 :-1 s=CONNECTING_WAIT_BANNER_AND_IDENTIFY pgs=0 cs=0 l=0).handle_server_banner_and_identify peer v1:172.21.15.184:6789/0 says I am v1:172.21.15.184:53644/0 (socket says 172.21.15.184:53644)
2024-02-05T07:12:18.622 INFO:teuthology.orchestra.run.smithi184.stdout:/usr/bin/ceph: stderr
2024-02-05T07:12:12.573+0000 7f804b7fe700 1 -- 172.21.15.184:0/3774704502 learned_addr learned my addr 172.21.15.184:0/3774704502 (peer_addr_for_me v1:172.21.15.184:0/0)
2024-02-05T07:12:18.622 INFO:teuthology.orchestra.run.smithi184.stdout:/usr/bin/ceph: stderr
2024-02-05T07:12:12.573+0000 7f804a7fc700 1 -- 172.21.15.184:0/3774704502 <== mon.0 v1:172.21.15.184:6789/0 1 ==== auth_reply(proto 2 0 (0) Success) v1 ==== 33+0+0 (unknown 3104884728 0 0) 0x7f804c079720 con 0x7f804c106580
2024-02-05T07:12:18.622 INFO:teuthology.orchestra.run.smithi184.stdout:/usr/bin/ceph: stderr
2024-02-05T07:12:12.573+0000 7f804a7fc700 1 -- 172.21.15.184:0/3774704502 --> v1:172.21.15.184:6789/0 -- auth(proto 2 36 bytes epoch 0) v1 -- 0x7f80340035b0 con 0x7f804c106580
2024-02-05T07:12:18.623 INFO:teuthology.orchestra.run.smithi184.stdout:/usr/bin/ceph: stderr
2024-02-05T07:12:12.573+0000 7f804a7fc700 1 -- 172.21.15.184:0/3774704502 <== mon.0 v1:172.21.15.184:6789/0 2 ==== auth_reply(proto 2 0 (0) Success) v1 ==== 214+0+0 (unknown 4072509347 0 0) 0x7f80340035b0 con 0x7f804c106580
2024-02-05T07:12:18.623 INFO:teuthology.orchestra.run.smithi184.stdout:/usr/bin/ceph: stderr
2024-02-05T07:12:12.573+0000 7f804a7fc700 1 -- 172.21.15.184:0/3774704502 --> v1:172.21.15.184:6789/0 -- mon_subscribe({config=0+,monmap=0+}) v3 -- 0x7f804c10b0a0 con 0x7f804c106580
2024-02-05T07:12:18.623 INFO:teuthology.orchestra.run.smithi184.stdout:/usr/bin/ceph: stderr
2024-02-05T07:12:12.573+0000 7f804a7fc700 1 -- 172.21.15.184:0/3774704502 <== mon.0 v1:172.21.15.184:6789/0 3 ==== mon_map magic: 0 v1 ==== 170+0+0 (unknown 2625926556 0 0) 0x7f8040001580 con 0x7f804c106580
2024-02-05T07:12:18.623 INFO:teuthology.orchestra.run.smithi184.stdout:/usr/bin/ceph: stderr
2024-02-05T07:12:12.573+0000 7f804a7fc700 1 -- 172.21.15.184:0/3774704502 <== mon.0 v1:172.21.15.184:6789/0 4 ==== config(25 keys) v1 ==== 1037+0+0 (unknown 1670703156 0 0) 0x7f8040001c10 con 0x7f804c106580
2024-02-05T07:12:18.623 INFO:teuthology.orchestra.run.smithi184.stdout:/usr/bin/ceph: stderr
2024-02-05T07:12:12.573+0000 7f804a7fc700 1 -- 172.21.15.184:0/3774704502 <== mon.0 v1:172.21.15.184:6789/0 5 ==== mon_map magic: 0 v1 ==== 170+0+0 (unknown 2625926556 0 0) 0x7f80400057b0 con 0x7f804c106580
2024-02-05T07:12:18.623 INFO:teuthology.orchestra.run.smithi184.stdout:/usr/bin/ceph: stderr
2024-02-05T07:12:12.574+0000 7f8051def700 1 -- 172.21.15.184:0/3774704502 >> v1:172.21.15.184:6789/0 conn(0x7f804c106580 legacy=0x7f804c108970 unknown :-1 s=STATE_CONNECTION_ESTABLISHED l=1).mark_down
2024-02-05T07:12:18.623 INFO:teuthology.orchestra.run.smithi184.stdout:/usr/bin/ceph: stderr
2024-02-05T07:12:12.574+0000 7f8051def700 1 -- 172.21.15.184:0/3774704502 shutdown_connections
2024-02-05T07:12:18.623 INFO:teuthology.orchestra.run.smithi184.stdout:/usr/bin/ceph: stderr
2024-02-05T07:12:12.574+0000 7f8051def700 1 -- 172.21.15.184:0/3774704502 >> 172.21.15.184:0/3774704502 conn(0x7f804c0fff30 msgr2=0x7f804c1023b0 unknown :-1 s=STATE_NONE l=0).mark_down
2024-02-05T07:12:18.623 INFO:teuthology.orchestra.run.smithi184.stdout:/usr/bin/ceph: stderr
2024-02-05T07:12:12.574+0000 7f8051def700 1 -- 172.21.15.184:0/3774704502 shutdown_connections
2024-02-05T07:12:18.623 INFO:teuthology.orchestra.run.smithi184.stdout:/usr/bin/ceph: stderr
2024-02-05T07:12:12.574+0000 7f8051def700 1 -- 172.21.15.184:0/3774704502 wait complete.
2024-02-05T07:12:18.623 INFO:teuthology.orchestra.run.smithi184.stdout:/usr/bin/ceph: stderr
2024-02-05T07:12:12.575+0000 7f8051def700 1 Processor -- start
2024-02-05T07:12:18.623 INFO:teuthology.orchestra.run.smithi184.stdout:/usr/bin/ceph: stderr
2024-02-05T07:12:12.575+0000 7f8051def700 1 -- start start
2024-02-05T07:12:18.623 INFO:teuthology.orchestra.run.smithi184.stdout:/usr/bin/ceph: stderr
2024-02-05T07:12:12.575+0000 7f8051def700 1 -- --> v1:172.21.15.184:6789/0 -- auth(proto 0 34 bytes epoch 0) v1 -- 0x7f804c199c70 con 0x7f804c106580
2024-02-05T07:12:18.623 INFO:teuthology.orchestra.run.smithi184.stdout:/usr/bin/ceph: stderr
2024-02-05T07:12:12.575+0000 7f804b7fe700 1 --1- >> v1:172.21.15.184:6789/0 conn(0x7f804c106580 0x7f804c199560 :-1 s=CONNECTING_WAIT_BANNER_AND_IDENTIFY pgs=0 cs=0 l=1).handle_server_banner_and_identify peer v1:172.21.15.184:6789/0 says I am v1:172.21.15.184:53660/0 (socket says 172.21.15.184:53660)
2024-02-05T07:12:18.623 INFO:teuthology.orchestra.run.smithi184.stdout:/usr/bin/ceph: stderr
2024-02-05T07:12:12.575+0000 7f804b7fe700 1 -- 172.21.15.184:0/2342201600 learned_addr learned my addr 172.21.15.184:0/2342201600 (peer_addr_for_me v1:172.21.15.184:0/0)
2024-02-05T07:12:18.623 INFO:teuthology.orchestra.run.smithi184.stdout:/usr/bin/ceph: stderr
2024-02-05T07:12:12.576+0000 7f8048ff9700 1 -- 172.21.15.184:0/2342201600 <== mon.0 v1:172.21.15.184:6789/0 1 ==== auth_reply(proto 2 0 (0) Success) v1 ==== 33+0+0 (unknown 4230452521 0 0) 0x7f804c199c70 con 0x7f804c106580
2024-02-05T07:12:18.624 INFO:teuthology.orchestra.run.smithi184.stdout:/usr/bin/ceph: stderr
2024-02-05T07:12:12.576+0000 7f8048ff9700 1 -- 172.21.15.184:0/2342201600 --> v1:172.21.15.184:6789/0 -- auth(proto 2 36 bytes epoch 0) v1 -- 0x7f8034005540 con 0x7f804c106580
2024-02-05T07:12:18.624 INFO:teuthology.orchestra.run.smithi184.stdout:/usr/bin/ceph: stderr
2024-02-05T07:12:12.576+0000 7f8048ff9700 1 -- 172.21.15.184:0/2342201600 <== mon.0 v1:172.21.15.184:6789/0 2 ==== auth_reply(proto 2 0 (0) Success) v1 ==== 764+0+0 (unknown 2671987609 0 0) 0x7f8034005540 con 0x7f804c106580
2024-02-05T07:12:18.624 INFO:teuthology.orchestra.run.smithi184.stdout:/usr/bin/ceph: stderr
2024-02-05T07:12:12.576+0000 7f8048ff9700 1 -- 172.21.15.184:0/2342201600 --> v1:172.21.15.184:6789/0 -- auth(proto 2 165 bytes epoch 0) v1 -- 0x7f804c199c70 con 0x7f804c106580
2024-02-05T07:12:18.624 INFO:teuthology.orchestra.run.smithi184.stdout:/usr/bin/ceph: stderr
2024-02-05T07:12:12.576+0000 7f8048ff9700 1 -- 172.21.15.184:0/2342201600 <== mon.0 v1:172.21.15.184:6789/0 3 ==== mon_map magic: 0 v1 ==== 170+0+0 (unknown 2625926556 0 0) 0x7f8040001080 con 0x7f804c106580
2024-02-05T07:12:18.624 INFO:teuthology.orchestra.run.smithi184.stdout:/usr/bin/ceph: stderr
2024-02-05T07:12:12.576+0000 7f8048ff9700 1 -- 172.21.15.184:0/2342201600 <== mon.0 v1:172.21.15.184:6789/0 4 ==== auth_reply(proto 2 0 (0) Success) v1 ==== 580+0+0 (unknown 649139780 0 0) 0x7f804c199c70 con 0x7f804c106580
2024-02-05T07:12:18.624 INFO:teuthology.orchestra.run.smithi184.stdout:/usr/bin/ceph: stderr
2024-02-05T07:12:12.576+0000 7f8048ff9700 1 -- 172.21.15.184:0/2342201600 --> v1:172.21.15.184:6789/0 -- mon_subscribe({config=0+,monmap=0+}) v3 -- 0x7f804c199e00 con 0x7f804c106580
2024-02-05T07:12:18.624 INFO:teuthology.orchestra.run.smithi184.stdout:/usr/bin/ceph: stderr
2024-02-05T07:12:12.576+0000 7f8051def700 1 -- 172.21.15.184:0/2342201600 --> v1:172.21.15.184:6789/0 -- mon_subscribe({mgrmap=0+}) v3 -- 0x7f804c19a0b0 con 0x7f804c106580
2024-02-05T07:12:18.624 INFO:teuthology.orchestra.run.smithi184.stdout:/usr/bin/ceph: stderr
2024-02-05T07:12:12.576+0000 7f8051def700 1 -- 172.21.15.184:0/2342201600 --> v1:172.21.15.184:6789/0 -- mon_subscribe({osdmap=0}) v3 -- 0x7f804c19dc00 con 0x7f804c106580
2024-02-05T07:12:18.624 INFO:teuthology.orchestra.run.smithi184.stdout:/usr/bin/ceph: stderr
2024-02-05T07:12:12.576+0000 7f8048ff9700 1 -- 172.21.15.184:0/2342201600 <== mon.0 v1:172.21.15.184:6789/0 5 ==== config(25 keys) v1 ==== 1037+0+0 (unknown 1670703156 0 0) 0x7f8040004990 con 0x7f804c106580
2024-02-05T07:12:18.624 INFO:teuthology.orchestra.run.smithi184.stdout:/usr/bin/ceph: stderr
2024-02-05T07:12:12.576+0000 7f8048ff9700 1 -- 172.21.15.184:0/2342201600 <== mon.0 v1:172.21.15.184:6789/0 6 ==== mon_map magic: 0 v1 ==== 170+0+0 (unknown 2625926556 0 0) 0x7f8040006150 con 0x7f804c106580
2024-02-05T07:12:18.624 INFO:teuthology.orchestra.run.smithi184.stdout:/usr/bin/ceph: stderr
2024-02-05T07:12:12.577+0000 7f8048ff9700 1 -- 172.21.15.184:0/2342201600 <== mon.0 v1:172.21.15.184:6789/0 7 ==== mgrmap(e 5) v1 ==== 45897+0+0 (unknown 485493536 0 0) 0x7f8040011610 con 0x7f804c106580
2024-02-05T07:12:18.624 INFO:teuthology.orchestra.run.smithi184.stdout:/usr/bin/ceph: stderr
2024-02-05T07:12:12.577+0000 7f8051def700 1 -- 172.21.15.184:0/2342201600 --> v1:172.21.15.184:6800/668972809 -- command(tid 0: {"prefix": "get_command_descriptions"}) v1 -- 0x7f8038000d40 con 0x7f803403a130
2024-02-05T07:12:18.624 INFO:teuthology.orchestra.run.smithi184.stdout:/usr/bin/ceph: stderr
2024-02-05T07:12:12.577+0000 7f804affd700 1 -- 172.21.15.184:0/2342201600 >> v1:172.21.15.184:6800/668972809 conn(0x7f803403a130 legacy=0x7f803403c5d0 unknown :-1 s=STATE_CONNECTING_RE l=1).process reconnect failed to v1:172.21.15.184:6800/668972809
2024-02-05T07:12:18.624 INFO:teuthology.orchestra.run.smithi184.stdout:/usr/bin/ceph: stderr
2024-02-05T07:12:12.577+0000 7f8048ff9700 1 -- 172.21.15.184:0/2342201600 <== mon.0 v1:172.21.15.184:6789/0 8 ==== osd_map(1..1 src has 1..1) v4 ==== 725+0+0 (unknown 389070130 0 0) 0x7f8040048060 con 0x7f804c106580
2024-02-05T07:12:18.624 INFO:teuthology.orchestra.run.smithi184.stdout:/usr/bin/ceph: stderr
2024-02-05T07:12:12.778+0000 7f804affd700 1 -- 172.21.15.184:0/2342201600 >> v1:172.21.15.184:6800/668972809 conn(0x7f803403a130 legacy=0x7f803403c5d0 unknown :-1 s=STATE_CONNECTING_RE l=1).process reconnect failed to v1:172.21.15.184:6800/668972809
2024-02-05T07:12:18.625 INFO:teuthology.orchestra.run.smithi184.stdout:/usr/bin/ceph: stderr
2024-02-05T07:12:13.179+0000 7f804affd700 1 -- 172.21.15.184:0/2342201600 >> v1:172.21.15.184:6800/668972809 conn(0x7f803403a130 legacy=0x7f803403c5d0 unknown :-1 s=STATE_CONNECTING_RE l=1).process reconnect failed to v1:172.21.15.184:6800/668972809
2024-02-05T07:12:18.625 INFO:teuthology.orchestra.run.smithi184.stdout:/usr/bin/ceph: stderr
2024-02-05T07:12:13.980+0000 7f804affd700 1 -- 172.21.15.184:0/2342201600 >> v1:172.21.15.184:6800/668972809 conn(0x7f803403a130 legacy=0x7f803403c5d0 unknown :-1 s=STATE_CONNECTING_RE l=1).process reconnect failed to v1:172.21.15.184:6800/668972809
2024-02-05T07:12:18.625 INFO:teuthology.orchestra.run.smithi184.stdout:/usr/bin/ceph: stderr
2024-02-05T07:12:15.581+0000 7f804affd700 1 -- 172.21.15.184:0/2342201600 >> v1:172.21.15.184:6800/668972809 conn(0x7f803403a130 legacy=0x7f803403c5d0 unknown :-1 s=STATE_CONNECTING_RE l=1).process reconnect failed to v1:172.21.15.184:6800/668972809
2024-02-05T07:12:18.625 INFO:teuthology.orchestra.run.smithi184.stdout:/usr/bin/ceph: stderr
2024-02-05T07:12:16.983+0000 7f8048ff9700 1 -- 172.21.15.184:0/2342201600 <== mon.0 v1:172.21.15.184:6789/0 9 ==== mgrmap(e 6) v1 ==== 45699+0+0 (unknown 3649701848 0 0) 0x7f80400133d0 con 0x7f804c106580
2024-02-05T07:12:18.625 INFO:teuthology.orchestra.run.smithi184.stdout:/usr/bin/ceph: stderr
2024-02-05T07:12:16.983+0000 7f8048ff9700 1 -- 172.21.15.184:0/2342201600 >> v1:172.21.15.184:6800/668972809 conn(0x7f803403a130 legacy=0x7f803403c5d0 unknown :-1 s=STATE_CONNECTING l=1).mark_down
2024-02-05T07:12:18.625 INFO:teuthology.orchestra.run.smithi184.stdout:/usr/bin/ceph: stderr
2024-02-05T07:12:17.985+0000 7f8048ff9700 1 -- 172.21.15.184:0/2342201600 <== mon.0 v1:172.21.15.184:6789/0 10 ==== mgrmap(e 7) v1 ==== 45791+0+0 (unknown 16127897 0 0) 0x7f8040048a10 con 0x7f804c106580
2024-02-05T07:12:18.625 INFO:teuthology.orchestra.run.smithi184.stdout:/usr/bin/ceph: stderr
2024-02-05T07:12:17.985+0000 7f8048ff9700 1 -- 172.21.15.184:0/2342201600 --> v1:172.21.15.184:6800/2693451489 -- command(tid 0: {"prefix": "get_command_descriptions"}) v1 -- 0x7f8038000d40 con 0x7f803403e940
2024-02-05T07:12:18.625 INFO:teuthology.orchestra.run.smithi184.stdout:/usr/bin/ceph: stderr
2024-02-05T07:12:17.986+0000 7f8048ff9700 1 -- 172.21.15.184:0/2342201600 <== mgr.14118 v1:172.21.15.184:6800/2693451489 1 ==== command_reply(tid 0: 0 ) v1 ==== 8+0+7774 (unknown 0 0 4109177037) 0x7f8038000d40 con 0x7f803403e940
2024-02-05T07:12:18.625 INFO:teuthology.orchestra.run.smithi184.stdout:/usr/bin/ceph: stderr
2024-02-05T07:12:17.997+0000 7f8051def700 1 -- 172.21.15.184:0/2342201600 --> v1:172.21.15.184:6800/2693451489 -- command(tid 1: {"prefix": "mgr_status"}) v1 -- 0x7f8038002800 con 0x7f803403e940
2024-02-05T07:12:18.625 INFO:teuthology.orchestra.run.smithi184.stdout:/usr/bin/ceph: stderr
2024-02-05T07:12:17.997+0000 7f8048ff9700 1 -- 172.21.15.184:0/2342201600 <== mgr.14118 v1:172.21.15.184:6800/2693451489 2 ==== command_reply(tid 1: 0 ) v1 ==== 8+0+51 (unknown 0 0 96372106) 0x7f8038002800 con 0x7f803403e940
2024-02-05T07:12:18.625 INFO:teuthology.orchestra.run.smithi184.stdout:/usr/bin/ceph: stderr
2024-02-05T07:12:17.997+0000 7f8051def700 1 -- 172.21.15.184:0/2342201600 >> v1:172.21.15.184:6800/2693451489 conn(0x7f803403e940 legacy=0x7f8034040d30 unknown :-1 s=STATE_CONNECTION_ESTABLISHED l=1).mark_down
2024-02-05T07:12:18.625 INFO:teuthology.orchestra.run.smithi184.stdout:/usr/bin/ceph: stderr
2024-02-05T07:12:17.997+0000 7f8051def700 1 -- 172.21.15.184:0/2342201600 >> v1:172.21.15.184:6789/0 conn(0x7f804c106580 legacy=0x7f804c199560 unknown :-1 s=STATE_CONNECTION_ESTABLISHED l=1).mark_down
2024-02-05T07:12:18.625 INFO:teuthology.orchestra.run.smithi184.stdout:/usr/bin/ceph: stderr
2024-02-05T07:12:17.998+0000 7f8051def700 1 -- 172.21.15.184:0/2342201600 shutdown_connections
2024-02-05T07:12:18.625 INFO:teuthology.orchestra.run.smithi184.stdout:/usr/bin/ceph: stderr
2024-02-05T07:12:17.998+0000 7f8051def700 1 -- 172.21.15.184:0/2342201600 >> 172.21.15.184:0/2342201600 conn(0x7f804c0fff30 msgr2=0x7f804c108090 unknown :-1 s=STATE_NONE l=0).mark_down
2024-02-05T07:12:18.625 INFO:teuthology.orchestra.run.smithi184.stdout:/usr/bin/ceph: stderr
2024-02-05T07:12:17.998+0000 7f8051def700 1 -- 172.21.15.184:0/2342201600 shutdown_connections
2024-02-05T07:12:18.625 INFO:teuthology.orchestra.run.smithi184.stdout:/usr/bin/ceph: stderr
2024-02-05T07:12:17.998+0000 7f8051def700 1 -- 172.21.15.184:0/2342201600 wait complete.
2024-02-05T07:12:18.626 INFO:teuthology.orchestra.run.smithi184.stdout:mgr epoch 5 is available
2024-02-05T07:12:18.626 INFO:teuthology.orchestra.run.smithi184.stdout:Setting orchestrator backend to cephadm...
2024-02-05T07:12:19.271 INFO:journalctl@ceph.mon.a.smithi184.stdout:Feb 05 07:12:19 smithi184 ceph-mon[29861]: from='client.14122 v1:172.21.15.184:0/2342201600' entity='client.admin' cmd=[{"prefix": "get_command_descriptions"}]: dispatch
2024-02-05T07:12:19.272 INFO:journalctl@ceph.mon.a.smithi184.stdout:Feb 05 07:12:19 smithi184 ceph-mon[29861]: from='client.14122 v1:172.21.15.184:0/2342201600' entity='client.admin' cmd=[{"prefix": "mgr_status"}]: dispatch
2024-02-05T07:12:19.272 INFO:journalctl@ceph.mon.a.smithi184.stdout:Feb 05 07:12:19 smithi184 ceph-mon[29861]: from='mgr.14118 v1:172.21.15.184:0/3468866972' entity='mgr.y' cmd=[{"prefix": "config dump", "format": "json"}]: dispatch
2024-02-05T07:12:19.910 INFO:teuthology.orchestra.run.smithi184.stdout:/usr/bin/ceph: stderr
2024-02-05T07:12:19.070+0000 7f0ffa0fa700 1 Processor -- start
2024-02-05T07:12:19.911 INFO:teuthology.orchestra.run.smithi184.stdout:/usr/bin/ceph: stderr
2024-02-05T07:12:19.070+0000 7f0ffa0fa700 1 -- start start
2024-02-05T07:12:19.911 INFO:teuthology.orchestra.run.smithi184.stdout:/usr/bin/ceph: stderr
2024-02-05T07:12:19.071+0000 7f0ffa0fa700 1 -- --> v1:172.21.15.184:6789/0 -- auth(proto 0 34 bytes epoch 0) v1 -- 0x7f0ff4109f30 con 0x7f0ff4105b00
2024-02-05T07:12:19.911 INFO:teuthology.orchestra.run.smithi184.stdout:/usr/bin/ceph: stderr
2024-02-05T07:12:19.071+0000 7f0ff37fe700 1 --1- >> v1:172.21.15.184:6789/0 conn(0x7f0ff4105b00 0x7f0ff4105f20 :-1 s=CONNECTING_WAIT_BANNER_AND_IDENTIFY pgs=0 cs=0 l=0).handle_server_banner_and_identify peer v1:172.21.15.184:6789/0 says I am v1:172.21.15.184:38198/0 (socket says 172.21.15.184:38198)
2024-02-05T07:12:19.911 INFO:teuthology.orchestra.run.smithi184.stdout:/usr/bin/ceph: stderr
2024-02-05T07:12:19.071+0000 7f0ff37fe700 1 -- 172.21.15.184:0/3181257655 learned_addr learned my addr 172.21.15.184:0/3181257655 (peer_addr_for_me v1:172.21.15.184:0/0)
2024-02-05T07:12:19.911 INFO:teuthology.orchestra.run.smithi184.stdout:/usr/bin/ceph: stderr
2024-02-05T07:12:19.071+0000 7f0ff27fc700 1 -- 172.21.15.184:0/3181257655 <== mon.0 v1:172.21.15.184:6789/0 1 ==== auth_reply(proto 2 0 (0) Success) v1 ==== 33+0+0 (unknown 1365774165 0 0) 0x7f0ff4109f30 con 0x7f0ff4105b00
2024-02-05T07:12:19.911 INFO:teuthology.orchestra.run.smithi184.stdout:/usr/bin/ceph: stderr
2024-02-05T07:12:19.071+0000 7f0ff27fc700 1 -- 172.21.15.184:0/3181257655 --> v1:172.21.15.184:6789/0 -- auth(proto 2 36 bytes epoch 0) v1 -- 0x7f0fdc0035b0 con 0x7f0ff4105b00
2024-02-05T07:12:19.911 INFO:teuthology.orchestra.run.smithi184.stdout:/usr/bin/ceph: stderr
2024-02-05T07:12:19.071+0000 7f0ff27fc700 1 -- 172.21.15.184:0/3181257655 <== mon.0 v1:172.21.15.184:6789/0 2 ==== auth_reply(proto 2 0 (0) Success) v1 ==== 214+0+0 (unknown 424616028 0 0) 0x7f0fdc0035b0 con 0x7f0ff4105b00
2024-02-05T07:12:19.911 INFO:teuthology.orchestra.run.smithi184.stdout:/usr/bin/ceph: stderr
2024-02-05T07:12:19.071+0000 7f0ff27fc700 1 -- 172.21.15.184:0/3181257655 --> v1:172.21.15.184:6789/0 -- mon_subscribe({config=0+,monmap=0+}) v3 -- 0x7f0ff410b0d0 con 0x7f0ff4105b00
2024-02-05T07:12:19.911 INFO:teuthology.orchestra.run.smithi184.stdout:/usr/bin/ceph: stderr
2024-02-05T07:12:19.071+0000 7f0ff27fc700 1 -- 172.21.15.184:0/3181257655 <== mon.0 v1:172.21.15.184:6789/0 3 ==== mon_map magic: 0 v1 ==== 170+0+0 (unknown 2625926556 0 0) 0x7f0fe8001580 con 0x7f0ff4105b00
2024-02-05T07:12:19.911 INFO:teuthology.orchestra.run.smithi184.stdout:/usr/bin/ceph: stderr
2024-02-05T07:12:19.071+0000 7f0ff27fc700 1 -- 172.21.15.184:0/3181257655 <== mon.0 v1:172.21.15.184:6789/0 4 ==== config(25 keys) v1 ==== 1037+0+0 (unknown 1670703156 0 0) 0x7f0fe8001ce0 con 0x7f0ff4105b00
2024-02-05T07:12:19.911 INFO:teuthology.orchestra.run.smithi184.stdout:/usr/bin/ceph: stderr
2024-02-05T07:12:19.071+0000 7f0ff27fc700 1 -- 172.21.15.184:0/3181257655 <== mon.0 v1:172.21.15.184:6789/0 5 ==== mon_map magic: 0 v1 ==== 170+0+0 (unknown 2625926556 0 0) 0x7f0fe8005960 con 0x7f0ff4105b00
2024-02-05T07:12:19.911 INFO:teuthology.orchestra.run.smithi184.stdout:/usr/bin/ceph: stderr
2024-02-05T07:12:19.072+0000 7f0ffa0fa700 1 -- 172.21.15.184:0/3181257655 >> v1:172.21.15.184:6789/0 conn(0x7f0ff4105b00 legacy=0x7f0ff4105f20 unknown :-1 s=STATE_CONNECTION_ESTABLISHED l=1).mark_down
2024-02-05T07:12:19.912 INFO:teuthology.orchestra.run.smithi184.stdout:/usr/bin/ceph: stderr
2024-02-05T07:12:19.072+0000 7f0ffa0fa700 1 -- 172.21.15.184:0/3181257655 shutdown_connections
2024-02-05T07:12:19.912 INFO:teuthology.orchestra.run.smithi184.stdout:/usr/bin/ceph: stderr
2024-02-05T07:12:19.072+0000 7f0ffa0fa700 1 -- 172.21.15.184:0/3181257655 >> 172.21.15.184:0/3181257655 conn(0x7f0ff41010e0 msgr2=0x7f0ff4103500 unknown :-1 s=STATE_NONE l=0).mark_down
2024-02-05T07:12:19.912 INFO:teuthology.orchestra.run.smithi184.stdout:/usr/bin/ceph: stderr
2024-02-05T07:12:19.072+0000 7f0ffa0fa700 1 -- 172.21.15.184:0/3181257655 shutdown_connections
2024-02-05T07:12:19.912 INFO:teuthology.orchestra.run.smithi184.stdout:/usr/bin/ceph: stderr
2024-02-05T07:12:19.072+0000 7f0ffa0fa700 1 -- 172.21.15.184:0/3181257655 wait complete.
2024-02-05T07:12:19.912 INFO:teuthology.orchestra.run.smithi184.stdout:/usr/bin/ceph: stderr
2024-02-05T07:12:19.073+0000 7f0ffa0fa700 1 Processor -- start
2024-02-05T07:12:19.912 INFO:teuthology.orchestra.run.smithi184.stdout:/usr/bin/ceph: stderr
2024-02-05T07:12:19.073+0000 7f0ffa0fa700 1 -- start start
2024-02-05T07:12:19.912 INFO:teuthology.orchestra.run.smithi184.stdout:/usr/bin/ceph: stderr
2024-02-05T07:12:19.073+0000 7f0ffa0fa700 1 -- --> v1:172.21.15.184:6789/0 -- auth(proto 0 34 bytes epoch 0) v1 -- 0x7f0ff4199c20 con 0x7f0ff4105b00
2024-02-05T07:12:19.912 INFO:teuthology.orchestra.run.smithi184.stdout:/usr/bin/ceph: stderr
2024-02-05T07:12:19.073+0000 7f0ff37fe700 1 --1- >> v1:172.21.15.184:6789/0 conn(0x7f0ff4105b00 0x7f0ff4199510 :-1 s=CONNECTING_WAIT_BANNER_AND_IDENTIFY pgs=0 cs=0 l=1).handle_server_banner_and_identify peer v1:172.21.15.184:6789/0 says I am v1:172.21.15.184:38206/0 (socket says 172.21.15.184:38206)
2024-02-05T07:12:19.912 INFO:teuthology.orchestra.run.smithi184.stdout:/usr/bin/ceph: stderr
2024-02-05T07:12:19.073+0000 7f0ff37fe700 1 -- 172.21.15.184:0/2415650442 learned_addr learned my addr 172.21.15.184:0/2415650442 (peer_addr_for_me v1:172.21.15.184:0/0)
2024-02-05T07:12:19.912 INFO:teuthology.orchestra.run.smithi184.stdout:/usr/bin/ceph: stderr
2024-02-05T07:12:19.073+0000 7f0ff0ff9700 1 -- 172.21.15.184:0/2415650442 <== mon.0 v1:172.21.15.184:6789/0 1 ==== auth_reply(proto 2 0 (0) Success) v1 ==== 33+0+0 (unknown 881987516 0 0) 0x7f0ff4199c20 con 0x7f0ff4105b00
2024-02-05T07:12:19.912 INFO:teuthology.orchestra.run.smithi184.stdout:/usr/bin/ceph: stderr
2024-02-05T07:12:19.073+0000 7f0ff0ff9700 1 -- 172.21.15.184:0/2415650442 --> v1:172.21.15.184:6789/0 -- auth(proto 2 36 bytes epoch 0) v1 -- 0x7f0fdc0054f0 con 0x7f0ff4105b00
2024-02-05T07:12:19.912 INFO:teuthology.orchestra.run.smithi184.stdout:/usr/bin/ceph: stderr
2024-02-05T07:12:19.073+0000 7f0ff0ff9700 1 -- 172.21.15.184:0/2415650442 <== mon.0 v1:172.21.15.184:6789/0 2 ==== auth_reply(proto 2 0 (0) Success) v1 ==== 764+0+0 (unknown 528550335 0 0) 0x7f0fdc0054f0 con 0x7f0ff4105b00
2024-02-05T07:12:19.912 INFO:teuthology.orchestra.run.smithi184.stdout:/usr/bin/ceph: stderr
2024-02-05T07:12:19.073+0000 7f0ff0ff9700 1 -- 172.21.15.184:0/2415650442 --> v1:172.21.15.184:6789/0 -- auth(proto 2 165 bytes epoch 0) v1 -- 0x7f0ff4199c20 con 0x7f0ff4105b00
2024-02-05T07:12:19.912 INFO:teuthology.orchestra.run.smithi184.stdout:/usr/bin/ceph: stderr
2024-02-05T07:12:19.073+0000 7f0ff0ff9700 1 -- 172.21.15.184:0/2415650442 <== mon.0 v1:172.21.15.184:6789/0 3 ==== mon_map magic: 0 v1 ==== 170+0+0 (unknown 2625926556 0 0) 0x7f0fe8005940 con 0x7f0ff4105b00
2024-02-05T07:12:19.913 INFO:teuthology.orchestra.run.smithi184.stdout:/usr/bin/ceph: stderr
2024-02-05T07:12:19.074+0000 7f0ff0ff9700 1 -- 172.21.15.184:0/2415650442 <== mon.0 v1:172.21.15.184:6789/0 4 ==== auth_reply(proto 2 0 (0) Success) v1 ==== 580+0+0 (unknown 3309876362 0 0) 0x7f0ff4199c20 con 0x7f0ff4105b00
2024-02-05T07:12:19.913 INFO:teuthology.orchestra.run.smithi184.stdout:/usr/bin/ceph: stderr
2024-02-05T07:12:19.074+0000 7f0ff0ff9700 1 -- 172.21.15.184:0/2415650442 --> v1:172.21.15.184:6789/0 -- mon_subscribe({config=0+,monmap=0+}) v3 -- 0x7f0ff4199db0 con 0x7f0ff4105b00
2024-02-05T07:12:19.913 INFO:teuthology.orchestra.run.smithi184.stdout:/usr/bin/ceph: stderr
2024-02-05T07:12:19.074+0000 7f0ffa0fa700 1 -- 172.21.15.184:0/2415650442 --> v1:172.21.15.184:6789/0 -- mon_subscribe({mgrmap=0+}) v3 -- 0x7f0ff419a060 con 0x7f0ff4105b00
2024-02-05T07:12:19.913 INFO:teuthology.orchestra.run.smithi184.stdout:/usr/bin/ceph: stderr
2024-02-05T07:12:19.074+0000 7f0ffa0fa700 1 -- 172.21.15.184:0/2415650442 --> v1:172.21.15.184:6789/0 -- mon_subscribe({osdmap=0}) v3 -- 0x7f0ff419dbb0 con 0x7f0ff4105b00
2024-02-05T07:12:19.913 INFO:teuthology.orchestra.run.smithi184.stdout:/usr/bin/ceph: stderr
2024-02-05T07:12:19.074+0000 7f0ff0ff9700 1 -- 172.21.15.184:0/2415650442 <== mon.0 v1:172.21.15.184:6789/0 5 ==== config(25 keys) v1 ==== 1037+0+0 (unknown 1670703156 0 0) 0x7f0fe80052d0 con 0x7f0ff4105b00
2024-02-05T07:12:19.913 INFO:teuthology.orchestra.run.smithi184.stdout:/usr/bin/ceph: stderr
2024-02-05T07:12:19.074+0000 7f0ff0ff9700 1 -- 172.21.15.184:0/2415650442 <== mon.0 v1:172.21.15.184:6789/0 6 ==== mon_map magic: 0 v1 ==== 170+0+0 (unknown 2625926556 0 0) 0x7f0fe80060a0 con 0x7f0ff4105b00
2024-02-05T07:12:19.913 INFO:teuthology.orchestra.run.smithi184.stdout:/usr/bin/ceph: stderr
2024-02-05T07:12:19.074+0000 7f0ff0ff9700 1 -- 172.21.15.184:0/2415650442 <== mon.0 v1:172.21.15.184:6789/0 7 ==== mgrmap(e 8) v1 ==== 45897+0+0 (unknown 2671873510 0 0) 0x7f0fe8011620 con 0x7f0ff4105b00
2024-02-05T07:12:19.913 INFO:teuthology.orchestra.run.smithi184.stdout:/usr/bin/ceph: stderr
2024-02-05T07:12:19.075+0000 7f0ffa0fa700 1 -- 172.21.15.184:0/2415650442 --> v1:172.21.15.184:6789/0 -- mon_command({"prefix": "get_command_descriptions"} v 0) v1 -- 0x7f0fe0005150 con 0x7f0ff4105b00
2024-02-05T07:12:19.913 INFO:teuthology.orchestra.run.smithi184.stdout:/usr/bin/ceph: stderr
2024-02-05T07:12:19.075+0000 7f0ff0ff9700 1 -- 172.21.15.184:0/2415650442 <== mon.0 v1:172.21.15.184:6789/0 8 ==== osd_map(2..2 src has 1..2) v4 ==== 897+0+0 (unknown 3316935985 0 0) 0x7f0fe8047300 con 0x7f0ff4105b00
2024-02-05T07:12:19.913 INFO:teuthology.orchestra.run.smithi184.stdout:/usr/bin/ceph: stderr
2024-02-05T07:12:19.080+0000 7f0ff0ff9700 1 -- 172.21.15.184:0/2415650442 <== mon.0 v1:172.21.15.184:6789/0 9 ==== mon_command_ack([{"prefix": "get_command_descriptions"}]=0 v0) v1 ==== 72+0+183564 (unknown 1092875540 0 1883366685) 0x7f0fe8012e90 con 0x7f0ff4105b00
2024-02-05T07:12:19.913 INFO:teuthology.orchestra.run.smithi184.stdout:/usr/bin/ceph: stderr
2024-02-05T07:12:19.287+0000 7f0ffa0fa700 1 -- 172.21.15.184:0/2415650442 --> v1:172.21.15.184:6800/2693451489 -- mgr_command(tid 0: {"prefix": "orch set backend", "module_name": "cephadm", "target": ["mon-mgr", ""]}) v1 -- 0x7f0fe0000bc0 con 0x7f0fdc03a120
2024-02-05T07:12:19.913 INFO:teuthology.orchestra.run.smithi184.stdout:/usr/bin/ceph: stderr
2024-02-05T07:12:19.293+0000 7f0ff0ff9700 1 -- 172.21.15.184:0/2415650442 <== mgr.14118 v1:172.21.15.184:6800/2693451489 1 ==== mgr_command_reply(tid 0: 0 ) v1 ==== 8+0+0 (unknown 0 0 0) 0x7f0fe0000bc0 con 0x7f0fdc03a120
2024-02-05T07:12:19.913 INFO:teuthology.orchestra.run.smithi184.stdout:/usr/bin/ceph: stderr
2024-02-05T07:12:19.295+0000 7f0ffa0fa700 1 -- 172.21.15.184:0/2415650442 >> v1:172.21.15.184:6800/2693451489 conn(0x7f0fdc03a120 legacy=0x7f0fdc03c5e0 unknown :-1 s=STATE_CONNECTION_ESTABLISHED l=1).mark_down
2024-02-05T07:12:19.913 INFO:teuthology.orchestra.run.smithi184.stdout:/usr/bin/ceph: stderr
2024-02-05T07:12:19.295+0000 7f0ffa0fa700 1 -- 172.21.15.184:0/2415650442 >> v1:172.21.15.184:6789/0 conn(0x7f0ff4105b00 legacy=0x7f0ff4199510 unknown :-1 s=STATE_CONNECTION_ESTABLISHED l=1).mark_down
2024-02-05T07:12:19.914 INFO:teuthology.orchestra.run.smithi184.stdout:/usr/bin/ceph: stderr
2024-02-05T07:12:19.295+0000 7f0ffa0fa700 1 -- 172.21.15.184:0/2415650442 shutdown_connections
2024-02-05T07:12:19.914 INFO:teuthology.orchestra.run.smithi184.stdout:/usr/bin/ceph: stderr
2024-02-05T07:12:19.295+0000 7f0ffa0fa700 1 -- 172.21.15.184:0/2415650442 >> 172.21.15.184:0/2415650442 conn(0x7f0ff41010e0 msgr2=0x7f0ff41034d0 unknown :-1 s=STATE_NONE l=0).mark_down
2024-02-05T07:12:19.914 INFO:teuthology.orchestra.run.smithi184.stdout:/usr/bin/ceph: stderr
2024-02-05T07:12:19.295+0000 7f0ffa0fa700 1 -- 172.21.15.184:0/2415650442 shutdown_connections
2024-02-05T07:12:19.914 INFO:teuthology.orchestra.run.smithi184.stdout:/usr/bin/ceph: stderr
2024-02-05T07:12:19.295+0000 7f0ffa0fa700 1 -- 172.21.15.184:0/2415650442 wait complete.
2024-02-05T07:12:20.257 INFO:journalctl@ceph.mon.a.smithi184.stdout:Feb 05 07:12:20 smithi184 ceph-mon[29861]: [05/Feb/2024:07:12:18] ENGINE Bus STARTING
