2024-02-05T07:12:34.959+0000 7f28f0b72700 1 -- 172.21.15.184:0/4070675530 wait complete.
2024-02-05T07:12:36.030 INFO:teuthology.orchestra.run.smithi184.stdout:/usr/bin/ceph: stderr
2024-02-05T07:12:34.960+0000 7f28f0b72700 1 Processor -- start
2024-02-05T07:12:36.030 INFO:teuthology.orchestra.run.smithi184.stdout:/usr/bin/ceph: stderr
2024-02-05T07:12:34.960+0000 7f28f0b72700 1 -- start start
2024-02-05T07:12:36.030 INFO:teuthology.orchestra.run.smithi184.stdout:/usr/bin/ceph: stderr
2024-02-05T07:12:34.960+0000 7f28f0b72700 1 -- --> v1:172.21.15.184:6789/0 -- auth(proto 0 34 bytes epoch 0) v1 -- 0x7f28ec19f600 con 0x7f28ec103da0
2024-02-05T07:12:36.031 INFO:teuthology.orchestra.run.smithi184.stdout:/usr/bin/ceph: stderr
2024-02-05T07:12:34.960+0000 7f28ea59c700 1 --1- >> v1:172.21.15.184:6789/0 conn(0x7f28ec103da0 0x7f28ec106650 :-1 s=CONNECTING_WAIT_BANNER_AND_IDENTIFY pgs=0 cs=0 l=1).handle_server_banner_and_identify peer v1:172.21.15.184:6789/0 says I am v1:172.21.15.184:46798/0 (socket says 172.21.15.184:46798)
2024-02-05T07:12:36.031 INFO:teuthology.orchestra.run.smithi184.stdout:/usr/bin/ceph: stderr
2024-02-05T07:12:34.960+0000 7f28ea59c700 1 -- 172.21.15.184:0/756440525 learned_addr learned my addr 172.21.15.184:0/756440525 (peer_addr_for_me v1:172.21.15.184:0/0)
2024-02-05T07:12:36.031 INFO:teuthology.orchestra.run.smithi184.stdout:/usr/bin/ceph: stderr
2024-02-05T07:12:34.961+0000 7f28db7fe700 1 -- 172.21.15.184:0/756440525 <== mon.0 v1:172.21.15.184:6789/0 1 ==== auth_reply(proto 2 0 (0) Success) v1 ==== 33+0+0 (unknown 3770288850 0 0) 0x7f28ec19f600 con 0x7f28ec103da0
2024-02-05T07:12:36.031 INFO:teuthology.orchestra.run.smithi184.stdout:/usr/bin/ceph: stderr
2024-02-05T07:12:34.961+0000 7f28db7fe700 1 -- 172.21.15.184:0/756440525 --> v1:172.21.15.184:6789/0 -- auth(proto 2 36 bytes epoch 0) v1 -- 0x7f28d40054f0 con 0x7f28ec103da0
2024-02-05T07:12:36.031 INFO:teuthology.orchestra.run.smithi184.stdout:/usr/bin/ceph: stderr
2024-02-05T07:12:34.961+0000 7f28db7fe700 1 -- 172.21.15.184:0/756440525 <== mon.0 v1:172.21.15.184:6789/0 2 ==== auth_reply(proto 2 0 (0) Success) v1 ==== 764+0+0 (unknown 693486932 0 0) 0x7f28d40054f0 con 0x7f28ec103da0
2024-02-05T07:12:36.031 INFO:teuthology.orchestra.run.smithi184.stdout:/usr/bin/ceph: stderr
2024-02-05T07:12:34.961+0000 7f28db7fe700 1 -- 172.21.15.184:0/756440525 --> v1:172.21.15.184:6789/0 -- auth(proto 2 165 bytes epoch 0) v1 -- 0x7f28ec19f600 con 0x7f28ec103da0
2024-02-05T07:12:36.031 INFO:teuthology.orchestra.run.smithi184.stdout:/usr/bin/ceph: stderr
2024-02-05T07:12:34.961+0000 7f28db7fe700 1 -- 172.21.15.184:0/756440525 <== mon.0 v1:172.21.15.184:6789/0 3 ==== mon_map magic: 0 v1 ==== 170+0+0 (unknown 2625926556 0 0) 0x7f28e0001080 con 0x7f28ec103da0
2024-02-05T07:12:36.031 INFO:teuthology.orchestra.run.smithi184.stdout:/usr/bin/ceph: stderr
2024-02-05T07:12:34.961+0000 7f28db7fe700 1 -- 172.21.15.184:0/756440525 <== mon.0 v1:172.21.15.184:6789/0 4 ==== auth_reply(proto 2 0 (0) Success) v1 ==== 580+0+0 (unknown 1064582250 0 0) 0x7f28ec19f600 con 0x7f28ec103da0
2024-02-05T07:12:36.031 INFO:teuthology.orchestra.run.smithi184.stdout:/usr/bin/ceph: stderr
2024-02-05T07:12:34.961+0000 7f28db7fe700 1 -- 172.21.15.184:0/756440525 --> v1:172.21.15.184:6789/0 -- mon_subscribe({config=0+,monmap=0+}) v3 -- 0x7f28ec1a07a0 con 0x7f28ec103da0
2024-02-05T07:12:36.031 INFO:teuthology.orchestra.run.smithi184.stdout:/usr/bin/ceph: stderr
2024-02-05T07:12:34.961+0000 7f28f0b72700 1 -- 172.21.15.184:0/756440525 --> v1:172.21.15.184:6789/0 -- mon_subscribe({mgrmap=0+}) v3 -- 0x7f28ec19f7f0 con 0x7f28ec103da0
2024-02-05T07:12:36.031 INFO:teuthology.orchestra.run.smithi184.stdout:/usr/bin/ceph: stderr
2024-02-05T07:12:34.961+0000 7f28f0b72700 1 -- 172.21.15.184:0/756440525 --> v1:172.21.15.184:6789/0 -- mon_subscribe({osdmap=0}) v3 -- 0x7f28ec19fcf0 con 0x7f28ec103da0
2024-02-05T07:12:36.031 INFO:teuthology.orchestra.run.smithi184.stdout:/usr/bin/ceph: stderr
2024-02-05T07:12:34.961+0000 7f28db7fe700 1 -- 172.21.15.184:0/756440525 <== mon.0 v1:172.21.15.184:6789/0 5 ==== config(25 keys) v1 ==== 1068+0+0 (unknown 1315394423 0 0) 0x7f28e0004a60 con 0x7f28ec103da0
2024-02-05T07:12:36.031 INFO:teuthology.orchestra.run.smithi184.stdout:/usr/bin/ceph: stderr
2024-02-05T07:12:34.961+0000 7f28db7fe700 1 -- 172.21.15.184:0/756440525 <== mon.0 v1:172.21.15.184:6789/0 6 ==== mon_map magic: 0 v1 ==== 170+0+0 (unknown 2625926556 0 0) 0x7f28e00060d0 con 0x7f28ec103da0
2024-02-05T07:12:36.032 INFO:teuthology.orchestra.run.smithi184.stdout:/usr/bin/ceph: stderr
2024-02-05T07:12:34.962+0000 7f28f0b72700 1 -- 172.21.15.184:0/756440525 --> v1:172.21.15.184:6789/0 -- mon_command({"prefix": "get_command_descriptions"} v 0) v1 -- 0x7f28cc005150 con 0x7f28ec103da0
2024-02-05T07:12:36.032 INFO:teuthology.orchestra.run.smithi184.stdout:/usr/bin/ceph: stderr
2024-02-05T07:12:34.962+0000 7f28db7fe700 1 -- 172.21.15.184:0/756440525 <== mon.0 v1:172.21.15.184:6789/0 7 ==== mgrmap(e 8) v1 ==== 45897+0+0 (unknown 2671873510 0 0) 0x7f28e0011690 con 0x7f28ec103da0
2024-02-05T07:12:36.032 INFO:teuthology.orchestra.run.smithi184.stdout:/usr/bin/ceph: stderr
2024-02-05T07:12:34.962+0000 7f28db7fe700 1 -- 172.21.15.184:0/756440525 <== mon.0 v1:172.21.15.184:6789/0 8 ==== osd_map(2..2 src has 1..2) v4 ==== 897+0+0 (unknown 3316935985 0 0) 0x7f28e0047330 con 0x7f28ec103da0
2024-02-05T07:12:36.032 INFO:teuthology.orchestra.run.smithi184.stdout:/usr/bin/ceph: stderr
2024-02-05T07:12:34.967+0000 7f28db7fe700 1 -- 172.21.15.184:0/756440525 <== mon.0 v1:172.21.15.184:6789/0 9 ==== mon_command_ack([{"prefix": "get_command_descriptions"}]=0 v0) v1 ==== 72+0+183564 (unknown 1092875540 0 1883366685) 0x7f28e0012f40 con 0x7f28ec103da0
2024-02-05T07:12:36.032 INFO:teuthology.orchestra.run.smithi184.stdout:/usr/bin/ceph: stderr
2024-02-05T07:12:35.164+0000 7f28f0b72700 1 -- 172.21.15.184:0/756440525 --> v1:172.21.15.184:6789/0 -- mon_command([{prefix=config set, name=mgr/dashboard/ssl_server_port}] v 0) v1 -- 0x7f28cc005980 con 0x7f28ec103da0
2024-02-05T07:12:36.032 INFO:teuthology.orchestra.run.smithi184.stdout:/usr/bin/ceph: stderr
2024-02-05T07:12:35.167+0000 7f28db7fe700 1 -- 172.21.15.184:0/756440525 <== mon.0 v1:172.21.15.184:6789/0 10 ==== mon_command_ack([{prefix=config set, name=mgr/dashboard/ssl_server_port}]=0 v8)=0 v8) v1 ==== 130+0+0 (unknown 1496729260 0 0) 0x7f28e0015040 con 0x7f28ec103da0
2024-02-05T07:12:36.032 INFO:teuthology.orchestra.run.smithi184.stdout:/usr/bin/ceph: stderr
2024-02-05T07:12:35.169+0000 7f28f0b72700 1 -- 172.21.15.184:0/756440525 >> v1:172.21.15.184:6800/2693451489 conn(0x7f28d403a0d0 legacy=0x7f28d403c590 unknown :-1 s=STATE_CONNECTION_ESTABLISHED l=1).mark_down
2024-02-05T07:12:36.032 INFO:teuthology.orchestra.run.smithi184.stdout:/usr/bin/ceph: stderr
2024-02-05T07:12:35.169+0000 7f28f0b72700 1 -- 172.21.15.184:0/756440525 >> v1:172.21.15.184:6789/0 conn(0x7f28ec103da0 legacy=0x7f28ec106650 unknown :-1 s=STATE_CONNECTION_ESTABLISHED l=1).mark_down
2024-02-05T07:12:36.032 INFO:teuthology.orchestra.run.smithi184.stdout:/usr/bin/ceph: stderr
2024-02-05T07:12:35.170+0000 7f28f0b72700 1 -- 172.21.15.184:0/756440525 shutdown_connections
2024-02-05T07:12:36.032 INFO:teuthology.orchestra.run.smithi184.stdout:/usr/bin/ceph: stderr
2024-02-05T07:12:35.170+0000 7f28f0b72700 1 -- 172.21.15.184:0/756440525 >> 172.21.15.184:0/756440525 conn(0x7f28ec0ff6f0 msgr2=0x7f28ec190390 unknown :-1 s=STATE_NONE l=0).mark_down
2024-02-05T07:12:36.032 INFO:teuthology.orchestra.run.smithi184.stdout:/usr/bin/ceph: stderr
2024-02-05T07:12:35.170+0000 7f28f0b72700 1 -- 172.21.15.184:0/756440525 shutdown_connections
2024-02-05T07:12:36.032 INFO:teuthology.orchestra.run.smithi184.stdout:/usr/bin/ceph: stderr
2024-02-05T07:12:35.170+0000 7f28f0b72700 1 -- 172.21.15.184:0/756440525 wait complete.
2024-02-05T07:12:36.032 INFO:teuthology.orchestra.run.smithi184.stdout:Enabling the dashboard module...
2024-02-05T07:12:36.293 INFO:journalctl@ceph.mon.a.smithi184.stdout:Feb 05 07:12:36 smithi184 ceph-mon[29861]: from='client.? v1:172.21.15.184:0/756440525' entity='client.admin'
2024-02-05T07:12:36.293 INFO:journalctl@ceph.mon.a.smithi184.stdout:Feb 05 07:12:36 smithi184 ceph-mon[29861]: from='mgr.14118 v1:172.21.15.184:0/3468866972' entity='mgr.y'
2024-02-05T07:12:37.188 INFO:journalctl@ceph.mon.a.smithi184.stdout:Feb 05 07:12:37 smithi184 ceph-mon[29861]: from='client.? v1:172.21.15.184:0/3514685444' entity='client.admin' cmd=[{"prefix": "mgr module enable", "module": "dashboard"}]: dispatch
2024-02-05T07:12:37.188 INFO:journalctl@ceph.mon.a.smithi184.stdout:Feb 05 07:12:37 smithi184 ceph-mon[29861]: pgmap v3: 0 pgs: ; 0 B data, 0 B used, 0 B / 0 B avail
2024-02-05T07:12:37.483 INFO:journalctl@ceph.mgr.y.smithi184.stdout:Feb 05 07:12:37 smithi184 ceph-ae38c7f2-c3f5-11ee-95b6-87774f69a715-mgr-y[30118]: ignoring --setuser ceph since I am not root
2024-02-05T07:12:37.483 INFO:journalctl@ceph.mgr.y.smithi184.stdout:Feb 05 07:12:37 smithi184 ceph-ae38c7f2-c3f5-11ee-95b6-87774f69a715-mgr-y[30118]: ignoring --setgroup ceph since I am not root
2024-02-05T07:12:37.781 INFO:teuthology.orchestra.run.smithi184.stdout:/usr/bin/ceph: stderr
2024-02-05T07:12:36.517+0000 7f0a669df700 1 Processor -- start
2024-02-05T07:12:37.781 INFO:teuthology.orchestra.run.smithi184.stdout:/usr/bin/ceph: stderr
2024-02-05T07:12:36.517+0000 7f0a669df700 1 -- start start
2024-02-05T07:12:37.782 INFO:teuthology.orchestra.run.smithi184.stdout:/usr/bin/ceph: stderr
2024-02-05T07:12:36.517+0000 7f0a669df700 1 -- --> v1:172.21.15.184:6789/0 -- auth(proto 0 34 bytes epoch 0) v1 -- 0x7f0a60109f50 con 0x7f0a60105b20
2024-02-05T07:12:37.782 INFO:teuthology.orchestra.run.smithi184.stdout:/usr/bin/ceph: stderr
2024-02-05T07:12:36.517+0000 7f0a5ffff700 1 --1- >> v1:172.21.15.184:6789/0 conn(0x7f0a60105b20 0x7f0a60105f40 :-1 s=CONNECTING_WAIT_BANNER_AND_IDENTIFY pgs=0 cs=0 l=0).handle_server_banner_and_identify peer v1:172.21.15.184:6789/0 says I am v1:172.21.15.184:46802/0 (socket says 172.21.15.184:46802)
2024-02-05T07:12:37.782 INFO:teuthology.orchestra.run.smithi184.stdout:/usr/bin/ceph: stderr
2024-02-05T07:12:36.517+0000 7f0a5ffff700 1 -- 172.21.15.184:0/2990723071 learned_addr learned my addr 172.21.15.184:0/2990723071 (peer_addr_for_me v1:172.21.15.184:0/0)
2024-02-05T07:12:37.782 INFO:teuthology.orchestra.run.smithi184.stdout:/usr/bin/ceph: stderr
2024-02-05T07:12:36.518+0000 7f0a5effd700 1 -- 172.21.15.184:0/2990723071 <== mon.0 v1:172.21.15.184:6789/0 1 ==== auth_reply(proto 2 0 (0) Success) v1 ==== 33+0+0 (unknown 673580733 0 0) 0x7f0a60109f50 con 0x7f0a60105b20
2024-02-05T07:12:37.782 INFO:teuthology.orchestra.run.smithi184.stdout:/usr/bin/ceph: stderr
2024-02-05T07:12:36.518+0000 7f0a5effd700 1 -- 172.21.15.184:0/2990723071 --> v1:172.21.15.184:6789/0 -- auth(proto 2 36 bytes epoch 0) v1 -- 0x7f0a480035b0 con 0x7f0a60105b20
2024-02-05T07:12:37.782 INFO:teuthology.orchestra.run.smithi184.stdout:/usr/bin/ceph: stderr
2024-02-05T07:12:36.518+0000 7f0a5effd700 1 -- 172.21.15.184:0/2990723071 <== mon.0 v1:172.21.15.184:6789/0 2 ==== auth_reply(proto 2 0 (0) Success) v1 ==== 214+0+0 (unknown 790060438 0 0) 0x7f0a480035b0 con 0x7f0a60105b20
2024-02-05T07:12:37.782 INFO:teuthology.orchestra.run.smithi184.stdout:/usr/bin/ceph: stderr
2024-02-05T07:12:36.518+0000 7f0a5effd700 1 -- 172.21.15.184:0/2990723071 --> v1:172.21.15.184:6789/0 -- mon_subscribe({config=0+,monmap=0+}) v3 -- 0x7f0a6010b0f0 con 0x7f0a60105b20
2024-02-05T07:12:37.782 INFO:teuthology.orchestra.run.smithi184.stdout:/usr/bin/ceph: stderr
2024-02-05T07:12:36.518+0000 7f0a5effd700 1 -- 172.21.15.184:0/2990723071 <== mon.0 v1:172.21.15.184:6789/0 3 ==== mon_map magic: 0 v1 ==== 170+0+0 (unknown 2625926556 0 0) 0x7f0a50001580 con 0x7f0a60105b20
2024-02-05T07:12:37.782 INFO:teuthology.orchestra.run.smithi184.stdout:/usr/bin/ceph: stderr
2024-02-05T07:12:36.518+0000 7f0a5effd700 1 -- 172.21.15.184:0/2990723071 <== mon.0 v1:172.21.15.184:6789/0 4 ==== config(25 keys) v1 ==== 1068+0+0 (unknown 1315394423 0 0) 0x7f0a50001d00 con 0x7f0a60105b20
2024-02-05T07:12:37.782 INFO:teuthology.orchestra.run.smithi184.stdout:/usr/bin/ceph: stderr
2024-02-05T07:12:36.518+0000 7f0a5effd700 1 -- 172.21.15.184:0/2990723071 <== mon.0 v1:172.21.15.184:6789/0 5 ==== mon_map magic: 0 v1 ==== 170+0+0 (unknown 2625926556 0 0) 0x7f0a50005960 con 0x7f0a60105b20
2024-02-05T07:12:37.782 INFO:teuthology.orchestra.run.smithi184.stdout:/usr/bin/ceph: stderr
2024-02-05T07:12:36.519+0000 7f0a669df700 1 -- 172.21.15.184:0/2990723071 >> v1:172.21.15.184:6789/0 conn(0x7f0a60105b20 legacy=0x7f0a60105f40 unknown :-1 s=STATE_CONNECTION_ESTABLISHED l=1).mark_down
2024-02-05T07:12:37.782 INFO:teuthology.orchestra.run.smithi184.stdout:/usr/bin/ceph: stderr
2024-02-05T07:12:36.519+0000 7f0a669df700 1 -- 172.21.15.184:0/2990723071 shutdown_connections
2024-02-05T07:12:37.782 INFO:teuthology.orchestra.run.smithi184.stdout:/usr/bin/ceph: stderr
2024-02-05T07:12:36.519+0000 7f0a669df700 1 -- 172.21.15.184:0/2990723071 >> 172.21.15.184:0/2990723071 conn(0x7f0a601010c0 msgr2=0x7f0a60103500 unknown :-1 s=STATE_NONE l=0).mark_down
2024-02-05T07:12:37.782 INFO:teuthology.orchestra.run.smithi184.stdout:/usr/bin/ceph: stderr
2024-02-05T07:12:36.519+0000 7f0a669df700 1 -- 172.21.15.184:0/2990723071 shutdown_connections
2024-02-05T07:12:37.783 INFO:teuthology.orchestra.run.smithi184.stdout:/usr/bin/ceph: stderr
2024-02-05T07:12:36.519+0000 7f0a669df700 1 -- 172.21.15.184:0/2990723071 wait complete.
2024-02-05T07:12:37.783 INFO:teuthology.orchestra.run.smithi184.stdout:/usr/bin/ceph: stderr
2024-02-05T07:12:36.520+0000 7f0a669df700 1 Processor -- start
2024-02-05T07:12:37.783 INFO:teuthology.orchestra.run.smithi184.stdout:/usr/bin/ceph: stderr
2024-02-05T07:12:36.520+0000 7f0a669df700 1 -- start start
2024-02-05T07:12:37.783 INFO:teuthology.orchestra.run.smithi184.stdout:/usr/bin/ceph: stderr
2024-02-05T07:12:36.520+0000 7f0a669df700 1 -- --> v1:172.21.15.184:6789/0 -- auth(proto 0 34 bytes epoch 0) v1 -- 0x7f0a60199ca0 con 0x7f0a60105b20
2024-02-05T07:12:37.783 INFO:teuthology.orchestra.run.smithi184.stdout:/usr/bin/ceph: stderr
2024-02-05T07:12:36.520+0000 7f0a5ffff700 1 --1- >> v1:172.21.15.184:6789/0 conn(0x7f0a60105b20 0x7f0a60199590 :-1 s=CONNECTING_WAIT_BANNER_AND_IDENTIFY pgs=0 cs=0 l=1).handle_server_banner_and_identify peer v1:172.21.15.184:6789/0 says I am v1:172.21.15.184:46806/0 (socket says 172.21.15.184:46806)
2024-02-05T07:12:37.783 INFO:teuthology.orchestra.run.smithi184.stdout:/usr/bin/ceph: stderr
2024-02-05T07:12:36.520+0000 7f0a5ffff700 1 -- 172.21.15.184:0/3514685444 learned_addr learned my addr 172.21.15.184:0/3514685444 (peer_addr_for_me v1:172.21.15.184:0/0)
2024-02-05T07:12:37.783 INFO:teuthology.orchestra.run.smithi184.stdout:/usr/bin/ceph: stderr
2024-02-05T07:12:36.520+0000 7f0a5d7fa700 1 -- 172.21.15.184:0/3514685444 <== mon.0 v1:172.21.15.184:6789/0 1 ==== auth_reply(proto 2 0 (0) Success) v1 ==== 33+0+0 (unknown 4286570593 0 0) 0x7f0a60199ca0 con 0x7f0a60105b20
2024-02-05T07:12:37.783 INFO:teuthology.orchestra.run.smithi184.stdout:/usr/bin/ceph: stderr
2024-02-05T07:12:36.520+0000 7f0a5d7fa700 1 -- 172.21.15.184:0/3514685444 --> v1:172.21.15.184:6789/0 -- auth(proto 2 36 bytes epoch 0) v1 -- 0x7f0a480054f0 con 0x7f0a60105b20
2024-02-05T07:12:37.783 INFO:teuthology.orchestra.run.smithi184.stdout:/usr/bin/ceph: stderr
2024-02-05T07:12:36.520+0000 7f0a5d7fa700 1 -- 172.21.15.184:0/3514685444 <== mon.0 v1:172.21.15.184:6789/0 2 ==== auth_reply(proto 2 0 (0) Success) v1 ==== 764+0+0 (unknown 3859414371 0 0) 0x7f0a480054f0 con 0x7f0a60105b20
2024-02-05T07:12:37.783 INFO:teuthology.orchestra.run.smithi184.stdout:/usr/bin/ceph: stderr
2024-02-05T07:12:36.521+0000 7f0a5d7fa700 1 -- 172.21.15.184:0/3514685444 --> v1:172.21.15.184:6789/0 -- auth(proto 2 165 bytes epoch 0) v1 -- 0x7f0a60199ca0 con 0x7f0a60105b20
2024-02-05T07:12:37.783 INFO:teuthology.orchestra.run.smithi184.stdout:/usr/bin/ceph: stderr
2024-02-05T07:12:36.521+0000 7f0a5d7fa700 1 -- 172.21.15.184:0/3514685444 <== mon.0 v1:172.21.15.184:6789/0 3 ==== mon_map magic: 0 v1 ==== 170+0+0 (unknown 2625926556 0 0) 0x7f0a50001080 con 0x7f0a60105b20
2024-02-05T07:12:37.783 INFO:teuthology.orchestra.run.smithi184.stdout:/usr/bin/ceph: stderr
2024-02-05T07:12:36.521+0000 7f0a5d7fa700 1 -- 172.21.15.184:0/3514685444 <== mon.0 v1:172.21.15.184:6789/0 4 ==== auth_reply(proto 2 0 (0) Success) v1 ==== 580+0+0 (unknown 144318301 0 0) 0x7f0a60199ca0 con 0x7f0a60105b20
2024-02-05T07:12:37.783 INFO:teuthology.orchestra.run.smithi184.stdout:/usr/bin/ceph: stderr
2024-02-05T07:12:36.521+0000 7f0a5d7fa700 1 -- 172.21.15.184:0/3514685444 --> v1:172.21.15.184:6789/0 -- mon_subscribe({config=0+,monmap=0+}) v3 -- 0x7f0a60199e30 con 0x7f0a60105b20
2024-02-05T07:12:37.783 INFO:teuthology.orchestra.run.smithi184.stdout:/usr/bin/ceph: stderr
2024-02-05T07:12:36.521+0000 7f0a669df700 1 -- 172.21.15.184:0/3514685444 --> v1:172.21.15.184:6789/0 -- mon_subscribe({mgrmap=0+}) v3 -- 0x7f0a6019a0e0 con 0x7f0a60105b20
2024-02-05T07:12:37.783 INFO:teuthology.orchestra.run.smithi184.stdout:/usr/bin/ceph: stderr
2024-02-05T07:12:36.521+0000 7f0a669df700 1 -- 172.21.15.184:0/3514685444 --> v1:172.21.15.184:6789/0 -- mon_subscribe({osdmap=0}) v3 -- 0x7f0a6019dc30 con 0x7f0a60105b20
2024-02-05T07:12:37.784 INFO:teuthology.orchestra.run.smithi184.stdout:/usr/bin/ceph: stderr
2024-02-05T07:12:36.521+0000 7f0a5d7fa700 1 -- 172.21.15.184:0/3514685444 <== mon.0 v1:172.21.15.184:6789/0 5 ==== config(25 keys) v1 ==== 1068+0+0 (unknown 1315394423 0 0) 0x7f0a500049f0 con 0x7f0a60105b20
2024-02-05T07:12:37.784 INFO:teuthology.orchestra.run.smithi184.stdout:/usr/bin/ceph: stderr
2024-02-05T07:12:36.521+0000 7f0a5d7fa700 1 -- 172.21.15.184:0/3514685444 <== mon.0 v1:172.21.15.184:6789/0 6 ==== mon_map magic: 0 v1 ==== 170+0+0 (unknown 2625926556 0 0) 0x7f0a50006180 con 0x7f0a60105b20
2024-02-05T07:12:37.784 INFO:teuthology.orchestra.run.smithi184.stdout:/usr/bin/ceph: stderr
2024-02-05T07:12:36.522+0000 7f0a5d7fa700 1 -- 172.21.15.184:0/3514685444 <== mon.0 v1:172.21.15.184:6789/0 7 ==== mgrmap(e 8) v1 ==== 45897+0+0 (unknown 2671873510 0 0) 0x7f0a50011660 con 0x7f0a60105b20
2024-02-05T07:12:37.784 INFO:teuthology.orchestra.run.smithi184.stdout:/usr/bin/ceph: stderr
2024-02-05T07:12:36.522+0000 7f0a669df700 1 -- 172.21.15.184:0/3514685444 --> v1:172.21.15.184:6789/0 -- mon_command({"prefix": "get_command_descriptions"} v 0) v1 -- 0x7f0a4c005150 con 0x7f0a60105b20
2024-02-05T07:12:37.784 INFO:teuthology.orchestra.run.smithi184.stdout:/usr/bin/ceph: stderr
2024-02-05T07:12:36.522+0000 7f0a5d7fa700 1 -- 172.21.15.184:0/3514685444 <== mon.0 v1:172.21.15.184:6789/0 8 ==== osd_map(2..2 src has 1..2) v4 ==== 897+0+0 (unknown 3316935985 0 0) 0x7f0a500481e0 con 0x7f0a60105b20
2024-02-05T07:12:37.784 INFO:teuthology.orchestra.run.smithi184.stdout:/usr/bin/ceph: stderr
2024-02-05T07:12:36.527+0000 7f0a5d7fa700 1 -- 172.21.15.184:0/3514685444 <== mon.0 v1:172.21.15.184:6789/0 9 ==== mon_command_ack([{"prefix": "get_command_descriptions"}]=0 v0) v1 ==== 72+0+183564 (unknown 1092875540 0 1883366685) 0x7f0a50012ec0 con 0x7f0a60105b20
2024-02-05T07:12:37.784 INFO:teuthology.orchestra.run.smithi184.stdout:/usr/bin/ceph: stderr
2024-02-05T07:12:36.800+0000 7f0a669df700 1 -- 172.21.15.184:0/3514685444 --> v1:172.21.15.184:6789/0 -- mon_command({"prefix": "mgr module enable", "module": "dashboard"} v 0) v1 -- 0x7f0a4c005400 con 0x7f0a60105b20
2024-02-05T07:12:37.784 INFO:teuthology.orchestra.run.smithi184.stdout:/usr/bin/ceph: stderr
2024-02-05T07:12:37.170+0000 7f0a5d7fa700 1 -- 172.21.15.184:0/3514685444 <== mon.0 v1:172.21.15.184:6789/0 10 ==== mon_command_ack([{"prefix": "mgr module enable", "module": "dashboard"}]=0 v9) v1 ==== 88+0+0 (unknown 1498667528 0 0) 0x7f0a50014fa0 con 0x7f0a60105b20
2024-02-05T07:12:37.784 INFO:teuthology.orchestra.run.smithi184.stdout:/usr/bin/ceph: stderr
2024-02-05T07:12:37.171+0000 7f0a5d7fa700 1 -- 172.21.15.184:0/3514685444 <== mon.0 v1:172.21.15.184:6789/0 11 ==== mgrmap(e 9) v1 ==== 45910+0+0 (unknown 1967391998 0 0) 0x7f0a50046b80 con 0x7f0a60105b20
2024-02-05T07:12:37.784 INFO:teuthology.orchestra.run.smithi184.stdout:/usr/bin/ceph: stderr
2024-02-05T07:12:37.173+0000 7f0a669df700 1 -- 172.21.15.184:0/3514685444 >> v1:172.21.15.184:6800/2693451489 conn(0x7f0a4803a120 legacy=0x7f0a4803c5e0 unknown :-1 s=STATE_CONNECTION_ESTABLISHED l=1).mark_down
2024-02-05T07:12:37.785 INFO:teuthology.orchestra.run.smithi184.stdout:/usr/bin/ceph: stderr
2024-02-05T07:12:37.173+0000 7f0a669df700 1 -- 172.21.15.184:0/3514685444 >> v1:172.21.15.184:6789/0 conn(0x7f0a60105b20 legacy=0x7f0a60199590 unknown :-1 s=STATE_CONNECTION_ESTABLISHED l=1).mark_down
2024-02-05T07:12:37.785 INFO:teuthology.orchestra.run.smithi184.stdout:/usr/bin/ceph: stderr
2024-02-05T07:12:37.173+0000 7f0a669df700 1 -- 172.21.15.184:0/3514685444 shutdown_connections
2024-02-05T07:12:37.785 INFO:teuthology.orchestra.run.smithi184.stdout:/usr/bin/ceph: stderr
2024-02-05T07:12:37.173+0000 7f0a669df700 1 -- 172.21.15.184:0/3514685444 >> 172.21.15.184:0/3514685444 conn(0x7f0a601010c0 msgr2=0x7f0a60103500 unknown :-1 s=STATE_NONE l=0).mark_down
2024-02-05T07:12:37.785 INFO:teuthology.orchestra.run.smithi184.stdout:/usr/bin/ceph: stderr
2024-02-05T07:12:37.173+0000 7f0a669df700 1 -- 172.21.15.184:0/3514685444 shutdown_connections
2024-02-05T07:12:37.785 INFO:teuthology.orchestra.run.smithi184.stdout:/usr/bin/ceph: stderr
2024-02-05T07:12:37.173+0000 7f0a669df700 1 -- 172.21.15.184:0/3514685444 wait complete.
2024-02-05T07:12:38.021 INFO:journalctl@ceph.mgr.y.smithi184.stdout:Feb 05 07:12:37 smithi184 ceph-ae38c7f2-c3f5-11ee-95b6-87774f69a715-mgr-y[30118]:
2024-02-05T07:12:37.745+0000 7f5b7f9c8200 -1 mgr[py] Module osd_perf_query has missing NOTIFY_TYPES member
2024-02-05T07:12:38.021 INFO:journalctl@ceph.mgr.y.smithi184.stdout:Feb 05 07:12:37 smithi184 ceph-ae38c7f2-c3f5-11ee-95b6-87774f69a715-mgr-y[30118]:
2024-02-05T07:12:37.843+0000 7f5b7f9c8200 -1 mgr[py] Module snap_schedule has missing NOTIFY_TYPES member
2024-02-05T07:12:38.271 INFO:journalctl@ceph.mon.a.smithi184.stdout:Feb 05 07:12:38 smithi184 ceph-mon[29861]: from='client.? v1:172.21.15.184:0/3514685444' entity='client.admin' cmd='[{"prefix": "mgr module enable", "module": "dashboard"}]': finished
2024-02-05T07:12:38.271 INFO:journalctl@ceph.mon.a.smithi184.stdout:Feb 05 07:12:38 smithi184 ceph-mon[29861]: mgrmap e9: y(active, since 20s)
2024-02-05T07:12:38.750 INFO:journalctl@ceph.mgr.y.smithi184.stdout:Feb 05 07:12:38 smithi184 ceph-ae38c7f2-c3f5-11ee-95b6-87774f69a715-mgr-y[30118]:
2024-02-05T07:12:38.503+0000 7f5b7f9c8200 -1 mgr[py] Module zabbix has missing NOTIFY_TYPES member
2024-02-05T07:12:38.750 INFO:journalctl@ceph.mgr.y.smithi184.stdout:Feb 05 07:12:38 smithi184 ceph-ae38c7f2-c3f5-11ee-95b6-87774f69a715-mgr-y[30118]:
2024-02-05T07:12:38.601+0000 7f5b7f9c8200 -1 mgr[py] Module balancer has missing NOTIFY_TYPES member
2024-02-05T07:12:38.750 INFO:journalctl@ceph.mgr.y.smithi184.stdout:Feb 05 07:12:38 smithi184 ceph-ae38c7f2-c3f5-11ee-95b6-87774f69a715-mgr-y[30118]:
2024-02-05T07:12:38.748+0000 7f5b7f9c8200 -1 mgr[py] Module influx has missing NOTIFY_TYPES member
2024-02-05T07:12:39.021 INFO:journalctl@ceph.mgr.y.smithi184.stdout:Feb 05 07:12:38 smithi184 ceph-ae38c7f2-c3f5-11ee-95b6-87774f69a715-mgr-y[30118]:
2024-02-05T07:12:38.848+0000 7f5b7f9c8200 -1 mgr[py] Module alerts has missing NOTIFY_TYPES member
2024-02-05T07:12:39.021 INFO:journalctl@ceph.mgr.y.smithi184.stdout:Feb 05 07:12:38 smithi184 ceph-ae38c7f2-c3f5-11ee-95b6-87774f69a715-mgr-y[30118]:
2024-02-05T07:12:38.933+0000 7f5b7f9c8200 -1 mgr[py] Module iostat has missing NOTIFY_TYPES member
2024-02-05T07:12:39.502 INFO:journalctl@ceph.mon.a.smithi184.stdout:Feb 05 07:12:39 smithi184 ceph-mon[29861]: from='client.? v1:172.21.15.184:0/1485922290' entity='client.admin' cmd=[{"prefix": "mgr stat"}]: dispatch
2024-02-05T07:12:39.502 INFO:journalctl@ceph.mgr.y.smithi184.stdout:Feb 05 07:12:39 smithi184 ceph-ae38c7f2-c3f5-11ee-95b6-87774f69a715-mgr-y[30118]:
2024-02-05T07:12:39.204+0000 7f5b7f9c8200 -1 mgr[py] Module rgw has missing NOTIFY_TYPES member
2024-02-05T07:12:39.502 INFO:journalctl@ceph.mgr.y.smithi184.stdout:Feb 05 07:12:39 smithi184 ceph-ae38c7f2-c3f5-11ee-95b6-87774f69a715-mgr-y[30118]:
2024-02-05T07:12:39.315+0000 7f5b7f9c8200 -1 mgr[py] Module rbd_support has missing NOTIFY_TYPES member
2024-02-05T07:12:39.502 INFO:journalctl@ceph.mgr.y.smithi184.stdout:Feb 05 07:12:39 smithi184 ceph-ae38c7f2-c3f5-11ee-95b6-87774f69a715-mgr-y[30118]:
2024-02-05T07:12:39.402+0000 7f5b7f9c8200 -1 mgr[py] Module progress has missing NOTIFY_TYPES member
2024-02-05T07:12:39.502 INFO:journalctl@ceph.mgr.y.smithi184.stdout:Feb 05 07:12:39 smithi184 ceph-ae38c7f2-c3f5-11ee-95b6-87774f69a715-mgr-y[30118]:
2024-02-05T07:12:39.499+0000 7f5b7f9c8200 -1 mgr[py] Module pg_autoscaler has missing NOTIFY_TYPES member
2024-02-05T07:12:39.533 INFO:teuthology.orchestra.run.smithi184.stdout:/usr/bin/ceph: stdout {
2024-02-05T07:12:39.533 INFO:teuthology.orchestra.run.smithi184.stdout:/usr/bin/ceph: stdout "epoch": 9,
2024-02-05T07:12:39.533 INFO:teuthology.orchestra.run.smithi184.stdout:/usr/bin/ceph: stdout "available": true,
2024-02-05T07:12:39.534 INFO:teuthology.orchestra.run.smithi184.stdout:/usr/bin/ceph: stdout "active_name": "y",
2024-02-05T07:12:39.534 INFO:teuthology.orchestra.run.smithi184.stdout:/usr/bin/ceph: stdout "num_standby": 0
2024-02-05T07:12:39.534 INFO:teuthology.orchestra.run.smithi184.stdout:/usr/bin/ceph: stdout }
2024-02-05T07:12:39.534 INFO:teuthology.orchestra.run.smithi184.stdout:/usr/bin/ceph: stderr
2024-02-05T07:12:38.547+0000 7fcd2a146700 1 Processor -- start
2024-02-05T07:12:39.534 INFO:teuthology.orchestra.run.smithi184.stdout:/usr/bin/ceph: stderr
2024-02-05T07:12:38.547+0000 7fcd2a146700 1 -- start start
2024-02-05T07:12:39.534 INFO:teuthology.orchestra.run.smithi184.stdout:/usr/bin/ceph: stderr
2024-02-05T07:12:38.547+0000 7fcd2a146700 1 -- --> v1:172.21.15.184:6789/0 -- auth(proto 0 34 bytes epoch 0) v1 -- 0x7fcd24079720 con 0x7fcd24106580
2024-02-05T07:12:39.534 INFO:teuthology.orchestra.run.smithi184.stdout:/usr/bin/ceph: stderr
2024-02-05T07:12:38.547+0000 7fcd237fe700 1 --1- >> v1:172.21.15.184:6789/0 conn(0x7fcd24106580 0x7fcd24108970 :-1 s=CONNECTING_WAIT_BANNER_AND_IDENTIFY pgs=0 cs=0 l=0).handle_server_banner_and_identify peer v1:172.21.15.184:6789/0 says I am v1:172.21.15.184:44432/0 (socket says 172.21.15.184:44432)
2024-02-05T07:12:39.534 INFO:teuthology.orchestra.run.smithi184.stdout:/usr/bin/ceph: stderr
2024-02-05T07:12:38.547+0000 7fcd237fe700 1 -- 172.21.15.184:0/3862109344 learned_addr learned my addr 172.21.15.184:0/3862109344 (peer_addr_for_me v1:172.21.15.184:0/0)
2024-02-05T07:12:39.534 INFO:teuthology.orchestra.run.smithi184.stdout:/usr/bin/ceph: stderr
2024-02-05T07:12:38.548+0000 7fcd227fc700 1 -- 172.21.15.184:0/3862109344 <== mon.0 v1:172.21.15.184:6789/0 1 ==== auth_reply(proto 2 0 (0) Success) v1 ==== 33+0+0 (unknown 4092638016 0 0) 0x7fcd24079720 con 0x7fcd24106580
2024-02-05T07:12:39.534 INFO:teuthology.orchestra.run.smithi184.stdout:/usr/bin/ceph: stderr
2024-02-05T07:12:38.548+0000 7fcd227fc700 1 -- 172.21.15.184:0/3862109344 --> v1:172.21.15.184:6789/0 -- auth(proto 2 36 bytes epoch 0) v1 -- 0x7fcd0c0035b0 con 0x7fcd24106580
2024-02-05T07:12:39.534 INFO:teuthology.orchestra.run.smithi184.stdout:/usr/bin/ceph: stderr
2024-02-05T07:12:38.548+0000 7fcd227fc700 1 -- 172.21.15.184:0/3862109344 <== mon.0 v1:172.21.15.184:6789/0 2 ==== auth_reply(proto 2 0 (0) Success) v1 ==== 214+0+0 (unknown 2922479097 0 0) 0x7fcd0c0035b0 con 0x7fcd24106580
2024-02-05T07:12:39.534 INFO:teuthology.orchestra.run.smithi184.stdout:/usr/bin/ceph: stderr
2024-02-05T07:12:38.548+0000 7fcd227fc700 1 -- 172.21.15.184:0/3862109344 --> v1:172.21.15.184:6789/0 -- mon_subscribe({config=0+,monmap=0+}) v3 -- 0x7fcd2410b0a0 con 0x7fcd24106580
2024-02-05T07:12:39.534 INFO:teuthology.orchestra.run.smithi184.stdout:/usr/bin/ceph: stderr
2024-02-05T07:12:38.548+0000 7fcd227fc700 1 -- 172.21.15.184:0/3862109344 <== mon.0 v1:172.21.15.184:6789/0 3 ==== mon_map magic: 0 v1 ==== 170+0+0 (unknown 2625926556 0 0) 0x7fcd14001580 con 0x7fcd24106580
2024-02-05T07:12:39.534 INFO:teuthology.orchestra.run.smithi184.stdout:/usr/bin/ceph: stderr
2024-02-05T07:12:38.548+0000 7fcd227fc700 1 -- 172.21.15.184:0/3862109344 <== mon.0 v1:172.21.15.184:6789/0 4 ==== config(25 keys) v1 ==== 1068+0+0 (unknown 1315394423 0 0) 0x7fcd14001d00 con 0x7fcd24106580
2024-02-05T07:12:39.534 INFO:teuthology.orchestra.run.smithi184.stdout:/usr/bin/ceph: stderr
2024-02-05T07:12:38.548+0000 7fcd227fc700 1 -- 172.21.15.184:0/3862109344 <== mon.0 v1:172.21.15.184:6789/0 5 ==== mon_map magic: 0 v1 ==== 170+0+0 (unknown 2625926556 0 0) 0x7fcd14005960 con 0x7fcd24106580
2024-02-05T07:12:39.535 INFO:teuthology.orchestra.run.smithi184.stdout:/usr/bin/ceph: stderr
2024-02-05T07:12:38.549+0000 7fcd2a146700 1 -- 172.21.15.184:0/3862109344 >> v1:172.21.15.184:6789/0 conn(0x7fcd24106580 legacy=0x7fcd24108970 unknown :-1 s=STATE_CONNECTION_ESTABLISHED l=1).mark_down
2024-02-05T07:12:39.535 INFO:teuthology.orchestra.run.smithi184.stdout:/usr/bin/ceph: stderr
2024-02-05T07:12:38.549+0000 7fcd2a146700 1 -- 172.21.15.184:0/3862109344 shutdown_connections
2024-02-05T07:12:39.535 INFO:teuthology.orchestra.run.smithi184.stdout:/usr/bin/ceph: stderr
2024-02-05T07:12:38.549+0000 7fcd2a146700 1 -- 172.21.15.184:0/3862109344 >> 172.21.15.184:0/3862109344 conn(0x7fcd240fff30 msgr2=0x7fcd241023b0 unknown :-1 s=STATE_NONE l=0).mark_down
2024-02-05T07:12:39.535 INFO:teuthology.orchestra.run.smithi184.stdout:/usr/bin/ceph: stderr
2024-02-05T07:12:38.549+0000 7fcd2a146700 1 -- 172.21.15.184:0/3862109344 shutdown_connections
2024-02-05T07:12:39.535 INFO:teuthology.orchestra.run.smithi184.stdout:/usr/bin/ceph: stderr
2024-02-05T07:12:38.549+0000 7fcd2a146700 1 -- 172.21.15.184:0/3862109344 wait complete.
2024-02-05T07:12:39.535 INFO:teuthology.orchestra.run.smithi184.stdout:/usr/bin/ceph: stderr
2024-02-05T07:12:38.549+0000 7fcd2a146700 1 Processor -- start
2024-02-05T07:12:39.535 INFO:teuthology.orchestra.run.smithi184.stdout:/usr/bin/ceph: stderr
2024-02-05T07:12:38.549+0000 7fcd2a146700 1 -- start start
2024-02-05T07:12:39.535 INFO:teuthology.orchestra.run.smithi184.stdout:/usr/bin/ceph: stderr
2024-02-05T07:12:38.550+0000 7fcd2a146700 1 -- --> v1:172.21.15.184:6789/0 -- auth(proto 0 34 bytes epoch 0) v1 -- 0x7fcd2419f610 con 0x7fcd24106580
2024-02-05T07:12:39.535 INFO:teuthology.orchestra.run.smithi184.stdout:/usr/bin/ceph: stderr
2024-02-05T07:12:38.550+0000 7fcd237fe700 1 --1- >> v1:172.21.15.184:6789/0 conn(0x7fcd24106580 0x7fcd24105e00 :-1 s=CONNECTING_WAIT_BANNER_AND_IDENTIFY pgs=0 cs=0 l=1).handle_server_banner_and_identify peer v1:172.21.15.184:6789/0 says I am v1:172.21.15.184:44440/0 (socket says 172.21.15.184:44440)
2024-02-05T07:12:39.535 INFO:teuthology.orchestra.run.smithi184.stdout:/usr/bin/ceph: stderr
2024-02-05T07:12:38.550+0000 7fcd237fe700 1 -- 172.21.15.184:0/1485922290 learned_addr learned my addr 172.21.15.184:0/1485922290 (peer_addr_for_me v1:172.21.15.184:0/0)
2024-02-05T07:12:39.535 INFO:teuthology.orchestra.run.smithi184.stdout:/usr/bin/ceph: stderr
2024-02-05T07:12:38.550+0000 7fcd20ff9700 1 -- 172.21.15.184:0/1485922290 <== mon.0 v1:172.21.15.184:6789/0 1 ==== auth_reply(proto 2 0 (0) Success) v1 ==== 33+0+0 (unknown 1960319740 0 0) 0x7fcd2419f610 con 0x7fcd24106580
2024-02-05T07:12:39.535 INFO:teuthology.orchestra.run.smithi184.stdout:/usr/bin/ceph: stderr
2024-02-05T07:12:38.550+0000 7fcd20ff9700 1 -- 172.21.15.184:0/1485922290 --> v1:172.21.15.184:6789/0 -- auth(proto 2 36 bytes epoch 0) v1 -- 0x7fcd0c0054f0 con 0x7fcd24106580
2024-02-05T07:12:39.535 INFO:teuthology.orchestra.run.smithi184.stdout:/usr/bin/ceph: stderr
2024-02-05T07:12:38.550+0000 7fcd20ff9700 1 -- 172.21.15.184:0/1485922290 <== mon.0 v1:172.21.15.184:6789/0 2 ==== auth_reply(proto 2 0 (0) Success) v1 ==== 764+0+0 (unknown 4006996040 0 0) 0x7fcd0c0054f0 con 0x7fcd24106580
2024-02-05T07:12:39.535 INFO:teuthology.orchestra.run.smithi184.stdout:/usr/bin/ceph: stderr
2024-02-05T07:12:38.550+0000 7fcd20ff9700 1 -- 172.21.15.184:0/1485922290 --> v1:172.21.15.184:6789/0 -- auth(proto 2 165 bytes epoch 0) v1 -- 0x7fcd2419f610 con 0x7fcd24106580
2024-02-05T07:12:39.535 INFO:teuthology.orchestra.run.smithi184.stdout:/usr/bin/ceph: stderr
2024-02-05T07:12:38.550+0000 7fcd20ff9700 1 -- 172.21.15.184:0/1485922290 <== mon.0 v1:172.21.15.184:6789/0 3 ==== mon_map magic: 0 v1 ==== 170+0+0 (unknown 2625926556 0 0) 0x7fcd14001080 con 0x7fcd24106580
2024-02-05T07:12:39.535 INFO:teuthology.orchestra.run.smithi184.stdout:/usr/bin/ceph: stderr
2024-02-05T07:12:38.550+0000 7fcd20ff9700 1 -- 172.21.15.184:0/1485922290 <== mon.0 v1:172.21.15.184:6789/0 4 ==== auth_reply(proto 2 0 (0) Success) v1 ==== 580+0+0 (unknown 1624044544 0 0) 0x7fcd2419f610 con 0x7fcd24106580
2024-02-05T07:12:39.536 INFO:teuthology.orchestra.run.smithi184.stdout:/usr/bin/ceph: stderr
2024-02-05T07:12:38.550+0000 7fcd20ff9700 1 -- 172.21.15.184:0/1485922290 --> v1:172.21.15.184:6789/0 -- mon_subscribe({config=0+,monmap=0+}) v3 -- 0x7fcd241a07b0 con 0x7fcd24106580
2024-02-05T07:12:39.536 INFO:teuthology.orchestra.run.smithi184.stdout:/usr/bin/ceph: stderr
2024-02-05T07:12:38.550+0000 7fcd2a146700 1 -- 172.21.15.184:0/1485922290 --> v1:172.21.15.184:6789/0 -- mon_subscribe({mgrmap=0+}) v3 -- 0x7fcd2419f800 con 0x7fcd24106580
2024-02-05T07:12:39.536 INFO:teuthology.orchestra.run.smithi184.stdout:/usr/bin/ceph: stderr
2024-02-05T07:12:38.551+0000 7fcd20ff9700 1 -- 172.21.15.184:0/1485922290 <== mon.0 v1:172.21.15.184:6789/0 5 ==== config(25 keys) v1 ==== 1068+0+0 (unknown 1315394423 0 0) 0x7fcd14004a60 con 0x7fcd24106580
2024-02-05T07:12:39.536 INFO:teuthology.orchestra.run.smithi184.stdout:/usr/bin/ceph: stderr
2024-02-05T07:12:38.551+0000 7fcd20ff9700 1 -- 172.21.15.184:0/1485922290 <== mon.0 v1:172.21.15.184:6789/0 6 ==== mon_map magic: 0 v1 ==== 170+0+0 (unknown 2625926556 0 0) 0x7fcd14006220 con 0x7fcd24106580
2024-02-05T07:12:39.536 INFO:teuthology.orchestra.run.smithi184.stdout:/usr/bin/ceph: stderr
2024-02-05T07:12:38.551+0000 7fcd2a146700 1 -- 172.21.15.184:0/1485922290 --> v1:172.21.15.184:6789/0 -- mon_subscribe({osdmap=0}) v3 -- 0x7fcd2419fd00 con 0x7fcd24106580
2024-02-05T07:12:39.536 INFO:teuthology.orchestra.run.smithi184.stdout:/usr/bin/ceph: stderr
2024-02-05T07:12:38.551+0000 7fcd20ff9700 1 -- 172.21.15.184:0/1485922290 <== mon.0 v1:172.21.15.184:6789/0 7 ==== mgrmap(e 9) v1 ==== 45910+0+0 (unknown 1967391998 0 0) 0x7fcd14011850 con 0x7fcd24106580
2024-02-05T07:12:39.536 INFO:teuthology.orchestra.run.smithi184.stdout:/usr/bin/ceph: stderr
2024-02-05T07:12:38.552+0000 7fcd20ff9700 1 -- 172.21.15.184:0/1485922290 <== mon.0 v1:172.21.15.184:6789/0 8 ==== osd_map(2..2 src has 1..2) v4 ==== 897+0+0 (unknown 3316935985 0 0) 0x7fcd14048230 con 0x7fcd24106580
2024-02-05T07:12:39.536 INFO:teuthology.orchestra.run.smithi184.stdout:/usr/bin/ceph: stderr
2024-02-05T07:12:38.552+0000 7fcd22ffd700 1 -- 172.21.15.184:0/1485922290 >> v1:172.21.15.184:6800/2693451489 conn(0x7fcd0c03a180 legacy=0x7fcd0c03c640 unknown :-1 s=STATE_CONNECTING_RE l=1).process reconnect failed to v1:172.21.15.184:6800/2693451489
2024-02-05T07:12:39.536 INFO:teuthology.orchestra.run.smithi184.stdout:/usr/bin/ceph: stderr
2024-02-05T07:12:38.552+0000 7fcd2a146700 1 -- 172.21.15.184:0/1485922290 --> v1:172.21.15.184:6789/0 -- mon_command({"prefix": "get_command_descriptions"} v 0) v1 -- 0x7fcd24063350 con 0x7fcd24106580
2024-02-05T07:12:39.536 INFO:teuthology.orchestra.run.smithi184.stdout:/usr/bin/ceph: stderr
2024-02-05T07:12:38.556+0000 7fcd20ff9700 1 -- 172.21.15.184:0/1485922290 <== mon.0 v1:172.21.15.184:6789/0 9 ==== mon_command_ack([{"prefix": "get_command_descriptions"}]=0 v0) v1 ==== 72+0+183564 (unknown 1092875540 0 1883366685) 0x7fcd14016c60 con 0x7fcd24106580
2024-02-05T07:12:39.536 INFO:teuthology.orchestra.run.smithi184.stdout:/usr/bin/ceph: stderr
2024-02-05T07:12:38.753+0000 7fcd22ffd700 1 -- 172.21.15.184:0/1485922290 >> v1:172.21.15.184:6800/2693451489 conn(0x7fcd0c03a180 legacy=0x7fcd0c03c640 unknown :-1 s=STATE_CONNECTING_RE l=1).process reconnect failed to v1:172.21.15.184:6800/2693451489
2024-02-05T07:12:39.536 INFO:teuthology.orchestra.run.smithi184.stdout:/usr/bin/ceph: stderr
2024-02-05T07:12:38.812+0000 7fcd2a146700 1 -- 172.21.15.184:0/1485922290 --> v1:172.21.15.184:6789/0 -- mon_command({"prefix": "mgr stat"} v 0) v1 -- 0x7fcd24192cd0 con 0x7fcd24106580
2024-02-05T07:12:39.536 INFO:teuthology.orchestra.run.smithi184.stdout:/usr/bin/ceph: stderr
2024-02-05T07:12:38.813+0000 7fcd20ff9700 1 -- 172.21.15.184:0/1485922290 <== mon.0 v1:172.21.15.184:6789/0 10 ==== mon_command_ack([{"prefix": "mgr stat"}]=0 v9) v1 ==== 56+0+88 (unknown 2005831594 0 1748205903) 0x7fcd14015030 con 0x7fcd24106580
2024-02-05T07:12:39.537 INFO:teuthology.orchestra.run.smithi184.stdout:/usr/bin/ceph: stderr
2024-02-05T07:12:38.815+0000 7fcd2a146700 1 -- 172.21.15.184:0/1485922290 >> v1:172.21.15.184:6800/2693451489 conn(0x7fcd0c03a180 legacy=0x7fcd0c03c640 unknown :-1 s=STATE_CONNECTING l=1).mark_down
2024-02-05T07:12:39.537 INFO:teuthology.orchestra.run.smithi184.stdout:/usr/bin/ceph: stderr
2024-02-05T07:12:38.815+0000 7fcd2a146700 1 -- 172.21.15.184:0/1485922290 >> v1:172.21.15.184:6789/0 conn(0x7fcd24106580 legacy=0x7fcd24105e00 unknown :-1 s=STATE_CONNECTION_ESTABLISHED l=1).mark_down
2024-02-05T07:12:39.537 INFO:teuthology.orchestra.run.smithi184.stdout:/usr/bin/ceph: stderr
2024-02-05T07:12:38.815+0000 7fcd2a146700 1 -- 172.21.15.184:0/1485922290 shutdown_connections
2024-02-05T07:12:39.537 INFO:teuthology.orchestra.run.smithi184.stdout:/usr/bin/ceph: stderr
2024-02-05T07:12:38.815+0000 7fcd2a146700 1 -- 172.21.15.184:0/1485922290 >> 172.21.15.184:0/1485922290 conn(0x7fcd240fff30 msgr2=0x7fcd24190340 unknown :-1 s=STATE_NONE l=0).mark_down
2024-02-05T07:12:39.537 INFO:teuthology.orchestra.run.smithi184.stdout:/usr/bin/ceph: stderr
2024-02-05T07:12:38.815+0000 7fcd2a146700 1 -- 172.21.15.184:0/1485922290 shutdown_connections
2024-02-05T07:12:39.537 INFO:teuthology.orchestra.run.smithi184.stdout:/usr/bin/ceph: stderr
2024-02-05T07:12:38.815+0000 7fcd2a146700 1 -- 172.21.15.184:0/1485922290 wait complete.
2024-02-05T07:12:39.537 INFO:teuthology.orchestra.run.smithi184.stdout:Waiting for the mgr to restart...
2024-02-05T07:12:39.537 INFO:teuthology.orchestra.run.smithi184.stdout:Waiting for mgr epoch 9...
2024-02-05T07:12:39.760 INFO:journalctl@ceph.mgr.y.smithi184.stdout:Feb 05 07:12:39 smithi184 ceph-ae38c7f2-c3f5-11ee-95b6-87774f69a715-mgr-y[30118]:
2024-02-05T07:12:39.684+0000 7f5b7f9c8200 -1 mgr[py] Module devicehealth has missing NOTIFY_TYPES member
2024-02-05T07:12:41.021 INFO:journalctl@ceph.mgr.y.smithi184.stdout:Feb 05 07:12:40 smithi184 ceph-ae38c7f2-c3f5-11ee-95b6-87774f69a715-mgr-y[30118]:
2024-02-05T07:12:40.689+0000 7f5b7f9c8200 -1 mgr[py] Module rook has missing NOTIFY_TYPES member
2024-02-05T07:12:41.022 INFO:journalctl@ceph.mgr.y.smithi184.stdout:Feb 05 07:12:40 smithi184 ceph-ae38c7f2-c3f5-11ee-95b6-87774f69a715-mgr-y[30118]:
2024-02-05T07:12:40.822+0000 7f5b7f9c8200 -1 mgr[py] Module diskprediction_local has missing NOTIFY_TYPES member
2024-02-05T07:12:41.419 INFO:journalctl@ceph.mgr.y.smithi184.stdout:Feb 05 07:12:41 smithi184 ceph-ae38c7f2-c3f5-11ee-95b6-87774f69a715-mgr-y[30118]:
2024-02-05T07:12:41.161+0000 7f5b7f9c8200 -1 mgr[py] Module selftest has missing NOTIFY_TYPES member
2024-02-05T07:12:41.419 INFO:journalctl@ceph.mgr.y.smithi184.stdout:Feb 05 07:12:41 smithi184 ceph-ae38c7f2-c3f5-11ee-95b6-87774f69a715-mgr-y[30118]:
2024-02-05T07:12:41.251+0000 7f5b7f9c8200 -1 mgr[py] Module telegraf has missing NOTIFY_TYPES member
2024-02-05T07:12:41.771 INFO:journalctl@ceph.mgr.y.smithi184.stdout:Feb 05 07:12:41 smithi184 ceph-ae38c7f2-c3f5-11ee-95b6-87774f69a715-mgr-y[30118]:
2024-02-05T07:12:41.448+0000 7f5b7f9c8200 -1 mgr[py] Module test_orchestrator has missing NOTIFY_TYPES member
2024-02-05T07:12:41.771 INFO:journalctl@ceph.mgr.y.smithi184.stdout:Feb 05 07:12:41 smithi184 ceph-ae38c7f2-c3f5-11ee-95b6-87774f69a715-mgr-y[30118]:
2024-02-05T07:12:41.638+0000 7f5b7f9c8200 -1 mgr[py] Module crash has missing NOTIFY_TYPES member
2024-02-05T07:12:42.196 INFO:journalctl@ceph.mgr.y.smithi184.stdout:Feb 05 07:12:41 smithi184 ceph-ae38c7f2-c3f5-11ee-95b6-87774f69a715-mgr-y[30118]:
2024-02-05T07:12:41.929+0000 7f5b7f9c8200 -1 mgr[py] Module orchestrator has missing NOTIFY_TYPES member
2024-02-05T07:12:42.196 INFO:journalctl@ceph.mgr.y.smithi184.stdout:Feb 05 07:12:42 smithi184 ceph-ae38c7f2-c3f5-11ee-95b6-87774f69a715-mgr-y[30118]:
2024-02-05T07:12:42.193+0000 7f5b7f9c8200 -1 mgr[py] Module osd_support has missing NOTIFY_TYPES member
2024-02-05T07:12:42.521 INFO:journalctl@ceph.mgr.y.smithi184.stdout:Feb 05 07:12:42 smithi184 ceph-ae38c7f2-c3f5-11ee-95b6-87774f69a715-mgr-y[30118]:
2024-02-05T07:12:42.432+0000 7f5b7f9c8200 -1 mgr[py] Module volumes has missing NOTIFY_TYPES member
2024-02-05T07:12:43.271 INFO:journalctl@ceph.mgr.y.smithi184.stdout:Feb 05 07:12:43 smithi184 ceph-ae38c7f2-c3f5-11ee-95b6-87774f69a715-mgr-y[30118]:
2024-02-05T07:12:43.239+0000 7f5b7f9c8200 -1 mgr[py] Module telemetry has missing NOTIFY_TYPES member
2024-02-05T07:12:44.137 INFO:journalctl@ceph.mgr.y.smithi184.stdout:Feb 05 07:12:43 smithi184 ceph-ae38c7f2-c3f5-11ee-95b6-87774f69a715-mgr-y[30118]:
2024-02-05T07:12:43.813+0000 7f5b7f9c8200 -1 mgr[py] Module prometheus has missing NOTIFY_TYPES member
2024-02-05T07:12:44.137 INFO:journalctl@ceph.mgr.y.smithi184.stdout:Feb 05 07:12:43 smithi184 ceph-ae38c7f2-c3f5-11ee-95b6-87774f69a715-mgr-y[30118]:
2024-02-05T07:12:43.913+0000 7f5b7f9c8200 -1 mgr[py] Module status has missing NOTIFY_TYPES member
2024-02-05T07:12:44.137 INFO:journalctl@ceph.mgr.y.smithi184.stdout:Feb 05 07:12:44 smithi184 ceph-ae38c7f2-c3f5-11ee-95b6-87774f69a715-mgr-y[30118]:
2024-02-05T07:12:44.134+0000 7f5b7f9c8200 -1 mgr[py] Module nfs has missing NOTIFY_TYPES member
2024-02-05T07:12:45.522 INFO:journalctl@ceph.mon.a.smithi184.stdout:Feb 05 07:12:45 smithi184 ceph-mon[29861]: Active manager daemon y restarted
2024-02-05T07:12:45.522 INFO:journalctl@ceph.mon.a.smithi184.stdout:Feb 05 07:12:45 smithi184 ceph-mon[29861]: Activating manager daemon y
2024-02-05T07:12:45.522 INFO:journalctl@ceph.mon.a.smithi184.stdout:Feb 05 07:12:45 smithi184 ceph-mon[29861]: osdmap e3: 0 total, 0 up, 0 in
2024-02-05T07:12:45.522 INFO:journalctl@ceph.mon.a.smithi184.stdout:Feb 05 07:12:45 smithi184 ceph-mon[29861]: mgrmap e10: y(active, starting, since 0.00319836s)
2024-02-05T07:12:45.522 INFO:journalctl@ceph.mon.a.smithi184.stdout:Feb 05 07:12:45 smithi184 ceph-mon[29861]: from='mgr.14150 v1:172.21.15.184:0/1849755500' entity='mgr.y' cmd=[{"prefix": "mon metadata", "id": "a"}]: dispatch
2024-02-05T07:12:45.522 INFO:journalctl@ceph.mon.a.smithi184.stdout:Feb 05 07:12:45 smithi184 ceph-mon[29861]: from='mgr.14150 v1:172.21.15.184:0/1849755500' entity='mgr.y' cmd=[{"prefix": "mgr metadata", "who": "y", "id": "y"}]: dispatch
2024-02-05T07:12:45.522 INFO:journalctl@ceph.mon.a.smithi184.stdout:Feb 05 07:12:45 smithi184 ceph-mon[29861]: from='mgr.14150 v1:172.21.15.184:0/1849755500' entity='mgr.y' cmd=[{"prefix": "mds metadata"}]: dispatch
2024-02-05T07:12:45.522 INFO:journalctl@ceph.mon.a.smithi184.stdout:Feb 05 07:12:45 smithi184 ceph-mon[29861]: from='mgr.14150 v1:172.21.15.184:0/1849755500' entity='mgr.y' cmd=[{"prefix": "osd metadata"}]: dispatch
2024-02-05T07:12:45.522 INFO:journalctl@ceph.mon.a.smithi184.stdout:Feb 05 07:12:45 smithi184 ceph-mon[29861]: from='mgr.14150 v1:172.21.15.184:0/1849755500' entity='mgr.y' cmd=[{"prefix": "mon metadata"}]: dispatch
2024-02-05T07:12:45.522 INFO:journalctl@ceph.mon.a.smithi184.stdout:Feb 05 07:12:45 smithi184 ceph-mon[29861]: Manager daemon y is now available
2024-02-05T07:12:45.522 INFO:journalctl@ceph.mon.a.smithi184.stdout:Feb 05 07:12:45 smithi184 ceph-mon[29861]: from='mgr.14150 v1:172.21.15.184:0/1849755500' entity='mgr.y' cmd=[{"prefix": "config dump", "format": "json"}]: dispatch
2024-02-05T07:12:45.523 INFO:journalctl@ceph.mon.a.smithi184.stdout:Feb 05 07:12:45 smithi184 ceph-mon[29861]: from='mgr.14150 v1:172.21.15.184:0/1849755500' entity='mgr.y' cmd=[{"prefix": "config dump", "format": "json"}]: dispatch
2024-02-05T07:12:45.523 INFO:journalctl@ceph.mon.a.smithi184.stdout:Feb 05 07:12:45 smithi184 ceph-mon[29861]: from='mgr.14150 v1:172.21.15.184:0/1849755500' entity='mgr.y' cmd=[{"prefix":"config rm","who":"mgr","name":"mgr/rbd_support/y/mirror_snapshot_schedule"}]: dispatch
2024-02-05T07:12:45.523 INFO:journalctl@ceph.mon.a.smithi184.stdout:Feb 05 07:12:45 smithi184 ceph-mon[29861]: from='mgr.14150 v1:172.21.15.184:0/1849755500' entity='mgr.y' cmd=[{"prefix":"config rm","who":"mgr","name":"mgr/rbd_support/y/trash_purge_schedule"}]: dispatch
2024-02-05T07:12:45.849 INFO:teuthology.orchestra.run.smithi184.stdout:/usr/bin/ceph: stdout {
2024-02-05T07:12:45.850 INFO:teuthology.orchestra.run.smithi184.stdout:/usr/bin/ceph: stdout "mgrmap_epoch": 11,
2024-02-05T07:12:45.850 INFO:teuthology.orchestra.run.smithi184.stdout:/usr/bin/ceph: stdout "initialized": true
2024-02-05T07:12:45.850 INFO:teuthology.orchestra.run.smithi184.stdout:/usr/bin/ceph: stdout }
2024-02-05T07:12:45.850 INFO:teuthology.orchestra.run.smithi184.stdout:/usr/bin/ceph: stderr
2024-02-05T07:12:40.008+0000 7f235e5f8700 1 Processor -- start
2024-02-05T07:12:45.851 INFO:teuthology.orchestra.run.smithi184.stdout:/usr/bin/ceph: stderr
2024-02-05T07:12:40.008+0000 7f235e5f8700 1 -- start start
2024-02-05T07:12:45.851 INFO:teuthology.orchestra.run.smithi184.stdout:/usr/bin/ceph: stderr
2024-02-05T07:12:40.008+0000 7f235e5f8700 1 -- --> v1:172.21.15.184:6789/0 -- auth(proto 0 34 bytes epoch 0) v1 -- 0x7f2358109f40 con 0x7f2358105b10
2024-02-05T07:12:45.851 INFO:teuthology.orchestra.run.smithi184.stdout:/usr/bin/ceph: stderr
2024-02-05T07:12:40.009+0000 7f2357fff700 1 --1- >> v1:172.21.15.184:6789/0 conn(0x7f2358105b10 0x7f2358105f30 :-1 s=CONNECTING_WAIT_BANNER_AND_IDENTIFY pgs=0 cs=0 l=0).handle_server_banner_and_identify peer v1:172.21.15.184:6789/0 says I am v1:172.21.15.184:44450/0 (socket says 172.21.15.184:44450)
2024-02-05T07:12:45.851 INFO:teuthology.orchestra.run.smithi184.stdout:/usr/bin/ceph: stderr
2024-02-05T07:12:40.009+0000 7f2357fff700 1 -- 172.21.15.184:0/48531361 learned_addr learned my addr 172.21.15.184:0/48531361 (peer_addr_for_me v1:172.21.15.184:0/0)
2024-02-05T07:12:45.851 INFO:teuthology.orchestra.run.smithi184.stdout:/usr/bin/ceph: stderr
2024-02-05T07:12:40.009+0000 7f2356ffd700 1 -- 172.21.15.184:0/48531361 <== mon.0 v1:172.21.15.184:6789/0 1 ==== auth_reply(proto 2 0 (0) Success) v1 ==== 33+0+0 (unknown 1484520591 0 0) 0x7f2358109f40 con 0x7f2358105b10
2024-02-05T07:12:45.851 INFO:teuthology.orchestra.run.smithi184.stdout:/usr/bin/ceph: stderr
2024-02-05T07:12:40.009+0000 7f2356ffd700 1 -- 172.21.15.184:0/48531361 --> v1:172.21.15.184:6789/0 -- auth(proto 2 36 bytes epoch 0) v1 -- 0x7f23400035b0 con 0x7f2358105b10
2024-02-05T07:12:45.851 INFO:teuthology.orchestra.run.smithi184.stdout:/usr/bin/ceph: stderr
2024-02-05T07:12:40.009+0000 7f2356ffd700 1 -- 172.21.15.184:0/48531361 <== mon.0 v1:172.21.15.184:6789/0 2 ==== auth_reply(proto 2 0 (0) Success) v1 ==== 214+0+0 (unknown 1556149831 0 0) 0x7f23400035b0 con 0x7f2358105b10
2024-02-05T07:12:45.851 INFO:teuthology.orchestra.run.smithi184.stdout:/usr/bin/ceph: stderr
2024-02-05T07:12:40.009+0000 7f2356ffd700 1 -- 172.21.15.184:0/48531361 --> v1:172.21.15.184:6789/0 -- mon_subscribe({config=0+,monmap=0+}) v3 -- 0x7f235810b0e0 con 0x7f2358105b10
2024-02-05T07:12:45.851 INFO:teuthology.orchestra.run.smithi184.stdout:/usr/bin/ceph: stderr
2024-02-05T07:12:40.009+0000 7f2356ffd700 1 -- 172.21.15.184:0/48531361 <== mon.0 v1:172.21.15.184:6789/0 3 ==== mon_map magic: 0 v1 ==== 170+0+0 (unknown 2625926556 0 0) 0x7f2348001580 con 0x7f2358105b10
2024-02-05T07:12:45.851 INFO:teuthology.orchestra.run.smithi184.stdout:/usr/bin/ceph: stderr
2024-02-05T07:12:40.009+0000 7f2356ffd700 1 -- 172.21.15.184:0/48531361 <== mon.0 v1:172.21.15.184:6789/0 4 ==== config(25 keys) v1 ==== 1068+0+0 (unknown 1315394423 0 0) 0x7f2348001d00 con 0x7f2358105b10
2024-02-05T07:12:45.851 INFO:teuthology.orchestra.run.smithi184.stdout:/usr/bin/ceph: stderr
2024-02-05T07:12:40.009+0000 7f2356ffd700 1 -- 172.21.15.184:0/48531361 <== mon.0 v1:172.21.15.184:6789/0 5 ==== mon_map magic: 0 v1 ==== 170+0+0 (unknown 2625926556 0 0) 0x7f2348005960 con 0x7f2358105b10
2024-02-05T07:12:45.851 INFO:teuthology.orchestra.run.smithi184.stdout:/usr/bin/ceph: stderr
2024-02-05T07:12:40.010+0000 7f235e5f8700 1 -- 172.21.15.184:0/48531361 >> v1:172.21.15.184:6789/0 conn(0x7f2358105b10 legacy=0x7f2358105f30 unknown :-1 s=STATE_CONNECTION_ESTABLISHED l=1).mark_down
2024-02-05T07:12:45.851 INFO:teuthology.orchestra.run.smithi184.stdout:/usr/bin/ceph: stderr
2024-02-05T07:12:40.010+0000 7f235e5f8700 1 -- 172.21.15.184:0/48531361 shutdown_connections
2024-02-05T07:12:45.852 INFO:teuthology.orchestra.run.smithi184.stdout:/usr/bin/ceph: stderr
2024-02-05T07:12:40.010+0000 7f235e5f8700 1 -- 172.21.15.184:0/48531361 >> 172.21.15.184:0/48531361 conn(0x7f23581010d0 msgr2=0x7f23581034f0 unknown :-1 s=STATE_NONE l=0).mark_down
2024-02-05T07:12:45.852 INFO:teuthology.orchestra.run.smithi184.stdout:/usr/bin/ceph: stderr
2024-02-05T07:12:40.010+0000 7f235e5f8700 1 -- 172.21.15.184:0/48531361 shutdown_connections
2024-02-05T07:12:45.852 INFO:teuthology.orchestra.run.smithi184.stdout:/usr/bin/ceph: stderr
2024-02-05T07:12:40.010+0000 7f235e5f8700 1 -- 172.21.15.184:0/48531361 wait complete.
2024-02-05T07:12:45.852 INFO:teuthology.orchestra.run.smithi184.stdout:/usr/bin/ceph: stderr
2024-02-05T07:12:40.011+0000 7f235e5f8700 1 Processor -- start
