2024-02-05T07:45:12.515 INFO:teuthology.orchestra.run.smithi131.stdout:/usr/bin/ceph: stderr
2024-02-05T07:45:10.600+0000 7f0fb6ffd700 1 --2- 172.21.15.131:0/1520621918 >> v2:172.21.15.131:6800/2947584178 conn(0x7f0fac038ef0 0x7f0fac03b3b0 unknown :-1 s=START_CONNECT pgs=0 cs=0 l=1 rev1=0 crypto rx=0 tx=0 comp rx=0 tx=0).stop
2024-02-05T07:45:12.515 INFO:teuthology.orchestra.run.smithi131.stdout:/usr/bin/ceph: stderr
2024-02-05T07:45:11.601+0000 7f0fb6ffd700 1 -- 172.21.15.131:0/1520621918 <== mon.0 v2:172.21.15.131:3300/0 7 ==== mgrmap(e 11) v1 ==== 45804+0+0 (secure 0 0 0) 0x7f0fbc04e4d0 con 0x7f0fc0105e70
2024-02-05T07:45:12.515 INFO:teuthology.orchestra.run.smithi131.stdout:/usr/bin/ceph: stderr
2024-02-05T07:45:11.601+0000 7f0fb6ffd700 1 --2- 172.21.15.131:0/1520621918 >> v2:172.21.15.131:6800/760045032 conn(0x7f0fac03c720 0x7f0fac03eb10 unknown :-1 s=NONE pgs=0 cs=0 l=1 rev1=0 crypto rx=0 tx=0 comp rx=0 tx=0).connect
2024-02-05T07:45:12.515 INFO:teuthology.orchestra.run.smithi131.stdout:/usr/bin/ceph: stderr
2024-02-05T07:45:11.601+0000 7f0fb6ffd700 1 -- 172.21.15.131:0/1520621918 --> v2:172.21.15.131:6800/760045032 -- command(tid 0: {"prefix": "get_command_descriptions"}) v1 -- 0x7f0fc0063350 con 0x7f0fac03c720
2024-02-05T07:45:12.515 INFO:teuthology.orchestra.run.smithi131.stdout:/usr/bin/ceph: stderr
2024-02-05T07:45:11.602+0000 7f0fc531f700 1 --2- 172.21.15.131:0/1520621918 >> v2:172.21.15.131:6800/760045032 conn(0x7f0fac03c720 0x7f0fac03eb10 unknown :-1 s=BANNER_CONNECTING pgs=0 cs=0 l=1 rev1=0 crypto rx=0 tx=0 comp rx=0 tx=0)._handle_peer_banner_payload supported=3 required=0
2024-02-05T07:45:12.515 INFO:teuthology.orchestra.run.smithi131.stdout:/usr/bin/ceph: stderr
2024-02-05T07:45:11.603+0000 7f0fc531f700 1 --2- 172.21.15.131:0/1520621918 >> v2:172.21.15.131:6800/760045032 conn(0x7f0fac03c720 0x7f0fac03eb10 secure :-1 s=READY pgs=4 cs=0 l=1 rev1=1 crypto rx=0x7f0fb0003a10 tx=0x7f0fb00092b0 comp rx=0 tx=0).ready entity=mgr.14152 client_cookie=0 server_cookie=0 in_seq=0 out_seq=0
2024-02-05T07:45:12.515 INFO:teuthology.orchestra.run.smithi131.stdout:/usr/bin/ceph: stderr
2024-02-05T07:45:11.603+0000 7f0fb6ffd700 1 -- 172.21.15.131:0/1520621918 <== mgr.14152 v2:172.21.15.131:6800/760045032 1 ==== command_reply(tid 0: 0 ) v1 ==== 8+0+7774 (secure 0 0 0) 0x7f0fc0063350 con 0x7f0fac03c720
2024-02-05T07:45:12.515 INFO:teuthology.orchestra.run.smithi131.stdout:/usr/bin/ceph: stderr
2024-02-05T07:45:11.616+0000 7f0fc7d84700 1 -- 172.21.15.131:0/1520621918 --> v2:172.21.15.131:6800/760045032 -- command(tid 1: {"prefix": "mgr_status"}) v1 -- 0x7f0fc0107d20 con 0x7f0fac03c720
2024-02-05T07:45:12.515 INFO:teuthology.orchestra.run.smithi131.stdout:/usr/bin/ceph: stderr
2024-02-05T07:45:11.616+0000 7f0fb6ffd700 1 -- 172.21.15.131:0/1520621918 <== mgr.14152 v2:172.21.15.131:6800/760045032 2 ==== command_reply(tid 1: 0 ) v1 ==== 8+0+52 (secure 0 0 0) 0x7f0fc0107d20 con 0x7f0fac03c720
2024-02-05T07:45:12.516 INFO:teuthology.orchestra.run.smithi131.stdout:/usr/bin/ceph: stderr
2024-02-05T07:45:11.616+0000 7f0fc7d84700 1 -- 172.21.15.131:0/1520621918 >> v2:172.21.15.131:6800/760045032 conn(0x7f0fac03c720 msgr2=0x7f0fac03eb10 secure :-1 s=STATE_CONNECTION_ESTABLISHED l=1).mark_down
2024-02-05T07:45:12.516 INFO:teuthology.orchestra.run.smithi131.stdout:/usr/bin/ceph: stderr
2024-02-05T07:45:11.616+0000 7f0fc7d84700 1 --2- 172.21.15.131:0/1520621918 >> v2:172.21.15.131:6800/760045032 conn(0x7f0fac03c720 0x7f0fac03eb10 secure :-1 s=READY pgs=4 cs=0 l=1 rev1=1 crypto rx=0x7f0fb0003a10 tx=0x7f0fb00092b0 comp rx=0 tx=0).stop
2024-02-05T07:45:12.516 INFO:teuthology.orchestra.run.smithi131.stdout:/usr/bin/ceph: stderr
2024-02-05T07:45:11.616+0000 7f0fc7d84700 1 -- 172.21.15.131:0/1520621918 >> [v2:172.21.15.131:3300/0,v1:172.21.15.131:6789/0] conn(0x7f0fc0105e70 msgr2=0x7f0fc0199b50 secure :-1 s=STATE_CONNECTION_ESTABLISHED l=1).mark_down
2024-02-05T07:45:12.516 INFO:teuthology.orchestra.run.smithi131.stdout:/usr/bin/ceph: stderr
2024-02-05T07:45:11.616+0000 7f0fc7d84700 1 --2- 172.21.15.131:0/1520621918 >> [v2:172.21.15.131:3300/0,v1:172.21.15.131:6789/0] conn(0x7f0fc0105e70 0x7f0fc0199b50 secure :-1 s=READY pgs=62 cs=0 l=1 rev1=1 crypto rx=0x7f0fbc000c00 tx=0x7f0fbc011eb0 comp rx=0 tx=0).stop
2024-02-05T07:45:12.516 INFO:teuthology.orchestra.run.smithi131.stdout:/usr/bin/ceph: stderr
2024-02-05T07:45:11.616+0000 7f0fc7d84700 1 -- 172.21.15.131:0/1520621918 shutdown_connections
2024-02-05T07:45:12.516 INFO:teuthology.orchestra.run.smithi131.stdout:/usr/bin/ceph: stderr
2024-02-05T07:45:11.616+0000 7f0fc7d84700 1 --2- 172.21.15.131:0/1520621918 >> [v2:172.21.15.131:3300/0,v1:172.21.15.131:6789/0] conn(0x7f0fc0105e70 0x7f0fc0199b50 unknown :-1 s=CLOSED pgs=62 cs=0 l=1 rev1=1 crypto rx=0 tx=0 comp rx=0 tx=0).stop
2024-02-05T07:45:12.516 INFO:teuthology.orchestra.run.smithi131.stdout:/usr/bin/ceph: stderr
2024-02-05T07:45:11.616+0000 7f0fc7d84700 1 --2- 172.21.15.131:0/1520621918 >> v2:172.21.15.131:6800/760045032 conn(0x7f0fac03c720 0x7f0fac03eb10 unknown :-1 s=CLOSED pgs=4 cs=0 l=1 rev1=1 crypto rx=0 tx=0 comp rx=0 tx=0).stop
2024-02-05T07:45:12.516 INFO:teuthology.orchestra.run.smithi131.stdout:/usr/bin/ceph: stderr
2024-02-05T07:45:11.616+0000 7f0fc7d84700 1 --2- 172.21.15.131:0/1520621918 >> v2:172.21.15.131:6800/2947584178 conn(0x7f0fac038ef0 0x7f0fac03b3b0 unknown :-1 s=CLOSED pgs=0 cs=0 l=1 rev1=0 crypto rx=0 tx=0 comp rx=0 tx=0).stop
2024-02-05T07:45:12.516 INFO:teuthology.orchestra.run.smithi131.stdout:/usr/bin/ceph: stderr
2024-02-05T07:45:11.616+0000 7f0fc7d84700 1 -- 172.21.15.131:0/1520621918 >> 172.21.15.131:0/1520621918 conn(0x7f0fc0101420 msgr2=0x7f0fc0102040 unknown :-1 s=STATE_NONE l=0).mark_down
2024-02-05T07:45:12.516 INFO:teuthology.orchestra.run.smithi131.stdout:/usr/bin/ceph: stderr
2024-02-05T07:45:11.617+0000 7f0fc7d84700 1 -- 172.21.15.131:0/1520621918 shutdown_connections
2024-02-05T07:45:12.516 INFO:teuthology.orchestra.run.smithi131.stdout:/usr/bin/ceph: stderr
2024-02-05T07:45:11.617+0000 7f0fc7d84700 1 -- 172.21.15.131:0/1520621918 wait complete.
2024-02-05T07:45:12.516 INFO:teuthology.orchestra.run.smithi131.stdout:mgr epoch 9 is available
2024-02-05T07:45:12.516 INFO:teuthology.orchestra.run.smithi131.stdout:Generating a dashboard self-signed certificate...
2024-02-05T07:45:12.767 INFO:journalctl@ceph.mon.a.smithi131.stdout:Feb 05 07:45:12 smithi131 ceph-mon[29507]: [05/Feb/2024:07:45:11] ENGINE Bus STARTING
2024-02-05T07:45:12.768 INFO:journalctl@ceph.mon.a.smithi131.stdout:Feb 05 07:45:12 smithi131 ceph-mon[29507]: [05/Feb/2024:07:45:11] ENGINE Serving on http://172.21.15.131:8765
2024-02-05T07:45:12.768 INFO:journalctl@ceph.mon.a.smithi131.stdout:Feb 05 07:45:12 smithi131 ceph-mon[29507]: [05/Feb/2024:07:45:11] ENGINE Serving on https://172.21.15.131:7150
2024-02-05T07:45:12.768 INFO:journalctl@ceph.mon.a.smithi131.stdout:Feb 05 07:45:12 smithi131 ceph-mon[29507]: [05/Feb/2024:07:45:11] ENGINE Bus STARTED
2024-02-05T07:45:12.768 INFO:journalctl@ceph.mon.a.smithi131.stdout:Feb 05 07:45:12 smithi131 ceph-mon[29507]: from='client.14156 -' entity='client.admin' cmd=[{"prefix": "get_command_descriptions"}]: dispatch
2024-02-05T07:45:12.768 INFO:journalctl@ceph.mon.a.smithi131.stdout:Feb 05 07:45:12 smithi131 ceph-mon[29507]: from='client.14156 -' entity='client.admin' cmd=[{"prefix": "mgr_status"}]: dispatch
2024-02-05T07:45:12.768 INFO:journalctl@ceph.mon.a.smithi131.stdout:Feb 05 07:45:12 smithi131 ceph-mon[29507]: from='mgr.14152 172.21.15.131:0/1647720302' entity='mgr.y'
2024-02-05T07:45:13.941 INFO:teuthology.orchestra.run.smithi131.stdout:/usr/bin/ceph: stdout Self-signed certificate created
2024-02-05T07:45:13.941 INFO:teuthology.orchestra.run.smithi131.stdout:/usr/bin/ceph: stderr
2024-02-05T07:45:12.984+0000 7f130769c700 1 Processor -- start
2024-02-05T07:45:13.941 INFO:teuthology.orchestra.run.smithi131.stdout:/usr/bin/ceph: stderr
2024-02-05T07:45:12.984+0000 7f130769c700 1 -- start start
2024-02-05T07:45:13.941 INFO:teuthology.orchestra.run.smithi131.stdout:/usr/bin/ceph: stderr
2024-02-05T07:45:12.984+0000 7f130769c700 1 --2- >> [v2:172.21.15.131:3300/0,v1:172.21.15.131:6789/0] conn(0x7f1300105e60 0x7f1300106280 unknown :-1 s=NONE pgs=0 cs=0 l=0 rev1=0 crypto rx=0 tx=0 comp rx=0 tx=0).connect
2024-02-05T07:45:13.941 INFO:teuthology.orchestra.run.smithi131.stdout:/usr/bin/ceph: stderr
2024-02-05T07:45:12.984+0000 7f130769c700 1 -- --> [v2:172.21.15.131:3300/0,v1:172.21.15.131:6789/0] -- mon_getmap magic: 0 v1 -- 0x7f13001067c0 con 0x7f1300105e60
2024-02-05T07:45:13.941 INFO:teuthology.orchestra.run.smithi131.stdout:/usr/bin/ceph: stderr
2024-02-05T07:45:12.984+0000 7f1305438700 1 --2- >> [v2:172.21.15.131:3300/0,v1:172.21.15.131:6789/0] conn(0x7f1300105e60 0x7f1300106280 unknown :-1 s=BANNER_CONNECTING pgs=0 cs=0 l=0 rev1=0 crypto rx=0 tx=0 comp rx=0 tx=0)._handle_peer_banner_payload supported=3 required=0
2024-02-05T07:45:13.941 INFO:teuthology.orchestra.run.smithi131.stdout:/usr/bin/ceph: stderr
2024-02-05T07:45:12.984+0000 7f1305438700 1 --2- >> [v2:172.21.15.131:3300/0,v1:172.21.15.131:6789/0] conn(0x7f1300105e60 0x7f1300106280 unknown :-1 s=HELLO_CONNECTING pgs=0 cs=0 l=0 rev1=1 crypto rx=0 tx=0 comp rx=0 tx=0).handle_hello peer v2:172.21.15.131:3300/0 says I am v2:172.21.15.131:54628/0 (socket says 172.21.15.131:54628)
2024-02-05T07:45:13.941 INFO:teuthology.orchestra.run.smithi131.stdout:/usr/bin/ceph: stderr
2024-02-05T07:45:12.984+0000 7f1305438700 1 -- 172.21.15.131:0/1398323151 learned_addr learned my addr 172.21.15.131:0/1398323151 (peer_addr_for_me v2:172.21.15.131:0/0)
2024-02-05T07:45:13.942 INFO:teuthology.orchestra.run.smithi131.stdout:/usr/bin/ceph: stderr
2024-02-05T07:45:12.985+0000 7f1305438700 1 -- 172.21.15.131:0/1398323151 --> [v2:172.21.15.131:3300/0,v1:172.21.15.131:6789/0] -- mon_subscribe({config=0+,monmap=0+}) v3 -- 0x7f1300106900 con 0x7f1300105e60
2024-02-05T07:45:13.942 INFO:teuthology.orchestra.run.smithi131.stdout:/usr/bin/ceph: stderr
2024-02-05T07:45:12.985+0000 7f1305438700 1 --2- 172.21.15.131:0/1398323151 >> [v2:172.21.15.131:3300/0,v1:172.21.15.131:6789/0] conn(0x7f1300105e60 0x7f1300106280 secure :-1 s=READY pgs=70 cs=0 l=1 rev1=1 crypto rx=0x7f12fc0098a0 tx=0x7f12fc009bb0 comp rx=0 tx=0).ready entity=mon.0 client_cookie=b1ec5958600ce0c7 server_cookie=0 in_seq=0 out_seq=0
2024-02-05T07:45:13.942 INFO:teuthology.orchestra.run.smithi131.stdout:/usr/bin/ceph: stderr
2024-02-05T07:45:12.985+0000 7f12f7fff700 1 -- 172.21.15.131:0/1398323151 <== mon.0 v2:172.21.15.131:3300/0 1 ==== mon_map magic: 0 v1 ==== 205+0+0 (secure 0 0 0) 0x7f12fc004160 con 0x7f1300105e60
2024-02-05T07:45:13.942 INFO:teuthology.orchestra.run.smithi131.stdout:/usr/bin/ceph: stderr
2024-02-05T07:45:12.985+0000 7f12f7fff700 1 -- 172.21.15.131:0/1398323151 <== mon.0 v2:172.21.15.131:3300/0 2 ==== config(26 keys) v1 ==== 1093+0+0 (secure 0 0 0) 0x7f12fc0042c0 con 0x7f1300105e60
2024-02-05T07:45:13.942 INFO:teuthology.orchestra.run.smithi131.stdout:/usr/bin/ceph: stderr
2024-02-05T07:45:12.985+0000 7f12f7fff700 1 -- 172.21.15.131:0/1398323151 <== mon.0 v2:172.21.15.131:3300/0 3 ==== mon_map magic: 0 v1 ==== 205+0+0 (secure 0 0 0) 0x7f12fc011960 con 0x7f1300105e60
2024-02-05T07:45:13.942 INFO:teuthology.orchestra.run.smithi131.stdout:/usr/bin/ceph: stderr
2024-02-05T07:45:12.986+0000 7f130769c700 1 -- 172.21.15.131:0/1398323151 >> [v2:172.21.15.131:3300/0,v1:172.21.15.131:6789/0] conn(0x7f1300105e60 msgr2=0x7f1300106280 secure :-1 s=STATE_CONNECTION_ESTABLISHED l=1).mark_down
2024-02-05T07:45:13.942 INFO:teuthology.orchestra.run.smithi131.stdout:/usr/bin/ceph: stderr
2024-02-05T07:45:12.986+0000 7f130769c700 1 --2- 172.21.15.131:0/1398323151 >> [v2:172.21.15.131:3300/0,v1:172.21.15.131:6789/0] conn(0x7f1300105e60 0x7f1300106280 secure :-1 s=READY pgs=70 cs=0 l=1 rev1=1 crypto rx=0x7f12fc0098a0 tx=0x7f12fc009bb0 comp rx=0 tx=0).stop
2024-02-05T07:45:13.942 INFO:teuthology.orchestra.run.smithi131.stdout:/usr/bin/ceph: stderr
2024-02-05T07:45:12.986+0000 7f130769c700 1 -- 172.21.15.131:0/1398323151 shutdown_connections
2024-02-05T07:45:13.942 INFO:teuthology.orchestra.run.smithi131.stdout:/usr/bin/ceph: stderr
2024-02-05T07:45:12.986+0000 7f130769c700 1 --2- 172.21.15.131:0/1398323151 >> [v2:172.21.15.131:3300/0,v1:172.21.15.131:6789/0] conn(0x7f1300105e60 0x7f1300106280 unknown :-1 s=CLOSED pgs=70 cs=0 l=1 rev1=1 crypto rx=0 tx=0 comp rx=0 tx=0).stop
2024-02-05T07:45:13.942 INFO:teuthology.orchestra.run.smithi131.stdout:/usr/bin/ceph: stderr
2024-02-05T07:45:12.986+0000 7f130769c700 1 -- 172.21.15.131:0/1398323151 >> 172.21.15.131:0/1398323151 conn(0x7f13001014d0 msgr2=0x7f13001038f0 unknown :-1 s=STATE_NONE l=0).mark_down
2024-02-05T07:45:13.942 INFO:teuthology.orchestra.run.smithi131.stdout:/usr/bin/ceph: stderr
2024-02-05T07:45:12.986+0000 7f130769c700 1 -- 172.21.15.131:0/1398323151 shutdown_connections
2024-02-05T07:45:13.942 INFO:teuthology.orchestra.run.smithi131.stdout:/usr/bin/ceph: stderr
2024-02-05T07:45:12.986+0000 7f130769c700 1 -- 172.21.15.131:0/1398323151 wait complete.
2024-02-05T07:45:13.942 INFO:teuthology.orchestra.run.smithi131.stdout:/usr/bin/ceph: stderr
2024-02-05T07:45:12.986+0000 7f130769c700 1 Processor -- start
2024-02-05T07:45:13.942 INFO:teuthology.orchestra.run.smithi131.stdout:/usr/bin/ceph: stderr
2024-02-05T07:45:12.986+0000 7f130769c700 1 -- start start
2024-02-05T07:45:13.943 INFO:teuthology.orchestra.run.smithi131.stdout:/usr/bin/ceph: stderr
2024-02-05T07:45:12.986+0000 7f130769c700 1 --2- >> [v2:172.21.15.131:3300/0,v1:172.21.15.131:6789/0] conn(0x7f1300105e60 0x7f1300199ba0 unknown :-1 s=NONE pgs=0 cs=0 l=1 rev1=0 crypto rx=0 tx=0 comp rx=0 tx=0).connect
2024-02-05T07:45:13.943 INFO:teuthology.orchestra.run.smithi131.stdout:/usr/bin/ceph: stderr
2024-02-05T07:45:12.986+0000 7f130769c700 1 -- --> [v2:172.21.15.131:3300/0,v1:172.21.15.131:6789/0] -- mon_getmap magic: 0 v1 -- 0x7f130019a0e0 con 0x7f1300105e60
2024-02-05T07:45:13.943 INFO:teuthology.orchestra.run.smithi131.stdout:/usr/bin/ceph: stderr
2024-02-05T07:45:12.987+0000 7f1305438700 1 --2- >> [v2:172.21.15.131:3300/0,v1:172.21.15.131:6789/0] conn(0x7f1300105e60 0x7f1300199ba0 unknown :-1 s=BANNER_CONNECTING pgs=0 cs=0 l=1 rev1=0 crypto rx=0 tx=0 comp rx=0 tx=0)._handle_peer_banner_payload supported=3 required=0
2024-02-05T07:45:13.943 INFO:teuthology.orchestra.run.smithi131.stdout:/usr/bin/ceph: stderr
2024-02-05T07:45:12.987+0000 7f1305438700 1 --2- >> [v2:172.21.15.131:3300/0,v1:172.21.15.131:6789/0] conn(0x7f1300105e60 0x7f1300199ba0 unknown :-1 s=HELLO_CONNECTING pgs=0 cs=0 l=1 rev1=1 crypto rx=0 tx=0 comp rx=0 tx=0).handle_hello peer v2:172.21.15.131:3300/0 says I am v2:172.21.15.131:54636/0 (socket says 172.21.15.131:54636)
2024-02-05T07:45:13.943 INFO:teuthology.orchestra.run.smithi131.stdout:/usr/bin/ceph: stderr
2024-02-05T07:45:12.987+0000 7f1305438700 1 -- 172.21.15.131:0/2622635697 learned_addr learned my addr 172.21.15.131:0/2622635697 (peer_addr_for_me v2:172.21.15.131:0/0)
2024-02-05T07:45:13.943 INFO:teuthology.orchestra.run.smithi131.stdout:/usr/bin/ceph: stderr
2024-02-05T07:45:12.987+0000 7f1305438700 1 -- 172.21.15.131:0/2622635697 --> [v2:172.21.15.131:3300/0,v1:172.21.15.131:6789/0] -- mon_subscribe({config=0+,monmap=0+}) v3 -- 0x7f12fc009550 con 0x7f1300105e60
2024-02-05T07:45:13.943 INFO:teuthology.orchestra.run.smithi131.stdout:/usr/bin/ceph: stderr
2024-02-05T07:45:12.987+0000 7f1305438700 1 --2- 172.21.15.131:0/2622635697 >> [v2:172.21.15.131:3300/0,v1:172.21.15.131:6789/0] conn(0x7f1300105e60 0x7f1300199ba0 secure :-1 s=READY pgs=71 cs=0 l=1 rev1=1 crypto rx=0x7f12fc006af0 tx=0x7f12fc011eb0 comp rx=0 tx=0).ready entity=mon.0 client_cookie=0 server_cookie=0 in_seq=0 out_seq=0
2024-02-05T07:45:13.943 INFO:teuthology.orchestra.run.smithi131.stdout:/usr/bin/ceph: stderr
2024-02-05T07:45:12.987+0000 7f12f67fc700 1 -- 172.21.15.131:0/2622635697 <== mon.0 v2:172.21.15.131:3300/0 1 ==== mon_map magic: 0 v1 ==== 205+0+0 (secure 0 0 0) 0x7f12fc0036a0 con 0x7f1300105e60
2024-02-05T07:45:13.943 INFO:teuthology.orchestra.run.smithi131.stdout:/usr/bin/ceph: stderr
2024-02-05T07:45:12.987+0000 7f12f67fc700 1 -- 172.21.15.131:0/2622635697 <== mon.0 v2:172.21.15.131:3300/0 2 ==== config(26 keys) v1 ==== 1093+0+0 (secure 0 0 0) 0x7f12fc01a430 con 0x7f1300105e60
2024-02-05T07:45:13.943 INFO:teuthology.orchestra.run.smithi131.stdout:/usr/bin/ceph: stderr
2024-02-05T07:45:12.987+0000 7f130769c700 1 -- 172.21.15.131:0/2622635697 --> [v2:172.21.15.131:3300/0,v1:172.21.15.131:6789/0] -- mon_subscribe({mgrmap=0+}) v3 -- 0x7f130019a2e0 con 0x7f1300105e60
2024-02-05T07:45:13.943 INFO:teuthology.orchestra.run.smithi131.stdout:/usr/bin/ceph: stderr
2024-02-05T07:45:12.987+0000 7f130769c700 1 -- 172.21.15.131:0/2622635697 --> [v2:172.21.15.131:3300/0,v1:172.21.15.131:6789/0] -- mon_subscribe({osdmap=0}) v3 -- 0x7f130019a780 con 0x7f1300105e60
2024-02-05T07:45:13.943 INFO:teuthology.orchestra.run.smithi131.stdout:/usr/bin/ceph: stderr
2024-02-05T07:45:12.987+0000 7f12f67fc700 1 -- 172.21.15.131:0/2622635697 <== mon.0 v2:172.21.15.131:3300/0 3 ==== mon_map magic: 0 v1 ==== 205+0+0 (secure 0 0 0) 0x7f12fc0193c0 con 0x7f1300105e60
2024-02-05T07:45:13.943 INFO:teuthology.orchestra.run.smithi131.stdout:/usr/bin/ceph: stderr
2024-02-05T07:45:12.988+0000 7f12f67fc700 1 -- 172.21.15.131:0/2622635697 <== mon.0 v2:172.21.15.131:3300/0 4 ==== mgrmap(e 11) v1 ==== 45804+0+0 (secure 0 0 0) 0x7f12fc019640 con 0x7f1300105e60
2024-02-05T07:45:13.943 INFO:teuthology.orchestra.run.smithi131.stdout:/usr/bin/ceph: stderr
2024-02-05T07:45:12.988+0000 7f130769c700 1 -- 172.21.15.131:0/2622635697 --> [v2:172.21.15.131:3300/0,v1:172.21.15.131:6789/0] -- mon_command({"prefix": "get_command_descriptions"} v 0) v1 -- 0x7f12e4005150 con 0x7f1300105e60
2024-02-05T07:45:13.943 INFO:teuthology.orchestra.run.smithi131.stdout:/usr/bin/ceph: stderr
2024-02-05T07:45:12.988+0000 7f12f67fc700 1 --2- 172.21.15.131:0/2622635697 >> v2:172.21.15.131:6800/760045032 conn(0x7f12ec038dd0 0x7f12ec03b290 unknown :-1 s=NONE pgs=0 cs=0 l=1 rev1=0 crypto rx=0 tx=0 comp rx=0 tx=0).connect
2024-02-05T07:45:13.944 INFO:teuthology.orchestra.run.smithi131.stdout:/usr/bin/ceph: stderr
2024-02-05T07:45:12.988+0000 7f12f67fc700 1 -- 172.21.15.131:0/2622635697 <== mon.0 v2:172.21.15.131:3300/0 5 ==== osd_map(3..3 src has 1..3) v4 ==== 1069+0+0 (secure 0 0 0) 0x7f12fc04cd50 con 0x7f1300105e60
2024-02-05T07:45:13.944 INFO:teuthology.orchestra.run.smithi131.stdout:/usr/bin/ceph: stderr
2024-02-05T07:45:12.989+0000 7f1304c37700 1 --2- 172.21.15.131:0/2622635697 >> v2:172.21.15.131:6800/760045032 conn(0x7f12ec038dd0 0x7f12ec03b290 unknown :-1 s=BANNER_CONNECTING pgs=0 cs=0 l=1 rev1=0 crypto rx=0 tx=0 comp rx=0 tx=0)._handle_peer_banner_payload supported=3 required=0
2024-02-05T07:45:13.944 INFO:teuthology.orchestra.run.smithi131.stdout:/usr/bin/ceph: stderr
2024-02-05T07:45:12.989+0000 7f1304c37700 1 --2- 172.21.15.131:0/2622635697 >> v2:172.21.15.131:6800/760045032 conn(0x7f12ec038dd0 0x7f12ec03b290 secure :-1 s=READY pgs=7 cs=0 l=1 rev1=1 crypto rx=0x7f12f0006fd0 tx=0x7f12f0006e40 comp rx=0 tx=0).ready entity=mgr.14152 client_cookie=0 server_cookie=0 in_seq=0 out_seq=0
2024-02-05T07:45:13.944 INFO:teuthology.orchestra.run.smithi131.stdout:/usr/bin/ceph: stderr
2024-02-05T07:45:12.993+0000 7f12f67fc700 1 -- 172.21.15.131:0/2622635697 <== mon.0 v2:172.21.15.131:3300/0 6 ==== mon_command_ack([{"prefix": "get_command_descriptions"}]=0 v0) v1 ==== 72+0+183564 (secure 0 0 0) 0x7f12fc019e60 con 0x7f1300105e60
2024-02-05T07:45:13.944 INFO:teuthology.orchestra.run.smithi131.stdout:/usr/bin/ceph: stderr
2024-02-05T07:45:13.167+0000 7f12f67fc700 1 -- 172.21.15.131:0/2622635697 <== mon.0 v2:172.21.15.131:3300/0 7 ==== mgrmap(e 12) v1 ==== 45910+0+0 (secure 0 0 0) 0x7f12fc052020 con 0x7f1300105e60
2024-02-05T07:45:13.944 INFO:teuthology.orchestra.run.smithi131.stdout:/usr/bin/ceph: stderr
2024-02-05T07:45:13.195+0000 7f130769c700 1 -- 172.21.15.131:0/2622635697 --> v2:172.21.15.131:6800/760045032 -- mgr_command(tid 0: {"prefix": "dashboard create-self-signed-cert", "target": ["mon-mgr", ""]}) v1 -- 0x7f12e4000bf0 con 0x7f12ec038dd0
2024-02-05T07:45:13.944 INFO:teuthology.orchestra.run.smithi131.stdout:/usr/bin/ceph: stderr
2024-02-05T07:45:13.343+0000 7f12f67fc700 1 -- 172.21.15.131:0/2622635697 <== mgr.14152 v2:172.21.15.131:6800/760045032 1 ==== mgr_command_reply(tid 0: 0 ) v1 ==== 8+0+32 (secure 0 0 0) 0x7f12e4000bf0 con 0x7f12ec038dd0
2024-02-05T07:45:13.944 INFO:teuthology.orchestra.run.smithi131.stdout:/usr/bin/ceph: stderr
2024-02-05T07:45:13.346+0000 7f130769c700 1 -- 172.21.15.131:0/2622635697 >> v2:172.21.15.131:6800/760045032 conn(0x7f12ec038dd0 msgr2=0x7f12ec03b290 secure :-1 s=STATE_CONNECTION_ESTABLISHED l=1).mark_down
2024-02-05T07:45:13.944 INFO:teuthology.orchestra.run.smithi131.stdout:/usr/bin/ceph: stderr
2024-02-05T07:45:13.346+0000 7f130769c700 1 --2- 172.21.15.131:0/2622635697 >> v2:172.21.15.131:6800/760045032 conn(0x7f12ec038dd0 0x7f12ec03b290 secure :-1 s=READY pgs=7 cs=0 l=1 rev1=1 crypto rx=0x7f12f0006fd0 tx=0x7f12f0006e40 comp rx=0 tx=0).stop
2024-02-05T07:45:13.944 INFO:teuthology.orchestra.run.smithi131.stdout:/usr/bin/ceph: stderr
2024-02-05T07:45:13.346+0000 7f130769c700 1 -- 172.21.15.131:0/2622635697 >> [v2:172.21.15.131:3300/0,v1:172.21.15.131:6789/0] conn(0x7f1300105e60 msgr2=0x7f1300199ba0 secure :-1 s=STATE_CONNECTION_ESTABLISHED l=1).mark_down
2024-02-05T07:45:13.944 INFO:teuthology.orchestra.run.smithi131.stdout:/usr/bin/ceph: stderr
2024-02-05T07:45:13.346+0000 7f130769c700 1 --2- 172.21.15.131:0/2622635697 >> [v2:172.21.15.131:3300/0,v1:172.21.15.131:6789/0] conn(0x7f1300105e60 0x7f1300199ba0 secure :-1 s=READY pgs=71 cs=0 l=1 rev1=1 crypto rx=0x7f12fc006af0 tx=0x7f12fc011eb0 comp rx=0 tx=0).stop
2024-02-05T07:45:13.944 INFO:teuthology.orchestra.run.smithi131.stdout:/usr/bin/ceph: stderr
2024-02-05T07:45:13.346+0000 7f130769c700 1 -- 172.21.15.131:0/2622635697 shutdown_connections
2024-02-05T07:45:13.944 INFO:teuthology.orchestra.run.smithi131.stdout:/usr/bin/ceph: stderr
2024-02-05T07:45:13.346+0000 7f130769c700 1 --2- 172.21.15.131:0/2622635697 >> v2:172.21.15.131:6800/760045032 conn(0x7f12ec038dd0 0x7f12ec03b290 unknown :-1 s=CLOSED pgs=7 cs=0 l=1 rev1=1 crypto rx=0 tx=0 comp rx=0 tx=0).stop
2024-02-05T07:45:13.944 INFO:teuthology.orchestra.run.smithi131.stdout:/usr/bin/ceph: stderr
2024-02-05T07:45:13.346+0000 7f130769c700 1 --2- 172.21.15.131:0/2622635697 >> [v2:172.21.15.131:3300/0,v1:172.21.15.131:6789/0] conn(0x7f1300105e60 0x7f1300199ba0 unknown :-1 s=CLOSED pgs=71 cs=0 l=1 rev1=1 crypto rx=0 tx=0 comp rx=0 tx=0).stop
2024-02-05T07:45:13.944 INFO:teuthology.orchestra.run.smithi131.stdout:/usr/bin/ceph: stderr
2024-02-05T07:45:13.346+0000 7f130769c700 1 -- 172.21.15.131:0/2622635697 >> 172.21.15.131:0/2622635697 conn(0x7f13001014d0 msgr2=0x7f13001020d0 unknown :-1 s=STATE_NONE l=0).mark_down
2024-02-05T07:45:13.945 INFO:teuthology.orchestra.run.smithi131.stdout:/usr/bin/ceph: stderr
2024-02-05T07:45:13.346+0000 7f130769c700 1 -- 172.21.15.131:0/2622635697 shutdown_connections
2024-02-05T07:45:13.945 INFO:teuthology.orchestra.run.smithi131.stdout:/usr/bin/ceph: stderr
2024-02-05T07:45:13.346+0000 7f130769c700 1 -- 172.21.15.131:0/2622635697 wait complete.
2024-02-05T07:45:13.945 INFO:teuthology.orchestra.run.smithi131.stdout:Creating initial admin user...
2024-02-05T07:45:14.187 INFO:journalctl@ceph.mon.a.smithi131.stdout:Feb 05 07:45:14 smithi131 ceph-mon[29507]: mgrmap e12: y(active, since 2s)
2024-02-05T07:45:14.187 INFO:journalctl@ceph.mon.a.smithi131.stdout:Feb 05 07:45:14 smithi131 ceph-mon[29507]: from='client.14164 -' entity='client.admin' cmd=[{"prefix": "dashboard create-self-signed-cert", "target": ["mon-mgr", ""]}]: dispatch
2024-02-05T07:45:14.187 INFO:journalctl@ceph.mon.a.smithi131.stdout:Feb 05 07:45:14 smithi131 ceph-mon[29507]: from='mgr.14152 172.21.15.131:0/1647720302' entity='mgr.y'
2024-02-05T07:45:14.187 INFO:journalctl@ceph.mon.a.smithi131.stdout:Feb 05 07:45:14 smithi131 ceph-mon[29507]: from='mgr.14152 172.21.15.131:0/1647720302' entity='mgr.y'
2024-02-05T07:45:14.187 INFO:journalctl@ceph.mon.a.smithi131.stdout:Feb 05 07:45:14 smithi131 ceph-mon[29507]: from='mgr.14152 172.21.15.131:0/1647720302' entity='mgr.y'
2024-02-05T07:45:15.368 INFO:journalctl@ceph.mon.a.smithi131.stdout:Feb 05 07:45:15 smithi131 ceph-mon[29507]: from='client.14166 -' entity='client.admin' cmd=[{"prefix": "dashboard ac-user-create", "username": "admin", "rolename": "administrator", "force_password": true, "pwd_update_required": true, "target": ["mon-mgr", ""]}]: dispatch
2024-02-05T07:45:15.368 INFO:journalctl@ceph.mon.a.smithi131.stdout:Feb 05 07:45:15 smithi131 ceph-mon[29507]: from='mgr.14152 172.21.15.131:0/1647720302' entity='mgr.y'
2024-02-05T07:45:15.653 INFO:teuthology.orchestra.run.smithi131.stdout:/usr/bin/ceph: stdout {"username": "admin", "password": "$2b$12$jeHNpUJ0bJVuGe6iX/ay9uppYZPZlg3Qw3rj8bZ3tuu7zTlXZ18Ou", "roles": ["administrator"], "name": null, "email": null, "lastUpdate": 1707119114, "enabled": true, "pwdExpirationDate": null, "pwdUpdateRequired": true}
2024-02-05T07:45:15.653 INFO:teuthology.orchestra.run.smithi131.stdout:/usr/bin/ceph: stderr
2024-02-05T07:45:14.418+0000 7f0c4eec9700 1 Processor -- start
2024-02-05T07:45:15.653 INFO:teuthology.orchestra.run.smithi131.stdout:/usr/bin/ceph: stderr
2024-02-05T07:45:14.418+0000 7f0c4eec9700 1 -- start start
2024-02-05T07:45:15.653 INFO:teuthology.orchestra.run.smithi131.stdout:/usr/bin/ceph: stderr
2024-02-05T07:45:14.418+0000 7f0c4eec9700 1 --2- >> [v2:172.21.15.131:3300/0,v1:172.21.15.131:6789/0] conn(0x7f0c48106930 0x7f0c48108d20 unknown :-1 s=NONE pgs=0 cs=0 l=0 rev1=0 crypto rx=0 tx=0 comp rx=0 tx=0).connect
2024-02-05T07:45:15.653 INFO:teuthology.orchestra.run.smithi131.stdout:/usr/bin/ceph: stderr
2024-02-05T07:45:14.418+0000 7f0c4eec9700 1 -- --> [v2:172.21.15.131:3300/0,v1:172.21.15.131:6789/0] -- mon_getmap magic: 0 v1 -- 0x7f0c48078df0 con 0x7f0c48106930
2024-02-05T07:45:15.654 INFO:teuthology.orchestra.run.smithi131.stdout:/usr/bin/ceph: stderr
2024-02-05T07:45:14.418+0000 7f0c4cc65700 1 --2- >> [v2:172.21.15.131:3300/0,v1:172.21.15.131:6789/0] conn(0x7f0c48106930 0x7f0c48108d20 unknown :-1 s=BANNER_CONNECTING pgs=0 cs=0 l=0 rev1=0 crypto rx=0 tx=0 comp rx=0 tx=0)._handle_peer_banner_payload supported=3 required=0
2024-02-05T07:45:15.654 INFO:teuthology.orchestra.run.smithi131.stdout:/usr/bin/ceph: stderr
2024-02-05T07:45:14.418+0000 7f0c4cc65700 1 --2- >> [v2:172.21.15.131:3300/0,v1:172.21.15.131:6789/0] conn(0x7f0c48106930 0x7f0c48108d20 unknown :-1 s=HELLO_CONNECTING pgs=0 cs=0 l=0 rev1=1 crypto rx=0 tx=0 comp rx=0 tx=0).handle_hello peer v2:172.21.15.131:3300/0 says I am v2:172.21.15.131:54640/0 (socket says 172.21.15.131:54640)
2024-02-05T07:45:15.654 INFO:teuthology.orchestra.run.smithi131.stdout:/usr/bin/ceph: stderr
2024-02-05T07:45:14.418+0000 7f0c4cc65700 1 -- 172.21.15.131:0/278747810 learned_addr learned my addr 172.21.15.131:0/278747810 (peer_addr_for_me v2:172.21.15.131:0/0)
2024-02-05T07:45:15.654 INFO:teuthology.orchestra.run.smithi131.stdout:/usr/bin/ceph: stderr
2024-02-05T07:45:14.419+0000 7f0c4cc65700 1 -- 172.21.15.131:0/278747810 --> [v2:172.21.15.131:3300/0,v1:172.21.15.131:6789/0] -- mon_subscribe({config=0+,monmap=0+}) v3 -- 0x7f0c48078f30 con 0x7f0c48106930
2024-02-05T07:45:15.654 INFO:teuthology.orchestra.run.smithi131.stdout:/usr/bin/ceph: stderr
2024-02-05T07:45:14.419+0000 7f0c4cc65700 1 --2- 172.21.15.131:0/278747810 >> [v2:172.21.15.131:3300/0,v1:172.21.15.131:6789/0] conn(0x7f0c48106930 0x7f0c48108d20 secure :-1 s=READY pgs=72 cs=0 l=1 rev1=1 crypto rx=0x7f0c40009e80 tx=0x7f0c4000b330 comp rx=0 tx=0).ready entity=mon.0 client_cookie=91d0d6d2844e3176 server_cookie=0 in_seq=0 out_seq=0
2024-02-05T07:45:15.654 INFO:teuthology.orchestra.run.smithi131.stdout:/usr/bin/ceph: stderr
2024-02-05T07:45:14.419+0000 7f0c477fe700 1 -- 172.21.15.131:0/278747810 <== mon.0 v2:172.21.15.131:3300/0 1 ==== mon_map magic: 0 v1 ==== 205+0+0 (secure 0 0 0) 0x7f0c4000e070 con 0x7f0c48106930
2024-02-05T07:45:15.654 INFO:teuthology.orchestra.run.smithi131.stdout:/usr/bin/ceph: stderr
2024-02-05T07:45:14.419+0000 7f0c477fe700 1 -- 172.21.15.131:0/278747810 <== mon.0 v2:172.21.15.131:3300/0 2 ==== config(26 keys) v1 ==== 1093+0+0 (secure 0 0 0) 0x7f0c4000b8c0 con 0x7f0c48106930
2024-02-05T07:45:15.654 INFO:teuthology.orchestra.run.smithi131.stdout:/usr/bin/ceph: stderr
2024-02-05T07:45:14.419+0000 7f0c477fe700 1 -- 172.21.15.131:0/278747810 <== mon.0 v2:172.21.15.131:3300/0 3 ==== mon_map magic: 0 v1 ==== 205+0+0 (secure 0 0 0) 0x7f0c400043d0 con 0x7f0c48106930
2024-02-05T07:45:15.654 INFO:teuthology.orchestra.run.smithi131.stdout:/usr/bin/ceph: stderr
2024-02-05T07:45:14.420+0000 7f0c4eec9700 1 -- 172.21.15.131:0/278747810 >> [v2:172.21.15.131:3300/0,v1:172.21.15.131:6789/0] conn(0x7f0c48106930 msgr2=0x7f0c48108d20 secure :-1 s=STATE_CONNECTION_ESTABLISHED l=1).mark_down
2024-02-05T07:45:15.654 INFO:teuthology.orchestra.run.smithi131.stdout:/usr/bin/ceph: stderr
2024-02-05T07:45:14.420+0000 7f0c4eec9700 1 --2- 172.21.15.131:0/278747810 >> [v2:172.21.15.131:3300/0,v1:172.21.15.131:6789/0] conn(0x7f0c48106930 0x7f0c48108d20 secure :-1 s=READY pgs=72 cs=0 l=1 rev1=1 crypto rx=0x7f0c40009e80 tx=0x7f0c4000b330 comp rx=0 tx=0).stop
2024-02-05T07:45:15.654 INFO:teuthology.orchestra.run.smithi131.stdout:/usr/bin/ceph: stderr
2024-02-05T07:45:14.420+0000 7f0c4eec9700 1 -- 172.21.15.131:0/278747810 shutdown_connections
2024-02-05T07:45:15.654 INFO:teuthology.orchestra.run.smithi131.stdout:/usr/bin/ceph: stderr
2024-02-05T07:45:14.420+0000 7f0c4eec9700 1 --2- 172.21.15.131:0/278747810 >> [v2:172.21.15.131:3300/0,v1:172.21.15.131:6789/0] conn(0x7f0c48106930 0x7f0c48108d20 unknown :-1 s=CLOSED pgs=72 cs=0 l=1 rev1=1 crypto rx=0 tx=0 comp rx=0 tx=0).stop
2024-02-05T07:45:15.654 INFO:teuthology.orchestra.run.smithi131.stdout:/usr/bin/ceph: stderr
2024-02-05T07:45:14.420+0000 7f0c4eec9700 1 -- 172.21.15.131:0/278747810 >> 172.21.15.131:0/278747810 conn(0x7f0c481002c0 msgr2=0x7f0c481026e0 unknown :-1 s=STATE_NONE l=0).mark_down
2024-02-05T07:45:15.654 INFO:teuthology.orchestra.run.smithi131.stdout:/usr/bin/ceph: stderr
2024-02-05T07:45:14.420+0000 7f0c4eec9700 1 -- 172.21.15.131:0/278747810 shutdown_connections
2024-02-05T07:45:15.654 INFO:teuthology.orchestra.run.smithi131.stdout:/usr/bin/ceph: stderr
2024-02-05T07:45:14.420+0000 7f0c4eec9700 1 -- 172.21.15.131:0/278747810 wait complete.
2024-02-05T07:45:15.655 INFO:teuthology.orchestra.run.smithi131.stdout:/usr/bin/ceph: stderr
2024-02-05T07:45:14.420+0000 7f0c4eec9700 1 Processor -- start
2024-02-05T07:45:15.655 INFO:teuthology.orchestra.run.smithi131.stdout:/usr/bin/ceph: stderr
2024-02-05T07:45:14.421+0000 7f0c4eec9700 1 -- start start
2024-02-05T07:45:15.655 INFO:teuthology.orchestra.run.smithi131.stdout:/usr/bin/ceph: stderr
2024-02-05T07:45:14.421+0000 7f0c4eec9700 1 --2- >> [v2:172.21.15.131:3300/0,v1:172.21.15.131:6789/0] conn(0x7f0c48106930 0x7f0c48199a10 unknown :-1 s=NONE pgs=0 cs=0 l=1 rev1=0 crypto rx=0 tx=0 comp rx=0 tx=0).connect
2024-02-05T07:45:15.655 INFO:teuthology.orchestra.run.smithi131.stdout:/usr/bin/ceph: stderr
2024-02-05T07:45:14.421+0000 7f0c4eec9700 1 -- --> [v2:172.21.15.131:3300/0,v1:172.21.15.131:6789/0] -- mon_getmap magic: 0 v1 -- 0x7f0c48199f50 con 0x7f0c48106930
2024-02-05T07:45:15.655 INFO:teuthology.orchestra.run.smithi131.stdout:/usr/bin/ceph: stderr
2024-02-05T07:45:14.421+0000 7f0c4cc65700 1 --2- >> [v2:172.21.15.131:3300/0,v1:172.21.15.131:6789/0] conn(0x7f0c48106930 0x7f0c48199a10 unknown :-1 s=BANNER_CONNECTING pgs=0 cs=0 l=1 rev1=0 crypto rx=0 tx=0 comp rx=0 tx=0)._handle_peer_banner_payload supported=3 required=0
2024-02-05T07:45:15.655 INFO:teuthology.orchestra.run.smithi131.stdout:/usr/bin/ceph: stderr
2024-02-05T07:45:14.421+0000 7f0c4cc65700 1 --2- >> [v2:172.21.15.131:3300/0,v1:172.21.15.131:6789/0] conn(0x7f0c48106930 0x7f0c48199a10 unknown :-1 s=HELLO_CONNECTING pgs=0 cs=0 l=1 rev1=1 crypto rx=0 tx=0 comp rx=0 tx=0).handle_hello peer v2:172.21.15.131:3300/0 says I am v2:172.21.15.131:54644/0 (socket says 172.21.15.131:54644)
2024-02-05T07:45:15.655 INFO:teuthology.orchestra.run.smithi131.stdout:/usr/bin/ceph: stderr
2024-02-05T07:45:14.421+0000 7f0c4cc65700 1 -- 172.21.15.131:0/17573495 learned_addr learned my addr 172.21.15.131:0/17573495 (peer_addr_for_me v2:172.21.15.131:0/0)
2024-02-05T07:45:15.655 INFO:teuthology.orchestra.run.smithi131.stdout:/usr/bin/ceph: stderr
2024-02-05T07:45:14.421+0000 7f0c4cc65700 1 -- 172.21.15.131:0/17573495 --> [v2:172.21.15.131:3300/0,v1:172.21.15.131:6789/0] -- mon_subscribe({config=0+,monmap=0+}) v3 -- 0x7f0c40009b30 con 0x7f0c48106930
2024-02-05T07:45:15.655 INFO:teuthology.orchestra.run.smithi131.stdout:/usr/bin/ceph: stderr
2024-02-05T07:45:14.421+0000 7f0c4cc65700 1 --2- 172.21.15.131:0/17573495 >> [v2:172.21.15.131:3300/0,v1:172.21.15.131:6789/0] conn(0x7f0c48106930 0x7f0c48199a10 secure :-1 s=READY pgs=73 cs=0 l=1 rev1=1 crypto rx=0x7f0c400072a0 tx=0x7f0c40003d00 comp rx=0 tx=0).ready entity=mon.0 client_cookie=0 server_cookie=0 in_seq=0 out_seq=0
2024-02-05T07:45:15.655 INFO:teuthology.orchestra.run.smithi131.stdout:/usr/bin/ceph: stderr
2024-02-05T07:45:14.421+0000 7f0c45ffb700 1 -- 172.21.15.131:0/17573495 <== mon.0 v2:172.21.15.131:3300/0 1 ==== mon_map magic: 0 v1 ==== 205+0+0 (secure 0 0 0) 0x7f0c4000e040 con 0x7f0c48106930
2024-02-05T07:45:15.655 INFO:teuthology.orchestra.run.smithi131.stdout:/usr/bin/ceph: stderr
2024-02-05T07:45:14.421+0000 7f0c45ffb700 1 -- 172.21.15.131:0/17573495 <== mon.0 v2:172.21.15.131:3300/0 2 ==== config(26 keys) v1 ==== 1093+0+0 (secure 0 0 0) 0x7f0c4000ba30 con 0x7f0c48106930
2024-02-05T07:45:15.655 INFO:teuthology.orchestra.run.smithi131.stdout:/usr/bin/ceph: stderr
2024-02-05T07:45:14.421+0000 7f0c4eec9700 1 -- 172.21.15.131:0/17573495 --> [v2:172.21.15.131:3300/0,v1:172.21.15.131:6789/0] -- mon_subscribe({mgrmap=0+}) v3 -- 0x7f0c4819a150 con 0x7f0c48106930
2024-02-05T07:45:15.655 INFO:teuthology.orchestra.run.smithi131.stdout:/usr/bin/ceph: stderr
2024-02-05T07:45:14.422+0000 7f0c45ffb700 1 -- 172.21.15.131:0/17573495 <== mon.0 v2:172.21.15.131:3300/0 3 ==== mon_map magic: 0 v1 ==== 205+0+0 (secure 0 0 0) 0x7f0c400125a0 con 0x7f0c48106930
2024-02-05T07:45:15.655 INFO:teuthology.orchestra.run.smithi131.stdout:/usr/bin/ceph: stderr
2024-02-05T07:45:14.422+0000 7f0c4eec9700 1 -- 172.21.15.131:0/17573495 --> [v2:172.21.15.131:3300/0,v1:172.21.15.131:6789/0] -- mon_subscribe({osdmap=0}) v3 -- 0x7f0c4819a650 con 0x7f0c48106930
2024-02-05T07:45:15.656 INFO:teuthology.orchestra.run.smithi131.stdout:/usr/bin/ceph: stderr
2024-02-05T07:45:14.422+0000 7f0c45ffb700 1 -- 172.21.15.131:0/17573495 <== mon.0 v2:172.21.15.131:3300/0 4 ==== mgrmap(e 12) v1 ==== 45910+0+0 (secure 0 0 0) 0x7f0c40012820 con 0x7f0c48106930
2024-02-05T07:45:15.656 INFO:teuthology.orchestra.run.smithi131.stdout:/usr/bin/ceph: stderr
2024-02-05T07:45:14.423+0000 7f0c45ffb700 1 --2- 172.21.15.131:0/17573495 >> v2:172.21.15.131:6800/760045032 conn(0x7f0c30038ea0 0x7f0c3003b360 unknown :-1 s=NONE pgs=0 cs=0 l=1 rev1=0 crypto rx=0 tx=0 comp rx=0 tx=0).connect
2024-02-05T07:45:15.656 INFO:teuthology.orchestra.run.smithi131.stdout:/usr/bin/ceph: stderr
2024-02-05T07:45:14.423+0000 7f0c45ffb700 1 -- 172.21.15.131:0/17573495 <== mon.0 v2:172.21.15.131:3300/0 5 ==== osd_map(3..3 src has 1..3) v4 ==== 1069+0+0 (secure 0 0 0) 0x7f0c4004d190 con 0x7f0c48106930
2024-02-05T07:45:15.656 INFO:teuthology.orchestra.run.smithi131.stdout:/usr/bin/ceph: stderr
2024-02-05T07:45:14.423+0000 7f0c4eec9700 1 -- 172.21.15.131:0/17573495 --> [v2:172.21.15.131:3300/0,v1:172.21.15.131:6789/0] -- mon_command({"prefix": "get_command_descriptions"} v 0) v1 -- 0x7f0c48109fd0 con 0x7f0c48106930
2024-02-05T07:45:15.656 INFO:teuthology.orchestra.run.smithi131.stdout:/usr/bin/ceph: stderr
2024-02-05T07:45:14.423+0000 7f0c47fff700 1 --2- 172.21.15.131:0/17573495 >> v2:172.21.15.131:6800/760045032 conn(0x7f0c30038ea0 0x7f0c3003b360 unknown :-1 s=BANNER_CONNECTING pgs=0 cs=0 l=1 rev1=0 crypto rx=0 tx=0 comp rx=0 tx=0)._handle_peer_banner_payload supported=3 required=0
2024-02-05T07:45:15.656 INFO:teuthology.orchestra.run.smithi131.stdout:/usr/bin/ceph: stderr
2024-02-05T07:45:14.423+0000 7f0c47fff700 1 --2- 172.21.15.131:0/17573495 >> v2:172.21.15.131:6800/760045032 conn(0x7f0c30038ea0 0x7f0c3003b360 secure :-1 s=READY pgs=8 cs=0 l=1 rev1=1 crypto rx=0x7f0c3c006fd0 tx=0x7f0c3c006e40 comp rx=0 tx=0).ready entity=mgr.14152 client_cookie=0 server_cookie=0 in_seq=0 out_seq=0
2024-02-05T07:45:15.656 INFO:teuthology.orchestra.run.smithi131.stdout:/usr/bin/ceph: stderr
2024-02-05T07:45:14.428+0000 7f0c45ffb700 1 -- 172.21.15.131:0/17573495 <== mon.0 v2:172.21.15.131:3300/0 6 ==== mon_command_ack([{"prefix": "get_command_descriptions"}]=0 v0) v1 ==== 72+0+183564 (secure 0 0 0) 0x7f0c40020080 con 0x7f0c48106930
2024-02-05T07:45:15.656 INFO:teuthology.orchestra.run.smithi131.stdout:/usr/bin/ceph: stderr
2024-02-05T07:45:14.646+0000 7f0c4eec9700 1 -- 172.21.15.131:0/17573495 --> v2:172.21.15.131:6800/760045032 -- mgr_command(tid 0: {"prefix": "dashboard ac-user-create", "username": "admin", "rolename": "administrator", "force_password": true, "pwd_update_required": true, "target": ["mon-mgr", ""]}) v1 -- 0x7f0c4810a2e0 con 0x7f0c30038ea0
2024-02-05T07:45:15.656 INFO:teuthology.orchestra.run.smithi131.stdout:/usr/bin/ceph: stderr
2024-02-05T07:45:14.871+0000 7f0c45ffb700 1 -- 172.21.15.131:0/17573495 <== mgr.14152 v2:172.21.15.131:6800/760045032 1 ==== mgr_command_reply(tid 0: 0 ) v1 ==== 8+0+252 (secure 0 0 0) 0x7f0c4810a2e0 con 0x7f0c30038ea0
2024-02-05T07:45:15.656 INFO:teuthology.orchestra.run.smithi131.stdout:/usr/bin/ceph: stderr
2024-02-05T07:45:14.873+0000 7f0c4eec9700 1 -- 172.21.15.131:0/17573495 >> v2:172.21.15.131:6800/760045032 conn(0x7f0c30038ea0 msgr2=0x7f0c3003b360 secure :-1 s=STATE_CONNECTION_ESTABLISHED l=1).mark_down
2024-02-05T07:45:15.656 INFO:teuthology.orchestra.run.smithi131.stdout:/usr/bin/ceph: stderr
2024-02-05T07:45:14.873+0000 7f0c4eec9700 1 --2- 172.21.15.131:0/17573495 >> v2:172.21.15.131:6800/760045032 conn(0x7f0c30038ea0 0x7f0c3003b360 secure :-1 s=READY pgs=8 cs=0 l=1 rev1=1 crypto rx=0x7f0c3c006fd0 tx=0x7f0c3c006e40 comp rx=0 tx=0).stop
2024-02-05T07:45:15.656 INFO:teuthology.orchestra.run.smithi131.stdout:/usr/bin/ceph: stderr
2024-02-05T07:45:14.873+0000 7f0c4eec9700 1 -- 172.21.15.131:0/17573495 >> [v2:172.21.15.131:3300/0,v1:172.21.15.131:6789/0] conn(0x7f0c48106930 msgr2=0x7f0c48199a10 secure :-1 s=STATE_CONNECTION_ESTABLISHED l=1).mark_down
2024-02-05T07:45:15.656 INFO:teuthology.orchestra.run.smithi131.stdout:/usr/bin/ceph: stderr
2024-02-05T07:45:14.873+0000 7f0c4eec9700 1 --2- 172.21.15.131:0/17573495 >> [v2:172.21.15.131:3300/0,v1:172.21.15.131:6789/0] conn(0x7f0c48106930 0x7f0c48199a10 secure :-1 s=READY pgs=73 cs=0 l=1 rev1=1 crypto rx=0x7f0c400072a0 tx=0x7f0c40003d00 comp rx=0 tx=0).stop
2024-02-05T07:45:15.656 INFO:teuthology.orchestra.run.smithi131.stdout:/usr/bin/ceph: stderr
2024-02-05T07:45:14.873+0000 7f0c4eec9700 1 -- 172.21.15.131:0/17573495 shutdown_connections
2024-02-05T07:45:15.656 INFO:teuthology.orchestra.run.smithi131.stdout:/usr/bin/ceph: stderr
2024-02-05T07:45:14.873+0000 7f0c4eec9700 1 --2- 172.21.15.131:0/17573495 >> v2:172.21.15.131:6800/760045032 conn(0x7f0c30038ea0 0x7f0c3003b360 unknown :-1 s=CLOSED pgs=8 cs=0 l=1 rev1=1 crypto rx=0 tx=0 comp rx=0 tx=0).stop
2024-02-05T07:45:15.657 INFO:teuthology.orchestra.run.smithi131.stdout:/usr/bin/ceph: stderr
2024-02-05T07:45:14.873+0000 7f0c4eec9700 1 --2- 172.21.15.131:0/17573495 >> [v2:172.21.15.131:3300/0,v1:172.21.15.131:6789/0] conn(0x7f0c48106930 0x7f0c48199a10 unknown :-1 s=CLOSED pgs=73 cs=0 l=1 rev1=1 crypto rx=0 tx=0 comp rx=0 tx=0).stop
2024-02-05T07:45:15.657 INFO:teuthology.orchestra.run.smithi131.stdout:/usr/bin/ceph: stderr
2024-02-05T07:45:14.873+0000 7f0c4eec9700 1 -- 172.21.15.131:0/17573495 >> 172.21.15.131:0/17573495 conn(0x7f0c481002c0 msgr2=0x7f0c48100e30 unknown :-1 s=STATE_NONE l=0).mark_down
2024-02-05T07:45:15.657 INFO:teuthology.orchestra.run.smithi131.stdout:/usr/bin/ceph: stderr
2024-02-05T07:45:14.873+0000 7f0c4eec9700 1 -- 172.21.15.131:0/17573495 shutdown_connections
2024-02-05T07:45:15.657 INFO:teuthology.orchestra.run.smithi131.stdout:/usr/bin/ceph: stderr
2024-02-05T07:45:14.873+0000 7f0c4eec9700 1 -- 172.21.15.131:0/17573495 wait complete.
2024-02-05T07:45:15.657 INFO:teuthology.orchestra.run.smithi131.stdout:Fetching dashboard port number...
2024-02-05T07:45:17.463 INFO:teuthology.orchestra.run.smithi131.stdout:/usr/bin/ceph: stdout 8443
2024-02-05T07:45:17.464 INFO:teuthology.orchestra.run.smithi131.stdout:/usr/bin/ceph: stderr
2024-02-05T07:45:16.621+0000 7f1a852b9700 1 Processor -- start
2024-02-05T07:45:17.464 INFO:teuthology.orchestra.run.smithi131.stdout:/usr/bin/ceph: stderr
2024-02-05T07:45:16.621+0000 7f1a852b9700 1 -- start start
2024-02-05T07:45:17.464 INFO:teuthology.orchestra.run.smithi131.stdout:/usr/bin/ceph: stderr
2024-02-05T07:45:16.621+0000 7f1a852b9700 1 --2- >> [v2:172.21.15.131:3300/0,v1:172.21.15.131:6789/0] conn(0x7f1a80105e70 0x7f1a80106290 unknown :-1 s=NONE pgs=0 cs=0 l=0 rev1=0 crypto rx=0 tx=0 comp rx=0 tx=0).connect
2024-02-05T07:45:17.464 INFO:teuthology.orchestra.run.smithi131.stdout:/usr/bin/ceph: stderr
2024-02-05T07:45:16.621+0000 7f1a852b9700 1 -- --> [v2:172.21.15.131:3300/0,v1:172.21.15.131:6789/0] -- mon_getmap magic: 0 v1 -- 0x7f1a801067d0 con 0x7f1a80105e70
2024-02-05T07:45:17.464 INFO:teuthology.orchestra.run.smithi131.stdout:/usr/bin/ceph: stderr
2024-02-05T07:45:16.622+0000 7f1a7effd700 1 --2- >> [v2:172.21.15.131:3300/0,v1:172.21.15.131:6789/0] conn(0x7f1a80105e70 0x7f1a80106290 unknown :-1 s=BANNER_CONNECTING pgs=0 cs=0 l=0 rev1=0 crypto rx=0 tx=0 comp rx=0 tx=0)._handle_peer_banner_payload supported=3 required=0
2024-02-05T07:45:17.464 INFO:teuthology.orchestra.run.smithi131.stdout:/usr/bin/ceph: stderr
2024-02-05T07:45:16.622+0000 7f1a7effd700 1 --2- >> [v2:172.21.15.131:3300/0,v1:172.21.15.131:6789/0] conn(0x7f1a80105e70 0x7f1a80106290 unknown :-1 s=HELLO_CONNECTING pgs=0 cs=0 l=0 rev1=1 crypto rx=0 tx=0 comp rx=0 tx=0).handle_hello peer v2:172.21.15.131:3300/0 says I am v2:172.21.15.131:54648/0 (socket says 172.21.15.131:54648)
2024-02-05T07:45:17.464 INFO:teuthology.orchestra.run.smithi131.stdout:/usr/bin/ceph: stderr
2024-02-05T07:45:16.622+0000 7f1a7effd700 1 -- 172.21.15.131:0/1292393757 learned_addr learned my addr 172.21.15.131:0/1292393757 (peer_addr_for_me v2:172.21.15.131:0/0)
2024-02-05T07:45:17.464 INFO:teuthology.orchestra.run.smithi131.stdout:/usr/bin/ceph: stderr
2024-02-05T07:45:16.622+0000 7f1a7effd700 1 -- 172.21.15.131:0/1292393757 --> [v2:172.21.15.131:3300/0,v1:172.21.15.131:6789/0] -- mon_subscribe({config=0+,monmap=0+}) v3 -- 0x7f1a80106910 con 0x7f1a80105e70
2024-02-05T07:45:17.464 INFO:teuthology.orchestra.run.smithi131.stdout:/usr/bin/ceph: stderr
2024-02-05T07:45:16.622+0000 7f1a7effd700 1 --2- 172.21.15.131:0/1292393757 >> [v2:172.21.15.131:3300/0,v1:172.21.15.131:6789/0] conn(0x7f1a80105e70 0x7f1a80106290 secure :-1 s=READY pgs=74 cs=0 l=1 rev1=1 crypto rx=0x7f1a700098a0 tx=0x7f1a70009bb0 comp rx=0 tx=0).ready entity=mon.0 client_cookie=4a490fa0dc1f3a56 server_cookie=0 in_seq=0 out_seq=0
2024-02-05T07:45:17.464 INFO:teuthology.orchestra.run.smithi131.stdout:/usr/bin/ceph: stderr
2024-02-05T07:45:16.622+0000 7f1a7e7fc700 1 -- 172.21.15.131:0/1292393757 <== mon.0 v2:172.21.15.131:3300/0 1 ==== mon_map magic: 0 v1 ==== 205+0+0 (secure 0 0 0) 0x7f1a70004160 con 0x7f1a80105e70
2024-02-05T07:45:17.464 INFO:teuthology.orchestra.run.smithi131.stdout:/usr/bin/ceph: stderr
2024-02-05T07:45:16.622+0000 7f1a7e7fc700 1 -- 172.21.15.131:0/1292393757 <== mon.0 v2:172.21.15.131:3300/0 2 ==== config(26 keys) v1 ==== 1093+0+0 (secure 0 0 0) 0x7f1a700042c0 con 0x7f1a80105e70
2024-02-05T07:45:17.464 INFO:teuthology.orchestra.run.smithi131.stdout:/usr/bin/ceph: stderr
2024-02-05T07:45:16.622+0000 7f1a7e7fc700 1 -- 172.21.15.131:0/1292393757 <== mon.0 v2:172.21.15.131:3300/0 3 ==== mon_map magic: 0 v1 ==== 205+0+0 (secure 0 0 0) 0x7f1a70011960 con 0x7f1a80105e70
2024-02-05T07:45:17.464 INFO:teuthology.orchestra.run.smithi131.stdout:/usr/bin/ceph: stderr
2024-02-05T07:45:16.623+0000 7f1a852b9700 1 -- 172.21.15.131:0/1292393757 >> [v2:172.21.15.131:3300/0,v1:172.21.15.131:6789/0] conn(0x7f1a80105e70 msgr2=0x7f1a80106290 secure :-1 s=STATE_CONNECTION_ESTABLISHED l=1).mark_down
2024-02-05T07:45:17.464 INFO:teuthology.orchestra.run.smithi131.stdout:/usr/bin/ceph: stderr
2024-02-05T07:45:16.623+0000 7f1a852b9700 1 --2- 172.21.15.131:0/1292393757 >> [v2:172.21.15.131:3300/0,v1:172.21.15.131:6789/0] conn(0x7f1a80105e70 0x7f1a80106290 secure :-1 s=READY pgs=74 cs=0 l=1 rev1=1 crypto rx=0x7f1a700098a0 tx=0x7f1a70009bb0 comp rx=0 tx=0).stop
2024-02-05T07:45:17.464 INFO:teuthology.orchestra.run.smithi131.stdout:/usr/bin/ceph: stderr
2024-02-05T07:45:16.623+0000 7f1a852b9700 1 -- 172.21.15.131:0/1292393757 shutdown_connections
2024-02-05T07:45:17.465 INFO:teuthology.orchestra.run.smithi131.stdout:/usr/bin/ceph: stderr
2024-02-05T07:45:16.623+0000 7f1a852b9700 1 --2- 172.21.15.131:0/1292393757 >> [v2:172.21.15.131:3300/0,v1:172.21.15.131:6789/0] conn(0x7f1a80105e70 0x7f1a80106290 unknown :-1 s=CLOSED pgs=74 cs=0 l=1 rev1=1 crypto rx=0 tx=0 comp rx=0 tx=0).stop
2024-02-05T07:45:17.465 INFO:teuthology.orchestra.run.smithi131.stdout:/usr/bin/ceph: stderr
2024-02-05T07:45:16.623+0000 7f1a852b9700 1 -- 172.21.15.131:0/1292393757 >> 172.21.15.131:0/1292393757 conn(0x7f1a80101420 msgr2=0x7f1a801038a0 unknown :-1 s=STATE_NONE l=0).mark_down
2024-02-05T07:45:17.465 INFO:teuthology.orchestra.run.smithi131.stdout:/usr/bin/ceph: stderr
2024-02-05T07:45:16.623+0000 7f1a852b9700 1 -- 172.21.15.131:0/1292393757 shutdown_connections
2024-02-05T07:45:17.465 INFO:teuthology.orchestra.run.smithi131.stdout:/usr/bin/ceph: stderr
2024-02-05T07:45:16.623+0000 7f1a852b9700 1 -- 172.21.15.131:0/1292393757 wait complete.
2024-02-05T07:45:17.465 INFO:teuthology.orchestra.run.smithi131.stdout:/usr/bin/ceph: stderr
2024-02-05T07:45:16.624+0000 7f1a852b9700 1 Processor -- start
2024-02-05T07:45:17.465 INFO:teuthology.orchestra.run.smithi131.stdout:/usr/bin/ceph: stderr
2024-02-05T07:45:16.624+0000 7f1a852b9700 1 -- start start
2024-02-05T07:45:17.465 INFO:teuthology.orchestra.run.smithi131.stdout:/usr/bin/ceph: stderr
2024-02-05T07:45:16.624+0000 7f1a852b9700 1 --2- >> [v2:172.21.15.131:3300/0,v1:172.21.15.131:6789/0] conn(0x7f1a80105e70 0x7f1a80199b50 unknown :-1 s=NONE pgs=0 cs=0 l=1 rev1=0 crypto rx=0 tx=0 comp rx=0 tx=0).connect
2024-02-05T07:45:17.465 INFO:teuthology.orchestra.run.smithi131.stdout:/usr/bin/ceph: stderr
2024-02-05T07:45:16.624+0000 7f1a852b9700 1 -- --> [v2:172.21.15.131:3300/0,v1:172.21.15.131:6789/0] -- mon_getmap magic: 0 v1 -- 0x7f1a8019a090 con 0x7f1a80105e70
2024-02-05T07:45:17.465 INFO:teuthology.orchestra.run.smithi131.stdout:/usr/bin/ceph: stderr
2024-02-05T07:45:16.624+0000 7f1a7effd700 1 --2- >> [v2:172.21.15.131:3300/0,v1:172.21.15.131:6789/0] conn(0x7f1a80105e70 0x7f1a80199b50 unknown :-1 s=BANNER_CONNECTING pgs=0 cs=0 l=1 rev1=0 crypto rx=0 tx=0 comp rx=0 tx=0)._handle_peer_banner_payload supported=3 required=0
2024-02-05T07:45:17.465 INFO:teuthology.orchestra.run.smithi131.stdout:/usr/bin/ceph: stderr
2024-02-05T07:45:16.624+0000 7f1a7effd700 1 --2- >> [v2:172.21.15.131:3300/0,v1:172.21.15.131:6789/0] conn(0x7f1a80105e70 0x7f1a80199b50 unknown :-1 s=HELLO_CONNECTING pgs=0 cs=0 l=1 rev1=1 crypto rx=0 tx=0 comp rx=0 tx=0).handle_hello peer v2:172.21.15.131:3300/0 says I am v2:172.21.15.131:54652/0 (socket says 172.21.15.131:54652)
2024-02-05T07:45:17.465 INFO:teuthology.orchestra.run.smithi131.stdout:/usr/bin/ceph: stderr
2024-02-05T07:45:16.624+0000 7f1a7effd700 1 -- 172.21.15.131:0/1823591435 learned_addr learned my addr 172.21.15.131:0/1823591435 (peer_addr_for_me v2:172.21.15.131:0/0)
2024-02-05T07:45:17.465 INFO:teuthology.orchestra.run.smithi131.stdout:/usr/bin/ceph: stderr
2024-02-05T07:45:16.624+0000 7f1a7effd700 1 -- 172.21.15.131:0/1823591435 --> [v2:172.21.15.131:3300/0,v1:172.21.15.131:6789/0] -- mon_subscribe({config=0+,monmap=0+}) v3 -- 0x7f1a70009550 con 0x7f1a80105e70
2024-02-05T07:45:17.466 INFO:teuthology.orchestra.run.smithi131.stdout:/usr/bin/ceph: stderr
2024-02-05T07:45:16.624+0000 7f1a7effd700 1 --2- 172.21.15.131:0/1823591435 >> [v2:172.21.15.131:3300/0,v1:172.21.15.131:6789/0] conn(0x7f1a80105e70 0x7f1a80199b50 secure :-1 s=READY pgs=75 cs=0 l=1 rev1=1 crypto rx=0x7f1a70009fb0 tx=0x7f1a700119e0 comp rx=0 tx=0).ready entity=mon.0 client_cookie=0 server_cookie=0 in_seq=0 out_seq=0
2024-02-05T07:45:17.466 INFO:teuthology.orchestra.run.smithi131.stdout:/usr/bin/ceph: stderr
2024-02-05T07:45:16.624+0000 7f1a7cff9700 1 -- 172.21.15.131:0/1823591435 <== mon.0 v2:172.21.15.131:3300/0 1 ==== mon_map magic: 0 v1 ==== 205+0+0 (secure 0 0 0) 0x7f1a70003970 con 0x7f1a80105e70
2024-02-05T07:45:17.466 INFO:teuthology.orchestra.run.smithi131.stdout:/usr/bin/ceph: stderr
2024-02-05T07:45:16.624+0000 7f1a7cff9700 1 -- 172.21.15.131:0/1823591435 <== mon.0 v2:172.21.15.131:3300/0 2 ==== config(26 keys) v1 ==== 1093+0+0 (secure 0 0 0) 0x7f1a70003ad0 con 0x7f1a80105e70
2024-02-05T07:45:17.466 INFO:teuthology.orchestra.run.smithi131.stdout:/usr/bin/ceph: stderr
2024-02-05T07:45:16.624+0000 7f1a852b9700 1 -- 172.21.15.131:0/1823591435 --> [v2:172.21.15.131:3300/0,v1:172.21.15.131:6789/0] -- mon_subscribe({mgrmap=0+}) v3 -- 0x7f1a8019a290 con 0x7f1a80105e70
2024-02-05T07:45:17.466 INFO:teuthology.orchestra.run.smithi131.stdout:/usr/bin/ceph: stderr
2024-02-05T07:45:16.624+0000 7f1a7cff9700 1 -- 172.21.15.131:0/1823591435 <== mon.0 v2:172.21.15.131:3300/0 3 ==== mon_map magic: 0 v1 ==== 205+0+0 (secure 0 0 0) 0x7f1a70019630 con 0x7f1a80105e70
