2024-02-05T07:44:58.202+0000 7f12cf7fb700 1 --2- >> [v2:172.21.15.131:3300/0,v1:172.21.15.131:6789/0] conn(0x7f12c8105e60 0x7f12c8199ba0 unknown :-1 s=NONE pgs=0 cs=0 l=1 rev1=0 crypto rx=0 tx=0 comp rx=0 tx=0).connect
2024-02-05T07:44:59.110 INFO:teuthology.orchestra.run.smithi131.stdout:/usr/bin/ceph: stderr
2024-02-05T07:44:58.202+0000 7f12cf7fb700 1 -- --> [v2:172.21.15.131:3300/0,v1:172.21.15.131:6789/0] -- mon_getmap magic: 0 v1 -- 0x7f12c819a0e0 con 0x7f12c8105e60
2024-02-05T07:44:59.110 INFO:teuthology.orchestra.run.smithi131.stdout:/usr/bin/ceph: stderr
2024-02-05T07:44:58.202+0000 7f12cd597700 1 --2- >> [v2:172.21.15.131:3300/0,v1:172.21.15.131:6789/0] conn(0x7f12c8105e60 0x7f12c8199ba0 unknown :-1 s=BANNER_CONNECTING pgs=0 cs=0 l=1 rev1=0 crypto rx=0 tx=0 comp rx=0 tx=0)._handle_peer_banner_payload supported=3 required=0
2024-02-05T07:44:59.111 INFO:teuthology.orchestra.run.smithi131.stdout:/usr/bin/ceph: stderr
2024-02-05T07:44:58.202+0000 7f12cd597700 1 --2- >> [v2:172.21.15.131:3300/0,v1:172.21.15.131:6789/0] conn(0x7f12c8105e60 0x7f12c8199ba0 unknown :-1 s=HELLO_CONNECTING pgs=0 cs=0 l=1 rev1=1 crypto rx=0 tx=0 comp rx=0 tx=0).handle_hello peer v2:172.21.15.131:3300/0 says I am v2:172.21.15.131:54926/0 (socket says 172.21.15.131:54926)
2024-02-05T07:44:59.111 INFO:teuthology.orchestra.run.smithi131.stdout:/usr/bin/ceph: stderr
2024-02-05T07:44:58.202+0000 7f12cd597700 1 -- 172.21.15.131:0/4048038563 learned_addr learned my addr 172.21.15.131:0/4048038563 (peer_addr_for_me v2:172.21.15.131:0/0)
2024-02-05T07:44:59.111 INFO:teuthology.orchestra.run.smithi131.stdout:/usr/bin/ceph: stderr
2024-02-05T07:44:58.203+0000 7f12cd597700 1 -- 172.21.15.131:0/4048038563 --> [v2:172.21.15.131:3300/0,v1:172.21.15.131:6789/0] -- mon_subscribe({config=0+,monmap=0+}) v3 -- 0x7f12c4009550 con 0x7f12c8105e60
2024-02-05T07:44:59.111 INFO:teuthology.orchestra.run.smithi131.stdout:/usr/bin/ceph: stderr
2024-02-05T07:44:58.203+0000 7f12cd597700 1 --2- 172.21.15.131:0/4048038563 >> [v2:172.21.15.131:3300/0,v1:172.21.15.131:6789/0] conn(0x7f12c8105e60 0x7f12c8199ba0 secure :-1 s=READY pgs=50 cs=0 l=1 rev1=1 crypto rx=0x7f12c4003f60 tx=0x7f12c40119e0 comp rx=0 tx=0).ready entity=mon.0 client_cookie=0 server_cookie=0 in_seq=0 out_seq=0
2024-02-05T07:44:59.111 INFO:teuthology.orchestra.run.smithi131.stdout:/usr/bin/ceph: stderr
2024-02-05T07:44:58.203+0000 7f12be7fc700 1 -- 172.21.15.131:0/4048038563 <== mon.0 v2:172.21.15.131:3300/0 1 ==== mon_map magic: 0 v1 ==== 205+0+0 (secure 0 0 0) 0x7f12c4003970 con 0x7f12c8105e60
2024-02-05T07:44:59.111 INFO:teuthology.orchestra.run.smithi131.stdout:/usr/bin/ceph: stderr
2024-02-05T07:44:58.203+0000 7f12be7fc700 1 -- 172.21.15.131:0/4048038563 <== mon.0 v2:172.21.15.131:3300/0 2 ==== config(26 keys) v1 ==== 1093+0+0 (secure 0 0 0) 0x7f12c4003ad0 con 0x7f12c8105e60
2024-02-05T07:44:59.111 INFO:teuthology.orchestra.run.smithi131.stdout:/usr/bin/ceph: stderr
2024-02-05T07:44:58.203+0000 7f12cf7fb700 1 -- 172.21.15.131:0/4048038563 --> [v2:172.21.15.131:3300/0,v1:172.21.15.131:6789/0] -- mon_subscribe({mgrmap=0+}) v3 -- 0x7f12c819a2e0 con 0x7f12c8105e60
2024-02-05T07:44:59.111 INFO:teuthology.orchestra.run.smithi131.stdout:/usr/bin/ceph: stderr
2024-02-05T07:44:58.203+0000 7f12be7fc700 1 -- 172.21.15.131:0/4048038563 <== mon.0 v2:172.21.15.131:3300/0 3 ==== mon_map magic: 0 v1 ==== 205+0+0 (secure 0 0 0) 0x7f12c4019720 con 0x7f12c8105e60
2024-02-05T07:44:59.111 INFO:teuthology.orchestra.run.smithi131.stdout:/usr/bin/ceph: stderr
2024-02-05T07:44:58.203+0000 7f12cf7fb700 1 -- 172.21.15.131:0/4048038563 --> [v2:172.21.15.131:3300/0,v1:172.21.15.131:6789/0] -- mon_subscribe({osdmap=0}) v3 -- 0x7f12c819a780 con 0x7f12c8105e60
2024-02-05T07:44:59.111 INFO:teuthology.orchestra.run.smithi131.stdout:/usr/bin/ceph: stderr
2024-02-05T07:44:58.204+0000 7f12cf7fb700 1 -- 172.21.15.131:0/4048038563 --> [v2:172.21.15.131:3300/0,v1:172.21.15.131:6789/0] -- mon_command({"prefix": "get_command_descriptions"} v 0) v1 -- 0x7f12c8063350 con 0x7f12c8105e60
2024-02-05T07:44:59.111 INFO:teuthology.orchestra.run.smithi131.stdout:/usr/bin/ceph: stderr
2024-02-05T07:44:58.204+0000 7f12be7fc700 1 -- 172.21.15.131:0/4048038563 <== mon.0 v2:172.21.15.131:3300/0 4 ==== mgrmap(e 8) v1 ==== 45897+0+0 (secure 0 0 0) 0x7f12c401a430 con 0x7f12c8105e60
2024-02-05T07:44:59.111 INFO:teuthology.orchestra.run.smithi131.stdout:/usr/bin/ceph: stderr
2024-02-05T07:44:58.204+0000 7f12be7fc700 1 --2- 172.21.15.131:0/4048038563 >> v2:172.21.15.131:6800/2947584178 conn(0x7f12b4038ea0 0x7f12b403b360 unknown :-1 s=NONE pgs=0 cs=0 l=1 rev1=0 crypto rx=0 tx=0 comp rx=0 tx=0).connect
2024-02-05T07:44:59.111 INFO:teuthology.orchestra.run.smithi131.stdout:/usr/bin/ceph: stderr
2024-02-05T07:44:58.205+0000 7f12be7fc700 1 -- 172.21.15.131:0/4048038563 <== mon.0 v2:172.21.15.131:3300/0 5 ==== osd_map(2..2 src has 1..2) v4 ==== 897+0+0 (secure 0 0 0) 0x7f12c404ce30 con 0x7f12c8105e60
2024-02-05T07:44:59.111 INFO:teuthology.orchestra.run.smithi131.stdout:/usr/bin/ceph: stderr
2024-02-05T07:44:58.205+0000 7f12ccd96700 1 --2- 172.21.15.131:0/4048038563 >> v2:172.21.15.131:6800/2947584178 conn(0x7f12b4038ea0 0x7f12b403b360 unknown :-1 s=BANNER_CONNECTING pgs=0 cs=0 l=1 rev1=0 crypto rx=0 tx=0 comp rx=0 tx=0)._handle_peer_banner_payload supported=3 required=0
2024-02-05T07:44:59.111 INFO:teuthology.orchestra.run.smithi131.stdout:/usr/bin/ceph: stderr
2024-02-05T07:44:58.205+0000 7f12ccd96700 1 --2- 172.21.15.131:0/4048038563 >> v2:172.21.15.131:6800/2947584178 conn(0x7f12b4038ea0 0x7f12b403b360 secure :-1 s=READY pgs=13 cs=0 l=1 rev1=1 crypto rx=0x7f12b8006fd0 tx=0x7f12b8006e40 comp rx=0 tx=0).ready entity=mgr.14120 client_cookie=0 server_cookie=0 in_seq=0 out_seq=0
2024-02-05T07:44:59.112 INFO:teuthology.orchestra.run.smithi131.stdout:/usr/bin/ceph: stderr
2024-02-05T07:44:58.209+0000 7f12be7fc700 1 -- 172.21.15.131:0/4048038563 <== mon.0 v2:172.21.15.131:3300/0 6 ==== mon_command_ack([{"prefix": "get_command_descriptions"}]=0 v0) v1 ==== 72+0+183564 (secure 0 0 0) 0x7f12c4051070 con 0x7f12c8105e60
2024-02-05T07:44:59.112 INFO:teuthology.orchestra.run.smithi131.stdout:/usr/bin/ceph: stderr
2024-02-05T07:44:58.436+0000 7f12cf7fb700 1 -- 172.21.15.131:0/4048038563 --> v2:172.21.15.131:6800/2947584178 -- mgr_command(tid 0: {"prefix": "orch apply", "service_type": "mgr", "unmanaged": true, "target": ["mon-mgr", ""]}) v1 -- 0x7f12c81027e0 con 0x7f12b4038ea0
2024-02-05T07:44:59.112 INFO:teuthology.orchestra.run.smithi131.stdout:/usr/bin/ceph: stderr
2024-02-05T07:44:58.443+0000 7f12be7fc700 1 -- 172.21.15.131:0/4048038563 <== mgr.14120 v2:172.21.15.131:6800/2947584178 1 ==== mgr_command_reply(tid 0: 0 ) v1 ==== 8+0+24 (secure 0 0 0) 0x7f12c81027e0 con 0x7f12b4038ea0
2024-02-05T07:44:59.112 INFO:teuthology.orchestra.run.smithi131.stdout:/usr/bin/ceph: stderr
2024-02-05T07:44:58.445+0000 7f12cf7fb700 1 -- 172.21.15.131:0/4048038563 >> v2:172.21.15.131:6800/2947584178 conn(0x7f12b4038ea0 msgr2=0x7f12b403b360 secure :-1 s=STATE_CONNECTION_ESTABLISHED l=1).mark_down
2024-02-05T07:44:59.112 INFO:teuthology.orchestra.run.smithi131.stdout:/usr/bin/ceph: stderr
2024-02-05T07:44:58.445+0000 7f12cf7fb700 1 --2- 172.21.15.131:0/4048038563 >> v2:172.21.15.131:6800/2947584178 conn(0x7f12b4038ea0 0x7f12b403b360 secure :-1 s=READY pgs=13 cs=0 l=1 rev1=1 crypto rx=0x7f12b8006fd0 tx=0x7f12b8006e40 comp rx=0 tx=0).stop
2024-02-05T07:44:59.112 INFO:teuthology.orchestra.run.smithi131.stdout:/usr/bin/ceph: stderr
2024-02-05T07:44:58.445+0000 7f12cf7fb700 1 -- 172.21.15.131:0/4048038563 >> [v2:172.21.15.131:3300/0,v1:172.21.15.131:6789/0] conn(0x7f12c8105e60 msgr2=0x7f12c8199ba0 secure :-1 s=STATE_CONNECTION_ESTABLISHED l=1).mark_down
2024-02-05T07:44:59.112 INFO:teuthology.orchestra.run.smithi131.stdout:/usr/bin/ceph: stderr
2024-02-05T07:44:58.445+0000 7f12cf7fb700 1 --2- 172.21.15.131:0/4048038563 >> [v2:172.21.15.131:3300/0,v1:172.21.15.131:6789/0] conn(0x7f12c8105e60 0x7f12c8199ba0 secure :-1 s=READY pgs=50 cs=0 l=1 rev1=1 crypto rx=0x7f12c4003f60 tx=0x7f12c40119e0 comp rx=0 tx=0).stop
2024-02-05T07:44:59.112 INFO:teuthology.orchestra.run.smithi131.stdout:/usr/bin/ceph: stderr
2024-02-05T07:44:58.445+0000 7f12cf7fb700 1 -- 172.21.15.131:0/4048038563 shutdown_connections
2024-02-05T07:44:59.112 INFO:teuthology.orchestra.run.smithi131.stdout:/usr/bin/ceph: stderr
2024-02-05T07:44:58.445+0000 7f12cf7fb700 1 --2- 172.21.15.131:0/4048038563 >> v2:172.21.15.131:6800/2947584178 conn(0x7f12b4038ea0 0x7f12b403b360 unknown :-1 s=CLOSED pgs=13 cs=0 l=1 rev1=1 crypto rx=0 tx=0 comp rx=0 tx=0).stop
2024-02-05T07:44:59.112 INFO:teuthology.orchestra.run.smithi131.stdout:/usr/bin/ceph: stderr
2024-02-05T07:44:58.445+0000 7f12cf7fb700 1 --2- 172.21.15.131:0/4048038563 >> [v2:172.21.15.131:3300/0,v1:172.21.15.131:6789/0] conn(0x7f12c8105e60 0x7f12c8199ba0 unknown :-1 s=CLOSED pgs=50 cs=0 l=1 rev1=1 crypto rx=0 tx=0 comp rx=0 tx=0).stop
2024-02-05T07:44:59.112 INFO:teuthology.orchestra.run.smithi131.stdout:/usr/bin/ceph: stderr
2024-02-05T07:44:58.445+0000 7f12cf7fb700 1 -- 172.21.15.131:0/4048038563 >> 172.21.15.131:0/4048038563 conn(0x7f12c81014d0 msgr2=0x7f12c81020d0 unknown :-1 s=STATE_NONE l=0).mark_down
2024-02-05T07:44:59.112 INFO:teuthology.orchestra.run.smithi131.stdout:/usr/bin/ceph: stderr
2024-02-05T07:44:58.445+0000 7f12cf7fb700 1 -- 172.21.15.131:0/4048038563 shutdown_connections
2024-02-05T07:44:59.112 INFO:teuthology.orchestra.run.smithi131.stdout:/usr/bin/ceph: stderr
2024-02-05T07:44:58.445+0000 7f12cf7fb700 1 -- 172.21.15.131:0/4048038563 wait complete.
2024-02-05T07:44:59.744 INFO:journalctl@ceph.mon.a.smithi131.stdout:Feb 05 07:44:59 smithi131 ceph-mon[29507]: from='client.14144 -' entity='client.admin' cmd=[{"prefix": "orch apply", "service_type": "mgr", "unmanaged": true, "target": ["mon-mgr", ""]}]: dispatch
2024-02-05T07:44:59.744 INFO:journalctl@ceph.mon.a.smithi131.stdout:Feb 05 07:44:59 smithi131 ceph-mon[29507]: Saving service mgr spec with placement count:2
2024-02-05T07:44:59.744 INFO:journalctl@ceph.mon.a.smithi131.stdout:Feb 05 07:44:59 smithi131 ceph-mon[29507]: from='mgr.14120 172.21.15.131:0/646944304' entity='mgr.y'
2024-02-05T07:45:00.499 INFO:teuthology.orchestra.run.smithi131.stdout:/usr/bin/ceph: stderr
2024-02-05T07:44:59.541+0000 7f74c7366700 1 Processor -- start
2024-02-05T07:45:00.499 INFO:teuthology.orchestra.run.smithi131.stdout:/usr/bin/ceph: stderr
2024-02-05T07:44:59.541+0000 7f74c7366700 1 -- start start
2024-02-05T07:45:00.499 INFO:teuthology.orchestra.run.smithi131.stdout:/usr/bin/ceph: stderr
2024-02-05T07:44:59.541+0000 7f74c7366700 1 --2- >> [v2:172.21.15.131:3300/0,v1:172.21.15.131:6789/0] conn(0x7f74c0105e60 0x7f74c0106280 unknown :-1 s=NONE pgs=0 cs=0 l=0 rev1=0 crypto rx=0 tx=0 comp rx=0 tx=0).connect
2024-02-05T07:45:00.499 INFO:teuthology.orchestra.run.smithi131.stdout:/usr/bin/ceph: stderr
2024-02-05T07:44:59.541+0000 7f74c7366700 1 -- --> [v2:172.21.15.131:3300/0,v1:172.21.15.131:6789/0] -- mon_getmap magic: 0 v1 -- 0x7f74c01067c0 con 0x7f74c0105e60
2024-02-05T07:45:00.500 INFO:teuthology.orchestra.run.smithi131.stdout:/usr/bin/ceph: stderr
2024-02-05T07:44:59.541+0000 7f74c5102700 1 --2- >> [v2:172.21.15.131:3300/0,v1:172.21.15.131:6789/0] conn(0x7f74c0105e60 0x7f74c0106280 unknown :-1 s=BANNER_CONNECTING pgs=0 cs=0 l=0 rev1=0 crypto rx=0 tx=0 comp rx=0 tx=0)._handle_peer_banner_payload supported=3 required=0
2024-02-05T07:45:00.500 INFO:teuthology.orchestra.run.smithi131.stdout:/usr/bin/ceph: stderr
2024-02-05T07:44:59.541+0000 7f74c5102700 1 --2- >> [v2:172.21.15.131:3300/0,v1:172.21.15.131:6789/0] conn(0x7f74c0105e60 0x7f74c0106280 unknown :-1 s=HELLO_CONNECTING pgs=0 cs=0 l=0 rev1=1 crypto rx=0 tx=0 comp rx=0 tx=0).handle_hello peer v2:172.21.15.131:3300/0 says I am v2:172.21.15.131:34690/0 (socket says 172.21.15.131:34690)
2024-02-05T07:45:00.500 INFO:teuthology.orchestra.run.smithi131.stdout:/usr/bin/ceph: stderr
2024-02-05T07:44:59.541+0000 7f74c5102700 1 -- 172.21.15.131:0/3636713308 learned_addr learned my addr 172.21.15.131:0/3636713308 (peer_addr_for_me v2:172.21.15.131:0/0)
2024-02-05T07:45:00.500 INFO:teuthology.orchestra.run.smithi131.stdout:/usr/bin/ceph: stderr
2024-02-05T07:44:59.542+0000 7f74c5102700 1 -- 172.21.15.131:0/3636713308 --> [v2:172.21.15.131:3300/0,v1:172.21.15.131:6789/0] -- mon_subscribe({config=0+,monmap=0+}) v3 -- 0x7f74c0106900 con 0x7f74c0105e60
2024-02-05T07:45:00.500 INFO:teuthology.orchestra.run.smithi131.stdout:/usr/bin/ceph: stderr
2024-02-05T07:44:59.542+0000 7f74c5102700 1 --2- 172.21.15.131:0/3636713308 >> [v2:172.21.15.131:3300/0,v1:172.21.15.131:6789/0] conn(0x7f74c0105e60 0x7f74c0106280 secure :-1 s=READY pgs=51 cs=0 l=1 rev1=1 crypto rx=0x7f74bc0098a0 tx=0x7f74bc009bb0 comp rx=0 tx=0).ready entity=mon.0 client_cookie=3c2a96b4af6ef056 server_cookie=0 in_seq=0 out_seq=0
2024-02-05T07:45:00.500 INFO:teuthology.orchestra.run.smithi131.stdout:/usr/bin/ceph: stderr
2024-02-05T07:44:59.542+0000 7f74b7fff700 1 -- 172.21.15.131:0/3636713308 <== mon.0 v2:172.21.15.131:3300/0 1 ==== mon_map magic: 0 v1 ==== 205+0+0 (secure 0 0 0) 0x7f74bc004160 con 0x7f74c0105e60
2024-02-05T07:45:00.500 INFO:teuthology.orchestra.run.smithi131.stdout:/usr/bin/ceph: stderr
2024-02-05T07:44:59.542+0000 7f74b7fff700 1 -- 172.21.15.131:0/3636713308 <== mon.0 v2:172.21.15.131:3300/0 2 ==== config(26 keys) v1 ==== 1093+0+0 (secure 0 0 0) 0x7f74bc0042c0 con 0x7f74c0105e60
2024-02-05T07:45:00.500 INFO:teuthology.orchestra.run.smithi131.stdout:/usr/bin/ceph: stderr
2024-02-05T07:44:59.542+0000 7f74b7fff700 1 -- 172.21.15.131:0/3636713308 <== mon.0 v2:172.21.15.131:3300/0 3 ==== mon_map magic: 0 v1 ==== 205+0+0 (secure 0 0 0) 0x7f74bc011960 con 0x7f74c0105e60
2024-02-05T07:45:00.500 INFO:teuthology.orchestra.run.smithi131.stdout:/usr/bin/ceph: stderr
2024-02-05T07:44:59.542+0000 7f74c7366700 1 -- 172.21.15.131:0/3636713308 >> [v2:172.21.15.131:3300/0,v1:172.21.15.131:6789/0] conn(0x7f74c0105e60 msgr2=0x7f74c0106280 secure :-1 s=STATE_CONNECTION_ESTABLISHED l=1).mark_down
2024-02-05T07:45:00.500 INFO:teuthology.orchestra.run.smithi131.stdout:/usr/bin/ceph: stderr
2024-02-05T07:44:59.542+0000 7f74c7366700 1 --2- 172.21.15.131:0/3636713308 >> [v2:172.21.15.131:3300/0,v1:172.21.15.131:6789/0] conn(0x7f74c0105e60 0x7f74c0106280 secure :-1 s=READY pgs=51 cs=0 l=1 rev1=1 crypto rx=0x7f74bc0098a0 tx=0x7f74bc009bb0 comp rx=0 tx=0).stop
2024-02-05T07:45:00.500 INFO:teuthology.orchestra.run.smithi131.stdout:/usr/bin/ceph: stderr
2024-02-05T07:44:59.542+0000 7f74c7366700 1 -- 172.21.15.131:0/3636713308 shutdown_connections
2024-02-05T07:45:00.500 INFO:teuthology.orchestra.run.smithi131.stdout:/usr/bin/ceph: stderr
2024-02-05T07:44:59.542+0000 7f74c7366700 1 --2- 172.21.15.131:0/3636713308 >> [v2:172.21.15.131:3300/0,v1:172.21.15.131:6789/0] conn(0x7f74c0105e60 0x7f74c0106280 unknown :-1 s=CLOSED pgs=51 cs=0 l=1 rev1=1 crypto rx=0 tx=0 comp rx=0 tx=0).stop
2024-02-05T07:45:00.500 INFO:teuthology.orchestra.run.smithi131.stdout:/usr/bin/ceph: stderr
2024-02-05T07:44:59.542+0000 7f74c7366700 1 -- 172.21.15.131:0/3636713308 >> 172.21.15.131:0/3636713308 conn(0x7f74c01014d0 msgr2=0x7f74c01038f0 unknown :-1 s=STATE_NONE l=0).mark_down
2024-02-05T07:45:00.501 INFO:teuthology.orchestra.run.smithi131.stdout:/usr/bin/ceph: stderr
2024-02-05T07:44:59.543+0000 7f74c7366700 1 -- 172.21.15.131:0/3636713308 shutdown_connections
2024-02-05T07:45:00.501 INFO:teuthology.orchestra.run.smithi131.stdout:/usr/bin/ceph: stderr
2024-02-05T07:44:59.543+0000 7f74c7366700 1 -- 172.21.15.131:0/3636713308 wait complete.
2024-02-05T07:45:00.501 INFO:teuthology.orchestra.run.smithi131.stdout:/usr/bin/ceph: stderr
2024-02-05T07:44:59.543+0000 7f74c7366700 1 Processor -- start
2024-02-05T07:45:00.501 INFO:teuthology.orchestra.run.smithi131.stdout:/usr/bin/ceph: stderr
2024-02-05T07:44:59.543+0000 7f74c7366700 1 -- start start
2024-02-05T07:45:00.501 INFO:teuthology.orchestra.run.smithi131.stdout:/usr/bin/ceph: stderr
2024-02-05T07:44:59.543+0000 7f74c7366700 1 --2- >> [v2:172.21.15.131:3300/0,v1:172.21.15.131:6789/0] conn(0x7f74c0105e60 0x7f74c0199b30 unknown :-1 s=NONE pgs=0 cs=0 l=1 rev1=0 crypto rx=0 tx=0 comp rx=0 tx=0).connect
2024-02-05T07:45:00.501 INFO:teuthology.orchestra.run.smithi131.stdout:/usr/bin/ceph: stderr
2024-02-05T07:44:59.543+0000 7f74c7366700 1 -- --> [v2:172.21.15.131:3300/0,v1:172.21.15.131:6789/0] -- mon_getmap magic: 0 v1 -- 0x7f74c019a070 con 0x7f74c0105e60
2024-02-05T07:45:00.501 INFO:teuthology.orchestra.run.smithi131.stdout:/usr/bin/ceph: stderr
2024-02-05T07:44:59.543+0000 7f74c5102700 1 --2- >> [v2:172.21.15.131:3300/0,v1:172.21.15.131:6789/0] conn(0x7f74c0105e60 0x7f74c0199b30 unknown :-1 s=BANNER_CONNECTING pgs=0 cs=0 l=1 rev1=0 crypto rx=0 tx=0 comp rx=0 tx=0)._handle_peer_banner_payload supported=3 required=0
2024-02-05T07:45:00.501 INFO:teuthology.orchestra.run.smithi131.stdout:/usr/bin/ceph: stderr
2024-02-05T07:44:59.543+0000 7f74c5102700 1 --2- >> [v2:172.21.15.131:3300/0,v1:172.21.15.131:6789/0] conn(0x7f74c0105e60 0x7f74c0199b30 unknown :-1 s=HELLO_CONNECTING pgs=0 cs=0 l=1 rev1=1 crypto rx=0 tx=0 comp rx=0 tx=0).handle_hello peer v2:172.21.15.131:3300/0 says I am v2:172.21.15.131:34706/0 (socket says 172.21.15.131:34706)
2024-02-05T07:45:00.501 INFO:teuthology.orchestra.run.smithi131.stdout:/usr/bin/ceph: stderr
2024-02-05T07:44:59.543+0000 7f74c5102700 1 -- 172.21.15.131:0/1048455799 learned_addr learned my addr 172.21.15.131:0/1048455799 (peer_addr_for_me v2:172.21.15.131:0/0)
2024-02-05T07:45:00.501 INFO:teuthology.orchestra.run.smithi131.stdout:/usr/bin/ceph: stderr
2024-02-05T07:44:59.544+0000 7f74c5102700 1 -- 172.21.15.131:0/1048455799 --> [v2:172.21.15.131:3300/0,v1:172.21.15.131:6789/0] -- mon_subscribe({config=0+,monmap=0+}) v3 -- 0x7f74bc009550 con 0x7f74c0105e60
2024-02-05T07:45:00.501 INFO:teuthology.orchestra.run.smithi131.stdout:/usr/bin/ceph: stderr
2024-02-05T07:44:59.544+0000 7f74c5102700 1 --2- 172.21.15.131:0/1048455799 >> [v2:172.21.15.131:3300/0,v1:172.21.15.131:6789/0] conn(0x7f74c0105e60 0x7f74c0199b30 secure :-1 s=READY pgs=52 cs=0 l=1 rev1=1 crypto rx=0x7f74bc006af0 tx=0x7f74bc011eb0 comp rx=0 tx=0).ready entity=mon.0 client_cookie=0 server_cookie=0 in_seq=0 out_seq=0
2024-02-05T07:45:00.501 INFO:teuthology.orchestra.run.smithi131.stdout:/usr/bin/ceph: stderr
2024-02-05T07:44:59.544+0000 7f74b67fc700 1 -- 172.21.15.131:0/1048455799 <== mon.0 v2:172.21.15.131:3300/0 1 ==== mon_map magic: 0 v1 ==== 205+0+0 (secure 0 0 0) 0x7f74bc0036a0 con 0x7f74c0105e60
2024-02-05T07:45:00.501 INFO:teuthology.orchestra.run.smithi131.stdout:/usr/bin/ceph: stderr
2024-02-05T07:44:59.544+0000 7f74b67fc700 1 -- 172.21.15.131:0/1048455799 <== mon.0 v2:172.21.15.131:3300/0 2 ==== config(26 keys) v1 ==== 1093+0+0 (secure 0 0 0) 0x7f74bc01a430 con 0x7f74c0105e60
2024-02-05T07:45:00.501 INFO:teuthology.orchestra.run.smithi131.stdout:/usr/bin/ceph: stderr
2024-02-05T07:44:59.544+0000 7f74c7366700 1 -- 172.21.15.131:0/1048455799 --> [v2:172.21.15.131:3300/0,v1:172.21.15.131:6789/0] -- mon_subscribe({mgrmap=0+}) v3 -- 0x7f74c019a270 con 0x7f74c0105e60
2024-02-05T07:45:00.501 INFO:teuthology.orchestra.run.smithi131.stdout:/usr/bin/ceph: stderr
2024-02-05T07:44:59.544+0000 7f74b67fc700 1 -- 172.21.15.131:0/1048455799 <== mon.0 v2:172.21.15.131:3300/0 3 ==== mon_map magic: 0 v1 ==== 205+0+0 (secure 0 0 0) 0x7f74bc0193c0 con 0x7f74c0105e60
2024-02-05T07:45:00.501 INFO:teuthology.orchestra.run.smithi131.stdout:/usr/bin/ceph: stderr
2024-02-05T07:44:59.544+0000 7f74c7366700 1 -- 172.21.15.131:0/1048455799 --> [v2:172.21.15.131:3300/0,v1:172.21.15.131:6789/0] -- mon_subscribe({osdmap=0}) v3 -- 0x7f74c019a710 con 0x7f74c0105e60
2024-02-05T07:45:00.501 INFO:teuthology.orchestra.run.smithi131.stdout:/usr/bin/ceph: stderr
2024-02-05T07:44:59.545+0000 7f74c7366700 1 -- 172.21.15.131:0/1048455799 --> [v2:172.21.15.131:3300/0,v1:172.21.15.131:6789/0] -- mon_command({"prefix": "get_command_descriptions"} v 0) v1 -- 0x7f74c0063350 con 0x7f74c0105e60
2024-02-05T07:45:00.502 INFO:teuthology.orchestra.run.smithi131.stdout:/usr/bin/ceph: stderr
2024-02-05T07:44:59.545+0000 7f74b67fc700 1 -- 172.21.15.131:0/1048455799 <== mon.0 v2:172.21.15.131:3300/0 4 ==== mgrmap(e 8) v1 ==== 45897+0+0 (secure 0 0 0) 0x7f74bc01a880 con 0x7f74c0105e60
2024-02-05T07:45:00.502 INFO:teuthology.orchestra.run.smithi131.stdout:/usr/bin/ceph: stderr
2024-02-05T07:44:59.545+0000 7f74b67fc700 1 --2- 172.21.15.131:0/1048455799 >> v2:172.21.15.131:6800/2947584178 conn(0x7f74ac038ef0 0x7f74ac03b3b0 unknown :-1 s=NONE pgs=0 cs=0 l=1 rev1=0 crypto rx=0 tx=0 comp rx=0 tx=0).connect
2024-02-05T07:45:00.502 INFO:teuthology.orchestra.run.smithi131.stdout:/usr/bin/ceph: stderr
2024-02-05T07:44:59.545+0000 7f74b67fc700 1 -- 172.21.15.131:0/1048455799 <== mon.0 v2:172.21.15.131:3300/0 5 ==== osd_map(2..2 src has 1..2) v4 ==== 897+0+0 (secure 0 0 0) 0x7f74bc04cab0 con 0x7f74c0105e60
2024-02-05T07:45:00.502 INFO:teuthology.orchestra.run.smithi131.stdout:/usr/bin/ceph: stderr
2024-02-05T07:44:59.545+0000 7f74c4901700 1 --2- 172.21.15.131:0/1048455799 >> v2:172.21.15.131:6800/2947584178 conn(0x7f74ac038ef0 0x7f74ac03b3b0 unknown :-1 s=BANNER_CONNECTING pgs=0 cs=0 l=1 rev1=0 crypto rx=0 tx=0 comp rx=0 tx=0)._handle_peer_banner_payload supported=3 required=0
2024-02-05T07:45:00.502 INFO:teuthology.orchestra.run.smithi131.stdout:/usr/bin/ceph: stderr
2024-02-05T07:44:59.546+0000 7f74c4901700 1 --2- 172.21.15.131:0/1048455799 >> v2:172.21.15.131:6800/2947584178 conn(0x7f74ac038ef0 0x7f74ac03b3b0 secure :-1 s=READY pgs=14 cs=0 l=1 rev1=1 crypto rx=0x7f74b0006fd0 tx=0x7f74b0006e40 comp rx=0 tx=0).ready entity=mgr.14120 client_cookie=0 server_cookie=0 in_seq=0 out_seq=0
2024-02-05T07:45:00.502 INFO:teuthology.orchestra.run.smithi131.stdout:/usr/bin/ceph: stderr
2024-02-05T07:44:59.550+0000 7f74b67fc700 1 -- 172.21.15.131:0/1048455799 <== mon.0 v2:172.21.15.131:3300/0 6 ==== mon_command_ack([{"prefix": "get_command_descriptions"}]=0 v0) v1 ==== 72+0+183564 (secure 0 0 0) 0x7f74bc01a5a0 con 0x7f74c0105e60
2024-02-05T07:45:00.502 INFO:teuthology.orchestra.run.smithi131.stdout:/usr/bin/ceph: stderr
2024-02-05T07:44:59.742+0000 7f74c7366700 1 -- 172.21.15.131:0/1048455799 --> [v2:172.21.15.131:3300/0,v1:172.21.15.131:6789/0] -- mon_command([{prefix=config set, name=mgr/cephadm/container_init}] v 0) v1 -- 0x7f74c019cff0 con 0x7f74c0105e60
2024-02-05T07:45:00.502 INFO:teuthology.orchestra.run.smithi131.stdout:/usr/bin/ceph: stderr
2024-02-05T07:44:59.745+0000 7f74b67fc700 1 -- 172.21.15.131:0/1048455799 <== mon.0 v2:172.21.15.131:3300/0 7 ==== mon_command_ack([{prefix=config set, name=mgr/cephadm/container_init}]=0 v7)=0 v7) v1 ==== 142+0+0 (secure 0 0 0) 0x7f74bc02b350 con 0x7f74c0105e60
2024-02-05T07:45:00.502 INFO:teuthology.orchestra.run.smithi131.stdout:/usr/bin/ceph: stderr
2024-02-05T07:44:59.748+0000 7f74c7366700 1 -- 172.21.15.131:0/1048455799 >> v2:172.21.15.131:6800/2947584178 conn(0x7f74ac038ef0 msgr2=0x7f74ac03b3b0 secure :-1 s=STATE_CONNECTION_ESTABLISHED l=1).mark_down
2024-02-05T07:45:00.502 INFO:teuthology.orchestra.run.smithi131.stdout:/usr/bin/ceph: stderr
2024-02-05T07:44:59.748+0000 7f74c7366700 1 --2- 172.21.15.131:0/1048455799 >> v2:172.21.15.131:6800/2947584178 conn(0x7f74ac038ef0 0x7f74ac03b3b0 secure :-1 s=READY pgs=14 cs=0 l=1 rev1=1 crypto rx=0x7f74b0006fd0 tx=0x7f74b0006e40 comp rx=0 tx=0).stop
2024-02-05T07:45:00.502 INFO:teuthology.orchestra.run.smithi131.stdout:/usr/bin/ceph: stderr
2024-02-05T07:44:59.748+0000 7f74c7366700 1 -- 172.21.15.131:0/1048455799 >> [v2:172.21.15.131:3300/0,v1:172.21.15.131:6789/0] conn(0x7f74c0105e60 msgr2=0x7f74c0199b30 secure :-1 s=STATE_CONNECTION_ESTABLISHED l=1).mark_down
2024-02-05T07:45:00.502 INFO:teuthology.orchestra.run.smithi131.stdout:/usr/bin/ceph: stderr
2024-02-05T07:44:59.748+0000 7f74c7366700 1 --2- 172.21.15.131:0/1048455799 >> [v2:172.21.15.131:3300/0,v1:172.21.15.131:6789/0] conn(0x7f74c0105e60 0x7f74c0199b30 secure :-1 s=READY pgs=52 cs=0 l=1 rev1=1 crypto rx=0x7f74bc006af0 tx=0x7f74bc011eb0 comp rx=0 tx=0).stop
2024-02-05T07:45:00.502 INFO:teuthology.orchestra.run.smithi131.stdout:/usr/bin/ceph: stderr
2024-02-05T07:44:59.748+0000 7f74c7366700 1 -- 172.21.15.131:0/1048455799 shutdown_connections
2024-02-05T07:45:00.502 INFO:teuthology.orchestra.run.smithi131.stdout:/usr/bin/ceph: stderr
2024-02-05T07:44:59.748+0000 7f74c7366700 1 --2- 172.21.15.131:0/1048455799 >> v2:172.21.15.131:6800/2947584178 conn(0x7f74ac038ef0 0x7f74ac03b3b0 unknown :-1 s=CLOSED pgs=14 cs=0 l=1 rev1=1 crypto rx=0 tx=0 comp rx=0 tx=0).stop
2024-02-05T07:45:00.502 INFO:teuthology.orchestra.run.smithi131.stdout:/usr/bin/ceph: stderr
2024-02-05T07:44:59.748+0000 7f74c7366700 1 --2- 172.21.15.131:0/1048455799 >> [v2:172.21.15.131:3300/0,v1:172.21.15.131:6789/0] conn(0x7f74c0105e60 0x7f74c0199b30 unknown :-1 s=CLOSED pgs=52 cs=0 l=1 rev1=1 crypto rx=0 tx=0 comp rx=0 tx=0).stop
2024-02-05T07:45:00.502 INFO:teuthology.orchestra.run.smithi131.stdout:/usr/bin/ceph: stderr
2024-02-05T07:44:59.748+0000 7f74c7366700 1 -- 172.21.15.131:0/1048455799 >> 172.21.15.131:0/1048455799 conn(0x7f74c01014d0 msgr2=0x7f74c0101fc0 unknown :-1 s=STATE_NONE l=0).mark_down
2024-02-05T07:45:00.503 INFO:teuthology.orchestra.run.smithi131.stdout:/usr/bin/ceph: stderr
2024-02-05T07:44:59.748+0000 7f74c7366700 1 -- 172.21.15.131:0/1048455799 shutdown_connections
2024-02-05T07:45:00.503 INFO:teuthology.orchestra.run.smithi131.stdout:/usr/bin/ceph: stderr
2024-02-05T07:44:59.748+0000 7f74c7366700 1 -- 172.21.15.131:0/1048455799 wait complete.
2024-02-05T07:45:00.775 INFO:journalctl@ceph.mon.a.smithi131.stdout:Feb 05 07:45:00 smithi131 ceph-mon[29507]: from='client.? 172.21.15.131:0/1048455799' entity='client.admin'
2024-02-05T07:45:00.775 INFO:journalctl@ceph.mon.a.smithi131.stdout:Feb 05 07:45:00 smithi131 ceph-mon[29507]: from='mgr.14120 172.21.15.131:0/646944304' entity='mgr.y'
2024-02-05T07:45:01.848 INFO:teuthology.orchestra.run.smithi131.stdout:/usr/bin/ceph: stderr
2024-02-05T07:45:01.019+0000 7f80520c6700 1 Processor -- start
2024-02-05T07:45:01.849 INFO:teuthology.orchestra.run.smithi131.stdout:/usr/bin/ceph: stderr
2024-02-05T07:45:01.019+0000 7f80520c6700 1 -- start start
2024-02-05T07:45:01.849 INFO:teuthology.orchestra.run.smithi131.stdout:/usr/bin/ceph: stderr
2024-02-05T07:45:01.019+0000 7f80520c6700 1 --2- >> [v2:172.21.15.131:3300/0,v1:172.21.15.131:6789/0] conn(0x7f804c105200 0x7f804c105620 unknown :-1 s=NONE pgs=0 cs=0 l=0 rev1=0 crypto rx=0 tx=0 comp rx=0 tx=0).connect
2024-02-05T07:45:01.849 INFO:teuthology.orchestra.run.smithi131.stdout:/usr/bin/ceph: stderr
2024-02-05T07:45:01.019+0000 7f80520c6700 1 -- --> [v2:172.21.15.131:3300/0,v1:172.21.15.131:6789/0] -- mon_getmap magic: 0 v1 -- 0x7f804c105bf0 con 0x7f804c105200
2024-02-05T07:45:01.849 INFO:teuthology.orchestra.run.smithi131.stdout:/usr/bin/ceph: stderr
2024-02-05T07:45:01.020+0000 7f804b7fe700 1 --2- >> [v2:172.21.15.131:3300/0,v1:172.21.15.131:6789/0] conn(0x7f804c105200 0x7f804c105620 unknown :-1 s=BANNER_CONNECTING pgs=0 cs=0 l=0 rev1=0 crypto rx=0 tx=0 comp rx=0 tx=0)._handle_peer_banner_payload supported=3 required=0
2024-02-05T07:45:01.849 INFO:teuthology.orchestra.run.smithi131.stdout:/usr/bin/ceph: stderr
2024-02-05T07:45:01.020+0000 7f804b7fe700 1 --2- >> [v2:172.21.15.131:3300/0,v1:172.21.15.131:6789/0] conn(0x7f804c105200 0x7f804c105620 unknown :-1 s=HELLO_CONNECTING pgs=0 cs=0 l=0 rev1=1 crypto rx=0 tx=0 comp rx=0 tx=0).handle_hello peer v2:172.21.15.131:3300/0 says I am v2:172.21.15.131:34718/0 (socket says 172.21.15.131:34718)
2024-02-05T07:45:01.849 INFO:teuthology.orchestra.run.smithi131.stdout:/usr/bin/ceph: stderr
2024-02-05T07:45:01.020+0000 7f804b7fe700 1 -- 172.21.15.131:0/4149634573 learned_addr learned my addr 172.21.15.131:0/4149634573 (peer_addr_for_me v2:172.21.15.131:0/0)
2024-02-05T07:45:01.849 INFO:teuthology.orchestra.run.smithi131.stdout:/usr/bin/ceph: stderr
2024-02-05T07:45:01.020+0000 7f804b7fe700 1 -- 172.21.15.131:0/4149634573 --> [v2:172.21.15.131:3300/0,v1:172.21.15.131:6789/0] -- mon_subscribe({config=0+,monmap=0+}) v3 -- 0x7f804c105f20 con 0x7f804c105200
2024-02-05T07:45:01.849 INFO:teuthology.orchestra.run.smithi131.stdout:/usr/bin/ceph: stderr
2024-02-05T07:45:01.020+0000 7f804b7fe700 1 --2- 172.21.15.131:0/4149634573 >> [v2:172.21.15.131:3300/0,v1:172.21.15.131:6789/0] conn(0x7f804c105200 0x7f804c105620 secure :-1 s=READY pgs=53 cs=0 l=1 rev1=1 crypto rx=0x7f80400098a0 tx=0x7f8040009bb0 comp rx=0 tx=0).ready entity=mon.0 client_cookie=3e3c586b5eb154b6 server_cookie=0 in_seq=0 out_seq=0
2024-02-05T07:45:01.849 INFO:teuthology.orchestra.run.smithi131.stdout:/usr/bin/ceph: stderr
2024-02-05T07:45:01.021+0000 7f804a7fc700 1 -- 172.21.15.131:0/4149634573 <== mon.0 v2:172.21.15.131:3300/0 1 ==== mon_map magic: 0 v1 ==== 205+0+0 (secure 0 0 0) 0x7f8040004160 con 0x7f804c105200
2024-02-05T07:45:01.849 INFO:teuthology.orchestra.run.smithi131.stdout:/usr/bin/ceph: stderr
2024-02-05T07:45:01.021+0000 7f804a7fc700 1 -- 172.21.15.131:0/4149634573 <== mon.0 v2:172.21.15.131:3300/0 2 ==== config(26 keys) v1 ==== 1093+0+0 (secure 0 0 0) 0x7f80400042c0 con 0x7f804c105200
2024-02-05T07:45:01.849 INFO:teuthology.orchestra.run.smithi131.stdout:/usr/bin/ceph: stderr
2024-02-05T07:45:01.021+0000 7f804a7fc700 1 -- 172.21.15.131:0/4149634573 <== mon.0 v2:172.21.15.131:3300/0 3 ==== mon_map magic: 0 v1 ==== 205+0+0 (secure 0 0 0) 0x7f8040011960 con 0x7f804c105200
2024-02-05T07:45:01.849 INFO:teuthology.orchestra.run.smithi131.stdout:/usr/bin/ceph: stderr
2024-02-05T07:45:01.021+0000 7f80520c6700 1 -- 172.21.15.131:0/4149634573 >> [v2:172.21.15.131:3300/0,v1:172.21.15.131:6789/0] conn(0x7f804c105200 msgr2=0x7f804c105620 secure :-1 s=STATE_CONNECTION_ESTABLISHED l=1).mark_down
2024-02-05T07:45:01.849 INFO:teuthology.orchestra.run.smithi131.stdout:/usr/bin/ceph: stderr
2024-02-05T07:45:01.021+0000 7f80520c6700 1 --2- 172.21.15.131:0/4149634573 >> [v2:172.21.15.131:3300/0,v1:172.21.15.131:6789/0] conn(0x7f804c105200 0x7f804c105620 secure :-1 s=READY pgs=53 cs=0 l=1 rev1=1 crypto rx=0x7f80400098a0 tx=0x7f8040009bb0 comp rx=0 tx=0).stop
2024-02-05T07:45:01.850 INFO:teuthology.orchestra.run.smithi131.stdout:/usr/bin/ceph: stderr
2024-02-05T07:45:01.021+0000 7f80520c6700 1 -- 172.21.15.131:0/4149634573 shutdown_connections
2024-02-05T07:45:01.850 INFO:teuthology.orchestra.run.smithi131.stdout:/usr/bin/ceph: stderr
2024-02-05T07:45:01.021+0000 7f80520c6700 1 --2- 172.21.15.131:0/4149634573 >> [v2:172.21.15.131:3300/0,v1:172.21.15.131:6789/0] conn(0x7f804c105200 0x7f804c105620 unknown :-1 s=CLOSED pgs=53 cs=0 l=1 rev1=1 crypto rx=0 tx=0 comp rx=0 tx=0).stop
2024-02-05T07:45:01.850 INFO:teuthology.orchestra.run.smithi131.stdout:/usr/bin/ceph: stderr
2024-02-05T07:45:01.021+0000 7f80520c6700 1 -- 172.21.15.131:0/4149634573 >> 172.21.15.131:0/4149634573 conn(0x7f804c0ffa40 msgr2=0x7f804c101e60 unknown :-1 s=STATE_NONE l=0).mark_down
2024-02-05T07:45:01.850 INFO:teuthology.orchestra.run.smithi131.stdout:/usr/bin/ceph: stderr
2024-02-05T07:45:01.021+0000 7f80520c6700 1 -- 172.21.15.131:0/4149634573 shutdown_connections
2024-02-05T07:45:01.850 INFO:teuthology.orchestra.run.smithi131.stdout:/usr/bin/ceph: stderr
2024-02-05T07:45:01.021+0000 7f80520c6700 1 -- 172.21.15.131:0/4149634573 wait complete.
2024-02-05T07:45:01.850 INFO:teuthology.orchestra.run.smithi131.stdout:/usr/bin/ceph: stderr
2024-02-05T07:45:01.022+0000 7f80520c6700 1 Processor -- start
2024-02-05T07:45:01.850 INFO:teuthology.orchestra.run.smithi131.stdout:/usr/bin/ceph: stderr
2024-02-05T07:45:01.022+0000 7f80520c6700 1 -- start start
2024-02-05T07:45:01.850 INFO:teuthology.orchestra.run.smithi131.stdout:/usr/bin/ceph: stderr
2024-02-05T07:45:01.022+0000 7f80520c6700 1 --2- >> [v2:172.21.15.131:3300/0,v1:172.21.15.131:6789/0] conn(0x7f804c105200 0x7f804c18fd70 unknown :-1 s=NONE pgs=0 cs=0 l=1 rev1=0 crypto rx=0 tx=0 comp rx=0 tx=0).connect
2024-02-05T07:45:01.850 INFO:teuthology.orchestra.run.smithi131.stdout:/usr/bin/ceph: stderr
2024-02-05T07:45:01.022+0000 7f80520c6700 1 -- --> [v2:172.21.15.131:3300/0,v1:172.21.15.131:6789/0] -- mon_getmap magic: 0 v1 -- 0x7f804c1902b0 con 0x7f804c105200
2024-02-05T07:45:01.850 INFO:teuthology.orchestra.run.smithi131.stdout:/usr/bin/ceph: stderr
2024-02-05T07:45:01.023+0000 7f804b7fe700 1 --2- >> [v2:172.21.15.131:3300/0,v1:172.21.15.131:6789/0] conn(0x7f804c105200 0x7f804c18fd70 unknown :-1 s=BANNER_CONNECTING pgs=0 cs=0 l=1 rev1=0 crypto rx=0 tx=0 comp rx=0 tx=0)._handle_peer_banner_payload supported=3 required=0
2024-02-05T07:45:01.850 INFO:teuthology.orchestra.run.smithi131.stdout:/usr/bin/ceph: stderr
2024-02-05T07:45:01.023+0000 7f804b7fe700 1 --2- >> [v2:172.21.15.131:3300/0,v1:172.21.15.131:6789/0] conn(0x7f804c105200 0x7f804c18fd70 unknown :-1 s=HELLO_CONNECTING pgs=0 cs=0 l=1 rev1=1 crypto rx=0 tx=0 comp rx=0 tx=0).handle_hello peer v2:172.21.15.131:3300/0 says I am v2:172.21.15.131:34726/0 (socket says 172.21.15.131:34726)
2024-02-05T07:45:01.850 INFO:teuthology.orchestra.run.smithi131.stdout:/usr/bin/ceph: stderr
2024-02-05T07:45:01.023+0000 7f804b7fe700 1 -- 172.21.15.131:0/979360481 learned_addr learned my addr 172.21.15.131:0/979360481 (peer_addr_for_me v2:172.21.15.131:0/0)
2024-02-05T07:45:01.850 INFO:teuthology.orchestra.run.smithi131.stdout:/usr/bin/ceph: stderr
2024-02-05T07:45:01.023+0000 7f804b7fe700 1 -- 172.21.15.131:0/979360481 --> [v2:172.21.15.131:3300/0,v1:172.21.15.131:6789/0] -- mon_subscribe({config=0+,monmap=0+}) v3 -- 0x7f8040009550 con 0x7f804c105200
2024-02-05T07:45:01.850 INFO:teuthology.orchestra.run.smithi131.stdout:/usr/bin/ceph: stderr
2024-02-05T07:45:01.023+0000 7f804b7fe700 1 --2- 172.21.15.131:0/979360481 >> [v2:172.21.15.131:3300/0,v1:172.21.15.131:6789/0] conn(0x7f804c105200 0x7f804c18fd70 secure :-1 s=READY pgs=54 cs=0 l=1 rev1=1 crypto rx=0x7f8040006af0 tx=0x7f80400119c0 comp rx=0 tx=0).ready entity=mon.0 client_cookie=0 server_cookie=0 in_seq=0 out_seq=0
2024-02-05T07:45:01.850 INFO:teuthology.orchestra.run.smithi131.stdout:/usr/bin/ceph: stderr
2024-02-05T07:45:01.023+0000 7f8048ff9700 1 -- 172.21.15.131:0/979360481 <== mon.0 v2:172.21.15.131:3300/0 1 ==== mon_map magic: 0 v1 ==== 205+0+0 (secure 0 0 0) 0x7f80400038b0 con 0x7f804c105200
2024-02-05T07:45:01.851 INFO:teuthology.orchestra.run.smithi131.stdout:/usr/bin/ceph: stderr
2024-02-05T07:45:01.023+0000 7f8048ff9700 1 -- 172.21.15.131:0/979360481 <== mon.0 v2:172.21.15.131:3300/0 2 ==== config(26 keys) v1 ==== 1093+0+0 (secure 0 0 0) 0x7f8040003a10 con 0x7f804c105200
2024-02-05T07:45:01.851 INFO:teuthology.orchestra.run.smithi131.stdout:/usr/bin/ceph: stderr
2024-02-05T07:45:01.023+0000 7f8048ff9700 1 -- 172.21.15.131:0/979360481 <== mon.0 v2:172.21.15.131:3300/0 3 ==== mon_map magic: 0 v1 ==== 205+0+0 (secure 0 0 0) 0x7f8040019610 con 0x7f804c105200
2024-02-05T07:45:01.851 INFO:teuthology.orchestra.run.smithi131.stdout:/usr/bin/ceph: stderr
2024-02-05T07:45:01.023+0000 7f80520c6700 1 -- 172.21.15.131:0/979360481 --> [v2:172.21.15.131:3300/0,v1:172.21.15.131:6789/0] -- mon_subscribe({mgrmap=0+}) v3 -- 0x7f804c18e4a0 con 0x7f804c105200
2024-02-05T07:45:01.851 INFO:teuthology.orchestra.run.smithi131.stdout:/usr/bin/ceph: stderr
2024-02-05T07:45:01.023+0000 7f80520c6700 1 -- 172.21.15.131:0/979360481 --> [v2:172.21.15.131:3300/0,v1:172.21.15.131:6789/0] -- mon_subscribe({osdmap=0}) v3 -- 0x7f804c18e940 con 0x7f804c105200
2024-02-05T07:45:01.851 INFO:teuthology.orchestra.run.smithi131.stdout:/usr/bin/ceph: stderr
2024-02-05T07:45:01.024+0000 7f8048ff9700 1 -- 172.21.15.131:0/979360481 <== mon.0 v2:172.21.15.131:3300/0 4 ==== mgrmap(e 8) v1 ==== 45897+0+0 (secure 0 0 0) 0x7f8040019840 con 0x7f804c105200
2024-02-05T07:45:01.851 INFO:teuthology.orchestra.run.smithi131.stdout:/usr/bin/ceph: stderr
2024-02-05T07:45:01.024+0000 7f8048ff9700 1 --2- 172.21.15.131:0/979360481 >> v2:172.21.15.131:6800/2947584178 conn(0x7f8034038ea0 0x7f803403b360 unknown :-1 s=NONE pgs=0 cs=0 l=1 rev1=0 crypto rx=0 tx=0 comp rx=0 tx=0).connect
2024-02-05T07:45:01.851 INFO:teuthology.orchestra.run.smithi131.stdout:/usr/bin/ceph: stderr
2024-02-05T07:45:01.024+0000 7f8048ff9700 1 -- 172.21.15.131:0/979360481 <== mon.0 v2:172.21.15.131:3300/0 5 ==== osd_map(2..2 src has 1..2) v4 ==== 897+0+0 (secure 0 0 0) 0x7f804004ce10 con 0x7f804c105200
2024-02-05T07:45:01.851 INFO:teuthology.orchestra.run.smithi131.stdout:/usr/bin/ceph: stderr
2024-02-05T07:45:01.025+0000 7f804affd700 1 --2- 172.21.15.131:0/979360481 >> v2:172.21.15.131:6800/2947584178 conn(0x7f8034038ea0 0x7f803403b360 unknown :-1 s=BANNER_CONNECTING pgs=0 cs=0 l=1 rev1=0 crypto rx=0 tx=0 comp rx=0 tx=0)._handle_peer_banner_payload supported=3 required=0
2024-02-05T07:45:01.851 INFO:teuthology.orchestra.run.smithi131.stdout:/usr/bin/ceph: stderr
2024-02-05T07:45:01.025+0000 7f80520c6700 1 -- 172.21.15.131:0/979360481 --> [v2:172.21.15.131:3300/0,v1:172.21.15.131:6789/0] -- mon_command({"prefix": "get_command_descriptions"} v 0) v1 -- 0x7f804c18f350 con 0x7f804c105200
2024-02-05T07:45:01.851 INFO:teuthology.orchestra.run.smithi131.stdout:/usr/bin/ceph: stderr
2024-02-05T07:45:01.025+0000 7f804affd700 1 --2- 172.21.15.131:0/979360481 >> v2:172.21.15.131:6800/2947584178 conn(0x7f8034038ea0 0x7f803403b360 secure :-1 s=READY pgs=15 cs=0 l=1 rev1=1 crypto rx=0x7f803c006fd0 tx=0x7f803c006e40 comp rx=0 tx=0).ready entity=mgr.14120 client_cookie=0 server_cookie=0 in_seq=0 out_seq=0
2024-02-05T07:45:01.851 INFO:teuthology.orchestra.run.smithi131.stdout:/usr/bin/ceph: stderr
2024-02-05T07:45:01.030+0000 7f8048ff9700 1 -- 172.21.15.131:0/979360481 <== mon.0 v2:172.21.15.131:3300/0 6 ==== mon_command_ack([{"prefix": "get_command_descriptions"}]=0 v0) v1 ==== 72+0+183564 (secure 0 0 0) 0x7f804002b340 con 0x7f804c105200
2024-02-05T07:45:01.851 INFO:teuthology.orchestra.run.smithi131.stdout:/usr/bin/ceph: stderr
2024-02-05T07:45:01.273+0000 7f80520c6700 1 -- 172.21.15.131:0/979360481 --> [v2:172.21.15.131:3300/0,v1:172.21.15.131:6789/0] -- mon_command([{prefix=config set, name=mgr/dashboard/ssl_server_port}] v 0) v1 -- 0x7f804c1093f0 con 0x7f804c105200
2024-02-05T07:45:01.851 INFO:teuthology.orchestra.run.smithi131.stdout:/usr/bin/ceph: stderr
2024-02-05T07:45:01.276+0000 7f8048ff9700 1 -- 172.21.15.131:0/979360481 <== mon.0 v2:172.21.15.131:3300/0 7 ==== mon_command_ack([{prefix=config set, name=mgr/dashboard/ssl_server_port}]=0 v8)=0 v8) v1 ==== 130+0+0 (secure 0 0 0) 0x7f8040018be0 con 0x7f804c105200
2024-02-05T07:45:01.851 INFO:teuthology.orchestra.run.smithi131.stdout:/usr/bin/ceph: stderr
2024-02-05T07:45:01.278+0000 7f80520c6700 1 -- 172.21.15.131:0/979360481 >> v2:172.21.15.131:6800/2947584178 conn(0x7f8034038ea0 msgr2=0x7f803403b360 secure :-1 s=STATE_CONNECTION_ESTABLISHED l=1).mark_down
2024-02-05T07:45:01.851 INFO:teuthology.orchestra.run.smithi131.stdout:/usr/bin/ceph: stderr
2024-02-05T07:45:01.278+0000 7f80520c6700 1 --2- 172.21.15.131:0/979360481 >> v2:172.21.15.131:6800/2947584178 conn(0x7f8034038ea0 0x7f803403b360 secure :-1 s=READY pgs=15 cs=0 l=1 rev1=1 crypto rx=0x7f803c006fd0 tx=0x7f803c006e40 comp rx=0 tx=0).stop
2024-02-05T07:45:01.851 INFO:teuthology.orchestra.run.smithi131.stdout:/usr/bin/ceph: stderr
2024-02-05T07:45:01.279+0000 7f80520c6700 1 -- 172.21.15.131:0/979360481 >> [v2:172.21.15.131:3300/0,v1:172.21.15.131:6789/0] conn(0x7f804c105200 msgr2=0x7f804c18fd70 secure :-1 s=STATE_CONNECTION_ESTABLISHED l=1).mark_down
2024-02-05T07:45:01.851 INFO:teuthology.orchestra.run.smithi131.stdout:/usr/bin/ceph: stderr
2024-02-05T07:45:01.279+0000 7f80520c6700 1 --2- 172.21.15.131:0/979360481 >> [v2:172.21.15.131:3300/0,v1:172.21.15.131:6789/0] conn(0x7f804c105200 0x7f804c18fd70 secure :-1 s=READY pgs=54 cs=0 l=1 rev1=1 crypto rx=0x7f8040006af0 tx=0x7f80400119c0 comp rx=0 tx=0).stop
2024-02-05T07:45:01.852 INFO:teuthology.orchestra.run.smithi131.stdout:/usr/bin/ceph: stderr
2024-02-05T07:45:01.279+0000 7f80520c6700 1 -- 172.21.15.131:0/979360481 shutdown_connections
2024-02-05T07:45:01.852 INFO:teuthology.orchestra.run.smithi131.stdout:/usr/bin/ceph: stderr
2024-02-05T07:45:01.279+0000 7f80520c6700 1 --2- 172.21.15.131:0/979360481 >> v2:172.21.15.131:6800/2947584178 conn(0x7f8034038ea0 0x7f803403b360 unknown :-1 s=CLOSED pgs=15 cs=0 l=1 rev1=1 crypto rx=0 tx=0 comp rx=0 tx=0).stop
2024-02-05T07:45:01.852 INFO:teuthology.orchestra.run.smithi131.stdout:/usr/bin/ceph: stderr
2024-02-05T07:45:01.279+0000 7f80520c6700 1 --2- 172.21.15.131:0/979360481 >> [v2:172.21.15.131:3300/0,v1:172.21.15.131:6789/0] conn(0x7f804c105200 0x7f804c18fd70 unknown :-1 s=CLOSED pgs=54 cs=0 l=1 rev1=1 crypto rx=0 tx=0 comp rx=0 tx=0).stop
2024-02-05T07:45:01.852 INFO:teuthology.orchestra.run.smithi131.stdout:/usr/bin/ceph: stderr
2024-02-05T07:45:01.279+0000 7f80520c6700 1 -- 172.21.15.131:0/979360481 >> 172.21.15.131:0/979360481 conn(0x7f804c0ffa40 msgr2=0x7f804c1008e0 unknown :-1 s=STATE_NONE l=0).mark_down
2024-02-05T07:45:01.852 INFO:teuthology.orchestra.run.smithi131.stdout:/usr/bin/ceph: stderr
2024-02-05T07:45:01.279+0000 7f80520c6700 1 -- 172.21.15.131:0/979360481 shutdown_connections
2024-02-05T07:45:01.852 INFO:teuthology.orchestra.run.smithi131.stdout:/usr/bin/ceph: stderr
2024-02-05T07:45:01.279+0000 7f80520c6700 1 -- 172.21.15.131:0/979360481 wait complete.
2024-02-05T07:45:01.852 INFO:teuthology.orchestra.run.smithi131.stdout:Enabling the dashboard module...
2024-02-05T07:45:02.496 INFO:journalctl@ceph.mon.a.smithi131.stdout:Feb 05 07:45:02 smithi131 ceph-mon[29507]: from='mgr.14120 172.21.15.131:0/646944304' entity='mgr.y'
2024-02-05T07:45:02.496 INFO:journalctl@ceph.mon.a.smithi131.stdout:Feb 05 07:45:02 smithi131 ceph-mon[29507]: from='client.? 172.21.15.131:0/979360481' entity='client.admin'
2024-02-05T07:45:03.986 INFO:journalctl@ceph.mon.a.smithi131.stdout:Feb 05 07:45:03 smithi131 ceph-mon[29507]: pgmap v3: 0 pgs: ; 0 B data, 0 B used, 0 B / 0 B avail
2024-02-05T07:45:03.986 INFO:journalctl@ceph.mon.a.smithi131.stdout:Feb 05 07:45:03 smithi131 ceph-mon[29507]: from='client.? 172.21.15.131:0/393363482' entity='client.admin' cmd=[{"prefix": "mgr module enable", "module": "dashboard"}]: dispatch
2024-02-05T07:45:03.987 INFO:journalctl@ceph.mgr.y.smithi131.stdout:Feb 05 07:45:03 smithi131 ceph-4018fbe8-c3fa-11ee-95b6-87774f69a715-mgr-y[29767]: ignoring --setuser ceph since I am not root
2024-02-05T07:45:03.987 INFO:journalctl@ceph.mgr.y.smithi131.stdout:Feb 05 07:45:03 smithi131 ceph-4018fbe8-c3fa-11ee-95b6-87774f69a715-mgr-y[29767]: ignoring --setgroup ceph since I am not root
2024-02-05T07:45:04.286 INFO:teuthology.orchestra.run.smithi131.stdout:/usr/bin/ceph: stderr
2024-02-05T07:45:02.516+0000 7f38c967e700 1 Processor -- start
2024-02-05T07:45:04.286 INFO:teuthology.orchestra.run.smithi131.stdout:/usr/bin/ceph: stderr
2024-02-05T07:45:02.516+0000 7f38c967e700 1 -- start start
2024-02-05T07:45:04.286 INFO:teuthology.orchestra.run.smithi131.stdout:/usr/bin/ceph: stderr
2024-02-05T07:45:02.516+0000 7f38c967e700 1 --2- >> [v2:172.21.15.131:3300/0,v1:172.21.15.131:6789/0] conn(0x7f38c41068b0 0x7f38c4108ca0 unknown :-1 s=NONE pgs=0 cs=0 l=0 rev1=0 crypto rx=0 tx=0 comp rx=0 tx=0).connect
2024-02-05T07:45:04.286 INFO:teuthology.orchestra.run.smithi131.stdout:/usr/bin/ceph: stderr
2024-02-05T07:45:02.516+0000 7f38c967e700 1 -- --> [v2:172.21.15.131:3300/0,v1:172.21.15.131:6789/0] -- mon_getmap magic: 0 v1 -- 0x7f38c4079740 con 0x7f38c41068b0
2024-02-05T07:45:04.286 INFO:teuthology.orchestra.run.smithi131.stdout:/usr/bin/ceph: stderr
2024-02-05T07:45:02.516+0000 7f38c2ffd700 1 --2- >> [v2:172.21.15.131:3300/0,v1:172.21.15.131:6789/0] conn(0x7f38c41068b0 0x7f38c4108ca0 unknown :-1 s=BANNER_CONNECTING pgs=0 cs=0 l=0 rev1=0 crypto rx=0 tx=0 comp rx=0 tx=0)._handle_peer_banner_payload supported=3 required=0
2024-02-05T07:45:04.286 INFO:teuthology.orchestra.run.smithi131.stdout:/usr/bin/ceph: stderr
2024-02-05T07:45:02.516+0000 7f38c2ffd700 1 --2- >> [v2:172.21.15.131:3300/0,v1:172.21.15.131:6789/0] conn(0x7f38c41068b0 0x7f38c4108ca0 unknown :-1 s=HELLO_CONNECTING pgs=0 cs=0 l=0 rev1=1 crypto rx=0 tx=0 comp rx=0 tx=0).handle_hello peer v2:172.21.15.131:3300/0 says I am v2:172.21.15.131:34734/0 (socket says 172.21.15.131:34734)
2024-02-05T07:45:04.286 INFO:teuthology.orchestra.run.smithi131.stdout:/usr/bin/ceph: stderr
2024-02-05T07:45:02.516+0000 7f38c2ffd700 1 -- 172.21.15.131:0/1763935885 learned_addr learned my addr 172.21.15.131:0/1763935885 (peer_addr_for_me v2:172.21.15.131:0/0)
2024-02-05T07:45:04.286 INFO:teuthology.orchestra.run.smithi131.stdout:/usr/bin/ceph: stderr
2024-02-05T07:45:02.516+0000 7f38c2ffd700 1 -- 172.21.15.131:0/1763935885 --> [v2:172.21.15.131:3300/0,v1:172.21.15.131:6789/0] -- mon_subscribe({config=0+,monmap=0+}) v3 -- 0x7f38c41091e0 con 0x7f38c41068b0
2024-02-05T07:45:04.286 INFO:teuthology.orchestra.run.smithi131.stdout:/usr/bin/ceph: stderr
2024-02-05T07:45:02.517+0000 7f38c2ffd700 1 --2- 172.21.15.131:0/1763935885 >> [v2:172.21.15.131:3300/0,v1:172.21.15.131:6789/0] conn(0x7f38c41068b0 0x7f38c4108ca0 secure :-1 s=READY pgs=55 cs=0 l=1 rev1=1 crypto rx=0x7f38b40098a0 tx=0x7f38b4009bb0 comp rx=0 tx=0).ready entity=mon.0 client_cookie=f2230f3ceef26924 server_cookie=0 in_seq=0 out_seq=0
2024-02-05T07:45:04.287 INFO:teuthology.orchestra.run.smithi131.stdout:/usr/bin/ceph: stderr
2024-02-05T07:45:02.517+0000 7f38c1ffb700 1 -- 172.21.15.131:0/1763935885 <== mon.0 v2:172.21.15.131:3300/0 1 ==== mon_map magic: 0 v1 ==== 205+0+0 (secure 0 0 0) 0x7f38b4004160 con 0x7f38c41068b0
2024-02-05T07:45:04.287 INFO:teuthology.orchestra.run.smithi131.stdout:/usr/bin/ceph: stderr
2024-02-05T07:45:02.517+0000 7f38c1ffb700 1 -- 172.21.15.131:0/1763935885 <== mon.0 v2:172.21.15.131:3300/0 2 ==== config(26 keys) v1 ==== 1093+0+0 (secure 0 0 0) 0x7f38b40042c0 con 0x7f38c41068b0
2024-02-05T07:45:04.287 INFO:teuthology.orchestra.run.smithi131.stdout:/usr/bin/ceph: stderr
2024-02-05T07:45:02.517+0000 7f38c1ffb700 1 -- 172.21.15.131:0/1763935885 <== mon.0 v2:172.21.15.131:3300/0 3 ==== mon_map magic: 0 v1 ==== 205+0+0 (secure 0 0 0) 0x7f38b4011960 con 0x7f38c41068b0
2024-02-05T07:45:04.287 INFO:teuthology.orchestra.run.smithi131.stdout:/usr/bin/ceph: stderr
2024-02-05T07:45:02.517+0000 7f38c967e700 1 -- 172.21.15.131:0/1763935885 >> [v2:172.21.15.131:3300/0,v1:172.21.15.131:6789/0] conn(0x7f38c41068b0 msgr2=0x7f38c4108ca0 secure :-1 s=STATE_CONNECTION_ESTABLISHED l=1).mark_down
2024-02-05T07:45:04.287 INFO:teuthology.orchestra.run.smithi131.stdout:/usr/bin/ceph: stderr
2024-02-05T07:45:02.517+0000 7f38c967e700 1 --2- 172.21.15.131:0/1763935885 >> [v2:172.21.15.131:3300/0,v1:172.21.15.131:6789/0] conn(0x7f38c41068b0 0x7f38c4108ca0 secure :-1 s=READY pgs=55 cs=0 l=1 rev1=1 crypto rx=0x7f38b40098a0 tx=0x7f38b4009bb0 comp rx=0 tx=0).stop
2024-02-05T07:45:04.287 INFO:teuthology.orchestra.run.smithi131.stdout:/usr/bin/ceph: stderr
2024-02-05T07:45:02.518+0000 7f38c967e700 1 -- 172.21.15.131:0/1763935885 shutdown_connections
2024-02-05T07:45:04.287 INFO:teuthology.orchestra.run.smithi131.stdout:/usr/bin/ceph: stderr
2024-02-05T07:45:02.518+0000 7f38c967e700 1 --2- 172.21.15.131:0/1763935885 >> [v2:172.21.15.131:3300/0,v1:172.21.15.131:6789/0] conn(0x7f38c41068b0 0x7f38c4108ca0 unknown :-1 s=CLOSED pgs=55 cs=0 l=1 rev1=1 crypto rx=0 tx=0 comp rx=0 tx=0).stop
2024-02-05T07:45:04.287 INFO:teuthology.orchestra.run.smithi131.stdout:/usr/bin/ceph: stderr
2024-02-05T07:45:02.518+0000 7f38c967e700 1 -- 172.21.15.131:0/1763935885 >> 172.21.15.131:0/1763935885 conn(0x7f38c41002a0 msgr2=0x7f38c4102720 unknown :-1 s=STATE_NONE l=0).mark_down
2024-02-05T07:45:04.287 INFO:teuthology.orchestra.run.smithi131.stdout:/usr/bin/ceph: stderr
2024-02-05T07:45:02.518+0000 7f38c967e700 1 -- 172.21.15.131:0/1763935885 shutdown_connections
2024-02-05T07:45:04.287 INFO:teuthology.orchestra.run.smithi131.stdout:/usr/bin/ceph: stderr
2024-02-05T07:45:02.518+0000 7f38c967e700 1 -- 172.21.15.131:0/1763935885 wait complete.
2024-02-05T07:45:04.287 INFO:teuthology.orchestra.run.smithi131.stdout:/usr/bin/ceph: stderr
2024-02-05T07:45:02.518+0000 7f38c967e700 1 Processor -- start
2024-02-05T07:45:04.287 INFO:teuthology.orchestra.run.smithi131.stdout:/usr/bin/ceph: stderr
2024-02-05T07:45:02.518+0000 7f38c967e700 1 -- start start
2024-02-05T07:45:04.287 INFO:teuthology.orchestra.run.smithi131.stdout:/usr/bin/ceph: stderr
2024-02-05T07:45:02.518+0000 7f38c967e700 1 --2- >> [v2:172.21.15.131:3300/0,v1:172.21.15.131:6789/0] conn(0x7f38c41068b0 0x7f38c4106130 unknown :-1 s=NONE pgs=0 cs=0 l=1 rev1=0 crypto rx=0 tx=0 comp rx=0 tx=0).connect
2024-02-05T07:45:04.287 INFO:teuthology.orchestra.run.smithi131.stdout:/usr/bin/ceph: stderr
2024-02-05T07:45:02.518+0000 7f38c967e700 1 -- --> [v2:172.21.15.131:3300/0,v1:172.21.15.131:6789/0] -- mon_getmap magic: 0 v1 -- 0x7f38c4106670 con 0x7f38c41068b0
2024-02-05T07:45:04.287 INFO:teuthology.orchestra.run.smithi131.stdout:/usr/bin/ceph: stderr
2024-02-05T07:45:02.519+0000 7f38c2ffd700 1 --2- >> [v2:172.21.15.131:3300/0,v1:172.21.15.131:6789/0] conn(0x7f38c41068b0 0x7f38c4106130 unknown :-1 s=BANNER_CONNECTING pgs=0 cs=0 l=1 rev1=0 crypto rx=0 tx=0 comp rx=0 tx=0)._handle_peer_banner_payload supported=3 required=0
2024-02-05T07:45:04.288 INFO:teuthology.orchestra.run.smithi131.stdout:/usr/bin/ceph: stderr
2024-02-05T07:45:02.519+0000 7f38c2ffd700 1 --2- >> [v2:172.21.15.131:3300/0,v1:172.21.15.131:6789/0] conn(0x7f38c41068b0 0x7f38c4106130 unknown :-1 s=HELLO_CONNECTING pgs=0 cs=0 l=1 rev1=1 crypto rx=0 tx=0 comp rx=0 tx=0).handle_hello peer v2:172.21.15.131:3300/0 says I am v2:172.21.15.131:34746/0 (socket says 172.21.15.131:34746)
2024-02-05T07:45:04.288 INFO:teuthology.orchestra.run.smithi131.stdout:/usr/bin/ceph: stderr
2024-02-05T07:45:02.519+0000 7f38c2ffd700 1 -- 172.21.15.131:0/393363482 learned_addr learned my addr 172.21.15.131:0/393363482 (peer_addr_for_me v2:172.21.15.131:0/0)
2024-02-05T07:45:04.288 INFO:teuthology.orchestra.run.smithi131.stdout:/usr/bin/ceph: stderr
