2024-02-13T15:55:31.149+0000 7f24effff700 1 -- 172.21.15.5:0/4273797078 --> [v2:172.21.15.5:3300/0,v1:172.21.15.5:6789/0] -- mon_subscribe({config=0+,monmap=0+}) v3 -- 0x7f24e000b200 con 0x7f24f0070440
2024-02-13T15:55:31.152 INFO:teuthology.orchestra.run.smithi005.stderr:/usr/bin/ceph:
2024-02-13T15:55:31.149+0000 7f24effff700 1 --2- 172.21.15.5:0/4273797078 >> [v2:172.21.15.5:3300/0,v1:172.21.15.5:6789/0] conn(0x7f24f0070440 0x7f24f010ab80 secure :-1 s=READY pgs=65 cs=0 l=1 rev1=1 rx=0x7f24e0006800 tx=0x7f24e0006ee0).ready entity=mon.0 client_cookie=0 server_cookie=0 in_seq=0 out_seq=0
2024-02-13T15:55:31.152 INFO:teuthology.orchestra.run.smithi005.stderr:/usr/bin/ceph:
2024-02-13T15:55:31.149+0000 7f24ecff9700 1 -- 172.21.15.5:0/4273797078 <== mon.0 v2:172.21.15.5:3300/0 1 ==== mon_map magic: 0 v1 ==== 229+0+0 (secure 0 0 0) 0x7f24e001b410 con 0x7f24f0070440
2024-02-13T15:55:31.152 INFO:teuthology.orchestra.run.smithi005.stderr:/usr/bin/ceph:
2024-02-13T15:55:31.150+0000 7f24ecff9700 1 -- 172.21.15.5:0/4273797078 <== mon.0 v2:172.21.15.5:3300/0 2 ==== config(25 keys) v1 ==== 1045+0+0 (secure 0 0 0) 0x7f24e001ba00 con 0x7f24f0070440
2024-02-13T15:55:31.152 INFO:teuthology.orchestra.run.smithi005.stderr:/usr/bin/ceph:
2024-02-13T15:55:31.150+0000 7f24ecff9700 1 -- 172.21.15.5:0/4273797078 <== mon.0 v2:172.21.15.5:3300/0 3 ==== mon_map magic: 0 v1 ==== 229+0+0 (secure 0 0 0) 0x7f24e001a7a0 con 0x7f24f0070440
2024-02-13T15:55:31.153 INFO:teuthology.orchestra.run.smithi005.stderr:/usr/bin/ceph:
2024-02-13T15:55:31.150+0000 7f24f62b6700 1 -- 172.21.15.5:0/4273797078 --> [v2:172.21.15.5:3300/0,v1:172.21.15.5:6789/0] -- mon_subscribe({mgrmap=0+}) v3 -- 0x7f24f010b270 con 0x7f24f0070440
2024-02-13T15:55:31.153 INFO:teuthology.orchestra.run.smithi005.stderr:/usr/bin/ceph:
2024-02-13T15:55:31.150+0000 7f24f62b6700 1 -- 172.21.15.5:0/4273797078 --> [v2:172.21.15.5:3300/0,v1:172.21.15.5:6789/0] -- mon_subscribe({osdmap=0}) v3 -- 0x7f24f010b680 con 0x7f24f0070440
2024-02-13T15:55:31.153 INFO:teuthology.orchestra.run.smithi005.stderr:/usr/bin/ceph:
2024-02-13T15:55:31.151+0000 7f24ecff9700 1 -- 172.21.15.5:0/4273797078 <== mon.0 v2:172.21.15.5:3300/0 4 ==== mgrmap(e 12) v1 ==== 36195+0+0 (secure 0 0 0) 0x7f24e002b070 con 0x7f24f0070440
2024-02-13T15:55:31.153 INFO:teuthology.orchestra.run.smithi005.stderr:/usr/bin/ceph:
2024-02-13T15:55:31.151+0000 7f24ecff9700 1 --2- 172.21.15.5:0/4273797078 >> [v2:172.21.15.5:6800/3201243504,v1:172.21.15.5:6801/3201243504] conn(0x7f24dc02feb0 0x7f24dc032370 unknown :-1 s=NONE pgs=0 cs=0 l=1 rev1=0 rx=0 tx=0).connect
2024-02-13T15:55:31.153 INFO:teuthology.orchestra.run.smithi005.stderr:/usr/bin/ceph:
2024-02-13T15:55:31.151+0000 7f24ecff9700 1 -- 172.21.15.5:0/4273797078 <== mon.0 v2:172.21.15.5:3300/0 5 ==== osd_map(3..3 src has 1..3) v4 ==== 1065+0+0 (secure 0 0 0) 0x7f24e00415b0 con 0x7f24f0070440
2024-02-13T15:55:31.153 INFO:teuthology.orchestra.run.smithi005.stderr:/usr/bin/ceph:
2024-02-13T15:55:31.151+0000 7f24ef7fe700 1 --2- 172.21.15.5:0/4273797078 >> [v2:172.21.15.5:6800/3201243504,v1:172.21.15.5:6801/3201243504] conn(0x7f24dc02feb0 0x7f24dc032370 unknown :-1 s=BANNER_CONNECTING pgs=0 cs=0 l=1 rev1=0 rx=0 tx=0)._handle_peer_banner_payload supported=1 required=0
2024-02-13T15:55:31.153 INFO:teuthology.orchestra.run.smithi005.stderr:/usr/bin/ceph:
2024-02-13T15:55:31.151+0000 7f24ef7fe700 1 --2- 172.21.15.5:0/4273797078 >> [v2:172.21.15.5:6800/3201243504,v1:172.21.15.5:6801/3201243504] conn(0x7f24dc02feb0 0x7f24dc032370 secure :-1 s=READY pgs=11 cs=0 l=1 rev1=1 rx=0x7f24e40096a0 tx=0x7f24e4006b40).ready entity=mgr.14140 client_cookie=0 server_cookie=0 in_seq=0 out_seq=0
2024-02-13T15:55:31.153 INFO:teuthology.orchestra.run.smithi005.stderr:/usr/bin/ceph:
2024-02-13T15:55:31.151+0000 7f24f62b6700 1 -- 172.21.15.5:0/4273797078 --> [v2:172.21.15.5:3300/0,v1:172.21.15.5:6789/0] -- mon_command({"prefix": "get_command_descriptions"} v 0) v1 -- 0x7f24f0059100 con 0x7f24f0070440
2024-02-13T15:55:31.155 INFO:teuthology.orchestra.run.smithi005.stderr:/usr/bin/ceph:
2024-02-13T15:55:31.156+0000 7f24ecff9700 1 -- 172.21.15.5:0/4273797078 <== mon.0 v2:172.21.15.5:3300/0 6 ==== mon_command_ack([{"prefix": "get_command_descriptions"}]=0 v0) v1 ==== 72+0+152212 (secure 0 0 0) 0x7f24e0016070 con 0x7f24f0070440
2024-02-13T15:55:31.351 INFO:teuthology.orchestra.run.smithi005.stderr:/usr/bin/ceph:
2024-02-13T15:55:31.351+0000 7f24f62b6700 1 -- 172.21.15.5:0/4273797078 --> [v2:172.21.15.5:3300/0,v1:172.21.15.5:6789/0] -- mon_command({"prefix": "mgr module enable", "module": "dashboard"} v 0) v1 -- 0x7f24f0045ad0 con 0x7f24f0070440
2024-02-13T15:55:31.370 INFO:journalctl@ceph.mon.smithi005.smithi005.stdout:Feb 13 15:55:30 smithi005 ceph-00e975ee-ca88-11ee-95b9-87774f69a715-mon.smithi005[39597]: audit
2024-02-13T15:55:29.924678+0000 mon.smithi005 (mon.0) 86 : audit [INF] from='client.? 172.21.15.5:0/1402533435' entity='client.admin'
2024-02-13T15:55:31.927 INFO:teuthology.orchestra.run.smithi005.stderr:/usr/bin/ceph:
2024-02-13T15:55:31.926+0000 7f24ecff9700 1 -- 172.21.15.5:0/4273797078 <== mon.0 v2:172.21.15.5:3300/0 7 ==== mgrmap(e 13) v1 ==== 36208+0+0 (secure 0 0 0) 0x7f24e000f070 con 0x7f24f0070440
2024-02-13T15:55:31.928 INFO:teuthology.orchestra.run.smithi005.stderr:/usr/bin/ceph:
2024-02-13T15:55:31.928+0000 7f24ecff9700 1 -- 172.21.15.5:0/4273797078 <== mon.0 v2:172.21.15.5:3300/0 8 ==== mon_command_ack([{"prefix": "mgr module enable", "module": "dashboard"}]=0 v13) v1 ==== 88+0+0 (secure 0 0 0) 0x7f24e002d9a0 con 0x7f24f0070440
2024-02-13T15:55:31.932 INFO:teuthology.orchestra.run.smithi005.stderr:/usr/bin/ceph:
2024-02-13T15:55:31.930+0000 7f24f62b6700 1 -- 172.21.15.5:0/4273797078 >> [v2:172.21.15.5:6800/3201243504,v1:172.21.15.5:6801/3201243504] conn(0x7f24dc02feb0 msgr2=0x7f24dc032370 secure :-1 s=STATE_CONNECTION_ESTABLISHED l=1).mark_down
2024-02-13T15:55:31.932 INFO:teuthology.orchestra.run.smithi005.stderr:/usr/bin/ceph:
2024-02-13T15:55:31.930+0000 7f24f62b6700 1 --2- 172.21.15.5:0/4273797078 >> [v2:172.21.15.5:6800/3201243504,v1:172.21.15.5:6801/3201243504] conn(0x7f24dc02feb0 0x7f24dc032370 secure :-1 s=READY pgs=11 cs=0 l=1 rev1=1 rx=0x7f24e40096a0 tx=0x7f24e4006b40).stop
2024-02-13T15:55:31.932 INFO:teuthology.orchestra.run.smithi005.stderr:/usr/bin/ceph:
2024-02-13T15:55:31.930+0000 7f24f62b6700 1 -- 172.21.15.5:0/4273797078 >> [v2:172.21.15.5:3300/0,v1:172.21.15.5:6789/0] conn(0x7f24f0070440 msgr2=0x7f24f010ab80 secure :-1 s=STATE_CONNECTION_ESTABLISHED l=1).mark_down
2024-02-13T15:55:31.932 INFO:teuthology.orchestra.run.smithi005.stderr:/usr/bin/ceph:
2024-02-13T15:55:31.930+0000 7f24f62b6700 1 --2- 172.21.15.5:0/4273797078 >> [v2:172.21.15.5:3300/0,v1:172.21.15.5:6789/0] conn(0x7f24f0070440 0x7f24f010ab80 secure :-1 s=READY pgs=65 cs=0 l=1 rev1=1 rx=0x7f24e0006800 tx=0x7f24e0006ee0).stop
2024-02-13T15:55:31.932 INFO:teuthology.orchestra.run.smithi005.stderr:/usr/bin/ceph:
2024-02-13T15:55:31.930+0000 7f24f62b6700 1 -- 172.21.15.5:0/4273797078 shutdown_connections
2024-02-13T15:55:31.932 INFO:teuthology.orchestra.run.smithi005.stderr:/usr/bin/ceph:
2024-02-13T15:55:31.930+0000 7f24f62b6700 1 --2- 172.21.15.5:0/4273797078 >> [v2:172.21.15.5:6800/3201243504,v1:172.21.15.5:6801/3201243504] conn(0x7f24dc02feb0 0x7f24dc032370 unknown :-1 s=CLOSED pgs=11 cs=0 l=1 rev1=1 rx=0 tx=0).stop
2024-02-13T15:55:31.932 INFO:teuthology.orchestra.run.smithi005.stderr:/usr/bin/ceph:
2024-02-13T15:55:31.930+0000 7f24f62b6700 1 --2- 172.21.15.5:0/4273797078 >> [v2:172.21.15.5:3300/0,v1:172.21.15.5:6789/0] conn(0x7f24f0070440 0x7f24f010ab80 unknown :-1 s=CLOSED pgs=65 cs=0 l=1 rev1=1 rx=0 tx=0).stop
2024-02-13T15:55:31.932 INFO:teuthology.orchestra.run.smithi005.stderr:/usr/bin/ceph:
2024-02-13T15:55:31.930+0000 7f24f62b6700 1 -- 172.21.15.5:0/4273797078 >> 172.21.15.5:0/4273797078 conn(0x7f24f00f6460 msgr2=0x7f24f00f7fa0 unknown :-1 s=STATE_NONE l=0).mark_down
2024-02-13T15:55:31.933 INFO:teuthology.orchestra.run.smithi005.stderr:/usr/bin/ceph:
2024-02-13T15:55:31.931+0000 7f24f62b6700 1 -- 172.21.15.5:0/4273797078 shutdown_connections
2024-02-13T15:55:31.933 INFO:teuthology.orchestra.run.smithi005.stderr:/usr/bin/ceph:
2024-02-13T15:55:31.932+0000 7f24f62b6700 1 -- 172.21.15.5:0/4273797078 wait complete.
2024-02-13T15:55:32.355 INFO:journalctl@ceph.mon.smithi005.smithi005.stdout:Feb 13 15:55:31 smithi005 ceph-00e975ee-ca88-11ee-95b9-87774f69a715-mon.smithi005[39597]: audit
2024-02-13T15:55:31.352023+0000 mon.smithi005 (mon.0) 87 : audit [INF] from='client.? 172.21.15.5:0/4273797078' entity='client.admin' cmd=[{"prefix": "mgr module enable", "module": "dashboard"}]: dispatch
2024-02-13T15:55:32.666 INFO:teuthology.orchestra.run.smithi005.stderr:Running command: /bin/podman run --rm --ipc=host --no-hosts --net=host --entrypoint /usr/bin/ceph --init -e CONTAINER_IMAGE=quay.io/ceph/ceph:v16.2.4 -e NODE_NAME=smithi005 -e CEPH_USE_RANDOM_NONCE=1 -v /var/log/ceph/00e975ee-ca88-11ee-95b9-87774f69a715:/var/log/ceph:z -v /tmp/ceph-tmpfwtnk3x_:/etc/ceph/ceph.client.admin.keyring:z -v /tmp/ceph-tmp9cjy4nh0:/etc/ceph/ceph.conf:z quay.io/ceph/ceph:v16.2.4 mgr stat
2024-02-13T15:55:33.306 INFO:teuthology.orchestra.run.smithi005.stderr:/usr/bin/ceph:
2024-02-13T15:55:33.304+0000 7f8a357da700 1 Processor -- start
2024-02-13T15:55:33.307 INFO:teuthology.orchestra.run.smithi005.stderr:/usr/bin/ceph:
2024-02-13T15:55:33.304+0000 7f8a357da700 1 -- start start
2024-02-13T15:55:33.307 INFO:teuthology.orchestra.run.smithi005.stderr:/usr/bin/ceph:
2024-02-13T15:55:33.305+0000 7f8a357da700 1 --2- >> [v2:172.21.15.5:3300/0,v1:172.21.15.5:6789/0] conn(0x7f8a300724c0 0x7f8a30070a60 unknown :-1 s=NONE pgs=0 cs=0 l=0 rev1=0 rx=0 tx=0).connect
2024-02-13T15:55:33.307 INFO:teuthology.orchestra.run.smithi005.stderr:/usr/bin/ceph:
2024-02-13T15:55:33.305+0000 7f8a357da700 1 -- --> [v2:172.21.15.5:3300/0,v1:172.21.15.5:6789/0] -- mon_getmap magic: 0 v1 -- 0x7f8a300728e0 con 0x7f8a300724c0
2024-02-13T15:55:33.307 INFO:teuthology.orchestra.run.smithi005.stderr:/usr/bin/ceph:
2024-02-13T15:55:33.305+0000 7f8a2effd700 1 --2- >> [v2:172.21.15.5:3300/0,v1:172.21.15.5:6789/0] conn(0x7f8a300724c0 0x7f8a30070a60 unknown :-1 s=BANNER_CONNECTING pgs=0 cs=0 l=0 rev1=0 rx=0 tx=0)._handle_peer_banner_payload supported=1 required=0
2024-02-13T15:55:33.307 INFO:teuthology.orchestra.run.smithi005.stderr:/usr/bin/ceph:
2024-02-13T15:55:33.305+0000 7f8a2effd700 1 --2- >> [v2:172.21.15.5:3300/0,v1:172.21.15.5:6789/0] conn(0x7f8a300724c0 0x7f8a30070a60 unknown :-1 s=HELLO_CONNECTING pgs=0 cs=0 l=0 rev1=1 rx=0 tx=0).handle_hello peer v2:172.21.15.5:3300/0 says I am v2:172.21.15.5:54396/0 (socket says 172.21.15.5:54396)
2024-02-13T15:55:33.307 INFO:teuthology.orchestra.run.smithi005.stderr:/usr/bin/ceph:
2024-02-13T15:55:33.305+0000 7f8a2effd700 1 -- 172.21.15.5:0/3775658478 learned_addr learned my addr 172.21.15.5:0/3775658478 (peer_addr_for_me v2:172.21.15.5:0/0)
2024-02-13T15:55:33.307 INFO:teuthology.orchestra.run.smithi005.stderr:/usr/bin/ceph:
2024-02-13T15:55:33.305+0000 7f8a2effd700 1 -- 172.21.15.5:0/3775658478 --> [v2:172.21.15.5:3300/0,v1:172.21.15.5:6789/0] -- mon_subscribe({config=0+,monmap=0+}) v3 -- 0x7f8a30070f50 con 0x7f8a300724c0
2024-02-13T15:55:33.307 INFO:teuthology.orchestra.run.smithi005.stderr:/usr/bin/ceph:
2024-02-13T15:55:33.305+0000 7f8a2effd700 1 --2- 172.21.15.5:0/3775658478 >> [v2:172.21.15.5:3300/0,v1:172.21.15.5:6789/0] conn(0x7f8a300724c0 0x7f8a30070a60 secure :-1 s=READY pgs=68 cs=0 l=1 rev1=1 rx=0x7f8a2400b5f0 tx=0x7f8a24006ee0).ready entity=mon.0 client_cookie=e3019c3ef16ee08d server_cookie=0 in_seq=0 out_seq=0
2024-02-13T15:55:33.307 INFO:teuthology.orchestra.run.smithi005.stderr:/usr/bin/ceph:
2024-02-13T15:55:33.306+0000 7f8a2dffb700 1 -- 172.21.15.5:0/3775658478 <== mon.0 v2:172.21.15.5:3300/0 1 ==== mon_map magic: 0 v1 ==== 229+0+0 (secure 0 0 0) 0x7f8a2400d600 con 0x7f8a300724c0
2024-02-13T15:55:33.307 INFO:teuthology.orchestra.run.smithi005.stderr:/usr/bin/ceph:
2024-02-13T15:55:33.306+0000 7f8a2dffb700 1 -- 172.21.15.5:0/3775658478 <== mon.0 v2:172.21.15.5:3300/0 2 ==== config(25 keys) v1 ==== 1045+0+0 (secure 0 0 0) 0x7f8a2400dbf0 con 0x7f8a300724c0
2024-02-13T15:55:33.308 INFO:teuthology.orchestra.run.smithi005.stderr:/usr/bin/ceph:
2024-02-13T15:55:33.306+0000 7f8a2dffb700 1 -- 172.21.15.5:0/3775658478 <== mon.0 v2:172.21.15.5:3300/0 3 ==== mon_map magic: 0 v1 ==== 229+0+0 (secure 0 0 0) 0x7f8a24011bf0 con 0x7f8a300724c0
2024-02-13T15:55:33.308 INFO:teuthology.orchestra.run.smithi005.stderr:/usr/bin/ceph:
2024-02-13T15:55:33.306+0000 7f8a357da700 1 -- 172.21.15.5:0/3775658478 >> [v2:172.21.15.5:3300/0,v1:172.21.15.5:6789/0] conn(0x7f8a300724c0 msgr2=0x7f8a30070a60 secure :-1 s=STATE_CONNECTION_ESTABLISHED l=1).mark_down
2024-02-13T15:55:33.309 INFO:teuthology.orchestra.run.smithi005.stderr:/usr/bin/ceph:
2024-02-13T15:55:33.306+0000 7f8a357da700 1 --2- 172.21.15.5:0/3775658478 >> [v2:172.21.15.5:3300/0,v1:172.21.15.5:6789/0] conn(0x7f8a300724c0 0x7f8a30070a60 secure :-1 s=READY pgs=68 cs=0 l=1 rev1=1 rx=0x7f8a2400b5f0 tx=0x7f8a24006ee0).stop
2024-02-13T15:55:33.309 INFO:teuthology.orchestra.run.smithi005.stderr:/usr/bin/ceph:
2024-02-13T15:55:33.306+0000 7f8a357da700 1 -- 172.21.15.5:0/3775658478 shutdown_connections
2024-02-13T15:55:33.309 INFO:teuthology.orchestra.run.smithi005.stderr:/usr/bin/ceph:
2024-02-13T15:55:33.306+0000 7f8a357da700 1 --2- 172.21.15.5:0/3775658478 >> [v2:172.21.15.5:3300/0,v1:172.21.15.5:6789/0] conn(0x7f8a300724c0 0x7f8a30070a60 unknown :-1 s=CLOSED pgs=68 cs=0 l=1 rev1=1 rx=0 tx=0).stop
2024-02-13T15:55:33.309 INFO:teuthology.orchestra.run.smithi005.stderr:/usr/bin/ceph:
2024-02-13T15:55:33.306+0000 7f8a357da700 1 -- 172.21.15.5:0/3775658478 >> 172.21.15.5:0/3775658478 conn(0x7f8a300f7530 msgr2=0x7f8a300f9950 unknown :-1 s=STATE_NONE l=0).mark_down
2024-02-13T15:55:33.309 INFO:teuthology.orchestra.run.smithi005.stderr:/usr/bin/ceph:
2024-02-13T15:55:33.306+0000 7f8a357da700 1 -- 172.21.15.5:0/3775658478 shutdown_connections
2024-02-13T15:55:33.309 INFO:teuthology.orchestra.run.smithi005.stderr:/usr/bin/ceph:
2024-02-13T15:55:33.306+0000 7f8a357da700 1 -- 172.21.15.5:0/3775658478 wait complete.
2024-02-13T15:55:33.309 INFO:teuthology.orchestra.run.smithi005.stderr:/usr/bin/ceph:
2024-02-13T15:55:33.307+0000 7f8a357da700 1 Processor -- start
2024-02-13T15:55:33.310 INFO:teuthology.orchestra.run.smithi005.stderr:/usr/bin/ceph:
2024-02-13T15:55:33.307+0000 7f8a357da700 1 -- start start
2024-02-13T15:55:33.310 INFO:teuthology.orchestra.run.smithi005.stderr:/usr/bin/ceph:
2024-02-13T15:55:33.307+0000 7f8a357da700 1 --2- >> [v2:172.21.15.5:3300/0,v1:172.21.15.5:6789/0] conn(0x7f8a300724c0 0x7f8a3010cdb0 unknown :-1 s=NONE pgs=0 cs=0 l=1 rev1=0 rx=0 tx=0).connect
2024-02-13T15:55:33.310 INFO:teuthology.orchestra.run.smithi005.stderr:/usr/bin/ceph:
2024-02-13T15:55:33.307+0000 7f8a357da700 1 -- --> [v2:172.21.15.5:3300/0,v1:172.21.15.5:6789/0] -- mon_getmap magic: 0 v1 -- 0x7f8a3010d2a0 con 0x7f8a300724c0
2024-02-13T15:55:33.310 INFO:teuthology.orchestra.run.smithi005.stderr:/usr/bin/ceph:
2024-02-13T15:55:33.307+0000 7f8a2effd700 1 --2- >> [v2:172.21.15.5:3300/0,v1:172.21.15.5:6789/0] conn(0x7f8a300724c0 0x7f8a3010cdb0 unknown :-1 s=BANNER_CONNECTING pgs=0 cs=0 l=1 rev1=0 rx=0 tx=0)._handle_peer_banner_payload supported=1 required=0
2024-02-13T15:55:33.310 INFO:teuthology.orchestra.run.smithi005.stderr:/usr/bin/ceph:
2024-02-13T15:55:33.307+0000 7f8a2effd700 1 --2- >> [v2:172.21.15.5:3300/0,v1:172.21.15.5:6789/0] conn(0x7f8a300724c0 0x7f8a3010cdb0 unknown :-1 s=HELLO_CONNECTING pgs=0 cs=0 l=1 rev1=1 rx=0 tx=0).handle_hello peer v2:172.21.15.5:3300/0 says I am v2:172.21.15.5:54400/0 (socket says 172.21.15.5:54400)
2024-02-13T15:55:33.310 INFO:teuthology.orchestra.run.smithi005.stderr:/usr/bin/ceph:
2024-02-13T15:55:33.307+0000 7f8a2effd700 1 -- 172.21.15.5:0/406141276 learned_addr learned my addr 172.21.15.5:0/406141276 (peer_addr_for_me v2:172.21.15.5:0/0)
2024-02-13T15:55:33.310 INFO:teuthology.orchestra.run.smithi005.stderr:/usr/bin/ceph:
2024-02-13T15:55:33.308+0000 7f8a2effd700 1 -- 172.21.15.5:0/406141276 --> [v2:172.21.15.5:3300/0,v1:172.21.15.5:6789/0] -- mon_subscribe({config=0+,monmap=0+}) v3 -- 0x7f8a2400b200 con 0x7f8a300724c0
2024-02-13T15:55:33.310 INFO:teuthology.orchestra.run.smithi005.stderr:/usr/bin/ceph:
2024-02-13T15:55:33.308+0000 7f8a2effd700 1 --2- 172.21.15.5:0/406141276 >> [v2:172.21.15.5:3300/0,v1:172.21.15.5:6789/0] conn(0x7f8a300724c0 0x7f8a3010cdb0 secure :-1 s=READY pgs=69 cs=0 l=1 rev1=1 rx=0x7f8a24006800 tx=0x7f8a24006ee0).ready entity=mon.0 client_cookie=0 server_cookie=0 in_seq=0 out_seq=0
2024-02-13T15:55:33.310 INFO:teuthology.orchestra.run.smithi005.stderr:/usr/bin/ceph:
2024-02-13T15:55:33.308+0000 7f8a177fe700 1 -- 172.21.15.5:0/406141276 <== mon.0 v2:172.21.15.5:3300/0 1 ==== mon_map magic: 0 v1 ==== 229+0+0 (secure 0 0 0) 0x7f8a2400dec0 con 0x7f8a300724c0
2024-02-13T15:55:33.310 INFO:teuthology.orchestra.run.smithi005.stderr:/usr/bin/ceph:
2024-02-13T15:55:33.308+0000 7f8a177fe700 1 -- 172.21.15.5:0/406141276 <== mon.0 v2:172.21.15.5:3300/0 2 ==== config(25 keys) v1 ==== 1045+0+0 (secure 0 0 0) 0x7f8a2401b8a0 con 0x7f8a300724c0
2024-02-13T15:55:33.310 INFO:teuthology.orchestra.run.smithi005.stderr:/usr/bin/ceph:
2024-02-13T15:55:33.308+0000 7f8a357da700 1 -- 172.21.15.5:0/406141276 --> [v2:172.21.15.5:3300/0,v1:172.21.15.5:6789/0] -- mon_subscribe({mgrmap=0+}) v3 -- 0x7f8a3010d4a0 con 0x7f8a300724c0
2024-02-13T15:55:33.310 INFO:teuthology.orchestra.run.smithi005.stderr:/usr/bin/ceph:
2024-02-13T15:55:33.308+0000 7f8a177fe700 1 -- 172.21.15.5:0/406141276 <== mon.0 v2:172.21.15.5:3300/0 3 ==== mon_map magic: 0 v1 ==== 229+0+0 (secure 0 0 0) 0x7f8a2401a690 con 0x7f8a300724c0
2024-02-13T15:55:33.310 INFO:teuthology.orchestra.run.smithi005.stderr:/usr/bin/ceph:
2024-02-13T15:55:33.308+0000 7f8a357da700 1 -- 172.21.15.5:0/406141276 --> [v2:172.21.15.5:3300/0,v1:172.21.15.5:6789/0] -- mon_subscribe({osdmap=0}) v3 -- 0x7f8a3010d8b0 con 0x7f8a300724c0
2024-02-13T15:55:33.310 INFO:teuthology.orchestra.run.smithi005.stderr:/usr/bin/ceph:
2024-02-13T15:55:33.309+0000 7f8a177fe700 1 -- 172.21.15.5:0/406141276 <== mon.0 v2:172.21.15.5:3300/0 4 ==== mgrmap(e 13) v1 ==== 36208+0+0 (secure 0 0 0) 0x7f8a2402b070 con 0x7f8a300724c0
2024-02-13T15:55:33.311 INFO:teuthology.orchestra.run.smithi005.stderr:/usr/bin/ceph:
2024-02-13T15:55:33.309+0000 7f8a357da700 1 -- 172.21.15.5:0/406141276 --> [v2:172.21.15.5:3300/0,v1:172.21.15.5:6789/0] -- mon_command({"prefix": "get_command_descriptions"} v 0) v1 -- 0x7f8a30045ad0 con 0x7f8a300724c0
2024-02-13T15:55:33.311 INFO:teuthology.orchestra.run.smithi005.stderr:/usr/bin/ceph:
2024-02-13T15:55:33.309+0000 7f8a177fe700 1 --2- 172.21.15.5:0/406141276 >> [v2:172.21.15.5:6800/3201243504,v1:172.21.15.5:6801/3201243504] conn(0x7f8a1c02feb0 0x7f8a1c032370 unknown :-1 s=NONE pgs=0 cs=0 l=1 rev1=0 rx=0 tx=0).connect
2024-02-13T15:55:33.311 INFO:teuthology.orchestra.run.smithi005.stderr:/usr/bin/ceph:
2024-02-13T15:55:33.309+0000 7f8a2e7fc700 1 -- 172.21.15.5:0/406141276 >> [v2:172.21.15.5:6800/3201243504,v1:172.21.15.5:6801/3201243504] conn(0x7f8a1c02feb0 msgr2=0x7f8a1c032370 unknown :-1 s=STATE_CONNECTING_RE l=1).process reconnect failed to v2:172.21.15.5:6800/3201243504
2024-02-13T15:55:33.311 INFO:teuthology.orchestra.run.smithi005.stderr:/usr/bin/ceph:
2024-02-13T15:55:33.309+0000 7f8a177fe700 1 -- 172.21.15.5:0/406141276 <== mon.0 v2:172.21.15.5:3300/0 5 ==== osd_map(3..3 src has 1..3) v4 ==== 1065+0+0 (secure 0 0 0) 0x7f8a24041700 con 0x7f8a300724c0
2024-02-13T15:55:33.311 INFO:teuthology.orchestra.run.smithi005.stderr:/usr/bin/ceph:
2024-02-13T15:55:33.311+0000 7f8a2e7fc700 1 --2- 172.21.15.5:0/406141276 >> [v2:172.21.15.5:6800/3201243504,v1:172.21.15.5:6801/3201243504] conn(0x7f8a1c02feb0 0x7f8a1c032370 unknown :-1 s=START_CONNECT pgs=0 cs=0 l=1 rev1=0 rx=0 tx=0)._fault waiting 0.200000
2024-02-13T15:55:33.314 INFO:teuthology.orchestra.run.smithi005.stderr:/usr/bin/ceph:
2024-02-13T15:55:33.314+0000 7f8a177fe700 1 -- 172.21.15.5:0/406141276 <== mon.0 v2:172.21.15.5:3300/0 6 ==== mon_command_ack([{"prefix": "get_command_descriptions"}]=0 v0) v1 ==== 72+0+152212 (secure 0 0 0) 0x7f8a24024400 con 0x7f8a300724c0
2024-02-13T15:55:33.370 INFO:journalctl@ceph.mon.smithi005.smithi005.stdout:Feb 13 15:55:32 smithi005 ceph-00e975ee-ca88-11ee-95b9-87774f69a715-mon.smithi005[39597]: audit
2024-02-13T15:55:31.929180+0000 mon.smithi005 (mon.0) 88 : audit [INF] from='client.? 172.21.15.5:0/4273797078' entity='client.admin' cmd='[{"prefix": "mgr module enable", "module": "dashboard"}]': finished
2024-02-13T15:55:33.371 INFO:journalctl@ceph.mon.smithi005.smithi005.stdout:Feb 13 15:55:32 smithi005 ceph-00e975ee-ca88-11ee-95b9-87774f69a715-mon.smithi005[39597]: cluster
2024-02-13T15:55:31.929231+0000 mon.smithi005 (mon.0) 89 : cluster [DBG] mgrmap e13: smithi005.cipwdk(active, since 10s)
2024-02-13T15:55:33.513 INFO:teuthology.orchestra.run.smithi005.stderr:/usr/bin/ceph:
2024-02-13T15:55:33.512+0000 7f8a2e7fc700 1 -- 172.21.15.5:0/406141276 >> [v2:172.21.15.5:6800/3201243504,v1:172.21.15.5:6801/3201243504] conn(0x7f8a1c02feb0 msgr2=0x7f8a1c032370 unknown :-1 s=STATE_CONNECTING_RE l=1).process reconnect failed to v2:172.21.15.5:6800/3201243504
2024-02-13T15:55:33.513 INFO:teuthology.orchestra.run.smithi005.stderr:/usr/bin/ceph:
2024-02-13T15:55:33.512+0000 7f8a2e7fc700 1 --2- 172.21.15.5:0/406141276 >> [v2:172.21.15.5:6800/3201243504,v1:172.21.15.5:6801/3201243504] conn(0x7f8a1c02feb0 0x7f8a1c032370 unknown :-1 s=START_CONNECT pgs=0 cs=0 l=1 rev1=0 rx=0 tx=0)._fault waiting 0.400000
2024-02-13T15:55:33.513 INFO:teuthology.orchestra.run.smithi005.stderr:/usr/bin/ceph:
2024-02-13T15:55:33.513+0000 7f8a357da700 1 -- 172.21.15.5:0/406141276 --> [v2:172.21.15.5:3300/0,v1:172.21.15.5:6789/0] -- mon_command({"prefix": "mgr stat"} v 0) v1 -- 0x7f8a30106d20 con 0x7f8a300724c0
2024-02-13T15:55:33.514 INFO:teuthology.orchestra.run.smithi005.stderr:/usr/bin/ceph:
2024-02-13T15:55:33.513+0000 7f8a177fe700 1 -- 172.21.15.5:0/406141276 <== mon.0 v2:172.21.15.5:3300/0 7 ==== mon_command_ack([{"prefix": "mgr stat"}]=0 v13) v1 ==== 56+0+104 (secure 0 0 0) 0x7f8a2401f070 con 0x7f8a300724c0
2024-02-13T15:55:33.514 INFO:teuthology.orchestra.run.smithi005.stderr:/usr/bin/ceph: {
2024-02-13T15:55:33.514 INFO:teuthology.orchestra.run.smithi005.stderr:/usr/bin/ceph: "epoch": 13,
2024-02-13T15:55:33.514 INFO:teuthology.orchestra.run.smithi005.stderr:/usr/bin/ceph: "available": true,
2024-02-13T15:55:33.514 INFO:teuthology.orchestra.run.smithi005.stderr:/usr/bin/ceph: "active_name": "smithi005.cipwdk",
2024-02-13T15:55:33.515 INFO:teuthology.orchestra.run.smithi005.stderr:/usr/bin/ceph: "num_standby": 0
2024-02-13T15:55:33.515 INFO:teuthology.orchestra.run.smithi005.stderr:/usr/bin/ceph: }
2024-02-13T15:55:33.516 INFO:teuthology.orchestra.run.smithi005.stderr:/usr/bin/ceph:
2024-02-13T15:55:33.515+0000 7f8a357da700 1 -- 172.21.15.5:0/406141276 >> [v2:172.21.15.5:6800/3201243504,v1:172.21.15.5:6801/3201243504] conn(0x7f8a1c02feb0 msgr2=0x7f8a1c032370 unknown :-1 s=STATE_CONNECTING l=1).mark_down
2024-02-13T15:55:33.516 INFO:teuthology.orchestra.run.smithi005.stderr:/usr/bin/ceph:
2024-02-13T15:55:33.515+0000 7f8a357da700 1 --2- 172.21.15.5:0/406141276 >> [v2:172.21.15.5:6800/3201243504,v1:172.21.15.5:6801/3201243504] conn(0x7f8a1c02feb0 0x7f8a1c032370 unknown :-1 s=START_CONNECT pgs=0 cs=0 l=1 rev1=0 rx=0 tx=0).stop
2024-02-13T15:55:33.516 INFO:teuthology.orchestra.run.smithi005.stderr:/usr/bin/ceph:
2024-02-13T15:55:33.515+0000 7f8a357da700 1 -- 172.21.15.5:0/406141276 >> [v2:172.21.15.5:3300/0,v1:172.21.15.5:6789/0] conn(0x7f8a300724c0 msgr2=0x7f8a3010cdb0 secure :-1 s=STATE_CONNECTION_ESTABLISHED l=1).mark_down
2024-02-13T15:55:33.516 INFO:teuthology.orchestra.run.smithi005.stderr:/usr/bin/ceph:
2024-02-13T15:55:33.515+0000 7f8a357da700 1 --2- 172.21.15.5:0/406141276 >> [v2:172.21.15.5:3300/0,v1:172.21.15.5:6789/0] conn(0x7f8a300724c0 0x7f8a3010cdb0 secure :-1 s=READY pgs=69 cs=0 l=1 rev1=1 rx=0x7f8a24006800 tx=0x7f8a24006ee0).stop
2024-02-13T15:55:33.516 INFO:teuthology.orchestra.run.smithi005.stderr:/usr/bin/ceph:
2024-02-13T15:55:33.515+0000 7f8a357da700 1 -- 172.21.15.5:0/406141276 shutdown_connections
2024-02-13T15:55:33.517 INFO:teuthology.orchestra.run.smithi005.stderr:/usr/bin/ceph:
2024-02-13T15:55:33.515+0000 7f8a357da700 1 --2- 172.21.15.5:0/406141276 >> [v2:172.21.15.5:6800/3201243504,v1:172.21.15.5:6801/3201243504] conn(0x7f8a1c02feb0 0x7f8a1c032370 unknown :-1 s=CLOSED pgs=0 cs=0 l=1 rev1=0 rx=0 tx=0).stop
2024-02-13T15:55:33.517 INFO:teuthology.orchestra.run.smithi005.stderr:/usr/bin/ceph:
2024-02-13T15:55:33.515+0000 7f8a357da700 1 --2- 172.21.15.5:0/406141276 >> [v2:172.21.15.5:3300/0,v1:172.21.15.5:6789/0] conn(0x7f8a300724c0 0x7f8a3010cdb0 unknown :-1 s=CLOSED pgs=69 cs=0 l=1 rev1=1 rx=0 tx=0).stop
2024-02-13T15:55:33.517 INFO:teuthology.orchestra.run.smithi005.stderr:/usr/bin/ceph:
2024-02-13T15:55:33.515+0000 7f8a357da700 1 -- 172.21.15.5:0/406141276 >> 172.21.15.5:0/406141276 conn(0x7f8a300f7530 msgr2=0x7f8a300f9050 unknown :-1 s=STATE_NONE l=0).mark_down
2024-02-13T15:55:33.517 INFO:teuthology.orchestra.run.smithi005.stderr:/usr/bin/ceph:
2024-02-13T15:55:33.515+0000 7f8a357da700 1 -- 172.21.15.5:0/406141276 shutdown_connections
2024-02-13T15:55:33.517 INFO:teuthology.orchestra.run.smithi005.stderr:/usr/bin/ceph:
2024-02-13T15:55:33.515+0000 7f8a357da700 1 -- 172.21.15.5:0/406141276 wait complete.
2024-02-13T15:55:34.275 INFO:teuthology.orchestra.run.smithi005.stderr:Waiting for the mgr to restart...
2024-02-13T15:55:34.275 INFO:teuthology.orchestra.run.smithi005.stderr:Waiting for mgr epoch 13...
2024-02-13T15:55:34.275 INFO:teuthology.orchestra.run.smithi005.stderr:Running command: /bin/podman run --rm --ipc=host --no-hosts --net=host --entrypoint /usr/bin/ceph --init -e CONTAINER_IMAGE=quay.io/ceph/ceph:v16.2.4 -e NODE_NAME=smithi005 -e CEPH_USE_RANDOM_NONCE=1 -v /var/log/ceph/00e975ee-ca88-11ee-95b9-87774f69a715:/var/log/ceph:z -v /tmp/ceph-tmpfwtnk3x_:/etc/ceph/ceph.client.admin.keyring:z -v /tmp/ceph-tmp9cjy4nh0:/etc/ceph/ceph.conf:z quay.io/ceph/ceph:v16.2.4 tell mgr mgr_status
2024-02-13T15:55:34.277 INFO:journalctl@ceph.mon.smithi005.smithi005.stdout:Feb 13 15:55:33 smithi005 ceph-00e975ee-ca88-11ee-95b9-87774f69a715-mon.smithi005[39597]: audit
2024-02-13T15:55:33.514626+0000 mon.smithi005 (mon.0) 90 : audit [DBG] from='client.? 172.21.15.5:0/406141276' entity='client.admin' cmd=[{"prefix": "mgr stat"}]: dispatch
2024-02-13T15:55:34.856 INFO:teuthology.orchestra.run.smithi005.stderr:/usr/bin/ceph:
2024-02-13T15:55:34.855+0000 7f788f19f700 1 Processor -- start
2024-02-13T15:55:34.857 INFO:teuthology.orchestra.run.smithi005.stderr:/usr/bin/ceph:
2024-02-13T15:55:34.855+0000 7f788f19f700 1 -- start start
2024-02-13T15:55:34.857 INFO:teuthology.orchestra.run.smithi005.stderr:/usr/bin/ceph:
2024-02-13T15:55:34.855+0000 7f788f19f700 1 --2- >> [v2:172.21.15.5:3300/0,v1:172.21.15.5:6789/0] conn(0x7f7888070480 0x7f78880fe960 unknown :-1 s=NONE pgs=0 cs=0 l=0 rev1=0 rx=0 tx=0).connect
2024-02-13T15:55:34.857 INFO:teuthology.orchestra.run.smithi005.stderr:/usr/bin/ceph:
2024-02-13T15:55:34.855+0000 7f788f19f700 1 -- --> [v2:172.21.15.5:3300/0,v1:172.21.15.5:6789/0] -- mon_getmap magic: 0 v1 -- 0x7f78880fee50 con 0x7f7888070480
2024-02-13T15:55:34.860 INFO:teuthology.orchestra.run.smithi005.stderr:/usr/bin/ceph:
2024-02-13T15:55:34.855+0000 7f788cf3b700 1 --2- >> [v2:172.21.15.5:3300/0,v1:172.21.15.5:6789/0] conn(0x7f7888070480 0x7f78880fe960 unknown :-1 s=BANNER_CONNECTING pgs=0 cs=0 l=0 rev1=0 rx=0 tx=0)._handle_peer_banner_payload supported=1 required=0
2024-02-13T15:55:34.860 INFO:teuthology.orchestra.run.smithi005.stderr:/usr/bin/ceph:
2024-02-13T15:55:34.855+0000 7f788cf3b700 1 --2- >> [v2:172.21.15.5:3300/0,v1:172.21.15.5:6789/0] conn(0x7f7888070480 0x7f78880fe960 unknown :-1 s=HELLO_CONNECTING pgs=0 cs=0 l=0 rev1=1 rx=0 tx=0).handle_hello peer v2:172.21.15.5:3300/0 says I am v2:172.21.15.5:54410/0 (socket says 172.21.15.5:54410)
2024-02-13T15:55:34.860 INFO:teuthology.orchestra.run.smithi005.stderr:/usr/bin/ceph:
2024-02-13T15:55:34.855+0000 7f788cf3b700 1 -- 172.21.15.5:0/209786115 learned_addr learned my addr 172.21.15.5:0/209786115 (peer_addr_for_me v2:172.21.15.5:0/0)
2024-02-13T15:55:34.860 INFO:teuthology.orchestra.run.smithi005.stderr:/usr/bin/ceph:
2024-02-13T15:55:34.856+0000 7f788cf3b700 1 -- 172.21.15.5:0/209786115 --> [v2:172.21.15.5:3300/0,v1:172.21.15.5:6789/0] -- mon_subscribe({config=0+,monmap=0+}) v3 -- 0x7f78880fef90 con 0x7f7888070480
2024-02-13T15:55:34.860 INFO:teuthology.orchestra.run.smithi005.stderr:/usr/bin/ceph:
2024-02-13T15:55:34.856+0000 7f788cf3b700 1 --2- 172.21.15.5:0/209786115 >> [v2:172.21.15.5:3300/0,v1:172.21.15.5:6789/0] conn(0x7f7888070480 0x7f78880fe960 secure :-1 s=READY pgs=70 cs=0 l=1 rev1=1 rx=0x7f787c00b5f0 tx=0x7f787c006ee0).ready entity=mon.0 client_cookie=ade9ed48fa0db1af server_cookie=0 in_seq=0 out_seq=0
2024-02-13T15:55:34.860 INFO:teuthology.orchestra.run.smithi005.stderr:/usr/bin/ceph:
2024-02-13T15:55:34.856+0000 7f78877fe700 1 -- 172.21.15.5:0/209786115 <== mon.0 v2:172.21.15.5:3300/0 1 ==== mon_map magic: 0 v1 ==== 229+0+0 (secure 0 0 0) 0x7f787c00d600 con 0x7f7888070480
2024-02-13T15:55:34.860 INFO:teuthology.orchestra.run.smithi005.stderr:/usr/bin/ceph:
2024-02-13T15:55:34.856+0000 7f78877fe700 1 -- 172.21.15.5:0/209786115 <== mon.0 v2:172.21.15.5:3300/0 2 ==== config(25 keys) v1 ==== 1045+0+0 (secure 0 0 0) 0x7f787c00dbf0 con 0x7f7888070480
2024-02-13T15:55:34.860 INFO:teuthology.orchestra.run.smithi005.stderr:/usr/bin/ceph:
2024-02-13T15:55:34.856+0000 7f78877fe700 1 -- 172.21.15.5:0/209786115 <== mon.0 v2:172.21.15.5:3300/0 3 ==== mon_map magic: 0 v1 ==== 229+0+0 (secure 0 0 0) 0x7f787c011bf0 con 0x7f7888070480
2024-02-13T15:55:34.861 INFO:teuthology.orchestra.run.smithi005.stderr:/usr/bin/ceph:
2024-02-13T15:55:34.857+0000 7f788f19f700 1 -- 172.21.15.5:0/209786115 >> [v2:172.21.15.5:3300/0,v1:172.21.15.5:6789/0] conn(0x7f7888070480 msgr2=0x7f78880fe960 secure :-1 s=STATE_CONNECTION_ESTABLISHED l=1).mark_down
2024-02-13T15:55:34.861 INFO:teuthology.orchestra.run.smithi005.stderr:/usr/bin/ceph:
2024-02-13T15:55:34.857+0000 7f788f19f700 1 --2- 172.21.15.5:0/209786115 >> [v2:172.21.15.5:3300/0,v1:172.21.15.5:6789/0] conn(0x7f7888070480 0x7f78880fe960 secure :-1 s=READY pgs=70 cs=0 l=1 rev1=1 rx=0x7f787c00b5f0 tx=0x7f787c006ee0).stop
2024-02-13T15:55:34.861 INFO:teuthology.orchestra.run.smithi005.stderr:/usr/bin/ceph:
2024-02-13T15:55:34.857+0000 7f788f19f700 1 -- 172.21.15.5:0/209786115 shutdown_connections
2024-02-13T15:55:34.861 INFO:teuthology.orchestra.run.smithi005.stderr:/usr/bin/ceph:
2024-02-13T15:55:34.857+0000 7f788f19f700 1 --2- 172.21.15.5:0/209786115 >> [v2:172.21.15.5:3300/0,v1:172.21.15.5:6789/0] conn(0x7f7888070480 0x7f78880fe960 unknown :-1 s=CLOSED pgs=70 cs=0 l=1 rev1=1 rx=0 tx=0).stop
2024-02-13T15:55:34.861 INFO:teuthology.orchestra.run.smithi005.stderr:/usr/bin/ceph:
2024-02-13T15:55:34.857+0000 7f788f19f700 1 -- 172.21.15.5:0/209786115 >> 172.21.15.5:0/209786115 conn(0x7f78880f6460 msgr2=0x7f78880f8880 unknown :-1 s=STATE_NONE l=0).mark_down
2024-02-13T15:55:34.861 INFO:teuthology.orchestra.run.smithi005.stderr:/usr/bin/ceph:
2024-02-13T15:55:34.857+0000 7f788f19f700 1 -- 172.21.15.5:0/209786115 shutdown_connections
2024-02-13T15:55:34.861 INFO:teuthology.orchestra.run.smithi005.stderr:/usr/bin/ceph:
2024-02-13T15:55:34.857+0000 7f788f19f700 1 -- 172.21.15.5:0/209786115 wait complete.
2024-02-13T15:55:34.861 INFO:teuthology.orchestra.run.smithi005.stderr:/usr/bin/ceph:
2024-02-13T15:55:34.857+0000 7f788f19f700 1 Processor -- start
2024-02-13T15:55:34.861 INFO:teuthology.orchestra.run.smithi005.stderr:/usr/bin/ceph:
2024-02-13T15:55:34.858+0000 7f788f19f700 1 -- start start
2024-02-13T15:55:34.861 INFO:teuthology.orchestra.run.smithi005.stderr:/usr/bin/ceph:
2024-02-13T15:55:34.858+0000 7f788f19f700 1 --2- >> [v2:172.21.15.5:3300/0,v1:172.21.15.5:6789/0] conn(0x7f7888070480 0x7f78880fc3e0 unknown :-1 s=NONE pgs=0 cs=0 l=1 rev1=0 rx=0 tx=0).connect
2024-02-13T15:55:34.861 INFO:teuthology.orchestra.run.smithi005.stderr:/usr/bin/ceph:
2024-02-13T15:55:34.858+0000 7f788f19f700 1 -- --> [v2:172.21.15.5:3300/0,v1:172.21.15.5:6789/0] -- mon_getmap magic: 0 v1 -- 0x7f78880fa860 con 0x7f7888070480
2024-02-13T15:55:34.861 INFO:teuthology.orchestra.run.smithi005.stderr:/usr/bin/ceph:
2024-02-13T15:55:34.858+0000 7f788cf3b700 1 --2- >> [v2:172.21.15.5:3300/0,v1:172.21.15.5:6789/0] conn(0x7f7888070480 0x7f78880fc3e0 unknown :-1 s=BANNER_CONNECTING pgs=0 cs=0 l=1 rev1=0 rx=0 tx=0)._handle_peer_banner_payload supported=1 required=0
2024-02-13T15:55:34.861 INFO:teuthology.orchestra.run.smithi005.stderr:/usr/bin/ceph:
2024-02-13T15:55:34.858+0000 7f788cf3b700 1 --2- >> [v2:172.21.15.5:3300/0,v1:172.21.15.5:6789/0] conn(0x7f7888070480 0x7f78880fc3e0 unknown :-1 s=HELLO_CONNECTING pgs=0 cs=0 l=1 rev1=1 rx=0 tx=0).handle_hello peer v2:172.21.15.5:3300/0 says I am v2:172.21.15.5:54426/0 (socket says 172.21.15.5:54426)
2024-02-13T15:55:34.861 INFO:teuthology.orchestra.run.smithi005.stderr:/usr/bin/ceph:
2024-02-13T15:55:34.858+0000 7f788cf3b700 1 -- 172.21.15.5:0/1085356817 learned_addr learned my addr 172.21.15.5:0/1085356817 (peer_addr_for_me v2:172.21.15.5:0/0)
2024-02-13T15:55:34.862 INFO:teuthology.orchestra.run.smithi005.stderr:/usr/bin/ceph:
2024-02-13T15:55:34.858+0000 7f788cf3b700 1 -- 172.21.15.5:0/1085356817 --> [v2:172.21.15.5:3300/0,v1:172.21.15.5:6789/0] -- mon_subscribe({config=0+,monmap=0+}) v3 -- 0x7f787c00b200 con 0x7f7888070480
2024-02-13T15:55:34.862 INFO:teuthology.orchestra.run.smithi005.stderr:/usr/bin/ceph:
2024-02-13T15:55:34.858+0000 7f788cf3b700 1 --2- 172.21.15.5:0/1085356817 >> [v2:172.21.15.5:3300/0,v1:172.21.15.5:6789/0] conn(0x7f7888070480 0x7f78880fc3e0 secure :-1 s=READY pgs=71 cs=0 l=1 rev1=1 rx=0x7f787c006800 tx=0x7f787c006ee0).ready entity=mon.0 client_cookie=0 server_cookie=0 in_seq=0 out_seq=0
2024-02-13T15:55:34.862 INFO:teuthology.orchestra.run.smithi005.stderr:/usr/bin/ceph:
2024-02-13T15:55:34.859+0000 7f78857fa700 1 -- 172.21.15.5:0/1085356817 <== mon.0 v2:172.21.15.5:3300/0 1 ==== mon_map magic: 0 v1 ==== 229+0+0 (secure 0 0 0) 0x7f787c00dec0 con 0x7f7888070480
2024-02-13T15:55:34.862 INFO:teuthology.orchestra.run.smithi005.stderr:/usr/bin/ceph:
2024-02-13T15:55:34.859+0000 7f788f19f700 1 -- 172.21.15.5:0/1085356817 --> [v2:172.21.15.5:3300/0,v1:172.21.15.5:6789/0] -- mon_subscribe({mgrmap=0+}) v3 -- 0x7f78880faa00 con 0x7f7888070480
2024-02-13T15:55:34.862 INFO:teuthology.orchestra.run.smithi005.stderr:/usr/bin/ceph:
2024-02-13T15:55:34.859+0000 7f788f19f700 1 -- 172.21.15.5:0/1085356817 --> [v2:172.21.15.5:3300/0,v1:172.21.15.5:6789/0] -- mon_subscribe({osdmap=0}) v3 -- 0x7f78880fae10 con 0x7f7888070480
2024-02-13T15:55:34.862 INFO:teuthology.orchestra.run.smithi005.stderr:/usr/bin/ceph:
2024-02-13T15:55:34.859+0000 7f78857fa700 1 -- 172.21.15.5:0/1085356817 <== mon.0 v2:172.21.15.5:3300/0 2 ==== config(25 keys) v1 ==== 1045+0+0 (secure 0 0 0) 0x7f787c01b8a0 con 0x7f7888070480
2024-02-13T15:55:34.862 INFO:teuthology.orchestra.run.smithi005.stderr:/usr/bin/ceph:
2024-02-13T15:55:34.859+0000 7f78857fa700 1 -- 172.21.15.5:0/1085356817 <== mon.0 v2:172.21.15.5:3300/0 3 ==== mon_map magic: 0 v1 ==== 229+0+0 (secure 0 0 0) 0x7f787c0236b0 con 0x7f7888070480
2024-02-13T15:55:34.863 INFO:teuthology.orchestra.run.smithi005.stderr:/usr/bin/ceph:
2024-02-13T15:55:34.860+0000 7f78857fa700 1 -- 172.21.15.5:0/1085356817 <== mon.0 v2:172.21.15.5:3300/0 4 ==== mgrmap(e 13) v1 ==== 36208+0+0 (secure 0 0 0) 0x7f787c00f070 con 0x7f7888070480
2024-02-13T15:55:34.863 INFO:teuthology.orchestra.run.smithi005.stderr:/usr/bin/ceph:
2024-02-13T15:55:34.860+0000 7f78857fa700 1 --2- 172.21.15.5:0/1085356817 >> [v2:172.21.15.5:6800/3201243504,v1:172.21.15.5:6801/3201243504] conn(0x7f786c02ff00 0x7f786c0323c0 unknown :-1 s=NONE pgs=0 cs=0 l=1 rev1=0 rx=0 tx=0).connect
2024-02-13T15:55:34.863 INFO:teuthology.orchestra.run.smithi005.stderr:/usr/bin/ceph:
2024-02-13T15:55:34.860+0000 7f788f19f700 1 -- 172.21.15.5:0/1085356817 --> [v2:172.21.15.5:6800/3201243504,v1:172.21.15.5:6801/3201243504] -- command(tid 0: {"prefix": "get_command_descriptions"}) v1 -- 0x7f7868000d10 con 0x7f786c02ff00
2024-02-13T15:55:34.863 INFO:teuthology.orchestra.run.smithi005.stderr:/usr/bin/ceph:
2024-02-13T15:55:34.860+0000 7f78857fa700 1 -- 172.21.15.5:0/1085356817 <== mon.0 v2:172.21.15.5:3300/0 5 ==== osd_map(3..3 src has 1..3) v4 ==== 1065+0+0 (secure 0 0 0) 0x7f787c041020 con 0x7f7888070480
2024-02-13T15:55:34.863 INFO:teuthology.orchestra.run.smithi005.stderr:/usr/bin/ceph:
2024-02-13T15:55:34.860+0000 7f7887fff700 1 -- 172.21.15.5:0/1085356817 >> [v2:172.21.15.5:6800/3201243504,v1:172.21.15.5:6801/3201243504] conn(0x7f786c02ff00 msgr2=0x7f786c0323c0 unknown :-1 s=STATE_CONNECTING_RE l=1).process reconnect failed to v2:172.21.15.5:6800/3201243504
2024-02-13T15:55:34.863 INFO:teuthology.orchestra.run.smithi005.stderr:/usr/bin/ceph:
2024-02-13T15:55:34.860+0000 7f7887fff700 1 --2- 172.21.15.5:0/1085356817 >> [v2:172.21.15.5:6800/3201243504,v1:172.21.15.5:6801/3201243504] conn(0x7f786c02ff00 0x7f786c0323c0 unknown :-1 s=START_CONNECT pgs=0 cs=0 l=1 rev1=0 rx=0 tx=0)._fault waiting 0.200000
2024-02-13T15:55:35.061 INFO:teuthology.orchestra.run.smithi005.stderr:/usr/bin/ceph:
2024-02-13T15:55:35.061+0000 7f7887fff700 1 -- 172.21.15.5:0/1085356817 >> [v2:172.21.15.5:6800/3201243504,v1:172.21.15.5:6801/3201243504] conn(0x7f786c02ff00 msgr2=0x7f786c0323c0 unknown :-1 s=STATE_CONNECTING_RE l=1).process reconnect failed to v2:172.21.15.5:6800/3201243504
2024-02-13T15:55:35.062 INFO:teuthology.orchestra.run.smithi005.stderr:/usr/bin/ceph:
2024-02-13T15:55:35.061+0000 7f7887fff700 1 --2- 172.21.15.5:0/1085356817 >> [v2:172.21.15.5:6800/3201243504,v1:172.21.15.5:6801/3201243504] conn(0x7f786c02ff00 0x7f786c0323c0 unknown :-1 s=START_CONNECT pgs=0 cs=0 l=1 rev1=0 rx=0 tx=0)._fault waiting 0.400000
2024-02-13T15:55:35.463 INFO:teuthology.orchestra.run.smithi005.stderr:/usr/bin/ceph:
2024-02-13T15:55:35.462+0000 7f7887fff700 1 -- 172.21.15.5:0/1085356817 >> [v2:172.21.15.5:6800/3201243504,v1:172.21.15.5:6801/3201243504] conn(0x7f786c02ff00 msgr2=0x7f786c0323c0 unknown :-1 s=STATE_CONNECTING_RE l=1).process reconnect failed to v2:172.21.15.5:6800/3201243504
2024-02-13T15:55:35.463 INFO:teuthology.orchestra.run.smithi005.stderr:/usr/bin/ceph:
2024-02-13T15:55:35.462+0000 7f7887fff700 1 --2- 172.21.15.5:0/1085356817 >> [v2:172.21.15.5:6800/3201243504,v1:172.21.15.5:6801/3201243504] conn(0x7f786c02ff00 0x7f786c0323c0 unknown :-1 s=START_CONNECT pgs=0 cs=0 l=1 rev1=0 rx=0 tx=0)._fault waiting 0.800000
2024-02-13T15:55:36.264 INFO:teuthology.orchestra.run.smithi005.stderr:/usr/bin/ceph:
2024-02-13T15:55:36.263+0000 7f7887fff700 1 -- 172.21.15.5:0/1085356817 >> [v2:172.21.15.5:6800/3201243504,v1:172.21.15.5:6801/3201243504] conn(0x7f786c02ff00 msgr2=0x7f786c0323c0 unknown :-1 s=STATE_CONNECTING_RE l=1).process reconnect failed to v2:172.21.15.5:6800/3201243504
2024-02-13T15:55:36.264 INFO:teuthology.orchestra.run.smithi005.stderr:/usr/bin/ceph:
2024-02-13T15:55:36.263+0000 7f7887fff700 1 --2- 172.21.15.5:0/1085356817 >> [v2:172.21.15.5:6800/3201243504,v1:172.21.15.5:6801/3201243504] conn(0x7f786c02ff00 0x7f786c0323c0 unknown :-1 s=START_CONNECT pgs=0 cs=0 l=1 rev1=0 rx=0 tx=0)._fault waiting 1.600000
2024-02-13T15:55:37.159 INFO:teuthology.orchestra.run.smithi005.stderr:/usr/bin/ceph:
2024-02-13T15:55:37.157+0000 7f78857fa700 1 -- 172.21.15.5:0/1085356817 <== mon.0 v2:172.21.15.5:3300/0 6 ==== mgrmap(e 14) v1 ==== 35997+0+0 (secure 0 0 0) 0x7f787c018d50 con 0x7f7888070480
2024-02-13T15:55:37.159 INFO:teuthology.orchestra.run.smithi005.stderr:/usr/bin/ceph:
2024-02-13T15:55:37.157+0000 7f78857fa700 1 -- 172.21.15.5:0/1085356817 >> [v2:172.21.15.5:6800/3201243504,v1:172.21.15.5:6801/3201243504] conn(0x7f786c02ff00 msgr2=0x7f786c0323c0 unknown :-1 s=STATE_CONNECTING l=1).mark_down
2024-02-13T15:55:37.159 INFO:teuthology.orchestra.run.smithi005.stderr:/usr/bin/ceph:
2024-02-13T15:55:37.157+0000 7f78857fa700 1 --2- 172.21.15.5:0/1085356817 >> [v2:172.21.15.5:6800/3201243504,v1:172.21.15.5:6801/3201243504] conn(0x7f786c02ff00 0x7f786c0323c0 unknown :-1 s=START_CONNECT pgs=0 cs=0 l=1 rev1=0 rx=0 tx=0).stop
2024-02-13T15:55:38.160 INFO:teuthology.orchestra.run.smithi005.stderr:/usr/bin/ceph:
2024-02-13T15:55:38.158+0000 7f78857fa700 1 -- 172.21.15.5:0/1085356817 <== mon.0 v2:172.21.15.5:3300/0 7 ==== mgrmap(e 15) v1 ==== 36067+0+0 (secure 0 0 0) 0x7f787c040b80 con 0x7f7888070480
2024-02-13T15:55:38.160 INFO:teuthology.orchestra.run.smithi005.stderr:/usr/bin/ceph:
2024-02-13T15:55:38.158+0000 7f78857fa700 1 --2- 172.21.15.5:0/1085356817 >> [v2:172.21.15.5:6800/3746123069,v1:172.21.15.5:6801/3746123069] conn(0x7f786c033970 0x7f786c035d60 unknown :-1 s=NONE pgs=0 cs=0 l=1 rev1=0 rx=0 tx=0).connect
2024-02-13T15:55:38.160 INFO:teuthology.orchestra.run.smithi005.stderr:/usr/bin/ceph:
2024-02-13T15:55:38.158+0000 7f78857fa700 1 -- 172.21.15.5:0/1085356817 --> [v2:172.21.15.5:6800/3746123069,v1:172.21.15.5:6801/3746123069] -- command(tid 0: {"prefix": "get_command_descriptions"}) v1 -- 0x7f7868000d10 con 0x7f786c033970
2024-02-13T15:55:38.160 INFO:teuthology.orchestra.run.smithi005.stderr:/usr/bin/ceph:
2024-02-13T15:55:38.159+0000 7f7887fff700 1 --2- 172.21.15.5:0/1085356817 >> [v2:172.21.15.5:6800/3746123069,v1:172.21.15.5:6801/3746123069] conn(0x7f786c033970 0x7f786c035d60 unknown :-1 s=BANNER_CONNECTING pgs=0 cs=0 l=1 rev1=0 rx=0 tx=0)._handle_peer_banner_payload supported=1 required=0
2024-02-13T15:55:38.160 INFO:teuthology.orchestra.run.smithi005.stderr:/usr/bin/ceph:
2024-02-13T15:55:38.160+0000 7f7887fff700 1 --2- 172.21.15.5:0/1085356817 >> [v2:172.21.15.5:6800/3746123069,v1:172.21.15.5:6801/3746123069] conn(0x7f786c033970 0x7f786c035d60 secure :-1 s=READY pgs=3 cs=0 l=1 rev1=1 rx=0x7f78740036d0 tx=0x7f7874006d20).ready entity=mgr.14160 client_cookie=0 server_cookie=0 in_seq=0 out_seq=0
2024-02-13T15:55:38.162 INFO:teuthology.orchestra.run.smithi005.stderr:/usr/bin/ceph:
2024-02-13T15:55:38.160+0000 7f78857fa700 1 -- 172.21.15.5:0/1085356817 <== mgr.14160 v2:172.21.15.5:6800/3746123069 1 ==== command_reply(tid 0: 0 ) v1 ==== 8+0+6438 (secure 0 0 0) 0x7f7868000d10 con 0x7f786c033970
2024-02-13T15:55:38.169 INFO:teuthology.orchestra.run.smithi005.stderr:/usr/bin/ceph:
2024-02-13T15:55:38.167+0000 7f788f19f700 1 -- 172.21.15.5:0/1085356817 --> [v2:172.21.15.5:6800/3746123069,v1:172.21.15.5:6801/3746123069] -- command(tid 1: {"prefix": "mgr_status"}) v1 -- 0x7f7868002430 con 0x7f786c033970
2024-02-13T15:55:38.169 INFO:teuthology.orchestra.run.smithi005.stderr:/usr/bin/ceph:
2024-02-13T15:55:38.167+0000 7f78857fa700 1 -- 172.21.15.5:0/1085356817 <== mgr.14160 v2:172.21.15.5:6800/3746123069 2 ==== command_reply(tid 1: 0 ) v1 ==== 8+0+52 (secure 0 0 0) 0x7f7868002430 con 0x7f786c033970
2024-02-13T15:55:38.169 INFO:teuthology.orchestra.run.smithi005.stderr:/usr/bin/ceph: {
2024-02-13T15:55:38.169 INFO:teuthology.orchestra.run.smithi005.stderr:/usr/bin/ceph: "mgrmap_epoch": 15,
2024-02-13T15:55:38.169 INFO:teuthology.orchestra.run.smithi005.stderr:/usr/bin/ceph: "initialized": true
2024-02-13T15:55:38.169 INFO:teuthology.orchestra.run.smithi005.stderr:/usr/bin/ceph: }
2024-02-13T15:55:38.170 INFO:teuthology.orchestra.run.smithi005.stderr:/usr/bin/ceph:
2024-02-13T15:55:38.168+0000 7f788f19f700 1 -- 172.21.15.5:0/1085356817 >> [v2:172.21.15.5:6800/3746123069,v1:172.21.15.5:6801/3746123069] conn(0x7f786c033970 msgr2=0x7f786c035d60 secure :-1 s=STATE_CONNECTION_ESTABLISHED l=1).mark_down
2024-02-13T15:55:38.170 INFO:teuthology.orchestra.run.smithi005.stderr:/usr/bin/ceph:
2024-02-13T15:55:38.168+0000 7f788f19f700 1 --2- 172.21.15.5:0/1085356817 >> [v2:172.21.15.5:6800/3746123069,v1:172.21.15.5:6801/3746123069] conn(0x7f786c033970 0x7f786c035d60 secure :-1 s=READY pgs=3 cs=0 l=1 rev1=1 rx=0x7f78740036d0 tx=0x7f7874006d20).stop
2024-02-13T15:55:38.170 INFO:teuthology.orchestra.run.smithi005.stderr:/usr/bin/ceph:
2024-02-13T15:55:38.168+0000 7f788f19f700 1 -- 172.21.15.5:0/1085356817 >> [v2:172.21.15.5:3300/0,v1:172.21.15.5:6789/0] conn(0x7f7888070480 msgr2=0x7f78880fc3e0 secure :-1 s=STATE_CONNECTION_ESTABLISHED l=1).mark_down
2024-02-13T15:55:38.170 INFO:teuthology.orchestra.run.smithi005.stderr:/usr/bin/ceph:
2024-02-13T15:55:38.168+0000 7f788f19f700 1 --2- 172.21.15.5:0/1085356817 >> [v2:172.21.15.5:3300/0,v1:172.21.15.5:6789/0] conn(0x7f7888070480 0x7f78880fc3e0 secure :-1 s=READY pgs=71 cs=0 l=1 rev1=1 rx=0x7f787c006800 tx=0x7f787c006ee0).stop
2024-02-13T15:55:38.171 INFO:teuthology.orchestra.run.smithi005.stderr:/usr/bin/ceph:
2024-02-13T15:55:38.168+0000 7f788f19f700 1 -- 172.21.15.5:0/1085356817 shutdown_connections
2024-02-13T15:55:38.171 INFO:teuthology.orchestra.run.smithi005.stderr:/usr/bin/ceph:
2024-02-13T15:55:38.168+0000 7f788f19f700 1 --2- 172.21.15.5:0/1085356817 >> [v2:172.21.15.5:6800/3746123069,v1:172.21.15.5:6801/3746123069] conn(0x7f786c033970 0x7f786c035d60 unknown :-1 s=CLOSED pgs=3 cs=0 l=1 rev1=1 rx=0 tx=0).stop
2024-02-13T15:55:38.171 INFO:teuthology.orchestra.run.smithi005.stderr:/usr/bin/ceph:
2024-02-13T15:55:38.168+0000 7f788f19f700 1 --2- 172.21.15.5:0/1085356817 >> [v2:172.21.15.5:3300/0,v1:172.21.15.5:6789/0] conn(0x7f7888070480 0x7f78880fc3e0 unknown :-1 s=CLOSED pgs=71 cs=0 l=1 rev1=1 rx=0 tx=0).stop
2024-02-13T15:55:38.171 INFO:teuthology.orchestra.run.smithi005.stderr:/usr/bin/ceph:
2024-02-13T15:55:38.168+0000 7f788f19f700 1 --2- 172.21.15.5:0/1085356817 >> [v2:172.21.15.5:6800/3201243504,v1:172.21.15.5:6801/3201243504] conn(0x7f786c02ff00 0x7f786c0323c0 unknown :-1 s=CLOSED pgs=0 cs=0 l=1 rev1=0 rx=0 tx=0).stop
2024-02-13T15:55:38.171 INFO:teuthology.orchestra.run.smithi005.stderr:/usr/bin/ceph:
2024-02-13T15:55:38.168+0000 7f788f19f700 1 -- 172.21.15.5:0/1085356817 >> 172.21.15.5:0/1085356817 conn(0x7f78880f6460 msgr2=0x7f78880f7fb0 unknown :-1 s=STATE_NONE l=0).mark_down
2024-02-13T15:55:38.171 INFO:teuthology.orchestra.run.smithi005.stderr:/usr/bin/ceph:
2024-02-13T15:55:38.168+0000 7f788f19f700 1 -- 172.21.15.5:0/1085356817 shutdown_connections
2024-02-13T15:55:38.171 INFO:teuthology.orchestra.run.smithi005.stderr:/usr/bin/ceph:
2024-02-13T15:55:38.168+0000 7f788f19f700 1 -- 172.21.15.5:0/1085356817 wait complete.
2024-02-13T15:55:38.371 INFO:journalctl@ceph.mon.smithi005.smithi005.stdout:Feb 13 15:55:38 smithi005 ceph-00e975ee-ca88-11ee-95b9-87774f69a715-mon.smithi005[39597]: cluster
2024-02-13T15:55:37.106022+0000 mon.smithi005 (mon.0) 91 : cluster [INF] Active manager daemon smithi005.cipwdk restarted
2024-02-13T15:55:38.371 INFO:journalctl@ceph.mon.smithi005.smithi005.stdout:Feb 13 15:55:38 smithi005 ceph-00e975ee-ca88-11ee-95b9-87774f69a715-mon.smithi005[39597]: cluster
2024-02-13T15:55:37.106417+0000 mon.smithi005 (mon.0) 92 : cluster [INF] Activating manager daemon smithi005.cipwdk
2024-02-13T15:55:38.371 INFO:journalctl@ceph.mon.smithi005.smithi005.stdout:Feb 13 15:55:38 smithi005 ceph-00e975ee-ca88-11ee-95b9-87774f69a715-mon.smithi005[39597]: cluster
2024-02-13T15:55:37.107964+0000 mon.smithi005 (mon.0) 93 : cluster [DBG] osdmap e4: 0 total, 0 up, 0 in
2024-02-13T15:55:38.371 INFO:journalctl@ceph.mon.smithi005.smithi005.stdout:Feb 13 15:55:38 smithi005 ceph-00e975ee-ca88-11ee-95b9-87774f69a715-mon.smithi005[39597]: cluster
2024-02-13T15:55:37.158913+0000 mon.smithi005 (mon.0) 94 : cluster [DBG] mgrmap e14: smithi005.cipwdk(active, starting, since 0.0525801s)
2024-02-13T15:55:38.371 INFO:journalctl@ceph.mon.smithi005.smithi005.stdout:Feb 13 15:55:38 smithi005 ceph-00e975ee-ca88-11ee-95b9-87774f69a715-mon.smithi005[39597]: audit
2024-02-13T15:55:37.160079+0000 mon.smithi005 (mon.0) 95 : audit [DBG] from='mgr.14160 172.21.15.5:0/2181921243' entity='mgr.smithi005.cipwdk' cmd=[{"prefix": "mon metadata", "id": "smithi005"}]: dispatch
2024-02-13T15:55:38.371 INFO:journalctl@ceph.mon.smithi005.smithi005.stdout:Feb 13 15:55:38 smithi005 ceph-00e975ee-ca88-11ee-95b9-87774f69a715-mon.smithi005[39597]: audit
2024-02-13T15:55:37.160639+0000 mon.smithi005 (mon.0) 96 : audit [DBG] from='mgr.14160 172.21.15.5:0/2181921243' entity='mgr.smithi005.cipwdk' cmd=[{"prefix": "mgr metadata", "who": "smithi005.cipwdk", "id": "smithi005.cipwdk"}]: dispatch
2024-02-13T15:55:38.371 INFO:journalctl@ceph.mon.smithi005.smithi005.stdout:Feb 13 15:55:38 smithi005 ceph-00e975ee-ca88-11ee-95b9-87774f69a715-mon.smithi005[39597]: audit
2024-02-13T15:55:37.161400+0000 mon.smithi005 (mon.0) 97 : audit [DBG] from='mgr.14160 172.21.15.5:0/2181921243' entity='mgr.smithi005.cipwdk' cmd=[{"prefix": "mds metadata"}]: dispatch
2024-02-13T15:55:38.371 INFO:journalctl@ceph.mon.smithi005.smithi005.stdout:Feb 13 15:55:38 smithi005 ceph-00e975ee-ca88-11ee-95b9-87774f69a715-mon.smithi005[39597]: audit
2024-02-13T15:55:37.161639+0000 mon.smithi005 (mon.0) 98 : audit [DBG] from='mgr.14160 172.21.15.5:0/2181921243' entity='mgr.smithi005.cipwdk' cmd=[{"prefix": "osd metadata"}]: dispatch
2024-02-13T15:55:38.371 INFO:journalctl@ceph.mon.smithi005.smithi005.stdout:Feb 13 15:55:38 smithi005 ceph-00e975ee-ca88-11ee-95b9-87774f69a715-mon.smithi005[39597]: audit
2024-02-13T15:55:37.161867+0000 mon.smithi005 (mon.0) 99 : audit [DBG] from='mgr.14160 172.21.15.5:0/2181921243' entity='mgr.smithi005.cipwdk' cmd=[{"prefix": "mon metadata"}]: dispatch
2024-02-13T15:55:38.371 INFO:journalctl@ceph.mon.smithi005.smithi005.stdout:Feb 13 15:55:38 smithi005 ceph-00e975ee-ca88-11ee-95b9-87774f69a715-mon.smithi005[39597]: cluster
2024-02-13T15:55:37.175489+0000 mon.smithi005 (mon.0) 100 : cluster [INF] Manager daemon smithi005.cipwdk is now available
