2024-02-20T00:09:45.217 INFO:teuthology.orchestra.run.smithi084.stderr:/usr/bin/ceph:
2024-02-20T00:09:45.213+0000 7f6a0759e700 1 -- 172.21.15.84:0/3404791491 shutdown_connections
2024-02-20T00:09:45.217 INFO:teuthology.orchestra.run.smithi084.stderr:/usr/bin/ceph:
2024-02-20T00:09:45.213+0000 7f6a0759e700 1 --2- 172.21.15.84:0/3404791491 >> [v2:172.21.15.84:3300/0,v1:172.21.15.84:6789/0] conn(0x7f6a08070430 0x7f6a080fe890 unknown :-1 s=CLOSED pgs=58 cs=0 l=1 rev1=1 rx=0 tx=0).stop
2024-02-20T00:09:45.217 INFO:teuthology.orchestra.run.smithi084.stderr:/usr/bin/ceph:
2024-02-20T00:09:45.213+0000 7f6a0759e700 1 -- 172.21.15.84:0/3404791491 >> 172.21.15.84:0/3404791491 conn(0x7f6a080f6390 msgr2=0x7f6a080f87b0 unknown :-1 s=STATE_NONE l=0).mark_down
2024-02-20T00:09:45.217 INFO:teuthology.orchestra.run.smithi084.stderr:/usr/bin/ceph:
2024-02-20T00:09:45.213+0000 7f6a0759e700 1 -- 172.21.15.84:0/3404791491 shutdown_connections
2024-02-20T00:09:45.217 INFO:teuthology.orchestra.run.smithi084.stderr:/usr/bin/ceph:
2024-02-20T00:09:45.213+0000 7f6a0759e700 1 -- 172.21.15.84:0/3404791491 wait complete.
2024-02-20T00:09:45.217 INFO:teuthology.orchestra.run.smithi084.stderr:/usr/bin/ceph:
2024-02-20T00:09:45.214+0000 7f6a0759e700 1 Processor -- start
2024-02-20T00:09:45.217 INFO:teuthology.orchestra.run.smithi084.stderr:/usr/bin/ceph:
2024-02-20T00:09:45.214+0000 7f6a0759e700 1 -- start start
2024-02-20T00:09:45.217 INFO:teuthology.orchestra.run.smithi084.stderr:/usr/bin/ceph:
2024-02-20T00:09:45.214+0000 7f6a0759e700 1 --2- >> [v2:172.21.15.84:3300/0,v1:172.21.15.84:6789/0] conn(0x7f6a08070430 0x7f6a080fc310 unknown :-1 s=NONE pgs=0 cs=0 l=1 rev1=0 rx=0 tx=0).connect
2024-02-20T00:09:45.217 INFO:teuthology.orchestra.run.smithi084.stderr:/usr/bin/ceph:
2024-02-20T00:09:45.214+0000 7f6a0759e700 1 -- --> [v2:172.21.15.84:3300/0,v1:172.21.15.84:6789/0] -- mon_getmap magic: 0 v1 -- 0x7f6a080fa790 con 0x7f6a08070430
2024-02-20T00:09:45.218 INFO:teuthology.orchestra.run.smithi084.stderr:/usr/bin/ceph:
2024-02-20T00:09:45.214+0000 7f6a0659c700 1 --2- >> [v2:172.21.15.84:3300/0,v1:172.21.15.84:6789/0] conn(0x7f6a08070430 0x7f6a080fc310 unknown :-1 s=BANNER_CONNECTING pgs=0 cs=0 l=1 rev1=0 rx=0 tx=0)._handle_peer_banner_payload supported=1 required=0
2024-02-20T00:09:45.218 INFO:teuthology.orchestra.run.smithi084.stderr:/usr/bin/ceph:
2024-02-20T00:09:45.214+0000 7f6a0659c700 1 --2- >> [v2:172.21.15.84:3300/0,v1:172.21.15.84:6789/0] conn(0x7f6a08070430 0x7f6a080fc310 unknown :-1 s=HELLO_CONNECTING pgs=0 cs=0 l=1 rev1=1 rx=0 tx=0).handle_hello peer v2:172.21.15.84:3300/0 says I am v2:172.21.15.84:53468/0 (socket says 172.21.15.84:53468)
2024-02-20T00:09:45.218 INFO:teuthology.orchestra.run.smithi084.stderr:/usr/bin/ceph:
2024-02-20T00:09:45.214+0000 7f6a0659c700 1 -- 172.21.15.84:0/3165986653 learned_addr learned my addr 172.21.15.84:0/3165986653 (peer_addr_for_me v2:172.21.15.84:0/0)
2024-02-20T00:09:45.218 INFO:teuthology.orchestra.run.smithi084.stderr:/usr/bin/ceph:
2024-02-20T00:09:45.214+0000 7f6a0659c700 1 -- 172.21.15.84:0/3165986653 --> [v2:172.21.15.84:3300/0,v1:172.21.15.84:6789/0] -- mon_subscribe({config=0+,monmap=0+}) v3 -- 0x7f69fc00b200 con 0x7f6a08070430
2024-02-20T00:09:45.219 INFO:teuthology.orchestra.run.smithi084.stderr:/usr/bin/ceph:
2024-02-20T00:09:45.215+0000 7f6a0659c700 1 --2- 172.21.15.84:0/3165986653 >> [v2:172.21.15.84:3300/0,v1:172.21.15.84:6789/0] conn(0x7f6a08070430 0x7f6a080fc310 secure :-1 s=READY pgs=59 cs=0 l=1 rev1=1 rx=0x7f69fc006800 tx=0x7f69fc006ee0).ready entity=mon.0 client_cookie=0 server_cookie=0 in_seq=0 out_seq=0
2024-02-20T00:09:45.219 INFO:teuthology.orchestra.run.smithi084.stderr:/usr/bin/ceph:
2024-02-20T00:09:45.215+0000 7f69f6ffd700 1 -- 172.21.15.84:0/3165986653 <== mon.0 v2:172.21.15.84:3300/0 1 ==== mon_map magic: 0 v1 ==== 229+0+0 (secure 0 0 0) 0x7f69fc01b570 con 0x7f6a08070430
2024-02-20T00:09:45.219 INFO:teuthology.orchestra.run.smithi084.stderr:/usr/bin/ceph:
2024-02-20T00:09:45.215+0000 7f69f6ffd700 1 -- 172.21.15.84:0/3165986653 <== mon.0 v2:172.21.15.84:3300/0 2 ==== config(26 keys) v1 ==== 1045+0+0 (secure 0 0 0) 0x7f69fc01bb60 con 0x7f6a08070430
2024-02-20T00:09:45.219 INFO:teuthology.orchestra.run.smithi084.stderr:/usr/bin/ceph:
2024-02-20T00:09:45.215+0000 7f6a0759e700 1 -- 172.21.15.84:0/3165986653 --> [v2:172.21.15.84:3300/0,v1:172.21.15.84:6789/0] -- mon_subscribe({mgrmap=0+}) v3 -- 0x7f6a080fa930 con 0x7f6a08070430
2024-02-20T00:09:45.219 INFO:teuthology.orchestra.run.smithi084.stderr:/usr/bin/ceph:
2024-02-20T00:09:45.215+0000 7f69f6ffd700 1 -- 172.21.15.84:0/3165986653 <== mon.0 v2:172.21.15.84:3300/0 3 ==== mon_map magic: 0 v1 ==== 229+0+0 (secure 0 0 0) 0x7f69fc01a9f0 con 0x7f6a08070430
2024-02-20T00:09:45.219 INFO:teuthology.orchestra.run.smithi084.stderr:/usr/bin/ceph:
2024-02-20T00:09:45.215+0000 7f6a0759e700 1 -- 172.21.15.84:0/3165986653 --> [v2:172.21.15.84:3300/0,v1:172.21.15.84:6789/0] -- mon_subscribe({osdmap=0}) v3 -- 0x7f6a080fadc0 con 0x7f6a08070430
2024-02-20T00:09:45.219 INFO:teuthology.orchestra.run.smithi084.stderr:/usr/bin/ceph:
2024-02-20T00:09:45.216+0000 7f69f6ffd700 1 -- 172.21.15.84:0/3165986653 <== mon.0 v2:172.21.15.84:3300/0 4 ==== mgrmap(e 12) v1 ==== 36195+0+0 (secure 0 0 0) 0x7f69fc00f070 con 0x7f6a08070430
2024-02-20T00:09:45.219 INFO:teuthology.orchestra.run.smithi084.stderr:/usr/bin/ceph:
2024-02-20T00:09:45.216+0000 7f6a0759e700 1 -- 172.21.15.84:0/3165986653 --> [v2:172.21.15.84:3300/0,v1:172.21.15.84:6789/0] -- mon_command({"prefix": "get_command_descriptions"} v 0) v1 -- 0x7f6a08045ad0 con 0x7f6a08070430
2024-02-20T00:09:45.219 INFO:teuthology.orchestra.run.smithi084.stderr:/usr/bin/ceph:
2024-02-20T00:09:45.216+0000 7f69f6ffd700 1 --2- 172.21.15.84:0/3165986653 >> [v2:172.21.15.84:6800/1962643952,v1:172.21.15.84:6801/1962643952] conn(0x7f69ec02ff70 0x7f69ec032430 unknown :-1 s=NONE pgs=0 cs=0 l=1 rev1=0 rx=0 tx=0).connect
2024-02-20T00:09:45.219 INFO:teuthology.orchestra.run.smithi084.stderr:/usr/bin/ceph:
2024-02-20T00:09:45.216+0000 7f69f6ffd700 1 -- 172.21.15.84:0/3165986653 <== mon.0 v2:172.21.15.84:3300/0 5 ==== osd_map(3..3 src has 1..3) v4 ==== 1098+0+0 (secure 0 0 0) 0x7f69fc0414d0 con 0x7f6a08070430
2024-02-20T00:09:45.220 INFO:teuthology.orchestra.run.smithi084.stderr:/usr/bin/ceph:
2024-02-20T00:09:45.216+0000 7f6a05d9b700 1 --2- 172.21.15.84:0/3165986653 >> [v2:172.21.15.84:6800/1962643952,v1:172.21.15.84:6801/1962643952] conn(0x7f69ec02ff70 0x7f69ec032430 unknown :-1 s=BANNER_CONNECTING pgs=0 cs=0 l=1 rev1=0 rx=0 tx=0)._handle_peer_banner_payload supported=1 required=0
2024-02-20T00:09:45.220 INFO:teuthology.orchestra.run.smithi084.stderr:/usr/bin/ceph:
2024-02-20T00:09:45.216+0000 7f6a05d9b700 1 --2- 172.21.15.84:0/3165986653 >> [v2:172.21.15.84:6800/1962643952,v1:172.21.15.84:6801/1962643952] conn(0x7f69ec02ff70 0x7f69ec032430 secure :-1 s=READY pgs=7 cs=0 l=1 rev1=1 rx=0x7f69f80096a0 tx=0x7f69f8006b40).ready entity=mgr.14142 client_cookie=0 server_cookie=0 in_seq=0 out_seq=0
2024-02-20T00:09:45.221 INFO:teuthology.orchestra.run.smithi084.stderr:/usr/bin/ceph:
2024-02-20T00:09:45.220+0000 7f69f6ffd700 1 -- 172.21.15.84:0/3165986653 <== mon.0 v2:172.21.15.84:3300/0 6 ==== mon_command_ack([{"prefix": "get_command_descriptions"}]=0 v0) v1 ==== 72+0+152212 (secure 0 0 0) 0x7f69fc019c90 con 0x7f6a08070430
2024-02-20T00:09:45.396 INFO:teuthology.orchestra.run.smithi084.stderr:/usr/bin/ceph:
2024-02-20T00:09:45.395+0000 7f6a0759e700 1 -- 172.21.15.84:0/3165986653 --> [v2:172.21.15.84:6800/1962643952,v1:172.21.15.84:6801/1962643952] -- mgr_command(tid 0: {"prefix": "orch apply", "service_type": "node-exporter", "target": ["mon-mgr", ""]}) v1 -- 0x7f6a080fb000 con 0x7f69ec02ff70
2024-02-20T00:09:45.400 INFO:teuthology.orchestra.run.smithi084.stderr:/usr/bin/ceph:
2024-02-20T00:09:45.399+0000 7f69f6ffd700 1 -- 172.21.15.84:0/3165986653 <== mgr.14142 v2:172.21.15.84:6800/1962643952 1 ==== mgr_command_reply(tid 0: 0 ) v1 ==== 8+0+34 (secure 0 0 0) 0x7f6a080fb000 con 0x7f69ec02ff70
2024-02-20T00:09:45.400 INFO:teuthology.orchestra.run.smithi084.stderr:/usr/bin/ceph: Scheduled node-exporter update...
2024-02-20T00:09:45.402 INFO:teuthology.orchestra.run.smithi084.stderr:/usr/bin/ceph:
2024-02-20T00:09:45.400+0000 7f6a0759e700 1 -- 172.21.15.84:0/3165986653 >> [v2:172.21.15.84:6800/1962643952,v1:172.21.15.84:6801/1962643952] conn(0x7f69ec02ff70 msgr2=0x7f69ec032430 secure :-1 s=STATE_CONNECTION_ESTABLISHED l=1).mark_down
2024-02-20T00:09:45.403 INFO:teuthology.orchestra.run.smithi084.stderr:/usr/bin/ceph:
2024-02-20T00:09:45.400+0000 7f6a0759e700 1 --2- 172.21.15.84:0/3165986653 >> [v2:172.21.15.84:6800/1962643952,v1:172.21.15.84:6801/1962643952] conn(0x7f69ec02ff70 0x7f69ec032430 secure :-1 s=READY pgs=7 cs=0 l=1 rev1=1 rx=0x7f69f80096a0 tx=0x7f69f8006b40).stop
2024-02-20T00:09:45.403 INFO:teuthology.orchestra.run.smithi084.stderr:/usr/bin/ceph:
2024-02-20T00:09:45.400+0000 7f6a0759e700 1 -- 172.21.15.84:0/3165986653 >> [v2:172.21.15.84:3300/0,v1:172.21.15.84:6789/0] conn(0x7f6a08070430 msgr2=0x7f6a080fc310 secure :-1 s=STATE_CONNECTION_ESTABLISHED l=1).mark_down
2024-02-20T00:09:45.403 INFO:teuthology.orchestra.run.smithi084.stderr:/usr/bin/ceph:
2024-02-20T00:09:45.400+0000 7f6a0759e700 1 --2- 172.21.15.84:0/3165986653 >> [v2:172.21.15.84:3300/0,v1:172.21.15.84:6789/0] conn(0x7f6a08070430 0x7f6a080fc310 secure :-1 s=READY pgs=59 cs=0 l=1 rev1=1 rx=0x7f69fc006800 tx=0x7f69fc006ee0).stop
2024-02-20T00:09:45.403 INFO:teuthology.orchestra.run.smithi084.stderr:/usr/bin/ceph:
2024-02-20T00:09:45.400+0000 7f6a0759e700 1 -- 172.21.15.84:0/3165986653 shutdown_connections
2024-02-20T00:09:45.403 INFO:teuthology.orchestra.run.smithi084.stderr:/usr/bin/ceph:
2024-02-20T00:09:45.400+0000 7f6a0759e700 1 --2- 172.21.15.84:0/3165986653 >> [v2:172.21.15.84:6800/1962643952,v1:172.21.15.84:6801/1962643952] conn(0x7f69ec02ff70 0x7f69ec032430 unknown :-1 s=CLOSED pgs=7 cs=0 l=1 rev1=1 rx=0 tx=0).stop
2024-02-20T00:09:45.403 INFO:teuthology.orchestra.run.smithi084.stderr:/usr/bin/ceph:
2024-02-20T00:09:45.400+0000 7f6a0759e700 1 --2- 172.21.15.84:0/3165986653 >> [v2:172.21.15.84:3300/0,v1:172.21.15.84:6789/0] conn(0x7f6a08070430 0x7f6a080fc310 unknown :-1 s=CLOSED pgs=59 cs=0 l=1 rev1=1 rx=0 tx=0).stop
2024-02-20T00:09:45.403 INFO:teuthology.orchestra.run.smithi084.stderr:/usr/bin/ceph:
2024-02-20T00:09:45.400+0000 7f6a0759e700 1 -- 172.21.15.84:0/3165986653 >> 172.21.15.84:0/3165986653 conn(0x7f6a080f6390 msgr2=0x7f6a080f7d70 unknown :-1 s=STATE_NONE l=0).mark_down
2024-02-20T00:09:45.403 INFO:teuthology.orchestra.run.smithi084.stderr:/usr/bin/ceph:
2024-02-20T00:09:45.401+0000 7f6a0759e700 1 -- 172.21.15.84:0/3165986653 shutdown_connections
2024-02-20T00:09:45.403 INFO:teuthology.orchestra.run.smithi084.stderr:/usr/bin/ceph:
2024-02-20T00:09:45.401+0000 7f6a0759e700 1 -- 172.21.15.84:0/3165986653 wait complete.
2024-02-20T00:09:45.970 INFO:teuthology.orchestra.run.smithi084.stderr:Deploying alertmanager service with default placement...
2024-02-20T00:09:45.970 INFO:teuthology.orchestra.run.smithi084.stderr:Running command: /bin/podman run --rm --ipc=host --no-hosts --net=host --entrypoint /usr/bin/ceph --init -e CONTAINER_IMAGE=docker.io/ceph/ceph:v16.2.4 -e NODE_NAME=smithi084 -e CEPH_USE_RANDOM_NONCE=1 -v /var/log/ceph/2a2e6c42-cf84-11ee-95bb-87774f69a715:/var/log/ceph:z -v /tmp/ceph-tmp3ot6j0xn:/etc/ceph/ceph.client.admin.keyring:z -v /tmp/ceph-tmp4xryone4:/etc/ceph/ceph.conf:z docker.io/ceph/ceph:v16.2.4 orch apply alertmanager
2024-02-20T00:09:46.450 INFO:teuthology.orchestra.run.smithi084.stderr:/usr/bin/ceph:
2024-02-20T00:09:46.448+0000 7f29c9f96700 1 Processor -- start
2024-02-20T00:09:46.451 INFO:teuthology.orchestra.run.smithi084.stderr:/usr/bin/ceph:
2024-02-20T00:09:46.448+0000 7f29c9f96700 1 -- start start
2024-02-20T00:09:46.451 INFO:teuthology.orchestra.run.smithi084.stderr:/usr/bin/ceph:
2024-02-20T00:09:46.448+0000 7f29c9f96700 1 --2- >> [v2:172.21.15.84:3300/0,v1:172.21.15.84:6789/0] conn(0x7f29c40fad90 0x7f29c40fb1b0 unknown :-1 s=NONE pgs=0 cs=0 l=0 rev1=0 rx=0 tx=0).connect
2024-02-20T00:09:46.451 INFO:teuthology.orchestra.run.smithi084.stderr:/usr/bin/ceph:
2024-02-20T00:09:46.448+0000 7f29c9f96700 1 -- --> [v2:172.21.15.84:3300/0,v1:172.21.15.84:6789/0] -- mon_getmap magic: 0 v1 -- 0x7f29c40fb6a0 con 0x7f29c40fad90
2024-02-20T00:09:46.451 INFO:teuthology.orchestra.run.smithi084.stderr:/usr/bin/ceph:
2024-02-20T00:09:46.448+0000 7f29c37fe700 1 --2- >> [v2:172.21.15.84:3300/0,v1:172.21.15.84:6789/0] conn(0x7f29c40fad90 0x7f29c40fb1b0 unknown :-1 s=BANNER_CONNECTING pgs=0 cs=0 l=0 rev1=0 rx=0 tx=0)._handle_peer_banner_payload supported=1 required=0
2024-02-20T00:09:46.451 INFO:teuthology.orchestra.run.smithi084.stderr:/usr/bin/ceph:
2024-02-20T00:09:46.448+0000 7f29c37fe700 1 --2- >> [v2:172.21.15.84:3300/0,v1:172.21.15.84:6789/0] conn(0x7f29c40fad90 0x7f29c40fb1b0 unknown :-1 s=HELLO_CONNECTING pgs=0 cs=0 l=0 rev1=1 rx=0 tx=0).handle_hello peer v2:172.21.15.84:3300/0 says I am v2:172.21.15.84:53476/0 (socket says 172.21.15.84:53476)
2024-02-20T00:09:46.451 INFO:teuthology.orchestra.run.smithi084.stderr:/usr/bin/ceph:
2024-02-20T00:09:46.448+0000 7f29c37fe700 1 -- 172.21.15.84:0/600375901 learned_addr learned my addr 172.21.15.84:0/600375901 (peer_addr_for_me v2:172.21.15.84:0/0)
2024-02-20T00:09:46.451 INFO:teuthology.orchestra.run.smithi084.stderr:/usr/bin/ceph:
2024-02-20T00:09:46.448+0000 7f29c37fe700 1 -- 172.21.15.84:0/600375901 --> [v2:172.21.15.84:3300/0,v1:172.21.15.84:6789/0] -- mon_subscribe({config=0+,monmap=0+}) v3 -- 0x7f29c40fb7e0 con 0x7f29c40fad90
2024-02-20T00:09:46.451 INFO:teuthology.orchestra.run.smithi084.stderr:/usr/bin/ceph:
2024-02-20T00:09:46.448+0000 7f29c37fe700 1 --2- 172.21.15.84:0/600375901 >> [v2:172.21.15.84:3300/0,v1:172.21.15.84:6789/0] conn(0x7f29c40fad90 0x7f29c40fb1b0 secure :-1 s=READY pgs=60 cs=0 l=1 rev1=1 rx=0x7f29b400b5f0 tx=0x7f29b4006ee0).ready entity=mon.0 client_cookie=7bf56ff8ed40905f server_cookie=0 in_seq=0 out_seq=0
2024-02-20T00:09:46.451 INFO:teuthology.orchestra.run.smithi084.stderr:/usr/bin/ceph:
2024-02-20T00:09:46.449+0000 7f29c27fc700 1 -- 172.21.15.84:0/600375901 <== mon.0 v2:172.21.15.84:3300/0 1 ==== mon_map magic: 0 v1 ==== 229+0+0 (secure 0 0 0) 0x7f29b400d600 con 0x7f29c40fad90
2024-02-20T00:09:46.453 INFO:teuthology.orchestra.run.smithi084.stderr:/usr/bin/ceph:
2024-02-20T00:09:46.449+0000 7f29c27fc700 1 -- 172.21.15.84:0/600375901 <== mon.0 v2:172.21.15.84:3300/0 2 ==== config(26 keys) v1 ==== 1045+0+0 (secure 0 0 0) 0x7f29b400dbf0 con 0x7f29c40fad90
2024-02-20T00:09:46.453 INFO:teuthology.orchestra.run.smithi084.stderr:/usr/bin/ceph:
2024-02-20T00:09:46.449+0000 7f29c27fc700 1 -- 172.21.15.84:0/600375901 <== mon.0 v2:172.21.15.84:3300/0 3 ==== mon_map magic: 0 v1 ==== 229+0+0 (secure 0 0 0) 0x7f29b4011cb0 con 0x7f29c40fad90
2024-02-20T00:09:46.453 INFO:teuthology.orchestra.run.smithi084.stderr:/usr/bin/ceph:
2024-02-20T00:09:46.449+0000 7f29c9f96700 1 -- 172.21.15.84:0/600375901 >> [v2:172.21.15.84:3300/0,v1:172.21.15.84:6789/0] conn(0x7f29c40fad90 msgr2=0x7f29c40fb1b0 secure :-1 s=STATE_CONNECTION_ESTABLISHED l=1).mark_down
2024-02-20T00:09:46.453 INFO:teuthology.orchestra.run.smithi084.stderr:/usr/bin/ceph:
2024-02-20T00:09:46.449+0000 7f29c9f96700 1 --2- 172.21.15.84:0/600375901 >> [v2:172.21.15.84:3300/0,v1:172.21.15.84:6789/0] conn(0x7f29c40fad90 0x7f29c40fb1b0 secure :-1 s=READY pgs=60 cs=0 l=1 rev1=1 rx=0x7f29b400b5f0 tx=0x7f29b4006ee0).stop
2024-02-20T00:09:46.453 INFO:teuthology.orchestra.run.smithi084.stderr:/usr/bin/ceph:
2024-02-20T00:09:46.449+0000 7f29c9f96700 1 -- 172.21.15.84:0/600375901 shutdown_connections
2024-02-20T00:09:46.453 INFO:teuthology.orchestra.run.smithi084.stderr:/usr/bin/ceph:
2024-02-20T00:09:46.449+0000 7f29c9f96700 1 --2- 172.21.15.84:0/600375901 >> [v2:172.21.15.84:3300/0,v1:172.21.15.84:6789/0] conn(0x7f29c40fad90 0x7f29c40fb1b0 unknown :-1 s=CLOSED pgs=60 cs=0 l=1 rev1=1 rx=0 tx=0).stop
2024-02-20T00:09:46.453 INFO:teuthology.orchestra.run.smithi084.stderr:/usr/bin/ceph:
2024-02-20T00:09:46.449+0000 7f29c9f96700 1 -- 172.21.15.84:0/600375901 >> 172.21.15.84:0/600375901 conn(0x7f29c40f6530 msgr2=0x7f29c40f8950 unknown :-1 s=STATE_NONE l=0).mark_down
2024-02-20T00:09:46.453 INFO:teuthology.orchestra.run.smithi084.stderr:/usr/bin/ceph:
2024-02-20T00:09:46.450+0000 7f29c9f96700 1 -- 172.21.15.84:0/600375901 shutdown_connections
2024-02-20T00:09:46.453 INFO:teuthology.orchestra.run.smithi084.stderr:/usr/bin/ceph:
2024-02-20T00:09:46.450+0000 7f29c9f96700 1 -- 172.21.15.84:0/600375901 wait complete.
2024-02-20T00:09:46.453 INFO:teuthology.orchestra.run.smithi084.stderr:/usr/bin/ceph:
2024-02-20T00:09:46.450+0000 7f29c9f96700 1 Processor -- start
2024-02-20T00:09:46.454 INFO:teuthology.orchestra.run.smithi084.stderr:/usr/bin/ceph:
2024-02-20T00:09:46.450+0000 7f29c9f96700 1 -- start start
2024-02-20T00:09:46.454 INFO:teuthology.orchestra.run.smithi084.stderr:/usr/bin/ceph:
2024-02-20T00:09:46.451+0000 7f29c9f96700 1 --2- >> [v2:172.21.15.84:3300/0,v1:172.21.15.84:6789/0] conn(0x7f29c40fad90 0x7f29c410ce10 unknown :-1 s=NONE pgs=0 cs=0 l=1 rev1=0 rx=0 tx=0).connect
2024-02-20T00:09:46.454 INFO:teuthology.orchestra.run.smithi084.stderr:/usr/bin/ceph:
2024-02-20T00:09:46.451+0000 7f29c9f96700 1 -- --> [v2:172.21.15.84:3300/0,v1:172.21.15.84:6789/0] -- mon_getmap magic: 0 v1 -- 0x7f29c410d300 con 0x7f29c40fad90
2024-02-20T00:09:46.454 INFO:teuthology.orchestra.run.smithi084.stderr:/usr/bin/ceph:
2024-02-20T00:09:46.451+0000 7f29c37fe700 1 --2- >> [v2:172.21.15.84:3300/0,v1:172.21.15.84:6789/0] conn(0x7f29c40fad90 0x7f29c410ce10 unknown :-1 s=BANNER_CONNECTING pgs=0 cs=0 l=1 rev1=0 rx=0 tx=0)._handle_peer_banner_payload supported=1 required=0
2024-02-20T00:09:46.454 INFO:teuthology.orchestra.run.smithi084.stderr:/usr/bin/ceph:
2024-02-20T00:09:46.451+0000 7f29c37fe700 1 --2- >> [v2:172.21.15.84:3300/0,v1:172.21.15.84:6789/0] conn(0x7f29c40fad90 0x7f29c410ce10 unknown :-1 s=HELLO_CONNECTING pgs=0 cs=0 l=1 rev1=1 rx=0 tx=0).handle_hello peer v2:172.21.15.84:3300/0 says I am v2:172.21.15.84:53480/0 (socket says 172.21.15.84:53480)
2024-02-20T00:09:46.454 INFO:teuthology.orchestra.run.smithi084.stderr:/usr/bin/ceph:
2024-02-20T00:09:46.451+0000 7f29c37fe700 1 -- 172.21.15.84:0/2984372774 learned_addr learned my addr 172.21.15.84:0/2984372774 (peer_addr_for_me v2:172.21.15.84:0/0)
2024-02-20T00:09:46.454 INFO:teuthology.orchestra.run.smithi084.stderr:/usr/bin/ceph:
2024-02-20T00:09:46.451+0000 7f29c37fe700 1 -- 172.21.15.84:0/2984372774 --> [v2:172.21.15.84:3300/0,v1:172.21.15.84:6789/0] -- mon_subscribe({config=0+,monmap=0+}) v3 -- 0x7f29b400b200 con 0x7f29c40fad90
2024-02-20T00:09:46.454 INFO:teuthology.orchestra.run.smithi084.stderr:/usr/bin/ceph:
2024-02-20T00:09:46.451+0000 7f29c37fe700 1 --2- 172.21.15.84:0/2984372774 >> [v2:172.21.15.84:3300/0,v1:172.21.15.84:6789/0] conn(0x7f29c40fad90 0x7f29c410ce10 secure :-1 s=READY pgs=61 cs=0 l=1 rev1=1 rx=0x7f29b400bf40 tx=0x7f29b4006ee0).ready entity=mon.0 client_cookie=0 server_cookie=0 in_seq=0 out_seq=0
2024-02-20T00:09:46.454 INFO:teuthology.orchestra.run.smithi084.stderr:/usr/bin/ceph:
2024-02-20T00:09:46.451+0000 7f29abfff700 1 -- 172.21.15.84:0/2984372774 <== mon.0 v2:172.21.15.84:3300/0 1 ==== mon_map magic: 0 v1 ==== 229+0+0 (secure 0 0 0) 0x7f29b401b570 con 0x7f29c40fad90
2024-02-20T00:09:46.454 INFO:teuthology.orchestra.run.smithi084.stderr:/usr/bin/ceph:
2024-02-20T00:09:46.451+0000 7f29abfff700 1 -- 172.21.15.84:0/2984372774 <== mon.0 v2:172.21.15.84:3300/0 2 ==== config(26 keys) v1 ==== 1045+0+0 (secure 0 0 0) 0x7f29b401bb60 con 0x7f29c40fad90
2024-02-20T00:09:46.454 INFO:teuthology.orchestra.run.smithi084.stderr:/usr/bin/ceph:
2024-02-20T00:09:46.451+0000 7f29c9f96700 1 -- 172.21.15.84:0/2984372774 --> [v2:172.21.15.84:3300/0,v1:172.21.15.84:6789/0] -- mon_subscribe({mgrmap=0+}) v3 -- 0x7f29c410d500 con 0x7f29c40fad90
2024-02-20T00:09:46.454 INFO:teuthology.orchestra.run.smithi084.stderr:/usr/bin/ceph:
2024-02-20T00:09:46.451+0000 7f29abfff700 1 -- 172.21.15.84:0/2984372774 <== mon.0 v2:172.21.15.84:3300/0 3 ==== mon_map magic: 0 v1 ==== 229+0+0 (secure 0 0 0) 0x7f29b401aa20 con 0x7f29c40fad90
2024-02-20T00:09:46.455 INFO:teuthology.orchestra.run.smithi084.stderr:/usr/bin/ceph:
2024-02-20T00:09:46.451+0000 7f29c9f96700 1 -- 172.21.15.84:0/2984372774 --> [v2:172.21.15.84:3300/0,v1:172.21.15.84:6789/0] -- mon_subscribe({osdmap=0}) v3 -- 0x7f29c410e110 con 0x7f29c40fad90
2024-02-20T00:09:46.455 INFO:teuthology.orchestra.run.smithi084.stderr:/usr/bin/ceph:
2024-02-20T00:09:46.452+0000 7f29abfff700 1 -- 172.21.15.84:0/2984372774 <== mon.0 v2:172.21.15.84:3300/0 4 ==== mgrmap(e 12) v1 ==== 36195+0+0 (secure 0 0 0) 0x7f29b400f070 con 0x7f29c40fad90
2024-02-20T00:09:46.455 INFO:teuthology.orchestra.run.smithi084.stderr:/usr/bin/ceph:
2024-02-20T00:09:46.452+0000 7f29c9f96700 1 -- 172.21.15.84:0/2984372774 --> [v2:172.21.15.84:3300/0,v1:172.21.15.84:6789/0] -- mon_command({"prefix": "get_command_descriptions"} v 0) v1 -- 0x7f29c4059100 con 0x7f29c40fad90
2024-02-20T00:09:46.455 INFO:teuthology.orchestra.run.smithi084.stderr:/usr/bin/ceph:
2024-02-20T00:09:46.452+0000 7f29abfff700 1 --2- 172.21.15.84:0/2984372774 >> [v2:172.21.15.84:6800/1962643952,v1:172.21.15.84:6801/1962643952] conn(0x7f29b002ff70 0x7f29b0032430 unknown :-1 s=NONE pgs=0 cs=0 l=1 rev1=0 rx=0 tx=0).connect
2024-02-20T00:09:46.456 INFO:teuthology.orchestra.run.smithi084.stderr:/usr/bin/ceph:
2024-02-20T00:09:46.452+0000 7f29abfff700 1 -- 172.21.15.84:0/2984372774 <== mon.0 v2:172.21.15.84:3300/0 5 ==== osd_map(3..3 src has 1..3) v4 ==== 1098+0+0 (secure 0 0 0) 0x7f29b40415b0 con 0x7f29c40fad90
2024-02-20T00:09:46.456 INFO:teuthology.orchestra.run.smithi084.stderr:/usr/bin/ceph:
2024-02-20T00:09:46.453+0000 7f29c2ffd700 1 --2- 172.21.15.84:0/2984372774 >> [v2:172.21.15.84:6800/1962643952,v1:172.21.15.84:6801/1962643952] conn(0x7f29b002ff70 0x7f29b0032430 unknown :-1 s=BANNER_CONNECTING pgs=0 cs=0 l=1 rev1=0 rx=0 tx=0)._handle_peer_banner_payload supported=1 required=0
2024-02-20T00:09:46.456 INFO:teuthology.orchestra.run.smithi084.stderr:/usr/bin/ceph:
2024-02-20T00:09:46.453+0000 7f29c2ffd700 1 --2- 172.21.15.84:0/2984372774 >> [v2:172.21.15.84:6800/1962643952,v1:172.21.15.84:6801/1962643952] conn(0x7f29b002ff70 0x7f29b0032430 secure :-1 s=READY pgs=8 cs=0 l=1 rev1=1 rx=0x7f29b80096a0 tx=0x7f29b8006b40).ready entity=mgr.14142 client_cookie=0 server_cookie=0 in_seq=0 out_seq=0
2024-02-20T00:09:46.458 INFO:teuthology.orchestra.run.smithi084.stderr:/usr/bin/ceph:
2024-02-20T00:09:46.457+0000 7f29abfff700 1 -- 172.21.15.84:0/2984372774 <== mon.0 v2:172.21.15.84:3300/0 6 ==== mon_command_ack([{"prefix": "get_command_descriptions"}]=0 v0) v1 ==== 72+0+152212 (secure 0 0 0) 0x7f29b4019af0 con 0x7f29c40fad90
2024-02-20T00:09:46.607 INFO:journalctl@ceph.mon.smithi084.smithi084.stdout:Feb 20 00:09:46 smithi084 ceph-2a2e6c42-cf84-11ee-95bb-87774f69a715-mon.smithi084[38114]: audit
2024-02-20T00:09:45.396559+0000 mgr.smithi084.bmqrnf (mgr.14142) 5 : audit [DBG] from='client.14152 -' entity='client.admin' cmd=[{"prefix": "orch apply", "service_type": "node-exporter", "target": ["mon-mgr", ""]}]: dispatch
2024-02-20T00:09:46.607 INFO:journalctl@ceph.mon.smithi084.smithi084.stdout:Feb 20 00:09:46 smithi084 ceph-2a2e6c42-cf84-11ee-95bb-87774f69a715-mon.smithi084[38114]: cephadm
2024-02-20T00:09:45.397176+0000 mgr.smithi084.bmqrnf (mgr.14142) 6 : cephadm [INF] Saving service node-exporter spec with placement *
2024-02-20T00:09:46.607 INFO:journalctl@ceph.mon.smithi084.smithi084.stdout:Feb 20 00:09:46 smithi084 ceph-2a2e6c42-cf84-11ee-95bb-87774f69a715-mon.smithi084[38114]: audit
2024-02-20T00:09:45.399258+0000 mon.smithi084 (mon.0) 80 : audit [INF] from='mgr.14142 172.21.15.84:0/3829884648' entity='mgr.smithi084.bmqrnf'
2024-02-20T00:09:46.634 INFO:teuthology.orchestra.run.smithi084.stderr:/usr/bin/ceph:
2024-02-20T00:09:46.633+0000 7f29c9f96700 1 -- 172.21.15.84:0/2984372774 --> [v2:172.21.15.84:6800/1962643952,v1:172.21.15.84:6801/1962643952] -- mgr_command(tid 0: {"prefix": "orch apply", "service_type": "alertmanager", "target": ["mon-mgr", ""]}) v1 -- 0x7f29c410e350 con 0x7f29b002ff70
2024-02-20T00:09:46.638 INFO:teuthology.orchestra.run.smithi084.stderr:/usr/bin/ceph:
2024-02-20T00:09:46.636+0000 7f29abfff700 1 -- 172.21.15.84:0/2984372774 <== mgr.14142 v2:172.21.15.84:6800/1962643952 1 ==== mgr_command_reply(tid 0: 0 ) v1 ==== 8+0+33 (secure 0 0 0) 0x7f29c410e350 con 0x7f29b002ff70
2024-02-20T00:09:46.638 INFO:teuthology.orchestra.run.smithi084.stderr:/usr/bin/ceph: Scheduled alertmanager update...
2024-02-20T00:09:46.640 INFO:teuthology.orchestra.run.smithi084.stderr:/usr/bin/ceph:
2024-02-20T00:09:46.638+0000 7f29c9f96700 1 -- 172.21.15.84:0/2984372774 >> [v2:172.21.15.84:6800/1962643952,v1:172.21.15.84:6801/1962643952] conn(0x7f29b002ff70 msgr2=0x7f29b0032430 secure :-1 s=STATE_CONNECTION_ESTABLISHED l=1).mark_down
2024-02-20T00:09:46.640 INFO:teuthology.orchestra.run.smithi084.stderr:/usr/bin/ceph:
2024-02-20T00:09:46.638+0000 7f29c9f96700 1 --2- 172.21.15.84:0/2984372774 >> [v2:172.21.15.84:6800/1962643952,v1:172.21.15.84:6801/1962643952] conn(0x7f29b002ff70 0x7f29b0032430 secure :-1 s=READY pgs=8 cs=0 l=1 rev1=1 rx=0x7f29b80096a0 tx=0x7f29b8006b40).stop
2024-02-20T00:09:46.640 INFO:teuthology.orchestra.run.smithi084.stderr:/usr/bin/ceph:
2024-02-20T00:09:46.638+0000 7f29c9f96700 1 -- 172.21.15.84:0/2984372774 >> [v2:172.21.15.84:3300/0,v1:172.21.15.84:6789/0] conn(0x7f29c40fad90 msgr2=0x7f29c410ce10 secure :-1 s=STATE_CONNECTION_ESTABLISHED l=1).mark_down
2024-02-20T00:09:46.640 INFO:teuthology.orchestra.run.smithi084.stderr:/usr/bin/ceph:
2024-02-20T00:09:46.638+0000 7f29c9f96700 1 --2- 172.21.15.84:0/2984372774 >> [v2:172.21.15.84:3300/0,v1:172.21.15.84:6789/0] conn(0x7f29c40fad90 0x7f29c410ce10 secure :-1 s=READY pgs=61 cs=0 l=1 rev1=1 rx=0x7f29b400bf40 tx=0x7f29b4006ee0).stop
2024-02-20T00:09:46.641 INFO:teuthology.orchestra.run.smithi084.stderr:/usr/bin/ceph:
2024-02-20T00:09:46.638+0000 7f29c9f96700 1 -- 172.21.15.84:0/2984372774 shutdown_connections
2024-02-20T00:09:46.641 INFO:teuthology.orchestra.run.smithi084.stderr:/usr/bin/ceph:
2024-02-20T00:09:46.638+0000 7f29c9f96700 1 --2- 172.21.15.84:0/2984372774 >> [v2:172.21.15.84:6800/1962643952,v1:172.21.15.84:6801/1962643952] conn(0x7f29b002ff70 0x7f29b0032430 unknown :-1 s=CLOSED pgs=8 cs=0 l=1 rev1=1 rx=0 tx=0).stop
2024-02-20T00:09:46.641 INFO:teuthology.orchestra.run.smithi084.stderr:/usr/bin/ceph:
2024-02-20T00:09:46.638+0000 7f29c9f96700 1 --2- 172.21.15.84:0/2984372774 >> [v2:172.21.15.84:3300/0,v1:172.21.15.84:6789/0] conn(0x7f29c40fad90 0x7f29c410ce10 unknown :-1 s=CLOSED pgs=61 cs=0 l=1 rev1=1 rx=0 tx=0).stop
2024-02-20T00:09:46.641 INFO:teuthology.orchestra.run.smithi084.stderr:/usr/bin/ceph:
2024-02-20T00:09:46.638+0000 7f29c9f96700 1 -- 172.21.15.84:0/2984372774 >> 172.21.15.84:0/2984372774 conn(0x7f29c40f6530 msgr2=0x7f29c4070070 unknown :-1 s=STATE_NONE l=0).mark_down
2024-02-20T00:09:46.641 INFO:teuthology.orchestra.run.smithi084.stderr:/usr/bin/ceph:
2024-02-20T00:09:46.638+0000 7f29c9f96700 1 -- 172.21.15.84:0/2984372774 shutdown_connections
2024-02-20T00:09:46.641 INFO:teuthology.orchestra.run.smithi084.stderr:/usr/bin/ceph:
2024-02-20T00:09:46.638+0000 7f29c9f96700 1 -- 172.21.15.84:0/2984372774 wait complete.
2024-02-20T00:09:47.251 INFO:teuthology.orchestra.run.smithi084.stderr:Running command: /bin/podman run --rm --ipc=host --no-hosts --net=host --entrypoint /usr/bin/ceph --init -e CONTAINER_IMAGE=docker.io/ceph/ceph:v16.2.4 -e NODE_NAME=smithi084 -e CEPH_USE_RANDOM_NONCE=1 -v /var/log/ceph/2a2e6c42-cf84-11ee-95bb-87774f69a715:/var/log/ceph:z -v /tmp/ceph-tmp3ot6j0xn:/etc/ceph/ceph.client.admin.keyring:z -v /tmp/ceph-tmp4xryone4:/etc/ceph/ceph.conf:z docker.io/ceph/ceph:v16.2.4 config set mgr mgr/cephadm/container_init True --force
2024-02-20T00:09:47.767 INFO:teuthology.orchestra.run.smithi084.stderr:/usr/bin/ceph:
2024-02-20T00:09:47.761+0000 7f85a6739700 1 Processor -- start
2024-02-20T00:09:47.767 INFO:teuthology.orchestra.run.smithi084.stderr:/usr/bin/ceph:
2024-02-20T00:09:47.761+0000 7f85a6739700 1 -- start start
2024-02-20T00:09:47.767 INFO:teuthology.orchestra.run.smithi084.stderr:/usr/bin/ceph:
2024-02-20T00:09:47.761+0000 7f85a6739700 1 --2- >> [v2:172.21.15.84:3300/0,v1:172.21.15.84:6789/0] conn(0x7f85a00703b0 0x7f85a0100ed0 unknown :-1 s=NONE pgs=0 cs=0 l=0 rev1=0 rx=0 tx=0).connect
2024-02-20T00:09:47.767 INFO:teuthology.orchestra.run.smithi084.stderr:/usr/bin/ceph:
2024-02-20T00:09:47.761+0000 7f85a6739700 1 -- --> [v2:172.21.15.84:3300/0,v1:172.21.15.84:6789/0] -- mon_getmap magic: 0 v1 -- 0x7f85a00fc8c0 con 0x7f85a00703b0
2024-02-20T00:09:47.767 INFO:teuthology.orchestra.run.smithi084.stderr:/usr/bin/ceph:
2024-02-20T00:09:47.761+0000 7f859ffff700 1 --2- >> [v2:172.21.15.84:3300/0,v1:172.21.15.84:6789/0] conn(0x7f85a00703b0 0x7f85a0100ed0 unknown :-1 s=BANNER_CONNECTING pgs=0 cs=0 l=0 rev1=0 rx=0 tx=0)._handle_peer_banner_payload supported=1 required=0
2024-02-20T00:09:47.767 INFO:teuthology.orchestra.run.smithi084.stderr:/usr/bin/ceph:
2024-02-20T00:09:47.761+0000 7f859ffff700 1 --2- >> [v2:172.21.15.84:3300/0,v1:172.21.15.84:6789/0] conn(0x7f85a00703b0 0x7f85a0100ed0 unknown :-1 s=HELLO_CONNECTING pgs=0 cs=0 l=0 rev1=1 rx=0 tx=0).handle_hello peer v2:172.21.15.84:3300/0 says I am v2:172.21.15.84:53490/0 (socket says 172.21.15.84:53490)
2024-02-20T00:09:47.767 INFO:teuthology.orchestra.run.smithi084.stderr:/usr/bin/ceph:
2024-02-20T00:09:47.761+0000 7f859ffff700 1 -- 172.21.15.84:0/1655885471 learned_addr learned my addr 172.21.15.84:0/1655885471 (peer_addr_for_me v2:172.21.15.84:0/0)
2024-02-20T00:09:47.767 INFO:teuthology.orchestra.run.smithi084.stderr:/usr/bin/ceph:
2024-02-20T00:09:47.762+0000 7f859ffff700 1 -- 172.21.15.84:0/1655885471 --> [v2:172.21.15.84:3300/0,v1:172.21.15.84:6789/0] -- mon_subscribe({config=0+,monmap=0+}) v3 -- 0x7f85a01013c0 con 0x7f85a00703b0
2024-02-20T00:09:47.767 INFO:teuthology.orchestra.run.smithi084.stderr:/usr/bin/ceph:
2024-02-20T00:09:47.762+0000 7f859ffff700 1 --2- 172.21.15.84:0/1655885471 >> [v2:172.21.15.84:3300/0,v1:172.21.15.84:6789/0] conn(0x7f85a00703b0 0x7f85a0100ed0 secure :-1 s=READY pgs=62 cs=0 l=1 rev1=1 rx=0x7f859400b5f0 tx=0x7f8594006ee0).ready entity=mon.0 client_cookie=cdd5ba765e35ed61 server_cookie=0 in_seq=0 out_seq=0
2024-02-20T00:09:47.768 INFO:teuthology.orchestra.run.smithi084.stderr:/usr/bin/ceph:
2024-02-20T00:09:47.762+0000 7f859effd700 1 -- 172.21.15.84:0/1655885471 <== mon.0 v2:172.21.15.84:3300/0 1 ==== mon_map magic: 0 v1 ==== 229+0+0 (secure 0 0 0) 0x7f859400d600 con 0x7f85a00703b0
2024-02-20T00:09:47.768 INFO:teuthology.orchestra.run.smithi084.stderr:/usr/bin/ceph:
2024-02-20T00:09:47.762+0000 7f859effd700 1 -- 172.21.15.84:0/1655885471 <== mon.0 v2:172.21.15.84:3300/0 2 ==== config(26 keys) v1 ==== 1045+0+0 (secure 0 0 0) 0x7f859400dbf0 con 0x7f85a00703b0
2024-02-20T00:09:47.768 INFO:teuthology.orchestra.run.smithi084.stderr:/usr/bin/ceph:
2024-02-20T00:09:47.762+0000 7f859effd700 1 -- 172.21.15.84:0/1655885471 <== mon.0 v2:172.21.15.84:3300/0 3 ==== mon_map magic: 0 v1 ==== 229+0+0 (secure 0 0 0) 0x7f8594011cb0 con 0x7f85a00703b0
2024-02-20T00:09:47.768 INFO:teuthology.orchestra.run.smithi084.stderr:/usr/bin/ceph:
2024-02-20T00:09:47.762+0000 7f85a6739700 1 -- 172.21.15.84:0/1655885471 >> [v2:172.21.15.84:3300/0,v1:172.21.15.84:6789/0] conn(0x7f85a00703b0 msgr2=0x7f85a0100ed0 secure :-1 s=STATE_CONNECTION_ESTABLISHED l=1).mark_down
2024-02-20T00:09:47.768 INFO:teuthology.orchestra.run.smithi084.stderr:/usr/bin/ceph:
2024-02-20T00:09:47.762+0000 7f85a6739700 1 --2- 172.21.15.84:0/1655885471 >> [v2:172.21.15.84:3300/0,v1:172.21.15.84:6789/0] conn(0x7f85a00703b0 0x7f85a0100ed0 secure :-1 s=READY pgs=62 cs=0 l=1 rev1=1 rx=0x7f859400b5f0 tx=0x7f8594006ee0).stop
2024-02-20T00:09:47.768 INFO:teuthology.orchestra.run.smithi084.stderr:/usr/bin/ceph:
2024-02-20T00:09:47.762+0000 7f85a6739700 1 -- 172.21.15.84:0/1655885471 shutdown_connections
2024-02-20T00:09:47.768 INFO:teuthology.orchestra.run.smithi084.stderr:/usr/bin/ceph:
2024-02-20T00:09:47.762+0000 7f85a6739700 1 --2- 172.21.15.84:0/1655885471 >> [v2:172.21.15.84:3300/0,v1:172.21.15.84:6789/0] conn(0x7f85a00703b0 0x7f85a0100ed0 unknown :-1 s=CLOSED pgs=62 cs=0 l=1 rev1=1 rx=0 tx=0).stop
2024-02-20T00:09:47.768 INFO:teuthology.orchestra.run.smithi084.stderr:/usr/bin/ceph:
2024-02-20T00:09:47.762+0000 7f85a6739700 1 -- 172.21.15.84:0/1655885471 >> 172.21.15.84:0/1655885471 conn(0x7f85a00f6530 msgr2=0x7f85a00f8950 unknown :-1 s=STATE_NONE l=0).mark_down
2024-02-20T00:09:47.768 INFO:teuthology.orchestra.run.smithi084.stderr:/usr/bin/ceph:
2024-02-20T00:09:47.762+0000 7f85a6739700 1 -- 172.21.15.84:0/1655885471 shutdown_connections
2024-02-20T00:09:47.768 INFO:teuthology.orchestra.run.smithi084.stderr:/usr/bin/ceph:
2024-02-20T00:09:47.763+0000 7f85a6739700 1 -- 172.21.15.84:0/1655885471 wait complete.
2024-02-20T00:09:47.768 INFO:teuthology.orchestra.run.smithi084.stderr:/usr/bin/ceph:
2024-02-20T00:09:47.763+0000 7f85a6739700 1 Processor -- start
2024-02-20T00:09:47.768 INFO:teuthology.orchestra.run.smithi084.stderr:/usr/bin/ceph:
2024-02-20T00:09:47.763+0000 7f85a6739700 1 -- start start
2024-02-20T00:09:47.768 INFO:teuthology.orchestra.run.smithi084.stderr:/usr/bin/ceph:
2024-02-20T00:09:47.763+0000 7f85a6739700 1 --2- >> [v2:172.21.15.84:3300/0,v1:172.21.15.84:6789/0] conn(0x7f85a00703b0 0x7f85a010cda0 unknown :-1 s=NONE pgs=0 cs=0 l=1 rev1=0 rx=0 tx=0).connect
2024-02-20T00:09:47.769 INFO:teuthology.orchestra.run.smithi084.stderr:/usr/bin/ceph:
2024-02-20T00:09:47.763+0000 7f85a6739700 1 -- --> [v2:172.21.15.84:3300/0,v1:172.21.15.84:6789/0] -- mon_getmap magic: 0 v1 -- 0x7f85a010d290 con 0x7f85a00703b0
2024-02-20T00:09:47.769 INFO:teuthology.orchestra.run.smithi084.stderr:/usr/bin/ceph:
2024-02-20T00:09:47.763+0000 7f859ffff700 1 --2- >> [v2:172.21.15.84:3300/0,v1:172.21.15.84:6789/0] conn(0x7f85a00703b0 0x7f85a010cda0 unknown :-1 s=BANNER_CONNECTING pgs=0 cs=0 l=1 rev1=0 rx=0 tx=0)._handle_peer_banner_payload supported=1 required=0
2024-02-20T00:09:47.769 INFO:teuthology.orchestra.run.smithi084.stderr:/usr/bin/ceph:
2024-02-20T00:09:47.763+0000 7f859ffff700 1 --2- >> [v2:172.21.15.84:3300/0,v1:172.21.15.84:6789/0] conn(0x7f85a00703b0 0x7f85a010cda0 unknown :-1 s=HELLO_CONNECTING pgs=0 cs=0 l=1 rev1=1 rx=0 tx=0).handle_hello peer v2:172.21.15.84:3300/0 says I am v2:172.21.15.84:53504/0 (socket says 172.21.15.84:53504)
2024-02-20T00:09:47.769 INFO:teuthology.orchestra.run.smithi084.stderr:/usr/bin/ceph:
2024-02-20T00:09:47.764+0000 7f859ffff700 1 -- 172.21.15.84:0/691100407 learned_addr learned my addr 172.21.15.84:0/691100407 (peer_addr_for_me v2:172.21.15.84:0/0)
2024-02-20T00:09:47.769 INFO:teuthology.orchestra.run.smithi084.stderr:/usr/bin/ceph:
2024-02-20T00:09:47.764+0000 7f859ffff700 1 -- 172.21.15.84:0/691100407 --> [v2:172.21.15.84:3300/0,v1:172.21.15.84:6789/0] -- mon_subscribe({config=0+,monmap=0+}) v3 -- 0x7f859400b200 con 0x7f85a00703b0
2024-02-20T00:09:47.769 INFO:teuthology.orchestra.run.smithi084.stderr:/usr/bin/ceph:
2024-02-20T00:09:47.764+0000 7f859ffff700 1 --2- 172.21.15.84:0/691100407 >> [v2:172.21.15.84:3300/0,v1:172.21.15.84:6789/0] conn(0x7f85a00703b0 0x7f85a010cda0 secure :-1 s=READY pgs=63 cs=0 l=1 rev1=1 rx=0x7f8594006800 tx=0x7f8594006ee0).ready entity=mon.0 client_cookie=0 server_cookie=0 in_seq=0 out_seq=0
2024-02-20T00:09:47.769 INFO:teuthology.orchestra.run.smithi084.stderr:/usr/bin/ceph:
2024-02-20T00:09:47.764+0000 7f859cff9700 1 -- 172.21.15.84:0/691100407 <== mon.0 v2:172.21.15.84:3300/0 1 ==== mon_map magic: 0 v1 ==== 229+0+0 (secure 0 0 0) 0x7f859401b570 con 0x7f85a00703b0
2024-02-20T00:09:47.769 INFO:teuthology.orchestra.run.smithi084.stderr:/usr/bin/ceph:
2024-02-20T00:09:47.764+0000 7f859cff9700 1 -- 172.21.15.84:0/691100407 <== mon.0 v2:172.21.15.84:3300/0 2 ==== config(26 keys) v1 ==== 1045+0+0 (secure 0 0 0) 0x7f859401bb60 con 0x7f85a00703b0
2024-02-20T00:09:47.769 INFO:teuthology.orchestra.run.smithi084.stderr:/usr/bin/ceph:
2024-02-20T00:09:47.764+0000 7f85a6739700 1 -- 172.21.15.84:0/691100407 --> [v2:172.21.15.84:3300/0,v1:172.21.15.84:6789/0] -- mon_subscribe({mgrmap=0+}) v3 -- 0x7f85a010d490 con 0x7f85a00703b0
2024-02-20T00:09:47.769 INFO:teuthology.orchestra.run.smithi084.stderr:/usr/bin/ceph:
2024-02-20T00:09:47.764+0000 7f859cff9700 1 -- 172.21.15.84:0/691100407 <== mon.0 v2:172.21.15.84:3300/0 3 ==== mon_map magic: 0 v1 ==== 229+0+0 (secure 0 0 0) 0x7f859401a9f0 con 0x7f85a00703b0
2024-02-20T00:09:47.769 INFO:teuthology.orchestra.run.smithi084.stderr:/usr/bin/ceph:
2024-02-20T00:09:47.764+0000 7f85a6739700 1 -- 172.21.15.84:0/691100407 --> [v2:172.21.15.84:3300/0,v1:172.21.15.84:6789/0] -- mon_subscribe({osdmap=0}) v3 -- 0x7f85a010e0d0 con 0x7f85a00703b0
2024-02-20T00:09:47.769 INFO:teuthology.orchestra.run.smithi084.stderr:/usr/bin/ceph:
2024-02-20T00:09:47.765+0000 7f859cff9700 1 -- 172.21.15.84:0/691100407 <== mon.0 v2:172.21.15.84:3300/0 4 ==== mgrmap(e 12) v1 ==== 36195+0+0 (secure 0 0 0) 0x7f859400f070 con 0x7f85a00703b0
2024-02-20T00:09:47.769 INFO:teuthology.orchestra.run.smithi084.stderr:/usr/bin/ceph:
2024-02-20T00:09:47.765+0000 7f859cff9700 1 --2- 172.21.15.84:0/691100407 >> [v2:172.21.15.84:6800/1962643952,v1:172.21.15.84:6801/1962643952] conn(0x7f858c02ff70 0x7f858c032430 unknown :-1 s=NONE pgs=0 cs=0 l=1 rev1=0 rx=0 tx=0).connect
2024-02-20T00:09:47.770 INFO:teuthology.orchestra.run.smithi084.stderr:/usr/bin/ceph:
2024-02-20T00:09:47.765+0000 7f859cff9700 1 -- 172.21.15.84:0/691100407 <== mon.0 v2:172.21.15.84:3300/0 5 ==== osd_map(3..3 src has 1..3) v4 ==== 1098+0+0 (secure 0 0 0) 0x7f85940416a0 con 0x7f85a00703b0
2024-02-20T00:09:47.770 INFO:teuthology.orchestra.run.smithi084.stderr:/usr/bin/ceph:
2024-02-20T00:09:47.765+0000 7f85a6739700 1 -- 172.21.15.84:0/691100407 --> [v2:172.21.15.84:3300/0,v1:172.21.15.84:6789/0] -- mon_command({"prefix": "get_command_descriptions"} v 0) v1 -- 0x7f85a010d920 con 0x7f85a00703b0
2024-02-20T00:09:47.770 INFO:teuthology.orchestra.run.smithi084.stderr:/usr/bin/ceph:
2024-02-20T00:09:47.765+0000 7f859f7fe700 1 --2- 172.21.15.84:0/691100407 >> [v2:172.21.15.84:6800/1962643952,v1:172.21.15.84:6801/1962643952] conn(0x7f858c02ff70 0x7f858c032430 unknown :-1 s=BANNER_CONNECTING pgs=0 cs=0 l=1 rev1=0 rx=0 tx=0)._handle_peer_banner_payload supported=1 required=0
2024-02-20T00:09:47.770 INFO:teuthology.orchestra.run.smithi084.stderr:/usr/bin/ceph:
2024-02-20T00:09:47.765+0000 7f859f7fe700 1 --2- 172.21.15.84:0/691100407 >> [v2:172.21.15.84:6800/1962643952,v1:172.21.15.84:6801/1962643952] conn(0x7f858c02ff70 0x7f858c032430 secure :-1 s=READY pgs=9 cs=0 l=1 rev1=1 rx=0x7f85900096a0 tx=0x7f8590006b40).ready entity=mgr.14142 client_cookie=0 server_cookie=0 in_seq=0 out_seq=0
2024-02-20T00:09:47.771 INFO:teuthology.orchestra.run.smithi084.stderr:/usr/bin/ceph:
2024-02-20T00:09:47.769+0000 7f859cff9700 1 -- 172.21.15.84:0/691100407 <== mon.0 v2:172.21.15.84:3300/0 6 ==== mon_command_ack([{"prefix": "get_command_descriptions"}]=0 v0) v1 ==== 72+0+152212 (secure 0 0 0) 0x7f8594016070 con 0x7f85a00703b0
2024-02-20T00:09:47.919 INFO:teuthology.orchestra.run.smithi084.stderr:/usr/bin/ceph:
2024-02-20T00:09:47.917+0000 7f85a6739700 1 -- 172.21.15.84:0/691100407 --> [v2:172.21.15.84:3300/0,v1:172.21.15.84:6789/0] -- mon_command([{prefix=config set, name=mgr/cephadm/container_init}] v 0) v1 -- 0x7f85a010ef00 con 0x7f85a00703b0
2024-02-20T00:09:47.921 INFO:teuthology.orchestra.run.smithi084.stderr:/usr/bin/ceph:
2024-02-20T00:09:47.920+0000 7f859cff9700 1 -- 172.21.15.84:0/691100407 <== mon.0 v2:172.21.15.84:3300/0 7 ==== mon_command_ack([{prefix=config set, name=mgr/cephadm/container_init}]=0 v8)=0 v8) v1 ==== 142+0+0 (secure 0 0 0) 0x7f8594025460 con 0x7f85a00703b0
2024-02-20T00:09:47.925 INFO:teuthology.orchestra.run.smithi084.stderr:/usr/bin/ceph:
2024-02-20T00:09:47.922+0000 7f85a6739700 1 -- 172.21.15.84:0/691100407 >> [v2:172.21.15.84:6800/1962643952,v1:172.21.15.84:6801/1962643952] conn(0x7f858c02ff70 msgr2=0x7f858c032430 secure :-1 s=STATE_CONNECTION_ESTABLISHED l=1).mark_down
2024-02-20T00:09:47.925 INFO:teuthology.orchestra.run.smithi084.stderr:/usr/bin/ceph:
2024-02-20T00:09:47.922+0000 7f85a6739700 1 --2- 172.21.15.84:0/691100407 >> [v2:172.21.15.84:6800/1962643952,v1:172.21.15.84:6801/1962643952] conn(0x7f858c02ff70 0x7f858c032430 secure :-1 s=READY pgs=9 cs=0 l=1 rev1=1 rx=0x7f85900096a0 tx=0x7f8590006b40).stop
2024-02-20T00:09:47.925 INFO:teuthology.orchestra.run.smithi084.stderr:/usr/bin/ceph:
2024-02-20T00:09:47.922+0000 7f85a6739700 1 -- 172.21.15.84:0/691100407 >> [v2:172.21.15.84:3300/0,v1:172.21.15.84:6789/0] conn(0x7f85a00703b0 msgr2=0x7f85a010cda0 secure :-1 s=STATE_CONNECTION_ESTABLISHED l=1).mark_down
2024-02-20T00:09:47.925 INFO:teuthology.orchestra.run.smithi084.stderr:/usr/bin/ceph:
2024-02-20T00:09:47.922+0000 7f85a6739700 1 --2- 172.21.15.84:0/691100407 >> [v2:172.21.15.84:3300/0,v1:172.21.15.84:6789/0] conn(0x7f85a00703b0 0x7f85a010cda0 secure :-1 s=READY pgs=63 cs=0 l=1 rev1=1 rx=0x7f8594006800 tx=0x7f8594006ee0).stop
2024-02-20T00:09:47.925 INFO:teuthology.orchestra.run.smithi084.stderr:/usr/bin/ceph:
2024-02-20T00:09:47.922+0000 7f85a6739700 1 -- 172.21.15.84:0/691100407 shutdown_connections
2024-02-20T00:09:47.925 INFO:teuthology.orchestra.run.smithi084.stderr:/usr/bin/ceph:
2024-02-20T00:09:47.922+0000 7f85a6739700 1 --2- 172.21.15.84:0/691100407 >> [v2:172.21.15.84:6800/1962643952,v1:172.21.15.84:6801/1962643952] conn(0x7f858c02ff70 0x7f858c032430 unknown :-1 s=CLOSED pgs=9 cs=0 l=1 rev1=1 rx=0 tx=0).stop
2024-02-20T00:09:47.925 INFO:teuthology.orchestra.run.smithi084.stderr:/usr/bin/ceph:
2024-02-20T00:09:47.922+0000 7f85a6739700 1 --2- 172.21.15.84:0/691100407 >> [v2:172.21.15.84:3300/0,v1:172.21.15.84:6789/0] conn(0x7f85a00703b0 0x7f85a010cda0 unknown :-1 s=CLOSED pgs=63 cs=0 l=1 rev1=1 rx=0 tx=0).stop
2024-02-20T00:09:47.925 INFO:teuthology.orchestra.run.smithi084.stderr:/usr/bin/ceph:
2024-02-20T00:09:47.922+0000 7f85a6739700 1 -- 172.21.15.84:0/691100407 >> 172.21.15.84:0/691100407 conn(0x7f85a00f6530 msgr2=0x7f85a00f7f10 unknown :-1 s=STATE_NONE l=0).mark_down
2024-02-20T00:09:47.925 INFO:teuthology.orchestra.run.smithi084.stderr:/usr/bin/ceph:
2024-02-20T00:09:47.923+0000 7f85a6739700 1 -- 172.21.15.84:0/691100407 shutdown_connections
2024-02-20T00:09:47.925 INFO:teuthology.orchestra.run.smithi084.stderr:/usr/bin/ceph:
2024-02-20T00:09:47.923+0000 7f85a6739700 1 -- 172.21.15.84:0/691100407 wait complete.
2024-02-20T00:09:47.946 INFO:journalctl@ceph.mon.smithi084.smithi084.stdout:Feb 20 00:09:47 smithi084 ceph-2a2e6c42-cf84-11ee-95bb-87774f69a715-mon.smithi084[38114]: audit
2024-02-20T00:09:46.634199+0000 mgr.smithi084.bmqrnf (mgr.14142) 7 : audit [DBG] from='client.14154 -' entity='client.admin' cmd=[{"prefix": "orch apply", "service_type": "alertmanager", "target": ["mon-mgr", ""]}]: dispatch
2024-02-20T00:09:47.946 INFO:journalctl@ceph.mon.smithi084.smithi084.stdout:Feb 20 00:09:47 smithi084 ceph-2a2e6c42-cf84-11ee-95bb-87774f69a715-mon.smithi084[38114]: cephadm
2024-02-20T00:09:46.634759+0000 mgr.smithi084.bmqrnf (mgr.14142) 8 : cephadm [INF] Saving service alertmanager spec with placement count:1
2024-02-20T00:09:47.946 INFO:journalctl@ceph.mon.smithi084.smithi084.stdout:Feb 20 00:09:47 smithi084 ceph-2a2e6c42-cf84-11ee-95bb-87774f69a715-mon.smithi084[38114]: audit
2024-02-20T00:09:46.637002+0000 mon.smithi084 (mon.0) 81 : audit [INF] from='mgr.14142 172.21.15.84:0/3829884648' entity='mgr.smithi084.bmqrnf'
2024-02-20T00:09:48.492 INFO:teuthology.orchestra.run.smithi084.stderr:Running command: /bin/podman run --rm --ipc=host --no-hosts --net=host --entrypoint /usr/bin/ceph --init -e CONTAINER_IMAGE=docker.io/ceph/ceph:v16.2.4 -e NODE_NAME=smithi084 -e CEPH_USE_RANDOM_NONCE=1 -v /var/log/ceph/2a2e6c42-cf84-11ee-95bb-87774f69a715:/var/log/ceph:z -v /tmp/ceph-tmp3ot6j0xn:/etc/ceph/ceph.client.admin.keyring:z -v /tmp/ceph-tmp4xryone4:/etc/ceph/ceph.conf:z docker.io/ceph/ceph:v16.2.4 config set mgr mgr/dashboard/ssl_server_port 8443
2024-02-20T00:09:49.052 INFO:teuthology.orchestra.run.smithi084.stderr:/usr/bin/ceph:
2024-02-20T00:09:49.015+0000 7ff0ac088700 1 Processor -- start
2024-02-20T00:09:49.052 INFO:teuthology.orchestra.run.smithi084.stderr:/usr/bin/ceph:
2024-02-20T00:09:49.015+0000 7ff0ac088700 1 -- start start
2024-02-20T00:09:49.052 INFO:teuthology.orchestra.run.smithi084.stderr:/usr/bin/ceph:
2024-02-20T00:09:49.015+0000 7ff0ac088700 1 --2- >> [v2:172.21.15.84:3300/0,v1:172.21.15.84:6789/0] conn(0x7ff0a4072520 0x7ff0a4070ac0 unknown :-1 s=NONE pgs=0 cs=0 l=0 rev1=0 rx=0 tx=0).connect
2024-02-20T00:09:49.052 INFO:teuthology.orchestra.run.smithi084.stderr:/usr/bin/ceph:
2024-02-20T00:09:49.015+0000 7ff0ac088700 1 -- --> [v2:172.21.15.84:3300/0,v1:172.21.15.84:6789/0] -- mon_getmap magic: 0 v1 -- 0x7ff0a4072940 con 0x7ff0a4072520
2024-02-20T00:09:49.052 INFO:teuthology.orchestra.run.smithi084.stderr:/usr/bin/ceph:
2024-02-20T00:09:49.016+0000 7ff0a9e24700 1 --2- >> [v2:172.21.15.84:3300/0,v1:172.21.15.84:6789/0] conn(0x7ff0a4072520 0x7ff0a4070ac0 unknown :-1 s=BANNER_CONNECTING pgs=0 cs=0 l=0 rev1=0 rx=0 tx=0)._handle_peer_banner_payload supported=1 required=0
2024-02-20T00:09:49.052 INFO:teuthology.orchestra.run.smithi084.stderr:/usr/bin/ceph:
2024-02-20T00:09:49.016+0000 7ff0a9e24700 1 --2- >> [v2:172.21.15.84:3300/0,v1:172.21.15.84:6789/0] conn(0x7ff0a4072520 0x7ff0a4070ac0 unknown :-1 s=HELLO_CONNECTING pgs=0 cs=0 l=0 rev1=1 rx=0 tx=0).handle_hello peer v2:172.21.15.84:3300/0 says I am v2:172.21.15.84:59336/0 (socket says 172.21.15.84:59336)
2024-02-20T00:09:49.052 INFO:teuthology.orchestra.run.smithi084.stderr:/usr/bin/ceph:
2024-02-20T00:09:49.016+0000 7ff0a9e24700 1 -- 172.21.15.84:0/2022991489 learned_addr learned my addr 172.21.15.84:0/2022991489 (peer_addr_for_me v2:172.21.15.84:0/0)
2024-02-20T00:09:49.052 INFO:teuthology.orchestra.run.smithi084.stderr:/usr/bin/ceph:
2024-02-20T00:09:49.016+0000 7ff0a9e24700 1 -- 172.21.15.84:0/2022991489 --> [v2:172.21.15.84:3300/0,v1:172.21.15.84:6789/0] -- mon_subscribe({config=0+,monmap=0+}) v3 -- 0x7ff0a4070fb0 con 0x7ff0a4072520
2024-02-20T00:09:49.053 INFO:teuthology.orchestra.run.smithi084.stderr:/usr/bin/ceph:
2024-02-20T00:09:49.016+0000 7ff0a9e24700 1 --2- 172.21.15.84:0/2022991489 >> [v2:172.21.15.84:3300/0,v1:172.21.15.84:6789/0] conn(0x7ff0a4072520 0x7ff0a4070ac0 secure :-1 s=READY pgs=64 cs=0 l=1 rev1=1 rx=0x7ff09400b5f0 tx=0x7ff094006ee0).ready entity=mon.0 client_cookie=ef98fb928af877c0 server_cookie=0 in_seq=0 out_seq=0
2024-02-20T00:09:49.053 INFO:teuthology.orchestra.run.smithi084.stderr:/usr/bin/ceph:
2024-02-20T00:09:49.016+0000 7ff0a8e22700 1 -- 172.21.15.84:0/2022991489 <== mon.0 v2:172.21.15.84:3300/0 1 ==== mon_map magic: 0 v1 ==== 229+0+0 (secure 0 0 0) 0x7ff09400d600 con 0x7ff0a4072520
2024-02-20T00:09:49.053 INFO:teuthology.orchestra.run.smithi084.stderr:/usr/bin/ceph:
2024-02-20T00:09:49.016+0000 7ff0a8e22700 1 -- 172.21.15.84:0/2022991489 <== mon.0 v2:172.21.15.84:3300/0 2 ==== config(26 keys) v1 ==== 1045+0+0 (secure 0 0 0) 0x7ff09400dbf0 con 0x7ff0a4072520
2024-02-20T00:09:49.056 INFO:teuthology.orchestra.run.smithi084.stderr:/usr/bin/ceph:
2024-02-20T00:09:49.016+0000 7ff0a8e22700 1 -- 172.21.15.84:0/2022991489 <== mon.0 v2:172.21.15.84:3300/0 3 ==== mon_map magic: 0 v1 ==== 229+0+0 (secure 0 0 0) 0x7ff094011cb0 con 0x7ff0a4072520
2024-02-20T00:09:49.056 INFO:teuthology.orchestra.run.smithi084.stderr:/usr/bin/ceph:
2024-02-20T00:09:49.017+0000 7ff0ac088700 1 -- 172.21.15.84:0/2022991489 >> [v2:172.21.15.84:3300/0,v1:172.21.15.84:6789/0] conn(0x7ff0a4072520 msgr2=0x7ff0a4070ac0 secure :-1 s=STATE_CONNECTION_ESTABLISHED l=1).mark_down
2024-02-20T00:09:49.056 INFO:teuthology.orchestra.run.smithi084.stderr:/usr/bin/ceph:
2024-02-20T00:09:49.017+0000 7ff0ac088700 1 --2- 172.21.15.84:0/2022991489 >> [v2:172.21.15.84:3300/0,v1:172.21.15.84:6789/0] conn(0x7ff0a4072520 0x7ff0a4070ac0 secure :-1 s=READY pgs=64 cs=0 l=1 rev1=1 rx=0x7ff09400b5f0 tx=0x7ff094006ee0).stop
2024-02-20T00:09:49.056 INFO:teuthology.orchestra.run.smithi084.stderr:/usr/bin/ceph:
2024-02-20T00:09:49.017+0000 7ff0ac088700 1 -- 172.21.15.84:0/2022991489 shutdown_connections
2024-02-20T00:09:49.056 INFO:teuthology.orchestra.run.smithi084.stderr:/usr/bin/ceph:
2024-02-20T00:09:49.017+0000 7ff0ac088700 1 --2- 172.21.15.84:0/2022991489 >> [v2:172.21.15.84:3300/0,v1:172.21.15.84:6789/0] conn(0x7ff0a4072520 0x7ff0a4070ac0 unknown :-1 s=CLOSED pgs=64 cs=0 l=1 rev1=1 rx=0 tx=0).stop
2024-02-20T00:09:49.056 INFO:teuthology.orchestra.run.smithi084.stderr:/usr/bin/ceph:
2024-02-20T00:09:49.017+0000 7ff0ac088700 1 -- 172.21.15.84:0/2022991489 >> 172.21.15.84:0/2022991489 conn(0x7ff0a40f76a0 msgr2=0x7ff0a40f9ac0 unknown :-1 s=STATE_NONE l=0).mark_down
2024-02-20T00:09:49.056 INFO:teuthology.orchestra.run.smithi084.stderr:/usr/bin/ceph:
2024-02-20T00:09:49.017+0000 7ff0ac088700 1 -- 172.21.15.84:0/2022991489 shutdown_connections
2024-02-20T00:09:49.056 INFO:teuthology.orchestra.run.smithi084.stderr:/usr/bin/ceph:
2024-02-20T00:09:49.017+0000 7ff0ac088700 1 -- 172.21.15.84:0/2022991489 wait complete.
2024-02-20T00:09:49.056 INFO:teuthology.orchestra.run.smithi084.stderr:/usr/bin/ceph:
2024-02-20T00:09:49.017+0000 7ff0ac088700 1 Processor -- start
2024-02-20T00:09:49.056 INFO:teuthology.orchestra.run.smithi084.stderr:/usr/bin/ceph:
2024-02-20T00:09:49.017+0000 7ff0ac088700 1 -- start start
2024-02-20T00:09:49.057 INFO:teuthology.orchestra.run.smithi084.stderr:/usr/bin/ceph:
2024-02-20T00:09:49.017+0000 7ff0ac088700 1 --2- >> [v2:172.21.15.84:3300/0,v1:172.21.15.84:6789/0] conn(0x7ff0a4072520 0x7ff0a410ce40 unknown :-1 s=NONE pgs=0 cs=0 l=1 rev1=0 rx=0 tx=0).connect
2024-02-20T00:09:49.057 INFO:teuthology.orchestra.run.smithi084.stderr:/usr/bin/ceph:
