2024-02-20T00:09:53.878+0000 7fc53723b700 1 --2- >> [v2:172.21.15.84:3300/0,v1:172.21.15.84:6789/0] conn(0x7fc5300fab30 0x7fc530108700 unknown :-1 s=NONE pgs=0 cs=0 l=1 rev1=0 rx=0 tx=0).connect
2024-02-20T00:09:53.881 INFO:teuthology.orchestra.run.smithi084.stderr:/usr/bin/ceph:
2024-02-20T00:09:53.878+0000 7fc53723b700 1 -- --> [v2:172.21.15.84:3300/0,v1:172.21.15.84:6789/0] -- mon_getmap magic: 0 v1 -- 0x7fc530108bf0 con 0x7fc5300fab30
2024-02-20T00:09:53.881 INFO:teuthology.orchestra.run.smithi084.stderr:/usr/bin/ceph:
2024-02-20T00:09:53.878+0000 7fc536239700 1 --2- >> [v2:172.21.15.84:3300/0,v1:172.21.15.84:6789/0] conn(0x7fc5300fab30 0x7fc530108700 unknown :-1 s=BANNER_CONNECTING pgs=0 cs=0 l=1 rev1=0 rx=0 tx=0)._handle_peer_banner_payload supported=1 required=0
2024-02-20T00:09:53.881 INFO:teuthology.orchestra.run.smithi084.stderr:/usr/bin/ceph:
2024-02-20T00:09:53.878+0000 7fc536239700 1 --2- >> [v2:172.21.15.84:3300/0,v1:172.21.15.84:6789/0] conn(0x7fc5300fab30 0x7fc530108700 unknown :-1 s=HELLO_CONNECTING pgs=0 cs=0 l=1 rev1=1 rx=0 tx=0).handle_hello peer v2:172.21.15.84:3300/0 says I am v2:172.21.15.84:59440/0 (socket says 172.21.15.84:59440)
2024-02-20T00:09:53.882 INFO:teuthology.orchestra.run.smithi084.stderr:/usr/bin/ceph:
2024-02-20T00:09:53.878+0000 7fc536239700 1 -- 172.21.15.84:0/1863972098 learned_addr learned my addr 172.21.15.84:0/1863972098 (peer_addr_for_me v2:172.21.15.84:0/0)
2024-02-20T00:09:53.882 INFO:teuthology.orchestra.run.smithi084.stderr:/usr/bin/ceph:
2024-02-20T00:09:53.878+0000 7fc536239700 1 -- 172.21.15.84:0/1863972098 --> [v2:172.21.15.84:3300/0,v1:172.21.15.84:6789/0] -- mon_subscribe({config=0+,monmap=0+}) v3 -- 0x7fc52c00b480 con 0x7fc5300fab30
2024-02-20T00:09:53.882 INFO:teuthology.orchestra.run.smithi084.stderr:/usr/bin/ceph:
2024-02-20T00:09:53.879+0000 7fc536239700 1 --2- 172.21.15.84:0/1863972098 >> [v2:172.21.15.84:3300/0,v1:172.21.15.84:6789/0] conn(0x7fc5300fab30 0x7fc530108700 secure :-1 s=READY pgs=73 cs=0 l=1 rev1=1 rx=0x7fc52c006a40 tx=0x7fc52c006f70).ready entity=mon.0 client_cookie=0 server_cookie=0 in_seq=0 out_seq=0
2024-02-20T00:09:53.882 INFO:teuthology.orchestra.run.smithi084.stderr:/usr/bin/ceph:
2024-02-20T00:09:53.879+0000 7fc51effd700 1 -- 172.21.15.84:0/1863972098 <== mon.0 v2:172.21.15.84:3300/0 1 ==== mon_map magic: 0 v1 ==== 229+0+0 (secure 0 0 0) 0x7fc52c00f590 con 0x7fc5300fab30
2024-02-20T00:09:53.882 INFO:teuthology.orchestra.run.smithi084.stderr:/usr/bin/ceph:
2024-02-20T00:09:53.879+0000 7fc51effd700 1 -- 172.21.15.84:0/1863972098 <== mon.0 v2:172.21.15.84:3300/0 2 ==== config(26 keys) v1 ==== 1109+0+0 (secure 0 0 0) 0x7fc52c00fee0 con 0x7fc5300fab30
2024-02-20T00:09:53.882 INFO:teuthology.orchestra.run.smithi084.stderr:/usr/bin/ceph:
2024-02-20T00:09:53.879+0000 7fc53723b700 1 -- 172.21.15.84:0/1863972098 --> [v2:172.21.15.84:3300/0,v1:172.21.15.84:6789/0] -- mon_subscribe({mgrmap=0+}) v3 -- 0x7fc530108df0 con 0x7fc5300fab30
2024-02-20T00:09:53.882 INFO:teuthology.orchestra.run.smithi084.stderr:/usr/bin/ceph:
2024-02-20T00:09:53.879+0000 7fc53723b700 1 -- 172.21.15.84:0/1863972098 --> [v2:172.21.15.84:3300/0,v1:172.21.15.84:6789/0] -- mon_subscribe({osdmap=0}) v3 -- 0x7fc530109280 con 0x7fc5300fab30
2024-02-20T00:09:53.882 INFO:teuthology.orchestra.run.smithi084.stderr:/usr/bin/ceph:
2024-02-20T00:09:53.879+0000 7fc51effd700 1 -- 172.21.15.84:0/1863972098 <== mon.0 v2:172.21.15.84:3300/0 3 ==== mon_map magic: 0 v1 ==== 229+0+0 (secure 0 0 0) 0x7fc52c019d30 con 0x7fc5300fab30
2024-02-20T00:09:53.883 INFO:teuthology.orchestra.run.smithi084.stderr:/usr/bin/ceph:
2024-02-20T00:09:53.880+0000 7fc51effd700 1 -- 172.21.15.84:0/1863972098 <== mon.0 v2:172.21.15.84:3300/0 4 ==== mgrmap(e 13) v1 ==== 36208+0+0 (secure 0 0 0) 0x7fc52c016030 con 0x7fc5300fab30
2024-02-20T00:09:53.883 INFO:teuthology.orchestra.run.smithi084.stderr:/usr/bin/ceph:
2024-02-20T00:09:53.880+0000 7fc51effd700 1 --2- 172.21.15.84:0/1863972098 >> [v2:172.21.15.84:6800/1962643952,v1:172.21.15.84:6801/1962643952] conn(0x7fc51802ffc0 0x7fc518032480 unknown :-1 s=NONE pgs=0 cs=0 l=1 rev1=0 rx=0 tx=0).connect
2024-02-20T00:09:53.883 INFO:teuthology.orchestra.run.smithi084.stderr:/usr/bin/ceph:
2024-02-20T00:09:53.880+0000 7fc51effd700 1 -- 172.21.15.84:0/1863972098 --> [v2:172.21.15.84:6800/1962643952,v1:172.21.15.84:6801/1962643952] -- command(tid 0: {"prefix": "get_command_descriptions"}) v1 -- 0x7fc518032b40 con 0x7fc51802ffc0
2024-02-20T00:09:53.883 INFO:teuthology.orchestra.run.smithi084.stderr:/usr/bin/ceph:
2024-02-20T00:09:53.880+0000 7fc51effd700 1 -- 172.21.15.84:0/1863972098 <== mon.0 v2:172.21.15.84:3300/0 5 ==== osd_map(3..3 src has 1..3) v4 ==== 1098+0+0 (secure 0 0 0) 0x7fc52c044490 con 0x7fc5300fab30
2024-02-20T00:09:53.883 INFO:teuthology.orchestra.run.smithi084.stderr:/usr/bin/ceph:
2024-02-20T00:09:53.880+0000 7fc535a38700 1 -- 172.21.15.84:0/1863972098 >> [v2:172.21.15.84:6800/1962643952,v1:172.21.15.84:6801/1962643952] conn(0x7fc51802ffc0 msgr2=0x7fc518032480 unknown :-1 s=STATE_CONNECTING_RE l=1).process reconnect failed to v2:172.21.15.84:6800/1962643952
2024-02-20T00:09:53.883 INFO:teuthology.orchestra.run.smithi084.stderr:/usr/bin/ceph:
2024-02-20T00:09:53.880+0000 7fc535a38700 1 --2- 172.21.15.84:0/1863972098 >> [v2:172.21.15.84:6800/1962643952,v1:172.21.15.84:6801/1962643952] conn(0x7fc51802ffc0 0x7fc518032480 unknown :-1 s=START_CONNECT pgs=0 cs=0 l=1 rev1=0 rx=0 tx=0)._fault waiting 0.200000
2024-02-20T00:09:54.082 INFO:teuthology.orchestra.run.smithi084.stderr:/usr/bin/ceph:
2024-02-20T00:09:54.081+0000 7fc535a38700 1 -- 172.21.15.84:0/1863972098 >> [v2:172.21.15.84:6800/1962643952,v1:172.21.15.84:6801/1962643952] conn(0x7fc51802ffc0 msgr2=0x7fc518032480 unknown :-1 s=STATE_CONNECTING_RE l=1).process reconnect failed to v2:172.21.15.84:6800/1962643952
2024-02-20T00:09:54.083 INFO:teuthology.orchestra.run.smithi084.stderr:/usr/bin/ceph:
2024-02-20T00:09:54.081+0000 7fc535a38700 1 --2- 172.21.15.84:0/1863972098 >> [v2:172.21.15.84:6800/1962643952,v1:172.21.15.84:6801/1962643952] conn(0x7fc51802ffc0 0x7fc518032480 unknown :-1 s=START_CONNECT pgs=0 cs=0 l=1 rev1=0 rx=0 tx=0)._fault waiting 0.400000
2024-02-20T00:09:54.483 INFO:teuthology.orchestra.run.smithi084.stderr:/usr/bin/ceph:
2024-02-20T00:09:54.482+0000 7fc535a38700 1 -- 172.21.15.84:0/1863972098 >> [v2:172.21.15.84:6800/1962643952,v1:172.21.15.84:6801/1962643952] conn(0x7fc51802ffc0 msgr2=0x7fc518032480 unknown :-1 s=STATE_CONNECTING_RE l=1).process reconnect failed to v2:172.21.15.84:6800/1962643952
2024-02-20T00:09:54.484 INFO:teuthology.orchestra.run.smithi084.stderr:/usr/bin/ceph:
2024-02-20T00:09:54.482+0000 7fc535a38700 1 --2- 172.21.15.84:0/1863972098 >> [v2:172.21.15.84:6800/1962643952,v1:172.21.15.84:6801/1962643952] conn(0x7fc51802ffc0 0x7fc518032480 unknown :-1 s=START_CONNECT pgs=0 cs=0 l=1 rev1=0 rx=0 tx=0)._fault waiting 0.800000
2024-02-20T00:09:55.284 INFO:teuthology.orchestra.run.smithi084.stderr:/usr/bin/ceph:
2024-02-20T00:09:55.283+0000 7fc535a38700 1 -- 172.21.15.84:0/1863972098 >> [v2:172.21.15.84:6800/1962643952,v1:172.21.15.84:6801/1962643952] conn(0x7fc51802ffc0 msgr2=0x7fc518032480 unknown :-1 s=STATE_CONNECTING_RE l=1).process reconnect failed to v2:172.21.15.84:6800/1962643952
2024-02-20T00:09:55.284 INFO:teuthology.orchestra.run.smithi084.stderr:/usr/bin/ceph:
2024-02-20T00:09:55.283+0000 7fc535a38700 1 --2- 172.21.15.84:0/1863972098 >> [v2:172.21.15.84:6800/1962643952,v1:172.21.15.84:6801/1962643952] conn(0x7fc51802ffc0 0x7fc518032480 unknown :-1 s=START_CONNECT pgs=0 cs=0 l=1 rev1=0 rx=0 tx=0)._fault waiting 1.600000
2024-02-20T00:09:56.835 INFO:teuthology.orchestra.run.smithi084.stderr:/usr/bin/ceph:
2024-02-20T00:09:56.833+0000 7fc51effd700 1 -- 172.21.15.84:0/1863972098 <== mon.0 v2:172.21.15.84:3300/0 6 ==== mgrmap(e 14) v1 ==== 35997+0+0 (secure 0 0 0) 0x7fc52c019550 con 0x7fc5300fab30
2024-02-20T00:09:56.835 INFO:teuthology.orchestra.run.smithi084.stderr:/usr/bin/ceph:
2024-02-20T00:09:56.833+0000 7fc51effd700 1 -- 172.21.15.84:0/1863972098 >> [v2:172.21.15.84:6800/1962643952,v1:172.21.15.84:6801/1962643952] conn(0x7fc51802ffc0 msgr2=0x7fc518032480 unknown :-1 s=STATE_CONNECTING l=1).mark_down
2024-02-20T00:09:56.835 INFO:teuthology.orchestra.run.smithi084.stderr:/usr/bin/ceph:
2024-02-20T00:09:56.833+0000 7fc51effd700 1 --2- 172.21.15.84:0/1863972098 >> [v2:172.21.15.84:6800/1962643952,v1:172.21.15.84:6801/1962643952] conn(0x7fc51802ffc0 0x7fc518032480 unknown :-1 s=START_CONNECT pgs=0 cs=0 l=1 rev1=0 rx=0 tx=0).stop
2024-02-20T00:09:57.082 INFO:journalctl@ceph.mon.smithi084.smithi084.stdout:Feb 20 00:09:56 smithi084 ceph-2a2e6c42-cf84-11ee-95bb-87774f69a715-mon.smithi084[38114]: cluster
2024-02-20T00:09:56.143266+0000 mon.smithi084 (mon.0) 89 : cluster [INF] Active manager daemon smithi084.bmqrnf restarted
2024-02-20T00:09:57.082 INFO:journalctl@ceph.mon.smithi084.smithi084.stdout:Feb 20 00:09:56 smithi084 ceph-2a2e6c42-cf84-11ee-95bb-87774f69a715-mon.smithi084[38114]: cluster
2024-02-20T00:09:56.143700+0000 mon.smithi084 (mon.0) 90 : cluster [INF] Activating manager daemon smithi084.bmqrnf
2024-02-20T00:09:57.082 INFO:journalctl@ceph.mon.smithi084.smithi084.stdout:Feb 20 00:09:56 smithi084 ceph-2a2e6c42-cf84-11ee-95bb-87774f69a715-mon.smithi084[38114]: cluster
2024-02-20T00:09:56.145315+0000 mon.smithi084 (mon.0) 91 : cluster [DBG] osdmap e4: 0 total, 0 up, 0 in
2024-02-20T00:09:57.840 INFO:teuthology.orchestra.run.smithi084.stderr:/usr/bin/ceph:
2024-02-20T00:09:57.838+0000 7fc51effd700 1 -- 172.21.15.84:0/1863972098 <== mon.0 v2:172.21.15.84:3300/0 7 ==== mgrmap(e 15) v1 ==== 36067+0+0 (secure 0 0 0) 0x7fc52c02e440 con 0x7fc5300fab30
2024-02-20T00:09:57.840 INFO:teuthology.orchestra.run.smithi084.stderr:/usr/bin/ceph:
2024-02-20T00:09:57.838+0000 7fc51effd700 1 --2- 172.21.15.84:0/1863972098 >> [v2:172.21.15.84:6800/1303158740,v1:172.21.15.84:6801/1303158740] conn(0x7fc518033c50 0x7fc518036040 unknown :-1 s=NONE pgs=0 cs=0 l=1 rev1=0 rx=0 tx=0).connect
2024-02-20T00:09:57.841 INFO:teuthology.orchestra.run.smithi084.stderr:/usr/bin/ceph:
2024-02-20T00:09:57.838+0000 7fc51effd700 1 -- 172.21.15.84:0/1863972098 --> [v2:172.21.15.84:6800/1303158740,v1:172.21.15.84:6801/1303158740] -- command(tid 0: {"prefix": "get_command_descriptions"}) v1 -- 0x7fc518032b40 con 0x7fc518033c50
2024-02-20T00:09:57.841 INFO:teuthology.orchestra.run.smithi084.stderr:/usr/bin/ceph:
2024-02-20T00:09:57.839+0000 7fc535a38700 1 --2- 172.21.15.84:0/1863972098 >> [v2:172.21.15.84:6800/1303158740,v1:172.21.15.84:6801/1303158740] conn(0x7fc518033c50 0x7fc518036040 unknown :-1 s=BANNER_CONNECTING pgs=0 cs=0 l=1 rev1=0 rx=0 tx=0)._handle_peer_banner_payload supported=1 required=0
2024-02-20T00:09:57.841 INFO:teuthology.orchestra.run.smithi084.stderr:/usr/bin/ceph:
2024-02-20T00:09:57.839+0000 7fc535a38700 1 --2- 172.21.15.84:0/1863972098 >> [v2:172.21.15.84:6800/1303158740,v1:172.21.15.84:6801/1303158740] conn(0x7fc518033c50 0x7fc518036040 secure :-1 s=READY pgs=4 cs=0 l=1 rev1=1 rx=0x7fc5200036d0 tx=0x7fc520006d20).ready entity=mgr.14162 client_cookie=0 server_cookie=0 in_seq=0 out_seq=0
2024-02-20T00:09:57.841 INFO:teuthology.orchestra.run.smithi084.stderr:/usr/bin/ceph:
2024-02-20T00:09:57.840+0000 7fc51effd700 1 -- 172.21.15.84:0/1863972098 <== mgr.14162 v2:172.21.15.84:6800/1303158740 1 ==== command_reply(tid 0: 0 ) v1 ==== 8+0+6438 (secure 0 0 0) 0x7fc518032b40 con 0x7fc518033c50
2024-02-20T00:09:57.848 INFO:teuthology.orchestra.run.smithi084.stderr:/usr/bin/ceph:
2024-02-20T00:09:57.845+0000 7fc53723b700 1 -- 172.21.15.84:0/1863972098 --> [v2:172.21.15.84:6800/1303158740,v1:172.21.15.84:6801/1303158740] -- command(tid 1: {"prefix": "mgr_status"}) v1 -- 0x7fc510000dc0 con 0x7fc518033c50
2024-02-20T00:09:57.848 INFO:teuthology.orchestra.run.smithi084.stderr:/usr/bin/ceph:
2024-02-20T00:09:57.846+0000 7fc51effd700 1 -- 172.21.15.84:0/1863972098 <== mgr.14162 v2:172.21.15.84:6800/1303158740 2 ==== command_reply(tid 1: 0 ) v1 ==== 8+0+52 (secure 0 0 0) 0x7fc510000dc0 con 0x7fc518033c50
2024-02-20T00:09:57.849 INFO:teuthology.orchestra.run.smithi084.stderr:/usr/bin/ceph: {
2024-02-20T00:09:57.849 INFO:teuthology.orchestra.run.smithi084.stderr:/usr/bin/ceph: "mgrmap_epoch": 15,
2024-02-20T00:09:57.849 INFO:teuthology.orchestra.run.smithi084.stderr:/usr/bin/ceph: "initialized": true
2024-02-20T00:09:57.849 INFO:teuthology.orchestra.run.smithi084.stderr:/usr/bin/ceph: }
2024-02-20T00:09:57.849 INFO:teuthology.orchestra.run.smithi084.stderr:/usr/bin/ceph:
2024-02-20T00:09:57.846+0000 7fc53723b700 1 -- 172.21.15.84:0/1863972098 >> [v2:172.21.15.84:6800/1303158740,v1:172.21.15.84:6801/1303158740] conn(0x7fc518033c50 msgr2=0x7fc518036040 secure :-1 s=STATE_CONNECTION_ESTABLISHED l=1).mark_down
2024-02-20T00:09:57.849 INFO:teuthology.orchestra.run.smithi084.stderr:/usr/bin/ceph:
2024-02-20T00:09:57.846+0000 7fc53723b700 1 --2- 172.21.15.84:0/1863972098 >> [v2:172.21.15.84:6800/1303158740,v1:172.21.15.84:6801/1303158740] conn(0x7fc518033c50 0x7fc518036040 secure :-1 s=READY pgs=4 cs=0 l=1 rev1=1 rx=0x7fc5200036d0 tx=0x7fc520006d20).stop
2024-02-20T00:09:57.849 INFO:teuthology.orchestra.run.smithi084.stderr:/usr/bin/ceph:
2024-02-20T00:09:57.846+0000 7fc53723b700 1 -- 172.21.15.84:0/1863972098 >> [v2:172.21.15.84:3300/0,v1:172.21.15.84:6789/0] conn(0x7fc5300fab30 msgr2=0x7fc530108700 secure :-1 s=STATE_CONNECTION_ESTABLISHED l=1).mark_down
2024-02-20T00:09:57.849 INFO:teuthology.orchestra.run.smithi084.stderr:/usr/bin/ceph:
2024-02-20T00:09:57.846+0000 7fc53723b700 1 --2- 172.21.15.84:0/1863972098 >> [v2:172.21.15.84:3300/0,v1:172.21.15.84:6789/0] conn(0x7fc5300fab30 0x7fc530108700 secure :-1 s=READY pgs=73 cs=0 l=1 rev1=1 rx=0x7fc52c006a40 tx=0x7fc52c006f70).stop
2024-02-20T00:09:57.849 INFO:teuthology.orchestra.run.smithi084.stderr:/usr/bin/ceph:
2024-02-20T00:09:57.846+0000 7fc53723b700 1 -- 172.21.15.84:0/1863972098 shutdown_connections
2024-02-20T00:09:57.849 INFO:teuthology.orchestra.run.smithi084.stderr:/usr/bin/ceph:
2024-02-20T00:09:57.846+0000 7fc53723b700 1 --2- 172.21.15.84:0/1863972098 >> [v2:172.21.15.84:6800/1303158740,v1:172.21.15.84:6801/1303158740] conn(0x7fc518033c50 0x7fc518036040 unknown :-1 s=CLOSED pgs=4 cs=0 l=1 rev1=1 rx=0 tx=0).stop
2024-02-20T00:09:57.849 INFO:teuthology.orchestra.run.smithi084.stderr:/usr/bin/ceph:
2024-02-20T00:09:57.846+0000 7fc53723b700 1 --2- 172.21.15.84:0/1863972098 >> [v2:172.21.15.84:3300/0,v1:172.21.15.84:6789/0] conn(0x7fc5300fab30 0x7fc530108700 unknown :-1 s=CLOSED pgs=73 cs=0 l=1 rev1=1 rx=0 tx=0).stop
2024-02-20T00:09:57.849 INFO:teuthology.orchestra.run.smithi084.stderr:/usr/bin/ceph:
2024-02-20T00:09:57.846+0000 7fc53723b700 1 --2- 172.21.15.84:0/1863972098 >> [v2:172.21.15.84:6800/1962643952,v1:172.21.15.84:6801/1962643952] conn(0x7fc51802ffc0 0x7fc518032480 unknown :-1 s=CLOSED pgs=0 cs=0 l=1 rev1=0 rx=0 tx=0).stop
2024-02-20T00:09:57.849 INFO:teuthology.orchestra.run.smithi084.stderr:/usr/bin/ceph:
2024-02-20T00:09:57.846+0000 7fc53723b700 1 -- 172.21.15.84:0/1863972098 >> 172.21.15.84:0/1863972098 conn(0x7fc5300f6390 msgr2=0x7fc5300ff8c0 unknown :-1 s=STATE_NONE l=0).mark_down
2024-02-20T00:09:57.849 INFO:teuthology.orchestra.run.smithi084.stderr:/usr/bin/ceph:
2024-02-20T00:09:57.846+0000 7fc53723b700 1 -- 172.21.15.84:0/1863972098 shutdown_connections
2024-02-20T00:09:57.850 INFO:teuthology.orchestra.run.smithi084.stderr:/usr/bin/ceph:
2024-02-20T00:09:57.846+0000 7fc53723b700 1 -- 172.21.15.84:0/1863972098 wait complete.
2024-02-20T00:09:58.107 INFO:journalctl@ceph.mon.smithi084.smithi084.stdout:Feb 20 00:09:57 smithi084 ceph-2a2e6c42-cf84-11ee-95bb-87774f69a715-mon.smithi084[38114]: cluster
2024-02-20T00:09:56.834806+0000 mon.smithi084 (mon.0) 92 : cluster [DBG] mgrmap e14: smithi084.bmqrnf(active, starting, since 0.691189s)
2024-02-20T00:09:58.108 INFO:journalctl@ceph.mon.smithi084.smithi084.stdout:Feb 20 00:09:57 smithi084 ceph-2a2e6c42-cf84-11ee-95bb-87774f69a715-mon.smithi084[38114]: audit
2024-02-20T00:09:56.835691+0000 mon.smithi084 (mon.0) 93 : audit [DBG] from='mgr.14162 172.21.15.84:0/2152933216' entity='mgr.smithi084.bmqrnf' cmd=[{"prefix": "mon metadata", "id": "smithi084"}]: dispatch
2024-02-20T00:09:58.108 INFO:journalctl@ceph.mon.smithi084.smithi084.stdout:Feb 20 00:09:57 smithi084 ceph-2a2e6c42-cf84-11ee-95bb-87774f69a715-mon.smithi084[38114]: audit
2024-02-20T00:09:56.836320+0000 mon.smithi084 (mon.0) 94 : audit [DBG] from='mgr.14162 172.21.15.84:0/2152933216' entity='mgr.smithi084.bmqrnf' cmd=[{"prefix": "mgr metadata", "who": "smithi084.bmqrnf", "id": "smithi084.bmqrnf"}]: dispatch
2024-02-20T00:09:58.108 INFO:journalctl@ceph.mon.smithi084.smithi084.stdout:Feb 20 00:09:57 smithi084 ceph-2a2e6c42-cf84-11ee-95bb-87774f69a715-mon.smithi084[38114]: audit
2024-02-20T00:09:56.837011+0000 mon.smithi084 (mon.0) 95 : audit [DBG] from='mgr.14162 172.21.15.84:0/2152933216' entity='mgr.smithi084.bmqrnf' cmd=[{"prefix": "mds metadata"}]: dispatch
2024-02-20T00:09:58.108 INFO:journalctl@ceph.mon.smithi084.smithi084.stdout:Feb 20 00:09:57 smithi084 ceph-2a2e6c42-cf84-11ee-95bb-87774f69a715-mon.smithi084[38114]: audit
2024-02-20T00:09:56.837214+0000 mon.smithi084 (mon.0) 96 : audit [DBG] from='mgr.14162 172.21.15.84:0/2152933216' entity='mgr.smithi084.bmqrnf' cmd=[{"prefix": "osd metadata"}]: dispatch
2024-02-20T00:09:58.108 INFO:journalctl@ceph.mon.smithi084.smithi084.stdout:Feb 20 00:09:57 smithi084 ceph-2a2e6c42-cf84-11ee-95bb-87774f69a715-mon.smithi084[38114]: audit
2024-02-20T00:09:56.837378+0000 mon.smithi084 (mon.0) 97 : audit [DBG] from='mgr.14162 172.21.15.84:0/2152933216' entity='mgr.smithi084.bmqrnf' cmd=[{"prefix": "mon metadata"}]: dispatch
2024-02-20T00:09:58.108 INFO:journalctl@ceph.mon.smithi084.smithi084.stdout:Feb 20 00:09:57 smithi084 ceph-2a2e6c42-cf84-11ee-95bb-87774f69a715-mon.smithi084[38114]: cluster
2024-02-20T00:09:56.851202+0000 mon.smithi084 (mon.0) 98 : cluster [INF] Manager daemon smithi084.bmqrnf is now available
2024-02-20T00:09:58.108 INFO:journalctl@ceph.mon.smithi084.smithi084.stdout:Feb 20 00:09:57 smithi084 ceph-2a2e6c42-cf84-11ee-95bb-87774f69a715-mon.smithi084[38114]: audit
2024-02-20T00:09:56.950093+0000 mon.smithi084 (mon.0) 99 : audit [DBG] from='mgr.14162 172.21.15.84:0/2152933216' entity='mgr.smithi084.bmqrnf' cmd=[{"prefix": "config dump", "format": "json"}]: dispatch
2024-02-20T00:09:58.108 INFO:journalctl@ceph.mon.smithi084.smithi084.stdout:Feb 20 00:09:57 smithi084 ceph-2a2e6c42-cf84-11ee-95bb-87774f69a715-mon.smithi084[38114]: audit
2024-02-20T00:09:56.952419+0000 mon.smithi084 (mon.0) 100 : audit [DBG] from='mgr.14162 172.21.15.84:0/2152933216' entity='mgr.smithi084.bmqrnf' cmd=[{"prefix": "config dump", "format": "json"}]: dispatch
2024-02-20T00:09:58.108 INFO:journalctl@ceph.mon.smithi084.smithi084.stdout:Feb 20 00:09:57 smithi084 ceph-2a2e6c42-cf84-11ee-95bb-87774f69a715-mon.smithi084[38114]: audit
2024-02-20T00:09:56.968041+0000 mon.smithi084 (mon.0) 101 : audit [INF] from='mgr.14162 172.21.15.84:0/2152933216' entity='mgr.smithi084.bmqrnf' cmd=[{"prefix":"config rm","who":"mgr","name":"mgr/rbd_support/smithi084.bmqrnf/mirror_snapshot_schedule"}]: dispatch
2024-02-20T00:09:58.108 INFO:journalctl@ceph.mon.smithi084.smithi084.stdout:Feb 20 00:09:57 smithi084 ceph-2a2e6c42-cf84-11ee-95bb-87774f69a715-mon.smithi084[38114]: audit
2024-02-20T00:09:56.970752+0000 mon.smithi084 (mon.0) 102 : audit [INF] from='mgr.14162 172.21.15.84:0/2152933216' entity='mgr.smithi084.bmqrnf' cmd=[{"prefix":"config rm","who":"mgr","name":"mgr/rbd_support/smithi084.bmqrnf/trash_purge_schedule"}]: dispatch
2024-02-20T00:09:58.108 INFO:journalctl@ceph.mon.smithi084.smithi084.stdout:Feb 20 00:09:57 smithi084 ceph-2a2e6c42-cf84-11ee-95bb-87774f69a715-mon.smithi084[38114]: audit
2024-02-20T00:09:57.389686+0000 mon.smithi084 (mon.0) 103 : audit [INF] from='mgr.14162 172.21.15.84:0/2152933216' entity='mgr.smithi084.bmqrnf'
2024-02-20T00:09:58.929 INFO:teuthology.orchestra.run.smithi084.stderr:mgr epoch 13 is available
2024-02-20T00:09:58.930 INFO:teuthology.orchestra.run.smithi084.stderr:Generating a dashboard self-signed certificate...
2024-02-20T00:09:58.930 INFO:teuthology.orchestra.run.smithi084.stderr:Running command: /bin/podman run --rm --ipc=host --no-hosts --net=host --entrypoint /usr/bin/ceph --init -e CONTAINER_IMAGE=docker.io/ceph/ceph:v16.2.4 -e NODE_NAME=smithi084 -e CEPH_USE_RANDOM_NONCE=1 -v /var/log/ceph/2a2e6c42-cf84-11ee-95bb-87774f69a715:/var/log/ceph:z -v /tmp/ceph-tmp3ot6j0xn:/etc/ceph/ceph.client.admin.keyring:z -v /tmp/ceph-tmp4xryone4:/etc/ceph/ceph.conf:z docker.io/ceph/ceph:v16.2.4 dashboard create-self-signed-cert
2024-02-20T00:09:59.107 INFO:journalctl@ceph.mon.smithi084.smithi084.stdout:Feb 20 00:09:58 smithi084 ceph-2a2e6c42-cf84-11ee-95bb-87774f69a715-mon.smithi084[38114]: audit
2024-02-20T00:09:57.840320+0000 mgr.smithi084.bmqrnf (mgr.14162) 1 : audit [DBG] from='client.14166 -' entity='client.admin' cmd=[{"prefix": "get_command_descriptions"}]: dispatch
2024-02-20T00:09:59.107 INFO:journalctl@ceph.mon.smithi084.smithi084.stdout:Feb 20 00:09:58 smithi084 ceph-2a2e6c42-cf84-11ee-95bb-87774f69a715-mon.smithi084[38114]: cluster
2024-02-20T00:09:57.840740+0000 mon.smithi084 (mon.0) 104 : cluster [DBG] mgrmap e15: smithi084.bmqrnf(active, since 1.69712s)
2024-02-20T00:09:59.107 INFO:journalctl@ceph.mon.smithi084.smithi084.stdout:Feb 20 00:09:58 smithi084 ceph-2a2e6c42-cf84-11ee-95bb-87774f69a715-mon.smithi084[38114]: audit
2024-02-20T00:09:57.846497+0000 mgr.smithi084.bmqrnf (mgr.14162) 2 : audit [DBG] from='client.14166 -' entity='client.admin' cmd=[{"prefix": "mgr_status"}]: dispatch
2024-02-20T00:09:59.108 INFO:journalctl@ceph.mon.smithi084.smithi084.stdout:Feb 20 00:09:58 smithi084 ceph-2a2e6c42-cf84-11ee-95bb-87774f69a715-mon.smithi084[38114]: audit
2024-02-20T00:09:58.646312+0000 mon.smithi084 (mon.0) 105 : audit [INF] from='mgr.14162 172.21.15.84:0/2152933216' entity='mgr.smithi084.bmqrnf'
2024-02-20T00:09:59.728 INFO:teuthology.orchestra.run.smithi084.stderr:/usr/bin/ceph:
2024-02-20T00:09:59.638+0000 7f546ffef700 1 Processor -- start
2024-02-20T00:09:59.729 INFO:teuthology.orchestra.run.smithi084.stderr:/usr/bin/ceph:
2024-02-20T00:09:59.638+0000 7f546ffef700 1 -- start start
2024-02-20T00:09:59.729 INFO:teuthology.orchestra.run.smithi084.stderr:/usr/bin/ceph:
2024-02-20T00:09:59.638+0000 7f546ffef700 1 --2- >> [v2:172.21.15.84:3300/0,v1:172.21.15.84:6789/0] conn(0x7f54680703b0 0x7f5468100ed0 unknown :-1 s=NONE pgs=0 cs=0 l=0 rev1=0 rx=0 tx=0).connect
2024-02-20T00:09:59.729 INFO:teuthology.orchestra.run.smithi084.stderr:/usr/bin/ceph:
2024-02-20T00:09:59.638+0000 7f546ffef700 1 -- --> [v2:172.21.15.84:3300/0,v1:172.21.15.84:6789/0] -- mon_getmap magic: 0 v1 -- 0x7f54680fc8c0 con 0x7f54680703b0
2024-02-20T00:09:59.729 INFO:teuthology.orchestra.run.smithi084.stderr:/usr/bin/ceph:
2024-02-20T00:09:59.639+0000 7f546dd8b700 1 --2- >> [v2:172.21.15.84:3300/0,v1:172.21.15.84:6789/0] conn(0x7f54680703b0 0x7f5468100ed0 unknown :-1 s=BANNER_CONNECTING pgs=0 cs=0 l=0 rev1=0 rx=0 tx=0)._handle_peer_banner_payload supported=1 required=0
2024-02-20T00:09:59.729 INFO:teuthology.orchestra.run.smithi084.stderr:/usr/bin/ceph:
2024-02-20T00:09:59.639+0000 7f546dd8b700 1 --2- >> [v2:172.21.15.84:3300/0,v1:172.21.15.84:6789/0] conn(0x7f54680703b0 0x7f5468100ed0 unknown :-1 s=HELLO_CONNECTING pgs=0 cs=0 l=0 rev1=1 rx=0 tx=0).handle_hello peer v2:172.21.15.84:3300/0 says I am v2:172.21.15.84:52520/0 (socket says 172.21.15.84:52520)
2024-02-20T00:09:59.729 INFO:teuthology.orchestra.run.smithi084.stderr:/usr/bin/ceph:
2024-02-20T00:09:59.639+0000 7f546dd8b700 1 -- 172.21.15.84:0/1885751941 learned_addr learned my addr 172.21.15.84:0/1885751941 (peer_addr_for_me v2:172.21.15.84:0/0)
2024-02-20T00:09:59.729 INFO:teuthology.orchestra.run.smithi084.stderr:/usr/bin/ceph:
2024-02-20T00:09:59.639+0000 7f546dd8b700 1 -- 172.21.15.84:0/1885751941 --> [v2:172.21.15.84:3300/0,v1:172.21.15.84:6789/0] -- mon_subscribe({config=0+,monmap=0+}) v3 -- 0x7f54681013c0 con 0x7f54680703b0
2024-02-20T00:09:59.729 INFO:teuthology.orchestra.run.smithi084.stderr:/usr/bin/ceph:
2024-02-20T00:09:59.639+0000 7f546dd8b700 1 --2- 172.21.15.84:0/1885751941 >> [v2:172.21.15.84:3300/0,v1:172.21.15.84:6789/0] conn(0x7f54680703b0 0x7f5468100ed0 secure :-1 s=READY pgs=79 cs=0 l=1 rev1=1 rx=0x7f546400b5f0 tx=0x7f5464006ee0).ready entity=mon.0 client_cookie=c63a42741cdbed5a server_cookie=0 in_seq=0 out_seq=0
2024-02-20T00:09:59.729 INFO:teuthology.orchestra.run.smithi084.stderr:/usr/bin/ceph:
2024-02-20T00:09:59.639+0000 7f546cd89700 1 -- 172.21.15.84:0/1885751941 <== mon.0 v2:172.21.15.84:3300/0 1 ==== mon_map magic: 0 v1 ==== 229+0+0 (secure 0 0 0) 0x7f546400d600 con 0x7f54680703b0
2024-02-20T00:09:59.729 INFO:teuthology.orchestra.run.smithi084.stderr:/usr/bin/ceph:
2024-02-20T00:09:59.639+0000 7f546cd89700 1 -- 172.21.15.84:0/1885751941 <== mon.0 v2:172.21.15.84:3300/0 2 ==== config(26 keys) v1 ==== 1109+0+0 (secure 0 0 0) 0x7f546400dc30 con 0x7f54680703b0
2024-02-20T00:09:59.729 INFO:teuthology.orchestra.run.smithi084.stderr:/usr/bin/ceph:
2024-02-20T00:09:59.639+0000 7f546cd89700 1 -- 172.21.15.84:0/1885751941 <== mon.0 v2:172.21.15.84:3300/0 3 ==== mon_map magic: 0 v1 ==== 229+0+0 (secure 0 0 0) 0x7f5464011d30 con 0x7f54680703b0
2024-02-20T00:09:59.729 INFO:teuthology.orchestra.run.smithi084.stderr:/usr/bin/ceph:
2024-02-20T00:09:59.640+0000 7f546ffef700 1 -- 172.21.15.84:0/1885751941 >> [v2:172.21.15.84:3300/0,v1:172.21.15.84:6789/0] conn(0x7f54680703b0 msgr2=0x7f5468100ed0 secure :-1 s=STATE_CONNECTION_ESTABLISHED l=1).mark_down
2024-02-20T00:09:59.729 INFO:teuthology.orchestra.run.smithi084.stderr:/usr/bin/ceph:
2024-02-20T00:09:59.640+0000 7f546ffef700 1 --2- 172.21.15.84:0/1885751941 >> [v2:172.21.15.84:3300/0,v1:172.21.15.84:6789/0] conn(0x7f54680703b0 0x7f5468100ed0 secure :-1 s=READY pgs=79 cs=0 l=1 rev1=1 rx=0x7f546400b5f0 tx=0x7f5464006ee0).stop
2024-02-20T00:09:59.730 INFO:teuthology.orchestra.run.smithi084.stderr:/usr/bin/ceph:
2024-02-20T00:09:59.640+0000 7f546ffef700 1 -- 172.21.15.84:0/1885751941 shutdown_connections
2024-02-20T00:09:59.730 INFO:teuthology.orchestra.run.smithi084.stderr:/usr/bin/ceph:
2024-02-20T00:09:59.640+0000 7f546ffef700 1 --2- 172.21.15.84:0/1885751941 >> [v2:172.21.15.84:3300/0,v1:172.21.15.84:6789/0] conn(0x7f54680703b0 0x7f5468100ed0 unknown :-1 s=CLOSED pgs=79 cs=0 l=1 rev1=1 rx=0 tx=0).stop
2024-02-20T00:09:59.730 INFO:teuthology.orchestra.run.smithi084.stderr:/usr/bin/ceph:
2024-02-20T00:09:59.640+0000 7f546ffef700 1 -- 172.21.15.84:0/1885751941 >> 172.21.15.84:0/1885751941 conn(0x7f54680f6530 msgr2=0x7f54680f8950 unknown :-1 s=STATE_NONE l=0).mark_down
2024-02-20T00:09:59.730 INFO:teuthology.orchestra.run.smithi084.stderr:/usr/bin/ceph:
2024-02-20T00:09:59.640+0000 7f546ffef700 1 -- 172.21.15.84:0/1885751941 shutdown_connections
2024-02-20T00:09:59.730 INFO:teuthology.orchestra.run.smithi084.stderr:/usr/bin/ceph:
2024-02-20T00:09:59.640+0000 7f546ffef700 1 -- 172.21.15.84:0/1885751941 wait complete.
2024-02-20T00:09:59.730 INFO:teuthology.orchestra.run.smithi084.stderr:/usr/bin/ceph:
2024-02-20T00:09:59.640+0000 7f546ffef700 1 Processor -- start
2024-02-20T00:09:59.730 INFO:teuthology.orchestra.run.smithi084.stderr:/usr/bin/ceph:
2024-02-20T00:09:59.640+0000 7f546ffef700 1 -- start start
2024-02-20T00:09:59.730 INFO:teuthology.orchestra.run.smithi084.stderr:/usr/bin/ceph:
2024-02-20T00:09:59.641+0000 7f546ffef700 1 --2- >> [v2:172.21.15.84:3300/0,v1:172.21.15.84:6789/0] conn(0x7f54680703b0 0x7f546810cda0 unknown :-1 s=NONE pgs=0 cs=0 l=1 rev1=0 rx=0 tx=0).connect
2024-02-20T00:09:59.730 INFO:teuthology.orchestra.run.smithi084.stderr:/usr/bin/ceph:
2024-02-20T00:09:59.641+0000 7f546ffef700 1 -- --> [v2:172.21.15.84:3300/0,v1:172.21.15.84:6789/0] -- mon_getmap magic: 0 v1 -- 0x7f546810d290 con 0x7f54680703b0
2024-02-20T00:09:59.730 INFO:teuthology.orchestra.run.smithi084.stderr:/usr/bin/ceph:
2024-02-20T00:09:59.641+0000 7f546dd8b700 1 --2- >> [v2:172.21.15.84:3300/0,v1:172.21.15.84:6789/0] conn(0x7f54680703b0 0x7f546810cda0 unknown :-1 s=BANNER_CONNECTING pgs=0 cs=0 l=1 rev1=0 rx=0 tx=0)._handle_peer_banner_payload supported=1 required=0
2024-02-20T00:09:59.730 INFO:teuthology.orchestra.run.smithi084.stderr:/usr/bin/ceph:
2024-02-20T00:09:59.641+0000 7f546dd8b700 1 --2- >> [v2:172.21.15.84:3300/0,v1:172.21.15.84:6789/0] conn(0x7f54680703b0 0x7f546810cda0 unknown :-1 s=HELLO_CONNECTING pgs=0 cs=0 l=1 rev1=1 rx=0 tx=0).handle_hello peer v2:172.21.15.84:3300/0 says I am v2:172.21.15.84:52534/0 (socket says 172.21.15.84:52534)
2024-02-20T00:09:59.730 INFO:teuthology.orchestra.run.smithi084.stderr:/usr/bin/ceph:
2024-02-20T00:09:59.641+0000 7f546dd8b700 1 -- 172.21.15.84:0/962080506 learned_addr learned my addr 172.21.15.84:0/962080506 (peer_addr_for_me v2:172.21.15.84:0/0)
2024-02-20T00:09:59.730 INFO:teuthology.orchestra.run.smithi084.stderr:/usr/bin/ceph:
2024-02-20T00:09:59.641+0000 7f546dd8b700 1 -- 172.21.15.84:0/962080506 --> [v2:172.21.15.84:3300/0,v1:172.21.15.84:6789/0] -- mon_subscribe({config=0+,monmap=0+}) v3 -- 0x7f546400b200 con 0x7f54680703b0
2024-02-20T00:09:59.730 INFO:teuthology.orchestra.run.smithi084.stderr:/usr/bin/ceph:
2024-02-20T00:09:59.641+0000 7f546dd8b700 1 --2- 172.21.15.84:0/962080506 >> [v2:172.21.15.84:3300/0,v1:172.21.15.84:6789/0] conn(0x7f54680703b0 0x7f546810cda0 secure :-1 s=READY pgs=80 cs=0 l=1 rev1=1 rx=0x7f546400e040 tx=0x7f5464006ee0).ready entity=mon.0 client_cookie=0 server_cookie=0 in_seq=0 out_seq=0
2024-02-20T00:09:59.730 INFO:teuthology.orchestra.run.smithi084.stderr:/usr/bin/ceph:
2024-02-20T00:09:59.641+0000 7f54567fc700 1 -- 172.21.15.84:0/962080506 <== mon.0 v2:172.21.15.84:3300/0 1 ==== mon_map magic: 0 v1 ==== 229+0+0 (secure 0 0 0) 0x7f546400da60 con 0x7f54680703b0
2024-02-20T00:09:59.730 INFO:teuthology.orchestra.run.smithi084.stderr:/usr/bin/ceph:
2024-02-20T00:09:59.641+0000 7f54567fc700 1 -- 172.21.15.84:0/962080506 <== mon.0 v2:172.21.15.84:3300/0 2 ==== config(26 keys) v1 ==== 1109+0+0 (secure 0 0 0) 0x7f546401b8e0 con 0x7f54680703b0
2024-02-20T00:09:59.731 INFO:teuthology.orchestra.run.smithi084.stderr:/usr/bin/ceph:
2024-02-20T00:09:59.641+0000 7f546ffef700 1 -- 172.21.15.84:0/962080506 --> [v2:172.21.15.84:3300/0,v1:172.21.15.84:6789/0] -- mon_subscribe({mgrmap=0+}) v3 -- 0x7f546810d490 con 0x7f54680703b0
2024-02-20T00:09:59.731 INFO:teuthology.orchestra.run.smithi084.stderr:/usr/bin/ceph:
2024-02-20T00:09:59.641+0000 7f54567fc700 1 -- 172.21.15.84:0/962080506 <== mon.0 v2:172.21.15.84:3300/0 3 ==== mon_map magic: 0 v1 ==== 229+0+0 (secure 0 0 0) 0x7f546401a900 con 0x7f54680703b0
2024-02-20T00:09:59.731 INFO:teuthology.orchestra.run.smithi084.stderr:/usr/bin/ceph:
2024-02-20T00:09:59.641+0000 7f546ffef700 1 -- 172.21.15.84:0/962080506 --> [v2:172.21.15.84:3300/0,v1:172.21.15.84:6789/0] -- mon_subscribe({osdmap=0}) v3 -- 0x7f546810e0d0 con 0x7f54680703b0
2024-02-20T00:09:59.731 INFO:teuthology.orchestra.run.smithi084.stderr:/usr/bin/ceph:
2024-02-20T00:09:59.642+0000 7f54567fc700 1 -- 172.21.15.84:0/962080506 <== mon.0 v2:172.21.15.84:3300/0 4 ==== mgrmap(e 16) v1 ==== 36208+0+0 (secure 0 0 0) 0x7f546400f070 con 0x7f54680703b0
2024-02-20T00:09:59.731 INFO:teuthology.orchestra.run.smithi084.stderr:/usr/bin/ceph:
2024-02-20T00:09:59.642+0000 7f54567fc700 1 --2- 172.21.15.84:0/962080506 >> [v2:172.21.15.84:6800/1303158740,v1:172.21.15.84:6801/1303158740] conn(0x7f545002ff70 0x7f5450032430 unknown :-1 s=NONE pgs=0 cs=0 l=1 rev1=0 rx=0 tx=0).connect
2024-02-20T00:09:59.731 INFO:teuthology.orchestra.run.smithi084.stderr:/usr/bin/ceph:
2024-02-20T00:09:59.642+0000 7f546ffef700 1 -- 172.21.15.84:0/962080506 --> [v2:172.21.15.84:3300/0,v1:172.21.15.84:6789/0] -- mon_command({"prefix": "get_command_descriptions"} v 0) v1 -- 0x7f546810d920 con 0x7f54680703b0
2024-02-20T00:09:59.731 INFO:teuthology.orchestra.run.smithi084.stderr:/usr/bin/ceph:
2024-02-20T00:09:59.642+0000 7f54567fc700 1 -- 172.21.15.84:0/962080506 <== mon.0 v2:172.21.15.84:3300/0 5 ==== osd_map(4..4 src has 1..4) v4 ==== 1270+0+0 (secure 0 0 0) 0x7f54640414e0 con 0x7f54680703b0
2024-02-20T00:09:59.731 INFO:teuthology.orchestra.run.smithi084.stderr:/usr/bin/ceph:
2024-02-20T00:09:59.643+0000 7f546d58a700 1 --2- 172.21.15.84:0/962080506 >> [v2:172.21.15.84:6800/1303158740,v1:172.21.15.84:6801/1303158740] conn(0x7f545002ff70 0x7f5450032430 unknown :-1 s=BANNER_CONNECTING pgs=0 cs=0 l=1 rev1=0 rx=0 tx=0)._handle_peer_banner_payload supported=1 required=0
2024-02-20T00:09:59.731 INFO:teuthology.orchestra.run.smithi084.stderr:/usr/bin/ceph:
2024-02-20T00:09:59.643+0000 7f546d58a700 1 --2- 172.21.15.84:0/962080506 >> [v2:172.21.15.84:6800/1303158740,v1:172.21.15.84:6801/1303158740] conn(0x7f545002ff70 0x7f5450032430 secure :-1 s=READY pgs=6 cs=0 l=1 rev1=1 rx=0x7f54580096a0 tx=0x7f5458006b40).ready entity=mgr.14162 client_cookie=0 server_cookie=0 in_seq=0 out_seq=0
2024-02-20T00:09:59.731 INFO:teuthology.orchestra.run.smithi084.stderr:/usr/bin/ceph:
2024-02-20T00:09:59.647+0000 7f54567fc700 1 -- 172.21.15.84:0/962080506 <== mon.0 v2:172.21.15.84:3300/0 6 ==== mon_command_ack([{"prefix": "get_command_descriptions"}]=0 v0) v1 ==== 72+0+152212 (secure 0 0 0) 0x7f5464022960 con 0x7f54680703b0
2024-02-20T00:09:59.816 INFO:teuthology.orchestra.run.smithi084.stderr:/usr/bin/ceph:
2024-02-20T00:09:59.815+0000 7f546ffef700 1 -- 172.21.15.84:0/962080506 --> [v2:172.21.15.84:6800/1303158740,v1:172.21.15.84:6801/1303158740] -- mgr_command(tid 0: {"prefix": "dashboard create-self-signed-cert", "target": ["mon-mgr", ""]}) v1 -- 0x7f546810e310 con 0x7f545002ff70
2024-02-20T00:09:59.895 INFO:teuthology.orchestra.run.smithi084.stderr:/usr/bin/ceph:
2024-02-20T00:09:59.893+0000 7f54567fc700 1 -- 172.21.15.84:0/962080506 <== mgr.14162 v2:172.21.15.84:6800/1303158740 1 ==== mgr_command_reply(tid 0: 0 ) v1 ==== 8+0+32 (secure 0 0 0) 0x7f546810e310 con 0x7f545002ff70
2024-02-20T00:09:59.895 INFO:teuthology.orchestra.run.smithi084.stderr:/usr/bin/ceph: Self-signed certificate created
2024-02-20T00:09:59.897 INFO:teuthology.orchestra.run.smithi084.stderr:/usr/bin/ceph:
2024-02-20T00:09:59.895+0000 7f546ffef700 1 -- 172.21.15.84:0/962080506 >> [v2:172.21.15.84:6800/1303158740,v1:172.21.15.84:6801/1303158740] conn(0x7f545002ff70 msgr2=0x7f5450032430 secure :-1 s=STATE_CONNECTION_ESTABLISHED l=1).mark_down
2024-02-20T00:09:59.897 INFO:teuthology.orchestra.run.smithi084.stderr:/usr/bin/ceph:
2024-02-20T00:09:59.895+0000 7f546ffef700 1 --2- 172.21.15.84:0/962080506 >> [v2:172.21.15.84:6800/1303158740,v1:172.21.15.84:6801/1303158740] conn(0x7f545002ff70 0x7f5450032430 secure :-1 s=READY pgs=6 cs=0 l=1 rev1=1 rx=0x7f54580096a0 tx=0x7f5458006b40).stop
2024-02-20T00:09:59.897 INFO:teuthology.orchestra.run.smithi084.stderr:/usr/bin/ceph:
2024-02-20T00:09:59.895+0000 7f546ffef700 1 -- 172.21.15.84:0/962080506 >> [v2:172.21.15.84:3300/0,v1:172.21.15.84:6789/0] conn(0x7f54680703b0 msgr2=0x7f546810cda0 secure :-1 s=STATE_CONNECTION_ESTABLISHED l=1).mark_down
2024-02-20T00:09:59.897 INFO:teuthology.orchestra.run.smithi084.stderr:/usr/bin/ceph:
2024-02-20T00:09:59.895+0000 7f546ffef700 1 --2- 172.21.15.84:0/962080506 >> [v2:172.21.15.84:3300/0,v1:172.21.15.84:6789/0] conn(0x7f54680703b0 0x7f546810cda0 secure :-1 s=READY pgs=80 cs=0 l=1 rev1=1 rx=0x7f546400e040 tx=0x7f5464006ee0).stop
2024-02-20T00:09:59.897 INFO:teuthology.orchestra.run.smithi084.stderr:/usr/bin/ceph:
2024-02-20T00:09:59.895+0000 7f546ffef700 1 -- 172.21.15.84:0/962080506 shutdown_connections
2024-02-20T00:09:59.897 INFO:teuthology.orchestra.run.smithi084.stderr:/usr/bin/ceph:
2024-02-20T00:09:59.895+0000 7f546ffef700 1 --2- 172.21.15.84:0/962080506 >> [v2:172.21.15.84:6800/1303158740,v1:172.21.15.84:6801/1303158740] conn(0x7f545002ff70 0x7f5450032430 unknown :-1 s=CLOSED pgs=6 cs=0 l=1 rev1=1 rx=0 tx=0).stop
2024-02-20T00:09:59.897 INFO:teuthology.orchestra.run.smithi084.stderr:/usr/bin/ceph:
2024-02-20T00:09:59.895+0000 7f546ffef700 1 --2- 172.21.15.84:0/962080506 >> [v2:172.21.15.84:3300/0,v1:172.21.15.84:6789/0] conn(0x7f54680703b0 0x7f546810cda0 unknown :-1 s=CLOSED pgs=80 cs=0 l=1 rev1=1 rx=0 tx=0).stop
2024-02-20T00:09:59.897 INFO:teuthology.orchestra.run.smithi084.stderr:/usr/bin/ceph:
2024-02-20T00:09:59.895+0000 7f546ffef700 1 -- 172.21.15.84:0/962080506 >> 172.21.15.84:0/962080506 conn(0x7f54680f6530 msgr2=0x7f54680f7f20 unknown :-1 s=STATE_NONE l=0).mark_down
2024-02-20T00:09:59.898 INFO:teuthology.orchestra.run.smithi084.stderr:/usr/bin/ceph:
2024-02-20T00:09:59.896+0000 7f546ffef700 1 -- 172.21.15.84:0/962080506 shutdown_connections
2024-02-20T00:09:59.898 INFO:teuthology.orchestra.run.smithi084.stderr:/usr/bin/ceph:
2024-02-20T00:09:59.896+0000 7f546ffef700 1 -- 172.21.15.84:0/962080506 wait complete.
2024-02-20T00:09:59.915 INFO:journalctl@ceph.mon.smithi084.smithi084.stdout:Feb 20 00:09:59 smithi084 ceph-2a2e6c42-cf84-11ee-95bb-87774f69a715-mon.smithi084[38114]: cluster
2024-02-20T00:09:58.843407+0000 mon.smithi084 (mon.0) 106 : cluster [DBG] mgrmap e16: smithi084.bmqrnf(active, since 2s)
2024-02-20T00:10:00.565 INFO:teuthology.orchestra.run.smithi084.stderr:Creating initial admin user...
2024-02-20T00:10:00.566 INFO:teuthology.orchestra.run.smithi084.stderr:Running command: /bin/podman run --rm --ipc=host --no-hosts --net=host --entrypoint /usr/bin/ceph --init -e CONTAINER_IMAGE=docker.io/ceph/ceph:v16.2.4 -e NODE_NAME=smithi084 -e CEPH_USE_RANDOM_NONCE=1 -v /var/log/ceph/2a2e6c42-cf84-11ee-95bb-87774f69a715:/var/log/ceph:z -v /tmp/ceph-tmp3ot6j0xn:/etc/ceph/ceph.client.admin.keyring:z -v /tmp/ceph-tmp4xryone4:/etc/ceph/ceph.conf:z -v /tmp/ceph-tmp1qwg46_o:/tmp/dashboard.pw:z docker.io/ceph/ceph:v16.2.4 dashboard ac-user-create admin -i /tmp/dashboard.pw administrator --force-password --pwd-update-required
2024-02-20T00:10:01.125 INFO:teuthology.orchestra.run.smithi084.stderr:/usr/bin/ceph:
2024-02-20T00:10:01.122+0000 7f27eae8a700 1 Processor -- start
2024-02-20T00:10:01.125 INFO:teuthology.orchestra.run.smithi084.stderr:/usr/bin/ceph:
2024-02-20T00:10:01.122+0000 7f27eae8a700 1 -- start start
2024-02-20T00:10:01.125 INFO:teuthology.orchestra.run.smithi084.stderr:/usr/bin/ceph:
2024-02-20T00:10:01.123+0000 7f27eae8a700 1 --2- >> [v2:172.21.15.84:3300/0,v1:172.21.15.84:6789/0] conn(0x7f27e4070430 0x7f27e40fc840 unknown :-1 s=NONE pgs=0 cs=0 l=0 rev1=0 rx=0 tx=0).connect
2024-02-20T00:10:01.126 INFO:teuthology.orchestra.run.smithi084.stderr:/usr/bin/ceph:
2024-02-20T00:10:01.123+0000 7f27eae8a700 1 -- --> [v2:172.21.15.84:3300/0,v1:172.21.15.84:6789/0] -- mon_getmap magic: 0 v1 -- 0x7f27e40fcd30 con 0x7f27e4070430
2024-02-20T00:10:01.126 INFO:teuthology.orchestra.run.smithi084.stderr:/usr/bin/ceph:
2024-02-20T00:10:01.123+0000 7f27e8c26700 1 --2- >> [v2:172.21.15.84:3300/0,v1:172.21.15.84:6789/0] conn(0x7f27e4070430 0x7f27e40fc840 unknown :-1 s=BANNER_CONNECTING pgs=0 cs=0 l=0 rev1=0 rx=0 tx=0)._handle_peer_banner_payload supported=1 required=0
2024-02-20T00:10:01.126 INFO:teuthology.orchestra.run.smithi084.stderr:/usr/bin/ceph:
2024-02-20T00:10:01.123+0000 7f27e8c26700 1 --2- >> [v2:172.21.15.84:3300/0,v1:172.21.15.84:6789/0] conn(0x7f27e4070430 0x7f27e40fc840 unknown :-1 s=HELLO_CONNECTING pgs=0 cs=0 l=0 rev1=1 rx=0 tx=0).handle_hello peer v2:172.21.15.84:3300/0 says I am v2:172.21.15.84:52548/0 (socket says 172.21.15.84:52548)
2024-02-20T00:10:01.126 INFO:teuthology.orchestra.run.smithi084.stderr:/usr/bin/ceph:
2024-02-20T00:10:01.123+0000 7f27e8c26700 1 -- 172.21.15.84:0/3422404592 learned_addr learned my addr 172.21.15.84:0/3422404592 (peer_addr_for_me v2:172.21.15.84:0/0)
2024-02-20T00:10:01.128 INFO:teuthology.orchestra.run.smithi084.stderr:/usr/bin/ceph:
2024-02-20T00:10:01.123+0000 7f27e8c26700 1 -- 172.21.15.84:0/3422404592 --> [v2:172.21.15.84:3300/0,v1:172.21.15.84:6789/0] -- mon_subscribe({config=0+,monmap=0+}) v3 -- 0x7f27e40fce70 con 0x7f27e4070430
2024-02-20T00:10:01.129 INFO:teuthology.orchestra.run.smithi084.stderr:/usr/bin/ceph:
2024-02-20T00:10:01.123+0000 7f27e8c26700 1 --2- 172.21.15.84:0/3422404592 >> [v2:172.21.15.84:3300/0,v1:172.21.15.84:6789/0] conn(0x7f27e4070430 0x7f27e40fc840 secure :-1 s=READY pgs=81 cs=0 l=1 rev1=1 rx=0x7f27d800b5f0 tx=0x7f27d8006ee0).ready entity=mon.0 client_cookie=795df085a73ddd79 server_cookie=0 in_seq=0 out_seq=0
2024-02-20T00:10:01.129 INFO:teuthology.orchestra.run.smithi084.stderr:/usr/bin/ceph:
2024-02-20T00:10:01.123+0000 7f27e37fe700 1 -- 172.21.15.84:0/3422404592 <== mon.0 v2:172.21.15.84:3300/0 1 ==== mon_map magic: 0 v1 ==== 229+0+0 (secure 0 0 0) 0x7f27d800d600 con 0x7f27e4070430
2024-02-20T00:10:01.129 INFO:teuthology.orchestra.run.smithi084.stderr:/usr/bin/ceph:
2024-02-20T00:10:01.123+0000 7f27e37fe700 1 -- 172.21.15.84:0/3422404592 <== mon.0 v2:172.21.15.84:3300/0 2 ==== config(26 keys) v1 ==== 1109+0+0 (secure 0 0 0) 0x7f27d800dc30 con 0x7f27e4070430
2024-02-20T00:10:01.129 INFO:teuthology.orchestra.run.smithi084.stderr:/usr/bin/ceph:
2024-02-20T00:10:01.123+0000 7f27e37fe700 1 -- 172.21.15.84:0/3422404592 <== mon.0 v2:172.21.15.84:3300/0 3 ==== mon_map magic: 0 v1 ==== 229+0+0 (secure 0 0 0) 0x7f27d8011d30 con 0x7f27e4070430
2024-02-20T00:10:01.129 INFO:teuthology.orchestra.run.smithi084.stderr:/usr/bin/ceph:
2024-02-20T00:10:01.124+0000 7f27eae8a700 1 -- 172.21.15.84:0/3422404592 >> [v2:172.21.15.84:3300/0,v1:172.21.15.84:6789/0] conn(0x7f27e4070430 msgr2=0x7f27e40fc840 secure :-1 s=STATE_CONNECTION_ESTABLISHED l=1).mark_down
2024-02-20T00:10:01.129 INFO:teuthology.orchestra.run.smithi084.stderr:/usr/bin/ceph:
2024-02-20T00:10:01.124+0000 7f27eae8a700 1 --2- 172.21.15.84:0/3422404592 >> [v2:172.21.15.84:3300/0,v1:172.21.15.84:6789/0] conn(0x7f27e4070430 0x7f27e40fc840 secure :-1 s=READY pgs=81 cs=0 l=1 rev1=1 rx=0x7f27d800b5f0 tx=0x7f27d8006ee0).stop
2024-02-20T00:10:01.129 INFO:teuthology.orchestra.run.smithi084.stderr:/usr/bin/ceph:
2024-02-20T00:10:01.124+0000 7f27eae8a700 1 -- 172.21.15.84:0/3422404592 shutdown_connections
2024-02-20T00:10:01.129 INFO:teuthology.orchestra.run.smithi084.stderr:/usr/bin/ceph:
2024-02-20T00:10:01.124+0000 7f27eae8a700 1 --2- 172.21.15.84:0/3422404592 >> [v2:172.21.15.84:3300/0,v1:172.21.15.84:6789/0] conn(0x7f27e4070430 0x7f27e40fc840 unknown :-1 s=CLOSED pgs=81 cs=0 l=1 rev1=1 rx=0 tx=0).stop
2024-02-20T00:10:01.129 INFO:teuthology.orchestra.run.smithi084.stderr:/usr/bin/ceph:
2024-02-20T00:10:01.124+0000 7f27eae8a700 1 -- 172.21.15.84:0/3422404592 >> 172.21.15.84:0/3422404592 conn(0x7f27e40f6530 msgr2=0x7f27e40f8950 unknown :-1 s=STATE_NONE l=0).mark_down
2024-02-20T00:10:01.129 INFO:teuthology.orchestra.run.smithi084.stderr:/usr/bin/ceph:
2024-02-20T00:10:01.124+0000 7f27eae8a700 1 -- 172.21.15.84:0/3422404592 shutdown_connections
2024-02-20T00:10:01.129 INFO:teuthology.orchestra.run.smithi084.stderr:/usr/bin/ceph:
2024-02-20T00:10:01.124+0000 7f27eae8a700 1 -- 172.21.15.84:0/3422404592 wait complete.
2024-02-20T00:10:01.129 INFO:teuthology.orchestra.run.smithi084.stderr:/usr/bin/ceph:
2024-02-20T00:10:01.125+0000 7f27eae8a700 1 Processor -- start
2024-02-20T00:10:01.129 INFO:teuthology.orchestra.run.smithi084.stderr:/usr/bin/ceph:
2024-02-20T00:10:01.125+0000 7f27eae8a700 1 -- start start
2024-02-20T00:10:01.130 INFO:teuthology.orchestra.run.smithi084.stderr:/usr/bin/ceph:
2024-02-20T00:10:01.125+0000 7f27eae8a700 1 --2- >> [v2:172.21.15.84:3300/0,v1:172.21.15.84:6789/0] conn(0x7f27e4070430 0x7f27e41111e0 unknown :-1 s=NONE pgs=0 cs=0 l=1 rev1=0 rx=0 tx=0).connect
2024-02-20T00:10:01.130 INFO:teuthology.orchestra.run.smithi084.stderr:/usr/bin/ceph:
2024-02-20T00:10:01.125+0000 7f27eae8a700 1 -- --> [v2:172.21.15.84:3300/0,v1:172.21.15.84:6789/0] -- mon_getmap magic: 0 v1 -- 0x7f27e41116d0 con 0x7f27e4070430
2024-02-20T00:10:01.130 INFO:teuthology.orchestra.run.smithi084.stderr:/usr/bin/ceph:
2024-02-20T00:10:01.125+0000 7f27e8c26700 1 --2- >> [v2:172.21.15.84:3300/0,v1:172.21.15.84:6789/0] conn(0x7f27e4070430 0x7f27e41111e0 unknown :-1 s=BANNER_CONNECTING pgs=0 cs=0 l=1 rev1=0 rx=0 tx=0)._handle_peer_banner_payload supported=1 required=0
2024-02-20T00:10:01.130 INFO:teuthology.orchestra.run.smithi084.stderr:/usr/bin/ceph:
2024-02-20T00:10:01.125+0000 7f27e8c26700 1 --2- >> [v2:172.21.15.84:3300/0,v1:172.21.15.84:6789/0] conn(0x7f27e4070430 0x7f27e41111e0 unknown :-1 s=HELLO_CONNECTING pgs=0 cs=0 l=1 rev1=1 rx=0 tx=0).handle_hello peer v2:172.21.15.84:3300/0 says I am v2:172.21.15.84:52550/0 (socket says 172.21.15.84:52550)
2024-02-20T00:10:01.130 INFO:teuthology.orchestra.run.smithi084.stderr:/usr/bin/ceph:
2024-02-20T00:10:01.125+0000 7f27e8c26700 1 -- 172.21.15.84:0/2952958936 learned_addr learned my addr 172.21.15.84:0/2952958936 (peer_addr_for_me v2:172.21.15.84:0/0)
2024-02-20T00:10:01.130 INFO:teuthology.orchestra.run.smithi084.stderr:/usr/bin/ceph:
2024-02-20T00:10:01.125+0000 7f27e8c26700 1 -- 172.21.15.84:0/2952958936 --> [v2:172.21.15.84:3300/0,v1:172.21.15.84:6789/0] -- mon_subscribe({config=0+,monmap=0+}) v3 -- 0x7f27d800b200 con 0x7f27e4070430
2024-02-20T00:10:01.130 INFO:teuthology.orchestra.run.smithi084.stderr:/usr/bin/ceph:
2024-02-20T00:10:01.125+0000 7f27e8c26700 1 --2- 172.21.15.84:0/2952958936 >> [v2:172.21.15.84:3300/0,v1:172.21.15.84:6789/0] conn(0x7f27e4070430 0x7f27e41111e0 secure :-1 s=READY pgs=82 cs=0 l=1 rev1=1 rx=0x7f27d800e040 tx=0x7f27d8006ee0).ready entity=mon.0 client_cookie=0 server_cookie=0 in_seq=0 out_seq=0
2024-02-20T00:10:01.130 INFO:teuthology.orchestra.run.smithi084.stderr:/usr/bin/ceph:
2024-02-20T00:10:01.126+0000 7f27e17fa700 1 -- 172.21.15.84:0/2952958936 <== mon.0 v2:172.21.15.84:3300/0 1 ==== mon_map magic: 0 v1 ==== 229+0+0 (secure 0 0 0) 0x7f27d800d9e0 con 0x7f27e4070430
2024-02-20T00:10:01.130 INFO:teuthology.orchestra.run.smithi084.stderr:/usr/bin/ceph:
2024-02-20T00:10:01.126+0000 7f27e17fa700 1 -- 172.21.15.84:0/2952958936 <== mon.0 v2:172.21.15.84:3300/0 2 ==== config(26 keys) v1 ==== 1109+0+0 (secure 0 0 0) 0x7f27d801b8e0 con 0x7f27e4070430
2024-02-20T00:10:01.130 INFO:teuthology.orchestra.run.smithi084.stderr:/usr/bin/ceph:
2024-02-20T00:10:01.126+0000 7f27eae8a700 1 -- 172.21.15.84:0/2952958936 --> [v2:172.21.15.84:3300/0,v1:172.21.15.84:6789/0] -- mon_subscribe({mgrmap=0+}) v3 -- 0x7f27e41118d0 con 0x7f27e4070430
2024-02-20T00:10:01.130 INFO:teuthology.orchestra.run.smithi084.stderr:/usr/bin/ceph:
2024-02-20T00:10:01.126+0000 7f27e17fa700 1 -- 172.21.15.84:0/2952958936 <== mon.0 v2:172.21.15.84:3300/0 3 ==== mon_map magic: 0 v1 ==== 229+0+0 (secure 0 0 0) 0x7f27d801a820 con 0x7f27e4070430
2024-02-20T00:10:01.130 INFO:teuthology.orchestra.run.smithi084.stderr:/usr/bin/ceph:
2024-02-20T00:10:01.126+0000 7f27eae8a700 1 -- 172.21.15.84:0/2952958936 --> [v2:172.21.15.84:3300/0,v1:172.21.15.84:6789/0] -- mon_subscribe({osdmap=0}) v3 -- 0x7f27e4111d60 con 0x7f27e4070430
2024-02-20T00:10:01.130 INFO:teuthology.orchestra.run.smithi084.stderr:/usr/bin/ceph:
2024-02-20T00:10:01.126+0000 7f27e17fa700 1 -- 172.21.15.84:0/2952958936 <== mon.0 v2:172.21.15.84:3300/0 4 ==== mgrmap(e 16) v1 ==== 36208+0+0 (secure 0 0 0) 0x7f27d800f070 con 0x7f27e4070430
2024-02-20T00:10:01.130 INFO:teuthology.orchestra.run.smithi084.stderr:/usr/bin/ceph:
2024-02-20T00:10:01.127+0000 7f27e17fa700 1 --2- 172.21.15.84:0/2952958936 >> [v2:172.21.15.84:6800/1303158740,v1:172.21.15.84:6801/1303158740] conn(0x7f27c802ff70 0x7f27c8032430 unknown :-1 s=NONE pgs=0 cs=0 l=1 rev1=0 rx=0 tx=0).connect
2024-02-20T00:10:01.130 INFO:teuthology.orchestra.run.smithi084.stderr:/usr/bin/ceph:
2024-02-20T00:10:01.127+0000 7f27e17fa700 1 -- 172.21.15.84:0/2952958936 <== mon.0 v2:172.21.15.84:3300/0 5 ==== osd_map(4..4 src has 1..4) v4 ==== 1270+0+0 (secure 0 0 0) 0x7f27d80415f0 con 0x7f27e4070430
2024-02-20T00:10:01.131 INFO:teuthology.orchestra.run.smithi084.stderr:/usr/bin/ceph:
2024-02-20T00:10:01.127+0000 7f27eae8a700 1 -- 172.21.15.84:0/2952958936 --> [v2:172.21.15.84:3300/0,v1:172.21.15.84:6789/0] -- mon_command({"prefix": "get_command_descriptions"} v 0) v1 -- 0x7f27e4045ad0 con 0x7f27e4070430
2024-02-20T00:10:01.132 INFO:teuthology.orchestra.run.smithi084.stderr:/usr/bin/ceph:
2024-02-20T00:10:01.127+0000 7f27e3fff700 1 --2- 172.21.15.84:0/2952958936 >> [v2:172.21.15.84:6800/1303158740,v1:172.21.15.84:6801/1303158740] conn(0x7f27c802ff70 0x7f27c8032430 unknown :-1 s=BANNER_CONNECTING pgs=0 cs=0 l=1 rev1=0 rx=0 tx=0)._handle_peer_banner_payload supported=1 required=0
2024-02-20T00:10:01.132 INFO:teuthology.orchestra.run.smithi084.stderr:/usr/bin/ceph:
2024-02-20T00:10:01.127+0000 7f27e3fff700 1 --2- 172.21.15.84:0/2952958936 >> [v2:172.21.15.84:6800/1303158740,v1:172.21.15.84:6801/1303158740] conn(0x7f27c802ff70 0x7f27c8032430 secure :-1 s=READY pgs=7 cs=0 l=1 rev1=1 rx=0x7f27d00096a0 tx=0x7f27d0006b40).ready entity=mgr.14162 client_cookie=0 server_cookie=0 in_seq=0 out_seq=0
2024-02-20T00:10:01.132 INFO:teuthology.orchestra.run.smithi084.stderr:/usr/bin/ceph:
2024-02-20T00:10:01.131+0000 7f27e17fa700 1 -- 172.21.15.84:0/2952958936 <== mon.0 v2:172.21.15.84:3300/0 6 ==== mon_command_ack([{"prefix": "get_command_descriptions"}]=0 v0) v1 ==== 72+0+152212 (secure 0 0 0) 0x7f27d8016070 con 0x7f27e4070430
2024-02-20T00:10:01.299 INFO:teuthology.orchestra.run.smithi084.stderr:/usr/bin/ceph:
2024-02-20T00:10:01.298+0000 7f27eae8a700 1 -- 172.21.15.84:0/2952958936 --> [v2:172.21.15.84:6800/1303158740,v1:172.21.15.84:6801/1303158740] -- mgr_command(tid 0: {"prefix": "dashboard ac-user-create", "username": "admin", "rolename": "administrator", "force_password": true, "pwd_update_required": true, "target": ["mon-mgr", ""]}) v1 -- 0x7f27e4058f20 con 0x7f27c802ff70
2024-02-20T00:10:01.357 INFO:journalctl@ceph.mon.smithi084.smithi084.stdout:Feb 20 00:10:00 smithi084 ceph-2a2e6c42-cf84-11ee-95bb-87774f69a715-mon.smithi084[38114]: audit
