2024-03-21T13:06:30.722+0000 7fe781ded700 1 --2- 172.21.15.89:0/1361599250 >> [v2:172.21.15.89:3300/0,v1:172.21.15.89:6789/0] conn(0x7fe77c104790 0x7fe77c104bb0 unknown :-1 s=CLOSED pgs=49 cs=0 l=1 rev1=1 crypto rx=0 tx=0 comp rx=0 tx=0).stop
2024-03-21T13:06:31.984 INFO:teuthology.orchestra.run.smithi089.stdout:/usr/bin/ceph: stderr
2024-03-21T13:06:30.722+0000 7fe781ded700 1 -- 172.21.15.89:0/1361599250 >> 172.21.15.89:0/1361599250 conn(0x7fe77c100370 msgr2=0x7fe77c102790 unknown :-1 s=STATE_NONE l=0).mark_down
2024-03-21T13:06:31.984 INFO:teuthology.orchestra.run.smithi089.stdout:/usr/bin/ceph: stderr
2024-03-21T13:06:30.722+0000 7fe781ded700 1 -- 172.21.15.89:0/1361599250 shutdown_connections
2024-03-21T13:06:31.984 INFO:teuthology.orchestra.run.smithi089.stdout:/usr/bin/ceph: stderr
2024-03-21T13:06:30.722+0000 7fe781ded700 1 -- 172.21.15.89:0/1361599250 wait complete.
2024-03-21T13:06:31.984 INFO:teuthology.orchestra.run.smithi089.stdout:/usr/bin/ceph: stderr
2024-03-21T13:06:30.722+0000 7fe781ded700 1 Processor -- start
2024-03-21T13:06:31.984 INFO:teuthology.orchestra.run.smithi089.stdout:/usr/bin/ceph: stderr
2024-03-21T13:06:30.723+0000 7fe781ded700 1 -- start start
2024-03-21T13:06:31.984 INFO:teuthology.orchestra.run.smithi089.stdout:/usr/bin/ceph: stderr
2024-03-21T13:06:30.723+0000 7fe781ded700 1 --2- >> [v2:172.21.15.89:3300/0,v1:172.21.15.89:6789/0] conn(0x7fe77c104790 0x7fe77c19bf90 unknown :-1 s=NONE pgs=0 cs=0 l=1 rev1=0 crypto rx=0 tx=0 comp rx=0 tx=0).connect
2024-03-21T13:06:31.984 INFO:teuthology.orchestra.run.smithi089.stdout:/usr/bin/ceph: stderr
2024-03-21T13:06:30.723+0000 7fe781ded700 1 -- --> [v2:172.21.15.89:3300/0,v1:172.21.15.89:6789/0] -- mon_getmap magic: 0 v1 -- 0x7fe77c106060 con 0x7fe77c104790
2024-03-21T13:06:31.984 INFO:teuthology.orchestra.run.smithi089.stdout:/usr/bin/ceph: stderr
2024-03-21T13:06:30.723+0000 7fe77b7fe700 1 --2- >> [v2:172.21.15.89:3300/0,v1:172.21.15.89:6789/0] conn(0x7fe77c104790 0x7fe77c19bf90 unknown :-1 s=BANNER_CONNECTING pgs=0 cs=0 l=1 rev1=0 crypto rx=0 tx=0 comp rx=0 tx=0)._handle_peer_banner_payload supported=3 required=0
2024-03-21T13:06:31.984 INFO:teuthology.orchestra.run.smithi089.stdout:/usr/bin/ceph: stderr
2024-03-21T13:06:30.723+0000 7fe77b7fe700 1 --2- >> [v2:172.21.15.89:3300/0,v1:172.21.15.89:6789/0] conn(0x7fe77c104790 0x7fe77c19bf90 unknown :-1 s=HELLO_CONNECTING pgs=0 cs=0 l=1 rev1=1 crypto rx=0 tx=0 comp rx=0 tx=0).handle_hello peer v2:172.21.15.89:3300/0 says I am v2:172.21.15.89:41658/0 (socket says 172.21.15.89:41658)
2024-03-21T13:06:31.984 INFO:teuthology.orchestra.run.smithi089.stdout:/usr/bin/ceph: stderr
2024-03-21T13:06:30.723+0000 7fe77b7fe700 1 -- 172.21.15.89:0/3618739840 learned_addr learned my addr 172.21.15.89:0/3618739840 (peer_addr_for_me v2:172.21.15.89:0/0)
2024-03-21T13:06:31.984 INFO:teuthology.orchestra.run.smithi089.stdout:/usr/bin/ceph: stderr
2024-03-21T13:06:30.723+0000 7fe77b7fe700 1 -- 172.21.15.89:0/3618739840 --> [v2:172.21.15.89:3300/0,v1:172.21.15.89:6789/0] -- mon_subscribe({config=0+,monmap=0+}) v3 -- 0x7fe77c19c4d0 con 0x7fe77c104790
2024-03-21T13:06:31.984 INFO:teuthology.orchestra.run.smithi089.stdout:/usr/bin/ceph: stderr
2024-03-21T13:06:30.723+0000 7fe77b7fe700 1 --2- 172.21.15.89:0/3618739840 >> [v2:172.21.15.89:3300/0,v1:172.21.15.89:6789/0] conn(0x7fe77c104790 0x7fe77c19bf90 secure :-1 s=READY pgs=50 cs=0 l=1 rev1=1 crypto rx=0x7fe76c009290 tx=0x7fe76c0119c0 comp rx=0 tx=0).ready entity=mon.0 client_cookie=0 server_cookie=0 in_seq=0 out_seq=0
2024-03-21T13:06:31.985 INFO:teuthology.orchestra.run.smithi089.stdout:/usr/bin/ceph: stderr
2024-03-21T13:06:30.723+0000 7fe778ff9700 1 -- 172.21.15.89:0/3618739840 <== mon.0 v2:172.21.15.89:3300/0 1 ==== mon_map magic: 0 v1 ==== 205+0+0 (secure 0 0 0) 0x7fe76c003930 con 0x7fe77c104790
2024-03-21T13:06:31.985 INFO:teuthology.orchestra.run.smithi089.stdout:/usr/bin/ceph: stderr
2024-03-21T13:06:30.723+0000 7fe781ded700 1 -- 172.21.15.89:0/3618739840 --> [v2:172.21.15.89:3300/0,v1:172.21.15.89:6789/0] -- mon_subscribe({mgrmap=0+}) v3 -- 0x7fe77c19c760 con 0x7fe77c104790
2024-03-21T13:06:31.985 INFO:teuthology.orchestra.run.smithi089.stdout:/usr/bin/ceph: stderr
2024-03-21T13:06:30.723+0000 7fe778ff9700 1 -- 172.21.15.89:0/3618739840 <== mon.0 v2:172.21.15.89:3300/0 2 ==== config(24 keys) v1 ==== 1011+0+0 (secure 0 0 0) 0x7fe76c003ad0 con 0x7fe77c104790
2024-03-21T13:06:31.985 INFO:teuthology.orchestra.run.smithi089.stdout:/usr/bin/ceph: stderr
2024-03-21T13:06:30.723+0000 7fe778ff9700 1 -- 172.21.15.89:0/3618739840 <== mon.0 v2:172.21.15.89:3300/0 3 ==== mon_map magic: 0 v1 ==== 205+0+0 (secure 0 0 0) 0x7fe76c019720 con 0x7fe77c104790
2024-03-21T13:06:31.985 INFO:teuthology.orchestra.run.smithi089.stdout:/usr/bin/ceph: stderr
2024-03-21T13:06:30.724+0000 7fe781ded700 1 -- 172.21.15.89:0/3618739840 --> [v2:172.21.15.89:3300/0,v1:172.21.15.89:6789/0] -- mon_subscribe({osdmap=0}) v3 -- 0x7fe77c19f450 con 0x7fe77c104790
2024-03-21T13:06:31.985 INFO:teuthology.orchestra.run.smithi089.stdout:/usr/bin/ceph: stderr
2024-03-21T13:06:30.724+0000 7fe778ff9700 1 -- 172.21.15.89:0/3618739840 <== mon.0 v2:172.21.15.89:3300/0 4 ==== mgrmap(e 8) v1 ==== 46294+0+0 (secure 0 0 0) 0x7fe76c019a20 con 0x7fe77c104790
2024-03-21T13:06:31.985 INFO:teuthology.orchestra.run.smithi089.stdout:/usr/bin/ceph: stderr
2024-03-21T13:06:30.725+0000 7fe778ff9700 1 --2- 172.21.15.89:0/3618739840 >> [v2:172.21.15.89:6800/1022748022,v1:172.21.15.89:6801/1022748022] conn(0x7fe764039130 0x7fe76403b5f0 unknown :-1 s=NONE pgs=0 cs=0 l=1 rev1=0 crypto rx=0 tx=0 comp rx=0 tx=0).connect
2024-03-21T13:06:31.985 INFO:teuthology.orchestra.run.smithi089.stdout:/usr/bin/ceph: stderr
2024-03-21T13:06:30.725+0000 7fe778ff9700 1 -- 172.21.15.89:0/3618739840 <== mon.0 v2:172.21.15.89:3300/0 5 ==== osd_map(2..2 src has 1..2) v4 ==== 940+0+0 (secure 0 0 0) 0x7fe76c04d900 con 0x7fe77c104790
2024-03-21T13:06:31.985 INFO:teuthology.orchestra.run.smithi089.stdout:/usr/bin/ceph: stderr
2024-03-21T13:06:30.725+0000 7fe77affd700 1 --2- 172.21.15.89:0/3618739840 >> [v2:172.21.15.89:6800/1022748022,v1:172.21.15.89:6801/1022748022] conn(0x7fe764039130 0x7fe76403b5f0 unknown :-1 s=BANNER_CONNECTING pgs=0 cs=0 l=1 rev1=0 crypto rx=0 tx=0 comp rx=0 tx=0)._handle_peer_banner_payload supported=3 required=0
2024-03-21T13:06:31.985 INFO:teuthology.orchestra.run.smithi089.stdout:/usr/bin/ceph: stderr
2024-03-21T13:06:30.725+0000 7fe781ded700 1 -- 172.21.15.89:0/3618739840 --> [v2:172.21.15.89:3300/0,v1:172.21.15.89:6789/0] -- mon_command({"prefix": "get_command_descriptions"} v 0) v1 -- 0x7fe77c0637c0 con 0x7fe77c104790
2024-03-21T13:06:31.985 INFO:teuthology.orchestra.run.smithi089.stdout:/usr/bin/ceph: stderr
2024-03-21T13:06:30.725+0000 7fe77affd700 1 --2- 172.21.15.89:0/3618739840 >> [v2:172.21.15.89:6800/1022748022,v1:172.21.15.89:6801/1022748022] conn(0x7fe764039130 0x7fe76403b5f0 secure :-1 s=READY pgs=13 cs=0 l=1 rev1=1 crypto rx=0x7fe770006fd0 tx=0x7fe770006e40 comp rx=0 tx=0).ready entity=mgr.14120 client_cookie=0 server_cookie=0 in_seq=0 out_seq=0
2024-03-21T13:06:31.985 INFO:teuthology.orchestra.run.smithi089.stdout:/usr/bin/ceph: stderr
2024-03-21T13:06:30.730+0000 7fe778ff9700 1 -- 172.21.15.89:0/3618739840 <== mon.0 v2:172.21.15.89:3300/0 6 ==== mon_command_ack([{"prefix": "get_command_descriptions"}]=0 v0) v1 ==== 72+0+186149 (secure 0 0 0) 0x7fe76c020240 con 0x7fe77c104790
2024-03-21T13:06:31.985 INFO:teuthology.orchestra.run.smithi089.stdout:/usr/bin/ceph: stderr
2024-03-21T13:06:30.958+0000 7fe781ded700 1 -- 172.21.15.89:0/3618739840 --> [v2:172.21.15.89:6800/1022748022,v1:172.21.15.89:6801/1022748022] -- mgr_command(tid 0: {"prefix": "orch apply", "service_type": "mgr", "unmanaged": true, "target": ["mon-mgr", ""]}) v1 -- 0x7fe77c0625d0 con 0x7fe764039130
2024-03-21T13:06:31.985 INFO:teuthology.orchestra.run.smithi089.stdout:/usr/bin/ceph: stderr
2024-03-21T13:06:30.965+0000 7fe778ff9700 1 -- 172.21.15.89:0/3618739840 <== mgr.14120 v2:172.21.15.89:6800/1022748022 1 ==== mgr_command_reply(tid 0: 0 ) v1 ==== 8+0+24 (secure 0 0 0) 0x7fe77c0625d0 con 0x7fe764039130
2024-03-21T13:06:31.986 INFO:teuthology.orchestra.run.smithi089.stdout:/usr/bin/ceph: stderr
2024-03-21T13:06:30.968+0000 7fe781ded700 1 -- 172.21.15.89:0/3618739840 >> [v2:172.21.15.89:6800/1022748022,v1:172.21.15.89:6801/1022748022] conn(0x7fe764039130 msgr2=0x7fe76403b5f0 secure :-1 s=STATE_CONNECTION_ESTABLISHED l=1).mark_down
2024-03-21T13:06:31.986 INFO:teuthology.orchestra.run.smithi089.stdout:/usr/bin/ceph: stderr
2024-03-21T13:06:30.968+0000 7fe781ded700 1 --2- 172.21.15.89:0/3618739840 >> [v2:172.21.15.89:6800/1022748022,v1:172.21.15.89:6801/1022748022] conn(0x7fe764039130 0x7fe76403b5f0 secure :-1 s=READY pgs=13 cs=0 l=1 rev1=1 crypto rx=0x7fe770006fd0 tx=0x7fe770006e40 comp rx=0 tx=0).stop
2024-03-21T13:06:31.986 INFO:teuthology.orchestra.run.smithi089.stdout:/usr/bin/ceph: stderr
2024-03-21T13:06:30.968+0000 7fe781ded700 1 -- 172.21.15.89:0/3618739840 >> [v2:172.21.15.89:3300/0,v1:172.21.15.89:6789/0] conn(0x7fe77c104790 msgr2=0x7fe77c19bf90 secure :-1 s=STATE_CONNECTION_ESTABLISHED l=1).mark_down
2024-03-21T13:06:31.986 INFO:teuthology.orchestra.run.smithi089.stdout:/usr/bin/ceph: stderr
2024-03-21T13:06:30.968+0000 7fe781ded700 1 --2- 172.21.15.89:0/3618739840 >> [v2:172.21.15.89:3300/0,v1:172.21.15.89:6789/0] conn(0x7fe77c104790 0x7fe77c19bf90 secure :-1 s=READY pgs=50 cs=0 l=1 rev1=1 crypto rx=0x7fe76c009290 tx=0x7fe76c0119c0 comp rx=0 tx=0).stop
2024-03-21T13:06:31.986 INFO:teuthology.orchestra.run.smithi089.stdout:/usr/bin/ceph: stderr
2024-03-21T13:06:30.968+0000 7fe781ded700 1 -- 172.21.15.89:0/3618739840 shutdown_connections
2024-03-21T13:06:31.986 INFO:teuthology.orchestra.run.smithi089.stdout:/usr/bin/ceph: stderr
2024-03-21T13:06:30.968+0000 7fe781ded700 1 --2- 172.21.15.89:0/3618739840 >> [v2:172.21.15.89:6800/1022748022,v1:172.21.15.89:6801/1022748022] conn(0x7fe764039130 0x7fe76403b5f0 unknown :-1 s=CLOSED pgs=13 cs=0 l=1 rev1=1 crypto rx=0 tx=0 comp rx=0 tx=0).stop
2024-03-21T13:06:31.986 INFO:teuthology.orchestra.run.smithi089.stdout:/usr/bin/ceph: stderr
2024-03-21T13:06:30.968+0000 7fe781ded700 1 --2- 172.21.15.89:0/3618739840 >> [v2:172.21.15.89:3300/0,v1:172.21.15.89:6789/0] conn(0x7fe77c104790 0x7fe77c19bf90 unknown :-1 s=CLOSED pgs=50 cs=0 l=1 rev1=1 crypto rx=0 tx=0 comp rx=0 tx=0).stop
2024-03-21T13:06:31.986 INFO:teuthology.orchestra.run.smithi089.stdout:/usr/bin/ceph: stderr
2024-03-21T13:06:30.968+0000 7fe781ded700 1 -- 172.21.15.89:0/3618739840 >> 172.21.15.89:0/3618739840 conn(0x7fe77c100370 msgr2=0x7fe77c192bb0 unknown :-1 s=STATE_NONE l=0).mark_down
2024-03-21T13:06:31.986 INFO:teuthology.orchestra.run.smithi089.stdout:/usr/bin/ceph: stderr
2024-03-21T13:06:30.968+0000 7fe781ded700 1 -- 172.21.15.89:0/3618739840 shutdown_connections
2024-03-21T13:06:31.986 INFO:teuthology.orchestra.run.smithi089.stdout:/usr/bin/ceph: stderr
2024-03-21T13:06:30.968+0000 7fe781ded700 1 -- 172.21.15.89:0/3618739840 wait complete.
2024-03-21T13:06:32.220 INFO:journalctl@ceph.mon.a.smithi089.stdout:Mar 21 13:06:31 smithi089 ceph-mon[30095]: from='client.14144 -' entity='client.admin' cmd=[{"prefix": "orch apply", "service_type": "mgr", "unmanaged": true, "target": ["mon-mgr", ""]}]: dispatch
2024-03-21T13:06:32.220 INFO:journalctl@ceph.mon.a.smithi089.stdout:Mar 21 13:06:31 smithi089 ceph-mon[30095]: Saving service mgr spec with placement count:2
2024-03-21T13:06:32.220 INFO:journalctl@ceph.mon.a.smithi089.stdout:Mar 21 13:06:31 smithi089 ceph-mon[30095]: from='mgr.14120 172.21.15.89:0/650304032' entity='mgr.y'
2024-03-21T13:06:32.220 INFO:journalctl@ceph.mon.a.smithi089.stdout:Mar 21 13:06:31 smithi089 ceph-mon[30095]: from='mgr.14120 172.21.15.89:0/650304032' entity='mgr.y'
2024-03-21T13:06:33.263 INFO:teuthology.orchestra.run.smithi089.stdout:/usr/bin/ceph: stderr
2024-03-21T13:06:32.450+0000 7f8d5def5700 1 Processor -- start
2024-03-21T13:06:33.264 INFO:teuthology.orchestra.run.smithi089.stdout:/usr/bin/ceph: stderr
2024-03-21T13:06:32.450+0000 7f8d5def5700 1 -- start start
2024-03-21T13:06:33.264 INFO:teuthology.orchestra.run.smithi089.stdout:/usr/bin/ceph: stderr
2024-03-21T13:06:32.450+0000 7f8d5def5700 1 --2- >> [v2:172.21.15.89:3300/0,v1:172.21.15.89:6789/0] conn(0x7f8d581074b0 0x7f8d581078d0 unknown :-1 s=NONE pgs=0 cs=0 l=0 rev1=0 crypto rx=0 tx=0 comp rx=0 tx=0).connect
2024-03-21T13:06:33.264 INFO:teuthology.orchestra.run.smithi089.stdout:/usr/bin/ceph: stderr
2024-03-21T13:06:32.450+0000 7f8d5def5700 1 -- --> [v2:172.21.15.89:3300/0,v1:172.21.15.89:6789/0] -- mon_getmap magic: 0 v1 -- 0x7f8d58107ea0 con 0x7f8d581074b0
2024-03-21T13:06:33.264 INFO:teuthology.orchestra.run.smithi089.stdout:/usr/bin/ceph: stderr
2024-03-21T13:06:32.451+0000 7f8d577fe700 1 --2- >> [v2:172.21.15.89:3300/0,v1:172.21.15.89:6789/0] conn(0x7f8d581074b0 0x7f8d581078d0 unknown :-1 s=BANNER_CONNECTING pgs=0 cs=0 l=0 rev1=0 crypto rx=0 tx=0 comp rx=0 tx=0)._handle_peer_banner_payload supported=3 required=0
2024-03-21T13:06:33.264 INFO:teuthology.orchestra.run.smithi089.stdout:/usr/bin/ceph: stderr
2024-03-21T13:06:32.451+0000 7f8d577fe700 1 --2- >> [v2:172.21.15.89:3300/0,v1:172.21.15.89:6789/0] conn(0x7f8d581074b0 0x7f8d581078d0 unknown :-1 s=HELLO_CONNECTING pgs=0 cs=0 l=0 rev1=1 crypto rx=0 tx=0 comp rx=0 tx=0).handle_hello peer v2:172.21.15.89:3300/0 says I am v2:172.21.15.89:41660/0 (socket says 172.21.15.89:41660)
2024-03-21T13:06:33.264 INFO:teuthology.orchestra.run.smithi089.stdout:/usr/bin/ceph: stderr
2024-03-21T13:06:32.451+0000 7f8d577fe700 1 -- 172.21.15.89:0/1202890067 learned_addr learned my addr 172.21.15.89:0/1202890067 (peer_addr_for_me v2:172.21.15.89:0/0)
2024-03-21T13:06:33.264 INFO:teuthology.orchestra.run.smithi089.stdout:/usr/bin/ceph: stderr
2024-03-21T13:06:32.451+0000 7f8d577fe700 1 -- 172.21.15.89:0/1202890067 --> [v2:172.21.15.89:3300/0,v1:172.21.15.89:6789/0] -- mon_subscribe({config=0+,monmap=0+}) v3 -- 0x7f8d58108020 con 0x7f8d581074b0
2024-03-21T13:06:33.264 INFO:teuthology.orchestra.run.smithi089.stdout:/usr/bin/ceph: stderr
2024-03-21T13:06:32.451+0000 7f8d577fe700 1 --2- 172.21.15.89:0/1202890067 >> [v2:172.21.15.89:3300/0,v1:172.21.15.89:6789/0] conn(0x7f8d581074b0 0x7f8d581078d0 secure :-1 s=READY pgs=51 cs=0 l=1 rev1=1 crypto rx=0x7f8d4c0098a0 tx=0x7f8d4c009bb0 comp rx=0 tx=0).ready entity=mon.0 client_cookie=71e751224b63d88e server_cookie=0 in_seq=0 out_seq=0
2024-03-21T13:06:33.264 INFO:teuthology.orchestra.run.smithi089.stdout:/usr/bin/ceph: stderr
2024-03-21T13:06:32.451+0000 7f8d567fc700 1 -- 172.21.15.89:0/1202890067 <== mon.0 v2:172.21.15.89:3300/0 1 ==== mon_map magic: 0 v1 ==== 205+0+0 (secure 0 0 0) 0x7f8d4c004160 con 0x7f8d581074b0
2024-03-21T13:06:33.264 INFO:teuthology.orchestra.run.smithi089.stdout:/usr/bin/ceph: stderr
2024-03-21T13:06:32.451+0000 7f8d567fc700 1 -- 172.21.15.89:0/1202890067 <== mon.0 v2:172.21.15.89:3300/0 2 ==== config(24 keys) v1 ==== 1042+0+0 (secure 0 0 0) 0x7f8d4c004300 con 0x7f8d581074b0
2024-03-21T13:06:33.264 INFO:teuthology.orchestra.run.smithi089.stdout:/usr/bin/ceph: stderr
2024-03-21T13:06:32.451+0000 7f8d567fc700 1 -- 172.21.15.89:0/1202890067 <== mon.0 v2:172.21.15.89:3300/0 3 ==== mon_map magic: 0 v1 ==== 205+0+0 (secure 0 0 0) 0x7f8d4c0118f0 con 0x7f8d581074b0
2024-03-21T13:06:33.265 INFO:teuthology.orchestra.run.smithi089.stdout:/usr/bin/ceph: stderr
2024-03-21T13:06:32.452+0000 7f8d5def5700 1 -- 172.21.15.89:0/1202890067 >> [v2:172.21.15.89:3300/0,v1:172.21.15.89:6789/0] conn(0x7f8d581074b0 msgr2=0x7f8d581078d0 secure :-1 s=STATE_CONNECTION_ESTABLISHED l=1).mark_down
2024-03-21T13:06:33.265 INFO:teuthology.orchestra.run.smithi089.stdout:/usr/bin/ceph: stderr
2024-03-21T13:06:32.452+0000 7f8d5def5700 1 --2- 172.21.15.89:0/1202890067 >> [v2:172.21.15.89:3300/0,v1:172.21.15.89:6789/0] conn(0x7f8d581074b0 0x7f8d581078d0 secure :-1 s=READY pgs=51 cs=0 l=1 rev1=1 crypto rx=0x7f8d4c0098a0 tx=0x7f8d4c009bb0 comp rx=0 tx=0).stop
2024-03-21T13:06:33.265 INFO:teuthology.orchestra.run.smithi089.stdout:/usr/bin/ceph: stderr
2024-03-21T13:06:32.452+0000 7f8d5def5700 1 -- 172.21.15.89:0/1202890067 shutdown_connections
2024-03-21T13:06:33.265 INFO:teuthology.orchestra.run.smithi089.stdout:/usr/bin/ceph: stderr
2024-03-21T13:06:32.452+0000 7f8d5def5700 1 --2- 172.21.15.89:0/1202890067 >> [v2:172.21.15.89:3300/0,v1:172.21.15.89:6789/0] conn(0x7f8d581074b0 0x7f8d581078d0 unknown :-1 s=CLOSED pgs=51 cs=0 l=1 rev1=1 crypto rx=0 tx=0 comp rx=0 tx=0).stop
2024-03-21T13:06:33.265 INFO:teuthology.orchestra.run.smithi089.stdout:/usr/bin/ceph: stderr
2024-03-21T13:06:32.452+0000 7f8d5def5700 1 -- 172.21.15.89:0/1202890067 >> 172.21.15.89:0/1202890067 conn(0x7f8d580ffa90 msgr2=0x7f8d58101ef0 unknown :-1 s=STATE_NONE l=0).mark_down
2024-03-21T13:06:33.265 INFO:teuthology.orchestra.run.smithi089.stdout:/usr/bin/ceph: stderr
2024-03-21T13:06:32.452+0000 7f8d5def5700 1 -- 172.21.15.89:0/1202890067 shutdown_connections
2024-03-21T13:06:33.265 INFO:teuthology.orchestra.run.smithi089.stdout:/usr/bin/ceph: stderr
2024-03-21T13:06:32.452+0000 7f8d5def5700 1 -- 172.21.15.89:0/1202890067 wait complete.
2024-03-21T13:06:33.265 INFO:teuthology.orchestra.run.smithi089.stdout:/usr/bin/ceph: stderr
2024-03-21T13:06:32.453+0000 7f8d5def5700 1 Processor -- start
2024-03-21T13:06:33.265 INFO:teuthology.orchestra.run.smithi089.stdout:/usr/bin/ceph: stderr
2024-03-21T13:06:32.453+0000 7f8d5def5700 1 -- start start
2024-03-21T13:06:33.265 INFO:teuthology.orchestra.run.smithi089.stdout:/usr/bin/ceph: stderr
2024-03-21T13:06:32.453+0000 7f8d5def5700 1 --2- >> [v2:172.21.15.89:3300/0,v1:172.21.15.89:6789/0] conn(0x7f8d581074b0 0x7f8d58199ca0 unknown :-1 s=NONE pgs=0 cs=0 l=1 rev1=0 crypto rx=0 tx=0 comp rx=0 tx=0).connect
2024-03-21T13:06:33.265 INFO:teuthology.orchestra.run.smithi089.stdout:/usr/bin/ceph: stderr
2024-03-21T13:06:32.453+0000 7f8d5def5700 1 -- --> [v2:172.21.15.89:3300/0,v1:172.21.15.89:6789/0] -- mon_getmap magic: 0 v1 -- 0x7f8d58104cb0 con 0x7f8d581074b0
2024-03-21T13:06:33.265 INFO:teuthology.orchestra.run.smithi089.stdout:/usr/bin/ceph: stderr
2024-03-21T13:06:32.453+0000 7f8d577fe700 1 --2- >> [v2:172.21.15.89:3300/0,v1:172.21.15.89:6789/0] conn(0x7f8d581074b0 0x7f8d58199ca0 unknown :-1 s=BANNER_CONNECTING pgs=0 cs=0 l=1 rev1=0 crypto rx=0 tx=0 comp rx=0 tx=0)._handle_peer_banner_payload supported=3 required=0
2024-03-21T13:06:33.265 INFO:teuthology.orchestra.run.smithi089.stdout:/usr/bin/ceph: stderr
2024-03-21T13:06:32.453+0000 7f8d577fe700 1 --2- >> [v2:172.21.15.89:3300/0,v1:172.21.15.89:6789/0] conn(0x7f8d581074b0 0x7f8d58199ca0 unknown :-1 s=HELLO_CONNECTING pgs=0 cs=0 l=1 rev1=1 crypto rx=0 tx=0 comp rx=0 tx=0).handle_hello peer v2:172.21.15.89:3300/0 says I am v2:172.21.15.89:41668/0 (socket says 172.21.15.89:41668)
2024-03-21T13:06:33.265 INFO:teuthology.orchestra.run.smithi089.stdout:/usr/bin/ceph: stderr
2024-03-21T13:06:32.453+0000 7f8d577fe700 1 -- 172.21.15.89:0/181863703 learned_addr learned my addr 172.21.15.89:0/181863703 (peer_addr_for_me v2:172.21.15.89:0/0)
2024-03-21T13:06:33.266 INFO:teuthology.orchestra.run.smithi089.stdout:/usr/bin/ceph: stderr
2024-03-21T13:06:32.453+0000 7f8d577fe700 1 -- 172.21.15.89:0/181863703 --> [v2:172.21.15.89:3300/0,v1:172.21.15.89:6789/0] -- mon_subscribe({config=0+,monmap=0+}) v3 -- 0x7f8d5819a1e0 con 0x7f8d581074b0
2024-03-21T13:06:33.266 INFO:teuthology.orchestra.run.smithi089.stdout:/usr/bin/ceph: stderr
2024-03-21T13:06:32.453+0000 7f8d577fe700 1 --2- 172.21.15.89:0/181863703 >> [v2:172.21.15.89:3300/0,v1:172.21.15.89:6789/0] conn(0x7f8d581074b0 0x7f8d58199ca0 secure :-1 s=READY pgs=52 cs=0 l=1 rev1=1 crypto rx=0x7f8d4c003f60 tx=0x7f8d4c011ef0 comp rx=0 tx=0).ready entity=mon.0 client_cookie=0 server_cookie=0 in_seq=0 out_seq=0
2024-03-21T13:06:33.266 INFO:teuthology.orchestra.run.smithi089.stdout:/usr/bin/ceph: stderr
2024-03-21T13:06:32.454+0000 7f8d54ff9700 1 -- 172.21.15.89:0/181863703 <== mon.0 v2:172.21.15.89:3300/0 1 ==== mon_map magic: 0 v1 ==== 205+0+0 (secure 0 0 0) 0x7f8d4c0038b0 con 0x7f8d581074b0
2024-03-21T13:06:33.266 INFO:teuthology.orchestra.run.smithi089.stdout:/usr/bin/ceph: stderr
2024-03-21T13:06:32.454+0000 7f8d5def5700 1 -- 172.21.15.89:0/181863703 --> [v2:172.21.15.89:3300/0,v1:172.21.15.89:6789/0] -- mon_subscribe({mgrmap=0+}) v3 -- 0x7f8d5819a4d0 con 0x7f8d581074b0
2024-03-21T13:06:33.266 INFO:teuthology.orchestra.run.smithi089.stdout:/usr/bin/ceph: stderr
2024-03-21T13:06:32.454+0000 7f8d54ff9700 1 -- 172.21.15.89:0/181863703 <== mon.0 v2:172.21.15.89:3300/0 2 ==== config(24 keys) v1 ==== 1042+0+0 (secure 0 0 0) 0x7f8d4c003a50 con 0x7f8d581074b0
2024-03-21T13:06:33.266 INFO:teuthology.orchestra.run.smithi089.stdout:/usr/bin/ceph: stderr
2024-03-21T13:06:32.454+0000 7f8d5def5700 1 -- 172.21.15.89:0/181863703 --> [v2:172.21.15.89:3300/0,v1:172.21.15.89:6789/0] -- mon_subscribe({osdmap=0}) v3 -- 0x7f8d5819d160 con 0x7f8d581074b0
2024-03-21T13:06:33.266 INFO:teuthology.orchestra.run.smithi089.stdout:/usr/bin/ceph: stderr
2024-03-21T13:06:32.454+0000 7f8d54ff9700 1 -- 172.21.15.89:0/181863703 <== mon.0 v2:172.21.15.89:3300/0 3 ==== mon_map magic: 0 v1 ==== 205+0+0 (secure 0 0 0) 0x7f8d4c024410 con 0x7f8d581074b0
2024-03-21T13:06:33.266 INFO:teuthology.orchestra.run.smithi089.stdout:/usr/bin/ceph: stderr
2024-03-21T13:06:32.455+0000 7f8d5def5700 1 -- 172.21.15.89:0/181863703 --> [v2:172.21.15.89:3300/0,v1:172.21.15.89:6789/0] -- mon_command({"prefix": "get_command_descriptions"} v 0) v1 -- 0x7f8d580637c0 con 0x7f8d581074b0
2024-03-21T13:06:33.266 INFO:teuthology.orchestra.run.smithi089.stdout:/usr/bin/ceph: stderr
2024-03-21T13:06:32.455+0000 7f8d54ff9700 1 -- 172.21.15.89:0/181863703 <== mon.0 v2:172.21.15.89:3300/0 4 ==== mgrmap(e 8) v1 ==== 46294+0+0 (secure 0 0 0) 0x7f8d4c022020 con 0x7f8d581074b0
2024-03-21T13:06:33.266 INFO:teuthology.orchestra.run.smithi089.stdout:/usr/bin/ceph: stderr
2024-03-21T13:06:32.455+0000 7f8d54ff9700 1 --2- 172.21.15.89:0/181863703 >> [v2:172.21.15.89:6800/1022748022,v1:172.21.15.89:6801/1022748022] conn(0x7f8d40039180 0x7f8d4003b640 unknown :-1 s=NONE pgs=0 cs=0 l=1 rev1=0 crypto rx=0 tx=0 comp rx=0 tx=0).connect
2024-03-21T13:06:33.266 INFO:teuthology.orchestra.run.smithi089.stdout:/usr/bin/ceph: stderr
2024-03-21T13:06:32.455+0000 7f8d54ff9700 1 -- 172.21.15.89:0/181863703 <== mon.0 v2:172.21.15.89:3300/0 5 ==== osd_map(2..2 src has 1..2) v4 ==== 940+0+0 (secure 0 0 0) 0x7f8d4c04d0d0 con 0x7f8d581074b0
2024-03-21T13:06:33.266 INFO:teuthology.orchestra.run.smithi089.stdout:/usr/bin/ceph: stderr
2024-03-21T13:06:32.455+0000 7f8d56ffd700 1 --2- 172.21.15.89:0/181863703 >> [v2:172.21.15.89:6800/1022748022,v1:172.21.15.89:6801/1022748022] conn(0x7f8d40039180 0x7f8d4003b640 unknown :-1 s=BANNER_CONNECTING pgs=0 cs=0 l=1 rev1=0 crypto rx=0 tx=0 comp rx=0 tx=0)._handle_peer_banner_payload supported=3 required=0
2024-03-21T13:06:33.266 INFO:teuthology.orchestra.run.smithi089.stdout:/usr/bin/ceph: stderr
2024-03-21T13:06:32.455+0000 7f8d56ffd700 1 --2- 172.21.15.89:0/181863703 >> [v2:172.21.15.89:6800/1022748022,v1:172.21.15.89:6801/1022748022] conn(0x7f8d40039180 0x7f8d4003b640 secure :-1 s=READY pgs=14 cs=0 l=1 rev1=1 crypto rx=0x7f8d48006fd0 tx=0x7f8d48006e40 comp rx=0 tx=0).ready entity=mgr.14120 client_cookie=0 server_cookie=0 in_seq=0 out_seq=0
2024-03-21T13:06:33.267 INFO:teuthology.orchestra.run.smithi089.stdout:/usr/bin/ceph: stderr
2024-03-21T13:06:32.464+0000 7f8d54ff9700 1 -- 172.21.15.89:0/181863703 <== mon.0 v2:172.21.15.89:3300/0 6 ==== mon_command_ack([{"prefix": "get_command_descriptions"}]=0 v0) v1 ==== 72+0+186149 (secure 0 0 0) 0x7f8d4c00b3e0 con 0x7f8d581074b0
2024-03-21T13:06:33.267 INFO:teuthology.orchestra.run.smithi089.stdout:/usr/bin/ceph: stderr
2024-03-21T13:06:32.662+0000 7f8d5def5700 1 -- 172.21.15.89:0/181863703 --> [v2:172.21.15.89:3300/0,v1:172.21.15.89:6789/0] -- mon_command([{prefix=config set, name=mgr/cephadm/container_init}] v 0) v1 -- 0x7f8d5819d5f0 con 0x7f8d581074b0
2024-03-21T13:06:33.267 INFO:teuthology.orchestra.run.smithi089.stdout:/usr/bin/ceph: stderr
2024-03-21T13:06:32.665+0000 7f8d54ff9700 1 -- 172.21.15.89:0/181863703 <== mon.0 v2:172.21.15.89:3300/0 7 ==== mon_command_ack([{prefix=config set, name=mgr/cephadm/container_init}]=0 v7)=0 v7) v1 ==== 142+0+0 (secure 0 0 0) 0x7f8d4c019de0 con 0x7f8d581074b0
2024-03-21T13:06:33.267 INFO:teuthology.orchestra.run.smithi089.stdout:/usr/bin/ceph: stderr
2024-03-21T13:06:32.668+0000 7f8d5def5700 1 -- 172.21.15.89:0/181863703 >> [v2:172.21.15.89:6800/1022748022,v1:172.21.15.89:6801/1022748022] conn(0x7f8d40039180 msgr2=0x7f8d4003b640 secure :-1 s=STATE_CONNECTION_ESTABLISHED l=1).mark_down
2024-03-21T13:06:33.267 INFO:teuthology.orchestra.run.smithi089.stdout:/usr/bin/ceph: stderr
2024-03-21T13:06:32.668+0000 7f8d5def5700 1 --2- 172.21.15.89:0/181863703 >> [v2:172.21.15.89:6800/1022748022,v1:172.21.15.89:6801/1022748022] conn(0x7f8d40039180 0x7f8d4003b640 secure :-1 s=READY pgs=14 cs=0 l=1 rev1=1 crypto rx=0x7f8d48006fd0 tx=0x7f8d48006e40 comp rx=0 tx=0).stop
2024-03-21T13:06:33.267 INFO:teuthology.orchestra.run.smithi089.stdout:/usr/bin/ceph: stderr
2024-03-21T13:06:32.668+0000 7f8d5def5700 1 -- 172.21.15.89:0/181863703 >> [v2:172.21.15.89:3300/0,v1:172.21.15.89:6789/0] conn(0x7f8d581074b0 msgr2=0x7f8d58199ca0 secure :-1 s=STATE_CONNECTION_ESTABLISHED l=1).mark_down
2024-03-21T13:06:33.267 INFO:teuthology.orchestra.run.smithi089.stdout:/usr/bin/ceph: stderr
2024-03-21T13:06:32.668+0000 7f8d5def5700 1 --2- 172.21.15.89:0/181863703 >> [v2:172.21.15.89:3300/0,v1:172.21.15.89:6789/0] conn(0x7f8d581074b0 0x7f8d58199ca0 secure :-1 s=READY pgs=52 cs=0 l=1 rev1=1 crypto rx=0x7f8d4c003f60 tx=0x7f8d4c011ef0 comp rx=0 tx=0).stop
2024-03-21T13:06:33.267 INFO:teuthology.orchestra.run.smithi089.stdout:/usr/bin/ceph: stderr
2024-03-21T13:06:32.668+0000 7f8d5def5700 1 -- 172.21.15.89:0/181863703 shutdown_connections
2024-03-21T13:06:33.267 INFO:teuthology.orchestra.run.smithi089.stdout:/usr/bin/ceph: stderr
2024-03-21T13:06:32.668+0000 7f8d5def5700 1 --2- 172.21.15.89:0/181863703 >> [v2:172.21.15.89:6800/1022748022,v1:172.21.15.89:6801/1022748022] conn(0x7f8d40039180 0x7f8d4003b640 unknown :-1 s=CLOSED pgs=14 cs=0 l=1 rev1=1 crypto rx=0 tx=0 comp rx=0 tx=0).stop
2024-03-21T13:06:33.267 INFO:teuthology.orchestra.run.smithi089.stdout:/usr/bin/ceph: stderr
2024-03-21T13:06:32.668+0000 7f8d5def5700 1 --2- 172.21.15.89:0/181863703 >> [v2:172.21.15.89:3300/0,v1:172.21.15.89:6789/0] conn(0x7f8d581074b0 0x7f8d58199ca0 unknown :-1 s=CLOSED pgs=52 cs=0 l=1 rev1=1 crypto rx=0 tx=0 comp rx=0 tx=0).stop
2024-03-21T13:06:33.267 INFO:teuthology.orchestra.run.smithi089.stdout:/usr/bin/ceph: stderr
2024-03-21T13:06:32.668+0000 7f8d5def5700 1 -- 172.21.15.89:0/181863703 >> 172.21.15.89:0/181863703 conn(0x7f8d580ffa90 msgr2=0x7f8d581005a0 unknown :-1 s=STATE_NONE l=0).mark_down
2024-03-21T13:06:33.267 INFO:teuthology.orchestra.run.smithi089.stdout:/usr/bin/ceph: stderr
2024-03-21T13:06:32.668+0000 7f8d5def5700 1 -- 172.21.15.89:0/181863703 shutdown_connections
2024-03-21T13:06:33.267 INFO:teuthology.orchestra.run.smithi089.stdout:/usr/bin/ceph: stderr
2024-03-21T13:06:32.668+0000 7f8d5def5700 1 -- 172.21.15.89:0/181863703 wait complete.
2024-03-21T13:06:33.506 INFO:journalctl@ceph.mon.a.smithi089.stdout:Mar 21 13:06:33 smithi089 ceph-mon[30095]: from='mgr.14120 172.21.15.89:0/650304032' entity='mgr.y'
2024-03-21T13:06:33.507 INFO:journalctl@ceph.mon.a.smithi089.stdout:Mar 21 13:06:33 smithi089 ceph-mon[30095]: from='client.? 172.21.15.89:0/181863703' entity='client.admin'
2024-03-21T13:06:34.521 INFO:teuthology.orchestra.run.smithi089.stdout:/usr/bin/ceph: stderr
2024-03-21T13:06:33.726+0000 7f147201e700 1 Processor -- start
2024-03-21T13:06:34.522 INFO:teuthology.orchestra.run.smithi089.stdout:/usr/bin/ceph: stderr
2024-03-21T13:06:33.726+0000 7f147201e700 1 -- start start
2024-03-21T13:06:34.522 INFO:teuthology.orchestra.run.smithi089.stdout:/usr/bin/ceph: stderr
2024-03-21T13:06:33.727+0000 7f147201e700 1 --2- >> [v2:172.21.15.89:3300/0,v1:172.21.15.89:6789/0] conn(0x7f146c104d70 0x7f146c105190 unknown :-1 s=NONE pgs=0 cs=0 l=0 rev1=0 crypto rx=0 tx=0 comp rx=0 tx=0).connect
2024-03-21T13:06:34.522 INFO:teuthology.orchestra.run.smithi089.stdout:/usr/bin/ceph: stderr
2024-03-21T13:06:33.727+0000 7f147201e700 1 -- --> [v2:172.21.15.89:3300/0,v1:172.21.15.89:6789/0] -- mon_getmap magic: 0 v1 -- 0x7f146c105760 con 0x7f146c104d70
2024-03-21T13:06:34.522 INFO:teuthology.orchestra.run.smithi089.stdout:/usr/bin/ceph: stderr
2024-03-21T13:06:33.727+0000 7f146b7fe700 1 --2- >> [v2:172.21.15.89:3300/0,v1:172.21.15.89:6789/0] conn(0x7f146c104d70 0x7f146c105190 unknown :-1 s=BANNER_CONNECTING pgs=0 cs=0 l=0 rev1=0 crypto rx=0 tx=0 comp rx=0 tx=0)._handle_peer_banner_payload supported=3 required=0
2024-03-21T13:06:34.522 INFO:teuthology.orchestra.run.smithi089.stdout:/usr/bin/ceph: stderr
2024-03-21T13:06:33.727+0000 7f146b7fe700 1 --2- >> [v2:172.21.15.89:3300/0,v1:172.21.15.89:6789/0] conn(0x7f146c104d70 0x7f146c105190 unknown :-1 s=HELLO_CONNECTING pgs=0 cs=0 l=0 rev1=1 crypto rx=0 tx=0 comp rx=0 tx=0).handle_hello peer v2:172.21.15.89:3300/0 says I am v2:172.21.15.89:41670/0 (socket says 172.21.15.89:41670)
2024-03-21T13:06:34.522 INFO:teuthology.orchestra.run.smithi089.stdout:/usr/bin/ceph: stderr
2024-03-21T13:06:33.727+0000 7f146b7fe700 1 -- 172.21.15.89:0/3966548523 learned_addr learned my addr 172.21.15.89:0/3966548523 (peer_addr_for_me v2:172.21.15.89:0/0)
2024-03-21T13:06:34.523 INFO:teuthology.orchestra.run.smithi089.stdout:/usr/bin/ceph: stderr
2024-03-21T13:06:33.727+0000 7f146b7fe700 1 -- 172.21.15.89:0/3966548523 --> [v2:172.21.15.89:3300/0,v1:172.21.15.89:6789/0] -- mon_subscribe({config=0+,monmap=0+}) v3 -- 0x7f146c105f70 con 0x7f146c104d70
2024-03-21T13:06:34.523 INFO:teuthology.orchestra.run.smithi089.stdout:/usr/bin/ceph: stderr
2024-03-21T13:06:33.727+0000 7f146b7fe700 1 --2- 172.21.15.89:0/3966548523 >> [v2:172.21.15.89:3300/0,v1:172.21.15.89:6789/0] conn(0x7f146c104d70 0x7f146c105190 secure :-1 s=READY pgs=53 cs=0 l=1 rev1=1 crypto rx=0x7f145c0098a0 tx=0x7f145c009bb0 comp rx=0 tx=0).ready entity=mon.0 client_cookie=1132814950c24f0a server_cookie=0 in_seq=0 out_seq=0
2024-03-21T13:06:34.523 INFO:teuthology.orchestra.run.smithi089.stdout:/usr/bin/ceph: stderr
2024-03-21T13:06:33.727+0000 7f146a7fc700 1 -- 172.21.15.89:0/3966548523 <== mon.0 v2:172.21.15.89:3300/0 1 ==== mon_map magic: 0 v1 ==== 205+0+0 (secure 0 0 0) 0x7f145c004160 con 0x7f146c104d70
2024-03-21T13:06:34.523 INFO:teuthology.orchestra.run.smithi089.stdout:/usr/bin/ceph: stderr
2024-03-21T13:06:33.727+0000 7f146a7fc700 1 -- 172.21.15.89:0/3966548523 <== mon.0 v2:172.21.15.89:3300/0 2 ==== config(24 keys) v1 ==== 1042+0+0 (secure 0 0 0) 0x7f145c004300 con 0x7f146c104d70
2024-03-21T13:06:34.523 INFO:teuthology.orchestra.run.smithi089.stdout:/usr/bin/ceph: stderr
2024-03-21T13:06:33.727+0000 7f146a7fc700 1 -- 172.21.15.89:0/3966548523 <== mon.0 v2:172.21.15.89:3300/0 3 ==== mon_map magic: 0 v1 ==== 205+0+0 (secure 0 0 0) 0x7f145c0118f0 con 0x7f146c104d70
2024-03-21T13:06:34.523 INFO:teuthology.orchestra.run.smithi089.stdout:/usr/bin/ceph: stderr
2024-03-21T13:06:33.728+0000 7f147201e700 1 -- 172.21.15.89:0/3966548523 >> [v2:172.21.15.89:3300/0,v1:172.21.15.89:6789/0] conn(0x7f146c104d70 msgr2=0x7f146c105190 secure :-1 s=STATE_CONNECTION_ESTABLISHED l=1).mark_down
2024-03-21T13:06:34.523 INFO:teuthology.orchestra.run.smithi089.stdout:/usr/bin/ceph: stderr
2024-03-21T13:06:33.728+0000 7f147201e700 1 --2- 172.21.15.89:0/3966548523 >> [v2:172.21.15.89:3300/0,v1:172.21.15.89:6789/0] conn(0x7f146c104d70 0x7f146c105190 secure :-1 s=READY pgs=53 cs=0 l=1 rev1=1 crypto rx=0x7f145c0098a0 tx=0x7f145c009bb0 comp rx=0 tx=0).stop
2024-03-21T13:06:34.523 INFO:teuthology.orchestra.run.smithi089.stdout:/usr/bin/ceph: stderr
2024-03-21T13:06:33.728+0000 7f147201e700 1 -- 172.21.15.89:0/3966548523 shutdown_connections
2024-03-21T13:06:34.524 INFO:teuthology.orchestra.run.smithi089.stdout:/usr/bin/ceph: stderr
2024-03-21T13:06:33.728+0000 7f147201e700 1 --2- 172.21.15.89:0/3966548523 >> [v2:172.21.15.89:3300/0,v1:172.21.15.89:6789/0] conn(0x7f146c104d70 0x7f146c105190 unknown :-1 s=CLOSED pgs=53 cs=0 l=1 rev1=1 crypto rx=0 tx=0 comp rx=0 tx=0).stop
2024-03-21T13:06:34.524 INFO:teuthology.orchestra.run.smithi089.stdout:/usr/bin/ceph: stderr
2024-03-21T13:06:33.728+0000 7f147201e700 1 -- 172.21.15.89:0/3966548523 >> 172.21.15.89:0/3966548523 conn(0x7f146c100310 msgr2=0x7f146c102750 unknown :-1 s=STATE_NONE l=0).mark_down
2024-03-21T13:06:34.524 INFO:teuthology.orchestra.run.smithi089.stdout:/usr/bin/ceph: stderr
2024-03-21T13:06:33.728+0000 7f147201e700 1 -- 172.21.15.89:0/3966548523 shutdown_connections
2024-03-21T13:06:34.524 INFO:teuthology.orchestra.run.smithi089.stdout:/usr/bin/ceph: stderr
2024-03-21T13:06:33.728+0000 7f147201e700 1 -- 172.21.15.89:0/3966548523 wait complete.
2024-03-21T13:06:34.524 INFO:teuthology.orchestra.run.smithi089.stdout:/usr/bin/ceph: stderr
2024-03-21T13:06:33.729+0000 7f147201e700 1 Processor -- start
2024-03-21T13:06:34.524 INFO:teuthology.orchestra.run.smithi089.stdout:/usr/bin/ceph: stderr
2024-03-21T13:06:33.729+0000 7f147201e700 1 -- start start
2024-03-21T13:06:34.524 INFO:teuthology.orchestra.run.smithi089.stdout:/usr/bin/ceph: stderr
2024-03-21T13:06:33.729+0000 7f147201e700 1 --2- >> [v2:172.21.15.89:3300/0,v1:172.21.15.89:6789/0] conn(0x7f146c104d70 0x7f146c18fe30 unknown :-1 s=NONE pgs=0 cs=0 l=1 rev1=0 crypto rx=0 tx=0 comp rx=0 tx=0).connect
2024-03-21T13:06:34.525 INFO:teuthology.orchestra.run.smithi089.stdout:/usr/bin/ceph: stderr
2024-03-21T13:06:33.729+0000 7f147201e700 1 -- --> [v2:172.21.15.89:3300/0,v1:172.21.15.89:6789/0] -- mon_getmap magic: 0 v1 -- 0x7f146c1091a0 con 0x7f146c104d70
2024-03-21T13:06:34.525 INFO:teuthology.orchestra.run.smithi089.stdout:/usr/bin/ceph: stderr
2024-03-21T13:06:33.729+0000 7f146b7fe700 1 --2- >> [v2:172.21.15.89:3300/0,v1:172.21.15.89:6789/0] conn(0x7f146c104d70 0x7f146c18fe30 unknown :-1 s=BANNER_CONNECTING pgs=0 cs=0 l=1 rev1=0 crypto rx=0 tx=0 comp rx=0 tx=0)._handle_peer_banner_payload supported=3 required=0
2024-03-21T13:06:34.525 INFO:teuthology.orchestra.run.smithi089.stdout:/usr/bin/ceph: stderr
2024-03-21T13:06:33.729+0000 7f146b7fe700 1 --2- >> [v2:172.21.15.89:3300/0,v1:172.21.15.89:6789/0] conn(0x7f146c104d70 0x7f146c18fe30 unknown :-1 s=HELLO_CONNECTING pgs=0 cs=0 l=1 rev1=1 crypto rx=0 tx=0 comp rx=0 tx=0).handle_hello peer v2:172.21.15.89:3300/0 says I am v2:172.21.15.89:41682/0 (socket says 172.21.15.89:41682)
2024-03-21T13:06:34.525 INFO:teuthology.orchestra.run.smithi089.stdout:/usr/bin/ceph: stderr
2024-03-21T13:06:33.729+0000 7f146b7fe700 1 -- 172.21.15.89:0/3128523330 learned_addr learned my addr 172.21.15.89:0/3128523330 (peer_addr_for_me v2:172.21.15.89:0/0)
2024-03-21T13:06:34.525 INFO:teuthology.orchestra.run.smithi089.stdout:/usr/bin/ceph: stderr
2024-03-21T13:06:33.730+0000 7f146b7fe700 1 -- 172.21.15.89:0/3128523330 --> [v2:172.21.15.89:3300/0,v1:172.21.15.89:6789/0] -- mon_subscribe({config=0+,monmap=0+}) v3 -- 0x7f146c190370 con 0x7f146c104d70
2024-03-21T13:06:34.525 INFO:teuthology.orchestra.run.smithi089.stdout:/usr/bin/ceph: stderr
2024-03-21T13:06:33.730+0000 7f146b7fe700 1 --2- 172.21.15.89:0/3128523330 >> [v2:172.21.15.89:3300/0,v1:172.21.15.89:6789/0] conn(0x7f146c104d70 0x7f146c18fe30 secure :-1 s=READY pgs=54 cs=0 l=1 rev1=1 crypto rx=0x7f145c003f60 tx=0x7f145c011ef0 comp rx=0 tx=0).ready entity=mon.0 client_cookie=0 server_cookie=0 in_seq=0 out_seq=0
2024-03-21T13:06:34.526 INFO:teuthology.orchestra.run.smithi089.stdout:/usr/bin/ceph: stderr
2024-03-21T13:06:33.730+0000 7f1468ff9700 1 -- 172.21.15.89:0/3128523330 <== mon.0 v2:172.21.15.89:3300/0 1 ==== mon_map magic: 0 v1 ==== 205+0+0 (secure 0 0 0) 0x7f145c0038b0 con 0x7f146c104d70
2024-03-21T13:06:34.526 INFO:teuthology.orchestra.run.smithi089.stdout:/usr/bin/ceph: stderr
2024-03-21T13:06:33.730+0000 7f1468ff9700 1 -- 172.21.15.89:0/3128523330 <== mon.0 v2:172.21.15.89:3300/0 2 ==== config(24 keys) v1 ==== 1042+0+0 (secure 0 0 0) 0x7f145c003a50 con 0x7f146c104d70
2024-03-21T13:06:34.526 INFO:teuthology.orchestra.run.smithi089.stdout:/usr/bin/ceph: stderr
2024-03-21T13:06:33.730+0000 7f147201e700 1 -- 172.21.15.89:0/3128523330 --> [v2:172.21.15.89:3300/0,v1:172.21.15.89:6789/0] -- mon_subscribe({mgrmap=0+}) v3 -- 0x7f146c18e560 con 0x7f146c104d70
2024-03-21T13:06:34.526 INFO:teuthology.orchestra.run.smithi089.stdout:/usr/bin/ceph: stderr
2024-03-21T13:06:33.730+0000 7f1468ff9700 1 -- 172.21.15.89:0/3128523330 <== mon.0 v2:172.21.15.89:3300/0 3 ==== mon_map magic: 0 v1 ==== 205+0+0 (secure 0 0 0) 0x7f145c024410 con 0x7f146c104d70
2024-03-21T13:06:34.526 INFO:teuthology.orchestra.run.smithi089.stdout:/usr/bin/ceph: stderr
2024-03-21T13:06:33.730+0000 7f147201e700 1 -- 172.21.15.89:0/3128523330 --> [v2:172.21.15.89:3300/0,v1:172.21.15.89:6789/0] -- mon_subscribe({osdmap=0}) v3 -- 0x7f146c18eaa0 con 0x7f146c104d70
2024-03-21T13:06:34.526 INFO:teuthology.orchestra.run.smithi089.stdout:/usr/bin/ceph: stderr
2024-03-21T13:06:33.731+0000 7f1468ff9700 1 -- 172.21.15.89:0/3128523330 <== mon.0 v2:172.21.15.89:3300/0 4 ==== mgrmap(e 8) v1 ==== 46294+0+0 (secure 0 0 0) 0x7f145c022020 con 0x7f146c104d70
2024-03-21T13:06:34.526 INFO:teuthology.orchestra.run.smithi089.stdout:/usr/bin/ceph: stderr
2024-03-21T13:06:33.731+0000 7f147201e700 1 -- 172.21.15.89:0/3128523330 --> [v2:172.21.15.89:3300/0,v1:172.21.15.89:6789/0] -- mon_command({"prefix": "get_command_descriptions"} v 0) v1 -- 0x7f146c109320 con 0x7f146c104d70
2024-03-21T13:06:34.526 INFO:teuthology.orchestra.run.smithi089.stdout:/usr/bin/ceph: stderr
2024-03-21T13:06:33.731+0000 7f1468ff9700 1 --2- 172.21.15.89:0/3128523330 >> [v2:172.21.15.89:6800/1022748022,v1:172.21.15.89:6801/1022748022] conn(0x7f1454039230 0x7f145403b6f0 unknown :-1 s=NONE pgs=0 cs=0 l=1 rev1=0 crypto rx=0 tx=0 comp rx=0 tx=0).connect
2024-03-21T13:06:34.527 INFO:teuthology.orchestra.run.smithi089.stdout:/usr/bin/ceph: stderr
2024-03-21T13:06:33.731+0000 7f1468ff9700 1 -- 172.21.15.89:0/3128523330 <== mon.0 v2:172.21.15.89:3300/0 5 ==== osd_map(2..2 src has 1..2) v4 ==== 940+0+0 (secure 0 0 0) 0x7f145c04dec0 con 0x7f146c104d70
2024-03-21T13:06:34.527 INFO:teuthology.orchestra.run.smithi089.stdout:/usr/bin/ceph: stderr
2024-03-21T13:06:33.732+0000 7f146affd700 1 --2- 172.21.15.89:0/3128523330 >> [v2:172.21.15.89:6800/1022748022,v1:172.21.15.89:6801/1022748022] conn(0x7f1454039230 0x7f145403b6f0 unknown :-1 s=BANNER_CONNECTING pgs=0 cs=0 l=1 rev1=0 crypto rx=0 tx=0 comp rx=0 tx=0)._handle_peer_banner_payload supported=3 required=0
2024-03-21T13:06:34.527 INFO:teuthology.orchestra.run.smithi089.stdout:/usr/bin/ceph: stderr
2024-03-21T13:06:33.732+0000 7f146affd700 1 --2- 172.21.15.89:0/3128523330 >> [v2:172.21.15.89:6800/1022748022,v1:172.21.15.89:6801/1022748022] conn(0x7f1454039230 0x7f145403b6f0 secure :-1 s=READY pgs=15 cs=0 l=1 rev1=1 crypto rx=0x7f1460006fd0 tx=0x7f1460006e40 comp rx=0 tx=0).ready entity=mgr.14120 client_cookie=0 server_cookie=0 in_seq=0 out_seq=0
2024-03-21T13:06:34.527 INFO:teuthology.orchestra.run.smithi089.stdout:/usr/bin/ceph: stderr
2024-03-21T13:06:33.736+0000 7f1468ff9700 1 -- 172.21.15.89:0/3128523330 <== mon.0 v2:172.21.15.89:3300/0 6 ==== mon_command_ack([{"prefix": "get_command_descriptions"}]=0 v0) v1 ==== 72+0+186149 (secure 0 0 0) 0x7f145c0172b0 con 0x7f146c104d70
2024-03-21T13:06:34.527 INFO:teuthology.orchestra.run.smithi089.stdout:/usr/bin/ceph: stderr
2024-03-21T13:06:33.942+0000 7f147201e700 1 -- 172.21.15.89:0/3128523330 --> [v2:172.21.15.89:3300/0,v1:172.21.15.89:6789/0] -- mon_command([{prefix=config set, name=mgr/dashboard/ssl_server_port}] v 0) v1 -- 0x7f146c193990 con 0x7f146c104d70
2024-03-21T13:06:34.527 INFO:teuthology.orchestra.run.smithi089.stdout:/usr/bin/ceph: stderr
2024-03-21T13:06:33.945+0000 7f1468ff9700 1 -- 172.21.15.89:0/3128523330 <== mon.0 v2:172.21.15.89:3300/0 7 ==== mon_command_ack([{prefix=config set, name=mgr/dashboard/ssl_server_port}]=0 v8)=0 v8) v1 ==== 130+0+0 (secure 0 0 0) 0x7f145c00b5a0 con 0x7f146c104d70
2024-03-21T13:06:34.527 INFO:teuthology.orchestra.run.smithi089.stdout:/usr/bin/ceph: stderr
2024-03-21T13:06:33.947+0000 7f147201e700 1 -- 172.21.15.89:0/3128523330 >> [v2:172.21.15.89:6800/1022748022,v1:172.21.15.89:6801/1022748022] conn(0x7f1454039230 msgr2=0x7f145403b6f0 secure :-1 s=STATE_CONNECTION_ESTABLISHED l=1).mark_down
2024-03-21T13:06:34.528 INFO:teuthology.orchestra.run.smithi089.stdout:/usr/bin/ceph: stderr
2024-03-21T13:06:33.947+0000 7f147201e700 1 --2- 172.21.15.89:0/3128523330 >> [v2:172.21.15.89:6800/1022748022,v1:172.21.15.89:6801/1022748022] conn(0x7f1454039230 0x7f145403b6f0 secure :-1 s=READY pgs=15 cs=0 l=1 rev1=1 crypto rx=0x7f1460006fd0 tx=0x7f1460006e40 comp rx=0 tx=0).stop
2024-03-21T13:06:34.528 INFO:teuthology.orchestra.run.smithi089.stdout:/usr/bin/ceph: stderr
2024-03-21T13:06:33.947+0000 7f147201e700 1 -- 172.21.15.89:0/3128523330 >> [v2:172.21.15.89:3300/0,v1:172.21.15.89:6789/0] conn(0x7f146c104d70 msgr2=0x7f146c18fe30 secure :-1 s=STATE_CONNECTION_ESTABLISHED l=1).mark_down
2024-03-21T13:06:34.528 INFO:teuthology.orchestra.run.smithi089.stdout:/usr/bin/ceph: stderr
2024-03-21T13:06:33.947+0000 7f147201e700 1 --2- 172.21.15.89:0/3128523330 >> [v2:172.21.15.89:3300/0,v1:172.21.15.89:6789/0] conn(0x7f146c104d70 0x7f146c18fe30 secure :-1 s=READY pgs=54 cs=0 l=1 rev1=1 crypto rx=0x7f145c003f60 tx=0x7f145c011ef0 comp rx=0 tx=0).stop
2024-03-21T13:06:34.528 INFO:teuthology.orchestra.run.smithi089.stdout:/usr/bin/ceph: stderr
2024-03-21T13:06:33.947+0000 7f147201e700 1 -- 172.21.15.89:0/3128523330 shutdown_connections
2024-03-21T13:06:34.528 INFO:teuthology.orchestra.run.smithi089.stdout:/usr/bin/ceph: stderr
2024-03-21T13:06:33.947+0000 7f147201e700 1 --2- 172.21.15.89:0/3128523330 >> [v2:172.21.15.89:6800/1022748022,v1:172.21.15.89:6801/1022748022] conn(0x7f1454039230 0x7f145403b6f0 unknown :-1 s=CLOSED pgs=15 cs=0 l=1 rev1=1 crypto rx=0 tx=0 comp rx=0 tx=0).stop
2024-03-21T13:06:34.528 INFO:teuthology.orchestra.run.smithi089.stdout:/usr/bin/ceph: stderr
2024-03-21T13:06:33.947+0000 7f147201e700 1 --2- 172.21.15.89:0/3128523330 >> [v2:172.21.15.89:3300/0,v1:172.21.15.89:6789/0] conn(0x7f146c104d70 0x7f146c18fe30 unknown :-1 s=CLOSED pgs=54 cs=0 l=1 rev1=1 crypto rx=0 tx=0 comp rx=0 tx=0).stop
2024-03-21T13:06:34.528 INFO:teuthology.orchestra.run.smithi089.stdout:/usr/bin/ceph: stderr
2024-03-21T13:06:33.947+0000 7f147201e700 1 -- 172.21.15.89:0/3128523330 >> 172.21.15.89:0/3128523330 conn(0x7f146c100310 msgr2=0x7f146c1011c0 unknown :-1 s=STATE_NONE l=0).mark_down
2024-03-21T13:06:34.529 INFO:teuthology.orchestra.run.smithi089.stdout:/usr/bin/ceph: stderr
2024-03-21T13:06:33.947+0000 7f147201e700 1 -- 172.21.15.89:0/3128523330 shutdown_connections
2024-03-21T13:06:34.529 INFO:teuthology.orchestra.run.smithi089.stdout:/usr/bin/ceph: stderr
2024-03-21T13:06:33.947+0000 7f147201e700 1 -- 172.21.15.89:0/3128523330 wait complete.
2024-03-21T13:06:34.529 INFO:teuthology.orchestra.run.smithi089.stdout:Enabling the dashboard module...
2024-03-21T13:06:35.176 INFO:journalctl@ceph.mon.a.smithi089.stdout:Mar 21 13:06:34 smithi089 ceph-mon[30095]: from='client.? 172.21.15.89:0/3128523330' entity='client.admin'
2024-03-21T13:06:36.255 INFO:journalctl@ceph.mon.a.smithi089.stdout:Mar 21 13:06:35 smithi089 ceph-mon[30095]: from='client.? 172.21.15.89:0/330240921' entity='client.admin' cmd=[{"prefix": "mgr module enable", "module": "dashboard"}]: dispatch
2024-03-21T13:06:36.255 INFO:journalctl@ceph.mon.a.smithi089.stdout:Mar 21 13:06:35 smithi089 ceph-mon[30095]: from='mgr.14120 172.21.15.89:0/650304032' entity='mgr.y'
2024-03-21T13:06:36.256 INFO:journalctl@ceph.mgr.y.smithi089.stdout:Mar 21 13:06:36 smithi089 ceph-9c355834-e783-11ee-95cd-87774f69a715-mgr-y[30351]: ignoring --setuser ceph since I am not root
2024-03-21T13:06:36.256 INFO:journalctl@ceph.mgr.y.smithi089.stdout:Mar 21 13:06:36 smithi089 ceph-9c355834-e783-11ee-95cd-87774f69a715-mgr-y[30351]: ignoring --setgroup ceph since I am not root
2024-03-21T13:06:36.549 INFO:teuthology.orchestra.run.smithi089.stdout:/usr/bin/ceph: stderr
2024-03-21T13:06:35.084+0000 7f432acc5700 1 Processor -- start
2024-03-21T13:06:36.549 INFO:teuthology.orchestra.run.smithi089.stdout:/usr/bin/ceph: stderr
2024-03-21T13:06:35.084+0000 7f432acc5700 1 -- start start
2024-03-21T13:06:36.549 INFO:teuthology.orchestra.run.smithi089.stdout:/usr/bin/ceph: stderr
2024-03-21T13:06:35.084+0000 7f432acc5700 1 --2- >> [v2:172.21.15.89:3300/0,v1:172.21.15.89:6789/0] conn(0x7f4324104d70 0x7f4324105190 unknown :-1 s=NONE pgs=0 cs=0 l=0 rev1=0 crypto rx=0 tx=0 comp rx=0 tx=0).connect
2024-03-21T13:06:36.549 INFO:teuthology.orchestra.run.smithi089.stdout:/usr/bin/ceph: stderr
2024-03-21T13:06:35.084+0000 7f432acc5700 1 -- --> [v2:172.21.15.89:3300/0,v1:172.21.15.89:6789/0] -- mon_getmap magic: 0 v1 -- 0x7f4324105760 con 0x7f4324104d70
2024-03-21T13:06:36.550 INFO:teuthology.orchestra.run.smithi089.stdout:/usr/bin/ceph: stderr
2024-03-21T13:06:35.085+0000 7f4328a61700 1 --2- >> [v2:172.21.15.89:3300/0,v1:172.21.15.89:6789/0] conn(0x7f4324104d70 0x7f4324105190 unknown :-1 s=BANNER_CONNECTING pgs=0 cs=0 l=0 rev1=0 crypto rx=0 tx=0 comp rx=0 tx=0)._handle_peer_banner_payload supported=3 required=0
2024-03-21T13:06:36.550 INFO:teuthology.orchestra.run.smithi089.stdout:/usr/bin/ceph: stderr
2024-03-21T13:06:35.085+0000 7f4328a61700 1 --2- >> [v2:172.21.15.89:3300/0,v1:172.21.15.89:6789/0] conn(0x7f4324104d70 0x7f4324105190 unknown :-1 s=HELLO_CONNECTING pgs=0 cs=0 l=0 rev1=1 crypto rx=0 tx=0 comp rx=0 tx=0).handle_hello peer v2:172.21.15.89:3300/0 says I am v2:172.21.15.89:41696/0 (socket says 172.21.15.89:41696)
2024-03-21T13:06:36.550 INFO:teuthology.orchestra.run.smithi089.stdout:/usr/bin/ceph: stderr
2024-03-21T13:06:35.085+0000 7f4328a61700 1 -- 172.21.15.89:0/1940130979 learned_addr learned my addr 172.21.15.89:0/1940130979 (peer_addr_for_me v2:172.21.15.89:0/0)
2024-03-21T13:06:36.550 INFO:teuthology.orchestra.run.smithi089.stdout:/usr/bin/ceph: stderr
2024-03-21T13:06:35.085+0000 7f4328a61700 1 -- 172.21.15.89:0/1940130979 --> [v2:172.21.15.89:3300/0,v1:172.21.15.89:6789/0] -- mon_subscribe({config=0+,monmap=0+}) v3 -- 0x7f4324105f70 con 0x7f4324104d70
2024-03-21T13:06:36.550 INFO:teuthology.orchestra.run.smithi089.stdout:/usr/bin/ceph: stderr
2024-03-21T13:06:35.085+0000 7f4328a61700 1 --2- 172.21.15.89:0/1940130979 >> [v2:172.21.15.89:3300/0,v1:172.21.15.89:6789/0] conn(0x7f4324104d70 0x7f4324105190 secure :-1 s=READY pgs=55 cs=0 l=1 rev1=1 crypto rx=0x7f43180098a0 tx=0x7f4318009bb0 comp rx=0 tx=0).ready entity=mon.0 client_cookie=3ef0d2cd6d7cdbc3 server_cookie=0 in_seq=0 out_seq=0
2024-03-21T13:06:36.550 INFO:teuthology.orchestra.run.smithi089.stdout:/usr/bin/ceph: stderr
2024-03-21T13:06:35.085+0000 7f43237fe700 1 -- 172.21.15.89:0/1940130979 <== mon.0 v2:172.21.15.89:3300/0 1 ==== mon_map magic: 0 v1 ==== 205+0+0 (secure 0 0 0) 0x7f4318004160 con 0x7f4324104d70
2024-03-21T13:06:36.550 INFO:teuthology.orchestra.run.smithi089.stdout:/usr/bin/ceph: stderr
2024-03-21T13:06:35.085+0000 7f43237fe700 1 -- 172.21.15.89:0/1940130979 <== mon.0 v2:172.21.15.89:3300/0 2 ==== config(24 keys) v1 ==== 1042+0+0 (secure 0 0 0) 0x7f4318004300 con 0x7f4324104d70
2024-03-21T13:06:36.550 INFO:teuthology.orchestra.run.smithi089.stdout:/usr/bin/ceph: stderr
2024-03-21T13:06:35.085+0000 7f43237fe700 1 -- 172.21.15.89:0/1940130979 <== mon.0 v2:172.21.15.89:3300/0 3 ==== mon_map magic: 0 v1 ==== 205+0+0 (secure 0 0 0) 0x7f43180118f0 con 0x7f4324104d70
2024-03-21T13:06:36.550 INFO:teuthology.orchestra.run.smithi089.stdout:/usr/bin/ceph: stderr
2024-03-21T13:06:35.086+0000 7f432acc5700 1 -- 172.21.15.89:0/1940130979 >> [v2:172.21.15.89:3300/0,v1:172.21.15.89:6789/0] conn(0x7f4324104d70 msgr2=0x7f4324105190 secure :-1 s=STATE_CONNECTION_ESTABLISHED l=1).mark_down
2024-03-21T13:06:36.550 INFO:teuthology.orchestra.run.smithi089.stdout:/usr/bin/ceph: stderr
2024-03-21T13:06:35.086+0000 7f432acc5700 1 --2- 172.21.15.89:0/1940130979 >> [v2:172.21.15.89:3300/0,v1:172.21.15.89:6789/0] conn(0x7f4324104d70 0x7f4324105190 secure :-1 s=READY pgs=55 cs=0 l=1 rev1=1 crypto rx=0x7f43180098a0 tx=0x7f4318009bb0 comp rx=0 tx=0).stop
2024-03-21T13:06:36.550 INFO:teuthology.orchestra.run.smithi089.stdout:/usr/bin/ceph: stderr
2024-03-21T13:06:35.086+0000 7f432acc5700 1 -- 172.21.15.89:0/1940130979 shutdown_connections
2024-03-21T13:06:36.550 INFO:teuthology.orchestra.run.smithi089.stdout:/usr/bin/ceph: stderr
2024-03-21T13:06:35.086+0000 7f432acc5700 1 --2- 172.21.15.89:0/1940130979 >> [v2:172.21.15.89:3300/0,v1:172.21.15.89:6789/0] conn(0x7f4324104d70 0x7f4324105190 unknown :-1 s=CLOSED pgs=55 cs=0 l=1 rev1=1 crypto rx=0 tx=0 comp rx=0 tx=0).stop
2024-03-21T13:06:36.551 INFO:teuthology.orchestra.run.smithi089.stdout:/usr/bin/ceph: stderr
2024-03-21T13:06:35.086+0000 7f432acc5700 1 -- 172.21.15.89:0/1940130979 >> 172.21.15.89:0/1940130979 conn(0x7f4324100310 msgr2=0x7f4324102750 unknown :-1 s=STATE_NONE l=0).mark_down
2024-03-21T13:06:36.551 INFO:teuthology.orchestra.run.smithi089.stdout:/usr/bin/ceph: stderr
2024-03-21T13:06:35.086+0000 7f432acc5700 1 -- 172.21.15.89:0/1940130979 shutdown_connections
2024-03-21T13:06:36.551 INFO:teuthology.orchestra.run.smithi089.stdout:/usr/bin/ceph: stderr
2024-03-21T13:06:35.086+0000 7f432acc5700 1 -- 172.21.15.89:0/1940130979 wait complete.
2024-03-21T13:06:36.551 INFO:teuthology.orchestra.run.smithi089.stdout:/usr/bin/ceph: stderr
2024-03-21T13:06:35.086+0000 7f432acc5700 1 Processor -- start
2024-03-21T13:06:36.551 INFO:teuthology.orchestra.run.smithi089.stdout:/usr/bin/ceph: stderr
2024-03-21T13:06:35.086+0000 7f432acc5700 1 -- start start
2024-03-21T13:06:36.551 INFO:teuthology.orchestra.run.smithi089.stdout:/usr/bin/ceph: stderr
