2024-03-21T13:09:41.167 INFO:teuthology.orchestra.run.smithi084.stdout:/usr/bin/ceph: stderr
2024-03-21T13:09:40.556+0000 7fb3d37fe700 1 -- 172.21.15.84:0/3992856048 <== mon.0 v2:172.21.15.84:3300/0 8 ==== mon_command_ack([{"prefix": "mgr module enable", "module": "dashboard"}]=0 v9) v1 ==== 88+0+0 (secure 0 0 0) 0x7fb3d4011750 con 0x7fb3dc105340
2024-03-21T13:09:41.167 INFO:teuthology.orchestra.run.smithi084.stdout:/usr/bin/ceph: stderr
2024-03-21T13:09:40.558+0000 7fb3e0e74700 1 -- 172.21.15.84:0/3992856048 >> [v2:172.21.15.84:6800/2373448899,v1:172.21.15.84:6801/2373448899] conn(0x7fb3c80382e0 msgr2=0x7fb3c803a7a0 secure :-1 s=STATE_CONNECTION_ESTABLISHED l=1).mark_down
2024-03-21T13:09:41.167 INFO:teuthology.orchestra.run.smithi084.stdout:/usr/bin/ceph: stderr
2024-03-21T13:09:40.558+0000 7fb3e0e74700 1 --2- 172.21.15.84:0/3992856048 >> [v2:172.21.15.84:6800/2373448899,v1:172.21.15.84:6801/2373448899] conn(0x7fb3c80382e0 0x7fb3c803a7a0 secure :-1 s=READY pgs=22 cs=0 l=1 rev1=1 crypto rx=0x7fb3c4006fd0 tx=0x7fb3c4006e40 comp rx=0 tx=0).stop
2024-03-21T13:09:41.167 INFO:teuthology.orchestra.run.smithi084.stdout:/usr/bin/ceph: stderr
2024-03-21T13:09:40.558+0000 7fb3e0e74700 1 -- 172.21.15.84:0/3992856048 >> [v2:172.21.15.84:3300/0,v1:172.21.15.84:6789/0] conn(0x7fb3dc105340 msgr2=0x7fb3dc19a100 secure :-1 s=STATE_CONNECTION_ESTABLISHED l=1).mark_down
2024-03-21T13:09:41.167 INFO:teuthology.orchestra.run.smithi084.stdout:/usr/bin/ceph: stderr
2024-03-21T13:09:40.558+0000 7fb3e0e74700 1 --2- 172.21.15.84:0/3992856048 >> [v2:172.21.15.84:3300/0,v1:172.21.15.84:6789/0] conn(0x7fb3dc105340 0x7fb3dc19a100 secure :-1 s=READY pgs=66 cs=0 l=1 rev1=1 crypto rx=0x7fb3d4009e50 tx=0x7fb3d40049f0 comp rx=0 tx=0).stop
2024-03-21T13:09:41.167 INFO:teuthology.orchestra.run.smithi084.stdout:/usr/bin/ceph: stderr
2024-03-21T13:09:40.558+0000 7fb3e0e74700 1 -- 172.21.15.84:0/3992856048 shutdown_connections
2024-03-21T13:09:41.168 INFO:teuthology.orchestra.run.smithi084.stdout:/usr/bin/ceph: stderr
2024-03-21T13:09:40.558+0000 7fb3e0e74700 1 --2- 172.21.15.84:0/3992856048 >> [v2:172.21.15.84:6800/2373448899,v1:172.21.15.84:6801/2373448899] conn(0x7fb3c80382e0 0x7fb3c803a7a0 unknown :-1 s=CLOSED pgs=22 cs=0 l=1 rev1=1 crypto rx=0 tx=0 comp rx=0 tx=0).stop
2024-03-21T13:09:41.168 INFO:teuthology.orchestra.run.smithi084.stdout:/usr/bin/ceph: stderr
2024-03-21T13:09:40.558+0000 7fb3e0e74700 1 --2- 172.21.15.84:0/3992856048 >> [v2:172.21.15.84:3300/0,v1:172.21.15.84:6789/0] conn(0x7fb3dc105340 0x7fb3dc19a100 unknown :-1 s=CLOSED pgs=66 cs=0 l=1 rev1=1 crypto rx=0 tx=0 comp rx=0 tx=0).stop
2024-03-21T13:09:41.168 INFO:teuthology.orchestra.run.smithi084.stdout:/usr/bin/ceph: stderr
2024-03-21T13:09:40.558+0000 7fb3e0e74700 1 -- 172.21.15.84:0/3992856048 >> 172.21.15.84:0/3992856048 conn(0x7fb3dc1008c0 msgr2=0x7fb3dc074070 unknown :-1 s=STATE_NONE l=0).mark_down
2024-03-21T13:09:41.168 INFO:teuthology.orchestra.run.smithi084.stdout:/usr/bin/ceph: stderr
2024-03-21T13:09:40.559+0000 7fb3e0e74700 1 -- 172.21.15.84:0/3992856048 shutdown_connections
2024-03-21T13:09:41.168 INFO:teuthology.orchestra.run.smithi084.stdout:/usr/bin/ceph: stderr
2024-03-21T13:09:40.559+0000 7fb3e0e74700 1 -- 172.21.15.84:0/3992856048 wait complete.
2024-03-21T13:09:41.806 INFO:journalctl@ceph.mon.smithi084.smithi084.stdout:Mar 21 13:09:41 smithi084 ceph-mon[29234]: from='client.? 172.21.15.84:0/3992856048' entity='client.admin' cmd='[{"prefix": "mgr module enable", "module": "dashboard"}]': finished
2024-03-21T13:09:41.806 INFO:journalctl@ceph.mon.smithi084.smithi084.stdout:Mar 21 13:09:41 smithi084 ceph-mon[29234]: mgrmap e9: smithi084.qludfo(active, since 26s)
2024-03-21T13:09:42.437 INFO:teuthology.orchestra.run.smithi084.stdout:/usr/bin/ceph: stdout {
2024-03-21T13:09:42.437 INFO:teuthology.orchestra.run.smithi084.stdout:/usr/bin/ceph: stdout "epoch": 9,
2024-03-21T13:09:42.437 INFO:teuthology.orchestra.run.smithi084.stdout:/usr/bin/ceph: stdout "available": true,
2024-03-21T13:09:42.437 INFO:teuthology.orchestra.run.smithi084.stdout:/usr/bin/ceph: stdout "active_name": "smithi084.qludfo",
2024-03-21T13:09:42.437 INFO:teuthology.orchestra.run.smithi084.stdout:/usr/bin/ceph: stdout "num_standby": 0
2024-03-21T13:09:42.437 INFO:teuthology.orchestra.run.smithi084.stdout:/usr/bin/ceph: stdout }
2024-03-21T13:09:42.437 INFO:teuthology.orchestra.run.smithi084.stdout:/usr/bin/ceph: stderr
2024-03-21T13:09:41.598+0000 7f9dd600c700 1 Processor -- start
2024-03-21T13:09:42.437 INFO:teuthology.orchestra.run.smithi084.stdout:/usr/bin/ceph: stderr
2024-03-21T13:09:41.598+0000 7f9dd600c700 1 -- start start
2024-03-21T13:09:42.437 INFO:teuthology.orchestra.run.smithi084.stdout:/usr/bin/ceph: stderr
2024-03-21T13:09:41.599+0000 7f9dd600c700 1 --2- >> [v2:172.21.15.84:3300/0,v1:172.21.15.84:6789/0] conn(0x7f9dd0106ec0 0x7f9dd01092b0 unknown :-1 s=NONE pgs=0 cs=0 l=0 rev1=0 crypto rx=0 tx=0 comp rx=0 tx=0).connect
2024-03-21T13:09:42.437 INFO:teuthology.orchestra.run.smithi084.stdout:/usr/bin/ceph: stderr
2024-03-21T13:09:41.599+0000 7f9dd600c700 1 -- --> [v2:172.21.15.84:3300/0,v1:172.21.15.84:6789/0] -- mon_getmap magic: 0 v1 -- 0x7f9dd0079ec0 con 0x7f9dd0106ec0
2024-03-21T13:09:42.437 INFO:teuthology.orchestra.run.smithi084.stdout:/usr/bin/ceph: stderr
2024-03-21T13:09:41.599+0000 7f9dcf7fe700 1 --2- >> [v2:172.21.15.84:3300/0,v1:172.21.15.84:6789/0] conn(0x7f9dd0106ec0 0x7f9dd01092b0 unknown :-1 s=BANNER_CONNECTING pgs=0 cs=0 l=0 rev1=0 crypto rx=0 tx=0 comp rx=0 tx=0)._handle_peer_banner_payload supported=3 required=0
2024-03-21T13:09:42.437 INFO:teuthology.orchestra.run.smithi084.stdout:/usr/bin/ceph: stderr
2024-03-21T13:09:41.599+0000 7f9dcf7fe700 1 --2- >> [v2:172.21.15.84:3300/0,v1:172.21.15.84:6789/0] conn(0x7f9dd0106ec0 0x7f9dd01092b0 unknown :-1 s=HELLO_CONNECTING pgs=0 cs=0 l=0 rev1=1 crypto rx=0 tx=0 comp rx=0 tx=0).handle_hello peer v2:172.21.15.84:3300/0 says I am v2:172.21.15.84:56568/0 (socket says 172.21.15.84:56568)
2024-03-21T13:09:42.438 INFO:teuthology.orchestra.run.smithi084.stdout:/usr/bin/ceph: stderr
2024-03-21T13:09:41.599+0000 7f9dcf7fe700 1 -- 172.21.15.84:0/3744430476 learned_addr learned my addr 172.21.15.84:0/3744430476 (peer_addr_for_me v2:172.21.15.84:0/0)
2024-03-21T13:09:42.438 INFO:teuthology.orchestra.run.smithi084.stdout:/usr/bin/ceph: stderr
2024-03-21T13:09:41.599+0000 7f9dcf7fe700 1 -- 172.21.15.84:0/3744430476 --> [v2:172.21.15.84:3300/0,v1:172.21.15.84:6789/0] -- mon_subscribe({config=0+,monmap=0+}) v3 -- 0x7f9dd01097f0 con 0x7f9dd0106ec0
2024-03-21T13:09:42.438 INFO:teuthology.orchestra.run.smithi084.stdout:/usr/bin/ceph: stderr
2024-03-21T13:09:41.599+0000 7f9dcf7fe700 1 --2- 172.21.15.84:0/3744430476 >> [v2:172.21.15.84:3300/0,v1:172.21.15.84:6789/0] conn(0x7f9dd0106ec0 0x7f9dd01092b0 secure :-1 s=READY pgs=69 cs=0 l=1 rev1=1 crypto rx=0x7f9dc00098a0 tx=0x7f9dc0009bb0 comp rx=0 tx=0).ready entity=mon.0 client_cookie=4c90fb8a52a1eaac server_cookie=0 in_seq=0 out_seq=0
2024-03-21T13:09:42.438 INFO:teuthology.orchestra.run.smithi084.stdout:/usr/bin/ceph: stderr
2024-03-21T13:09:41.600+0000 7f9dce7fc700 1 -- 172.21.15.84:0/3744430476 <== mon.0 v2:172.21.15.84:3300/0 1 ==== mon_map magic: 0 v1 ==== 229+0+0 (secure 0 0 0) 0x7f9dc0004180 con 0x7f9dd0106ec0
2024-03-21T13:09:42.438 INFO:teuthology.orchestra.run.smithi084.stdout:/usr/bin/ceph: stderr
2024-03-21T13:09:41.600+0000 7f9dce7fc700 1 -- 172.21.15.84:0/3744430476 <== mon.0 v2:172.21.15.84:3300/0 2 ==== config(27 keys) v1 ==== 1101+0+0 (secure 0 0 0) 0x7f9dc00042e0 con 0x7f9dd0106ec0
2024-03-21T13:09:42.438 INFO:teuthology.orchestra.run.smithi084.stdout:/usr/bin/ceph: stderr
2024-03-21T13:09:41.600+0000 7f9dce7fc700 1 -- 172.21.15.84:0/3744430476 <== mon.0 v2:172.21.15.84:3300/0 3 ==== mon_map magic: 0 v1 ==== 229+0+0 (secure 0 0 0) 0x7f9dc0011af0 con 0x7f9dd0106ec0
2024-03-21T13:09:42.438 INFO:teuthology.orchestra.run.smithi084.stdout:/usr/bin/ceph: stderr
2024-03-21T13:09:41.600+0000 7f9dd600c700 1 -- 172.21.15.84:0/3744430476 >> [v2:172.21.15.84:3300/0,v1:172.21.15.84:6789/0] conn(0x7f9dd0106ec0 msgr2=0x7f9dd01092b0 secure :-1 s=STATE_CONNECTION_ESTABLISHED l=1).mark_down
2024-03-21T13:09:42.438 INFO:teuthology.orchestra.run.smithi084.stdout:/usr/bin/ceph: stderr
2024-03-21T13:09:41.600+0000 7f9dd600c700 1 --2- 172.21.15.84:0/3744430476 >> [v2:172.21.15.84:3300/0,v1:172.21.15.84:6789/0] conn(0x7f9dd0106ec0 0x7f9dd01092b0 secure :-1 s=READY pgs=69 cs=0 l=1 rev1=1 crypto rx=0x7f9dc00098a0 tx=0x7f9dc0009bb0 comp rx=0 tx=0).stop
2024-03-21T13:09:42.438 INFO:teuthology.orchestra.run.smithi084.stdout:/usr/bin/ceph: stderr
2024-03-21T13:09:41.600+0000 7f9dd600c700 1 -- 172.21.15.84:0/3744430476 shutdown_connections
2024-03-21T13:09:42.438 INFO:teuthology.orchestra.run.smithi084.stdout:/usr/bin/ceph: stderr
2024-03-21T13:09:41.600+0000 7f9dd600c700 1 --2- 172.21.15.84:0/3744430476 >> [v2:172.21.15.84:3300/0,v1:172.21.15.84:6789/0] conn(0x7f9dd0106ec0 0x7f9dd01092b0 unknown :-1 s=CLOSED pgs=69 cs=0 l=1 rev1=1 crypto rx=0 tx=0 comp rx=0 tx=0).stop
2024-03-21T13:09:42.438 INFO:teuthology.orchestra.run.smithi084.stdout:/usr/bin/ceph: stderr
2024-03-21T13:09:41.600+0000 7f9dd600c700 1 -- 172.21.15.84:0/3744430476 >> 172.21.15.84:0/3744430476 conn(0x7f9dd01008d0 msgr2=0x7f9dd0102d30 unknown :-1 s=STATE_NONE l=0).mark_down
2024-03-21T13:09:42.438 INFO:teuthology.orchestra.run.smithi084.stdout:/usr/bin/ceph: stderr
2024-03-21T13:09:41.600+0000 7f9dd600c700 1 -- 172.21.15.84:0/3744430476 shutdown_connections
2024-03-21T13:09:42.438 INFO:teuthology.orchestra.run.smithi084.stdout:/usr/bin/ceph: stderr
2024-03-21T13:09:41.600+0000 7f9dd600c700 1 -- 172.21.15.84:0/3744430476 wait complete.
2024-03-21T13:09:42.438 INFO:teuthology.orchestra.run.smithi084.stdout:/usr/bin/ceph: stderr
2024-03-21T13:09:41.601+0000 7f9dd600c700 1 Processor -- start
2024-03-21T13:09:42.438 INFO:teuthology.orchestra.run.smithi084.stdout:/usr/bin/ceph: stderr
2024-03-21T13:09:41.601+0000 7f9dd600c700 1 -- start start
2024-03-21T13:09:42.439 INFO:teuthology.orchestra.run.smithi084.stdout:/usr/bin/ceph: stderr
2024-03-21T13:09:41.601+0000 7f9dd600c700 1 --2- >> [v2:172.21.15.84:3300/0,v1:172.21.15.84:6789/0] conn(0x7f9dd0106ec0 0x7f9dd0106820 unknown :-1 s=NONE pgs=0 cs=0 l=1 rev1=0 crypto rx=0 tx=0 comp rx=0 tx=0).connect
2024-03-21T13:09:42.439 INFO:teuthology.orchestra.run.smithi084.stdout:/usr/bin/ceph: stderr
2024-03-21T13:09:41.601+0000 7f9dd600c700 1 -- --> [v2:172.21.15.84:3300/0,v1:172.21.15.84:6789/0] -- mon_getmap magic: 0 v1 -- 0x7f9dd0106d60 con 0x7f9dd0106ec0
2024-03-21T13:09:42.439 INFO:teuthology.orchestra.run.smithi084.stdout:/usr/bin/ceph: stderr
2024-03-21T13:09:41.602+0000 7f9dcf7fe700 1 --2- >> [v2:172.21.15.84:3300/0,v1:172.21.15.84:6789/0] conn(0x7f9dd0106ec0 0x7f9dd0106820 unknown :-1 s=BANNER_CONNECTING pgs=0 cs=0 l=1 rev1=0 crypto rx=0 tx=0 comp rx=0 tx=0)._handle_peer_banner_payload supported=3 required=0
2024-03-21T13:09:42.439 INFO:teuthology.orchestra.run.smithi084.stdout:/usr/bin/ceph: stderr
2024-03-21T13:09:41.602+0000 7f9dcf7fe700 1 --2- >> [v2:172.21.15.84:3300/0,v1:172.21.15.84:6789/0] conn(0x7f9dd0106ec0 0x7f9dd0106820 unknown :-1 s=HELLO_CONNECTING pgs=0 cs=0 l=1 rev1=1 crypto rx=0 tx=0 comp rx=0 tx=0).handle_hello peer v2:172.21.15.84:3300/0 says I am v2:172.21.15.84:56584/0 (socket says 172.21.15.84:56584)
2024-03-21T13:09:42.439 INFO:teuthology.orchestra.run.smithi084.stdout:/usr/bin/ceph: stderr
2024-03-21T13:09:41.602+0000 7f9dcf7fe700 1 -- 172.21.15.84:0/2073705518 learned_addr learned my addr 172.21.15.84:0/2073705518 (peer_addr_for_me v2:172.21.15.84:0/0)
2024-03-21T13:09:42.439 INFO:teuthology.orchestra.run.smithi084.stdout:/usr/bin/ceph: stderr
2024-03-21T13:09:41.602+0000 7f9dcf7fe700 1 -- 172.21.15.84:0/2073705518 --> [v2:172.21.15.84:3300/0,v1:172.21.15.84:6789/0] -- mon_subscribe({config=0+,monmap=0+}) v3 -- 0x7f9dc0009550 con 0x7f9dd0106ec0
2024-03-21T13:09:42.439 INFO:teuthology.orchestra.run.smithi084.stdout:/usr/bin/ceph: stderr
2024-03-21T13:09:41.602+0000 7f9dcf7fe700 1 --2- 172.21.15.84:0/2073705518 >> [v2:172.21.15.84:3300/0,v1:172.21.15.84:6789/0] conn(0x7f9dd0106ec0 0x7f9dd0106820 secure :-1 s=READY pgs=70 cs=0 l=1 rev1=1 crypto rx=0x7f9dc0011670 tx=0x7f9dc0011aa0 comp rx=0 tx=0).ready entity=mon.0 client_cookie=0 server_cookie=0 in_seq=0 out_seq=0
2024-03-21T13:09:42.439 INFO:teuthology.orchestra.run.smithi084.stdout:/usr/bin/ceph: stderr
2024-03-21T13:09:41.602+0000 7f9dccff9700 1 -- 172.21.15.84:0/2073705518 <== mon.0 v2:172.21.15.84:3300/0 1 ==== mon_map magic: 0 v1 ==== 229+0+0 (secure 0 0 0) 0x7f9dc0003a40 con 0x7f9dd0106ec0
2024-03-21T13:09:42.439 INFO:teuthology.orchestra.run.smithi084.stdout:/usr/bin/ceph: stderr
2024-03-21T13:09:41.602+0000 7f9dccff9700 1 -- 172.21.15.84:0/2073705518 <== mon.0 v2:172.21.15.84:3300/0 2 ==== config(27 keys) v1 ==== 1101+0+0 (secure 0 0 0) 0x7f9dc0003ba0 con 0x7f9dd0106ec0
2024-03-21T13:09:42.439 INFO:teuthology.orchestra.run.smithi084.stdout:/usr/bin/ceph: stderr
2024-03-21T13:09:41.602+0000 7f9dd600c700 1 -- 172.21.15.84:0/2073705518 --> [v2:172.21.15.84:3300/0,v1:172.21.15.84:6789/0] -- mon_subscribe({mgrmap=0+}) v3 -- 0x7f9dd0104e70 con 0x7f9dd0106ec0
2024-03-21T13:09:42.440 INFO:teuthology.orchestra.run.smithi084.stdout:/usr/bin/ceph: stderr
2024-03-21T13:09:41.602+0000 7f9dd600c700 1 -- 172.21.15.84:0/2073705518 --> [v2:172.21.15.84:3300/0,v1:172.21.15.84:6789/0] -- mon_subscribe({osdmap=0}) v3 -- 0x7f9dd0105310 con 0x7f9dd0106ec0
2024-03-21T13:09:42.440 INFO:teuthology.orchestra.run.smithi084.stdout:/usr/bin/ceph: stderr
2024-03-21T13:09:41.602+0000 7f9dccff9700 1 -- 172.21.15.84:0/2073705518 <== mon.0 v2:172.21.15.84:3300/0 3 ==== mon_map magic: 0 v1 ==== 229+0+0 (secure 0 0 0) 0x7f9dc0024820 con 0x7f9dd0106ec0
2024-03-21T13:09:42.440 INFO:teuthology.orchestra.run.smithi084.stdout:/usr/bin/ceph: stderr
2024-03-21T13:09:41.603+0000 7f9dccff9700 1 -- 172.21.15.84:0/2073705518 <== mon.0 v2:172.21.15.84:3300/0 4 ==== mgrmap(e 9) v1 ==== 45296+0+0 (secure 0 0 0) 0x7f9dc0024ae0 con 0x7f9dd0106ec0
2024-03-21T13:09:42.440 INFO:teuthology.orchestra.run.smithi084.stdout:/usr/bin/ceph: stderr
2024-03-21T13:09:41.603+0000 7f9dd600c700 1 -- 172.21.15.84:0/2073705518 --> [v2:172.21.15.84:3300/0,v1:172.21.15.84:6789/0] -- mon_command({"prefix": "get_command_descriptions"} v 0) v1 -- 0x7f9dbc005320 con 0x7f9dd0106ec0
2024-03-21T13:09:42.440 INFO:teuthology.orchestra.run.smithi084.stdout:/usr/bin/ceph: stderr
2024-03-21T13:09:41.604+0000 7f9dccff9700 1 --2- 172.21.15.84:0/2073705518 >> [v2:172.21.15.84:6800/2373448899,v1:172.21.15.84:6801/2373448899] conn(0x7f9db8038330 0x7f9db803a7f0 unknown :-1 s=NONE pgs=0 cs=0 l=1 rev1=0 crypto rx=0 tx=0 comp rx=0 tx=0).connect
2024-03-21T13:09:42.440 INFO:teuthology.orchestra.run.smithi084.stdout:/usr/bin/ceph: stderr
2024-03-21T13:09:41.604+0000 7f9dccff9700 1 -- 172.21.15.84:0/2073705518 <== mon.0 v2:172.21.15.84:3300/0 5 ==== osd_map(2..2 src has 1..2) v4 ==== 940+0+0 (secure 0 0 0) 0x7f9dc004c4c0 con 0x7f9dd0106ec0
2024-03-21T13:09:42.440 INFO:teuthology.orchestra.run.smithi084.stdout:/usr/bin/ceph: stderr
2024-03-21T13:09:41.604+0000 7f9dceffd700 1 -- 172.21.15.84:0/2073705518 >> [v2:172.21.15.84:6800/2373448899,v1:172.21.15.84:6801/2373448899] conn(0x7f9db8038330 msgr2=0x7f9db803a7f0 unknown :-1 s=STATE_CONNECTING_RE l=1).process reconnect failed to v2:172.21.15.84:6800/2373448899
2024-03-21T13:09:42.440 INFO:teuthology.orchestra.run.smithi084.stdout:/usr/bin/ceph: stderr
2024-03-21T13:09:41.604+0000 7f9dceffd700 1 --2- 172.21.15.84:0/2073705518 >> [v2:172.21.15.84:6800/2373448899,v1:172.21.15.84:6801/2373448899] conn(0x7f9db8038330 0x7f9db803a7f0 unknown :-1 s=START_CONNECT pgs=0 cs=0 l=1 rev1=0 crypto rx=0 tx=0 comp rx=0 tx=0)._fault waiting 0.200000
2024-03-21T13:09:42.440 INFO:teuthology.orchestra.run.smithi084.stdout:/usr/bin/ceph: stderr
2024-03-21T13:09:41.608+0000 7f9dccff9700 1 -- 172.21.15.84:0/2073705518 <== mon.0 v2:172.21.15.84:3300/0 6 ==== mon_command_ack([{"prefix": "get_command_descriptions"}]=0 v0) v1 ==== 72+0+180422 (secure 0 0 0) 0x7f9dc0022310 con 0x7f9dd0106ec0
2024-03-21T13:09:42.440 INFO:teuthology.orchestra.run.smithi084.stdout:/usr/bin/ceph: stderr
2024-03-21T13:09:41.805+0000 7f9dceffd700 1 -- 172.21.15.84:0/2073705518 >> [v2:172.21.15.84:6800/2373448899,v1:172.21.15.84:6801/2373448899] conn(0x7f9db8038330 msgr2=0x7f9db803a7f0 unknown :-1 s=STATE_CONNECTING_RE l=1).process reconnect failed to v2:172.21.15.84:6800/2373448899
2024-03-21T13:09:42.440 INFO:teuthology.orchestra.run.smithi084.stdout:/usr/bin/ceph: stderr
2024-03-21T13:09:41.805+0000 7f9dceffd700 1 --2- 172.21.15.84:0/2073705518 >> [v2:172.21.15.84:6800/2373448899,v1:172.21.15.84:6801/2373448899] conn(0x7f9db8038330 0x7f9db803a7f0 unknown :-1 s=START_CONNECT pgs=0 cs=0 l=1 rev1=0 crypto rx=0 tx=0 comp rx=0 tx=0)._fault waiting 0.400000
2024-03-21T13:09:42.440 INFO:teuthology.orchestra.run.smithi084.stdout:/usr/bin/ceph: stderr
2024-03-21T13:09:41.854+0000 7f9dd600c700 1 -- 172.21.15.84:0/2073705518 --> [v2:172.21.15.84:3300/0,v1:172.21.15.84:6789/0] -- mon_command({"prefix": "mgr stat"} v 0) v1 -- 0x7f9dbc006200 con 0x7f9dd0106ec0
2024-03-21T13:09:42.440 INFO:teuthology.orchestra.run.smithi084.stdout:/usr/bin/ceph: stderr
2024-03-21T13:09:41.855+0000 7f9dccff9700 1 -- 172.21.15.84:0/2073705518 <== mon.0 v2:172.21.15.84:3300/0 7 ==== mon_command_ack([{"prefix": "mgr stat"}]=0 v9) v1 ==== 56+0+103 (secure 0 0 0) 0x7f9dc002c350 con 0x7f9dd0106ec0
2024-03-21T13:09:42.440 INFO:teuthology.orchestra.run.smithi084.stdout:/usr/bin/ceph: stderr
2024-03-21T13:09:41.857+0000 7f9dd600c700 1 -- 172.21.15.84:0/2073705518 >> [v2:172.21.15.84:6800/2373448899,v1:172.21.15.84:6801/2373448899] conn(0x7f9db8038330 msgr2=0x7f9db803a7f0 unknown :-1 s=STATE_CONNECTING l=1).mark_down
2024-03-21T13:09:42.441 INFO:teuthology.orchestra.run.smithi084.stdout:/usr/bin/ceph: stderr
2024-03-21T13:09:41.857+0000 7f9dd600c700 1 --2- 172.21.15.84:0/2073705518 >> [v2:172.21.15.84:6800/2373448899,v1:172.21.15.84:6801/2373448899] conn(0x7f9db8038330 0x7f9db803a7f0 unknown :-1 s=START_CONNECT pgs=0 cs=0 l=1 rev1=0 crypto rx=0 tx=0 comp rx=0 tx=0).stop
2024-03-21T13:09:42.441 INFO:teuthology.orchestra.run.smithi084.stdout:/usr/bin/ceph: stderr
2024-03-21T13:09:41.857+0000 7f9dd600c700 1 -- 172.21.15.84:0/2073705518 >> [v2:172.21.15.84:3300/0,v1:172.21.15.84:6789/0] conn(0x7f9dd0106ec0 msgr2=0x7f9dd0106820 secure :-1 s=STATE_CONNECTION_ESTABLISHED l=1).mark_down
2024-03-21T13:09:42.441 INFO:teuthology.orchestra.run.smithi084.stdout:/usr/bin/ceph: stderr
2024-03-21T13:09:41.857+0000 7f9dd600c700 1 --2- 172.21.15.84:0/2073705518 >> [v2:172.21.15.84:3300/0,v1:172.21.15.84:6789/0] conn(0x7f9dd0106ec0 0x7f9dd0106820 secure :-1 s=READY pgs=70 cs=0 l=1 rev1=1 crypto rx=0x7f9dc0011670 tx=0x7f9dc0011aa0 comp rx=0 tx=0).stop
2024-03-21T13:09:42.441 INFO:teuthology.orchestra.run.smithi084.stdout:/usr/bin/ceph: stderr
2024-03-21T13:09:41.857+0000 7f9dd600c700 1 -- 172.21.15.84:0/2073705518 shutdown_connections
2024-03-21T13:09:42.441 INFO:teuthology.orchestra.run.smithi084.stdout:/usr/bin/ceph: stderr
2024-03-21T13:09:41.857+0000 7f9dd600c700 1 --2- 172.21.15.84:0/2073705518 >> [v2:172.21.15.84:6800/2373448899,v1:172.21.15.84:6801/2373448899] conn(0x7f9db8038330 0x7f9db803a7f0 unknown :-1 s=CLOSED pgs=0 cs=0 l=1 rev1=0 crypto rx=0 tx=0 comp rx=0 tx=0).stop
2024-03-21T13:09:42.441 INFO:teuthology.orchestra.run.smithi084.stdout:/usr/bin/ceph: stderr
2024-03-21T13:09:41.857+0000 7f9dd600c700 1 --2- 172.21.15.84:0/2073705518 >> [v2:172.21.15.84:3300/0,v1:172.21.15.84:6789/0] conn(0x7f9dd0106ec0 0x7f9dd0106820 unknown :-1 s=CLOSED pgs=70 cs=0 l=1 rev1=1 crypto rx=0 tx=0 comp rx=0 tx=0).stop
2024-03-21T13:09:42.441 INFO:teuthology.orchestra.run.smithi084.stdout:/usr/bin/ceph: stderr
2024-03-21T13:09:41.857+0000 7f9dd600c700 1 -- 172.21.15.84:0/2073705518 >> 172.21.15.84:0/2073705518 conn(0x7f9dd01008d0 msgr2=0x7f9dd01016a0 unknown :-1 s=STATE_NONE l=0).mark_down
2024-03-21T13:09:42.441 INFO:teuthology.orchestra.run.smithi084.stdout:/usr/bin/ceph: stderr
2024-03-21T13:09:41.857+0000 7f9dd600c700 1 -- 172.21.15.84:0/2073705518 shutdown_connections
2024-03-21T13:09:42.441 INFO:teuthology.orchestra.run.smithi084.stdout:/usr/bin/ceph: stderr
2024-03-21T13:09:41.857+0000 7f9dd600c700 1 -- 172.21.15.84:0/2073705518 wait complete.
2024-03-21T13:09:42.441 INFO:teuthology.orchestra.run.smithi084.stdout:Waiting for the mgr to restart...
2024-03-21T13:09:42.441 INFO:teuthology.orchestra.run.smithi084.stdout:Waiting for mgr epoch 9...
2024-03-21T13:09:42.680 INFO:journalctl@ceph.mon.smithi084.smithi084.stdout:Mar 21 13:09:42 smithi084 ceph-mon[29234]: from='client.? 172.21.15.84:0/2073705518' entity='client.admin' cmd=[{"prefix": "mgr stat"}]: dispatch
2024-03-21T13:09:47.585 INFO:journalctl@ceph.mon.smithi084.smithi084.stdout:Mar 21 13:09:47 smithi084 ceph-mon[29234]: Active manager daemon smithi084.qludfo restarted
2024-03-21T13:09:47.585 INFO:journalctl@ceph.mon.smithi084.smithi084.stdout:Mar 21 13:09:47 smithi084 ceph-mon[29234]: Activating manager daemon smithi084.qludfo
2024-03-21T13:09:47.585 INFO:journalctl@ceph.mon.smithi084.smithi084.stdout:Mar 21 13:09:47 smithi084 ceph-mon[29234]: osdmap e3: 0 total, 0 up, 0 in
2024-03-21T13:09:47.585 INFO:journalctl@ceph.mon.smithi084.smithi084.stdout:Mar 21 13:09:47 smithi084 ceph-mon[29234]: mgrmap e10: smithi084.qludfo(active, starting, since 0.00309475s)
2024-03-21T13:09:47.585 INFO:journalctl@ceph.mon.smithi084.smithi084.stdout:Mar 21 13:09:47 smithi084 ceph-mon[29234]: from='mgr.14162 172.21.15.84:0/2194509922' entity='mgr.smithi084.qludfo' cmd=[{"prefix": "mon metadata", "id": "smithi084"}]: dispatch
2024-03-21T13:09:47.585 INFO:journalctl@ceph.mon.smithi084.smithi084.stdout:Mar 21 13:09:47 smithi084 ceph-mon[29234]: from='mgr.14162 172.21.15.84:0/2194509922' entity='mgr.smithi084.qludfo' cmd=[{"prefix": "mgr metadata", "who": "smithi084.qludfo", "id": "smithi084.qludfo"}]: dispatch
2024-03-21T13:09:47.585 INFO:journalctl@ceph.mon.smithi084.smithi084.stdout:Mar 21 13:09:47 smithi084 ceph-mon[29234]: from='mgr.14162 172.21.15.84:0/2194509922' entity='mgr.smithi084.qludfo' cmd=[{"prefix": "mds metadata"}]: dispatch
2024-03-21T13:09:47.585 INFO:journalctl@ceph.mon.smithi084.smithi084.stdout:Mar 21 13:09:47 smithi084 ceph-mon[29234]: from='mgr.14162 172.21.15.84:0/2194509922' entity='mgr.smithi084.qludfo' cmd=[{"prefix": "osd metadata"}]: dispatch
2024-03-21T13:09:47.585 INFO:journalctl@ceph.mon.smithi084.smithi084.stdout:Mar 21 13:09:47 smithi084 ceph-mon[29234]: from='mgr.14162 172.21.15.84:0/2194509922' entity='mgr.smithi084.qludfo' cmd=[{"prefix": "mon metadata"}]: dispatch
2024-03-21T13:09:47.585 INFO:journalctl@ceph.mon.smithi084.smithi084.stdout:Mar 21 13:09:47 smithi084 ceph-mon[29234]: Manager daemon smithi084.qludfo is now available
2024-03-21T13:09:47.586 INFO:journalctl@ceph.mon.smithi084.smithi084.stdout:Mar 21 13:09:47 smithi084 ceph-mon[29234]: from='mgr.14162 172.21.15.84:0/2194509922' entity='mgr.smithi084.qludfo' cmd=[{"prefix": "config dump", "format": "json"}]: dispatch
2024-03-21T13:09:47.586 INFO:journalctl@ceph.mon.smithi084.smithi084.stdout:Mar 21 13:09:47 smithi084 ceph-mon[29234]: from='mgr.14162 172.21.15.84:0/2194509922' entity='mgr.smithi084.qludfo' cmd=[{"prefix": "config dump", "format": "json"}]: dispatch
2024-03-21T13:09:48.483 INFO:journalctl@ceph.mon.smithi084.smithi084.stdout:Mar 21 13:09:48 smithi084 ceph-mon[29234]: from='mgr.14162 172.21.15.84:0/2194509922' entity='mgr.smithi084.qludfo' cmd=[{"prefix":"config rm","who":"mgr","name":"mgr/rbd_support/smithi084.qludfo/mirror_snapshot_schedule"}]: dispatch
2024-03-21T13:09:48.483 INFO:journalctl@ceph.mon.smithi084.smithi084.stdout:Mar 21 13:09:48 smithi084 ceph-mon[29234]: from='mgr.14162 172.21.15.84:0/2194509922' entity='mgr.smithi084.qludfo' cmd=[{"prefix":"config rm","who":"mgr","name":"mgr/rbd_support/smithi084.qludfo/trash_purge_schedule"}]: dispatch
2024-03-21T13:09:48.483 INFO:journalctl@ceph.mon.smithi084.smithi084.stdout:Mar 21 13:09:48 smithi084 ceph-mon[29234]: mgrmap e11: smithi084.qludfo(active, since 1.00531s)
2024-03-21T13:09:49.097 INFO:teuthology.orchestra.run.smithi084.stdout:/usr/bin/ceph: stdout {
2024-03-21T13:09:49.097 INFO:teuthology.orchestra.run.smithi084.stdout:/usr/bin/ceph: stdout "mgrmap_epoch": 11,
2024-03-21T13:09:49.097 INFO:teuthology.orchestra.run.smithi084.stdout:/usr/bin/ceph: stdout "initialized": true
2024-03-21T13:09:49.097 INFO:teuthology.orchestra.run.smithi084.stdout:/usr/bin/ceph: stdout }
2024-03-21T13:09:49.097 INFO:teuthology.orchestra.run.smithi084.stdout:/usr/bin/ceph: stderr
2024-03-21T13:09:42.888+0000 7f20af2df700 1 Processor -- start
2024-03-21T13:09:49.097 INFO:teuthology.orchestra.run.smithi084.stdout:/usr/bin/ceph: stderr
2024-03-21T13:09:42.888+0000 7f20af2df700 1 -- start start
2024-03-21T13:09:49.097 INFO:teuthology.orchestra.run.smithi084.stdout:/usr/bin/ceph: stderr
2024-03-21T13:09:42.888+0000 7f20af2df700 1 --2- >> [v2:172.21.15.84:3300/0,v1:172.21.15.84:6789/0] conn(0x7f20a8105340 0x7f20a8105760 unknown :-1 s=NONE pgs=0 cs=0 l=0 rev1=0 crypto rx=0 tx=0 comp rx=0 tx=0).connect
2024-03-21T13:09:49.097 INFO:teuthology.orchestra.run.smithi084.stdout:/usr/bin/ceph: stderr
2024-03-21T13:09:42.888+0000 7f20af2df700 1 -- --> [v2:172.21.15.84:3300/0,v1:172.21.15.84:6789/0] -- mon_getmap magic: 0 v1 -- 0x7f20a8105d30 con 0x7f20a8105340
2024-03-21T13:09:49.098 INFO:teuthology.orchestra.run.smithi084.stdout:/usr/bin/ceph: stderr
2024-03-21T13:09:42.889+0000 7f20ad07b700 1 --2- >> [v2:172.21.15.84:3300/0,v1:172.21.15.84:6789/0] conn(0x7f20a8105340 0x7f20a8105760 unknown :-1 s=BANNER_CONNECTING pgs=0 cs=0 l=0 rev1=0 crypto rx=0 tx=0 comp rx=0 tx=0)._handle_peer_banner_payload supported=3 required=0
2024-03-21T13:09:49.098 INFO:teuthology.orchestra.run.smithi084.stdout:/usr/bin/ceph: stderr
2024-03-21T13:09:42.889+0000 7f20ad07b700 1 --2- >> [v2:172.21.15.84:3300/0,v1:172.21.15.84:6789/0] conn(0x7f20a8105340 0x7f20a8105760 unknown :-1 s=HELLO_CONNECTING pgs=0 cs=0 l=0 rev1=1 crypto rx=0 tx=0 comp rx=0 tx=0).handle_hello peer v2:172.21.15.84:3300/0 says I am v2:172.21.15.84:56598/0 (socket says 172.21.15.84:56598)
2024-03-21T13:09:49.098 INFO:teuthology.orchestra.run.smithi084.stdout:/usr/bin/ceph: stderr
2024-03-21T13:09:42.889+0000 7f20ad07b700 1 -- 172.21.15.84:0/550575533 learned_addr learned my addr 172.21.15.84:0/550575533 (peer_addr_for_me v2:172.21.15.84:0/0)
2024-03-21T13:09:49.098 INFO:teuthology.orchestra.run.smithi084.stdout:/usr/bin/ceph: stderr
2024-03-21T13:09:42.889+0000 7f20ad07b700 1 -- 172.21.15.84:0/550575533 --> [v2:172.21.15.84:3300/0,v1:172.21.15.84:6789/0] -- mon_subscribe({config=0+,monmap=0+}) v3 -- 0x7f20a8106540 con 0x7f20a8105340
2024-03-21T13:09:49.098 INFO:teuthology.orchestra.run.smithi084.stdout:/usr/bin/ceph: stderr
2024-03-21T13:09:42.889+0000 7f20ad07b700 1 --2- 172.21.15.84:0/550575533 >> [v2:172.21.15.84:3300/0,v1:172.21.15.84:6789/0] conn(0x7f20a8105340 0x7f20a8105760 secure :-1 s=READY pgs=71 cs=0 l=1 rev1=1 crypto rx=0x7f20980098a0 tx=0x7f2098009bb0 comp rx=0 tx=0).ready entity=mon.0 client_cookie=4a3593b05e11553d server_cookie=0 in_seq=0 out_seq=0
2024-03-21T13:09:49.098 INFO:teuthology.orchestra.run.smithi084.stdout:/usr/bin/ceph: stderr
2024-03-21T13:09:42.889+0000 7f209ffff700 1 -- 172.21.15.84:0/550575533 <== mon.0 v2:172.21.15.84:3300/0 1 ==== mon_map magic: 0 v1 ==== 229+0+0 (secure 0 0 0) 0x7f2098004180 con 0x7f20a8105340
2024-03-21T13:09:49.098 INFO:teuthology.orchestra.run.smithi084.stdout:/usr/bin/ceph: stderr
2024-03-21T13:09:42.889+0000 7f209ffff700 1 -- 172.21.15.84:0/550575533 <== mon.0 v2:172.21.15.84:3300/0 2 ==== config(27 keys) v1 ==== 1101+0+0 (secure 0 0 0) 0x7f20980042e0 con 0x7f20a8105340
2024-03-21T13:09:49.098 INFO:teuthology.orchestra.run.smithi084.stdout:/usr/bin/ceph: stderr
2024-03-21T13:09:42.889+0000 7f209ffff700 1 -- 172.21.15.84:0/550575533 <== mon.0 v2:172.21.15.84:3300/0 3 ==== mon_map magic: 0 v1 ==== 229+0+0 (secure 0 0 0) 0x7f2098011af0 con 0x7f20a8105340
2024-03-21T13:09:49.098 INFO:teuthology.orchestra.run.smithi084.stdout:/usr/bin/ceph: stderr
2024-03-21T13:09:42.890+0000 7f20af2df700 1 -- 172.21.15.84:0/550575533 >> [v2:172.21.15.84:3300/0,v1:172.21.15.84:6789/0] conn(0x7f20a8105340 msgr2=0x7f20a8105760 secure :-1 s=STATE_CONNECTION_ESTABLISHED l=1).mark_down
2024-03-21T13:09:49.098 INFO:teuthology.orchestra.run.smithi084.stdout:/usr/bin/ceph: stderr
2024-03-21T13:09:42.890+0000 7f20af2df700 1 --2- 172.21.15.84:0/550575533 >> [v2:172.21.15.84:3300/0,v1:172.21.15.84:6789/0] conn(0x7f20a8105340 0x7f20a8105760 secure :-1 s=READY pgs=71 cs=0 l=1 rev1=1 crypto rx=0x7f20980098a0 tx=0x7f2098009bb0 comp rx=0 tx=0).stop
2024-03-21T13:09:49.098 INFO:teuthology.orchestra.run.smithi084.stdout:/usr/bin/ceph: stderr
2024-03-21T13:09:42.890+0000 7f20af2df700 1 -- 172.21.15.84:0/550575533 shutdown_connections
2024-03-21T13:09:49.098 INFO:teuthology.orchestra.run.smithi084.stdout:/usr/bin/ceph: stderr
2024-03-21T13:09:42.890+0000 7f20af2df700 1 --2- 172.21.15.84:0/550575533 >> [v2:172.21.15.84:3300/0,v1:172.21.15.84:6789/0] conn(0x7f20a8105340 0x7f20a8105760 unknown :-1 s=CLOSED pgs=71 cs=0 l=1 rev1=1 crypto rx=0 tx=0 comp rx=0 tx=0).stop
2024-03-21T13:09:49.098 INFO:teuthology.orchestra.run.smithi084.stdout:/usr/bin/ceph: stderr
2024-03-21T13:09:42.890+0000 7f20af2df700 1 -- 172.21.15.84:0/550575533 >> 172.21.15.84:0/550575533 conn(0x7f20a81008c0 msgr2=0x7f20a8102d20 unknown :-1 s=STATE_NONE l=0).mark_down
2024-03-21T13:09:49.098 INFO:teuthology.orchestra.run.smithi084.stdout:/usr/bin/ceph: stderr
2024-03-21T13:09:42.890+0000 7f20af2df700 1 -- 172.21.15.84:0/550575533 shutdown_connections
2024-03-21T13:09:49.099 INFO:teuthology.orchestra.run.smithi084.stdout:/usr/bin/ceph: stderr
2024-03-21T13:09:42.890+0000 7f20af2df700 1 -- 172.21.15.84:0/550575533 wait complete.
2024-03-21T13:09:49.099 INFO:teuthology.orchestra.run.smithi084.stdout:/usr/bin/ceph: stderr
2024-03-21T13:09:42.891+0000 7f20af2df700 1 Processor -- start
2024-03-21T13:09:49.099 INFO:teuthology.orchestra.run.smithi084.stdout:/usr/bin/ceph: stderr
2024-03-21T13:09:42.891+0000 7f20af2df700 1 -- start start
2024-03-21T13:09:49.099 INFO:teuthology.orchestra.run.smithi084.stdout:/usr/bin/ceph: stderr
2024-03-21T13:09:42.891+0000 7f20af2df700 1 --2- >> [v2:172.21.15.84:3300/0,v1:172.21.15.84:6789/0] conn(0x7f20a8105340 0x7f20a8074300 unknown :-1 s=NONE pgs=0 cs=0 l=1 rev1=0 crypto rx=0 tx=0 comp rx=0 tx=0).connect
2024-03-21T13:09:49.099 INFO:teuthology.orchestra.run.smithi084.stdout:/usr/bin/ceph: stderr
2024-03-21T13:09:42.891+0000 7f20af2df700 1 -- --> [v2:172.21.15.84:3300/0,v1:172.21.15.84:6789/0] -- mon_getmap magic: 0 v1 -- 0x7f20a819cef0 con 0x7f20a8105340
2024-03-21T13:09:49.099 INFO:teuthology.orchestra.run.smithi084.stdout:/usr/bin/ceph: stderr
2024-03-21T13:09:42.891+0000 7f20ad07b700 1 --2- >> [v2:172.21.15.84:3300/0,v1:172.21.15.84:6789/0] conn(0x7f20a8105340 0x7f20a8074300 unknown :-1 s=BANNER_CONNECTING pgs=0 cs=0 l=1 rev1=0 crypto rx=0 tx=0 comp rx=0 tx=0)._handle_peer_banner_payload supported=3 required=0
2024-03-21T13:09:49.099 INFO:teuthology.orchestra.run.smithi084.stdout:/usr/bin/ceph: stderr
2024-03-21T13:09:42.891+0000 7f20ad07b700 1 --2- >> [v2:172.21.15.84:3300/0,v1:172.21.15.84:6789/0] conn(0x7f20a8105340 0x7f20a8074300 unknown :-1 s=HELLO_CONNECTING pgs=0 cs=0 l=1 rev1=1 crypto rx=0 tx=0 comp rx=0 tx=0).handle_hello peer v2:172.21.15.84:3300/0 says I am v2:172.21.15.84:56608/0 (socket says 172.21.15.84:56608)
2024-03-21T13:09:49.099 INFO:teuthology.orchestra.run.smithi084.stdout:/usr/bin/ceph: stderr
2024-03-21T13:09:42.891+0000 7f20ad07b700 1 -- 172.21.15.84:0/916315477 learned_addr learned my addr 172.21.15.84:0/916315477 (peer_addr_for_me v2:172.21.15.84:0/0)
2024-03-21T13:09:49.099 INFO:teuthology.orchestra.run.smithi084.stdout:/usr/bin/ceph: stderr
2024-03-21T13:09:42.891+0000 7f20ad07b700 1 -- 172.21.15.84:0/916315477 --> [v2:172.21.15.84:3300/0,v1:172.21.15.84:6789/0] -- mon_subscribe({config=0+,monmap=0+}) v3 -- 0x7f2098009550 con 0x7f20a8105340
2024-03-21T13:09:49.099 INFO:teuthology.orchestra.run.smithi084.stdout:/usr/bin/ceph: stderr
2024-03-21T13:09:42.891+0000 7f20ad07b700 1 --2- 172.21.15.84:0/916315477 >> [v2:172.21.15.84:3300/0,v1:172.21.15.84:6789/0] conn(0x7f20a8105340 0x7f20a8074300 secure :-1 s=READY pgs=72 cs=0 l=1 rev1=1 crypto rx=0x7f2098011670 tx=0x7f2098011aa0 comp rx=0 tx=0).ready entity=mon.0 client_cookie=0 server_cookie=0 in_seq=0 out_seq=0
2024-03-21T13:09:49.099 INFO:teuthology.orchestra.run.smithi084.stdout:/usr/bin/ceph: stderr
2024-03-21T13:09:42.891+0000 7f209e7fc700 1 -- 172.21.15.84:0/916315477 <== mon.0 v2:172.21.15.84:3300/0 1 ==== mon_map magic: 0 v1 ==== 229+0+0 (secure 0 0 0) 0x7f20980039c0 con 0x7f20a8105340
2024-03-21T13:09:49.099 INFO:teuthology.orchestra.run.smithi084.stdout:/usr/bin/ceph: stderr
2024-03-21T13:09:42.891+0000 7f20af2df700 1 -- 172.21.15.84:0/916315477 --> [v2:172.21.15.84:3300/0,v1:172.21.15.84:6789/0] -- mon_subscribe({mgrmap=0+}) v3 -- 0x7f20a819d030 con 0x7f20a8105340
2024-03-21T13:09:49.099 INFO:teuthology.orchestra.run.smithi084.stdout:/usr/bin/ceph: stderr
2024-03-21T13:09:42.892+0000 7f209e7fc700 1 -- 172.21.15.84:0/916315477 <== mon.0 v2:172.21.15.84:3300/0 2 ==== config(27 keys) v1 ==== 1101+0+0 (secure 0 0 0) 0x7f2098003b20 con 0x7f20a8105340
2024-03-21T13:09:49.099 INFO:teuthology.orchestra.run.smithi084.stdout:/usr/bin/ceph: stderr
2024-03-21T13:09:42.892+0000 7f209e7fc700 1 -- 172.21.15.84:0/916315477 <== mon.0 v2:172.21.15.84:3300/0 3 ==== mon_map magic: 0 v1 ==== 229+0+0 (secure 0 0 0) 0x7f20980247f0 con 0x7f20a8105340
2024-03-21T13:09:49.099 INFO:teuthology.orchestra.run.smithi084.stdout:/usr/bin/ceph: stderr
2024-03-21T13:09:42.892+0000 7f20af2df700 1 -- 172.21.15.84:0/916315477 --> [v2:172.21.15.84:3300/0,v1:172.21.15.84:6789/0] -- mon_subscribe({osdmap=0}) v3 -- 0x7f20a819d4d0 con 0x7f20a8105340
2024-03-21T13:09:49.100 INFO:teuthology.orchestra.run.smithi084.stdout:/usr/bin/ceph: stderr
2024-03-21T13:09:42.892+0000 7f209e7fc700 1 -- 172.21.15.84:0/916315477 <== mon.0 v2:172.21.15.84:3300/0 4 ==== mgrmap(e 9) v1 ==== 45296+0+0 (secure 0 0 0) 0x7f2098024ab0 con 0x7f20a8105340
2024-03-21T13:09:49.100 INFO:teuthology.orchestra.run.smithi084.stdout:/usr/bin/ceph: stderr
2024-03-21T13:09:42.893+0000 7f209e7fc700 1 --2- 172.21.15.84:0/916315477 >> [v2:172.21.15.84:6800/2373448899,v1:172.21.15.84:6801/2373448899] conn(0x7f2094038330 0x7f209403a7f0 unknown :-1 s=NONE pgs=0 cs=0 l=1 rev1=0 crypto rx=0 tx=0 comp rx=0 tx=0).connect
2024-03-21T13:09:49.100 INFO:teuthology.orchestra.run.smithi084.stdout:/usr/bin/ceph: stderr
2024-03-21T13:09:42.893+0000 7f209e7fc700 1 -- 172.21.15.84:0/916315477 --> [v2:172.21.15.84:6800/2373448899,v1:172.21.15.84:6801/2373448899] -- command(tid 0: {"prefix": "get_command_descriptions"}) v1 -- 0x7f209403af00 con 0x7f2094038330
2024-03-21T13:09:49.100 INFO:teuthology.orchestra.run.smithi084.stdout:/usr/bin/ceph: stderr
2024-03-21T13:09:42.893+0000 7f20ac87a700 1 -- 172.21.15.84:0/916315477 >> [v2:172.21.15.84:6800/2373448899,v1:172.21.15.84:6801/2373448899] conn(0x7f2094038330 msgr2=0x7f209403a7f0 unknown :-1 s=STATE_CONNECTING_RE l=1).process reconnect failed to v2:172.21.15.84:6800/2373448899
2024-03-21T13:09:49.100 INFO:teuthology.orchestra.run.smithi084.stdout:/usr/bin/ceph: stderr
2024-03-21T13:09:42.893+0000 7f209e7fc700 1 -- 172.21.15.84:0/916315477 <== mon.0 v2:172.21.15.84:3300/0 5 ==== osd_map(2..2 src has 1..2) v4 ==== 940+0+0 (secure 0 0 0) 0x7f209804c470 con 0x7f20a8105340
2024-03-21T13:09:49.100 INFO:teuthology.orchestra.run.smithi084.stdout:/usr/bin/ceph: stderr
2024-03-21T13:09:42.893+0000 7f20ac87a700 1 --2- 172.21.15.84:0/916315477 >> [v2:172.21.15.84:6800/2373448899,v1:172.21.15.84:6801/2373448899] conn(0x7f2094038330 0x7f209403a7f0 unknown :-1 s=START_CONNECT pgs=0 cs=0 l=1 rev1=0 crypto rx=0 tx=0 comp rx=0 tx=0)._fault waiting 0.200000
2024-03-21T13:09:49.100 INFO:teuthology.orchestra.run.smithi084.stdout:/usr/bin/ceph: stderr
2024-03-21T13:09:43.094+0000 7f20ac87a700 1 -- 172.21.15.84:0/916315477 >> [v2:172.21.15.84:6800/2373448899,v1:172.21.15.84:6801/2373448899] conn(0x7f2094038330 msgr2=0x7f209403a7f0 unknown :-1 s=STATE_CONNECTING_RE l=1).process reconnect failed to v2:172.21.15.84:6800/2373448899
2024-03-21T13:09:49.100 INFO:teuthology.orchestra.run.smithi084.stdout:/usr/bin/ceph: stderr
2024-03-21T13:09:43.094+0000 7f20ac87a700 1 --2- 172.21.15.84:0/916315477 >> [v2:172.21.15.84:6800/2373448899,v1:172.21.15.84:6801/2373448899] conn(0x7f2094038330 0x7f209403a7f0 unknown :-1 s=START_CONNECT pgs=0 cs=0 l=1 rev1=0 crypto rx=0 tx=0 comp rx=0 tx=0)._fault waiting 0.400000
2024-03-21T13:09:49.100 INFO:teuthology.orchestra.run.smithi084.stdout:/usr/bin/ceph: stderr
2024-03-21T13:09:43.495+0000 7f20ac87a700 1 -- 172.21.15.84:0/916315477 >> [v2:172.21.15.84:6800/2373448899,v1:172.21.15.84:6801/2373448899] conn(0x7f2094038330 msgr2=0x7f209403a7f0 unknown :-1 s=STATE_CONNECTING_RE l=1).process reconnect failed to v2:172.21.15.84:6800/2373448899
2024-03-21T13:09:49.100 INFO:teuthology.orchestra.run.smithi084.stdout:/usr/bin/ceph: stderr
2024-03-21T13:09:43.495+0000 7f20ac87a700 1 --2- 172.21.15.84:0/916315477 >> [v2:172.21.15.84:6800/2373448899,v1:172.21.15.84:6801/2373448899] conn(0x7f2094038330 0x7f209403a7f0 unknown :-1 s=START_CONNECT pgs=0 cs=0 l=1 rev1=0 crypto rx=0 tx=0 comp rx=0 tx=0)._fault waiting 0.800000
2024-03-21T13:09:49.100 INFO:teuthology.orchestra.run.smithi084.stdout:/usr/bin/ceph: stderr
2024-03-21T13:09:44.296+0000 7f20ac87a700 1 -- 172.21.15.84:0/916315477 >> [v2:172.21.15.84:6800/2373448899,v1:172.21.15.84:6801/2373448899] conn(0x7f2094038330 msgr2=0x7f209403a7f0 unknown :-1 s=STATE_CONNECTING_RE l=1).process reconnect failed to v2:172.21.15.84:6800/2373448899
2024-03-21T13:09:49.100 INFO:teuthology.orchestra.run.smithi084.stdout:/usr/bin/ceph: stderr
2024-03-21T13:09:44.296+0000 7f20ac87a700 1 --2- 172.21.15.84:0/916315477 >> [v2:172.21.15.84:6800/2373448899,v1:172.21.15.84:6801/2373448899] conn(0x7f2094038330 0x7f209403a7f0 unknown :-1 s=START_CONNECT pgs=0 cs=0 l=1 rev1=0 crypto rx=0 tx=0 comp rx=0 tx=0)._fault waiting 1.600000
2024-03-21T13:09:49.101 INFO:teuthology.orchestra.run.smithi084.stdout:/usr/bin/ceph: stderr
2024-03-21T13:09:45.896+0000 7f20ac87a700 1 -- 172.21.15.84:0/916315477 >> [v2:172.21.15.84:6800/2373448899,v1:172.21.15.84:6801/2373448899] conn(0x7f2094038330 msgr2=0x7f209403a7f0 unknown :-1 s=STATE_CONNECTING_RE l=1).process reconnect failed to v2:172.21.15.84:6800/2373448899
2024-03-21T13:09:49.101 INFO:teuthology.orchestra.run.smithi084.stdout:/usr/bin/ceph: stderr
2024-03-21T13:09:45.896+0000 7f20ac87a700 1 --2- 172.21.15.84:0/916315477 >> [v2:172.21.15.84:6800/2373448899,v1:172.21.15.84:6801/2373448899] conn(0x7f2094038330 0x7f209403a7f0 unknown :-1 s=START_CONNECT pgs=0 cs=0 l=1 rev1=0 crypto rx=0 tx=0 comp rx=0 tx=0)._fault waiting 3.200000
2024-03-21T13:09:49.101 INFO:teuthology.orchestra.run.smithi084.stdout:/usr/bin/ceph: stderr
2024-03-21T13:09:47.283+0000 7f209e7fc700 1 -- 172.21.15.84:0/916315477 <== mon.0 v2:172.21.15.84:3300/0 6 ==== mgrmap(e 10) v1 ==== 45063+0+0 (secure 0 0 0) 0x7f209801ac70 con 0x7f20a8105340
2024-03-21T13:09:49.101 INFO:teuthology.orchestra.run.smithi084.stdout:/usr/bin/ceph: stderr
2024-03-21T13:09:47.283+0000 7f209e7fc700 1 -- 172.21.15.84:0/916315477 >> [v2:172.21.15.84:6800/2373448899,v1:172.21.15.84:6801/2373448899] conn(0x7f2094038330 msgr2=0x7f209403a7f0 unknown :-1 s=STATE_CONNECTING l=1).mark_down
2024-03-21T13:09:49.101 INFO:teuthology.orchestra.run.smithi084.stdout:/usr/bin/ceph: stderr
2024-03-21T13:09:47.283+0000 7f209e7fc700 1 --2- 172.21.15.84:0/916315477 >> [v2:172.21.15.84:6800/2373448899,v1:172.21.15.84:6801/2373448899] conn(0x7f2094038330 0x7f209403a7f0 unknown :-1 s=START_CONNECT pgs=0 cs=0 l=1 rev1=0 crypto rx=0 tx=0 comp rx=0 tx=0).stop
2024-03-21T13:09:49.101 INFO:teuthology.orchestra.run.smithi084.stdout:/usr/bin/ceph: stderr
2024-03-21T13:09:48.285+0000 7f209e7fc700 1 -- 172.21.15.84:0/916315477 <== mon.0 v2:172.21.15.84:3300/0 7 ==== mgrmap(e 11) v1 ==== 45190+0+0 (secure 0 0 0) 0x7f209801bd40 con 0x7f20a8105340
2024-03-21T13:09:49.101 INFO:teuthology.orchestra.run.smithi084.stdout:/usr/bin/ceph: stderr
2024-03-21T13:09:48.285+0000 7f209e7fc700 1 --2- 172.21.15.84:0/916315477 >> [v2:172.21.15.84:6800/1955776418,v1:172.21.15.84:6801/1955776418] conn(0x7f209403bdf0 0x7f209403e1e0 unknown :-1 s=NONE pgs=0 cs=0 l=1 rev1=0 crypto rx=0 tx=0 comp rx=0 tx=0).connect
2024-03-21T13:09:49.101 INFO:teuthology.orchestra.run.smithi084.stdout:/usr/bin/ceph: stderr
2024-03-21T13:09:48.285+0000 7f209e7fc700 1 -- 172.21.15.84:0/916315477 --> [v2:172.21.15.84:6800/1955776418,v1:172.21.15.84:6801/1955776418] -- command(tid 0: {"prefix": "get_command_descriptions"}) v1 -- 0x7f209403af00 con 0x7f209403bdf0
2024-03-21T13:09:49.101 INFO:teuthology.orchestra.run.smithi084.stdout:/usr/bin/ceph: stderr
2024-03-21T13:09:48.286+0000 7f20ac87a700 1 --2- 172.21.15.84:0/916315477 >> [v2:172.21.15.84:6800/1955776418,v1:172.21.15.84:6801/1955776418] conn(0x7f209403bdf0 0x7f209403e1e0 unknown :-1 s=BANNER_CONNECTING pgs=0 cs=0 l=1 rev1=0 crypto rx=0 tx=0 comp rx=0 tx=0)._handle_peer_banner_payload supported=3 required=0
2024-03-21T13:09:49.101 INFO:teuthology.orchestra.run.smithi084.stdout:/usr/bin/ceph: stderr
2024-03-21T13:09:48.286+0000 7f20ac87a700 1 --2- 172.21.15.84:0/916315477 >> [v2:172.21.15.84:6800/1955776418,v1:172.21.15.84:6801/1955776418] conn(0x7f209403bdf0 0x7f209403e1e0 secure :-1 s=READY pgs=1 cs=0 l=1 rev1=1 crypto rx=0x7f20a4003a10 tx=0x7f20a40092b0 comp rx=0 tx=0).ready entity=mgr.14162 client_cookie=0 server_cookie=0 in_seq=0 out_seq=0
2024-03-21T13:09:49.102 INFO:teuthology.orchestra.run.smithi084.stdout:/usr/bin/ceph: stderr
2024-03-21T13:09:48.286+0000 7f209e7fc700 1 -- 172.21.15.84:0/916315477 <== mgr.14162 v2:172.21.15.84:6800/1955776418 1 ==== command_reply(tid 0: 0 ) v1 ==== 8+0+6910 (secure 0 0 0) 0x7f209403af00 con 0x7f209403bdf0
2024-03-21T13:09:49.102 INFO:teuthology.orchestra.run.smithi084.stdout:/usr/bin/ceph: stderr
2024-03-21T13:09:48.293+0000 7f20af2df700 1 -- 172.21.15.84:0/916315477 --> [v2:172.21.15.84:6800/1955776418,v1:172.21.15.84:6801/1955776418] -- command(tid 1: {"prefix": "mgr_status"}) v1 -- 0x7f20a8073ea0 con 0x7f209403bdf0
2024-03-21T13:09:49.102 INFO:teuthology.orchestra.run.smithi084.stdout:/usr/bin/ceph: stderr
2024-03-21T13:09:48.293+0000 7f209e7fc700 1 -- 172.21.15.84:0/916315477 <== mgr.14162 v2:172.21.15.84:6800/1955776418 2 ==== command_reply(tid 1: 0 ) v1 ==== 8+0+52 (secure 0 0 0) 0x7f20a8073ea0 con 0x7f209403bdf0
2024-03-21T13:09:49.102 INFO:teuthology.orchestra.run.smithi084.stdout:/usr/bin/ceph: stderr
2024-03-21T13:09:48.293+0000 7f20af2df700 1 -- 172.21.15.84:0/916315477 >> [v2:172.21.15.84:6800/1955776418,v1:172.21.15.84:6801/1955776418] conn(0x7f209403bdf0 msgr2=0x7f209403e1e0 secure :-1 s=STATE_CONNECTION_ESTABLISHED l=1).mark_down
2024-03-21T13:09:49.102 INFO:teuthology.orchestra.run.smithi084.stdout:/usr/bin/ceph: stderr
2024-03-21T13:09:48.293+0000 7f20af2df700 1 --2- 172.21.15.84:0/916315477 >> [v2:172.21.15.84:6800/1955776418,v1:172.21.15.84:6801/1955776418] conn(0x7f209403bdf0 0x7f209403e1e0 secure :-1 s=READY pgs=1 cs=0 l=1 rev1=1 crypto rx=0x7f20a4003a10 tx=0x7f20a40092b0 comp rx=0 tx=0).stop
2024-03-21T13:09:49.102 INFO:teuthology.orchestra.run.smithi084.stdout:/usr/bin/ceph: stderr
2024-03-21T13:09:48.293+0000 7f20af2df700 1 -- 172.21.15.84:0/916315477 >> [v2:172.21.15.84:3300/0,v1:172.21.15.84:6789/0] conn(0x7f20a8105340 msgr2=0x7f20a8074300 secure :-1 s=STATE_CONNECTION_ESTABLISHED l=1).mark_down
2024-03-21T13:09:49.102 INFO:teuthology.orchestra.run.smithi084.stdout:/usr/bin/ceph: stderr
2024-03-21T13:09:48.293+0000 7f20af2df700 1 --2- 172.21.15.84:0/916315477 >> [v2:172.21.15.84:3300/0,v1:172.21.15.84:6789/0] conn(0x7f20a8105340 0x7f20a8074300 secure :-1 s=READY pgs=72 cs=0 l=1 rev1=1 crypto rx=0x7f2098011670 tx=0x7f2098011aa0 comp rx=0 tx=0).stop
2024-03-21T13:09:49.102 INFO:teuthology.orchestra.run.smithi084.stdout:/usr/bin/ceph: stderr
2024-03-21T13:09:48.293+0000 7f20af2df700 1 -- 172.21.15.84:0/916315477 shutdown_connections
2024-03-21T13:09:49.102 INFO:teuthology.orchestra.run.smithi084.stdout:/usr/bin/ceph: stderr
2024-03-21T13:09:48.293+0000 7f20af2df700 1 --2- 172.21.15.84:0/916315477 >> [v2:172.21.15.84:6800/1955776418,v1:172.21.15.84:6801/1955776418] conn(0x7f209403bdf0 0x7f209403e1e0 unknown :-1 s=CLOSED pgs=1 cs=0 l=1 rev1=1 crypto rx=0 tx=0 comp rx=0 tx=0).stop
2024-03-21T13:09:49.102 INFO:teuthology.orchestra.run.smithi084.stdout:/usr/bin/ceph: stderr
2024-03-21T13:09:48.293+0000 7f20af2df700 1 --2- 172.21.15.84:0/916315477 >> [v2:172.21.15.84:3300/0,v1:172.21.15.84:6789/0] conn(0x7f20a8105340 0x7f20a8074300 unknown :-1 s=CLOSED pgs=72 cs=0 l=1 rev1=1 crypto rx=0 tx=0 comp rx=0 tx=0).stop
2024-03-21T13:09:49.103 INFO:teuthology.orchestra.run.smithi084.stdout:/usr/bin/ceph: stderr
2024-03-21T13:09:48.293+0000 7f20af2df700 1 --2- 172.21.15.84:0/916315477 >> [v2:172.21.15.84:6800/2373448899,v1:172.21.15.84:6801/2373448899] conn(0x7f2094038330 0x7f209403a7f0 unknown :-1 s=CLOSED pgs=0 cs=0 l=1 rev1=0 crypto rx=0 tx=0 comp rx=0 tx=0).stop
2024-03-21T13:09:49.103 INFO:teuthology.orchestra.run.smithi084.stdout:/usr/bin/ceph: stderr
2024-03-21T13:09:48.293+0000 7f20af2df700 1 -- 172.21.15.84:0/916315477 >> 172.21.15.84:0/916315477 conn(0x7f20a81008c0 msgr2=0x7f20a8101ff0 unknown :-1 s=STATE_NONE l=0).mark_down
2024-03-21T13:09:49.103 INFO:teuthology.orchestra.run.smithi084.stdout:/usr/bin/ceph: stderr
2024-03-21T13:09:48.293+0000 7f20af2df700 1 -- 172.21.15.84:0/916315477 shutdown_connections
2024-03-21T13:09:49.103 INFO:teuthology.orchestra.run.smithi084.stdout:/usr/bin/ceph: stderr
2024-03-21T13:09:48.293+0000 7f20af2df700 1 -- 172.21.15.84:0/916315477 wait complete.
2024-03-21T13:09:49.103 INFO:teuthology.orchestra.run.smithi084.stdout:mgr epoch 9 is available
2024-03-21T13:09:49.103 INFO:teuthology.orchestra.run.smithi084.stdout:Generating a dashboard self-signed certificate...
2024-03-21T13:09:49.744 INFO:journalctl@ceph.mon.smithi084.smithi084.stdout:Mar 21 13:09:49 smithi084 ceph-mon[29234]: [21/Mar/2024:13:09:48] ENGINE Bus STARTING
2024-03-21T13:09:49.744 INFO:journalctl@ceph.mon.smithi084.smithi084.stdout:Mar 21 13:09:49 smithi084 ceph-mon[29234]: [21/Mar/2024:13:09:48] ENGINE Serving on https://172.21.15.84:7150
2024-03-21T13:09:49.744 INFO:journalctl@ceph.mon.smithi084.smithi084.stdout:Mar 21 13:09:49 smithi084 ceph-mon[29234]: [21/Mar/2024:13:09:48] ENGINE Serving on http://172.21.15.84:8765
2024-03-21T13:09:49.744 INFO:journalctl@ceph.mon.smithi084.smithi084.stdout:Mar 21 13:09:49 smithi084 ceph-mon[29234]: [21/Mar/2024:13:09:48] ENGINE Bus STARTED
2024-03-21T13:09:49.744 INFO:journalctl@ceph.mon.smithi084.smithi084.stdout:Mar 21 13:09:49 smithi084 ceph-mon[29234]: from='client.14166 -' entity='client.admin' cmd=[{"prefix": "get_command_descriptions"}]: dispatch
2024-03-21T13:09:49.744 INFO:journalctl@ceph.mon.smithi084.smithi084.stdout:Mar 21 13:09:49 smithi084 ceph-mon[29234]: from='client.14166 -' entity='client.admin' cmd=[{"prefix": "mgr_status"}]: dispatch
2024-03-21T13:09:49.744 INFO:journalctl@ceph.mon.smithi084.smithi084.stdout:Mar 21 13:09:49 smithi084 ceph-mon[29234]: from='mgr.14162 172.21.15.84:0/2194509922' entity='mgr.smithi084.qludfo'
2024-03-21T13:09:50.445 INFO:teuthology.orchestra.run.smithi084.stdout:/usr/bin/ceph: stdout Self-signed certificate created
2024-03-21T13:09:50.445 INFO:teuthology.orchestra.run.smithi084.stdout:/usr/bin/ceph: stderr
2024-03-21T13:09:49.516+0000 7fc1556f0700 1 Processor -- start
2024-03-21T13:09:50.445 INFO:teuthology.orchestra.run.smithi084.stdout:/usr/bin/ceph: stderr
2024-03-21T13:09:49.516+0000 7fc1556f0700 1 -- start start
2024-03-21T13:09:50.446 INFO:teuthology.orchestra.run.smithi084.stdout:/usr/bin/ceph: stderr
2024-03-21T13:09:49.516+0000 7fc1556f0700 1 --2- >> [v2:172.21.15.84:3300/0,v1:172.21.15.84:6789/0] conn(0x7fc150106430 0x7fc150106850 unknown :-1 s=NONE pgs=0 cs=0 l=0 rev1=0 crypto rx=0 tx=0 comp rx=0 tx=0).connect
2024-03-21T13:09:50.446 INFO:teuthology.orchestra.run.smithi084.stdout:/usr/bin/ceph: stderr
2024-03-21T13:09:49.516+0000 7fc1556f0700 1 -- --> [v2:172.21.15.84:3300/0,v1:172.21.15.84:6789/0] -- mon_getmap magic: 0 v1 -- 0x7fc150106e20 con 0x7fc150106430
2024-03-21T13:09:50.446 INFO:teuthology.orchestra.run.smithi084.stdout:/usr/bin/ceph: stderr
2024-03-21T13:09:49.516+0000 7fc14effd700 1 --2- >> [v2:172.21.15.84:3300/0,v1:172.21.15.84:6789/0] conn(0x7fc150106430 0x7fc150106850 unknown :-1 s=BANNER_CONNECTING pgs=0 cs=0 l=0 rev1=0 crypto rx=0 tx=0 comp rx=0 tx=0)._handle_peer_banner_payload supported=3 required=0
2024-03-21T13:09:50.446 INFO:teuthology.orchestra.run.smithi084.stdout:/usr/bin/ceph: stderr
2024-03-21T13:09:49.516+0000 7fc14effd700 1 --2- >> [v2:172.21.15.84:3300/0,v1:172.21.15.84:6789/0] conn(0x7fc150106430 0x7fc150106850 unknown :-1 s=HELLO_CONNECTING pgs=0 cs=0 l=0 rev1=1 crypto rx=0 tx=0 comp rx=0 tx=0).handle_hello peer v2:172.21.15.84:3300/0 says I am v2:172.21.15.84:56680/0 (socket says 172.21.15.84:56680)
2024-03-21T13:09:50.446 INFO:teuthology.orchestra.run.smithi084.stdout:/usr/bin/ceph: stderr
2024-03-21T13:09:49.516+0000 7fc14effd700 1 -- 172.21.15.84:0/116375161 learned_addr learned my addr 172.21.15.84:0/116375161 (peer_addr_for_me v2:172.21.15.84:0/0)
2024-03-21T13:09:50.446 INFO:teuthology.orchestra.run.smithi084.stdout:/usr/bin/ceph: stderr
2024-03-21T13:09:49.517+0000 7fc14effd700 1 -- 172.21.15.84:0/116375161 --> [v2:172.21.15.84:3300/0,v1:172.21.15.84:6789/0] -- mon_subscribe({config=0+,monmap=0+}) v3 -- 0x7fc150107630 con 0x7fc150106430
2024-03-21T13:09:50.446 INFO:teuthology.orchestra.run.smithi084.stdout:/usr/bin/ceph: stderr
