2024-03-21T13:09:27.101+0000 7f7cd27fc700 1 --2- 172.21.15.84:0/4134484685 >> [v2:172.21.15.84:6800/2373448899,v1:172.21.15.84:6801/2373448899] conn(0x7f7cbc0382e0 0x7f7cbc03a7a0 unknown :-1 s=NONE pgs=0 cs=0 l=1 rev1=0 crypto rx=0 tx=0 comp rx=0 tx=0).connect
2024-03-21T13:09:28.070 INFO:teuthology.orchestra.run.smithi084.stdout:/usr/bin/ceph: stderr
2024-03-21T13:09:27.101+0000 7f7cd27fc700 1 -- 172.21.15.84:0/4134484685 <== mon.0 v2:172.21.15.84:3300/0 5 ==== osd_map(2..2 src has 1..2) v4 ==== 940+0+0 (secure 0 0 0) 0x7f7ccc04bf00 con 0x7f7cd407beb0
2024-03-21T13:09:28.070 INFO:teuthology.orchestra.run.smithi084.stdout:/usr/bin/ceph: stderr
2024-03-21T13:09:27.101+0000 7f7cd8948700 1 --2- 172.21.15.84:0/4134484685 >> [v2:172.21.15.84:6800/2373448899,v1:172.21.15.84:6801/2373448899] conn(0x7f7cbc0382e0 0x7f7cbc03a7a0 unknown :-1 s=BANNER_CONNECTING pgs=0 cs=0 l=1 rev1=0 crypto rx=0 tx=0 comp rx=0 tx=0)._handle_peer_banner_payload supported=3 required=0
2024-03-21T13:09:28.070 INFO:teuthology.orchestra.run.smithi084.stdout:/usr/bin/ceph: stderr
2024-03-21T13:09:27.101+0000 7f7cd8948700 1 --2- 172.21.15.84:0/4134484685 >> [v2:172.21.15.84:6800/2373448899,v1:172.21.15.84:6801/2373448899] conn(0x7f7cbc0382e0 0x7f7cbc03a7a0 secure :-1 s=READY pgs=13 cs=0 l=1 rev1=1 crypto rx=0x7f7cc8006fd0 tx=0x7f7cc8006e40 comp rx=0 tx=0).ready entity=mgr.14118 client_cookie=0 server_cookie=0 in_seq=0 out_seq=0
2024-03-21T13:09:28.070 INFO:teuthology.orchestra.run.smithi084.stdout:/usr/bin/ceph: stderr
2024-03-21T13:09:27.105+0000 7f7cd27fc700 1 -- 172.21.15.84:0/4134484685 <== mon.0 v2:172.21.15.84:3300/0 6 ==== mon_command_ack([{"prefix": "get_command_descriptions"}]=0 v0) v1 ==== 72+0+180422 (secure 0 0 0) 0x7f7ccc01a390 con 0x7f7cd407beb0
2024-03-21T13:09:28.070 INFO:teuthology.orchestra.run.smithi084.stdout:/usr/bin/ceph: stderr
2024-03-21T13:09:27.311+0000 7f7cdb3ad700 1 -- 172.21.15.84:0/4134484685 --> [v2:172.21.15.84:6800/2373448899,v1:172.21.15.84:6801/2373448899] -- mgr_command(tid 0: {"prefix": "orch apply", "service_type": "mgr", "target": ["mon-mgr", ""]}) v1 -- 0x7f7cd4102eb0 con 0x7f7cbc0382e0
2024-03-21T13:09:28.070 INFO:teuthology.orchestra.run.smithi084.stdout:/usr/bin/ceph: stderr
2024-03-21T13:09:27.316+0000 7f7cd27fc700 1 -- 172.21.15.84:0/4134484685 <== mgr.14118 v2:172.21.15.84:6800/2373448899 1 ==== mgr_command_reply(tid 0: 0 ) v1 ==== 8+0+24 (secure 0 0 0) 0x7f7cd4102eb0 con 0x7f7cbc0382e0
2024-03-21T13:09:28.070 INFO:teuthology.orchestra.run.smithi084.stdout:/usr/bin/ceph: stderr
2024-03-21T13:09:27.318+0000 7f7cdb3ad700 1 -- 172.21.15.84:0/4134484685 >> [v2:172.21.15.84:6800/2373448899,v1:172.21.15.84:6801/2373448899] conn(0x7f7cbc0382e0 msgr2=0x7f7cbc03a7a0 secure :-1 s=STATE_CONNECTION_ESTABLISHED l=1).mark_down
2024-03-21T13:09:28.070 INFO:teuthology.orchestra.run.smithi084.stdout:/usr/bin/ceph: stderr
2024-03-21T13:09:27.318+0000 7f7cdb3ad700 1 --2- 172.21.15.84:0/4134484685 >> [v2:172.21.15.84:6800/2373448899,v1:172.21.15.84:6801/2373448899] conn(0x7f7cbc0382e0 0x7f7cbc03a7a0 secure :-1 s=READY pgs=13 cs=0 l=1 rev1=1 crypto rx=0x7f7cc8006fd0 tx=0x7f7cc8006e40 comp rx=0 tx=0).stop
2024-03-21T13:09:28.071 INFO:teuthology.orchestra.run.smithi084.stdout:/usr/bin/ceph: stderr
2024-03-21T13:09:27.318+0000 7f7cdb3ad700 1 -- 172.21.15.84:0/4134484685 >> [v2:172.21.15.84:3300/0,v1:172.21.15.84:6789/0] conn(0x7f7cd407beb0 msgr2=0x7f7cd419c290 secure :-1 s=STATE_CONNECTION_ESTABLISHED l=1).mark_down
2024-03-21T13:09:28.071 INFO:teuthology.orchestra.run.smithi084.stdout:/usr/bin/ceph: stderr
2024-03-21T13:09:27.318+0000 7f7cdb3ad700 1 --2- 172.21.15.84:0/4134484685 >> [v2:172.21.15.84:3300/0,v1:172.21.15.84:6789/0] conn(0x7f7cd407beb0 0x7f7cd419c290 secure :-1 s=READY pgs=48 cs=0 l=1 rev1=1 crypto rx=0x7f7ccc00b7b0 tx=0x7f7ccc004430 comp rx=0 tx=0).stop
2024-03-21T13:09:28.071 INFO:teuthology.orchestra.run.smithi084.stdout:/usr/bin/ceph: stderr
2024-03-21T13:09:27.318+0000 7f7cdb3ad700 1 -- 172.21.15.84:0/4134484685 shutdown_connections
2024-03-21T13:09:28.071 INFO:teuthology.orchestra.run.smithi084.stdout:/usr/bin/ceph: stderr
2024-03-21T13:09:27.318+0000 7f7cdb3ad700 1 --2- 172.21.15.84:0/4134484685 >> [v2:172.21.15.84:6800/2373448899,v1:172.21.15.84:6801/2373448899] conn(0x7f7cbc0382e0 0x7f7cbc03a7a0 unknown :-1 s=CLOSED pgs=13 cs=0 l=1 rev1=1 crypto rx=0 tx=0 comp rx=0 tx=0).stop
2024-03-21T13:09:28.071 INFO:teuthology.orchestra.run.smithi084.stdout:/usr/bin/ceph: stderr
2024-03-21T13:09:27.318+0000 7f7cdb3ad700 1 --2- 172.21.15.84:0/4134484685 >> [v2:172.21.15.84:3300/0,v1:172.21.15.84:6789/0] conn(0x7f7cd407beb0 0x7f7cd419c290 unknown :-1 s=CLOSED pgs=48 cs=0 l=1 rev1=1 crypto rx=0 tx=0 comp rx=0 tx=0).stop
2024-03-21T13:09:28.071 INFO:teuthology.orchestra.run.smithi084.stdout:/usr/bin/ceph: stderr
2024-03-21T13:09:27.318+0000 7f7cdb3ad700 1 -- 172.21.15.84:0/4134484685 >> 172.21.15.84:0/4134484685 conn(0x7f7cd4101a00 msgr2=0x7f7cd41027a0 unknown :-1 s=STATE_NONE l=0).mark_down
2024-03-21T13:09:28.071 INFO:teuthology.orchestra.run.smithi084.stdout:/usr/bin/ceph: stderr
2024-03-21T13:09:27.318+0000 7f7cdb3ad700 1 -- 172.21.15.84:0/4134484685 shutdown_connections
2024-03-21T13:09:28.071 INFO:teuthology.orchestra.run.smithi084.stdout:/usr/bin/ceph: stderr
2024-03-21T13:09:27.318+0000 7f7cdb3ad700 1 -- 172.21.15.84:0/4134484685 wait complete.
2024-03-21T13:09:28.071 INFO:teuthology.orchestra.run.smithi084.stdout:Deploying crash service with default placement...
2024-03-21T13:09:28.584 INFO:journalctl@ceph.mon.smithi084.smithi084.stdout:Mar 21 13:09:28 smithi084 ceph-mon[29234]: from='client.14142 -' entity='client.admin' cmd=[{"prefix": "orch apply", "service_type": "mgr", "target": ["mon-mgr", ""]}]: dispatch
2024-03-21T13:09:28.585 INFO:journalctl@ceph.mon.smithi084.smithi084.stdout:Mar 21 13:09:28 smithi084 ceph-mon[29234]: Saving service mgr spec with placement count:2
2024-03-21T13:09:28.585 INFO:journalctl@ceph.mon.smithi084.smithi084.stdout:Mar 21 13:09:28 smithi084 ceph-mon[29234]: from='mgr.14118 172.21.15.84:0/1284225582' entity='mgr.smithi084.qludfo'
2024-03-21T13:09:29.605 INFO:teuthology.orchestra.run.smithi084.stdout:/usr/bin/ceph: stdout Scheduled crash update...
2024-03-21T13:09:29.605 INFO:teuthology.orchestra.run.smithi084.stdout:/usr/bin/ceph: stderr
2024-03-21T13:09:28.856+0000 7fe7c39d7700 1 Processor -- start
2024-03-21T13:09:29.605 INFO:teuthology.orchestra.run.smithi084.stdout:/usr/bin/ceph: stderr
2024-03-21T13:09:28.856+0000 7fe7c39d7700 1 -- start start
2024-03-21T13:09:29.605 INFO:teuthology.orchestra.run.smithi084.stdout:/usr/bin/ceph: stderr
2024-03-21T13:09:28.856+0000 7fe7c39d7700 1 --2- >> [v2:172.21.15.84:3300/0,v1:172.21.15.84:6789/0] conn(0x7fe7bc07beb0 0x7fe7bc07a310 unknown :-1 s=NONE pgs=0 cs=0 l=0 rev1=0 crypto rx=0 tx=0 comp rx=0 tx=0).connect
2024-03-21T13:09:29.605 INFO:teuthology.orchestra.run.smithi084.stdout:/usr/bin/ceph: stderr
2024-03-21T13:09:28.856+0000 7fe7c39d7700 1 -- --> [v2:172.21.15.84:3300/0,v1:172.21.15.84:6789/0] -- mon_getmap magic: 0 v1 -- 0x7fe7bc07a8e0 con 0x7fe7bc07beb0
2024-03-21T13:09:29.605 INFO:teuthology.orchestra.run.smithi084.stdout:/usr/bin/ceph: stderr
2024-03-21T13:09:28.856+0000 7fe7c1773700 1 --2- >> [v2:172.21.15.84:3300/0,v1:172.21.15.84:6789/0] conn(0x7fe7bc07beb0 0x7fe7bc07a310 unknown :-1 s=BANNER_CONNECTING pgs=0 cs=0 l=0 rev1=0 crypto rx=0 tx=0 comp rx=0 tx=0)._handle_peer_banner_payload supported=3 required=0
2024-03-21T13:09:29.605 INFO:teuthology.orchestra.run.smithi084.stdout:/usr/bin/ceph: stderr
2024-03-21T13:09:28.856+0000 7fe7c1773700 1 --2- >> [v2:172.21.15.84:3300/0,v1:172.21.15.84:6789/0] conn(0x7fe7bc07beb0 0x7fe7bc07a310 unknown :-1 s=HELLO_CONNECTING pgs=0 cs=0 l=0 rev1=1 crypto rx=0 tx=0 comp rx=0 tx=0).handle_hello peer v2:172.21.15.84:3300/0 says I am v2:172.21.15.84:56704/0 (socket says 172.21.15.84:56704)
2024-03-21T13:09:29.605 INFO:teuthology.orchestra.run.smithi084.stdout:/usr/bin/ceph: stderr
2024-03-21T13:09:28.856+0000 7fe7c1773700 1 -- 172.21.15.84:0/1564221861 learned_addr learned my addr 172.21.15.84:0/1564221861 (peer_addr_for_me v2:172.21.15.84:0/0)
2024-03-21T13:09:29.605 INFO:teuthology.orchestra.run.smithi084.stdout:/usr/bin/ceph: stderr
2024-03-21T13:09:28.857+0000 7fe7c1773700 1 -- 172.21.15.84:0/1564221861 --> [v2:172.21.15.84:3300/0,v1:172.21.15.84:6789/0] -- mon_subscribe({config=0+,monmap=0+}) v3 -- 0x7fe7bc07aa20 con 0x7fe7bc07beb0
2024-03-21T13:09:29.605 INFO:teuthology.orchestra.run.smithi084.stdout:/usr/bin/ceph: stderr
2024-03-21T13:09:28.857+0000 7fe7c1773700 1 --2- 172.21.15.84:0/1564221861 >> [v2:172.21.15.84:3300/0,v1:172.21.15.84:6789/0] conn(0x7fe7bc07beb0 0x7fe7bc07a310 secure :-1 s=READY pgs=49 cs=0 l=1 rev1=1 crypto rx=0x7fe7b80098a0 tx=0x7fe7b8009bb0 comp rx=0 tx=0).ready entity=mon.0 client_cookie=83a27ba2b23e370a server_cookie=0 in_seq=0 out_seq=0
2024-03-21T13:09:29.606 INFO:teuthology.orchestra.run.smithi084.stdout:/usr/bin/ceph: stderr
2024-03-21T13:09:28.857+0000 7fe7b3fff700 1 -- 172.21.15.84:0/1564221861 <== mon.0 v2:172.21.15.84:3300/0 1 ==== mon_map magic: 0 v1 ==== 229+0+0 (secure 0 0 0) 0x7fe7b8004180 con 0x7fe7bc07beb0
2024-03-21T13:09:29.606 INFO:teuthology.orchestra.run.smithi084.stdout:/usr/bin/ceph: stderr
2024-03-21T13:09:28.857+0000 7fe7b3fff700 1 -- 172.21.15.84:0/1564221861 <== mon.0 v2:172.21.15.84:3300/0 2 ==== config(27 keys) v1 ==== 1101+0+0 (secure 0 0 0) 0x7fe7b80042e0 con 0x7fe7bc07beb0
2024-03-21T13:09:29.606 INFO:teuthology.orchestra.run.smithi084.stdout:/usr/bin/ceph: stderr
2024-03-21T13:09:28.857+0000 7fe7b3fff700 1 -- 172.21.15.84:0/1564221861 <== mon.0 v2:172.21.15.84:3300/0 3 ==== mon_map magic: 0 v1 ==== 229+0+0 (secure 0 0 0) 0x7fe7b8011af0 con 0x7fe7bc07beb0
2024-03-21T13:09:29.606 INFO:teuthology.orchestra.run.smithi084.stdout:/usr/bin/ceph: stderr
2024-03-21T13:09:28.858+0000 7fe7c39d7700 1 -- 172.21.15.84:0/1564221861 >> [v2:172.21.15.84:3300/0,v1:172.21.15.84:6789/0] conn(0x7fe7bc07beb0 msgr2=0x7fe7bc07a310 secure :-1 s=STATE_CONNECTION_ESTABLISHED l=1).mark_down
2024-03-21T13:09:29.606 INFO:teuthology.orchestra.run.smithi084.stdout:/usr/bin/ceph: stderr
2024-03-21T13:09:28.858+0000 7fe7c39d7700 1 --2- 172.21.15.84:0/1564221861 >> [v2:172.21.15.84:3300/0,v1:172.21.15.84:6789/0] conn(0x7fe7bc07beb0 0x7fe7bc07a310 secure :-1 s=READY pgs=49 cs=0 l=1 rev1=1 crypto rx=0x7fe7b80098a0 tx=0x7fe7b8009bb0 comp rx=0 tx=0).stop
2024-03-21T13:09:29.606 INFO:teuthology.orchestra.run.smithi084.stdout:/usr/bin/ceph: stderr
2024-03-21T13:09:28.858+0000 7fe7c39d7700 1 -- 172.21.15.84:0/1564221861 shutdown_connections
2024-03-21T13:09:29.606 INFO:teuthology.orchestra.run.smithi084.stdout:/usr/bin/ceph: stderr
2024-03-21T13:09:28.858+0000 7fe7c39d7700 1 --2- 172.21.15.84:0/1564221861 >> [v2:172.21.15.84:3300/0,v1:172.21.15.84:6789/0] conn(0x7fe7bc07beb0 0x7fe7bc07a310 unknown :-1 s=CLOSED pgs=49 cs=0 l=1 rev1=1 crypto rx=0 tx=0 comp rx=0 tx=0).stop
2024-03-21T13:09:29.607 INFO:teuthology.orchestra.run.smithi084.stdout:/usr/bin/ceph: stderr
2024-03-21T13:09:28.858+0000 7fe7c39d7700 1 -- 172.21.15.84:0/1564221861 >> 172.21.15.84:0/1564221861 conn(0x7fe7bc101a00 msgr2=0x7fe7bc103e20 unknown :-1 s=STATE_NONE l=0).mark_down
2024-03-21T13:09:29.607 INFO:teuthology.orchestra.run.smithi084.stdout:/usr/bin/ceph: stderr
2024-03-21T13:09:28.858+0000 7fe7c39d7700 1 -- 172.21.15.84:0/1564221861 shutdown_connections
2024-03-21T13:09:29.607 INFO:teuthology.orchestra.run.smithi084.stdout:/usr/bin/ceph: stderr
2024-03-21T13:09:28.858+0000 7fe7c39d7700 1 -- 172.21.15.84:0/1564221861 wait complete.
2024-03-21T13:09:29.607 INFO:teuthology.orchestra.run.smithi084.stdout:/usr/bin/ceph: stderr
2024-03-21T13:09:28.858+0000 7fe7c39d7700 1 Processor -- start
2024-03-21T13:09:29.607 INFO:teuthology.orchestra.run.smithi084.stdout:/usr/bin/ceph: stderr
2024-03-21T13:09:28.858+0000 7fe7c39d7700 1 -- start start
2024-03-21T13:09:29.607 INFO:teuthology.orchestra.run.smithi084.stdout:/usr/bin/ceph: stderr
2024-03-21T13:09:28.858+0000 7fe7c39d7700 1 --2- >> [v2:172.21.15.84:3300/0,v1:172.21.15.84:6789/0] conn(0x7fe7bc07beb0 0x7fe7bc19c340 unknown :-1 s=NONE pgs=0 cs=0 l=1 rev1=0 crypto rx=0 tx=0 comp rx=0 tx=0).connect
2024-03-21T13:09:29.607 INFO:teuthology.orchestra.run.smithi084.stdout:/usr/bin/ceph: stderr
2024-03-21T13:09:28.858+0000 7fe7c39d7700 1 -- --> [v2:172.21.15.84:3300/0,v1:172.21.15.84:6789/0] -- mon_getmap magic: 0 v1 -- 0x7fe7bc19c880 con 0x7fe7bc07beb0
2024-03-21T13:09:29.607 INFO:teuthology.orchestra.run.smithi084.stdout:/usr/bin/ceph: stderr
2024-03-21T13:09:28.859+0000 7fe7c1773700 1 --2- >> [v2:172.21.15.84:3300/0,v1:172.21.15.84:6789/0] conn(0x7fe7bc07beb0 0x7fe7bc19c340 unknown :-1 s=BANNER_CONNECTING pgs=0 cs=0 l=1 rev1=0 crypto rx=0 tx=0 comp rx=0 tx=0)._handle_peer_banner_payload supported=3 required=0
2024-03-21T13:09:29.607 INFO:teuthology.orchestra.run.smithi084.stdout:/usr/bin/ceph: stderr
2024-03-21T13:09:28.859+0000 7fe7c1773700 1 --2- >> [v2:172.21.15.84:3300/0,v1:172.21.15.84:6789/0] conn(0x7fe7bc07beb0 0x7fe7bc19c340 unknown :-1 s=HELLO_CONNECTING pgs=0 cs=0 l=1 rev1=1 crypto rx=0 tx=0 comp rx=0 tx=0).handle_hello peer v2:172.21.15.84:3300/0 says I am v2:172.21.15.84:56708/0 (socket says 172.21.15.84:56708)
2024-03-21T13:09:29.607 INFO:teuthology.orchestra.run.smithi084.stdout:/usr/bin/ceph: stderr
2024-03-21T13:09:28.859+0000 7fe7c1773700 1 -- 172.21.15.84:0/551945794 learned_addr learned my addr 172.21.15.84:0/551945794 (peer_addr_for_me v2:172.21.15.84:0/0)
2024-03-21T13:09:29.607 INFO:teuthology.orchestra.run.smithi084.stdout:/usr/bin/ceph: stderr
2024-03-21T13:09:28.859+0000 7fe7c1773700 1 -- 172.21.15.84:0/551945794 --> [v2:172.21.15.84:3300/0,v1:172.21.15.84:6789/0] -- mon_subscribe({config=0+,monmap=0+}) v3 -- 0x7fe7b8009550 con 0x7fe7bc07beb0
2024-03-21T13:09:29.607 INFO:teuthology.orchestra.run.smithi084.stdout:/usr/bin/ceph: stderr
2024-03-21T13:09:28.859+0000 7fe7c1773700 1 --2- 172.21.15.84:0/551945794 >> [v2:172.21.15.84:3300/0,v1:172.21.15.84:6789/0] conn(0x7fe7bc07beb0 0x7fe7bc19c340 secure :-1 s=READY pgs=50 cs=0 l=1 rev1=1 crypto rx=0x7fe7b8006ba0 tx=0x7fe7b8011b50 comp rx=0 tx=0).ready entity=mon.0 client_cookie=0 server_cookie=0 in_seq=0 out_seq=0
2024-03-21T13:09:29.607 INFO:teuthology.orchestra.run.smithi084.stdout:/usr/bin/ceph: stderr
2024-03-21T13:09:28.859+0000 7fe7b27fc700 1 -- 172.21.15.84:0/551945794 <== mon.0 v2:172.21.15.84:3300/0 1 ==== mon_map magic: 0 v1 ==== 229+0+0 (secure 0 0 0) 0x7fe7b8003b00 con 0x7fe7bc07beb0
2024-03-21T13:09:29.607 INFO:teuthology.orchestra.run.smithi084.stdout:/usr/bin/ceph: stderr
2024-03-21T13:09:28.859+0000 7fe7b27fc700 1 -- 172.21.15.84:0/551945794 <== mon.0 v2:172.21.15.84:3300/0 2 ==== config(27 keys) v1 ==== 1101+0+0 (secure 0 0 0) 0x7fe7b801a8e0 con 0x7fe7bc07beb0
2024-03-21T13:09:29.607 INFO:teuthology.orchestra.run.smithi084.stdout:/usr/bin/ceph: stderr
2024-03-21T13:09:28.859+0000 7fe7c39d7700 1 -- 172.21.15.84:0/551945794 --> [v2:172.21.15.84:3300/0,v1:172.21.15.84:6789/0] -- mon_subscribe({mgrmap=0+}) v3 -- 0x7fe7bc19ca80 con 0x7fe7bc07beb0
2024-03-21T13:09:29.608 INFO:teuthology.orchestra.run.smithi084.stdout:/usr/bin/ceph: stderr
2024-03-21T13:09:28.859+0000 7fe7b27fc700 1 -- 172.21.15.84:0/551945794 <== mon.0 v2:172.21.15.84:3300/0 3 ==== mon_map magic: 0 v1 ==== 229+0+0 (secure 0 0 0) 0x7fe7b8019990 con 0x7fe7bc07beb0
2024-03-21T13:09:29.608 INFO:teuthology.orchestra.run.smithi084.stdout:/usr/bin/ceph: stderr
2024-03-21T13:09:28.859+0000 7fe7c39d7700 1 -- 172.21.15.84:0/551945794 --> [v2:172.21.15.84:3300/0,v1:172.21.15.84:6789/0] -- mon_subscribe({osdmap=0}) v3 -- 0x7fe7bc19cf20 con 0x7fe7bc07beb0
2024-03-21T13:09:29.608 INFO:teuthology.orchestra.run.smithi084.stdout:/usr/bin/ceph: stderr
2024-03-21T13:09:28.860+0000 7fe7b27fc700 1 -- 172.21.15.84:0/551945794 <== mon.0 v2:172.21.15.84:3300/0 4 ==== mgrmap(e 8) v1 ==== 45283+0+0 (secure 0 0 0) 0x7fe7b8019c00 con 0x7fe7bc07beb0
2024-03-21T13:09:29.608 INFO:teuthology.orchestra.run.smithi084.stdout:/usr/bin/ceph: stderr
2024-03-21T13:09:28.860+0000 7fe7c39d7700 1 -- 172.21.15.84:0/551945794 --> [v2:172.21.15.84:3300/0,v1:172.21.15.84:6789/0] -- mon_command({"prefix": "get_command_descriptions"} v 0) v1 -- 0x7fe7bc10c7e0 con 0x7fe7bc07beb0
2024-03-21T13:09:29.608 INFO:teuthology.orchestra.run.smithi084.stdout:/usr/bin/ceph: stderr
2024-03-21T13:09:28.860+0000 7fe7b27fc700 1 --2- 172.21.15.84:0/551945794 >> [v2:172.21.15.84:6800/2373448899,v1:172.21.15.84:6801/2373448899] conn(0x7fe7a8038320 0x7fe7a803a7e0 unknown :-1 s=NONE pgs=0 cs=0 l=1 rev1=0 crypto rx=0 tx=0 comp rx=0 tx=0).connect
2024-03-21T13:09:29.608 INFO:teuthology.orchestra.run.smithi084.stdout:/usr/bin/ceph: stderr
2024-03-21T13:09:28.860+0000 7fe7b27fc700 1 -- 172.21.15.84:0/551945794 <== mon.0 v2:172.21.15.84:3300/0 5 ==== osd_map(2..2 src has 1..2) v4 ==== 940+0+0 (secure 0 0 0) 0x7fe7b804c820 con 0x7fe7bc07beb0
2024-03-21T13:09:29.608 INFO:teuthology.orchestra.run.smithi084.stdout:/usr/bin/ceph: stderr
2024-03-21T13:09:28.860+0000 7fe7c0f72700 1 --2- 172.21.15.84:0/551945794 >> [v2:172.21.15.84:6800/2373448899,v1:172.21.15.84:6801/2373448899] conn(0x7fe7a8038320 0x7fe7a803a7e0 unknown :-1 s=BANNER_CONNECTING pgs=0 cs=0 l=1 rev1=0 crypto rx=0 tx=0 comp rx=0 tx=0)._handle_peer_banner_payload supported=3 required=0
2024-03-21T13:09:29.608 INFO:teuthology.orchestra.run.smithi084.stdout:/usr/bin/ceph: stderr
2024-03-21T13:09:28.861+0000 7fe7c0f72700 1 --2- 172.21.15.84:0/551945794 >> [v2:172.21.15.84:6800/2373448899,v1:172.21.15.84:6801/2373448899] conn(0x7fe7a8038320 0x7fe7a803a7e0 secure :-1 s=READY pgs=14 cs=0 l=1 rev1=1 crypto rx=0x7fe7ac006fd0 tx=0x7fe7ac006e40 comp rx=0 tx=0).ready entity=mgr.14118 client_cookie=0 server_cookie=0 in_seq=0 out_seq=0
2024-03-21T13:09:29.608 INFO:teuthology.orchestra.run.smithi084.stdout:/usr/bin/ceph: stderr
2024-03-21T13:09:28.865+0000 7fe7b27fc700 1 -- 172.21.15.84:0/551945794 <== mon.0 v2:172.21.15.84:3300/0 6 ==== mon_command_ack([{"prefix": "get_command_descriptions"}]=0 v0) v1 ==== 72+0+180422 (secure 0 0 0) 0x7fe7b802d440 con 0x7fe7bc07beb0
2024-03-21T13:09:29.608 INFO:teuthology.orchestra.run.smithi084.stdout:/usr/bin/ceph: stderr
2024-03-21T13:09:29.086+0000 7fe7c39d7700 1 -- 172.21.15.84:0/551945794 --> [v2:172.21.15.84:6800/2373448899,v1:172.21.15.84:6801/2373448899] -- mgr_command(tid 0: {"prefix": "orch apply", "service_type": "crash", "target": ["mon-mgr", ""]}) v1 -- 0x7fe7bc103cc0 con 0x7fe7a8038320
2024-03-21T13:09:29.608 INFO:teuthology.orchestra.run.smithi084.stdout:/usr/bin/ceph: stderr
2024-03-21T13:09:29.091+0000 7fe7b27fc700 1 -- 172.21.15.84:0/551945794 <== mgr.14118 v2:172.21.15.84:6800/2373448899 1 ==== mgr_command_reply(tid 0: 0 ) v1 ==== 8+0+26 (secure 0 0 0) 0x7fe7bc103cc0 con 0x7fe7a8038320
2024-03-21T13:09:29.608 INFO:teuthology.orchestra.run.smithi084.stdout:/usr/bin/ceph: stderr
2024-03-21T13:09:29.093+0000 7fe7c39d7700 1 -- 172.21.15.84:0/551945794 >> [v2:172.21.15.84:6800/2373448899,v1:172.21.15.84:6801/2373448899] conn(0x7fe7a8038320 msgr2=0x7fe7a803a7e0 secure :-1 s=STATE_CONNECTION_ESTABLISHED l=1).mark_down
2024-03-21T13:09:29.609 INFO:teuthology.orchestra.run.smithi084.stdout:/usr/bin/ceph: stderr
2024-03-21T13:09:29.093+0000 7fe7c39d7700 1 --2- 172.21.15.84:0/551945794 >> [v2:172.21.15.84:6800/2373448899,v1:172.21.15.84:6801/2373448899] conn(0x7fe7a8038320 0x7fe7a803a7e0 secure :-1 s=READY pgs=14 cs=0 l=1 rev1=1 crypto rx=0x7fe7ac006fd0 tx=0x7fe7ac006e40 comp rx=0 tx=0).stop
2024-03-21T13:09:29.609 INFO:teuthology.orchestra.run.smithi084.stdout:/usr/bin/ceph: stderr
2024-03-21T13:09:29.093+0000 7fe7c39d7700 1 -- 172.21.15.84:0/551945794 >> [v2:172.21.15.84:3300/0,v1:172.21.15.84:6789/0] conn(0x7fe7bc07beb0 msgr2=0x7fe7bc19c340 secure :-1 s=STATE_CONNECTION_ESTABLISHED l=1).mark_down
2024-03-21T13:09:29.609 INFO:teuthology.orchestra.run.smithi084.stdout:/usr/bin/ceph: stderr
2024-03-21T13:09:29.093+0000 7fe7c39d7700 1 --2- 172.21.15.84:0/551945794 >> [v2:172.21.15.84:3300/0,v1:172.21.15.84:6789/0] conn(0x7fe7bc07beb0 0x7fe7bc19c340 secure :-1 s=READY pgs=50 cs=0 l=1 rev1=1 crypto rx=0x7fe7b8006ba0 tx=0x7fe7b8011b50 comp rx=0 tx=0).stop
2024-03-21T13:09:29.609 INFO:teuthology.orchestra.run.smithi084.stdout:/usr/bin/ceph: stderr
2024-03-21T13:09:29.093+0000 7fe7c39d7700 1 -- 172.21.15.84:0/551945794 shutdown_connections
2024-03-21T13:09:29.609 INFO:teuthology.orchestra.run.smithi084.stdout:/usr/bin/ceph: stderr
2024-03-21T13:09:29.093+0000 7fe7c39d7700 1 --2- 172.21.15.84:0/551945794 >> [v2:172.21.15.84:6800/2373448899,v1:172.21.15.84:6801/2373448899] conn(0x7fe7a8038320 0x7fe7a803a7e0 unknown :-1 s=CLOSED pgs=14 cs=0 l=1 rev1=1 crypto rx=0 tx=0 comp rx=0 tx=0).stop
2024-03-21T13:09:29.609 INFO:teuthology.orchestra.run.smithi084.stdout:/usr/bin/ceph: stderr
2024-03-21T13:09:29.093+0000 7fe7c39d7700 1 --2- 172.21.15.84:0/551945794 >> [v2:172.21.15.84:3300/0,v1:172.21.15.84:6789/0] conn(0x7fe7bc07beb0 0x7fe7bc19c340 unknown :-1 s=CLOSED pgs=50 cs=0 l=1 rev1=1 crypto rx=0 tx=0 comp rx=0 tx=0).stop
2024-03-21T13:09:29.609 INFO:teuthology.orchestra.run.smithi084.stdout:/usr/bin/ceph: stderr
2024-03-21T13:09:29.093+0000 7fe7c39d7700 1 -- 172.21.15.84:0/551945794 >> 172.21.15.84:0/551945794 conn(0x7fe7bc101a00 msgr2=0x7fe7bc1030a0 unknown :-1 s=STATE_NONE l=0).mark_down
2024-03-21T13:09:29.609 INFO:teuthology.orchestra.run.smithi084.stdout:/usr/bin/ceph: stderr
2024-03-21T13:09:29.093+0000 7fe7c39d7700 1 -- 172.21.15.84:0/551945794 shutdown_connections
2024-03-21T13:09:29.609 INFO:teuthology.orchestra.run.smithi084.stdout:/usr/bin/ceph: stderr
2024-03-21T13:09:29.094+0000 7fe7c39d7700 1 -- 172.21.15.84:0/551945794 wait complete.
2024-03-21T13:09:29.609 INFO:teuthology.orchestra.run.smithi084.stdout:Deploying ceph-exporter service with default placement...
2024-03-21T13:09:29.722 INFO:journalctl@ceph.mon.smithi084.smithi084.stdout:Mar 21 13:09:29 smithi084 ceph-mon[29234]: from='mgr.14118 172.21.15.84:0/1284225582' entity='mgr.smithi084.qludfo'
2024-03-21T13:09:29.722 INFO:journalctl@ceph.mon.smithi084.smithi084.stdout:Mar 21 13:09:29 smithi084 ceph-mon[29234]: from='mgr.14118 172.21.15.84:0/1284225582' entity='mgr.smithi084.qludfo'
2024-03-21T13:09:29.722 INFO:journalctl@ceph.mon.smithi084.smithi084.stdout:Mar 21 13:09:29 smithi084 ceph-mon[29234]: from='mgr.14118 172.21.15.84:0/1284225582' entity='mgr.smithi084.qludfo'
2024-03-21T13:09:30.829 INFO:journalctl@ceph.mon.smithi084.smithi084.stdout:Mar 21 13:09:30 smithi084 ceph-mon[29234]: from='client.14144 -' entity='client.admin' cmd=[{"prefix": "orch apply", "service_type": "crash", "target": ["mon-mgr", ""]}]: dispatch
2024-03-21T13:09:30.829 INFO:journalctl@ceph.mon.smithi084.smithi084.stdout:Mar 21 13:09:30 smithi084 ceph-mon[29234]: Saving service crash spec with placement *
2024-03-21T13:09:30.829 INFO:journalctl@ceph.mon.smithi084.smithi084.stdout:Mar 21 13:09:30 smithi084 ceph-mon[29234]: from='mgr.14118 172.21.15.84:0/1284225582' entity='mgr.smithi084.qludfo'
2024-03-21T13:09:31.540 INFO:journalctl@ceph.mon.smithi084.smithi084.stdout:Mar 21 13:09:31 smithi084 ceph-mon[29234]: from='client.14146 -' entity='client.admin' cmd=[{"prefix": "orch apply", "service_type": "ceph-exporter", "target": ["mon-mgr", ""]}]: dispatch
2024-03-21T13:09:31.540 INFO:journalctl@ceph.mon.smithi084.smithi084.stdout:Mar 21 13:09:31 smithi084 ceph-mon[29234]: Saving service ceph-exporter spec with placement *
2024-03-21T13:09:31.540 INFO:journalctl@ceph.mon.smithi084.smithi084.stdout:Mar 21 13:09:31 smithi084 ceph-mon[29234]: from='mgr.14118 172.21.15.84:0/1284225582' entity='mgr.smithi084.qludfo'
2024-03-21T13:09:31.548 INFO:teuthology.orchestra.run.smithi084.stdout:/usr/bin/ceph: stdout Scheduled ceph-exporter update...
2024-03-21T13:09:31.548 INFO:teuthology.orchestra.run.smithi084.stdout:/usr/bin/ceph: stderr
2024-03-21T13:09:30.183+0000 7f57ce31c700 1 Processor -- start
2024-03-21T13:09:31.548 INFO:teuthology.orchestra.run.smithi084.stdout:/usr/bin/ceph: stderr
2024-03-21T13:09:30.183+0000 7f57ce31c700 1 -- start start
2024-03-21T13:09:31.548 INFO:teuthology.orchestra.run.smithi084.stdout:/usr/bin/ceph: stderr
2024-03-21T13:09:30.183+0000 7f57ce31c700 1 --2- >> [v2:172.21.15.84:3300/0,v1:172.21.15.84:6789/0] conn(0x7f57c8106430 0x7f57c8106850 unknown :-1 s=NONE pgs=0 cs=0 l=0 rev1=0 crypto rx=0 tx=0 comp rx=0 tx=0).connect
2024-03-21T13:09:31.548 INFO:teuthology.orchestra.run.smithi084.stdout:/usr/bin/ceph: stderr
2024-03-21T13:09:30.183+0000 7f57ce31c700 1 -- --> [v2:172.21.15.84:3300/0,v1:172.21.15.84:6789/0] -- mon_getmap magic: 0 v1 -- 0x7f57c8106e20 con 0x7f57c8106430
2024-03-21T13:09:31.548 INFO:teuthology.orchestra.run.smithi084.stdout:/usr/bin/ceph: stderr
2024-03-21T13:09:30.183+0000 7f57c7fff700 1 --2- >> [v2:172.21.15.84:3300/0,v1:172.21.15.84:6789/0] conn(0x7f57c8106430 0x7f57c8106850 unknown :-1 s=BANNER_CONNECTING pgs=0 cs=0 l=0 rev1=0 crypto rx=0 tx=0 comp rx=0 tx=0)._handle_peer_banner_payload supported=3 required=0
2024-03-21T13:09:31.548 INFO:teuthology.orchestra.run.smithi084.stdout:/usr/bin/ceph: stderr
2024-03-21T13:09:30.183+0000 7f57c7fff700 1 --2- >> [v2:172.21.15.84:3300/0,v1:172.21.15.84:6789/0] conn(0x7f57c8106430 0x7f57c8106850 unknown :-1 s=HELLO_CONNECTING pgs=0 cs=0 l=0 rev1=1 crypto rx=0 tx=0 comp rx=0 tx=0).handle_hello peer v2:172.21.15.84:3300/0 says I am v2:172.21.15.84:56714/0 (socket says 172.21.15.84:56714)
2024-03-21T13:09:31.548 INFO:teuthology.orchestra.run.smithi084.stdout:/usr/bin/ceph: stderr
2024-03-21T13:09:30.183+0000 7f57c7fff700 1 -- 172.21.15.84:0/2235231085 learned_addr learned my addr 172.21.15.84:0/2235231085 (peer_addr_for_me v2:172.21.15.84:0/0)
2024-03-21T13:09:31.549 INFO:teuthology.orchestra.run.smithi084.stdout:/usr/bin/ceph: stderr
2024-03-21T13:09:30.183+0000 7f57c7fff700 1 -- 172.21.15.84:0/2235231085 --> [v2:172.21.15.84:3300/0,v1:172.21.15.84:6789/0] -- mon_subscribe({config=0+,monmap=0+}) v3 -- 0x7f57c8107630 con 0x7f57c8106430
2024-03-21T13:09:31.549 INFO:teuthology.orchestra.run.smithi084.stdout:/usr/bin/ceph: stderr
2024-03-21T13:09:30.184+0000 7f57c7fff700 1 --2- 172.21.15.84:0/2235231085 >> [v2:172.21.15.84:3300/0,v1:172.21.15.84:6789/0] conn(0x7f57c8106430 0x7f57c8106850 secure :-1 s=READY pgs=51 cs=0 l=1 rev1=1 crypto rx=0x7f57b80098a0 tx=0x7f57b8009bb0 comp rx=0 tx=0).ready entity=mon.0 client_cookie=7202f1837671d7b4 server_cookie=0 in_seq=0 out_seq=0
2024-03-21T13:09:31.549 INFO:teuthology.orchestra.run.smithi084.stdout:/usr/bin/ceph: stderr
2024-03-21T13:09:30.184+0000 7f57c6ffd700 1 -- 172.21.15.84:0/2235231085 <== mon.0 v2:172.21.15.84:3300/0 1 ==== mon_map magic: 0 v1 ==== 229+0+0 (secure 0 0 0) 0x7f57b8004180 con 0x7f57c8106430
2024-03-21T13:09:31.549 INFO:teuthology.orchestra.run.smithi084.stdout:/usr/bin/ceph: stderr
2024-03-21T13:09:30.184+0000 7f57c6ffd700 1 -- 172.21.15.84:0/2235231085 <== mon.0 v2:172.21.15.84:3300/0 2 ==== config(27 keys) v1 ==== 1101+0+0 (secure 0 0 0) 0x7f57b80042e0 con 0x7f57c8106430
2024-03-21T13:09:31.549 INFO:teuthology.orchestra.run.smithi084.stdout:/usr/bin/ceph: stderr
2024-03-21T13:09:30.184+0000 7f57c6ffd700 1 -- 172.21.15.84:0/2235231085 <== mon.0 v2:172.21.15.84:3300/0 3 ==== mon_map magic: 0 v1 ==== 229+0+0 (secure 0 0 0) 0x7f57b8011af0 con 0x7f57c8106430
2024-03-21T13:09:31.549 INFO:teuthology.orchestra.run.smithi084.stdout:/usr/bin/ceph: stderr
2024-03-21T13:09:30.184+0000 7f57ce31c700 1 -- 172.21.15.84:0/2235231085 >> [v2:172.21.15.84:3300/0,v1:172.21.15.84:6789/0] conn(0x7f57c8106430 msgr2=0x7f57c8106850 secure :-1 s=STATE_CONNECTION_ESTABLISHED l=1).mark_down
2024-03-21T13:09:31.549 INFO:teuthology.orchestra.run.smithi084.stdout:/usr/bin/ceph: stderr
2024-03-21T13:09:30.184+0000 7f57ce31c700 1 --2- 172.21.15.84:0/2235231085 >> [v2:172.21.15.84:3300/0,v1:172.21.15.84:6789/0] conn(0x7f57c8106430 0x7f57c8106850 secure :-1 s=READY pgs=51 cs=0 l=1 rev1=1 crypto rx=0x7f57b80098a0 tx=0x7f57b8009bb0 comp rx=0 tx=0).stop
2024-03-21T13:09:31.549 INFO:teuthology.orchestra.run.smithi084.stdout:/usr/bin/ceph: stderr
2024-03-21T13:09:30.184+0000 7f57ce31c700 1 -- 172.21.15.84:0/2235231085 shutdown_connections
2024-03-21T13:09:31.549 INFO:teuthology.orchestra.run.smithi084.stdout:/usr/bin/ceph: stderr
2024-03-21T13:09:30.184+0000 7f57ce31c700 1 --2- 172.21.15.84:0/2235231085 >> [v2:172.21.15.84:3300/0,v1:172.21.15.84:6789/0] conn(0x7f57c8106430 0x7f57c8106850 unknown :-1 s=CLOSED pgs=51 cs=0 l=1 rev1=1 crypto rx=0 tx=0 comp rx=0 tx=0).stop
2024-03-21T13:09:31.549 INFO:teuthology.orchestra.run.smithi084.stdout:/usr/bin/ceph: stderr
2024-03-21T13:09:30.184+0000 7f57ce31c700 1 -- 172.21.15.84:0/2235231085 >> 172.21.15.84:0/2235231085 conn(0x7f57c81019d0 msgr2=0x7f57c8103e10 unknown :-1 s=STATE_NONE l=0).mark_down
2024-03-21T13:09:31.549 INFO:teuthology.orchestra.run.smithi084.stdout:/usr/bin/ceph: stderr
2024-03-21T13:09:30.184+0000 7f57ce31c700 1 -- 172.21.15.84:0/2235231085 shutdown_connections
2024-03-21T13:09:31.549 INFO:teuthology.orchestra.run.smithi084.stdout:/usr/bin/ceph: stderr
2024-03-21T13:09:30.184+0000 7f57ce31c700 1 -- 172.21.15.84:0/2235231085 wait complete.
2024-03-21T13:09:31.549 INFO:teuthology.orchestra.run.smithi084.stdout:/usr/bin/ceph: stderr
2024-03-21T13:09:30.185+0000 7f57ce31c700 1 Processor -- start
2024-03-21T13:09:31.549 INFO:teuthology.orchestra.run.smithi084.stdout:/usr/bin/ceph: stderr
2024-03-21T13:09:30.185+0000 7f57ce31c700 1 -- start start
2024-03-21T13:09:31.549 INFO:teuthology.orchestra.run.smithi084.stdout:/usr/bin/ceph: stderr
2024-03-21T13:09:30.185+0000 7f57ce31c700 1 --2- >> [v2:172.21.15.84:3300/0,v1:172.21.15.84:6789/0] conn(0x7f57c8106430 0x7f57c819a110 unknown :-1 s=NONE pgs=0 cs=0 l=1 rev1=0 crypto rx=0 tx=0 comp rx=0 tx=0).connect
2024-03-21T13:09:31.550 INFO:teuthology.orchestra.run.smithi084.stdout:/usr/bin/ceph: stderr
2024-03-21T13:09:30.185+0000 7f57ce31c700 1 -- --> [v2:172.21.15.84:3300/0,v1:172.21.15.84:6789/0] -- mon_getmap magic: 0 v1 -- 0x7f57c819a650 con 0x7f57c8106430
2024-03-21T13:09:31.550 INFO:teuthology.orchestra.run.smithi084.stdout:/usr/bin/ceph: stderr
2024-03-21T13:09:30.185+0000 7f57c7fff700 1 --2- >> [v2:172.21.15.84:3300/0,v1:172.21.15.84:6789/0] conn(0x7f57c8106430 0x7f57c819a110 unknown :-1 s=BANNER_CONNECTING pgs=0 cs=0 l=1 rev1=0 crypto rx=0 tx=0 comp rx=0 tx=0)._handle_peer_banner_payload supported=3 required=0
2024-03-21T13:09:31.550 INFO:teuthology.orchestra.run.smithi084.stdout:/usr/bin/ceph: stderr
2024-03-21T13:09:30.185+0000 7f57c7fff700 1 --2- >> [v2:172.21.15.84:3300/0,v1:172.21.15.84:6789/0] conn(0x7f57c8106430 0x7f57c819a110 unknown :-1 s=HELLO_CONNECTING pgs=0 cs=0 l=1 rev1=1 crypto rx=0 tx=0 comp rx=0 tx=0).handle_hello peer v2:172.21.15.84:3300/0 says I am v2:172.21.15.84:56730/0 (socket says 172.21.15.84:56730)
2024-03-21T13:09:31.550 INFO:teuthology.orchestra.run.smithi084.stdout:/usr/bin/ceph: stderr
2024-03-21T13:09:30.185+0000 7f57c7fff700 1 -- 172.21.15.84:0/1300785568 learned_addr learned my addr 172.21.15.84:0/1300785568 (peer_addr_for_me v2:172.21.15.84:0/0)
2024-03-21T13:09:31.550 INFO:teuthology.orchestra.run.smithi084.stdout:/usr/bin/ceph: stderr
2024-03-21T13:09:30.186+0000 7f57c7fff700 1 -- 172.21.15.84:0/1300785568 --> [v2:172.21.15.84:3300/0,v1:172.21.15.84:6789/0] -- mon_subscribe({config=0+,monmap=0+}) v3 -- 0x7f57b8009550 con 0x7f57c8106430
2024-03-21T13:09:31.550 INFO:teuthology.orchestra.run.smithi084.stdout:/usr/bin/ceph: stderr
2024-03-21T13:09:30.186+0000 7f57c7fff700 1 --2- 172.21.15.84:0/1300785568 >> [v2:172.21.15.84:3300/0,v1:172.21.15.84:6789/0] conn(0x7f57c8106430 0x7f57c819a110 secure :-1 s=READY pgs=52 cs=0 l=1 rev1=1 crypto rx=0x7f57b8006ba0 tx=0x7f57b8011b50 comp rx=0 tx=0).ready entity=mon.0 client_cookie=0 server_cookie=0 in_seq=0 out_seq=0
2024-03-21T13:09:31.550 INFO:teuthology.orchestra.run.smithi084.stdout:/usr/bin/ceph: stderr
2024-03-21T13:09:30.186+0000 7f57c57fa700 1 -- 172.21.15.84:0/1300785568 <== mon.0 v2:172.21.15.84:3300/0 1 ==== mon_map magic: 0 v1 ==== 229+0+0 (secure 0 0 0) 0x7f57b8003b00 con 0x7f57c8106430
2024-03-21T13:09:31.550 INFO:teuthology.orchestra.run.smithi084.stdout:/usr/bin/ceph: stderr
2024-03-21T13:09:30.186+0000 7f57c57fa700 1 -- 172.21.15.84:0/1300785568 <== mon.0 v2:172.21.15.84:3300/0 2 ==== config(27 keys) v1 ==== 1101+0+0 (secure 0 0 0) 0x7f57b801a8e0 con 0x7f57c8106430
2024-03-21T13:09:31.550 INFO:teuthology.orchestra.run.smithi084.stdout:/usr/bin/ceph: stderr
2024-03-21T13:09:30.186+0000 7f57ce31c700 1 -- 172.21.15.84:0/1300785568 --> [v2:172.21.15.84:3300/0,v1:172.21.15.84:6789/0] -- mon_subscribe({mgrmap=0+}) v3 -- 0x7f57c819a850 con 0x7f57c8106430
2024-03-21T13:09:31.550 INFO:teuthology.orchestra.run.smithi084.stdout:/usr/bin/ceph: stderr
2024-03-21T13:09:30.186+0000 7f57c57fa700 1 -- 172.21.15.84:0/1300785568 <== mon.0 v2:172.21.15.84:3300/0 3 ==== mon_map magic: 0 v1 ==== 229+0+0 (secure 0 0 0) 0x7f57b8019990 con 0x7f57c8106430
2024-03-21T13:09:31.550 INFO:teuthology.orchestra.run.smithi084.stdout:/usr/bin/ceph: stderr
2024-03-21T13:09:30.186+0000 7f57ce31c700 1 -- 172.21.15.84:0/1300785568 --> [v2:172.21.15.84:3300/0,v1:172.21.15.84:6789/0] -- mon_subscribe({osdmap=0}) v3 -- 0x7f57c819acf0 con 0x7f57c8106430
2024-03-21T13:09:31.550 INFO:teuthology.orchestra.run.smithi084.stdout:/usr/bin/ceph: stderr
2024-03-21T13:09:30.187+0000 7f57c57fa700 1 -- 172.21.15.84:0/1300785568 <== mon.0 v2:172.21.15.84:3300/0 4 ==== mgrmap(e 8) v1 ==== 45283+0+0 (secure 0 0 0) 0x7f57b8019c50 con 0x7f57c8106430
2024-03-21T13:09:31.550 INFO:teuthology.orchestra.run.smithi084.stdout:/usr/bin/ceph: stderr
2024-03-21T13:09:30.187+0000 7f57ce31c700 1 -- 172.21.15.84:0/1300785568 --> [v2:172.21.15.84:3300/0,v1:172.21.15.84:6789/0] -- mon_command({"prefix": "get_command_descriptions"} v 0) v1 -- 0x7f57c80623c0 con 0x7f57c8106430
2024-03-21T13:09:31.550 INFO:teuthology.orchestra.run.smithi084.stdout:/usr/bin/ceph: stderr
2024-03-21T13:09:30.188+0000 7f57c57fa700 1 --2- 172.21.15.84:0/1300785568 >> [v2:172.21.15.84:6800/2373448899,v1:172.21.15.84:6801/2373448899] conn(0x7f57b00382d0 0x7f57b003a790 unknown :-1 s=NONE pgs=0 cs=0 l=1 rev1=0 crypto rx=0 tx=0 comp rx=0 tx=0).connect
2024-03-21T13:09:31.551 INFO:teuthology.orchestra.run.smithi084.stdout:/usr/bin/ceph: stderr
2024-03-21T13:09:30.188+0000 7f57c57fa700 1 -- 172.21.15.84:0/1300785568 <== mon.0 v2:172.21.15.84:3300/0 5 ==== osd_map(2..2 src has 1..2) v4 ==== 940+0+0 (secure 0 0 0) 0x7f57b804c580 con 0x7f57c8106430
2024-03-21T13:09:31.551 INFO:teuthology.orchestra.run.smithi084.stdout:/usr/bin/ceph: stderr
2024-03-21T13:09:30.188+0000 7f57c77fe700 1 --2- 172.21.15.84:0/1300785568 >> [v2:172.21.15.84:6800/2373448899,v1:172.21.15.84:6801/2373448899] conn(0x7f57b00382d0 0x7f57b003a790 unknown :-1 s=BANNER_CONNECTING pgs=0 cs=0 l=1 rev1=0 crypto rx=0 tx=0 comp rx=0 tx=0)._handle_peer_banner_payload supported=3 required=0
2024-03-21T13:09:31.551 INFO:teuthology.orchestra.run.smithi084.stdout:/usr/bin/ceph: stderr
2024-03-21T13:09:30.188+0000 7f57c77fe700 1 --2- 172.21.15.84:0/1300785568 >> [v2:172.21.15.84:6800/2373448899,v1:172.21.15.84:6801/2373448899] conn(0x7f57b00382d0 0x7f57b003a790 secure :-1 s=READY pgs=15 cs=0 l=1 rev1=1 crypto rx=0x7f57bc006fd0 tx=0x7f57bc006e40 comp rx=0 tx=0).ready entity=mgr.14118 client_cookie=0 server_cookie=0 in_seq=0 out_seq=0
2024-03-21T13:09:31.551 INFO:teuthology.orchestra.run.smithi084.stdout:/usr/bin/ceph: stderr
2024-03-21T13:09:30.194+0000 7f57c57fa700 1 -- 172.21.15.84:0/1300785568 <== mon.0 v2:172.21.15.84:3300/0 6 ==== mon_command_ack([{"prefix": "get_command_descriptions"}]=0 v0) v1 ==== 72+0+180422 (secure 0 0 0) 0x7f57b802d440 con 0x7f57c8106430
2024-03-21T13:09:31.551 INFO:teuthology.orchestra.run.smithi084.stdout:/usr/bin/ceph: stderr
2024-03-21T13:09:30.414+0000 7f57ce31c700 1 -- 172.21.15.84:0/1300785568 --> [v2:172.21.15.84:6800/2373448899,v1:172.21.15.84:6801/2373448899] -- mgr_command(tid 0: {"prefix": "orch apply", "service_type": "ceph-exporter", "target": ["mon-mgr", ""]}) v1 -- 0x7f57c8102ea0 con 0x7f57b00382d0
2024-03-21T13:09:31.551 INFO:teuthology.orchestra.run.smithi084.stdout:/usr/bin/ceph: stderr
2024-03-21T13:09:30.419+0000 7f57c57fa700 1 -- 172.21.15.84:0/1300785568 <== mgr.14118 v2:172.21.15.84:6800/2373448899 1 ==== mgr_command_reply(tid 0: 0 ) v1 ==== 8+0+34 (secure 0 0 0) 0x7f57c8102ea0 con 0x7f57b00382d0
2024-03-21T13:09:31.551 INFO:teuthology.orchestra.run.smithi084.stdout:/usr/bin/ceph: stderr
2024-03-21T13:09:30.421+0000 7f57ce31c700 1 -- 172.21.15.84:0/1300785568 >> [v2:172.21.15.84:6800/2373448899,v1:172.21.15.84:6801/2373448899] conn(0x7f57b00382d0 msgr2=0x7f57b003a790 secure :-1 s=STATE_CONNECTION_ESTABLISHED l=1).mark_down
2024-03-21T13:09:31.551 INFO:teuthology.orchestra.run.smithi084.stdout:/usr/bin/ceph: stderr
2024-03-21T13:09:30.421+0000 7f57ce31c700 1 --2- 172.21.15.84:0/1300785568 >> [v2:172.21.15.84:6800/2373448899,v1:172.21.15.84:6801/2373448899] conn(0x7f57b00382d0 0x7f57b003a790 secure :-1 s=READY pgs=15 cs=0 l=1 rev1=1 crypto rx=0x7f57bc006fd0 tx=0x7f57bc006e40 comp rx=0 tx=0).stop
2024-03-21T13:09:31.551 INFO:teuthology.orchestra.run.smithi084.stdout:/usr/bin/ceph: stderr
2024-03-21T13:09:30.421+0000 7f57ce31c700 1 -- 172.21.15.84:0/1300785568 >> [v2:172.21.15.84:3300/0,v1:172.21.15.84:6789/0] conn(0x7f57c8106430 msgr2=0x7f57c819a110 secure :-1 s=STATE_CONNECTION_ESTABLISHED l=1).mark_down
2024-03-21T13:09:31.551 INFO:teuthology.orchestra.run.smithi084.stdout:/usr/bin/ceph: stderr
2024-03-21T13:09:30.421+0000 7f57ce31c700 1 --2- 172.21.15.84:0/1300785568 >> [v2:172.21.15.84:3300/0,v1:172.21.15.84:6789/0] conn(0x7f57c8106430 0x7f57c819a110 secure :-1 s=READY pgs=52 cs=0 l=1 rev1=1 crypto rx=0x7f57b8006ba0 tx=0x7f57b8011b50 comp rx=0 tx=0).stop
2024-03-21T13:09:31.551 INFO:teuthology.orchestra.run.smithi084.stdout:/usr/bin/ceph: stderr
2024-03-21T13:09:30.421+0000 7f57ce31c700 1 -- 172.21.15.84:0/1300785568 shutdown_connections
2024-03-21T13:09:31.551 INFO:teuthology.orchestra.run.smithi084.stdout:/usr/bin/ceph: stderr
2024-03-21T13:09:30.421+0000 7f57ce31c700 1 --2- 172.21.15.84:0/1300785568 >> [v2:172.21.15.84:6800/2373448899,v1:172.21.15.84:6801/2373448899] conn(0x7f57b00382d0 0x7f57b003a790 unknown :-1 s=CLOSED pgs=15 cs=0 l=1 rev1=1 crypto rx=0 tx=0 comp rx=0 tx=0).stop
2024-03-21T13:09:31.551 INFO:teuthology.orchestra.run.smithi084.stdout:/usr/bin/ceph: stderr
2024-03-21T13:09:30.421+0000 7f57ce31c700 1 --2- 172.21.15.84:0/1300785568 >> [v2:172.21.15.84:3300/0,v1:172.21.15.84:6789/0] conn(0x7f57c8106430 0x7f57c819a110 unknown :-1 s=CLOSED pgs=52 cs=0 l=1 rev1=1 crypto rx=0 tx=0 comp rx=0 tx=0).stop
2024-03-21T13:09:31.551 INFO:teuthology.orchestra.run.smithi084.stdout:/usr/bin/ceph: stderr
2024-03-21T13:09:30.421+0000 7f57ce31c700 1 -- 172.21.15.84:0/1300785568 >> 172.21.15.84:0/1300785568 conn(0x7f57c81019d0 msgr2=0x7f57c8102790 unknown :-1 s=STATE_NONE l=0).mark_down
2024-03-21T13:09:31.551 INFO:teuthology.orchestra.run.smithi084.stdout:/usr/bin/ceph: stderr
2024-03-21T13:09:30.422+0000 7f57ce31c700 1 -- 172.21.15.84:0/1300785568 shutdown_connections
2024-03-21T13:09:31.552 INFO:teuthology.orchestra.run.smithi084.stdout:/usr/bin/ceph: stderr
2024-03-21T13:09:30.422+0000 7f57ce31c700 1 -- 172.21.15.84:0/1300785568 wait complete.
2024-03-21T13:09:31.552 INFO:teuthology.orchestra.run.smithi084.stdout:Deploying prometheus service with default placement...
2024-03-21T13:09:32.755 INFO:teuthology.orchestra.run.smithi084.stdout:/usr/bin/ceph: stdout Scheduled prometheus update...
2024-03-21T13:09:32.755 INFO:teuthology.orchestra.run.smithi084.stdout:/usr/bin/ceph: stderr
2024-03-21T13:09:31.963+0000 7f998e4c3700 1 Processor -- start
2024-03-21T13:09:32.755 INFO:teuthology.orchestra.run.smithi084.stdout:/usr/bin/ceph: stderr
2024-03-21T13:09:31.963+0000 7f998e4c3700 1 -- start start
2024-03-21T13:09:32.755 INFO:teuthology.orchestra.run.smithi084.stdout:/usr/bin/ceph: stderr
2024-03-21T13:09:31.963+0000 7f998e4c3700 1 --2- >> [v2:172.21.15.84:3300/0,v1:172.21.15.84:6789/0] conn(0x7f9988104730 0x7f9988104b50 unknown :-1 s=NONE pgs=0 cs=0 l=0 rev1=0 crypto rx=0 tx=0 comp rx=0 tx=0).connect
2024-03-21T13:09:32.755 INFO:teuthology.orchestra.run.smithi084.stdout:/usr/bin/ceph: stderr
2024-03-21T13:09:31.963+0000 7f998e4c3700 1 -- --> [v2:172.21.15.84:3300/0,v1:172.21.15.84:6789/0] -- mon_getmap magic: 0 v1 -- 0x7f9988105120 con 0x7f9988104730
2024-03-21T13:09:32.755 INFO:teuthology.orchestra.run.smithi084.stdout:/usr/bin/ceph: stderr
2024-03-21T13:09:31.963+0000 7f9987fff700 1 --2- >> [v2:172.21.15.84:3300/0,v1:172.21.15.84:6789/0] conn(0x7f9988104730 0x7f9988104b50 unknown :-1 s=BANNER_CONNECTING pgs=0 cs=0 l=0 rev1=0 crypto rx=0 tx=0 comp rx=0 tx=0)._handle_peer_banner_payload supported=3 required=0
2024-03-21T13:09:32.756 INFO:teuthology.orchestra.run.smithi084.stdout:/usr/bin/ceph: stderr
2024-03-21T13:09:31.963+0000 7f9987fff700 1 --2- >> [v2:172.21.15.84:3300/0,v1:172.21.15.84:6789/0] conn(0x7f9988104730 0x7f9988104b50 unknown :-1 s=HELLO_CONNECTING pgs=0 cs=0 l=0 rev1=1 crypto rx=0 tx=0 comp rx=0 tx=0).handle_hello peer v2:172.21.15.84:3300/0 says I am v2:172.21.15.84:44446/0 (socket says 172.21.15.84:44446)
2024-03-21T13:09:32.756 INFO:teuthology.orchestra.run.smithi084.stdout:/usr/bin/ceph: stderr
2024-03-21T13:09:31.963+0000 7f9987fff700 1 -- 172.21.15.84:0/3066187319 learned_addr learned my addr 172.21.15.84:0/3066187319 (peer_addr_for_me v2:172.21.15.84:0/0)
2024-03-21T13:09:32.756 INFO:teuthology.orchestra.run.smithi084.stdout:/usr/bin/ceph: stderr
2024-03-21T13:09:31.964+0000 7f9987fff700 1 -- 172.21.15.84:0/3066187319 --> [v2:172.21.15.84:3300/0,v1:172.21.15.84:6789/0] -- mon_subscribe({config=0+,monmap=0+}) v3 -- 0x7f99881076c0 con 0x7f9988104730
2024-03-21T13:09:32.756 INFO:teuthology.orchestra.run.smithi084.stdout:/usr/bin/ceph: stderr
2024-03-21T13:09:31.964+0000 7f9987fff700 1 --2- 172.21.15.84:0/3066187319 >> [v2:172.21.15.84:3300/0,v1:172.21.15.84:6789/0] conn(0x7f9988104730 0x7f9988104b50 secure :-1 s=READY pgs=53 cs=0 l=1 rev1=1 crypto rx=0x7f99780098a0 tx=0x7f9978009bb0 comp rx=0 tx=0).ready entity=mon.0 client_cookie=dde91b4bee5d3c15 server_cookie=0 in_seq=0 out_seq=0
2024-03-21T13:09:32.756 INFO:teuthology.orchestra.run.smithi084.stdout:/usr/bin/ceph: stderr
2024-03-21T13:09:31.964+0000 7f9986ffd700 1 -- 172.21.15.84:0/3066187319 <== mon.0 v2:172.21.15.84:3300/0 1 ==== mon_map magic: 0 v1 ==== 229+0+0 (secure 0 0 0) 0x7f9978004180 con 0x7f9988104730
2024-03-21T13:09:32.756 INFO:teuthology.orchestra.run.smithi084.stdout:/usr/bin/ceph: stderr
2024-03-21T13:09:31.964+0000 7f9986ffd700 1 -- 172.21.15.84:0/3066187319 <== mon.0 v2:172.21.15.84:3300/0 2 ==== config(27 keys) v1 ==== 1101+0+0 (secure 0 0 0) 0x7f99780042e0 con 0x7f9988104730
2024-03-21T13:09:32.756 INFO:teuthology.orchestra.run.smithi084.stdout:/usr/bin/ceph: stderr
2024-03-21T13:09:31.964+0000 7f9986ffd700 1 -- 172.21.15.84:0/3066187319 <== mon.0 v2:172.21.15.84:3300/0 3 ==== mon_map magic: 0 v1 ==== 229+0+0 (secure 0 0 0) 0x7f9978011af0 con 0x7f9988104730
2024-03-21T13:09:32.756 INFO:teuthology.orchestra.run.smithi084.stdout:/usr/bin/ceph: stderr
2024-03-21T13:09:31.965+0000 7f998e4c3700 1 -- 172.21.15.84:0/3066187319 >> [v2:172.21.15.84:3300/0,v1:172.21.15.84:6789/0] conn(0x7f9988104730 msgr2=0x7f9988104b50 secure :-1 s=STATE_CONNECTION_ESTABLISHED l=1).mark_down
2024-03-21T13:09:32.756 INFO:teuthology.orchestra.run.smithi084.stdout:/usr/bin/ceph: stderr
2024-03-21T13:09:31.965+0000 7f998e4c3700 1 --2- 172.21.15.84:0/3066187319 >> [v2:172.21.15.84:3300/0,v1:172.21.15.84:6789/0] conn(0x7f9988104730 0x7f9988104b50 secure :-1 s=READY pgs=53 cs=0 l=1 rev1=1 crypto rx=0x7f99780098a0 tx=0x7f9978009bb0 comp rx=0 tx=0).stop
2024-03-21T13:09:32.756 INFO:teuthology.orchestra.run.smithi084.stdout:/usr/bin/ceph: stderr
2024-03-21T13:09:31.965+0000 7f998e4c3700 1 -- 172.21.15.84:0/3066187319 shutdown_connections
2024-03-21T13:09:32.756 INFO:teuthology.orchestra.run.smithi084.stdout:/usr/bin/ceph: stderr
2024-03-21T13:09:31.965+0000 7f998e4c3700 1 --2- 172.21.15.84:0/3066187319 >> [v2:172.21.15.84:3300/0,v1:172.21.15.84:6789/0] conn(0x7f9988104730 0x7f9988104b50 unknown :-1 s=CLOSED pgs=53 cs=0 l=1 rev1=1 crypto rx=0 tx=0 comp rx=0 tx=0).stop
2024-03-21T13:09:32.756 INFO:teuthology.orchestra.run.smithi084.stdout:/usr/bin/ceph: stderr
2024-03-21T13:09:31.965+0000 7f998e4c3700 1 -- 172.21.15.84:0/3066187319 >> 172.21.15.84:0/3066187319 conn(0x7f9988100040 msgr2=0x7f99881024a0 unknown :-1 s=STATE_NONE l=0).mark_down
2024-03-21T13:09:32.757 INFO:teuthology.orchestra.run.smithi084.stdout:/usr/bin/ceph: stderr
2024-03-21T13:09:31.965+0000 7f998e4c3700 1 -- 172.21.15.84:0/3066187319 shutdown_connections
2024-03-21T13:09:32.757 INFO:teuthology.orchestra.run.smithi084.stdout:/usr/bin/ceph: stderr
2024-03-21T13:09:31.965+0000 7f998e4c3700 1 -- 172.21.15.84:0/3066187319 wait complete.
2024-03-21T13:09:32.757 INFO:teuthology.orchestra.run.smithi084.stdout:/usr/bin/ceph: stderr
2024-03-21T13:09:31.965+0000 7f998e4c3700 1 Processor -- start
2024-03-21T13:09:32.762 INFO:teuthology.orchestra.run.smithi084.stdout:/usr/bin/ceph: stderr
2024-03-21T13:09:31.965+0000 7f998e4c3700 1 -- start start
2024-03-21T13:09:32.762 INFO:teuthology.orchestra.run.smithi084.stdout:/usr/bin/ceph: stderr
2024-03-21T13:09:31.966+0000 7f998e4c3700 1 --2- >> [v2:172.21.15.84:3300/0,v1:172.21.15.84:6789/0] conn(0x7f9988104730 0x7f998819a180 unknown :-1 s=NONE pgs=0 cs=0 l=1 rev1=0 crypto rx=0 tx=0 comp rx=0 tx=0).connect
2024-03-21T13:09:32.762 INFO:teuthology.orchestra.run.smithi084.stdout:/usr/bin/ceph: stderr
2024-03-21T13:09:31.966+0000 7f998e4c3700 1 -- --> [v2:172.21.15.84:3300/0,v1:172.21.15.84:6789/0] -- mon_getmap magic: 0 v1 -- 0x7f998819a6c0 con 0x7f9988104730
2024-03-21T13:09:32.762 INFO:teuthology.orchestra.run.smithi084.stdout:/usr/bin/ceph: stderr
2024-03-21T13:09:31.966+0000 7f9987fff700 1 --2- >> [v2:172.21.15.84:3300/0,v1:172.21.15.84:6789/0] conn(0x7f9988104730 0x7f998819a180 unknown :-1 s=BANNER_CONNECTING pgs=0 cs=0 l=1 rev1=0 crypto rx=0 tx=0 comp rx=0 tx=0)._handle_peer_banner_payload supported=3 required=0
2024-03-21T13:09:32.762 INFO:teuthology.orchestra.run.smithi084.stdout:/usr/bin/ceph: stderr
2024-03-21T13:09:31.966+0000 7f9987fff700 1 --2- >> [v2:172.21.15.84:3300/0,v1:172.21.15.84:6789/0] conn(0x7f9988104730 0x7f998819a180 unknown :-1 s=HELLO_CONNECTING pgs=0 cs=0 l=1 rev1=1 crypto rx=0 tx=0 comp rx=0 tx=0).handle_hello peer v2:172.21.15.84:3300/0 says I am v2:172.21.15.84:44454/0 (socket says 172.21.15.84:44454)
2024-03-21T13:09:32.762 INFO:teuthology.orchestra.run.smithi084.stdout:/usr/bin/ceph: stderr
2024-03-21T13:09:31.966+0000 7f9987fff700 1 -- 172.21.15.84:0/1657130639 learned_addr learned my addr 172.21.15.84:0/1657130639 (peer_addr_for_me v2:172.21.15.84:0/0)
2024-03-21T13:09:32.762 INFO:teuthology.orchestra.run.smithi084.stdout:/usr/bin/ceph: stderr
2024-03-21T13:09:31.966+0000 7f9987fff700 1 -- 172.21.15.84:0/1657130639 --> [v2:172.21.15.84:3300/0,v1:172.21.15.84:6789/0] -- mon_subscribe({config=0+,monmap=0+}) v3 -- 0x7f9978009550 con 0x7f9988104730
2024-03-21T13:09:32.763 INFO:teuthology.orchestra.run.smithi084.stdout:/usr/bin/ceph: stderr
2024-03-21T13:09:31.966+0000 7f9987fff700 1 --2- 172.21.15.84:0/1657130639 >> [v2:172.21.15.84:3300/0,v1:172.21.15.84:6789/0] conn(0x7f9988104730 0x7f998819a180 secure :-1 s=READY pgs=54 cs=0 l=1 rev1=1 crypto rx=0x7f9978011670 tx=0x7f9978011b50 comp rx=0 tx=0).ready entity=mon.0 client_cookie=0 server_cookie=0 in_seq=0 out_seq=0
2024-03-21T13:09:32.763 INFO:teuthology.orchestra.run.smithi084.stdout:/usr/bin/ceph: stderr
2024-03-21T13:09:31.966+0000 7f99857fa700 1 -- 172.21.15.84:0/1657130639 <== mon.0 v2:172.21.15.84:3300/0 1 ==== mon_map magic: 0 v1 ==== 229+0+0 (secure 0 0 0) 0x7f99780039f0 con 0x7f9988104730
2024-03-21T13:09:32.763 INFO:teuthology.orchestra.run.smithi084.stdout:/usr/bin/ceph: stderr
2024-03-21T13:09:31.966+0000 7f998e4c3700 1 -- 172.21.15.84:0/1657130639 --> [v2:172.21.15.84:3300/0,v1:172.21.15.84:6789/0] -- mon_subscribe({mgrmap=0+}) v3 -- 0x7f998819a8c0 con 0x7f9988104730
2024-03-21T13:09:32.763 INFO:teuthology.orchestra.run.smithi084.stdout:/usr/bin/ceph: stderr
2024-03-21T13:09:31.966+0000 7f998e4c3700 1 -- 172.21.15.84:0/1657130639 --> [v2:172.21.15.84:3300/0,v1:172.21.15.84:6789/0] -- mon_subscribe({osdmap=0}) v3 -- 0x7f998819ad60 con 0x7f9988104730
2024-03-21T13:09:32.763 INFO:teuthology.orchestra.run.smithi084.stdout:/usr/bin/ceph: stderr
2024-03-21T13:09:31.967+0000 7f99857fa700 1 -- 172.21.15.84:0/1657130639 <== mon.0 v2:172.21.15.84:3300/0 2 ==== config(27 keys) v1 ==== 1101+0+0 (secure 0 0 0) 0x7f9978003b50 con 0x7f9988104730
2024-03-21T13:09:32.763 INFO:teuthology.orchestra.run.smithi084.stdout:/usr/bin/ceph: stderr
2024-03-21T13:09:31.967+0000 7f99857fa700 1 -- 172.21.15.84:0/1657130639 <== mon.0 v2:172.21.15.84:3300/0 3 ==== mon_map magic: 0 v1 ==== 229+0+0 (secure 0 0 0) 0x7f99780247c0 con 0x7f9988104730
2024-03-21T13:09:32.763 INFO:teuthology.orchestra.run.smithi084.stdout:/usr/bin/ceph: stderr
2024-03-21T13:09:31.967+0000 7f99857fa700 1 -- 172.21.15.84:0/1657130639 <== mon.0 v2:172.21.15.84:3300/0 4 ==== mgrmap(e 8) v1 ==== 45283+0+0 (secure 0 0 0) 0x7f997802d3f0 con 0x7f9988104730
2024-03-21T13:09:32.763 INFO:teuthology.orchestra.run.smithi084.stdout:/usr/bin/ceph: stderr
2024-03-21T13:09:31.967+0000 7f99857fa700 1 --2- 172.21.15.84:0/1657130639 >> [v2:172.21.15.84:6800/2373448899,v1:172.21.15.84:6801/2373448899] conn(0x7f9970038370 0x7f997003a830 unknown :-1 s=NONE pgs=0 cs=0 l=1 rev1=0 crypto rx=0 tx=0 comp rx=0 tx=0).connect
2024-03-21T13:09:32.763 INFO:teuthology.orchestra.run.smithi084.stdout:/usr/bin/ceph: stderr
2024-03-21T13:09:31.967+0000 7f99857fa700 1 -- 172.21.15.84:0/1657130639 <== mon.0 v2:172.21.15.84:3300/0 5 ==== osd_map(2..2 src has 1..2) v4 ==== 940+0+0 (secure 0 0 0) 0x7f997804d410 con 0x7f9988104730
2024-03-21T13:09:32.763 INFO:teuthology.orchestra.run.smithi084.stdout:/usr/bin/ceph: stderr
