2024-03-21T13:21:10.117+0000 7f557559a700 1 -- 172.21.15.97:0/457076633 <== mon.0 v2:172.21.15.97:3300/0 2 ==== config(26 keys) v1 ==== 1062+0+0 (secure 0 0 0) 0x7f5568004300 con 0x7f5578106bb0
2024-03-21T13:21:10.949 INFO:teuthology.orchestra.run.smithi097.stdout:/usr/bin/ceph: stderr
2024-03-21T13:21:10.117+0000 7f557559a700 1 -- 172.21.15.97:0/457076633 <== mon.0 v2:172.21.15.97:3300/0 3 ==== mon_map magic: 0 v1 ==== 205+0+0 (secure 0 0 0) 0x7f5568011a60 con 0x7f5578106bb0
2024-03-21T13:21:10.949 INFO:teuthology.orchestra.run.smithi097.stdout:/usr/bin/ceph: stderr
2024-03-21T13:21:10.117+0000 7f557cbed700 1 -- 172.21.15.97:0/457076633 >> [v2:172.21.15.97:3300/0,v1:172.21.15.97:6789/0] conn(0x7f5578106bb0 msgr2=0x7f5578108fa0 secure :-1 s=STATE_CONNECTION_ESTABLISHED l=1).mark_down
2024-03-21T13:21:10.949 INFO:teuthology.orchestra.run.smithi097.stdout:/usr/bin/ceph: stderr
2024-03-21T13:21:10.117+0000 7f557cbed700 1 --2- 172.21.15.97:0/457076633 >> [v2:172.21.15.97:3300/0,v1:172.21.15.97:6789/0] conn(0x7f5578106bb0 0x7f5578108fa0 secure :-1 s=READY pgs=43 cs=0 l=1 rev1=1 crypto rx=0x7f55680098a0 tx=0x7f5568009bb0 comp rx=0 tx=0).stop
2024-03-21T13:21:10.949 INFO:teuthology.orchestra.run.smithi097.stdout:/usr/bin/ceph: stderr
2024-03-21T13:21:10.118+0000 7f557cbed700 1 -- 172.21.15.97:0/457076633 shutdown_connections
2024-03-21T13:21:10.949 INFO:teuthology.orchestra.run.smithi097.stdout:/usr/bin/ceph: stderr
2024-03-21T13:21:10.118+0000 7f557cbed700 1 --2- 172.21.15.97:0/457076633 >> [v2:172.21.15.97:3300/0,v1:172.21.15.97:6789/0] conn(0x7f5578106bb0 0x7f5578108fa0 unknown :-1 s=CLOSED pgs=43 cs=0 l=1 rev1=1 crypto rx=0 tx=0 comp rx=0 tx=0).stop
2024-03-21T13:21:10.949 INFO:teuthology.orchestra.run.smithi097.stdout:/usr/bin/ceph: stderr
2024-03-21T13:21:10.118+0000 7f557cbed700 1 -- 172.21.15.97:0/457076633 >> 172.21.15.97:0/457076633 conn(0x7f55781005a0 msgr2=0x7f5578102a20 unknown :-1 s=STATE_NONE l=0).mark_down
2024-03-21T13:21:10.949 INFO:teuthology.orchestra.run.smithi097.stdout:/usr/bin/ceph: stderr
2024-03-21T13:21:10.118+0000 7f557cbed700 1 -- 172.21.15.97:0/457076633 shutdown_connections
2024-03-21T13:21:10.949 INFO:teuthology.orchestra.run.smithi097.stdout:/usr/bin/ceph: stderr
2024-03-21T13:21:10.118+0000 7f557cbed700 1 -- 172.21.15.97:0/457076633 wait complete.
2024-03-21T13:21:10.949 INFO:teuthology.orchestra.run.smithi097.stdout:/usr/bin/ceph: stderr
2024-03-21T13:21:10.118+0000 7f557cbed700 1 Processor -- start
2024-03-21T13:21:10.949 INFO:teuthology.orchestra.run.smithi097.stdout:/usr/bin/ceph: stderr
2024-03-21T13:21:10.118+0000 7f557cbed700 1 -- start start
2024-03-21T13:21:10.949 INFO:teuthology.orchestra.run.smithi097.stdout:/usr/bin/ceph: stderr
2024-03-21T13:21:10.118+0000 7f557cbed700 1 --2- >> [v2:172.21.15.97:3300/0,v1:172.21.15.97:6789/0] conn(0x7f5578106bb0 0x7f5578199fd0 unknown :-1 s=NONE pgs=0 cs=0 l=1 rev1=0 crypto rx=0 tx=0 comp rx=0 tx=0).connect
2024-03-21T13:21:10.949 INFO:teuthology.orchestra.run.smithi097.stdout:/usr/bin/ceph: stderr
2024-03-21T13:21:10.119+0000 7f557cbed700 1 -- --> [v2:172.21.15.97:3300/0,v1:172.21.15.97:6789/0] -- mon_getmap magic: 0 v1 -- 0x7f557810a4b0 con 0x7f5578106bb0
2024-03-21T13:21:10.950 INFO:teuthology.orchestra.run.smithi097.stdout:/usr/bin/ceph: stderr
2024-03-21T13:21:10.119+0000 7f557659c700 1 --2- >> [v2:172.21.15.97:3300/0,v1:172.21.15.97:6789/0] conn(0x7f5578106bb0 0x7f5578199fd0 unknown :-1 s=BANNER_CONNECTING pgs=0 cs=0 l=1 rev1=0 crypto rx=0 tx=0 comp rx=0 tx=0)._handle_peer_banner_payload supported=3 required=0
2024-03-21T13:21:10.950 INFO:teuthology.orchestra.run.smithi097.stdout:/usr/bin/ceph: stderr
2024-03-21T13:21:10.119+0000 7f557659c700 1 --2- >> [v2:172.21.15.97:3300/0,v1:172.21.15.97:6789/0] conn(0x7f5578106bb0 0x7f5578199fd0 unknown :-1 s=HELLO_CONNECTING pgs=0 cs=0 l=1 rev1=1 crypto rx=0 tx=0 comp rx=0 tx=0).handle_hello peer v2:172.21.15.97:3300/0 says I am v2:172.21.15.97:52634/0 (socket says 172.21.15.97:52634)
2024-03-21T13:21:10.950 INFO:teuthology.orchestra.run.smithi097.stdout:/usr/bin/ceph: stderr
2024-03-21T13:21:10.119+0000 7f557659c700 1 -- 172.21.15.97:0/74249928 learned_addr learned my addr 172.21.15.97:0/74249928 (peer_addr_for_me v2:172.21.15.97:0/0)
2024-03-21T13:21:10.950 INFO:teuthology.orchestra.run.smithi097.stdout:/usr/bin/ceph: stderr
2024-03-21T13:21:10.119+0000 7f557659c700 1 -- 172.21.15.97:0/74249928 --> [v2:172.21.15.97:3300/0,v1:172.21.15.97:6789/0] -- mon_subscribe({config=0+,monmap=0+}) v3 -- 0x7f557819a510 con 0x7f5578106bb0
2024-03-21T13:21:10.950 INFO:teuthology.orchestra.run.smithi097.stdout:/usr/bin/ceph: stderr
2024-03-21T13:21:10.119+0000 7f557659c700 1 --2- 172.21.15.97:0/74249928 >> [v2:172.21.15.97:3300/0,v1:172.21.15.97:6789/0] conn(0x7f5578106bb0 0x7f5578199fd0 secure :-1 s=READY pgs=44 cs=0 l=1 rev1=1 crypto rx=0x7f5568009870 tx=0x7f5568011ae0 comp rx=0 tx=0).ready entity=mon.0 client_cookie=0 server_cookie=0 in_seq=0 out_seq=0
2024-03-21T13:21:10.950 INFO:teuthology.orchestra.run.smithi097.stdout:/usr/bin/ceph: stderr
2024-03-21T13:21:10.119+0000 7f55677fe700 1 -- 172.21.15.97:0/74249928 <== mon.0 v2:172.21.15.97:3300/0 1 ==== mon_map magic: 0 v1 ==== 205+0+0 (secure 0 0 0) 0x7f556801a430 con 0x7f5578106bb0
2024-03-21T13:21:10.950 INFO:teuthology.orchestra.run.smithi097.stdout:/usr/bin/ceph: stderr
2024-03-21T13:21:10.119+0000 7f55677fe700 1 -- 172.21.15.97:0/74249928 <== mon.0 v2:172.21.15.97:3300/0 2 ==== config(26 keys) v1 ==== 1062+0+0 (secure 0 0 0) 0x7f556801aa60 con 0x7f5578106bb0
2024-03-21T13:21:10.950 INFO:teuthology.orchestra.run.smithi097.stdout:/usr/bin/ceph: stderr
2024-03-21T13:21:10.119+0000 7f557cbed700 1 -- 172.21.15.97:0/74249928 --> [v2:172.21.15.97:3300/0,v1:172.21.15.97:6789/0] -- mon_subscribe({mgrmap=0+}) v3 -- 0x7f557819a7a0 con 0x7f5578106bb0
2024-03-21T13:21:10.950 INFO:teuthology.orchestra.run.smithi097.stdout:/usr/bin/ceph: stderr
2024-03-21T13:21:10.119+0000 7f55677fe700 1 -- 172.21.15.97:0/74249928 <== mon.0 v2:172.21.15.97:3300/0 3 ==== mon_map magic: 0 v1 ==== 205+0+0 (secure 0 0 0) 0x7f55680199a0 con 0x7f5578106bb0
2024-03-21T13:21:10.950 INFO:teuthology.orchestra.run.smithi097.stdout:/usr/bin/ceph: stderr
2024-03-21T13:21:10.119+0000 7f557cbed700 1 -- 172.21.15.97:0/74249928 --> [v2:172.21.15.97:3300/0,v1:172.21.15.97:6789/0] -- mon_subscribe({osdmap=0}) v3 -- 0x7f557819d490 con 0x7f5578106bb0
2024-03-21T13:21:10.950 INFO:teuthology.orchestra.run.smithi097.stdout:/usr/bin/ceph: stderr
2024-03-21T13:21:10.120+0000 7f55677fe700 1 -- 172.21.15.97:0/74249928 <== mon.0 v2:172.21.15.97:3300/0 4 ==== mgrmap(e 8) v1 ==== 46259+0+0 (secure 0 0 0) 0x7f5568022020 con 0x7f5578106bb0
2024-03-21T13:21:10.950 INFO:teuthology.orchestra.run.smithi097.stdout:/usr/bin/ceph: stderr
2024-03-21T13:21:10.120+0000 7f55677fe700 1 --2- 172.21.15.97:0/74249928 >> v2:172.21.15.97:6800/4140723216 conn(0x7f55600390f0 0x7f556003b5b0 unknown :-1 s=NONE pgs=0 cs=0 l=1 rev1=0 crypto rx=0 tx=0 comp rx=0 tx=0).connect
2024-03-21T13:21:10.951 INFO:teuthology.orchestra.run.smithi097.stdout:/usr/bin/ceph: stderr
2024-03-21T13:21:10.120+0000 7f557cbed700 1 -- 172.21.15.97:0/74249928 --> [v2:172.21.15.97:3300/0,v1:172.21.15.97:6789/0] -- mon_command({"prefix": "get_command_descriptions"} v 0) v1 -- 0x7f55780637c0 con 0x7f5578106bb0
2024-03-21T13:21:10.951 INFO:teuthology.orchestra.run.smithi097.stdout:/usr/bin/ceph: stderr
2024-03-21T13:21:10.120+0000 7f55677fe700 1 -- 172.21.15.97:0/74249928 <== mon.0 v2:172.21.15.97:3300/0 5 ==== osd_map(2..2 src has 1..2) v4 ==== 897+0+0 (secure 0 0 0) 0x7f556804d3c0 con 0x7f5578106bb0
2024-03-21T13:21:10.951 INFO:teuthology.orchestra.run.smithi097.stdout:/usr/bin/ceph: stderr
2024-03-21T13:21:10.120+0000 7f5575d9b700 1 --2- 172.21.15.97:0/74249928 >> v2:172.21.15.97:6800/4140723216 conn(0x7f55600390f0 0x7f556003b5b0 unknown :-1 s=BANNER_CONNECTING pgs=0 cs=0 l=1 rev1=0 crypto rx=0 tx=0 comp rx=0 tx=0)._handle_peer_banner_payload supported=3 required=0
2024-03-21T13:21:10.951 INFO:teuthology.orchestra.run.smithi097.stdout:/usr/bin/ceph: stderr
2024-03-21T13:21:10.121+0000 7f5575d9b700 1 --2- 172.21.15.97:0/74249928 >> v2:172.21.15.97:6800/4140723216 conn(0x7f55600390f0 0x7f556003b5b0 secure :-1 s=READY pgs=10 cs=0 l=1 rev1=1 crypto rx=0x7f556c006fd0 tx=0x7f556c006e40 comp rx=0 tx=0).ready entity=mgr.14120 client_cookie=0 server_cookie=0 in_seq=0 out_seq=0
2024-03-21T13:21:10.951 INFO:teuthology.orchestra.run.smithi097.stdout:/usr/bin/ceph: stderr
2024-03-21T13:21:10.125+0000 7f55677fe700 1 -- 172.21.15.97:0/74249928 <== mon.0 v2:172.21.15.97:3300/0 6 ==== mon_command_ack([{"prefix": "get_command_descriptions"}]=0 v0) v1 ==== 72+0+186149 (secure 0 0 0) 0x7f5568029250 con 0x7f5578106bb0
2024-03-21T13:21:10.951 INFO:teuthology.orchestra.run.smithi097.stdout:/usr/bin/ceph: stderr
2024-03-21T13:21:10.323+0000 7f557cbed700 1 -- 172.21.15.97:0/74249928 --> v2:172.21.15.97:6800/4140723216 -- mgr_command(tid 0: {"prefix": "cephadm get-pub-key", "target": ["mon-mgr", ""]}) v1 -- 0x7f5578101770 con 0x7f55600390f0
2024-03-21T13:21:10.951 INFO:teuthology.orchestra.run.smithi097.stdout:/usr/bin/ceph: stderr
2024-03-21T13:21:10.324+0000 7f55677fe700 1 -- 172.21.15.97:0/74249928 <== mgr.14120 v2:172.21.15.97:6800/4140723216 1 ==== mgr_command_reply(tid 0: 0 ) v1 ==== 8+0+595 (secure 0 0 0) 0x7f5578101770 con 0x7f55600390f0
2024-03-21T13:21:10.951 INFO:teuthology.orchestra.run.smithi097.stdout:/usr/bin/ceph: stderr
2024-03-21T13:21:10.326+0000 7f557cbed700 1 -- 172.21.15.97:0/74249928 >> v2:172.21.15.97:6800/4140723216 conn(0x7f55600390f0 msgr2=0x7f556003b5b0 secure :-1 s=STATE_CONNECTION_ESTABLISHED l=1).mark_down
2024-03-21T13:21:10.951 INFO:teuthology.orchestra.run.smithi097.stdout:/usr/bin/ceph: stderr
2024-03-21T13:21:10.326+0000 7f557cbed700 1 --2- 172.21.15.97:0/74249928 >> v2:172.21.15.97:6800/4140723216 conn(0x7f55600390f0 0x7f556003b5b0 secure :-1 s=READY pgs=10 cs=0 l=1 rev1=1 crypto rx=0x7f556c006fd0 tx=0x7f556c006e40 comp rx=0 tx=0).stop
2024-03-21T13:21:10.951 INFO:teuthology.orchestra.run.smithi097.stdout:/usr/bin/ceph: stderr
2024-03-21T13:21:10.326+0000 7f557cbed700 1 -- 172.21.15.97:0/74249928 >> [v2:172.21.15.97:3300/0,v1:172.21.15.97:6789/0] conn(0x7f5578106bb0 msgr2=0x7f5578199fd0 secure :-1 s=STATE_CONNECTION_ESTABLISHED l=1).mark_down
2024-03-21T13:21:10.951 INFO:teuthology.orchestra.run.smithi097.stdout:/usr/bin/ceph: stderr
2024-03-21T13:21:10.326+0000 7f557cbed700 1 --2- 172.21.15.97:0/74249928 >> [v2:172.21.15.97:3300/0,v1:172.21.15.97:6789/0] conn(0x7f5578106bb0 0x7f5578199fd0 secure :-1 s=READY pgs=44 cs=0 l=1 rev1=1 crypto rx=0x7f5568009870 tx=0x7f5568011ae0 comp rx=0 tx=0).stop
2024-03-21T13:21:10.951 INFO:teuthology.orchestra.run.smithi097.stdout:/usr/bin/ceph: stderr
2024-03-21T13:21:10.326+0000 7f557cbed700 1 -- 172.21.15.97:0/74249928 shutdown_connections
2024-03-21T13:21:10.952 INFO:teuthology.orchestra.run.smithi097.stdout:/usr/bin/ceph: stderr
2024-03-21T13:21:10.326+0000 7f557cbed700 1 --2- 172.21.15.97:0/74249928 >> v2:172.21.15.97:6800/4140723216 conn(0x7f55600390f0 0x7f556003b5b0 unknown :-1 s=CLOSED pgs=10 cs=0 l=1 rev1=1 crypto rx=0 tx=0 comp rx=0 tx=0).stop
2024-03-21T13:21:10.952 INFO:teuthology.orchestra.run.smithi097.stdout:/usr/bin/ceph: stderr
2024-03-21T13:21:10.326+0000 7f557cbed700 1 --2- 172.21.15.97:0/74249928 >> [v2:172.21.15.97:3300/0,v1:172.21.15.97:6789/0] conn(0x7f5578106bb0 0x7f5578199fd0 unknown :-1 s=CLOSED pgs=44 cs=0 l=1 rev1=1 crypto rx=0 tx=0 comp rx=0 tx=0).stop
2024-03-21T13:21:10.952 INFO:teuthology.orchestra.run.smithi097.stdout:/usr/bin/ceph: stderr
2024-03-21T13:21:10.326+0000 7f557cbed700 1 -- 172.21.15.97:0/74249928 >> 172.21.15.97:0/74249928 conn(0x7f55781005a0 msgr2=0x7f5578101060 unknown :-1 s=STATE_NONE l=0).mark_down
2024-03-21T13:21:10.952 INFO:teuthology.orchestra.run.smithi097.stdout:/usr/bin/ceph: stderr
2024-03-21T13:21:10.326+0000 7f557cbed700 1 -- 172.21.15.97:0/74249928 shutdown_connections
2024-03-21T13:21:10.952 INFO:teuthology.orchestra.run.smithi097.stdout:/usr/bin/ceph: stderr
2024-03-21T13:21:10.326+0000 7f557cbed700 1 -- 172.21.15.97:0/74249928 wait complete.
2024-03-21T13:21:10.952 INFO:teuthology.orchestra.run.smithi097.stdout:Wrote public SSH key to /home/ubuntu/cephtest/ceph.pub
2024-03-21T13:21:10.952 INFO:teuthology.orchestra.run.smithi097.stdout:Adding key to root@localhost authorized_keys...
2024-03-21T13:21:10.952 INFO:teuthology.orchestra.run.smithi097.stdout:Adding host smithi097...
2024-03-21T13:21:11.553 INFO:journalctl@ceph.mon.a.smithi097.stdout:Mar 21 13:21:11 smithi097 ceph-mon[30040]: from='client.14138 -' entity='client.admin' cmd=[{"prefix": "cephadm get-pub-key", "target": ["mon-mgr", ""]}]: dispatch
2024-03-21T13:21:12.770 INFO:journalctl@ceph.mon.a.smithi097.stdout:Mar 21 13:21:12 smithi097 ceph-mon[30040]: from='client.14140 -' entity='client.admin' cmd=[{"prefix": "orch host add", "hostname": "smithi097", "addr": "172.21.15.97", "target": ["mon-mgr", ""]}]: dispatch
2024-03-21T13:21:12.770 INFO:journalctl@ceph.mon.a.smithi097.stdout:Mar 21 13:21:12 smithi097 ceph-mon[30040]: Deploying cephadm binary to smithi097
2024-03-21T13:21:16.461 INFO:teuthology.orchestra.run.smithi097.stdout:/usr/bin/ceph: stdout Added host 'smithi097' with addr '172.21.15.97'
2024-03-21T13:21:16.461 INFO:teuthology.orchestra.run.smithi097.stdout:/usr/bin/ceph: stderr
2024-03-21T13:21:11.386+0000 7f2cef9bd700 1 Processor -- start
2024-03-21T13:21:16.461 INFO:teuthology.orchestra.run.smithi097.stdout:/usr/bin/ceph: stderr
2024-03-21T13:21:11.387+0000 7f2cef9bd700 1 -- start start
2024-03-21T13:21:16.462 INFO:teuthology.orchestra.run.smithi097.stdout:/usr/bin/ceph: stderr
2024-03-21T13:21:11.387+0000 7f2cef9bd700 1 --2- >> [v2:172.21.15.97:3300/0,v1:172.21.15.97:6789/0] conn(0x7f2ce8105550 0x7f2ce8105970 unknown :-1 s=NONE pgs=0 cs=0 l=0 rev1=0 crypto rx=0 tx=0 comp rx=0 tx=0).connect
2024-03-21T13:21:16.462 INFO:teuthology.orchestra.run.smithi097.stdout:/usr/bin/ceph: stderr
2024-03-21T13:21:11.387+0000 7f2cef9bd700 1 -- --> [v2:172.21.15.97:3300/0,v1:172.21.15.97:6789/0] -- mon_getmap magic: 0 v1 -- 0x7f2ce8105f40 con 0x7f2ce8105550
2024-03-21T13:21:16.462 INFO:teuthology.orchestra.run.smithi097.stdout:/usr/bin/ceph: stderr
2024-03-21T13:21:11.387+0000 7f2ced759700 1 --2- >> [v2:172.21.15.97:3300/0,v1:172.21.15.97:6789/0] conn(0x7f2ce8105550 0x7f2ce8105970 unknown :-1 s=BANNER_CONNECTING pgs=0 cs=0 l=0 rev1=0 crypto rx=0 tx=0 comp rx=0 tx=0)._handle_peer_banner_payload supported=3 required=0
2024-03-21T13:21:16.462 INFO:teuthology.orchestra.run.smithi097.stdout:/usr/bin/ceph: stderr
2024-03-21T13:21:11.387+0000 7f2ced759700 1 --2- >> [v2:172.21.15.97:3300/0,v1:172.21.15.97:6789/0] conn(0x7f2ce8105550 0x7f2ce8105970 unknown :-1 s=HELLO_CONNECTING pgs=0 cs=0 l=0 rev1=1 crypto rx=0 tx=0 comp rx=0 tx=0).handle_hello peer v2:172.21.15.97:3300/0 says I am v2:172.21.15.97:43224/0 (socket says 172.21.15.97:43224)
2024-03-21T13:21:16.462 INFO:teuthology.orchestra.run.smithi097.stdout:/usr/bin/ceph: stderr
2024-03-21T13:21:11.387+0000 7f2ced759700 1 -- 172.21.15.97:0/919790063 learned_addr learned my addr 172.21.15.97:0/919790063 (peer_addr_for_me v2:172.21.15.97:0/0)
2024-03-21T13:21:16.462 INFO:teuthology.orchestra.run.smithi097.stdout:/usr/bin/ceph: stderr
2024-03-21T13:21:11.387+0000 7f2ced759700 1 -- 172.21.15.97:0/919790063 --> [v2:172.21.15.97:3300/0,v1:172.21.15.97:6789/0] -- mon_subscribe({config=0+,monmap=0+}) v3 -- 0x7f2ce8106270 con 0x7f2ce8105550
2024-03-21T13:21:16.462 INFO:teuthology.orchestra.run.smithi097.stdout:/usr/bin/ceph: stderr
2024-03-21T13:21:11.387+0000 7f2ced759700 1 --2- 172.21.15.97:0/919790063 >> [v2:172.21.15.97:3300/0,v1:172.21.15.97:6789/0] conn(0x7f2ce8105550 0x7f2ce8105970 secure :-1 s=READY pgs=45 cs=0 l=1 rev1=1 crypto rx=0x7f2ce40098a0 tx=0x7f2ce4009bb0 comp rx=0 tx=0).ready entity=mon.0 client_cookie=a99d09dbe37328c4 server_cookie=0 in_seq=0 out_seq=0
2024-03-21T13:21:16.462 INFO:teuthology.orchestra.run.smithi097.stdout:/usr/bin/ceph: stderr
2024-03-21T13:21:11.388+0000 7f2cdffff700 1 -- 172.21.15.97:0/919790063 <== mon.0 v2:172.21.15.97:3300/0 1 ==== mon_map magic: 0 v1 ==== 205+0+0 (secure 0 0 0) 0x7f2ce4004160 con 0x7f2ce8105550
2024-03-21T13:21:16.462 INFO:teuthology.orchestra.run.smithi097.stdout:/usr/bin/ceph: stderr
2024-03-21T13:21:11.388+0000 7f2cdffff700 1 -- 172.21.15.97:0/919790063 <== mon.0 v2:172.21.15.97:3300/0 2 ==== config(26 keys) v1 ==== 1062+0+0 (secure 0 0 0) 0x7f2ce4004300 con 0x7f2ce8105550
2024-03-21T13:21:16.462 INFO:teuthology.orchestra.run.smithi097.stdout:/usr/bin/ceph: stderr
2024-03-21T13:21:11.388+0000 7f2cdffff700 1 -- 172.21.15.97:0/919790063 <== mon.0 v2:172.21.15.97:3300/0 3 ==== mon_map magic: 0 v1 ==== 205+0+0 (secure 0 0 0) 0x7f2ce4011a60 con 0x7f2ce8105550
2024-03-21T13:21:16.462 INFO:teuthology.orchestra.run.smithi097.stdout:/usr/bin/ceph: stderr
2024-03-21T13:21:11.388+0000 7f2cef9bd700 1 -- 172.21.15.97:0/919790063 >> [v2:172.21.15.97:3300/0,v1:172.21.15.97:6789/0] conn(0x7f2ce8105550 msgr2=0x7f2ce8105970 secure :-1 s=STATE_CONNECTION_ESTABLISHED l=1).mark_down
2024-03-21T13:21:16.462 INFO:teuthology.orchestra.run.smithi097.stdout:/usr/bin/ceph: stderr
2024-03-21T13:21:11.388+0000 7f2cef9bd700 1 --2- 172.21.15.97:0/919790063 >> [v2:172.21.15.97:3300/0,v1:172.21.15.97:6789/0] conn(0x7f2ce8105550 0x7f2ce8105970 secure :-1 s=READY pgs=45 cs=0 l=1 rev1=1 crypto rx=0x7f2ce40098a0 tx=0x7f2ce4009bb0 comp rx=0 tx=0).stop
2024-03-21T13:21:16.462 INFO:teuthology.orchestra.run.smithi097.stdout:/usr/bin/ceph: stderr
2024-03-21T13:21:11.388+0000 7f2cef9bd700 1 -- 172.21.15.97:0/919790063 shutdown_connections
2024-03-21T13:21:16.463 INFO:teuthology.orchestra.run.smithi097.stdout:/usr/bin/ceph: stderr
2024-03-21T13:21:11.388+0000 7f2cef9bd700 1 --2- 172.21.15.97:0/919790063 >> [v2:172.21.15.97:3300/0,v1:172.21.15.97:6789/0] conn(0x7f2ce8105550 0x7f2ce8105970 unknown :-1 s=CLOSED pgs=45 cs=0 l=1 rev1=1 crypto rx=0 tx=0 comp rx=0 tx=0).stop
2024-03-21T13:21:16.463 INFO:teuthology.orchestra.run.smithi097.stdout:/usr/bin/ceph: stderr
2024-03-21T13:21:11.388+0000 7f2cef9bd700 1 -- 172.21.15.97:0/919790063 >> 172.21.15.97:0/919790063 conn(0x7f2ce80ffd10 msgr2=0x7f2ce8102190 unknown :-1 s=STATE_NONE l=0).mark_down
2024-03-21T13:21:16.463 INFO:teuthology.orchestra.run.smithi097.stdout:/usr/bin/ceph: stderr
2024-03-21T13:21:11.388+0000 7f2cef9bd700 1 -- 172.21.15.97:0/919790063 shutdown_connections
2024-03-21T13:21:16.463 INFO:teuthology.orchestra.run.smithi097.stdout:/usr/bin/ceph: stderr
2024-03-21T13:21:11.388+0000 7f2cef9bd700 1 -- 172.21.15.97:0/919790063 wait complete.
2024-03-21T13:21:16.463 INFO:teuthology.orchestra.run.smithi097.stdout:/usr/bin/ceph: stderr
2024-03-21T13:21:11.389+0000 7f2cef9bd700 1 Processor -- start
2024-03-21T13:21:16.463 INFO:teuthology.orchestra.run.smithi097.stdout:/usr/bin/ceph: stderr
2024-03-21T13:21:11.389+0000 7f2cef9bd700 1 -- start start
2024-03-21T13:21:16.463 INFO:teuthology.orchestra.run.smithi097.stdout:/usr/bin/ceph: stderr
2024-03-21T13:21:11.389+0000 7f2cef9bd700 1 --2- >> [v2:172.21.15.97:3300/0,v1:172.21.15.97:6789/0] conn(0x7f2ce8105550 0x7f2ce819a060 unknown :-1 s=NONE pgs=0 cs=0 l=1 rev1=0 crypto rx=0 tx=0 comp rx=0 tx=0).connect
2024-03-21T13:21:16.463 INFO:teuthology.orchestra.run.smithi097.stdout:/usr/bin/ceph: stderr
2024-03-21T13:21:11.389+0000 7f2cef9bd700 1 -- --> [v2:172.21.15.97:3300/0,v1:172.21.15.97:6789/0] -- mon_getmap magic: 0 v1 -- 0x7f2ce8109620 con 0x7f2ce8105550
2024-03-21T13:21:16.463 INFO:teuthology.orchestra.run.smithi097.stdout:/usr/bin/ceph: stderr
2024-03-21T13:21:11.389+0000 7f2ced759700 1 --2- >> [v2:172.21.15.97:3300/0,v1:172.21.15.97:6789/0] conn(0x7f2ce8105550 0x7f2ce819a060 unknown :-1 s=BANNER_CONNECTING pgs=0 cs=0 l=1 rev1=0 crypto rx=0 tx=0 comp rx=0 tx=0)._handle_peer_banner_payload supported=3 required=0
2024-03-21T13:21:16.463 INFO:teuthology.orchestra.run.smithi097.stdout:/usr/bin/ceph: stderr
2024-03-21T13:21:11.389+0000 7f2ced759700 1 --2- >> [v2:172.21.15.97:3300/0,v1:172.21.15.97:6789/0] conn(0x7f2ce8105550 0x7f2ce819a060 unknown :-1 s=HELLO_CONNECTING pgs=0 cs=0 l=1 rev1=1 crypto rx=0 tx=0 comp rx=0 tx=0).handle_hello peer v2:172.21.15.97:3300/0 says I am v2:172.21.15.97:43226/0 (socket says 172.21.15.97:43226)
2024-03-21T13:21:16.463 INFO:teuthology.orchestra.run.smithi097.stdout:/usr/bin/ceph: stderr
2024-03-21T13:21:11.389+0000 7f2ced759700 1 -- 172.21.15.97:0/272469083 learned_addr learned my addr 172.21.15.97:0/272469083 (peer_addr_for_me v2:172.21.15.97:0/0)
2024-03-21T13:21:16.463 INFO:teuthology.orchestra.run.smithi097.stdout:/usr/bin/ceph: stderr
2024-03-21T13:21:11.389+0000 7f2ced759700 1 -- 172.21.15.97:0/272469083 --> [v2:172.21.15.97:3300/0,v1:172.21.15.97:6789/0] -- mon_subscribe({config=0+,monmap=0+}) v3 -- 0x7f2ce819a5a0 con 0x7f2ce8105550
2024-03-21T13:21:16.463 INFO:teuthology.orchestra.run.smithi097.stdout:/usr/bin/ceph: stderr
2024-03-21T13:21:11.390+0000 7f2ced759700 1 --2- 172.21.15.97:0/272469083 >> [v2:172.21.15.97:3300/0,v1:172.21.15.97:6789/0] conn(0x7f2ce8105550 0x7f2ce819a060 secure :-1 s=READY pgs=46 cs=0 l=1 rev1=1 crypto rx=0x7f2ce4009fb0 tx=0x7f2ce40046a0 comp rx=0 tx=0).ready entity=mon.0 client_cookie=0 server_cookie=0 in_seq=0 out_seq=0
2024-03-21T13:21:16.463 INFO:teuthology.orchestra.run.smithi097.stdout:/usr/bin/ceph: stderr
2024-03-21T13:21:11.390+0000 7f2cde7fc700 1 -- 172.21.15.97:0/272469083 <== mon.0 v2:172.21.15.97:3300/0 1 ==== mon_map magic: 0 v1 ==== 205+0+0 (secure 0 0 0) 0x7f2ce401a430 con 0x7f2ce8105550
2024-03-21T13:21:16.463 INFO:teuthology.orchestra.run.smithi097.stdout:/usr/bin/ceph: stderr
2024-03-21T13:21:11.390+0000 7f2cde7fc700 1 -- 172.21.15.97:0/272469083 <== mon.0 v2:172.21.15.97:3300/0 2 ==== config(26 keys) v1 ==== 1062+0+0 (secure 0 0 0) 0x7f2ce401aa60 con 0x7f2ce8105550
2024-03-21T13:21:16.464 INFO:teuthology.orchestra.run.smithi097.stdout:/usr/bin/ceph: stderr
2024-03-21T13:21:11.390+0000 7f2cef9bd700 1 -- 172.21.15.97:0/272469083 --> [v2:172.21.15.97:3300/0,v1:172.21.15.97:6789/0] -- mon_subscribe({mgrmap=0+}) v3 -- 0x7f2ce819a830 con 0x7f2ce8105550
2024-03-21T13:21:16.464 INFO:teuthology.orchestra.run.smithi097.stdout:/usr/bin/ceph: stderr
2024-03-21T13:21:11.390+0000 7f2cde7fc700 1 -- 172.21.15.97:0/272469083 <== mon.0 v2:172.21.15.97:3300/0 3 ==== mon_map magic: 0 v1 ==== 205+0+0 (secure 0 0 0) 0x7f2ce40249b0 con 0x7f2ce8105550
2024-03-21T13:21:16.464 INFO:teuthology.orchestra.run.smithi097.stdout:/usr/bin/ceph: stderr
2024-03-21T13:21:11.390+0000 7f2cef9bd700 1 -- 172.21.15.97:0/272469083 --> [v2:172.21.15.97:3300/0,v1:172.21.15.97:6789/0] -- mon_subscribe({osdmap=0}) v3 -- 0x7f2ce819d520 con 0x7f2ce8105550
2024-03-21T13:21:16.464 INFO:teuthology.orchestra.run.smithi097.stdout:/usr/bin/ceph: stderr
2024-03-21T13:21:11.391+0000 7f2cde7fc700 1 -- 172.21.15.97:0/272469083 <== mon.0 v2:172.21.15.97:3300/0 4 ==== mgrmap(e 8) v1 ==== 46259+0+0 (secure 0 0 0) 0x7f2ce4022020 con 0x7f2ce8105550
2024-03-21T13:21:16.464 INFO:teuthology.orchestra.run.smithi097.stdout:/usr/bin/ceph: stderr
2024-03-21T13:21:11.391+0000 7f2cef9bd700 1 -- 172.21.15.97:0/272469083 --> [v2:172.21.15.97:3300/0,v1:172.21.15.97:6789/0] -- mon_command({"prefix": "get_command_descriptions"} v 0) v1 -- 0x7f2ce80637c0 con 0x7f2ce8105550
2024-03-21T13:21:16.464 INFO:teuthology.orchestra.run.smithi097.stdout:/usr/bin/ceph: stderr
2024-03-21T13:21:11.391+0000 7f2cde7fc700 1 --2- 172.21.15.97:0/272469083 >> v2:172.21.15.97:6800/4140723216 conn(0x7f2cd4039140 0x7f2cd403b600 unknown :-1 s=NONE pgs=0 cs=0 l=1 rev1=0 crypto rx=0 tx=0 comp rx=0 tx=0).connect
2024-03-21T13:21:16.464 INFO:teuthology.orchestra.run.smithi097.stdout:/usr/bin/ceph: stderr
2024-03-21T13:21:11.391+0000 7f2cde7fc700 1 -- 172.21.15.97:0/272469083 <== mon.0 v2:172.21.15.97:3300/0 5 ==== osd_map(2..2 src has 1..2) v4 ==== 897+0+0 (secure 0 0 0) 0x7f2ce404d800 con 0x7f2ce8105550
2024-03-21T13:21:16.464 INFO:teuthology.orchestra.run.smithi097.stdout:/usr/bin/ceph: stderr
2024-03-21T13:21:11.391+0000 7f2cecf58700 1 --2- 172.21.15.97:0/272469083 >> v2:172.21.15.97:6800/4140723216 conn(0x7f2cd4039140 0x7f2cd403b600 unknown :-1 s=BANNER_CONNECTING pgs=0 cs=0 l=1 rev1=0 crypto rx=0 tx=0 comp rx=0 tx=0)._handle_peer_banner_payload supported=3 required=0
2024-03-21T13:21:16.464 INFO:teuthology.orchestra.run.smithi097.stdout:/usr/bin/ceph: stderr
2024-03-21T13:21:11.391+0000 7f2cecf58700 1 --2- 172.21.15.97:0/272469083 >> v2:172.21.15.97:6800/4140723216 conn(0x7f2cd4039140 0x7f2cd403b600 secure :-1 s=READY pgs=11 cs=0 l=1 rev1=1 crypto rx=0x7f2cd8006fd0 tx=0x7f2cd8006e40 comp rx=0 tx=0).ready entity=mgr.14120 client_cookie=0 server_cookie=0 in_seq=0 out_seq=0
2024-03-21T13:21:16.464 INFO:teuthology.orchestra.run.smithi097.stdout:/usr/bin/ceph: stderr
2024-03-21T13:21:11.396+0000 7f2cde7fc700 1 -- 172.21.15.97:0/272469083 <== mon.0 v2:172.21.15.97:3300/0 6 ==== mon_command_ack([{"prefix": "get_command_descriptions"}]=0 v0) v1 ==== 72+0+186149 (secure 0 0 0) 0x7f2ce4019e10 con 0x7f2ce8105550
2024-03-21T13:21:16.464 INFO:teuthology.orchestra.run.smithi097.stdout:/usr/bin/ceph: stderr
2024-03-21T13:21:11.595+0000 7f2cef9bd700 1 -- 172.21.15.97:0/272469083 --> v2:172.21.15.97:6800/4140723216 -- mgr_command(tid 0: {"prefix": "orch host add", "hostname": "smithi097", "addr": "172.21.15.97", "target": ["mon-mgr", ""]}) v1 -- 0x7f2ce802db70 con 0x7f2cd4039140
2024-03-21T13:21:16.464 INFO:teuthology.orchestra.run.smithi097.stdout:/usr/bin/ceph: stderr
2024-03-21T13:21:15.856+0000 7f2cde7fc700 1 -- 172.21.15.97:0/272469083 <== mgr.14120 v2:172.21.15.97:6800/4140723216 1 ==== mgr_command_reply(tid 0: 0 ) v1 ==== 8+0+48 (secure 0 0 0) 0x7f2ce802db70 con 0x7f2cd4039140
2024-03-21T13:21:16.465 INFO:teuthology.orchestra.run.smithi097.stdout:/usr/bin/ceph: stderr
2024-03-21T13:21:15.858+0000 7f2cef9bd700 1 -- 172.21.15.97:0/272469083 >> v2:172.21.15.97:6800/4140723216 conn(0x7f2cd4039140 msgr2=0x7f2cd403b600 secure :-1 s=STATE_CONNECTION_ESTABLISHED l=1).mark_down
2024-03-21T13:21:16.465 INFO:teuthology.orchestra.run.smithi097.stdout:/usr/bin/ceph: stderr
2024-03-21T13:21:15.858+0000 7f2cef9bd700 1 --2- 172.21.15.97:0/272469083 >> v2:172.21.15.97:6800/4140723216 conn(0x7f2cd4039140 0x7f2cd403b600 secure :-1 s=READY pgs=11 cs=0 l=1 rev1=1 crypto rx=0x7f2cd8006fd0 tx=0x7f2cd8006e40 comp rx=0 tx=0).stop
2024-03-21T13:21:16.465 INFO:teuthology.orchestra.run.smithi097.stdout:/usr/bin/ceph: stderr
2024-03-21T13:21:15.858+0000 7f2cef9bd700 1 -- 172.21.15.97:0/272469083 >> [v2:172.21.15.97:3300/0,v1:172.21.15.97:6789/0] conn(0x7f2ce8105550 msgr2=0x7f2ce819a060 secure :-1 s=STATE_CONNECTION_ESTABLISHED l=1).mark_down
2024-03-21T13:21:16.465 INFO:teuthology.orchestra.run.smithi097.stdout:/usr/bin/ceph: stderr
2024-03-21T13:21:15.858+0000 7f2cef9bd700 1 --2- 172.21.15.97:0/272469083 >> [v2:172.21.15.97:3300/0,v1:172.21.15.97:6789/0] conn(0x7f2ce8105550 0x7f2ce819a060 secure :-1 s=READY pgs=46 cs=0 l=1 rev1=1 crypto rx=0x7f2ce4009fb0 tx=0x7f2ce40046a0 comp rx=0 tx=0).stop
2024-03-21T13:21:16.465 INFO:teuthology.orchestra.run.smithi097.stdout:/usr/bin/ceph: stderr
2024-03-21T13:21:15.859+0000 7f2cef9bd700 1 -- 172.21.15.97:0/272469083 shutdown_connections
2024-03-21T13:21:16.465 INFO:teuthology.orchestra.run.smithi097.stdout:/usr/bin/ceph: stderr
2024-03-21T13:21:15.859+0000 7f2cef9bd700 1 --2- 172.21.15.97:0/272469083 >> v2:172.21.15.97:6800/4140723216 conn(0x7f2cd4039140 0x7f2cd403b600 unknown :-1 s=CLOSED pgs=11 cs=0 l=1 rev1=1 crypto rx=0 tx=0 comp rx=0 tx=0).stop
2024-03-21T13:21:16.465 INFO:teuthology.orchestra.run.smithi097.stdout:/usr/bin/ceph: stderr
2024-03-21T13:21:15.859+0000 7f2cef9bd700 1 --2- 172.21.15.97:0/272469083 >> [v2:172.21.15.97:3300/0,v1:172.21.15.97:6789/0] conn(0x7f2ce8105550 0x7f2ce819a060 unknown :-1 s=CLOSED pgs=46 cs=0 l=1 rev1=1 crypto rx=0 tx=0 comp rx=0 tx=0).stop
2024-03-21T13:21:16.465 INFO:teuthology.orchestra.run.smithi097.stdout:/usr/bin/ceph: stderr
2024-03-21T13:21:15.859+0000 7f2cef9bd700 1 -- 172.21.15.97:0/272469083 >> 172.21.15.97:0/272469083 conn(0x7f2ce80ffd10 msgr2=0x7f2ce8100ba0 unknown :-1 s=STATE_NONE l=0).mark_down
2024-03-21T13:21:16.465 INFO:teuthology.orchestra.run.smithi097.stdout:/usr/bin/ceph: stderr
2024-03-21T13:21:15.859+0000 7f2cef9bd700 1 -- 172.21.15.97:0/272469083 shutdown_connections
2024-03-21T13:21:16.465 INFO:teuthology.orchestra.run.smithi097.stdout:/usr/bin/ceph: stderr
2024-03-21T13:21:15.859+0000 7f2cef9bd700 1 -- 172.21.15.97:0/272469083 wait complete.
2024-03-21T13:21:16.465 INFO:teuthology.orchestra.run.smithi097.stdout:Deploying unmanaged mon service...
2024-03-21T13:21:17.053 INFO:journalctl@ceph.mon.a.smithi097.stdout:Mar 21 13:21:16 smithi097 ceph-mon[30040]: from='mgr.14120 172.21.15.97:0/366686223' entity='mgr.y'
2024-03-21T13:21:17.053 INFO:journalctl@ceph.mon.a.smithi097.stdout:Mar 21 13:21:16 smithi097 ceph-mon[30040]: Added host smithi097
2024-03-21T13:21:17.053 INFO:journalctl@ceph.mon.a.smithi097.stdout:Mar 21 13:21:16 smithi097 ceph-mon[30040]: from='mgr.14120 172.21.15.97:0/366686223' entity='mgr.y' cmd=[{"prefix": "config dump", "format": "json"}]: dispatch
2024-03-21T13:21:17.703 INFO:teuthology.orchestra.run.smithi097.stdout:/usr/bin/ceph: stdout Scheduled mon update...
2024-03-21T13:21:17.703 INFO:teuthology.orchestra.run.smithi097.stdout:/usr/bin/ceph: stderr
2024-03-21T13:21:16.945+0000 7fef83deb700 1 Processor -- start
2024-03-21T13:21:17.703 INFO:teuthology.orchestra.run.smithi097.stdout:/usr/bin/ceph: stderr
2024-03-21T13:21:16.946+0000 7fef83deb700 1 -- start start
2024-03-21T13:21:17.703 INFO:teuthology.orchestra.run.smithi097.stdout:/usr/bin/ceph: stderr
2024-03-21T13:21:16.946+0000 7fef83deb700 1 --2- >> [v2:172.21.15.97:3300/0,v1:172.21.15.97:6789/0] conn(0x7fef7c105090 0x7fef7c1054b0 unknown :-1 s=NONE pgs=0 cs=0 l=0 rev1=0 crypto rx=0 tx=0 comp rx=0 tx=0).connect
2024-03-21T13:21:17.704 INFO:teuthology.orchestra.run.smithi097.stdout:/usr/bin/ceph: stderr
2024-03-21T13:21:16.946+0000 7fef83deb700 1 -- --> [v2:172.21.15.97:3300/0,v1:172.21.15.97:6789/0] -- mon_getmap magic: 0 v1 -- 0x7fef7c105a80 con 0x7fef7c105090
2024-03-21T13:21:17.704 INFO:teuthology.orchestra.run.smithi097.stdout:/usr/bin/ceph: stderr
2024-03-21T13:21:16.946+0000 7fef81b87700 1 --2- >> [v2:172.21.15.97:3300/0,v1:172.21.15.97:6789/0] conn(0x7fef7c105090 0x7fef7c1054b0 unknown :-1 s=BANNER_CONNECTING pgs=0 cs=0 l=0 rev1=0 crypto rx=0 tx=0 comp rx=0 tx=0)._handle_peer_banner_payload supported=3 required=0
2024-03-21T13:21:17.704 INFO:teuthology.orchestra.run.smithi097.stdout:/usr/bin/ceph: stderr
2024-03-21T13:21:16.946+0000 7fef81b87700 1 --2- >> [v2:172.21.15.97:3300/0,v1:172.21.15.97:6789/0] conn(0x7fef7c105090 0x7fef7c1054b0 unknown :-1 s=HELLO_CONNECTING pgs=0 cs=0 l=0 rev1=1 crypto rx=0 tx=0 comp rx=0 tx=0).handle_hello peer v2:172.21.15.97:3300/0 says I am v2:172.21.15.97:43240/0 (socket says 172.21.15.97:43240)
2024-03-21T13:21:17.704 INFO:teuthology.orchestra.run.smithi097.stdout:/usr/bin/ceph: stderr
2024-03-21T13:21:16.946+0000 7fef81b87700 1 -- 172.21.15.97:0/347928064 learned_addr learned my addr 172.21.15.97:0/347928064 (peer_addr_for_me v2:172.21.15.97:0/0)
2024-03-21T13:21:17.704 INFO:teuthology.orchestra.run.smithi097.stdout:/usr/bin/ceph: stderr
2024-03-21T13:21:16.946+0000 7fef81b87700 1 -- 172.21.15.97:0/347928064 --> [v2:172.21.15.97:3300/0,v1:172.21.15.97:6789/0] -- mon_subscribe({config=0+,monmap=0+}) v3 -- 0x7fef7c106290 con 0x7fef7c105090
2024-03-21T13:21:17.704 INFO:teuthology.orchestra.run.smithi097.stdout:/usr/bin/ceph: stderr
2024-03-21T13:21:16.946+0000 7fef81b87700 1 --2- 172.21.15.97:0/347928064 >> [v2:172.21.15.97:3300/0,v1:172.21.15.97:6789/0] conn(0x7fef7c105090 0x7fef7c1054b0 secure :-1 s=READY pgs=47 cs=0 l=1 rev1=1 crypto rx=0x7fef780098a0 tx=0x7fef78009bb0 comp rx=0 tx=0).ready entity=mon.0 client_cookie=7b8b34e4f250402a server_cookie=0 in_seq=0 out_seq=0
2024-03-21T13:21:17.704 INFO:teuthology.orchestra.run.smithi097.stdout:/usr/bin/ceph: stderr
2024-03-21T13:21:16.947+0000 7fef80b85700 1 -- 172.21.15.97:0/347928064 <== mon.0 v2:172.21.15.97:3300/0 1 ==== mon_map magic: 0 v1 ==== 205+0+0 (secure 0 0 0) 0x7fef78004160 con 0x7fef7c105090
2024-03-21T13:21:17.704 INFO:teuthology.orchestra.run.smithi097.stdout:/usr/bin/ceph: stderr
2024-03-21T13:21:16.947+0000 7fef80b85700 1 -- 172.21.15.97:0/347928064 <== mon.0 v2:172.21.15.97:3300/0 2 ==== config(26 keys) v1 ==== 1062+0+0 (secure 0 0 0) 0x7fef78004300 con 0x7fef7c105090
2024-03-21T13:21:17.704 INFO:teuthology.orchestra.run.smithi097.stdout:/usr/bin/ceph: stderr
2024-03-21T13:21:16.947+0000 7fef80b85700 1 -- 172.21.15.97:0/347928064 <== mon.0 v2:172.21.15.97:3300/0 3 ==== mon_map magic: 0 v1 ==== 205+0+0 (secure 0 0 0) 0x7fef78011a60 con 0x7fef7c105090
2024-03-21T13:21:17.704 INFO:teuthology.orchestra.run.smithi097.stdout:/usr/bin/ceph: stderr
2024-03-21T13:21:16.947+0000 7fef83deb700 1 -- 172.21.15.97:0/347928064 >> [v2:172.21.15.97:3300/0,v1:172.21.15.97:6789/0] conn(0x7fef7c105090 msgr2=0x7fef7c1054b0 secure :-1 s=STATE_CONNECTION_ESTABLISHED l=1).mark_down
2024-03-21T13:21:17.704 INFO:teuthology.orchestra.run.smithi097.stdout:/usr/bin/ceph: stderr
2024-03-21T13:21:16.947+0000 7fef83deb700 1 --2- 172.21.15.97:0/347928064 >> [v2:172.21.15.97:3300/0,v1:172.21.15.97:6789/0] conn(0x7fef7c105090 0x7fef7c1054b0 secure :-1 s=READY pgs=47 cs=0 l=1 rev1=1 crypto rx=0x7fef780098a0 tx=0x7fef78009bb0 comp rx=0 tx=0).stop
2024-03-21T13:21:17.704 INFO:teuthology.orchestra.run.smithi097.stdout:/usr/bin/ceph: stderr
2024-03-21T13:21:16.947+0000 7fef83deb700 1 -- 172.21.15.97:0/347928064 shutdown_connections
2024-03-21T13:21:17.704 INFO:teuthology.orchestra.run.smithi097.stdout:/usr/bin/ceph: stderr
2024-03-21T13:21:16.947+0000 7fef83deb700 1 --2- 172.21.15.97:0/347928064 >> [v2:172.21.15.97:3300/0,v1:172.21.15.97:6789/0] conn(0x7fef7c105090 0x7fef7c1054b0 unknown :-1 s=CLOSED pgs=47 cs=0 l=1 rev1=1 crypto rx=0 tx=0 comp rx=0 tx=0).stop
2024-03-21T13:21:17.704 INFO:teuthology.orchestra.run.smithi097.stdout:/usr/bin/ceph: stderr
2024-03-21T13:21:16.947+0000 7fef83deb700 1 -- 172.21.15.97:0/347928064 >> 172.21.15.97:0/347928064 conn(0x7fef7c100630 msgr2=0x7fef7c102a70 unknown :-1 s=STATE_NONE l=0).mark_down
2024-03-21T13:21:17.705 INFO:teuthology.orchestra.run.smithi097.stdout:/usr/bin/ceph: stderr
2024-03-21T13:21:16.947+0000 7fef83deb700 1 -- 172.21.15.97:0/347928064 shutdown_connections
2024-03-21T13:21:17.705 INFO:teuthology.orchestra.run.smithi097.stdout:/usr/bin/ceph: stderr
2024-03-21T13:21:16.947+0000 7fef83deb700 1 -- 172.21.15.97:0/347928064 wait complete.
2024-03-21T13:21:17.705 INFO:teuthology.orchestra.run.smithi097.stdout:/usr/bin/ceph: stderr
2024-03-21T13:21:16.948+0000 7fef83deb700 1 Processor -- start
2024-03-21T13:21:17.705 INFO:teuthology.orchestra.run.smithi097.stdout:/usr/bin/ceph: stderr
2024-03-21T13:21:16.948+0000 7fef83deb700 1 -- start start
2024-03-21T13:21:17.705 INFO:teuthology.orchestra.run.smithi097.stdout:/usr/bin/ceph: stderr
2024-03-21T13:21:16.948+0000 7fef83deb700 1 --2- >> [v2:172.21.15.97:3300/0,v1:172.21.15.97:6789/0] conn(0x7fef7c105090 0x7fef7c079b60 unknown :-1 s=NONE pgs=0 cs=0 l=1 rev1=0 crypto rx=0 tx=0 comp rx=0 tx=0).connect
2024-03-21T13:21:17.705 INFO:teuthology.orchestra.run.smithi097.stdout:/usr/bin/ceph: stderr
2024-03-21T13:21:16.948+0000 7fef83deb700 1 -- --> [v2:172.21.15.97:3300/0,v1:172.21.15.97:6789/0] -- mon_getmap magic: 0 v1 -- 0x7fef7c109640 con 0x7fef7c105090
2024-03-21T13:21:17.705 INFO:teuthology.orchestra.run.smithi097.stdout:/usr/bin/ceph: stderr
2024-03-21T13:21:16.948+0000 7fef81b87700 1 --2- >> [v2:172.21.15.97:3300/0,v1:172.21.15.97:6789/0] conn(0x7fef7c105090 0x7fef7c079b60 unknown :-1 s=BANNER_CONNECTING pgs=0 cs=0 l=1 rev1=0 crypto rx=0 tx=0 comp rx=0 tx=0)._handle_peer_banner_payload supported=3 required=0
2024-03-21T13:21:17.705 INFO:teuthology.orchestra.run.smithi097.stdout:/usr/bin/ceph: stderr
2024-03-21T13:21:16.948+0000 7fef81b87700 1 --2- >> [v2:172.21.15.97:3300/0,v1:172.21.15.97:6789/0] conn(0x7fef7c105090 0x7fef7c079b60 unknown :-1 s=HELLO_CONNECTING pgs=0 cs=0 l=1 rev1=1 crypto rx=0 tx=0 comp rx=0 tx=0).handle_hello peer v2:172.21.15.97:3300/0 says I am v2:172.21.15.97:43244/0 (socket says 172.21.15.97:43244)
2024-03-21T13:21:17.705 INFO:teuthology.orchestra.run.smithi097.stdout:/usr/bin/ceph: stderr
2024-03-21T13:21:16.948+0000 7fef81b87700 1 -- 172.21.15.97:0/2932994960 learned_addr learned my addr 172.21.15.97:0/2932994960 (peer_addr_for_me v2:172.21.15.97:0/0)
2024-03-21T13:21:17.705 INFO:teuthology.orchestra.run.smithi097.stdout:/usr/bin/ceph: stderr
2024-03-21T13:21:16.948+0000 7fef81b87700 1 -- 172.21.15.97:0/2932994960 --> [v2:172.21.15.97:3300/0,v1:172.21.15.97:6789/0] -- mon_subscribe({config=0+,monmap=0+}) v3 -- 0x7fef7c19cd60 con 0x7fef7c105090
2024-03-21T13:21:17.705 INFO:teuthology.orchestra.run.smithi097.stdout:/usr/bin/ceph: stderr
2024-03-21T13:21:16.948+0000 7fef81b87700 1 --2- 172.21.15.97:0/2932994960 >> [v2:172.21.15.97:3300/0,v1:172.21.15.97:6789/0] conn(0x7fef7c105090 0x7fef7c079b60 secure :-1 s=READY pgs=48 cs=0 l=1 rev1=1 crypto rx=0x7fef78011700 tx=0x7fef780046a0 comp rx=0 tx=0).ready entity=mon.0 client_cookie=0 server_cookie=0 in_seq=0 out_seq=0
2024-03-21T13:21:17.705 INFO:teuthology.orchestra.run.smithi097.stdout:/usr/bin/ceph: stderr
2024-03-21T13:21:16.949+0000 7fef72ffd700 1 -- 172.21.15.97:0/2932994960 <== mon.0 v2:172.21.15.97:3300/0 1 ==== mon_map magic: 0 v1 ==== 205+0+0 (secure 0 0 0) 0x7fef78003b20 con 0x7fef7c105090
2024-03-21T13:21:17.705 INFO:teuthology.orchestra.run.smithi097.stdout:/usr/bin/ceph: stderr
2024-03-21T13:21:16.949+0000 7fef72ffd700 1 -- 172.21.15.97:0/2932994960 <== mon.0 v2:172.21.15.97:3300/0 2 ==== config(26 keys) v1 ==== 1062+0+0 (secure 0 0 0) 0x7fef7801a8c0 con 0x7fef7c105090
2024-03-21T13:21:17.705 INFO:teuthology.orchestra.run.smithi097.stdout:/usr/bin/ceph: stderr
2024-03-21T13:21:16.949+0000 7fef72ffd700 1 -- 172.21.15.97:0/2932994960 <== mon.0 v2:172.21.15.97:3300/0 3 ==== mon_map magic: 0 v1 ==== 205+0+0 (secure 0 0 0) 0x7fef780249a0 con 0x7fef7c105090
2024-03-21T13:21:17.705 INFO:teuthology.orchestra.run.smithi097.stdout:/usr/bin/ceph: stderr
2024-03-21T13:21:16.949+0000 7fef83deb700 1 -- 172.21.15.97:0/2932994960 --> [v2:172.21.15.97:3300/0,v1:172.21.15.97:6789/0] -- mon_subscribe({mgrmap=0+}) v3 -- 0x7fef7c19cf30 con 0x7fef7c105090
2024-03-21T13:21:17.705 INFO:teuthology.orchestra.run.smithi097.stdout:/usr/bin/ceph: stderr
2024-03-21T13:21:16.949+0000 7fef83deb700 1 -- 172.21.15.97:0/2932994960 --> [v2:172.21.15.97:3300/0,v1:172.21.15.97:6789/0] -- mon_subscribe({osdmap=0}) v3 -- 0x7fef7c19d350 con 0x7fef7c105090
2024-03-21T13:21:17.706 INFO:teuthology.orchestra.run.smithi097.stdout:/usr/bin/ceph: stderr
2024-03-21T13:21:16.950+0000 7fef72ffd700 1 -- 172.21.15.97:0/2932994960 <== mon.0 v2:172.21.15.97:3300/0 4 ==== mgrmap(e 8) v1 ==== 46259+0+0 (secure 0 0 0) 0x7fef78022020 con 0x7fef7c105090
2024-03-21T13:21:17.706 INFO:teuthology.orchestra.run.smithi097.stdout:/usr/bin/ceph: stderr
2024-03-21T13:21:16.950+0000 7fef83deb700 1 -- 172.21.15.97:0/2932994960 --> [v2:172.21.15.97:3300/0,v1:172.21.15.97:6789/0] -- mon_command({"prefix": "get_command_descriptions"} v 0) v1 -- 0x7fef7c0637c0 con 0x7fef7c105090
2024-03-21T13:21:17.706 INFO:teuthology.orchestra.run.smithi097.stdout:/usr/bin/ceph: stderr
2024-03-21T13:21:16.950+0000 7fef72ffd700 1 --2- 172.21.15.97:0/2932994960 >> v2:172.21.15.97:6800/4140723216 conn(0x7fef68039140 0x7fef6803b600 unknown :-1 s=NONE pgs=0 cs=0 l=1 rev1=0 crypto rx=0 tx=0 comp rx=0 tx=0).connect
2024-03-21T13:21:17.706 INFO:teuthology.orchestra.run.smithi097.stdout:/usr/bin/ceph: stderr
2024-03-21T13:21:16.950+0000 7fef72ffd700 1 -- 172.21.15.97:0/2932994960 <== mon.0 v2:172.21.15.97:3300/0 5 ==== osd_map(2..2 src has 1..2) v4 ==== 897+0+0 (secure 0 0 0) 0x7fef7804d160 con 0x7fef7c105090
2024-03-21T13:21:17.706 INFO:teuthology.orchestra.run.smithi097.stdout:/usr/bin/ceph: stderr
2024-03-21T13:21:16.950+0000 7fef81386700 1 --2- 172.21.15.97:0/2932994960 >> v2:172.21.15.97:6800/4140723216 conn(0x7fef68039140 0x7fef6803b600 unknown :-1 s=BANNER_CONNECTING pgs=0 cs=0 l=1 rev1=0 crypto rx=0 tx=0 comp rx=0 tx=0)._handle_peer_banner_payload supported=3 required=0
2024-03-21T13:21:17.706 INFO:teuthology.orchestra.run.smithi097.stdout:/usr/bin/ceph: stderr
2024-03-21T13:21:16.950+0000 7fef81386700 1 --2- 172.21.15.97:0/2932994960 >> v2:172.21.15.97:6800/4140723216 conn(0x7fef68039140 0x7fef6803b600 secure :-1 s=READY pgs=12 cs=0 l=1 rev1=1 crypto rx=0x7fef6c006fd0 tx=0x7fef6c006e40 comp rx=0 tx=0).ready entity=mgr.14120 client_cookie=0 server_cookie=0 in_seq=0 out_seq=0
2024-03-21T13:21:17.706 INFO:teuthology.orchestra.run.smithi097.stdout:/usr/bin/ceph: stderr
2024-03-21T13:21:16.955+0000 7fef72ffd700 1 -- 172.21.15.97:0/2932994960 <== mon.0 v2:172.21.15.97:3300/0 6 ==== mon_command_ack([{"prefix": "get_command_descriptions"}]=0 v0) v1 ==== 72+0+186149 (secure 0 0 0) 0x7fef7802c3a0 con 0x7fef7c105090
2024-03-21T13:21:17.706 INFO:teuthology.orchestra.run.smithi097.stdout:/usr/bin/ceph: stderr
2024-03-21T13:21:17.165+0000 7fef83deb700 1 -- 172.21.15.97:0/2932994960 --> v2:172.21.15.97:6800/4140723216 -- mgr_command(tid 0: {"prefix": "orch apply", "service_type": "mon", "unmanaged": true, "target": ["mon-mgr", ""]}) v1 -- 0x7fef7c101790 con 0x7fef68039140
2024-03-21T13:21:17.706 INFO:teuthology.orchestra.run.smithi097.stdout:/usr/bin/ceph: stderr
2024-03-21T13:21:17.172+0000 7fef72ffd700 1 -- 172.21.15.97:0/2932994960 <== mgr.14120 v2:172.21.15.97:6800/4140723216 1 ==== mgr_command_reply(tid 0: 0 ) v1 ==== 8+0+24 (secure 0 0 0) 0x7fef7c101790 con 0x7fef68039140
2024-03-21T13:21:17.706 INFO:teuthology.orchestra.run.smithi097.stdout:/usr/bin/ceph: stderr
2024-03-21T13:21:17.174+0000 7fef83deb700 1 -- 172.21.15.97:0/2932994960 >> v2:172.21.15.97:6800/4140723216 conn(0x7fef68039140 msgr2=0x7fef6803b600 secure :-1 s=STATE_CONNECTION_ESTABLISHED l=1).mark_down
2024-03-21T13:21:17.706 INFO:teuthology.orchestra.run.smithi097.stdout:/usr/bin/ceph: stderr
2024-03-21T13:21:17.174+0000 7fef83deb700 1 --2- 172.21.15.97:0/2932994960 >> v2:172.21.15.97:6800/4140723216 conn(0x7fef68039140 0x7fef6803b600 secure :-1 s=READY pgs=12 cs=0 l=1 rev1=1 crypto rx=0x7fef6c006fd0 tx=0x7fef6c006e40 comp rx=0 tx=0).stop
2024-03-21T13:21:17.706 INFO:teuthology.orchestra.run.smithi097.stdout:/usr/bin/ceph: stderr
2024-03-21T13:21:17.174+0000 7fef83deb700 1 -- 172.21.15.97:0/2932994960 >> [v2:172.21.15.97:3300/0,v1:172.21.15.97:6789/0] conn(0x7fef7c105090 msgr2=0x7fef7c079b60 secure :-1 s=STATE_CONNECTION_ESTABLISHED l=1).mark_down
2024-03-21T13:21:17.706 INFO:teuthology.orchestra.run.smithi097.stdout:/usr/bin/ceph: stderr
2024-03-21T13:21:17.174+0000 7fef83deb700 1 --2- 172.21.15.97:0/2932994960 >> [v2:172.21.15.97:3300/0,v1:172.21.15.97:6789/0] conn(0x7fef7c105090 0x7fef7c079b60 secure :-1 s=READY pgs=48 cs=0 l=1 rev1=1 crypto rx=0x7fef78011700 tx=0x7fef780046a0 comp rx=0 tx=0).stop
2024-03-21T13:21:17.706 INFO:teuthology.orchestra.run.smithi097.stdout:/usr/bin/ceph: stderr
2024-03-21T13:21:17.174+0000 7fef83deb700 1 -- 172.21.15.97:0/2932994960 shutdown_connections
2024-03-21T13:21:17.707 INFO:teuthology.orchestra.run.smithi097.stdout:/usr/bin/ceph: stderr
2024-03-21T13:21:17.174+0000 7fef83deb700 1 --2- 172.21.15.97:0/2932994960 >> v2:172.21.15.97:6800/4140723216 conn(0x7fef68039140 0x7fef6803b600 unknown :-1 s=CLOSED pgs=12 cs=0 l=1 rev1=1 crypto rx=0 tx=0 comp rx=0 tx=0).stop
2024-03-21T13:21:17.707 INFO:teuthology.orchestra.run.smithi097.stdout:/usr/bin/ceph: stderr
2024-03-21T13:21:17.174+0000 7fef83deb700 1 --2- 172.21.15.97:0/2932994960 >> [v2:172.21.15.97:3300/0,v1:172.21.15.97:6789/0] conn(0x7fef7c105090 0x7fef7c079b60 unknown :-1 s=CLOSED pgs=48 cs=0 l=1 rev1=1 crypto rx=0 tx=0 comp rx=0 tx=0).stop
2024-03-21T13:21:17.707 INFO:teuthology.orchestra.run.smithi097.stdout:/usr/bin/ceph: stderr
2024-03-21T13:21:17.174+0000 7fef83deb700 1 -- 172.21.15.97:0/2932994960 >> 172.21.15.97:0/2932994960 conn(0x7fef7c100630 msgr2=0x7fef7c101080 unknown :-1 s=STATE_NONE l=0).mark_down
2024-03-21T13:21:17.707 INFO:teuthology.orchestra.run.smithi097.stdout:/usr/bin/ceph: stderr
2024-03-21T13:21:17.175+0000 7fef83deb700 1 -- 172.21.15.97:0/2932994960 shutdown_connections
2024-03-21T13:21:17.707 INFO:teuthology.orchestra.run.smithi097.stdout:/usr/bin/ceph: stderr
2024-03-21T13:21:17.175+0000 7fef83deb700 1 -- 172.21.15.97:0/2932994960 wait complete.
2024-03-21T13:21:17.707 INFO:teuthology.orchestra.run.smithi097.stdout:Deploying unmanaged mgr service...
2024-03-21T13:21:18.396 INFO:journalctl@ceph.mon.a.smithi097.stdout:Mar 21 13:21:18 smithi097 ceph-mon[30040]: from='client.14142 -' entity='client.admin' cmd=[{"prefix": "orch apply", "service_type": "mon", "unmanaged": true, "target": ["mon-mgr", ""]}]: dispatch
2024-03-21T13:21:18.396 INFO:journalctl@ceph.mon.a.smithi097.stdout:Mar 21 13:21:18 smithi097 ceph-mon[30040]: Saving service mon spec with placement count:5
2024-03-21T13:21:18.396 INFO:journalctl@ceph.mon.a.smithi097.stdout:Mar 21 13:21:18 smithi097 ceph-mon[30040]: from='mgr.14120 172.21.15.97:0/366686223' entity='mgr.y'
2024-03-21T13:21:19.659 INFO:journalctl@ceph.mon.a.smithi097.stdout:Mar 21 13:21:19 smithi097 ceph-mon[30040]: from='client.14144 -' entity='client.admin' cmd=[{"prefix": "orch apply", "service_type": "mgr", "unmanaged": true, "target": ["mon-mgr", ""]}]: dispatch
2024-03-21T13:21:19.659 INFO:journalctl@ceph.mon.a.smithi097.stdout:Mar 21 13:21:19 smithi097 ceph-mon[30040]: Saving service mgr spec with placement count:2
2024-03-21T13:21:19.660 INFO:journalctl@ceph.mon.a.smithi097.stdout:Mar 21 13:21:19 smithi097 ceph-mon[30040]: from='mgr.14120 172.21.15.97:0/366686223' entity='mgr.y'
2024-03-21T13:21:19.660 INFO:journalctl@ceph.mon.a.smithi097.stdout:Mar 21 13:21:19 smithi097 ceph-mon[30040]: from='mgr.14120 172.21.15.97:0/366686223' entity='mgr.y'
2024-03-21T13:21:19.666 INFO:teuthology.orchestra.run.smithi097.stdout:/usr/bin/ceph: stdout Scheduled mgr update...
2024-03-21T13:21:19.666 INFO:teuthology.orchestra.run.smithi097.stdout:/usr/bin/ceph: stderr
2024-03-21T13:21:18.303+0000 7f78d4bed700 1 Processor -- start
2024-03-21T13:21:19.667 INFO:teuthology.orchestra.run.smithi097.stdout:/usr/bin/ceph: stderr
2024-03-21T13:21:18.303+0000 7f78d4bed700 1 -- start start
2024-03-21T13:21:19.667 INFO:teuthology.orchestra.run.smithi097.stdout:/usr/bin/ceph: stderr
2024-03-21T13:21:18.303+0000 7f78d4bed700 1 --2- >> [v2:172.21.15.97:3300/0,v1:172.21.15.97:6789/0] conn(0x7f78d0106c10 0x7f78d0109000 unknown :-1 s=NONE pgs=0 cs=0 l=0 rev1=0 crypto rx=0 tx=0 comp rx=0 tx=0).connect
2024-03-21T13:21:19.667 INFO:teuthology.orchestra.run.smithi097.stdout:/usr/bin/ceph: stderr
2024-03-21T13:21:18.303+0000 7f78d4bed700 1 -- --> [v2:172.21.15.97:3300/0,v1:172.21.15.97:6789/0] -- mon_getmap magic: 0 v1 -- 0x7f78d00796d0 con 0x7f78d0106c10
2024-03-21T13:21:19.667 INFO:teuthology.orchestra.run.smithi097.stdout:/usr/bin/ceph: stderr
2024-03-21T13:21:18.304+0000 7f78ce59c700 1 --2- >> [v2:172.21.15.97:3300/0,v1:172.21.15.97:6789/0] conn(0x7f78d0106c10 0x7f78d0109000 unknown :-1 s=BANNER_CONNECTING pgs=0 cs=0 l=0 rev1=0 crypto rx=0 tx=0 comp rx=0 tx=0)._handle_peer_banner_payload supported=3 required=0
2024-03-21T13:21:19.667 INFO:teuthology.orchestra.run.smithi097.stdout:/usr/bin/ceph: stderr
2024-03-21T13:21:18.304+0000 7f78ce59c700 1 --2- >> [v2:172.21.15.97:3300/0,v1:172.21.15.97:6789/0] conn(0x7f78d0106c10 0x7f78d0109000 unknown :-1 s=HELLO_CONNECTING pgs=0 cs=0 l=0 rev1=1 crypto rx=0 tx=0 comp rx=0 tx=0).handle_hello peer v2:172.21.15.97:3300/0 says I am v2:172.21.15.97:43256/0 (socket says 172.21.15.97:43256)
2024-03-21T13:21:19.667 INFO:teuthology.orchestra.run.smithi097.stdout:/usr/bin/ceph: stderr
2024-03-21T13:21:18.304+0000 7f78ce59c700 1 -- 172.21.15.97:0/1939999579 learned_addr learned my addr 172.21.15.97:0/1939999579 (peer_addr_for_me v2:172.21.15.97:0/0)
2024-03-21T13:21:19.667 INFO:teuthology.orchestra.run.smithi097.stdout:/usr/bin/ceph: stderr
2024-03-21T13:21:18.304+0000 7f78ce59c700 1 -- 172.21.15.97:0/1939999579 --> [v2:172.21.15.97:3300/0,v1:172.21.15.97:6789/0] -- mon_subscribe({config=0+,monmap=0+}) v3 -- 0x7f78d0109540 con 0x7f78d0106c10
2024-03-21T13:21:19.667 INFO:teuthology.orchestra.run.smithi097.stdout:/usr/bin/ceph: stderr
2024-03-21T13:21:18.304+0000 7f78ce59c700 1 --2- 172.21.15.97:0/1939999579 >> [v2:172.21.15.97:3300/0,v1:172.21.15.97:6789/0] conn(0x7f78d0106c10 0x7f78d0109000 secure :-1 s=READY pgs=49 cs=0 l=1 rev1=1 crypto rx=0x7f78c00098a0 tx=0x7f78c0009bb0 comp rx=0 tx=0).ready entity=mon.0 client_cookie=87c7ae686dfa3a87 server_cookie=0 in_seq=0 out_seq=0
2024-03-21T13:21:19.667 INFO:teuthology.orchestra.run.smithi097.stdout:/usr/bin/ceph: stderr
2024-03-21T13:21:18.304+0000 7f78cd59a700 1 -- 172.21.15.97:0/1939999579 <== mon.0 v2:172.21.15.97:3300/0 1 ==== mon_map magic: 0 v1 ==== 205+0+0 (secure 0 0 0) 0x7f78c0004160 con 0x7f78d0106c10
2024-03-21T13:21:19.667 INFO:teuthology.orchestra.run.smithi097.stdout:/usr/bin/ceph: stderr
2024-03-21T13:21:18.304+0000 7f78cd59a700 1 -- 172.21.15.97:0/1939999579 <== mon.0 v2:172.21.15.97:3300/0 2 ==== config(26 keys) v1 ==== 1062+0+0 (secure 0 0 0) 0x7f78c0004300 con 0x7f78d0106c10
2024-03-21T13:21:19.667 INFO:teuthology.orchestra.run.smithi097.stdout:/usr/bin/ceph: stderr
2024-03-21T13:21:18.304+0000 7f78cd59a700 1 -- 172.21.15.97:0/1939999579 <== mon.0 v2:172.21.15.97:3300/0 3 ==== mon_map magic: 0 v1 ==== 205+0+0 (secure 0 0 0) 0x7f78c0011a60 con 0x7f78d0106c10
2024-03-21T13:21:19.667 INFO:teuthology.orchestra.run.smithi097.stdout:/usr/bin/ceph: stderr
2024-03-21T13:21:18.305+0000 7f78d4bed700 1 -- 172.21.15.97:0/1939999579 >> [v2:172.21.15.97:3300/0,v1:172.21.15.97:6789/0] conn(0x7f78d0106c10 msgr2=0x7f78d0109000 secure :-1 s=STATE_CONNECTION_ESTABLISHED l=1).mark_down
