2024-03-21T13:20:54.596+0000 7fb26d59a700 1 -- 172.21.15.97:0/3185084019 <== mon.0 v2:172.21.15.97:3300/0 3 ==== mon_map magic: 0 v1 ==== 205+0+0 (secure 0 0 0) 0x7fb268004470 con 0x7fb270106bb0
2024-03-21T13:20:55.445 INFO:teuthology.orchestra.run.smithi097.stdout:/usr/bin/ceph: stderr
2024-03-21T13:20:54.597+0000 7fb274eed700 1 -- 172.21.15.97:0/3185084019 >> [v2:172.21.15.97:3300/0,v1:172.21.15.97:6789/0] conn(0x7fb270106bb0 msgr2=0x7fb270108fa0 secure :-1 s=STATE_CONNECTION_ESTABLISHED l=1).mark_down
2024-03-21T13:20:55.445 INFO:teuthology.orchestra.run.smithi097.stdout:/usr/bin/ceph: stderr
2024-03-21T13:20:54.597+0000 7fb274eed700 1 --2- 172.21.15.97:0/3185084019 >> [v2:172.21.15.97:3300/0,v1:172.21.15.97:6789/0] conn(0x7fb270106bb0 0x7fb270108fa0 secure :-1 s=READY pgs=18 cs=0 l=1 rev1=1 crypto rx=0x7fb268009e80 tx=0x7fb26800b330 comp rx=0 tx=0).stop
2024-03-21T13:20:55.445 INFO:teuthology.orchestra.run.smithi097.stdout:/usr/bin/ceph: stderr
2024-03-21T13:20:54.597+0000 7fb274eed700 1 -- 172.21.15.97:0/3185084019 shutdown_connections
2024-03-21T13:20:55.445 INFO:teuthology.orchestra.run.smithi097.stdout:/usr/bin/ceph: stderr
2024-03-21T13:20:54.597+0000 7fb274eed700 1 --2- 172.21.15.97:0/3185084019 >> [v2:172.21.15.97:3300/0,v1:172.21.15.97:6789/0] conn(0x7fb270106bb0 0x7fb270108fa0 unknown :-1 s=CLOSED pgs=18 cs=0 l=1 rev1=1 crypto rx=0 tx=0 comp rx=0 tx=0).stop
2024-03-21T13:20:55.445 INFO:teuthology.orchestra.run.smithi097.stdout:/usr/bin/ceph: stderr
2024-03-21T13:20:54.597+0000 7fb274eed700 1 -- 172.21.15.97:0/3185084019 >> 172.21.15.97:0/3185084019 conn(0x7fb2701005c0 msgr2=0x7fb270102a20 unknown :-1 s=STATE_NONE l=0).mark_down
2024-03-21T13:20:55.445 INFO:teuthology.orchestra.run.smithi097.stdout:/usr/bin/ceph: stderr
2024-03-21T13:20:54.597+0000 7fb274eed700 1 -- 172.21.15.97:0/3185084019 shutdown_connections
2024-03-21T13:20:55.445 INFO:teuthology.orchestra.run.smithi097.stdout:/usr/bin/ceph: stderr
2024-03-21T13:20:54.597+0000 7fb274eed700 1 -- 172.21.15.97:0/3185084019 wait complete.
2024-03-21T13:20:55.445 INFO:teuthology.orchestra.run.smithi097.stdout:/usr/bin/ceph: stderr
2024-03-21T13:20:54.598+0000 7fb274eed700 1 Processor -- start
2024-03-21T13:20:55.445 INFO:teuthology.orchestra.run.smithi097.stdout:/usr/bin/ceph: stderr
2024-03-21T13:20:54.598+0000 7fb274eed700 1 -- start start
2024-03-21T13:20:55.445 INFO:teuthology.orchestra.run.smithi097.stdout:/usr/bin/ceph: stderr
2024-03-21T13:20:54.598+0000 7fb274eed700 1 --2- >> [v2:172.21.15.97:3300/0,v1:172.21.15.97:6789/0] conn(0x7fb270106bb0 0x7fb270106430 unknown :-1 s=NONE pgs=0 cs=0 l=1 rev1=0 crypto rx=0 tx=0 comp rx=0 tx=0).connect
2024-03-21T13:20:55.445 INFO:teuthology.orchestra.run.smithi097.stdout:/usr/bin/ceph: stderr
2024-03-21T13:20:54.598+0000 7fb274eed700 1 -- --> [v2:172.21.15.97:3300/0,v1:172.21.15.97:6789/0] -- mon_getmap magic: 0 v1 -- 0x7fb27010a4b0 con 0x7fb270106bb0
2024-03-21T13:20:55.446 INFO:teuthology.orchestra.run.smithi097.stdout:/usr/bin/ceph: stderr
2024-03-21T13:20:54.598+0000 7fb26e59c700 1 --2- >> [v2:172.21.15.97:3300/0,v1:172.21.15.97:6789/0] conn(0x7fb270106bb0 0x7fb270106430 unknown :-1 s=BANNER_CONNECTING pgs=0 cs=0 l=1 rev1=0 crypto rx=0 tx=0 comp rx=0 tx=0)._handle_peer_banner_payload supported=3 required=0
2024-03-21T13:20:55.446 INFO:teuthology.orchestra.run.smithi097.stdout:/usr/bin/ceph: stderr
2024-03-21T13:20:54.598+0000 7fb26e59c700 1 --2- >> [v2:172.21.15.97:3300/0,v1:172.21.15.97:6789/0] conn(0x7fb270106bb0 0x7fb270106430 unknown :-1 s=HELLO_CONNECTING pgs=0 cs=0 l=1 rev1=1 crypto rx=0 tx=0 comp rx=0 tx=0).handle_hello peer v2:172.21.15.97:3300/0 says I am v2:172.21.15.97:45916/0 (socket says 172.21.15.97:45916)
2024-03-21T13:20:55.446 INFO:teuthology.orchestra.run.smithi097.stdout:/usr/bin/ceph: stderr
2024-03-21T13:20:54.598+0000 7fb26e59c700 1 -- 172.21.15.97:0/2325913321 learned_addr learned my addr 172.21.15.97:0/2325913321 (peer_addr_for_me v2:172.21.15.97:0/0)
2024-03-21T13:20:55.446 INFO:teuthology.orchestra.run.smithi097.stdout:/usr/bin/ceph: stderr
2024-03-21T13:20:54.598+0000 7fb26e59c700 1 -- 172.21.15.97:0/2325913321 --> [v2:172.21.15.97:3300/0,v1:172.21.15.97:6789/0] -- mon_subscribe({config=0+,monmap=0+}) v3 -- 0x7fb270106970 con 0x7fb270106bb0
2024-03-21T13:20:55.446 INFO:teuthology.orchestra.run.smithi097.stdout:/usr/bin/ceph: stderr
2024-03-21T13:20:54.598+0000 7fb26e59c700 1 --2- 172.21.15.97:0/2325913321 >> [v2:172.21.15.97:3300/0,v1:172.21.15.97:6789/0] conn(0x7fb270106bb0 0x7fb270106430 secure :-1 s=READY pgs=19 cs=0 l=1 rev1=1 crypto rx=0x7fb2680072a0 tx=0x7fb268009610 comp rx=0 tx=0).ready entity=mon.0 client_cookie=0 server_cookie=0 in_seq=0 out_seq=0
2024-03-21T13:20:55.446 INFO:teuthology.orchestra.run.smithi097.stdout:/usr/bin/ceph: stderr
2024-03-21T13:20:54.599+0000 7fb25f7fe700 1 -- 172.21.15.97:0/2325913321 <== mon.0 v2:172.21.15.97:3300/0 1 ==== mon_map magic: 0 v1 ==== 205+0+0 (secure 0 0 0) 0x7fb268021020 con 0x7fb270106bb0
2024-03-21T13:20:55.446 INFO:teuthology.orchestra.run.smithi097.stdout:/usr/bin/ceph: stderr
2024-03-21T13:20:54.599+0000 7fb274eed700 1 -- 172.21.15.97:0/2325913321 --> [v2:172.21.15.97:3300/0,v1:172.21.15.97:6789/0] -- mon_subscribe({mgrmap=0+}) v3 -- 0x7fb270104b60 con 0x7fb270106bb0
2024-03-21T13:20:55.446 INFO:teuthology.orchestra.run.smithi097.stdout:/usr/bin/ceph: stderr
2024-03-21T13:20:54.599+0000 7fb25f7fe700 1 -- 172.21.15.97:0/2325913321 <== mon.0 v2:172.21.15.97:3300/0 2 ==== config(26 keys) v1 ==== 1062+0+0 (secure 0 0 0) 0x7fb268003d40 con 0x7fb270106bb0
2024-03-21T13:20:55.446 INFO:teuthology.orchestra.run.smithi097.stdout:/usr/bin/ceph: stderr
2024-03-21T13:20:54.599+0000 7fb25f7fe700 1 -- 172.21.15.97:0/2325913321 <== mon.0 v2:172.21.15.97:3300/0 3 ==== mon_map magic: 0 v1 ==== 205+0+0 (secure 0 0 0) 0x7fb268017040 con 0x7fb270106bb0
2024-03-21T13:20:55.446 INFO:teuthology.orchestra.run.smithi097.stdout:/usr/bin/ceph: stderr
2024-03-21T13:20:54.599+0000 7fb274eed700 1 -- 172.21.15.97:0/2325913321 --> [v2:172.21.15.97:3300/0,v1:172.21.15.97:6789/0] -- mon_subscribe({osdmap=0}) v3 -- 0x7fb2701050a0 con 0x7fb270106bb0
2024-03-21T13:20:55.446 INFO:teuthology.orchestra.run.smithi097.stdout:/usr/bin/ceph: stderr
2024-03-21T13:20:54.599+0000 7fb25f7fe700 1 -- 172.21.15.97:0/2325913321 <== mon.0 v2:172.21.15.97:3300/0 4 ==== mgrmap(e 4) v1 ==== 46248+0+0 (secure 0 0 0) 0x7fb268024020 con 0x7fb270106bb0
2024-03-21T13:20:55.446 INFO:teuthology.orchestra.run.smithi097.stdout:/usr/bin/ceph: stderr
2024-03-21T13:20:54.600+0000 7fb274eed700 1 -- 172.21.15.97:0/2325913321 --> [v2:172.21.15.97:3300/0,v1:172.21.15.97:6789/0] -- mon_command({"prefix": "get_command_descriptions"} v 0) v1 -- 0x7fb2700637c0 con 0x7fb270106bb0
2024-03-21T13:20:55.446 INFO:teuthology.orchestra.run.smithi097.stdout:/usr/bin/ceph: stderr
2024-03-21T13:20:54.600+0000 7fb25f7fe700 1 --2- 172.21.15.97:0/2325913321 >> v2:172.21.15.97:6800/2447843320 conn(0x7fb2580390a0 0x7fb25803b560 unknown :-1 s=NONE pgs=0 cs=0 l=1 rev1=0 crypto rx=0 tx=0 comp rx=0 tx=0).connect
2024-03-21T13:20:55.446 INFO:teuthology.orchestra.run.smithi097.stdout:/usr/bin/ceph: stderr
2024-03-21T13:20:54.600+0000 7fb25f7fe700 1 -- 172.21.15.97:0/2325913321 <== mon.0 v2:172.21.15.97:3300/0 5 ==== osd_map(1..1 src has 1..1) v4 ==== 725+0+0 (secure 0 0 0) 0x7fb26800f050 con 0x7fb270106bb0
2024-03-21T13:20:55.447 INFO:teuthology.orchestra.run.smithi097.stdout:/usr/bin/ceph: stderr
2024-03-21T13:20:54.600+0000 7fb26dd9b700 1 --2- 172.21.15.97:0/2325913321 >> v2:172.21.15.97:6800/2447843320 conn(0x7fb2580390a0 0x7fb25803b560 unknown :-1 s=BANNER_CONNECTING pgs=0 cs=0 l=1 rev1=0 crypto rx=0 tx=0 comp rx=0 tx=0)._handle_peer_banner_payload supported=3 required=0
2024-03-21T13:20:55.447 INFO:teuthology.orchestra.run.smithi097.stdout:/usr/bin/ceph: stderr
2024-03-21T13:20:54.600+0000 7fb26dd9b700 1 --2- 172.21.15.97:0/2325913321 >> v2:172.21.15.97:6800/2447843320 conn(0x7fb2580390a0 0x7fb25803b560 secure :-1 s=READY pgs=6 cs=0 l=1 rev1=1 crypto rx=0x7fb264006fd0 tx=0x7fb264006e40 comp rx=0 tx=0).ready entity=mgr.14100 client_cookie=0 server_cookie=0 in_seq=0 out_seq=0
2024-03-21T13:20:55.447 INFO:teuthology.orchestra.run.smithi097.stdout:/usr/bin/ceph: stderr
2024-03-21T13:20:54.605+0000 7fb25f7fe700 1 -- 172.21.15.97:0/2325913321 <== mon.0 v2:172.21.15.97:3300/0 6 ==== mon_command_ack([{"prefix": "get_command_descriptions"}]=0 v0) v1 ==== 72+0+186149 (secure 0 0 0) 0x7fb26802b020 con 0x7fb270106bb0
2024-03-21T13:20:55.447 INFO:teuthology.orchestra.run.smithi097.stdout:/usr/bin/ceph: stderr
2024-03-21T13:20:54.879+0000 7fb274eed700 1 -- 172.21.15.97:0/2325913321 --> [v2:172.21.15.97:3300/0,v1:172.21.15.97:6789/0] -- mon_command({"prefix": "status", "format": "json-pretty"} v 0) v1 -- 0x7fb2701056e0 con 0x7fb270106bb0
2024-03-21T13:20:55.447 INFO:teuthology.orchestra.run.smithi097.stdout:/usr/bin/ceph: stderr
2024-03-21T13:20:54.879+0000 7fb25f7fe700 1 -- 172.21.15.97:0/2325913321 <== mon.0 v2:172.21.15.97:3300/0 7 ==== mon_command_ack([{"prefix": "status", "format": "json-pretty"}]=0 v0) v1 ==== 79+0+1239 (secure 0 0 0) 0x7fb268025770 con 0x7fb270106bb0
2024-03-21T13:20:55.447 INFO:teuthology.orchestra.run.smithi097.stdout:/usr/bin/ceph: stderr
2024-03-21T13:20:54.881+0000 7fb274eed700 1 -- 172.21.15.97:0/2325913321 >> v2:172.21.15.97:6800/2447843320 conn(0x7fb2580390a0 msgr2=0x7fb25803b560 secure :-1 s=STATE_CONNECTION_ESTABLISHED l=1).mark_down
2024-03-21T13:20:55.447 INFO:teuthology.orchestra.run.smithi097.stdout:/usr/bin/ceph: stderr
2024-03-21T13:20:54.882+0000 7fb274eed700 1 --2- 172.21.15.97:0/2325913321 >> v2:172.21.15.97:6800/2447843320 conn(0x7fb2580390a0 0x7fb25803b560 secure :-1 s=READY pgs=6 cs=0 l=1 rev1=1 crypto rx=0x7fb264006fd0 tx=0x7fb264006e40 comp rx=0 tx=0).stop
2024-03-21T13:20:55.447 INFO:teuthology.orchestra.run.smithi097.stdout:/usr/bin/ceph: stderr
2024-03-21T13:20:54.882+0000 7fb274eed700 1 -- 172.21.15.97:0/2325913321 >> [v2:172.21.15.97:3300/0,v1:172.21.15.97:6789/0] conn(0x7fb270106bb0 msgr2=0x7fb270106430 secure :-1 s=STATE_CONNECTION_ESTABLISHED l=1).mark_down
2024-03-21T13:20:55.447 INFO:teuthology.orchestra.run.smithi097.stdout:/usr/bin/ceph: stderr
2024-03-21T13:20:54.882+0000 7fb274eed700 1 --2- 172.21.15.97:0/2325913321 >> [v2:172.21.15.97:3300/0,v1:172.21.15.97:6789/0] conn(0x7fb270106bb0 0x7fb270106430 secure :-1 s=READY pgs=19 cs=0 l=1 rev1=1 crypto rx=0x7fb2680072a0 tx=0x7fb268009610 comp rx=0 tx=0).stop
2024-03-21T13:20:55.447 INFO:teuthology.orchestra.run.smithi097.stdout:/usr/bin/ceph: stderr
2024-03-21T13:20:54.882+0000 7fb274eed700 1 -- 172.21.15.97:0/2325913321 shutdown_connections
2024-03-21T13:20:55.447 INFO:teuthology.orchestra.run.smithi097.stdout:/usr/bin/ceph: stderr
2024-03-21T13:20:54.882+0000 7fb274eed700 1 --2- 172.21.15.97:0/2325913321 >> v2:172.21.15.97:6800/2447843320 conn(0x7fb2580390a0 0x7fb25803b560 unknown :-1 s=CLOSED pgs=6 cs=0 l=1 rev1=1 crypto rx=0 tx=0 comp rx=0 tx=0).stop
2024-03-21T13:20:55.447 INFO:teuthology.orchestra.run.smithi097.stdout:/usr/bin/ceph: stderr
2024-03-21T13:20:54.882+0000 7fb274eed700 1 --2- 172.21.15.97:0/2325913321 >> [v2:172.21.15.97:3300/0,v1:172.21.15.97:6789/0] conn(0x7fb270106bb0 0x7fb270106430 unknown :-1 s=CLOSED pgs=19 cs=0 l=1 rev1=1 crypto rx=0 tx=0 comp rx=0 tx=0).stop
2024-03-21T13:20:55.447 INFO:teuthology.orchestra.run.smithi097.stdout:/usr/bin/ceph: stderr
2024-03-21T13:20:54.882+0000 7fb274eed700 1 -- 172.21.15.97:0/2325913321 >> 172.21.15.97:0/2325913321 conn(0x7fb2701005c0 msgr2=0x7fb270101040 unknown :-1 s=STATE_NONE l=0).mark_down
2024-03-21T13:20:55.447 INFO:teuthology.orchestra.run.smithi097.stdout:/usr/bin/ceph: stderr
2024-03-21T13:20:54.882+0000 7fb274eed700 1 -- 172.21.15.97:0/2325913321 shutdown_connections
2024-03-21T13:20:55.448 INFO:teuthology.orchestra.run.smithi097.stdout:/usr/bin/ceph: stderr
2024-03-21T13:20:54.882+0000 7fb274eed700 1 -- 172.21.15.97:0/2325913321 wait complete.
2024-03-21T13:20:55.448 INFO:teuthology.orchestra.run.smithi097.stdout:mgr is available
2024-03-21T13:20:56.350 INFO:journalctl@ceph.mon.a.smithi097.stdout:Mar 21 13:20:56 smithi097 ceph-mon[30040]: from='client.? 172.21.15.97:0/1221727708' entity='client.admin' cmd=[{"prefix": "config assimilate-conf"}]: dispatch
2024-03-21T13:20:56.618 INFO:teuthology.orchestra.run.smithi097.stdout:/usr/bin/ceph: stdout
2024-03-21T13:20:56.618 INFO:teuthology.orchestra.run.smithi097.stdout:/usr/bin/ceph: stdout [global]
2024-03-21T13:20:56.619 INFO:teuthology.orchestra.run.smithi097.stdout:/usr/bin/ceph: stdout fsid = a5dd1f32-e785-11ee-95cd-87774f69a715
2024-03-21T13:20:56.619 INFO:teuthology.orchestra.run.smithi097.stdout:/usr/bin/ceph: stdout mon_osd_allow_pg_remap = true
2024-03-21T13:20:56.619 INFO:teuthology.orchestra.run.smithi097.stdout:/usr/bin/ceph: stdout mon_osd_allow_primary_affinity = true
2024-03-21T13:20:56.619 INFO:teuthology.orchestra.run.smithi097.stdout:/usr/bin/ceph: stdout mon_warn_on_no_sortbitwise = false
2024-03-21T13:20:56.619 INFO:teuthology.orchestra.run.smithi097.stdout:/usr/bin/ceph: stdout osd_crush_chooseleaf_type = 0
2024-03-21T13:20:56.619 INFO:teuthology.orchestra.run.smithi097.stdout:/usr/bin/ceph: stdout
2024-03-21T13:20:56.619 INFO:teuthology.orchestra.run.smithi097.stdout:/usr/bin/ceph: stdout [mgr]
2024-03-21T13:20:56.619 INFO:teuthology.orchestra.run.smithi097.stdout:/usr/bin/ceph: stdout mgr/telemetry/nag = false
2024-03-21T13:20:56.619 INFO:teuthology.orchestra.run.smithi097.stdout:/usr/bin/ceph: stdout
2024-03-21T13:20:56.619 INFO:teuthology.orchestra.run.smithi097.stdout:/usr/bin/ceph: stdout [osd]
2024-03-21T13:20:56.619 INFO:teuthology.orchestra.run.smithi097.stdout:/usr/bin/ceph: stdout osd_map_max_advance = 10
2024-03-21T13:20:56.619 INFO:teuthology.orchestra.run.smithi097.stdout:/usr/bin/ceph: stdout osd_sloppy_crc = true
2024-03-21T13:20:56.619 INFO:teuthology.orchestra.run.smithi097.stdout:/usr/bin/ceph: stderr
2024-03-21T13:20:55.853+0000 7fb83a6a0700 1 Processor -- start
2024-03-21T13:20:56.619 INFO:teuthology.orchestra.run.smithi097.stdout:/usr/bin/ceph: stderr
2024-03-21T13:20:55.853+0000 7fb83a6a0700 1 -- start start
2024-03-21T13:20:56.620 INFO:teuthology.orchestra.run.smithi097.stdout:/usr/bin/ceph: stderr
2024-03-21T13:20:55.854+0000 7fb83a6a0700 1 --2- >> [v2:172.21.15.97:3300/0,v1:172.21.15.97:6789/0] conn(0x7fb834106170 0x7fb834106590 unknown :-1 s=NONE pgs=0 cs=0 l=0 rev1=0 crypto rx=0 tx=0 comp rx=0 tx=0).connect
2024-03-21T13:20:56.620 INFO:teuthology.orchestra.run.smithi097.stdout:/usr/bin/ceph: stderr
2024-03-21T13:20:55.854+0000 7fb83a6a0700 1 -- --> [v2:172.21.15.97:3300/0,v1:172.21.15.97:6789/0] -- mon_getmap magic: 0 v1 -- 0x7fb834106b60 con 0x7fb834106170
2024-03-21T13:20:56.620 INFO:teuthology.orchestra.run.smithi097.stdout:/usr/bin/ceph: stderr
2024-03-21T13:20:55.854+0000 7fb833fff700 1 --2- >> [v2:172.21.15.97:3300/0,v1:172.21.15.97:6789/0] conn(0x7fb834106170 0x7fb834106590 unknown :-1 s=BANNER_CONNECTING pgs=0 cs=0 l=0 rev1=0 crypto rx=0 tx=0 comp rx=0 tx=0)._handle_peer_banner_payload supported=3 required=0
2024-03-21T13:20:56.620 INFO:teuthology.orchestra.run.smithi097.stdout:/usr/bin/ceph: stderr
2024-03-21T13:20:55.854+0000 7fb833fff700 1 --2- >> [v2:172.21.15.97:3300/0,v1:172.21.15.97:6789/0] conn(0x7fb834106170 0x7fb834106590 unknown :-1 s=HELLO_CONNECTING pgs=0 cs=0 l=0 rev1=1 crypto rx=0 tx=0 comp rx=0 tx=0).handle_hello peer v2:172.21.15.97:3300/0 says I am v2:172.21.15.97:45918/0 (socket says 172.21.15.97:45918)
2024-03-21T13:20:56.620 INFO:teuthology.orchestra.run.smithi097.stdout:/usr/bin/ceph: stderr
2024-03-21T13:20:55.854+0000 7fb833fff700 1 -- 172.21.15.97:0/320263904 learned_addr learned my addr 172.21.15.97:0/320263904 (peer_addr_for_me v2:172.21.15.97:0/0)
2024-03-21T13:20:56.620 INFO:teuthology.orchestra.run.smithi097.stdout:/usr/bin/ceph: stderr
2024-03-21T13:20:55.854+0000 7fb833fff700 1 -- 172.21.15.97:0/320263904 --> [v2:172.21.15.97:3300/0,v1:172.21.15.97:6789/0] -- mon_subscribe({config=0+,monmap=0+}) v3 -- 0x7fb834107370 con 0x7fb834106170
2024-03-21T13:20:56.620 INFO:teuthology.orchestra.run.smithi097.stdout:/usr/bin/ceph: stderr
2024-03-21T13:20:55.854+0000 7fb833fff700 1 --2- 172.21.15.97:0/320263904 >> [v2:172.21.15.97:3300/0,v1:172.21.15.97:6789/0] conn(0x7fb834106170 0x7fb834106590 secure :-1 s=READY pgs=20 cs=0 l=1 rev1=1 crypto rx=0x7fb8240098a0 tx=0x7fb824009bb0 comp rx=0 tx=0).ready entity=mon.0 client_cookie=9f6d6e5b151d2807 server_cookie=0 in_seq=0 out_seq=0
2024-03-21T13:20:56.620 INFO:teuthology.orchestra.run.smithi097.stdout:/usr/bin/ceph: stderr
2024-03-21T13:20:55.854+0000 7fb832ffd700 1 -- 172.21.15.97:0/320263904 <== mon.0 v2:172.21.15.97:3300/0 1 ==== mon_map magic: 0 v1 ==== 205+0+0 (secure 0 0 0) 0x7fb824004160 con 0x7fb834106170
2024-03-21T13:20:56.620 INFO:teuthology.orchestra.run.smithi097.stdout:/usr/bin/ceph: stderr
2024-03-21T13:20:55.854+0000 7fb832ffd700 1 -- 172.21.15.97:0/320263904 <== mon.0 v2:172.21.15.97:3300/0 2 ==== config(26 keys) v1 ==== 1062+0+0 (secure 0 0 0) 0x7fb824004300 con 0x7fb834106170
2024-03-21T13:20:56.620 INFO:teuthology.orchestra.run.smithi097.stdout:/usr/bin/ceph: stderr
2024-03-21T13:20:55.854+0000 7fb832ffd700 1 -- 172.21.15.97:0/320263904 <== mon.0 v2:172.21.15.97:3300/0 3 ==== mon_map magic: 0 v1 ==== 205+0+0 (secure 0 0 0) 0x7fb824011a60 con 0x7fb834106170
2024-03-21T13:20:56.620 INFO:teuthology.orchestra.run.smithi097.stdout:/usr/bin/ceph: stderr
2024-03-21T13:20:55.855+0000 7fb83a6a0700 1 -- 172.21.15.97:0/320263904 >> [v2:172.21.15.97:3300/0,v1:172.21.15.97:6789/0] conn(0x7fb834106170 msgr2=0x7fb834106590 secure :-1 s=STATE_CONNECTION_ESTABLISHED l=1).mark_down
2024-03-21T13:20:56.620 INFO:teuthology.orchestra.run.smithi097.stdout:/usr/bin/ceph: stderr
2024-03-21T13:20:55.855+0000 7fb83a6a0700 1 --2- 172.21.15.97:0/320263904 >> [v2:172.21.15.97:3300/0,v1:172.21.15.97:6789/0] conn(0x7fb834106170 0x7fb834106590 secure :-1 s=READY pgs=20 cs=0 l=1 rev1=1 crypto rx=0x7fb8240098a0 tx=0x7fb824009bb0 comp rx=0 tx=0).stop
2024-03-21T13:20:56.620 INFO:teuthology.orchestra.run.smithi097.stdout:/usr/bin/ceph: stderr
2024-03-21T13:20:55.855+0000 7fb83a6a0700 1 -- 172.21.15.97:0/320263904 shutdown_connections
2024-03-21T13:20:56.620 INFO:teuthology.orchestra.run.smithi097.stdout:/usr/bin/ceph: stderr
2024-03-21T13:20:55.855+0000 7fb83a6a0700 1 --2- 172.21.15.97:0/320263904 >> [v2:172.21.15.97:3300/0,v1:172.21.15.97:6789/0] conn(0x7fb834106170 0x7fb834106590 unknown :-1 s=CLOSED pgs=20 cs=0 l=1 rev1=1 crypto rx=0 tx=0 comp rx=0 tx=0).stop
2024-03-21T13:20:56.620 INFO:teuthology.orchestra.run.smithi097.stdout:/usr/bin/ceph: stderr
2024-03-21T13:20:55.855+0000 7fb83a6a0700 1 -- 172.21.15.97:0/320263904 >> 172.21.15.97:0/320263904 conn(0x7fb834101730 msgr2=0x7fb834103b50 unknown :-1 s=STATE_NONE l=0).mark_down
2024-03-21T13:20:56.620 INFO:teuthology.orchestra.run.smithi097.stdout:/usr/bin/ceph: stderr
2024-03-21T13:20:55.855+0000 7fb83a6a0700 1 -- 172.21.15.97:0/320263904 shutdown_connections
2024-03-21T13:20:56.621 INFO:teuthology.orchestra.run.smithi097.stdout:/usr/bin/ceph: stderr
2024-03-21T13:20:55.855+0000 7fb83a6a0700 1 -- 172.21.15.97:0/320263904 wait complete.
2024-03-21T13:20:56.621 INFO:teuthology.orchestra.run.smithi097.stdout:/usr/bin/ceph: stderr
2024-03-21T13:20:55.855+0000 7fb83a6a0700 1 Processor -- start
2024-03-21T13:20:56.621 INFO:teuthology.orchestra.run.smithi097.stdout:/usr/bin/ceph: stderr
2024-03-21T13:20:55.856+0000 7fb83a6a0700 1 -- start start
2024-03-21T13:20:56.621 INFO:teuthology.orchestra.run.smithi097.stdout:/usr/bin/ceph: stderr
2024-03-21T13:20:55.856+0000 7fb83a6a0700 1 --2- >> [v2:172.21.15.97:3300/0,v1:172.21.15.97:6789/0] conn(0x7fb834106170 0x7fb83419a030 unknown :-1 s=NONE pgs=0 cs=0 l=1 rev1=0 crypto rx=0 tx=0 comp rx=0 tx=0).connect
2024-03-21T13:20:56.621 INFO:teuthology.orchestra.run.smithi097.stdout:/usr/bin/ceph: stderr
2024-03-21T13:20:55.856+0000 7fb83a6a0700 1 -- --> [v2:172.21.15.97:3300/0,v1:172.21.15.97:6789/0] -- mon_getmap magic: 0 v1 -- 0x7fb83410a720 con 0x7fb834106170
2024-03-21T13:20:56.621 INFO:teuthology.orchestra.run.smithi097.stdout:/usr/bin/ceph: stderr
2024-03-21T13:20:55.856+0000 7fb833fff700 1 --2- >> [v2:172.21.15.97:3300/0,v1:172.21.15.97:6789/0] conn(0x7fb834106170 0x7fb83419a030 unknown :-1 s=BANNER_CONNECTING pgs=0 cs=0 l=1 rev1=0 crypto rx=0 tx=0 comp rx=0 tx=0)._handle_peer_banner_payload supported=3 required=0
2024-03-21T13:20:56.621 INFO:teuthology.orchestra.run.smithi097.stdout:/usr/bin/ceph: stderr
2024-03-21T13:20:55.856+0000 7fb833fff700 1 --2- >> [v2:172.21.15.97:3300/0,v1:172.21.15.97:6789/0] conn(0x7fb834106170 0x7fb83419a030 unknown :-1 s=HELLO_CONNECTING pgs=0 cs=0 l=1 rev1=1 crypto rx=0 tx=0 comp rx=0 tx=0).handle_hello peer v2:172.21.15.97:3300/0 says I am v2:172.21.15.97:45924/0 (socket says 172.21.15.97:45924)
2024-03-21T13:20:56.621 INFO:teuthology.orchestra.run.smithi097.stdout:/usr/bin/ceph: stderr
2024-03-21T13:20:55.856+0000 7fb833fff700 1 -- 172.21.15.97:0/1221727708 learned_addr learned my addr 172.21.15.97:0/1221727708 (peer_addr_for_me v2:172.21.15.97:0/0)
2024-03-21T13:20:56.621 INFO:teuthology.orchestra.run.smithi097.stdout:/usr/bin/ceph: stderr
2024-03-21T13:20:55.856+0000 7fb833fff700 1 -- 172.21.15.97:0/1221727708 --> [v2:172.21.15.97:3300/0,v1:172.21.15.97:6789/0] -- mon_subscribe({config=0+,monmap=0+}) v3 -- 0x7fb83419a570 con 0x7fb834106170
2024-03-21T13:20:56.621 INFO:teuthology.orchestra.run.smithi097.stdout:/usr/bin/ceph: stderr
2024-03-21T13:20:55.856+0000 7fb833fff700 1 --2- 172.21.15.97:0/1221727708 >> [v2:172.21.15.97:3300/0,v1:172.21.15.97:6789/0] conn(0x7fb834106170 0x7fb83419a030 secure :-1 s=READY pgs=21 cs=0 l=1 rev1=1 crypto rx=0x7fb824009fb0 tx=0x7fb8240046a0 comp rx=0 tx=0).ready entity=mon.0 client_cookie=0 server_cookie=0 in_seq=0 out_seq=0
2024-03-21T13:20:56.621 INFO:teuthology.orchestra.run.smithi097.stdout:/usr/bin/ceph: stderr
2024-03-21T13:20:55.856+0000 7fb8317fa700 1 -- 172.21.15.97:0/1221727708 <== mon.0 v2:172.21.15.97:3300/0 1 ==== mon_map magic: 0 v1 ==== 205+0+0 (secure 0 0 0) 0x7fb82401a430 con 0x7fb834106170
2024-03-21T13:20:56.621 INFO:teuthology.orchestra.run.smithi097.stdout:/usr/bin/ceph: stderr
2024-03-21T13:20:55.857+0000 7fb8317fa700 1 -- 172.21.15.97:0/1221727708 <== mon.0 v2:172.21.15.97:3300/0 2 ==== config(26 keys) v1 ==== 1062+0+0 (secure 0 0 0) 0x7fb82401aa60 con 0x7fb834106170
2024-03-21T13:20:56.621 INFO:teuthology.orchestra.run.smithi097.stdout:/usr/bin/ceph: stderr
2024-03-21T13:20:55.857+0000 7fb83a6a0700 1 -- 172.21.15.97:0/1221727708 --> [v2:172.21.15.97:3300/0,v1:172.21.15.97:6789/0] -- mon_subscribe({mgrmap=0+}) v3 -- 0x7fb83419a800 con 0x7fb834106170
2024-03-21T13:20:56.621 INFO:teuthology.orchestra.run.smithi097.stdout:/usr/bin/ceph: stderr
2024-03-21T13:20:55.857+0000 7fb8317fa700 1 -- 172.21.15.97:0/1221727708 <== mon.0 v2:172.21.15.97:3300/0 3 ==== mon_map magic: 0 v1 ==== 205+0+0 (secure 0 0 0) 0x7fb8240249b0 con 0x7fb834106170
2024-03-21T13:20:56.621 INFO:teuthology.orchestra.run.smithi097.stdout:/usr/bin/ceph: stderr
2024-03-21T13:20:55.857+0000 7fb83a6a0700 1 -- 172.21.15.97:0/1221727708 --> [v2:172.21.15.97:3300/0,v1:172.21.15.97:6789/0] -- mon_subscribe({osdmap=0}) v3 -- 0x7fb83419d4f0 con 0x7fb834106170
2024-03-21T13:20:56.622 INFO:teuthology.orchestra.run.smithi097.stdout:/usr/bin/ceph: stderr
2024-03-21T13:20:55.858+0000 7fb8317fa700 1 -- 172.21.15.97:0/1221727708 <== mon.0 v2:172.21.15.97:3300/0 4 ==== mgrmap(e 4) v1 ==== 46248+0+0 (secure 0 0 0) 0x7fb824022020 con 0x7fb834106170
2024-03-21T13:20:56.622 INFO:teuthology.orchestra.run.smithi097.stdout:/usr/bin/ceph: stderr
2024-03-21T13:20:55.858+0000 7fb8317fa700 1 --2- 172.21.15.97:0/1221727708 >> v2:172.21.15.97:6800/2447843320 conn(0x7fb81c0390f0 0x7fb81c03b5b0 unknown :-1 s=NONE pgs=0 cs=0 l=1 rev1=0 crypto rx=0 tx=0 comp rx=0 tx=0).connect
2024-03-21T13:20:56.622 INFO:teuthology.orchestra.run.smithi097.stdout:/usr/bin/ceph: stderr
2024-03-21T13:20:55.858+0000 7fb8317fa700 1 -- 172.21.15.97:0/1221727708 <== mon.0 v2:172.21.15.97:3300/0 5 ==== osd_map(1..1 src has 1..1) v4 ==== 725+0+0 (secure 0 0 0) 0x7fb82404d750 con 0x7fb834106170
2024-03-21T13:20:56.622 INFO:teuthology.orchestra.run.smithi097.stdout:/usr/bin/ceph: stderr
2024-03-21T13:20:55.858+0000 7fb83a6a0700 1 -- 172.21.15.97:0/1221727708 --> [v2:172.21.15.97:3300/0,v1:172.21.15.97:6789/0] -- mon_command({"prefix": "get_command_descriptions"} v 0) v1 -- 0x7fb8340637c0 con 0x7fb834106170
2024-03-21T13:20:56.622 INFO:teuthology.orchestra.run.smithi097.stdout:/usr/bin/ceph: stderr
2024-03-21T13:20:55.858+0000 7fb8337fe700 1 --2- 172.21.15.97:0/1221727708 >> v2:172.21.15.97:6800/2447843320 conn(0x7fb81c0390f0 0x7fb81c03b5b0 unknown :-1 s=BANNER_CONNECTING pgs=0 cs=0 l=1 rev1=0 crypto rx=0 tx=0 comp rx=0 tx=0)._handle_peer_banner_payload supported=3 required=0
2024-03-21T13:20:56.622 INFO:teuthology.orchestra.run.smithi097.stdout:/usr/bin/ceph: stderr
2024-03-21T13:20:55.858+0000 7fb8337fe700 1 --2- 172.21.15.97:0/1221727708 >> v2:172.21.15.97:6800/2447843320 conn(0x7fb81c0390f0 0x7fb81c03b5b0 secure :-1 s=READY pgs=7 cs=0 l=1 rev1=1 crypto rx=0x7fb828006fd0 tx=0x7fb828006e40 comp rx=0 tx=0).ready entity=mgr.14100 client_cookie=0 server_cookie=0 in_seq=0 out_seq=0
2024-03-21T13:20:56.622 INFO:teuthology.orchestra.run.smithi097.stdout:/usr/bin/ceph: stderr
2024-03-21T13:20:55.863+0000 7fb8317fa700 1 -- 172.21.15.97:0/1221727708 <== mon.0 v2:172.21.15.97:3300/0 6 ==== mon_command_ack([{"prefix": "get_command_descriptions"}]=0 v0) v1 ==== 72+0+186149 (secure 0 0 0) 0x7fb82400b3e0 con 0x7fb834106170
2024-03-21T13:20:56.622 INFO:teuthology.orchestra.run.smithi097.stdout:/usr/bin/ceph: stderr
2024-03-21T13:20:56.054+0000 7fb83a6a0700 1 -- 172.21.15.97:0/1221727708 --> [v2:172.21.15.97:3300/0,v1:172.21.15.97:6789/0] -- mon_command({"prefix": "config assimilate-conf"} v 0) v1 -- 0x7fb83419ea50 con 0x7fb834106170
2024-03-21T13:20:56.622 INFO:teuthology.orchestra.run.smithi097.stdout:/usr/bin/ceph: stderr
2024-03-21T13:20:56.055+0000 7fb8317fa700 1 -- 172.21.15.97:0/1221727708 <== mon.0 v2:172.21.15.97:3300/0 7 ==== mon_command_ack([{"prefix": "config assimilate-conf"}]=0 v3) v1 ==== 70+0+282 (secure 0 0 0) 0x7fb824018e00 con 0x7fb834106170
2024-03-21T13:20:56.622 INFO:teuthology.orchestra.run.smithi097.stdout:/usr/bin/ceph: stderr
2024-03-21T13:20:56.057+0000 7fb83a6a0700 1 -- 172.21.15.97:0/1221727708 >> v2:172.21.15.97:6800/2447843320 conn(0x7fb81c0390f0 msgr2=0x7fb81c03b5b0 secure :-1 s=STATE_CONNECTION_ESTABLISHED l=1).mark_down
2024-03-21T13:20:56.622 INFO:teuthology.orchestra.run.smithi097.stdout:/usr/bin/ceph: stderr
2024-03-21T13:20:56.057+0000 7fb83a6a0700 1 --2- 172.21.15.97:0/1221727708 >> v2:172.21.15.97:6800/2447843320 conn(0x7fb81c0390f0 0x7fb81c03b5b0 secure :-1 s=READY pgs=7 cs=0 l=1 rev1=1 crypto rx=0x7fb828006fd0 tx=0x7fb828006e40 comp rx=0 tx=0).stop
2024-03-21T13:20:56.622 INFO:teuthology.orchestra.run.smithi097.stdout:/usr/bin/ceph: stderr
2024-03-21T13:20:56.057+0000 7fb83a6a0700 1 -- 172.21.15.97:0/1221727708 >> [v2:172.21.15.97:3300/0,v1:172.21.15.97:6789/0] conn(0x7fb834106170 msgr2=0x7fb83419a030 secure :-1 s=STATE_CONNECTION_ESTABLISHED l=1).mark_down
2024-03-21T13:20:56.622 INFO:teuthology.orchestra.run.smithi097.stdout:/usr/bin/ceph: stderr
2024-03-21T13:20:56.057+0000 7fb83a6a0700 1 --2- 172.21.15.97:0/1221727708 >> [v2:172.21.15.97:3300/0,v1:172.21.15.97:6789/0] conn(0x7fb834106170 0x7fb83419a030 secure :-1 s=READY pgs=21 cs=0 l=1 rev1=1 crypto rx=0x7fb824009fb0 tx=0x7fb8240046a0 comp rx=0 tx=0).stop
2024-03-21T13:20:56.623 INFO:teuthology.orchestra.run.smithi097.stdout:/usr/bin/ceph: stderr
2024-03-21T13:20:56.058+0000 7fb83a6a0700 1 -- 172.21.15.97:0/1221727708 shutdown_connections
2024-03-21T13:20:56.623 INFO:teuthology.orchestra.run.smithi097.stdout:/usr/bin/ceph: stderr
2024-03-21T13:20:56.058+0000 7fb83a6a0700 1 --2- 172.21.15.97:0/1221727708 >> v2:172.21.15.97:6800/2447843320 conn(0x7fb81c0390f0 0x7fb81c03b5b0 unknown :-1 s=CLOSED pgs=7 cs=0 l=1 rev1=1 crypto rx=0 tx=0 comp rx=0 tx=0).stop
2024-03-21T13:20:56.623 INFO:teuthology.orchestra.run.smithi097.stdout:/usr/bin/ceph: stderr
2024-03-21T13:20:56.058+0000 7fb83a6a0700 1 --2- 172.21.15.97:0/1221727708 >> [v2:172.21.15.97:3300/0,v1:172.21.15.97:6789/0] conn(0x7fb834106170 0x7fb83419a030 unknown :-1 s=CLOSED pgs=21 cs=0 l=1 rev1=1 crypto rx=0 tx=0 comp rx=0 tx=0).stop
2024-03-21T13:20:56.623 INFO:teuthology.orchestra.run.smithi097.stdout:/usr/bin/ceph: stderr
2024-03-21T13:20:56.058+0000 7fb83a6a0700 1 -- 172.21.15.97:0/1221727708 >> 172.21.15.97:0/1221727708 conn(0x7fb834101730 msgr2=0x7fb834102180 unknown :-1 s=STATE_NONE l=0).mark_down
2024-03-21T13:20:56.623 INFO:teuthology.orchestra.run.smithi097.stdout:/usr/bin/ceph: stderr
2024-03-21T13:20:56.058+0000 7fb83a6a0700 1 -- 172.21.15.97:0/1221727708 shutdown_connections
2024-03-21T13:20:56.623 INFO:teuthology.orchestra.run.smithi097.stdout:/usr/bin/ceph: stderr
2024-03-21T13:20:56.058+0000 7fb83a6a0700 1 -- 172.21.15.97:0/1221727708 wait complete.
2024-03-21T13:20:56.623 INFO:teuthology.orchestra.run.smithi097.stdout:Enabling cephadm module...
2024-03-21T13:20:57.698 INFO:journalctl@ceph.mon.a.smithi097.stdout:Mar 21 13:20:57 smithi097 ceph-mon[30040]: from='client.? 172.21.15.97:0/1695182490' entity='client.admin' cmd=[{"prefix": "mgr module enable", "module": "cephadm"}]: dispatch
2024-03-21T13:20:57.699 INFO:journalctl@ceph.mgr.y.smithi097.stdout:Mar 21 13:20:57 smithi097 ceph-a5dd1f32-e785-11ee-95cd-87774f69a715-mgr-y[30298]: ignoring --setuser ceph since I am not root
2024-03-21T13:20:57.699 INFO:journalctl@ceph.mgr.y.smithi097.stdout:Mar 21 13:20:57 smithi097 ceph-a5dd1f32-e785-11ee-95cd-87774f69a715-mgr-y[30298]: ignoring --setgroup ceph since I am not root
2024-03-21T13:20:57.950 INFO:journalctl@ceph.mgr.y.smithi097.stdout:Mar 21 13:20:57 smithi097 ceph-a5dd1f32-e785-11ee-95cd-87774f69a715-mgr-y[30298]:
2024-03-21T13:20:57.941+0000 7f5e5ce04200 -1 mgr[py] Module osd_perf_query has missing NOTIFY_TYPES member
2024-03-21T13:20:57.956 INFO:teuthology.orchestra.run.smithi097.stdout:/usr/bin/ceph: stderr
2024-03-21T13:20:57.071+0000 7f4f08719700 1 Processor -- start
2024-03-21T13:20:57.957 INFO:teuthology.orchestra.run.smithi097.stdout:/usr/bin/ceph: stderr
2024-03-21T13:20:57.071+0000 7f4f08719700 1 -- start start
2024-03-21T13:20:57.957 INFO:teuthology.orchestra.run.smithi097.stdout:/usr/bin/ceph: stderr
2024-03-21T13:20:57.071+0000 7f4f08719700 1 --2- >> [v2:172.21.15.97:3300/0,v1:172.21.15.97:6789/0] conn(0x7f4f00107780 0x7f4f00107ba0 unknown :-1 s=NONE pgs=0 cs=0 l=0 rev1=0 crypto rx=0 tx=0 comp rx=0 tx=0).connect
2024-03-21T13:20:57.957 INFO:teuthology.orchestra.run.smithi097.stdout:/usr/bin/ceph: stderr
2024-03-21T13:20:57.071+0000 7f4f08719700 1 -- --> [v2:172.21.15.97:3300/0,v1:172.21.15.97:6789/0] -- mon_getmap magic: 0 v1 -- 0x7f4f00108170 con 0x7f4f00107780
2024-03-21T13:20:57.957 INFO:teuthology.orchestra.run.smithi097.stdout:/usr/bin/ceph: stderr
2024-03-21T13:20:57.071+0000 7f4f064b5700 1 --2- >> [v2:172.21.15.97:3300/0,v1:172.21.15.97:6789/0] conn(0x7f4f00107780 0x7f4f00107ba0 unknown :-1 s=BANNER_CONNECTING pgs=0 cs=0 l=0 rev1=0 crypto rx=0 tx=0 comp rx=0 tx=0)._handle_peer_banner_payload supported=3 required=0
2024-03-21T13:20:57.957 INFO:teuthology.orchestra.run.smithi097.stdout:/usr/bin/ceph: stderr
2024-03-21T13:20:57.071+0000 7f4f064b5700 1 --2- >> [v2:172.21.15.97:3300/0,v1:172.21.15.97:6789/0] conn(0x7f4f00107780 0x7f4f00107ba0 unknown :-1 s=HELLO_CONNECTING pgs=0 cs=0 l=0 rev1=1 crypto rx=0 tx=0 comp rx=0 tx=0).handle_hello peer v2:172.21.15.97:3300/0 says I am v2:172.21.15.97:45938/0 (socket says 172.21.15.97:45938)
2024-03-21T13:20:57.957 INFO:teuthology.orchestra.run.smithi097.stdout:/usr/bin/ceph: stderr
2024-03-21T13:20:57.071+0000 7f4f064b5700 1 -- 172.21.15.97:0/1189001111 learned_addr learned my addr 172.21.15.97:0/1189001111 (peer_addr_for_me v2:172.21.15.97:0/0)
2024-03-21T13:20:57.957 INFO:teuthology.orchestra.run.smithi097.stdout:/usr/bin/ceph: stderr
2024-03-21T13:20:57.071+0000 7f4f064b5700 1 -- 172.21.15.97:0/1189001111 --> [v2:172.21.15.97:3300/0,v1:172.21.15.97:6789/0] -- mon_subscribe({config=0+,monmap=0+}) v3 -- 0x7f4f001082f0 con 0x7f4f00107780
2024-03-21T13:20:57.957 INFO:teuthology.orchestra.run.smithi097.stdout:/usr/bin/ceph: stderr
2024-03-21T13:20:57.072+0000 7f4f064b5700 1 --2- 172.21.15.97:0/1189001111 >> [v2:172.21.15.97:3300/0,v1:172.21.15.97:6789/0] conn(0x7f4f00107780 0x7f4f00107ba0 secure :-1 s=READY pgs=22 cs=0 l=1 rev1=1 crypto rx=0x7f4efc0098a0 tx=0x7f4efc009bb0 comp rx=0 tx=0).ready entity=mon.0 client_cookie=dea22ba7d73b0b6b server_cookie=0 in_seq=0 out_seq=0
2024-03-21T13:20:57.957 INFO:teuthology.orchestra.run.smithi097.stdout:/usr/bin/ceph: stderr
2024-03-21T13:20:57.072+0000 7f4f054b3700 1 -- 172.21.15.97:0/1189001111 <== mon.0 v2:172.21.15.97:3300/0 1 ==== mon_map magic: 0 v1 ==== 205+0+0 (secure 0 0 0) 0x7f4efc004160 con 0x7f4f00107780
2024-03-21T13:20:57.957 INFO:teuthology.orchestra.run.smithi097.stdout:/usr/bin/ceph: stderr
2024-03-21T13:20:57.072+0000 7f4f054b3700 1 -- 172.21.15.97:0/1189001111 <== mon.0 v2:172.21.15.97:3300/0 2 ==== config(26 keys) v1 ==== 1062+0+0 (secure 0 0 0) 0x7f4efc004300 con 0x7f4f00107780
2024-03-21T13:20:57.957 INFO:teuthology.orchestra.run.smithi097.stdout:/usr/bin/ceph: stderr
2024-03-21T13:20:57.072+0000 7f4f054b3700 1 -- 172.21.15.97:0/1189001111 <== mon.0 v2:172.21.15.97:3300/0 3 ==== mon_map magic: 0 v1 ==== 205+0+0 (secure 0 0 0) 0x7f4efc011a60 con 0x7f4f00107780
2024-03-21T13:20:57.957 INFO:teuthology.orchestra.run.smithi097.stdout:/usr/bin/ceph: stderr
2024-03-21T13:20:57.072+0000 7f4f08719700 1 -- 172.21.15.97:0/1189001111 >> [v2:172.21.15.97:3300/0,v1:172.21.15.97:6789/0] conn(0x7f4f00107780 msgr2=0x7f4f00107ba0 secure :-1 s=STATE_CONNECTION_ESTABLISHED l=1).mark_down
2024-03-21T13:20:57.957 INFO:teuthology.orchestra.run.smithi097.stdout:/usr/bin/ceph: stderr
2024-03-21T13:20:57.072+0000 7f4f08719700 1 --2- 172.21.15.97:0/1189001111 >> [v2:172.21.15.97:3300/0,v1:172.21.15.97:6789/0] conn(0x7f4f00107780 0x7f4f00107ba0 secure :-1 s=READY pgs=22 cs=0 l=1 rev1=1 crypto rx=0x7f4efc0098a0 tx=0x7f4efc009bb0 comp rx=0 tx=0).stop
2024-03-21T13:20:57.958 INFO:teuthology.orchestra.run.smithi097.stdout:/usr/bin/ceph: stderr
2024-03-21T13:20:57.072+0000 7f4f08719700 1 -- 172.21.15.97:0/1189001111 shutdown_connections
2024-03-21T13:20:57.958 INFO:teuthology.orchestra.run.smithi097.stdout:/usr/bin/ceph: stderr
2024-03-21T13:20:57.072+0000 7f4f08719700 1 --2- 172.21.15.97:0/1189001111 >> [v2:172.21.15.97:3300/0,v1:172.21.15.97:6789/0] conn(0x7f4f00107780 0x7f4f00107ba0 unknown :-1 s=CLOSED pgs=22 cs=0 l=1 rev1=1 crypto rx=0 tx=0 comp rx=0 tx=0).stop
2024-03-21T13:20:57.958 INFO:teuthology.orchestra.run.smithi097.stdout:/usr/bin/ceph: stderr
2024-03-21T13:20:57.072+0000 7f4f08719700 1 -- 172.21.15.97:0/1189001111 >> 172.21.15.97:0/1189001111 conn(0x7f4f000ffd60 msgr2=0x7f4f001021c0 unknown :-1 s=STATE_NONE l=0).mark_down
2024-03-21T13:20:57.958 INFO:teuthology.orchestra.run.smithi097.stdout:/usr/bin/ceph: stderr
2024-03-21T13:20:57.072+0000 7f4f08719700 1 -- 172.21.15.97:0/1189001111 shutdown_connections
2024-03-21T13:20:57.958 INFO:teuthology.orchestra.run.smithi097.stdout:/usr/bin/ceph: stderr
2024-03-21T13:20:57.073+0000 7f4f08719700 1 -- 172.21.15.97:0/1189001111 wait complete.
2024-03-21T13:20:57.958 INFO:teuthology.orchestra.run.smithi097.stdout:/usr/bin/ceph: stderr
2024-03-21T13:20:57.073+0000 7f4f08719700 1 Processor -- start
2024-03-21T13:20:57.958 INFO:teuthology.orchestra.run.smithi097.stdout:/usr/bin/ceph: stderr
2024-03-21T13:20:57.073+0000 7f4f08719700 1 -- start start
2024-03-21T13:20:57.958 INFO:teuthology.orchestra.run.smithi097.stdout:/usr/bin/ceph: stderr
2024-03-21T13:20:57.073+0000 7f4f08719700 1 --2- >> [v2:172.21.15.97:3300/0,v1:172.21.15.97:6789/0] conn(0x7f4f00107780 0x7f4f00106da0 unknown :-1 s=NONE pgs=0 cs=0 l=1 rev1=0 crypto rx=0 tx=0 comp rx=0 tx=0).connect
2024-03-21T13:20:57.958 INFO:teuthology.orchestra.run.smithi097.stdout:/usr/bin/ceph: stderr
2024-03-21T13:20:57.073+0000 7f4f08719700 1 -- --> [v2:172.21.15.97:3300/0,v1:172.21.15.97:6789/0] -- mon_getmap magic: 0 v1 -- 0x7f4f00104f90 con 0x7f4f00107780
2024-03-21T13:20:57.958 INFO:teuthology.orchestra.run.smithi097.stdout:/usr/bin/ceph: stderr
2024-03-21T13:20:57.073+0000 7f4f064b5700 1 --2- >> [v2:172.21.15.97:3300/0,v1:172.21.15.97:6789/0] conn(0x7f4f00107780 0x7f4f00106da0 unknown :-1 s=BANNER_CONNECTING pgs=0 cs=0 l=1 rev1=0 crypto rx=0 tx=0 comp rx=0 tx=0)._handle_peer_banner_payload supported=3 required=0
2024-03-21T13:20:57.958 INFO:teuthology.orchestra.run.smithi097.stdout:/usr/bin/ceph: stderr
2024-03-21T13:20:57.073+0000 7f4f064b5700 1 --2- >> [v2:172.21.15.97:3300/0,v1:172.21.15.97:6789/0] conn(0x7f4f00107780 0x7f4f00106da0 unknown :-1 s=HELLO_CONNECTING pgs=0 cs=0 l=1 rev1=1 crypto rx=0 tx=0 comp rx=0 tx=0).handle_hello peer v2:172.21.15.97:3300/0 says I am v2:172.21.15.97:45950/0 (socket says 172.21.15.97:45950)
2024-03-21T13:20:57.958 INFO:teuthology.orchestra.run.smithi097.stdout:/usr/bin/ceph: stderr
2024-03-21T13:20:57.073+0000 7f4f064b5700 1 -- 172.21.15.97:0/1695182490 learned_addr learned my addr 172.21.15.97:0/1695182490 (peer_addr_for_me v2:172.21.15.97:0/0)
2024-03-21T13:20:57.958 INFO:teuthology.orchestra.run.smithi097.stdout:/usr/bin/ceph: stderr
2024-03-21T13:20:57.074+0000 7f4f064b5700 1 -- 172.21.15.97:0/1695182490 --> [v2:172.21.15.97:3300/0,v1:172.21.15.97:6789/0] -- mon_subscribe({config=0+,monmap=0+}) v3 -- 0x7f4f001072e0 con 0x7f4f00107780
2024-03-21T13:20:57.959 INFO:teuthology.orchestra.run.smithi097.stdout:/usr/bin/ceph: stderr
2024-03-21T13:20:57.074+0000 7f4f064b5700 1 --2- 172.21.15.97:0/1695182490 >> [v2:172.21.15.97:3300/0,v1:172.21.15.97:6789/0] conn(0x7f4f00107780 0x7f4f00106da0 secure :-1 s=READY pgs=23 cs=0 l=1 rev1=1 crypto rx=0x7f4efc011700 tx=0x7f4efc0046a0 comp rx=0 tx=0).ready entity=mon.0 client_cookie=0 server_cookie=0 in_seq=0 out_seq=0
2024-03-21T13:20:57.959 INFO:teuthology.orchestra.run.smithi097.stdout:/usr/bin/ceph: stderr
2024-03-21T13:20:57.074+0000 7f4ef77fe700 1 -- 172.21.15.97:0/1695182490 <== mon.0 v2:172.21.15.97:3300/0 1 ==== mon_map magic: 0 v1 ==== 205+0+0 (secure 0 0 0) 0x7f4efc003b20 con 0x7f4f00107780
2024-03-21T13:20:57.959 INFO:teuthology.orchestra.run.smithi097.stdout:/usr/bin/ceph: stderr
2024-03-21T13:20:57.074+0000 7f4f08719700 1 -- 172.21.15.97:0/1695182490 --> [v2:172.21.15.97:3300/0,v1:172.21.15.97:6789/0] -- mon_subscribe({mgrmap=0+}) v3 -- 0x7f4f001054d0 con 0x7f4f00107780
2024-03-21T13:20:57.959 INFO:teuthology.orchestra.run.smithi097.stdout:/usr/bin/ceph: stderr
2024-03-21T13:20:57.074+0000 7f4ef77fe700 1 -- 172.21.15.97:0/1695182490 <== mon.0 v2:172.21.15.97:3300/0 2 ==== config(26 keys) v1 ==== 1062+0+0 (secure 0 0 0) 0x7f4efc01a8c0 con 0x7f4f00107780
2024-03-21T13:20:57.959 INFO:teuthology.orchestra.run.smithi097.stdout:/usr/bin/ceph: stderr
2024-03-21T13:20:57.074+0000 7f4ef77fe700 1 -- 172.21.15.97:0/1695182490 <== mon.0 v2:172.21.15.97:3300/0 3 ==== mon_map magic: 0 v1 ==== 205+0+0 (secure 0 0 0) 0x7f4efc0249a0 con 0x7f4f00107780
2024-03-21T13:20:57.959 INFO:teuthology.orchestra.run.smithi097.stdout:/usr/bin/ceph: stderr
2024-03-21T13:20:57.074+0000 7f4f08719700 1 -- 172.21.15.97:0/1695182490 --> [v2:172.21.15.97:3300/0,v1:172.21.15.97:6789/0] -- mon_subscribe({osdmap=0}) v3 -- 0x7f4f00105a10 con 0x7f4f00107780
2024-03-21T13:20:57.959 INFO:teuthology.orchestra.run.smithi097.stdout:/usr/bin/ceph: stderr
2024-03-21T13:20:57.075+0000 7f4f08719700 1 -- 172.21.15.97:0/1695182490 --> [v2:172.21.15.97:3300/0,v1:172.21.15.97:6789/0] -- mon_command({"prefix": "get_command_descriptions"} v 0) v1 -- 0x7f4f0010a750 con 0x7f4f00107780
2024-03-21T13:20:57.959 INFO:teuthology.orchestra.run.smithi097.stdout:/usr/bin/ceph: stderr
2024-03-21T13:20:57.075+0000 7f4ef77fe700 1 -- 172.21.15.97:0/1695182490 <== mon.0 v2:172.21.15.97:3300/0 4 ==== mgrmap(e 4) v1 ==== 46248+0+0 (secure 0 0 0) 0x7f4efc022020 con 0x7f4f00107780
2024-03-21T13:20:57.959 INFO:teuthology.orchestra.run.smithi097.stdout:/usr/bin/ceph: stderr
2024-03-21T13:20:57.075+0000 7f4ef77fe700 1 --2- 172.21.15.97:0/1695182490 >> v2:172.21.15.97:6800/2447843320 conn(0x7f4eec0390a0 0x7f4eec03b560 unknown :-1 s=NONE pgs=0 cs=0 l=1 rev1=0 crypto rx=0 tx=0 comp rx=0 tx=0).connect
2024-03-21T13:20:57.959 INFO:teuthology.orchestra.run.smithi097.stdout:/usr/bin/ceph: stderr
2024-03-21T13:20:57.075+0000 7f4ef77fe700 1 -- 172.21.15.97:0/1695182490 <== mon.0 v2:172.21.15.97:3300/0 5 ==== osd_map(1..1 src has 1..1) v4 ==== 725+0+0 (secure 0 0 0) 0x7f4efc04d4f0 con 0x7f4f00107780
2024-03-21T13:20:57.959 INFO:teuthology.orchestra.run.smithi097.stdout:/usr/bin/ceph: stderr
2024-03-21T13:20:57.075+0000 7f4f05cb4700 1 --2- 172.21.15.97:0/1695182490 >> v2:172.21.15.97:6800/2447843320 conn(0x7f4eec0390a0 0x7f4eec03b560 unknown :-1 s=BANNER_CONNECTING pgs=0 cs=0 l=1 rev1=0 crypto rx=0 tx=0 comp rx=0 tx=0)._handle_peer_banner_payload supported=3 required=0
2024-03-21T13:20:57.959 INFO:teuthology.orchestra.run.smithi097.stdout:/usr/bin/ceph: stderr
2024-03-21T13:20:57.075+0000 7f4f05cb4700 1 --2- 172.21.15.97:0/1695182490 >> v2:172.21.15.97:6800/2447843320 conn(0x7f4eec0390a0 0x7f4eec03b560 secure :-1 s=READY pgs=8 cs=0 l=1 rev1=1 crypto rx=0x7f4ef0006fd0 tx=0x7f4ef0006e40 comp rx=0 tx=0).ready entity=mgr.14100 client_cookie=0 server_cookie=0 in_seq=0 out_seq=0
2024-03-21T13:20:57.959 INFO:teuthology.orchestra.run.smithi097.stdout:/usr/bin/ceph: stderr
2024-03-21T13:20:57.080+0000 7f4ef77fe700 1 -- 172.21.15.97:0/1695182490 <== mon.0 v2:172.21.15.97:3300/0 6 ==== mon_command_ack([{"prefix": "get_command_descriptions"}]=0 v0) v1 ==== 72+0+186149 (secure 0 0 0) 0x7f4efc00be50 con 0x7f4f00107780
2024-03-21T13:20:57.959 INFO:teuthology.orchestra.run.smithi097.stdout:/usr/bin/ceph: stderr
2024-03-21T13:20:57.335+0000 7f4f08719700 1 -- 172.21.15.97:0/1695182490 --> [v2:172.21.15.97:3300/0,v1:172.21.15.97:6789/0] -- mon_command({"prefix": "mgr module enable", "module": "cephadm"} v 0) v1 -- 0x7f4f00106210 con 0x7f4f00107780
2024-03-21T13:20:57.960 INFO:teuthology.orchestra.run.smithi097.stdout:/usr/bin/ceph: stderr
2024-03-21T13:20:57.386+0000 7f4ef77fe700 1 -- 172.21.15.97:0/1695182490 <== mon.0 v2:172.21.15.97:3300/0 7 ==== mon_command_ack([{"prefix": "mgr module enable", "module": "cephadm"}]=0 v5) v1 ==== 86+0+0 (secure 0 0 0) 0x7f4efc00edf0 con 0x7f4f00107780
2024-03-21T13:20:57.960 INFO:teuthology.orchestra.run.smithi097.stdout:/usr/bin/ceph: stderr
2024-03-21T13:20:57.388+0000 7f4ef77fe700 1 -- 172.21.15.97:0/1695182490 <== mon.0 v2:172.21.15.97:3300/0 8 ==== mgrmap(e 5) v1 ==== 46259+0+0 (secure 0 0 0) 0x7f4efc00b3e0 con 0x7f4f00107780
2024-03-21T13:20:57.960 INFO:teuthology.orchestra.run.smithi097.stdout:/usr/bin/ceph: stderr
2024-03-21T13:20:57.389+0000 7f4f08719700 1 -- 172.21.15.97:0/1695182490 >> v2:172.21.15.97:6800/2447843320 conn(0x7f4eec0390a0 msgr2=0x7f4eec03b560 secure :-1 s=STATE_CONNECTION_ESTABLISHED l=1).mark_down
2024-03-21T13:20:57.960 INFO:teuthology.orchestra.run.smithi097.stdout:/usr/bin/ceph: stderr
2024-03-21T13:20:57.389+0000 7f4f08719700 1 --2- 172.21.15.97:0/1695182490 >> v2:172.21.15.97:6800/2447843320 conn(0x7f4eec0390a0 0x7f4eec03b560 secure :-1 s=READY pgs=8 cs=0 l=1 rev1=1 crypto rx=0x7f4ef0006fd0 tx=0x7f4ef0006e40 comp rx=0 tx=0).stop
2024-03-21T13:20:57.960 INFO:teuthology.orchestra.run.smithi097.stdout:/usr/bin/ceph: stderr
2024-03-21T13:20:57.389+0000 7f4f08719700 1 -- 172.21.15.97:0/1695182490 >> [v2:172.21.15.97:3300/0,v1:172.21.15.97:6789/0] conn(0x7f4f00107780 msgr2=0x7f4f00106da0 secure :-1 s=STATE_CONNECTION_ESTABLISHED l=1).mark_down
2024-03-21T13:20:57.960 INFO:teuthology.orchestra.run.smithi097.stdout:/usr/bin/ceph: stderr
2024-03-21T13:20:57.389+0000 7f4f08719700 1 --2- 172.21.15.97:0/1695182490 >> [v2:172.21.15.97:3300/0,v1:172.21.15.97:6789/0] conn(0x7f4f00107780 0x7f4f00106da0 secure :-1 s=READY pgs=23 cs=0 l=1 rev1=1 crypto rx=0x7f4efc011700 tx=0x7f4efc0046a0 comp rx=0 tx=0).stop
2024-03-21T13:20:57.960 INFO:teuthology.orchestra.run.smithi097.stdout:/usr/bin/ceph: stderr
2024-03-21T13:20:57.389+0000 7f4f08719700 1 -- 172.21.15.97:0/1695182490 shutdown_connections
2024-03-21T13:20:57.960 INFO:teuthology.orchestra.run.smithi097.stdout:/usr/bin/ceph: stderr
2024-03-21T13:20:57.389+0000 7f4f08719700 1 --2- 172.21.15.97:0/1695182490 >> v2:172.21.15.97:6800/2447843320 conn(0x7f4eec0390a0 0x7f4eec03b560 unknown :-1 s=CLOSED pgs=8 cs=0 l=1 rev1=1 crypto rx=0 tx=0 comp rx=0 tx=0).stop
2024-03-21T13:20:57.960 INFO:teuthology.orchestra.run.smithi097.stdout:/usr/bin/ceph: stderr
2024-03-21T13:20:57.389+0000 7f4f08719700 1 --2- 172.21.15.97:0/1695182490 >> [v2:172.21.15.97:3300/0,v1:172.21.15.97:6789/0] conn(0x7f4f00107780 0x7f4f00106da0 unknown :-1 s=CLOSED pgs=23 cs=0 l=1 rev1=1 crypto rx=0 tx=0 comp rx=0 tx=0).stop
2024-03-21T13:20:57.960 INFO:teuthology.orchestra.run.smithi097.stdout:/usr/bin/ceph: stderr
2024-03-21T13:20:57.389+0000 7f4f08719700 1 -- 172.21.15.97:0/1695182490 >> 172.21.15.97:0/1695182490 conn(0x7f4f000ffd60 msgr2=0x7f4f00100830 unknown :-1 s=STATE_NONE l=0).mark_down
2024-03-21T13:20:57.960 INFO:teuthology.orchestra.run.smithi097.stdout:/usr/bin/ceph: stderr
2024-03-21T13:20:57.390+0000 7f4f08719700 1 -- 172.21.15.97:0/1695182490 shutdown_connections
2024-03-21T13:20:57.960 INFO:teuthology.orchestra.run.smithi097.stdout:/usr/bin/ceph: stderr
2024-03-21T13:20:57.390+0000 7f4f08719700 1 -- 172.21.15.97:0/1695182490 wait complete.
2024-03-21T13:20:58.277 INFO:journalctl@ceph.mgr.y.smithi097.stdout:Mar 21 13:20:58 smithi097 ceph-a5dd1f32-e785-11ee-95cd-87774f69a715-mgr-y[30298]:
2024-03-21T13:20:58.040+0000 7f5e5ce04200 -1 mgr[py] Module snap_schedule has missing NOTIFY_TYPES member
2024-03-21T13:20:58.553 INFO:journalctl@ceph.mon.a.smithi097.stdout:Mar 21 13:20:58 smithi097 ceph-mon[30040]: from='client.? 172.21.15.97:0/1695182490' entity='client.admin' cmd='[{"prefix": "mgr module enable", "module": "cephadm"}]': finished
2024-03-21T13:20:58.553 INFO:journalctl@ceph.mon.a.smithi097.stdout:Mar 21 13:20:58 smithi097 ceph-mon[30040]: mgrmap e5: y(active, since 6s)
2024-03-21T13:20:58.937 INFO:journalctl@ceph.mgr.y.smithi097.stdout:Mar 21 13:20:58 smithi097 ceph-a5dd1f32-e785-11ee-95cd-87774f69a715-mgr-y[30298]:
2024-03-21T13:20:58.702+0000 7f5e5ce04200 -1 mgr[py] Module zabbix has missing NOTIFY_TYPES member
2024-03-21T13:20:58.938 INFO:journalctl@ceph.mgr.y.smithi097.stdout:Mar 21 13:20:58 smithi097 ceph-a5dd1f32-e785-11ee-95cd-87774f69a715-mgr-y[30298]:
2024-03-21T13:20:58.794+0000 7f5e5ce04200 -1 mgr[py] Module balancer has missing NOTIFY_TYPES member
2024-03-21T13:20:58.938 INFO:journalctl@ceph.mgr.y.smithi097.stdout:Mar 21 13:20:58 smithi097 ceph-a5dd1f32-e785-11ee-95cd-87774f69a715-mgr-y[30298]:
2024-03-21T13:20:58.937+0000 7f5e5ce04200 -1 mgr[py] Module influx has missing NOTIFY_TYPES member
2024-03-21T13:20:59.255 INFO:journalctl@ceph.mgr.y.smithi097.stdout:Mar 21 13:20:59 smithi097 ceph-a5dd1f32-e785-11ee-95cd-87774f69a715-mgr-y[30298]:
2024-03-21T13:20:59.034+0000 7f5e5ce04200 -1 mgr[py] Module alerts has missing NOTIFY_TYPES member
2024-03-21T13:20:59.255 INFO:journalctl@ceph.mgr.y.smithi097.stdout:Mar 21 13:20:59 smithi097 ceph-a5dd1f32-e785-11ee-95cd-87774f69a715-mgr-y[30298]:
2024-03-21T13:20:59.116+0000 7f5e5ce04200 -1 mgr[py] Module iostat has missing NOTIFY_TYPES member
2024-03-21T13:20:59.263 INFO:teuthology.orchestra.run.smithi097.stdout:/usr/bin/ceph: stdout {
2024-03-21T13:20:59.263 INFO:teuthology.orchestra.run.smithi097.stdout:/usr/bin/ceph: stdout "epoch": 5,
2024-03-21T13:20:59.263 INFO:teuthology.orchestra.run.smithi097.stdout:/usr/bin/ceph: stdout "available": true,
2024-03-21T13:20:59.263 INFO:teuthology.orchestra.run.smithi097.stdout:/usr/bin/ceph: stdout "active_name": "y",
2024-03-21T13:20:59.263 INFO:teuthology.orchestra.run.smithi097.stdout:/usr/bin/ceph: stdout "num_standby": 0
2024-03-21T13:20:59.263 INFO:teuthology.orchestra.run.smithi097.stdout:/usr/bin/ceph: stdout }
2024-03-21T13:20:59.264 INFO:teuthology.orchestra.run.smithi097.stdout:/usr/bin/ceph: stderr
2024-03-21T13:20:58.377+0000 7f8d52c2e700 1 Processor -- start
2024-03-21T13:20:59.264 INFO:teuthology.orchestra.run.smithi097.stdout:/usr/bin/ceph: stderr
2024-03-21T13:20:58.377+0000 7f8d52c2e700 1 -- start start
2024-03-21T13:20:59.264 INFO:teuthology.orchestra.run.smithi097.stdout:/usr/bin/ceph: stderr
2024-03-21T13:20:58.377+0000 7f8d52c2e700 1 --2- >> [v2:172.21.15.97:3300/0,v1:172.21.15.97:6789/0] conn(0x7f8d4c106bd0 0x7f8d4c108fc0 unknown :-1 s=NONE pgs=0 cs=0 l=0 rev1=0 crypto rx=0 tx=0 comp rx=0 tx=0).connect
2024-03-21T13:20:59.264 INFO:teuthology.orchestra.run.smithi097.stdout:/usr/bin/ceph: stderr
2024-03-21T13:20:58.377+0000 7f8d52c2e700 1 -- --> [v2:172.21.15.97:3300/0,v1:172.21.15.97:6789/0] -- mon_getmap magic: 0 v1 -- 0x7f8d4c079fa0 con 0x7f8d4c106bd0
2024-03-21T13:20:59.264 INFO:teuthology.orchestra.run.smithi097.stdout:/usr/bin/ceph: stderr
2024-03-21T13:20:58.377+0000 7f8d509ca700 1 --2- >> [v2:172.21.15.97:3300/0,v1:172.21.15.97:6789/0] conn(0x7f8d4c106bd0 0x7f8d4c108fc0 unknown :-1 s=BANNER_CONNECTING pgs=0 cs=0 l=0 rev1=0 crypto rx=0 tx=0 comp rx=0 tx=0)._handle_peer_banner_payload supported=3 required=0
2024-03-21T13:20:59.264 INFO:teuthology.orchestra.run.smithi097.stdout:/usr/bin/ceph: stderr
2024-03-21T13:20:58.377+0000 7f8d509ca700 1 --2- >> [v2:172.21.15.97:3300/0,v1:172.21.15.97:6789/0] conn(0x7f8d4c106bd0 0x7f8d4c108fc0 unknown :-1 s=HELLO_CONNECTING pgs=0 cs=0 l=0 rev1=1 crypto rx=0 tx=0 comp rx=0 tx=0).handle_hello peer v2:172.21.15.97:3300/0 says I am v2:172.21.15.97:45982/0 (socket says 172.21.15.97:45982)
2024-03-21T13:20:59.264 INFO:teuthology.orchestra.run.smithi097.stdout:/usr/bin/ceph: stderr
