2024-03-21T13:21:32.645 INFO:teuthology.orchestra.run.smithi097.stdout:/usr/bin/ceph: stderr
2024-03-21T13:21:31.071+0000 7fd904ff9700 1 -- 172.21.15.97:0/2297521742 <== mon.0 v2:172.21.15.97:3300/0 6 ==== mgrmap(e 10) v1 ==== 46074+0+0 (secure 0 0 0) 0x7fd8f802d3f0 con 0x7fd908106c10
2024-03-21T13:21:32.645 INFO:teuthology.orchestra.run.smithi097.stdout:/usr/bin/ceph: stderr
2024-03-21T13:21:31.071+0000 7fd904ff9700 1 -- 172.21.15.97:0/2297521742 >> v2:172.21.15.97:6800/4140723216 conn(0x7fd8f0039140 msgr2=0x7fd8f003b600 unknown :-1 s=STATE_CONNECTING l=1).mark_down
2024-03-21T13:21:32.645 INFO:teuthology.orchestra.run.smithi097.stdout:/usr/bin/ceph: stderr
2024-03-21T13:21:31.071+0000 7fd904ff9700 1 --2- 172.21.15.97:0/2297521742 >> v2:172.21.15.97:6800/4140723216 conn(0x7fd8f0039140 0x7fd8f003b600 unknown :-1 s=START_CONNECT pgs=0 cs=0 l=1 rev1=0 crypto rx=0 tx=0 comp rx=0 tx=0).stop
2024-03-21T13:21:32.645 INFO:teuthology.orchestra.run.smithi097.stdout:/usr/bin/ceph: stderr
2024-03-21T13:21:32.073+0000 7fd904ff9700 1 -- 172.21.15.97:0/2297521742 <== mon.0 v2:172.21.15.97:3300/0 7 ==== mgrmap(e 11) v1 ==== 46166+0+0 (secure 0 0 0) 0x7fd8f804f3a0 con 0x7fd908106c10
2024-03-21T13:21:32.645 INFO:teuthology.orchestra.run.smithi097.stdout:/usr/bin/ceph: stderr
2024-03-21T13:21:32.073+0000 7fd904ff9700 1 --2- 172.21.15.97:0/2297521742 >> v2:172.21.15.97:6800/1943212787 conn(0x7fd8f003cb50 0x7fd8f003ef40 unknown :-1 s=NONE pgs=0 cs=0 l=1 rev1=0 crypto rx=0 tx=0 comp rx=0 tx=0).connect
2024-03-21T13:21:32.645 INFO:teuthology.orchestra.run.smithi097.stdout:/usr/bin/ceph: stderr
2024-03-21T13:21:32.073+0000 7fd904ff9700 1 -- 172.21.15.97:0/2297521742 --> v2:172.21.15.97:6800/1943212787 -- command(tid 0: {"prefix": "get_command_descriptions"}) v1 -- 0x7fd8f8009530 con 0x7fd8f003cb50
2024-03-21T13:21:32.646 INFO:teuthology.orchestra.run.smithi097.stdout:/usr/bin/ceph: stderr
2024-03-21T13:21:32.074+0000 7fd906ffd700 1 --2- 172.21.15.97:0/2297521742 >> v2:172.21.15.97:6800/1943212787 conn(0x7fd8f003cb50 0x7fd8f003ef40 unknown :-1 s=BANNER_CONNECTING pgs=0 cs=0 l=1 rev1=0 crypto rx=0 tx=0 comp rx=0 tx=0)._handle_peer_banner_payload supported=3 required=0
2024-03-21T13:21:32.646 INFO:teuthology.orchestra.run.smithi097.stdout:/usr/bin/ceph: stderr
2024-03-21T13:21:32.074+0000 7fd906ffd700 1 --2- 172.21.15.97:0/2297521742 >> v2:172.21.15.97:6800/1943212787 conn(0x7fd8f003cb50 0x7fd8f003ef40 secure :-1 s=READY pgs=2 cs=0 l=1 rev1=1 crypto rx=0x7fd8fc003a10 tx=0x7fd8fc0092b0 comp rx=0 tx=0).ready entity=mgr.14152 client_cookie=0 server_cookie=0 in_seq=0 out_seq=0
2024-03-21T13:21:32.646 INFO:teuthology.orchestra.run.smithi097.stdout:/usr/bin/ceph: stderr
2024-03-21T13:21:32.075+0000 7fd904ff9700 1 -- 172.21.15.97:0/2297521742 <== mgr.14152 v2:172.21.15.97:6800/1943212787 1 ==== command_reply(tid 0: 0 ) v1 ==== 8+0+7774 (secure 0 0 0) 0x7fd8f8009530 con 0x7fd8f003cb50
2024-03-21T13:21:32.646 INFO:teuthology.orchestra.run.smithi097.stdout:/usr/bin/ceph: stderr
2024-03-21T13:21:32.082+0000 7fd90e01a700 1 -- 172.21.15.97:0/2297521742 --> v2:172.21.15.97:6800/1943212787 -- command(tid 1: {"prefix": "mgr_status"}) v1 -- 0x7fd9080637c0 con 0x7fd8f003cb50
2024-03-21T13:21:32.646 INFO:teuthology.orchestra.run.smithi097.stdout:/usr/bin/ceph: stderr
2024-03-21T13:21:32.082+0000 7fd904ff9700 1 -- 172.21.15.97:0/2297521742 <== mgr.14152 v2:172.21.15.97:6800/1943212787 2 ==== command_reply(tid 1: 0 ) v1 ==== 8+0+52 (secure 0 0 0) 0x7fd9080637c0 con 0x7fd8f003cb50
2024-03-21T13:21:32.646 INFO:teuthology.orchestra.run.smithi097.stdout:/usr/bin/ceph: stderr
2024-03-21T13:21:32.082+0000 7fd90e01a700 1 -- 172.21.15.97:0/2297521742 >> v2:172.21.15.97:6800/1943212787 conn(0x7fd8f003cb50 msgr2=0x7fd8f003ef40 secure :-1 s=STATE_CONNECTION_ESTABLISHED l=1).mark_down
2024-03-21T13:21:32.646 INFO:teuthology.orchestra.run.smithi097.stdout:/usr/bin/ceph: stderr
2024-03-21T13:21:32.082+0000 7fd90e01a700 1 --2- 172.21.15.97:0/2297521742 >> v2:172.21.15.97:6800/1943212787 conn(0x7fd8f003cb50 0x7fd8f003ef40 secure :-1 s=READY pgs=2 cs=0 l=1 rev1=1 crypto rx=0x7fd8fc003a10 tx=0x7fd8fc0092b0 comp rx=0 tx=0).stop
2024-03-21T13:21:32.646 INFO:teuthology.orchestra.run.smithi097.stdout:/usr/bin/ceph: stderr
2024-03-21T13:21:32.082+0000 7fd90e01a700 1 -- 172.21.15.97:0/2297521742 >> [v2:172.21.15.97:3300/0,v1:172.21.15.97:6789/0] conn(0x7fd908106c10 msgr2=0x7fd90819a010 secure :-1 s=STATE_CONNECTION_ESTABLISHED l=1).mark_down
2024-03-21T13:21:32.646 INFO:teuthology.orchestra.run.smithi097.stdout:/usr/bin/ceph: stderr
2024-03-21T13:21:32.082+0000 7fd90e01a700 1 --2- 172.21.15.97:0/2297521742 >> [v2:172.21.15.97:3300/0,v1:172.21.15.97:6789/0] conn(0x7fd908106c10 0x7fd90819a010 secure :-1 s=READY pgs=62 cs=0 l=1 rev1=1 crypto rx=0x7fd8f8011a10 tx=0x7fd8f8011af0 comp rx=0 tx=0).stop
2024-03-21T13:21:32.646 INFO:teuthology.orchestra.run.smithi097.stdout:/usr/bin/ceph: stderr
2024-03-21T13:21:32.082+0000 7fd90e01a700 1 -- 172.21.15.97:0/2297521742 shutdown_connections
2024-03-21T13:21:32.646 INFO:teuthology.orchestra.run.smithi097.stdout:/usr/bin/ceph: stderr
2024-03-21T13:21:32.082+0000 7fd90e01a700 1 --2- 172.21.15.97:0/2297521742 >> [v2:172.21.15.97:3300/0,v1:172.21.15.97:6789/0] conn(0x7fd908106c10 0x7fd90819a010 unknown :-1 s=CLOSED pgs=62 cs=0 l=1 rev1=1 crypto rx=0 tx=0 comp rx=0 tx=0).stop
2024-03-21T13:21:32.646 INFO:teuthology.orchestra.run.smithi097.stdout:/usr/bin/ceph: stderr
2024-03-21T13:21:32.082+0000 7fd90e01a700 1 --2- 172.21.15.97:0/2297521742 >> v2:172.21.15.97:6800/1943212787 conn(0x7fd8f003cb50 0x7fd8f003ef40 unknown :-1 s=CLOSED pgs=2 cs=0 l=1 rev1=1 crypto rx=0 tx=0 comp rx=0 tx=0).stop
2024-03-21T13:21:32.646 INFO:teuthology.orchestra.run.smithi097.stdout:/usr/bin/ceph: stderr
2024-03-21T13:21:32.082+0000 7fd90e01a700 1 --2- 172.21.15.97:0/2297521742 >> v2:172.21.15.97:6800/4140723216 conn(0x7fd8f0039140 0x7fd8f003b600 unknown :-1 s=CLOSED pgs=0 cs=0 l=1 rev1=0 crypto rx=0 tx=0 comp rx=0 tx=0).stop
2024-03-21T13:21:32.646 INFO:teuthology.orchestra.run.smithi097.stdout:/usr/bin/ceph: stderr
2024-03-21T13:21:32.082+0000 7fd90e01a700 1 -- 172.21.15.97:0/2297521742 >> 172.21.15.97:0/2297521742 conn(0x7fd9081005c0 msgr2=0x7fd908100fe0 unknown :-1 s=STATE_NONE l=0).mark_down
2024-03-21T13:21:32.647 INFO:teuthology.orchestra.run.smithi097.stdout:/usr/bin/ceph: stderr
2024-03-21T13:21:32.082+0000 7fd90e01a700 1 -- 172.21.15.97:0/2297521742 shutdown_connections
2024-03-21T13:21:32.647 INFO:teuthology.orchestra.run.smithi097.stdout:/usr/bin/ceph: stderr
2024-03-21T13:21:32.082+0000 7fd90e01a700 1 -- 172.21.15.97:0/2297521742 wait complete.
2024-03-21T13:21:32.647 INFO:teuthology.orchestra.run.smithi097.stdout:mgr epoch 9 is available
2024-03-21T13:21:32.647 INFO:teuthology.orchestra.run.smithi097.stdout:Generating a dashboard self-signed certificate...
2024-03-21T13:21:33.429 INFO:journalctl@ceph.mon.a.smithi097.stdout:Mar 21 13:21:33 smithi097 ceph-mon[30040]: from='client.14156 -' entity='client.admin' cmd=[{"prefix": "get_command_descriptions"}]: dispatch
2024-03-21T13:21:33.429 INFO:journalctl@ceph.mon.a.smithi097.stdout:Mar 21 13:21:33 smithi097 ceph-mon[30040]: from='client.14156 -' entity='client.admin' cmd=[{"prefix": "mgr_status"}]: dispatch
2024-03-21T13:21:34.006 INFO:teuthology.orchestra.run.smithi097.stdout:/usr/bin/ceph: stdout Self-signed certificate created
2024-03-21T13:21:34.006 INFO:teuthology.orchestra.run.smithi097.stdout:/usr/bin/ceph: stderr
2024-03-21T13:21:33.076+0000 7fd107311700 1 Processor -- start
2024-03-21T13:21:34.006 INFO:teuthology.orchestra.run.smithi097.stdout:/usr/bin/ceph: stderr
2024-03-21T13:21:33.076+0000 7fd107311700 1 -- start start
2024-03-21T13:21:34.006 INFO:teuthology.orchestra.run.smithi097.stdout:/usr/bin/ceph: stderr
2024-03-21T13:21:33.076+0000 7fd107311700 1 --2- >> [v2:172.21.15.97:3300/0,v1:172.21.15.97:6789/0] conn(0x7fd1001050a0 0x7fd1001054c0 unknown :-1 s=NONE pgs=0 cs=0 l=0 rev1=0 crypto rx=0 tx=0 comp rx=0 tx=0).connect
2024-03-21T13:21:34.006 INFO:teuthology.orchestra.run.smithi097.stdout:/usr/bin/ceph: stderr
2024-03-21T13:21:33.076+0000 7fd107311700 1 -- --> [v2:172.21.15.97:3300/0,v1:172.21.15.97:6789/0] -- mon_getmap magic: 0 v1 -- 0x7fd100105a90 con 0x7fd1001050a0
2024-03-21T13:21:34.006 INFO:teuthology.orchestra.run.smithi097.stdout:/usr/bin/ceph: stderr
2024-03-21T13:21:33.076+0000 7fd1050ad700 1 --2- >> [v2:172.21.15.97:3300/0,v1:172.21.15.97:6789/0] conn(0x7fd1001050a0 0x7fd1001054c0 unknown :-1 s=BANNER_CONNECTING pgs=0 cs=0 l=0 rev1=0 crypto rx=0 tx=0 comp rx=0 tx=0)._handle_peer_banner_payload supported=3 required=0
2024-03-21T13:21:34.006 INFO:teuthology.orchestra.run.smithi097.stdout:/usr/bin/ceph: stderr
2024-03-21T13:21:33.076+0000 7fd1050ad700 1 --2- >> [v2:172.21.15.97:3300/0,v1:172.21.15.97:6789/0] conn(0x7fd1001050a0 0x7fd1001054c0 unknown :-1 s=HELLO_CONNECTING pgs=0 cs=0 l=0 rev1=1 crypto rx=0 tx=0 comp rx=0 tx=0).handle_hello peer v2:172.21.15.97:3300/0 says I am v2:172.21.15.97:50132/0 (socket says 172.21.15.97:50132)
2024-03-21T13:21:34.006 INFO:teuthology.orchestra.run.smithi097.stdout:/usr/bin/ceph: stderr
2024-03-21T13:21:33.076+0000 7fd1050ad700 1 -- 172.21.15.97:0/1387325664 learned_addr learned my addr 172.21.15.97:0/1387325664 (peer_addr_for_me v2:172.21.15.97:0/0)
2024-03-21T13:21:34.006 INFO:teuthology.orchestra.run.smithi097.stdout:/usr/bin/ceph: stderr
2024-03-21T13:21:33.077+0000 7fd1050ad700 1 -- 172.21.15.97:0/1387325664 --> [v2:172.21.15.97:3300/0,v1:172.21.15.97:6789/0] -- mon_subscribe({config=0+,monmap=0+}) v3 -- 0x7fd1001062a0 con 0x7fd1001050a0
2024-03-21T13:21:34.007 INFO:teuthology.orchestra.run.smithi097.stdout:/usr/bin/ceph: stderr
2024-03-21T13:21:33.077+0000 7fd1050ad700 1 --2- 172.21.15.97:0/1387325664 >> [v2:172.21.15.97:3300/0,v1:172.21.15.97:6789/0] conn(0x7fd1001050a0 0x7fd1001054c0 secure :-1 s=READY pgs=70 cs=0 l=1 rev1=1 crypto rx=0x7fd0fc0098a0 tx=0x7fd0fc009bb0 comp rx=0 tx=0).ready entity=mon.0 client_cookie=a86a9fc9be9906b0 server_cookie=0 in_seq=0 out_seq=0
2024-03-21T13:21:34.007 INFO:teuthology.orchestra.run.smithi097.stdout:/usr/bin/ceph: stderr
2024-03-21T13:21:33.077+0000 7fd0f7fff700 1 -- 172.21.15.97:0/1387325664 <== mon.0 v2:172.21.15.97:3300/0 1 ==== mon_map magic: 0 v1 ==== 205+0+0 (secure 0 0 0) 0x7fd0fc004160 con 0x7fd1001050a0
2024-03-21T13:21:34.007 INFO:teuthology.orchestra.run.smithi097.stdout:/usr/bin/ceph: stderr
2024-03-21T13:21:33.077+0000 7fd0f7fff700 1 -- 172.21.15.97:0/1387325664 <== mon.0 v2:172.21.15.97:3300/0 2 ==== config(26 keys) v1 ==== 1093+0+0 (secure 0 0 0) 0x7fd0fc004300 con 0x7fd1001050a0
2024-03-21T13:21:34.007 INFO:teuthology.orchestra.run.smithi097.stdout:/usr/bin/ceph: stderr
2024-03-21T13:21:33.077+0000 7fd0f7fff700 1 -- 172.21.15.97:0/1387325664 <== mon.0 v2:172.21.15.97:3300/0 3 ==== mon_map magic: 0 v1 ==== 205+0+0 (secure 0 0 0) 0x7fd0fc011a00 con 0x7fd1001050a0
2024-03-21T13:21:34.007 INFO:teuthology.orchestra.run.smithi097.stdout:/usr/bin/ceph: stderr
2024-03-21T13:21:33.077+0000 7fd107311700 1 -- 172.21.15.97:0/1387325664 >> [v2:172.21.15.97:3300/0,v1:172.21.15.97:6789/0] conn(0x7fd1001050a0 msgr2=0x7fd1001054c0 secure :-1 s=STATE_CONNECTION_ESTABLISHED l=1).mark_down
2024-03-21T13:21:34.007 INFO:teuthology.orchestra.run.smithi097.stdout:/usr/bin/ceph: stderr
2024-03-21T13:21:33.077+0000 7fd107311700 1 --2- 172.21.15.97:0/1387325664 >> [v2:172.21.15.97:3300/0,v1:172.21.15.97:6789/0] conn(0x7fd1001050a0 0x7fd1001054c0 secure :-1 s=READY pgs=70 cs=0 l=1 rev1=1 crypto rx=0x7fd0fc0098a0 tx=0x7fd0fc009bb0 comp rx=0 tx=0).stop
2024-03-21T13:21:34.007 INFO:teuthology.orchestra.run.smithi097.stdout:/usr/bin/ceph: stderr
2024-03-21T13:21:33.078+0000 7fd107311700 1 -- 172.21.15.97:0/1387325664 shutdown_connections
2024-03-21T13:21:34.007 INFO:teuthology.orchestra.run.smithi097.stdout:/usr/bin/ceph: stderr
2024-03-21T13:21:33.078+0000 7fd107311700 1 --2- 172.21.15.97:0/1387325664 >> [v2:172.21.15.97:3300/0,v1:172.21.15.97:6789/0] conn(0x7fd1001050a0 0x7fd1001054c0 unknown :-1 s=CLOSED pgs=70 cs=0 l=1 rev1=1 crypto rx=0 tx=0 comp rx=0 tx=0).stop
2024-03-21T13:21:34.007 INFO:teuthology.orchestra.run.smithi097.stdout:/usr/bin/ceph: stderr
2024-03-21T13:21:33.078+0000 7fd107311700 1 -- 172.21.15.97:0/1387325664 >> 172.21.15.97:0/1387325664 conn(0x7fd100100660 msgr2=0x7fd100102a80 unknown :-1 s=STATE_NONE l=0).mark_down
2024-03-21T13:21:34.007 INFO:teuthology.orchestra.run.smithi097.stdout:/usr/bin/ceph: stderr
2024-03-21T13:21:33.078+0000 7fd107311700 1 -- 172.21.15.97:0/1387325664 shutdown_connections
2024-03-21T13:21:34.007 INFO:teuthology.orchestra.run.smithi097.stdout:/usr/bin/ceph: stderr
2024-03-21T13:21:33.078+0000 7fd107311700 1 -- 172.21.15.97:0/1387325664 wait complete.
2024-03-21T13:21:34.007 INFO:teuthology.orchestra.run.smithi097.stdout:/usr/bin/ceph: stderr
2024-03-21T13:21:33.078+0000 7fd107311700 1 Processor -- start
2024-03-21T13:21:34.007 INFO:teuthology.orchestra.run.smithi097.stdout:/usr/bin/ceph: stderr
2024-03-21T13:21:33.078+0000 7fd107311700 1 -- start start
2024-03-21T13:21:34.007 INFO:teuthology.orchestra.run.smithi097.stdout:/usr/bin/ceph: stderr
2024-03-21T13:21:33.078+0000 7fd107311700 1 --2- >> [v2:172.21.15.97:3300/0,v1:172.21.15.97:6789/0] conn(0x7fd1001050a0 0x7fd100198f60 unknown :-1 s=NONE pgs=0 cs=0 l=1 rev1=0 crypto rx=0 tx=0 comp rx=0 tx=0).connect
2024-03-21T13:21:34.008 INFO:teuthology.orchestra.run.smithi097.stdout:/usr/bin/ceph: stderr
2024-03-21T13:21:33.078+0000 7fd107311700 1 -- --> [v2:172.21.15.97:3300/0,v1:172.21.15.97:6789/0] -- mon_getmap magic: 0 v1 -- 0x7fd100109650 con 0x7fd1001050a0
2024-03-21T13:21:34.008 INFO:teuthology.orchestra.run.smithi097.stdout:/usr/bin/ceph: stderr
2024-03-21T13:21:33.079+0000 7fd1050ad700 1 --2- >> [v2:172.21.15.97:3300/0,v1:172.21.15.97:6789/0] conn(0x7fd1001050a0 0x7fd100198f60 unknown :-1 s=BANNER_CONNECTING pgs=0 cs=0 l=1 rev1=0 crypto rx=0 tx=0 comp rx=0 tx=0)._handle_peer_banner_payload supported=3 required=0
2024-03-21T13:21:34.008 INFO:teuthology.orchestra.run.smithi097.stdout:/usr/bin/ceph: stderr
2024-03-21T13:21:33.079+0000 7fd1050ad700 1 --2- >> [v2:172.21.15.97:3300/0,v1:172.21.15.97:6789/0] conn(0x7fd1001050a0 0x7fd100198f60 unknown :-1 s=HELLO_CONNECTING pgs=0 cs=0 l=1 rev1=1 crypto rx=0 tx=0 comp rx=0 tx=0).handle_hello peer v2:172.21.15.97:3300/0 says I am v2:172.21.15.97:50148/0 (socket says 172.21.15.97:50148)
2024-03-21T13:21:34.008 INFO:teuthology.orchestra.run.smithi097.stdout:/usr/bin/ceph: stderr
2024-03-21T13:21:33.079+0000 7fd1050ad700 1 -- 172.21.15.97:0/1159305508 learned_addr learned my addr 172.21.15.97:0/1159305508 (peer_addr_for_me v2:172.21.15.97:0/0)
2024-03-21T13:21:34.008 INFO:teuthology.orchestra.run.smithi097.stdout:/usr/bin/ceph: stderr
2024-03-21T13:21:33.079+0000 7fd1050ad700 1 -- 172.21.15.97:0/1159305508 --> [v2:172.21.15.97:3300/0,v1:172.21.15.97:6789/0] -- mon_subscribe({config=0+,monmap=0+}) v3 -- 0x7fd1001994a0 con 0x7fd1001050a0
2024-03-21T13:21:34.008 INFO:teuthology.orchestra.run.smithi097.stdout:/usr/bin/ceph: stderr
2024-03-21T13:21:33.079+0000 7fd1050ad700 1 --2- 172.21.15.97:0/1159305508 >> [v2:172.21.15.97:3300/0,v1:172.21.15.97:6789/0] conn(0x7fd1001050a0 0x7fd100198f60 secure :-1 s=READY pgs=71 cs=0 l=1 rev1=1 crypto rx=0x7fd0fc009fb0 tx=0x7fd0fc011ac0 comp rx=0 tx=0).ready entity=mon.0 client_cookie=0 server_cookie=0 in_seq=0 out_seq=0
2024-03-21T13:21:34.008 INFO:teuthology.orchestra.run.smithi097.stdout:/usr/bin/ceph: stderr
2024-03-21T13:21:33.079+0000 7fd0f67fc700 1 -- 172.21.15.97:0/1159305508 <== mon.0 v2:172.21.15.97:3300/0 1 ==== mon_map magic: 0 v1 ==== 205+0+0 (secure 0 0 0) 0x7fd0fc01a430 con 0x7fd1001050a0
2024-03-21T13:21:34.008 INFO:teuthology.orchestra.run.smithi097.stdout:/usr/bin/ceph: stderr
2024-03-21T13:21:33.079+0000 7fd107311700 1 -- 172.21.15.97:0/1159305508 --> [v2:172.21.15.97:3300/0,v1:172.21.15.97:6789/0] -- mon_subscribe({mgrmap=0+}) v3 -- 0x7fd100199730 con 0x7fd1001050a0
2024-03-21T13:21:34.008 INFO:teuthology.orchestra.run.smithi097.stdout:/usr/bin/ceph: stderr
2024-03-21T13:21:33.079+0000 7fd0f67fc700 1 -- 172.21.15.97:0/1159305508 <== mon.0 v2:172.21.15.97:3300/0 2 ==== config(26 keys) v1 ==== 1093+0+0 (secure 0 0 0) 0x7fd0fc01aa80 con 0x7fd1001050a0
2024-03-21T13:21:34.008 INFO:teuthology.orchestra.run.smithi097.stdout:/usr/bin/ceph: stderr
2024-03-21T13:21:33.079+0000 7fd0f67fc700 1 -- 172.21.15.97:0/1159305508 <== mon.0 v2:172.21.15.97:3300/0 3 ==== mon_map magic: 0 v1 ==== 205+0+0 (secure 0 0 0) 0x7fd0fc0249b0 con 0x7fd1001050a0
2024-03-21T13:21:34.008 INFO:teuthology.orchestra.run.smithi097.stdout:/usr/bin/ceph: stderr
2024-03-21T13:21:33.079+0000 7fd107311700 1 -- 172.21.15.97:0/1159305508 --> [v2:172.21.15.97:3300/0,v1:172.21.15.97:6789/0] -- mon_subscribe({osdmap=0}) v3 -- 0x7fd1000790c0 con 0x7fd1001050a0
2024-03-21T13:21:34.008 INFO:teuthology.orchestra.run.smithi097.stdout:/usr/bin/ceph: stderr
2024-03-21T13:21:33.080+0000 7fd0f67fc700 1 -- 172.21.15.97:0/1159305508 <== mon.0 v2:172.21.15.97:3300/0 4 ==== mgrmap(e 11) v1 ==== 46166+0+0 (secure 0 0 0) 0x7fd0fc022020 con 0x7fd1001050a0
2024-03-21T13:21:34.008 INFO:teuthology.orchestra.run.smithi097.stdout:/usr/bin/ceph: stderr
2024-03-21T13:21:33.080+0000 7fd107311700 1 -- 172.21.15.97:0/1159305508 --> [v2:172.21.15.97:3300/0,v1:172.21.15.97:6789/0] -- mon_command({"prefix": "get_command_descriptions"} v 0) v1 -- 0x7fd1000637c0 con 0x7fd1001050a0
2024-03-21T13:21:34.008 INFO:teuthology.orchestra.run.smithi097.stdout:/usr/bin/ceph: stderr
2024-03-21T13:21:33.080+0000 7fd0f67fc700 1 --2- 172.21.15.97:0/1159305508 >> v2:172.21.15.97:6800/1943212787 conn(0x7fd0ec03b240 0x7fd0ec03d700 unknown :-1 s=NONE pgs=0 cs=0 l=1 rev1=0 crypto rx=0 tx=0 comp rx=0 tx=0).connect
2024-03-21T13:21:34.008 INFO:teuthology.orchestra.run.smithi097.stdout:/usr/bin/ceph: stderr
2024-03-21T13:21:33.080+0000 7fd0f67fc700 1 -- 172.21.15.97:0/1159305508 <== mon.0 v2:172.21.15.97:3300/0 5 ==== osd_map(3..3 src has 1..3) v4 ==== 1069+0+0 (secure 0 0 0) 0x7fd0fc04d830 con 0x7fd1001050a0
2024-03-21T13:21:34.009 INFO:teuthology.orchestra.run.smithi097.stdout:/usr/bin/ceph: stderr
2024-03-21T13:21:33.080+0000 7fd1048ac700 1 --2- 172.21.15.97:0/1159305508 >> v2:172.21.15.97:6800/1943212787 conn(0x7fd0ec03b240 0x7fd0ec03d700 unknown :-1 s=BANNER_CONNECTING pgs=0 cs=0 l=1 rev1=0 crypto rx=0 tx=0 comp rx=0 tx=0)._handle_peer_banner_payload supported=3 required=0
2024-03-21T13:21:34.009 INFO:teuthology.orchestra.run.smithi097.stdout:/usr/bin/ceph: stderr
2024-03-21T13:21:33.081+0000 7fd1048ac700 1 --2- 172.21.15.97:0/1159305508 >> v2:172.21.15.97:6800/1943212787 conn(0x7fd0ec03b240 0x7fd0ec03d700 secure :-1 s=READY pgs=7 cs=0 l=1 rev1=1 crypto rx=0x7fd0f0006fd0 tx=0x7fd0f0006e40 comp rx=0 tx=0).ready entity=mgr.14152 client_cookie=0 server_cookie=0 in_seq=0 out_seq=0
2024-03-21T13:21:34.009 INFO:teuthology.orchestra.run.smithi097.stdout:/usr/bin/ceph: stderr
2024-03-21T13:21:33.085+0000 7fd0f67fc700 1 -- 172.21.15.97:0/1159305508 <== mon.0 v2:172.21.15.97:3300/0 6 ==== mon_command_ack([{"prefix": "get_command_descriptions"}]=0 v0) v1 ==== 72+0+186149 (secure 0 0 0) 0x7fd0fc02ad60 con 0x7fd1001050a0
2024-03-21T13:21:34.009 INFO:teuthology.orchestra.run.smithi097.stdout:/usr/bin/ceph: stderr
2024-03-21T13:21:33.123+0000 7fd0f67fc700 1 -- 172.21.15.97:0/1159305508 <== mon.0 v2:172.21.15.97:3300/0 7 ==== mgrmap(e 12) v1 ==== 46272+0+0 (secure 0 0 0) 0x7fd0fc02d3f0 con 0x7fd1001050a0
2024-03-21T13:21:34.009 INFO:teuthology.orchestra.run.smithi097.stdout:/usr/bin/ceph: stderr
2024-03-21T13:21:33.290+0000 7fd107311700 1 -- 172.21.15.97:0/1159305508 --> v2:172.21.15.97:6800/1943212787 -- mgr_command(tid 0: {"prefix": "dashboard create-self-signed-cert", "target": ["mon-mgr", ""]}) v1 -- 0x7fd1001017c0 con 0x7fd0ec03b240
2024-03-21T13:21:34.009 INFO:teuthology.orchestra.run.smithi097.stdout:/usr/bin/ceph: stderr
2024-03-21T13:21:33.427+0000 7fd0f67fc700 1 -- 172.21.15.97:0/1159305508 <== mgr.14152 v2:172.21.15.97:6800/1943212787 1 ==== mgr_command_reply(tid 0: 0 ) v1 ==== 8+0+32 (secure 0 0 0) 0x7fd1001017c0 con 0x7fd0ec03b240
2024-03-21T13:21:34.009 INFO:teuthology.orchestra.run.smithi097.stdout:/usr/bin/ceph: stderr
2024-03-21T13:21:33.431+0000 7fd107311700 1 -- 172.21.15.97:0/1159305508 >> v2:172.21.15.97:6800/1943212787 conn(0x7fd0ec03b240 msgr2=0x7fd0ec03d700 secure :-1 s=STATE_CONNECTION_ESTABLISHED l=1).mark_down
2024-03-21T13:21:34.009 INFO:teuthology.orchestra.run.smithi097.stdout:/usr/bin/ceph: stderr
2024-03-21T13:21:33.431+0000 7fd107311700 1 --2- 172.21.15.97:0/1159305508 >> v2:172.21.15.97:6800/1943212787 conn(0x7fd0ec03b240 0x7fd0ec03d700 secure :-1 s=READY pgs=7 cs=0 l=1 rev1=1 crypto rx=0x7fd0f0006fd0 tx=0x7fd0f0006e40 comp rx=0 tx=0).stop
2024-03-21T13:21:34.009 INFO:teuthology.orchestra.run.smithi097.stdout:/usr/bin/ceph: stderr
2024-03-21T13:21:33.431+0000 7fd107311700 1 -- 172.21.15.97:0/1159305508 >> [v2:172.21.15.97:3300/0,v1:172.21.15.97:6789/0] conn(0x7fd1001050a0 msgr2=0x7fd100198f60 secure :-1 s=STATE_CONNECTION_ESTABLISHED l=1).mark_down
2024-03-21T13:21:34.009 INFO:teuthology.orchestra.run.smithi097.stdout:/usr/bin/ceph: stderr
2024-03-21T13:21:33.431+0000 7fd107311700 1 --2- 172.21.15.97:0/1159305508 >> [v2:172.21.15.97:3300/0,v1:172.21.15.97:6789/0] conn(0x7fd1001050a0 0x7fd100198f60 secure :-1 s=READY pgs=71 cs=0 l=1 rev1=1 crypto rx=0x7fd0fc009fb0 tx=0x7fd0fc011ac0 comp rx=0 tx=0).stop
2024-03-21T13:21:34.009 INFO:teuthology.orchestra.run.smithi097.stdout:/usr/bin/ceph: stderr
2024-03-21T13:21:33.431+0000 7fd107311700 1 -- 172.21.15.97:0/1159305508 shutdown_connections
2024-03-21T13:21:34.009 INFO:teuthology.orchestra.run.smithi097.stdout:/usr/bin/ceph: stderr
2024-03-21T13:21:33.431+0000 7fd107311700 1 --2- 172.21.15.97:0/1159305508 >> v2:172.21.15.97:6800/1943212787 conn(0x7fd0ec03b240 0x7fd0ec03d700 unknown :-1 s=CLOSED pgs=7 cs=0 l=1 rev1=1 crypto rx=0 tx=0 comp rx=0 tx=0).stop
2024-03-21T13:21:34.009 INFO:teuthology.orchestra.run.smithi097.stdout:/usr/bin/ceph: stderr
2024-03-21T13:21:33.431+0000 7fd107311700 1 --2- 172.21.15.97:0/1159305508 >> [v2:172.21.15.97:3300/0,v1:172.21.15.97:6789/0] conn(0x7fd1001050a0 0x7fd100198f60 unknown :-1 s=CLOSED pgs=71 cs=0 l=1 rev1=1 crypto rx=0 tx=0 comp rx=0 tx=0).stop
2024-03-21T13:21:34.009 INFO:teuthology.orchestra.run.smithi097.stdout:/usr/bin/ceph: stderr
2024-03-21T13:21:33.431+0000 7fd107311700 1 -- 172.21.15.97:0/1159305508 >> 172.21.15.97:0/1159305508 conn(0x7fd100100660 msgr2=0x7fd1001010b0 unknown :-1 s=STATE_NONE l=0).mark_down
2024-03-21T13:21:34.010 INFO:teuthology.orchestra.run.smithi097.stdout:/usr/bin/ceph: stderr
2024-03-21T13:21:33.431+0000 7fd107311700 1 -- 172.21.15.97:0/1159305508 shutdown_connections
2024-03-21T13:21:34.010 INFO:teuthology.orchestra.run.smithi097.stdout:/usr/bin/ceph: stderr
2024-03-21T13:21:33.431+0000 7fd107311700 1 -- 172.21.15.97:0/1159305508 wait complete.
2024-03-21T13:21:34.010 INFO:teuthology.orchestra.run.smithi097.stdout:Creating initial admin user...
2024-03-21T13:21:34.272 INFO:journalctl@ceph.mon.a.smithi097.stdout:Mar 21 13:21:34 smithi097 ceph-mon[30040]: [21/Mar/2024:13:21:32] ENGINE Bus STARTING
2024-03-21T13:21:34.272 INFO:journalctl@ceph.mon.a.smithi097.stdout:Mar 21 13:21:34 smithi097 ceph-mon[30040]: [21/Mar/2024:13:21:32] ENGINE Serving on https://172.21.15.97:7150
2024-03-21T13:21:34.272 INFO:journalctl@ceph.mon.a.smithi097.stdout:Mar 21 13:21:34 smithi097 ceph-mon[30040]: [21/Mar/2024:13:21:32] ENGINE Serving on http://172.21.15.97:8765
2024-03-21T13:21:34.272 INFO:journalctl@ceph.mon.a.smithi097.stdout:Mar 21 13:21:34 smithi097 ceph-mon[30040]: [21/Mar/2024:13:21:32] ENGINE Bus STARTED
2024-03-21T13:21:34.273 INFO:journalctl@ceph.mon.a.smithi097.stdout:Mar 21 13:21:34 smithi097 ceph-mon[30040]: mgrmap e12: y(active, since 2s)
2024-03-21T13:21:34.273 INFO:journalctl@ceph.mon.a.smithi097.stdout:Mar 21 13:21:34 smithi097 ceph-mon[30040]: from='mgr.14152 172.21.15.97:0/2612151641' entity='mgr.y'
2024-03-21T13:21:34.273 INFO:journalctl@ceph.mon.a.smithi097.stdout:Mar 21 13:21:34 smithi097 ceph-mon[30040]: from='mgr.14152 172.21.15.97:0/2612151641' entity='mgr.y'
2024-03-21T13:21:34.273 INFO:journalctl@ceph.mon.a.smithi097.stdout:Mar 21 13:21:34 smithi097 ceph-mon[30040]: from='mgr.14152 172.21.15.97:0/2612151641' entity='mgr.y'
2024-03-21T13:21:35.305 INFO:journalctl@ceph.mon.a.smithi097.stdout:Mar 21 13:21:35 smithi097 ceph-mon[30040]: from='client.14164 -' entity='client.admin' cmd=[{"prefix": "dashboard create-self-signed-cert", "target": ["mon-mgr", ""]}]: dispatch
2024-03-21T13:21:35.306 INFO:journalctl@ceph.mon.a.smithi097.stdout:Mar 21 13:21:35 smithi097 ceph-mon[30040]: from='mgr.14152 172.21.15.97:0/2612151641' entity='mgr.y'
2024-03-21T13:21:35.306 INFO:journalctl@ceph.mon.a.smithi097.stdout:Mar 21 13:21:35 smithi097 ceph-mon[30040]: from='mgr.14152 172.21.15.97:0/2612151641' entity='mgr.y'
2024-03-21T13:21:35.563 INFO:teuthology.orchestra.run.smithi097.stdout:/usr/bin/ceph: stdout {"username": "admin", "password": "$2b$12$8PmtuKPurKnYkSFFLSVWmuC9fddvTZENP6FhQw5O6rWNbQpOINDV.", "roles": ["administrator"], "name": null, "email": null, "lastUpdate": 1711027295, "enabled": true, "pwdExpirationDate": null, "pwdUpdateRequired": true}
2024-03-21T13:21:35.563 INFO:teuthology.orchestra.run.smithi097.stdout:/usr/bin/ceph: stderr
2024-03-21T13:21:34.548+0000 7fdd16f2e700 1 Processor -- start
2024-03-21T13:21:35.563 INFO:teuthology.orchestra.run.smithi097.stdout:/usr/bin/ceph: stderr
2024-03-21T13:21:34.548+0000 7fdd16f2e700 1 -- start start
2024-03-21T13:21:35.563 INFO:teuthology.orchestra.run.smithi097.stdout:/usr/bin/ceph: stderr
2024-03-21T13:21:34.548+0000 7fdd16f2e700 1 --2- >> [v2:172.21.15.97:3300/0,v1:172.21.15.97:6789/0] conn(0x7fdd10106170 0x7fdd10106590 unknown :-1 s=NONE pgs=0 cs=0 l=0 rev1=0 crypto rx=0 tx=0 comp rx=0 tx=0).connect
2024-03-21T13:21:35.563 INFO:teuthology.orchestra.run.smithi097.stdout:/usr/bin/ceph: stderr
2024-03-21T13:21:34.548+0000 7fdd16f2e700 1 -- --> [v2:172.21.15.97:3300/0,v1:172.21.15.97:6789/0] -- mon_getmap magic: 0 v1 -- 0x7fdd10106b60 con 0x7fdd10106170
2024-03-21T13:21:35.563 INFO:teuthology.orchestra.run.smithi097.stdout:/usr/bin/ceph: stderr
2024-03-21T13:21:34.549+0000 7fdd14cca700 1 --2- >> [v2:172.21.15.97:3300/0,v1:172.21.15.97:6789/0] conn(0x7fdd10106170 0x7fdd10106590 unknown :-1 s=BANNER_CONNECTING pgs=0 cs=0 l=0 rev1=0 crypto rx=0 tx=0 comp rx=0 tx=0)._handle_peer_banner_payload supported=3 required=0
2024-03-21T13:21:35.563 INFO:teuthology.orchestra.run.smithi097.stdout:/usr/bin/ceph: stderr
2024-03-21T13:21:34.549+0000 7fdd14cca700 1 --2- >> [v2:172.21.15.97:3300/0,v1:172.21.15.97:6789/0] conn(0x7fdd10106170 0x7fdd10106590 unknown :-1 s=HELLO_CONNECTING pgs=0 cs=0 l=0 rev1=1 crypto rx=0 tx=0 comp rx=0 tx=0).handle_hello peer v2:172.21.15.97:3300/0 says I am v2:172.21.15.97:50162/0 (socket says 172.21.15.97:50162)
2024-03-21T13:21:35.564 INFO:teuthology.orchestra.run.smithi097.stdout:/usr/bin/ceph: stderr
2024-03-21T13:21:34.549+0000 7fdd14cca700 1 -- 172.21.15.97:0/259144181 learned_addr learned my addr 172.21.15.97:0/259144181 (peer_addr_for_me v2:172.21.15.97:0/0)
2024-03-21T13:21:35.564 INFO:teuthology.orchestra.run.smithi097.stdout:/usr/bin/ceph: stderr
2024-03-21T13:21:34.549+0000 7fdd14cca700 1 -- 172.21.15.97:0/259144181 --> [v2:172.21.15.97:3300/0,v1:172.21.15.97:6789/0] -- mon_subscribe({config=0+,monmap=0+}) v3 -- 0x7fdd10107370 con 0x7fdd10106170
2024-03-21T13:21:35.564 INFO:teuthology.orchestra.run.smithi097.stdout:/usr/bin/ceph: stderr
2024-03-21T13:21:34.549+0000 7fdd14cca700 1 --2- 172.21.15.97:0/259144181 >> [v2:172.21.15.97:3300/0,v1:172.21.15.97:6789/0] conn(0x7fdd10106170 0x7fdd10106590 secure :-1 s=READY pgs=72 cs=0 l=1 rev1=1 crypto rx=0x7fdd040098a0 tx=0x7fdd04009bb0 comp rx=0 tx=0).ready entity=mon.0 client_cookie=3296943ead638cc1 server_cookie=0 in_seq=0 out_seq=0
2024-03-21T13:21:35.564 INFO:teuthology.orchestra.run.smithi097.stdout:/usr/bin/ceph: stderr
2024-03-21T13:21:34.549+0000 7fdd0f7fe700 1 -- 172.21.15.97:0/259144181 <== mon.0 v2:172.21.15.97:3300/0 1 ==== mon_map magic: 0 v1 ==== 205+0+0 (secure 0 0 0) 0x7fdd04004160 con 0x7fdd10106170
2024-03-21T13:21:35.564 INFO:teuthology.orchestra.run.smithi097.stdout:/usr/bin/ceph: stderr
2024-03-21T13:21:34.549+0000 7fdd0f7fe700 1 -- 172.21.15.97:0/259144181 <== mon.0 v2:172.21.15.97:3300/0 2 ==== config(26 keys) v1 ==== 1093+0+0 (secure 0 0 0) 0x7fdd04004300 con 0x7fdd10106170
2024-03-21T13:21:35.564 INFO:teuthology.orchestra.run.smithi097.stdout:/usr/bin/ceph: stderr
2024-03-21T13:21:34.549+0000 7fdd0f7fe700 1 -- 172.21.15.97:0/259144181 <== mon.0 v2:172.21.15.97:3300/0 3 ==== mon_map magic: 0 v1 ==== 205+0+0 (secure 0 0 0) 0x7fdd04011a00 con 0x7fdd10106170
2024-03-21T13:21:35.564 INFO:teuthology.orchestra.run.smithi097.stdout:/usr/bin/ceph: stderr
2024-03-21T13:21:34.550+0000 7fdd16f2e700 1 -- 172.21.15.97:0/259144181 >> [v2:172.21.15.97:3300/0,v1:172.21.15.97:6789/0] conn(0x7fdd10106170 msgr2=0x7fdd10106590 secure :-1 s=STATE_CONNECTION_ESTABLISHED l=1).mark_down
2024-03-21T13:21:35.564 INFO:teuthology.orchestra.run.smithi097.stdout:/usr/bin/ceph: stderr
2024-03-21T13:21:34.550+0000 7fdd16f2e700 1 --2- 172.21.15.97:0/259144181 >> [v2:172.21.15.97:3300/0,v1:172.21.15.97:6789/0] conn(0x7fdd10106170 0x7fdd10106590 secure :-1 s=READY pgs=72 cs=0 l=1 rev1=1 crypto rx=0x7fdd040098a0 tx=0x7fdd04009bb0 comp rx=0 tx=0).stop
2024-03-21T13:21:35.564 INFO:teuthology.orchestra.run.smithi097.stdout:/usr/bin/ceph: stderr
2024-03-21T13:21:34.550+0000 7fdd16f2e700 1 -- 172.21.15.97:0/259144181 shutdown_connections
2024-03-21T13:21:35.564 INFO:teuthology.orchestra.run.smithi097.stdout:/usr/bin/ceph: stderr
2024-03-21T13:21:34.550+0000 7fdd16f2e700 1 --2- 172.21.15.97:0/259144181 >> [v2:172.21.15.97:3300/0,v1:172.21.15.97:6789/0] conn(0x7fdd10106170 0x7fdd10106590 unknown :-1 s=CLOSED pgs=72 cs=0 l=1 rev1=1 crypto rx=0 tx=0 comp rx=0 tx=0).stop
2024-03-21T13:21:35.564 INFO:teuthology.orchestra.run.smithi097.stdout:/usr/bin/ceph: stderr
2024-03-21T13:21:34.550+0000 7fdd16f2e700 1 -- 172.21.15.97:0/259144181 >> 172.21.15.97:0/259144181 conn(0x7fdd101016d0 msgr2=0x7fdd10103b50 unknown :-1 s=STATE_NONE l=0).mark_down
2024-03-21T13:21:35.564 INFO:teuthology.orchestra.run.smithi097.stdout:/usr/bin/ceph: stderr
2024-03-21T13:21:34.550+0000 7fdd16f2e700 1 -- 172.21.15.97:0/259144181 shutdown_connections
2024-03-21T13:21:35.564 INFO:teuthology.orchestra.run.smithi097.stdout:/usr/bin/ceph: stderr
2024-03-21T13:21:34.550+0000 7fdd16f2e700 1 -- 172.21.15.97:0/259144181 wait complete.
2024-03-21T13:21:35.564 INFO:teuthology.orchestra.run.smithi097.stdout:/usr/bin/ceph: stderr
2024-03-21T13:21:34.550+0000 7fdd16f2e700 1 Processor -- start
2024-03-21T13:21:35.565 INFO:teuthology.orchestra.run.smithi097.stdout:/usr/bin/ceph: stderr
2024-03-21T13:21:34.551+0000 7fdd16f2e700 1 -- start start
2024-03-21T13:21:35.565 INFO:teuthology.orchestra.run.smithi097.stdout:/usr/bin/ceph: stderr
2024-03-21T13:21:34.551+0000 7fdd16f2e700 1 --2- >> [v2:172.21.15.97:3300/0,v1:172.21.15.97:6789/0] conn(0x7fdd10106170 0x7fdd1007bc60 unknown :-1 s=NONE pgs=0 cs=0 l=1 rev1=0 crypto rx=0 tx=0 comp rx=0 tx=0).connect
2024-03-21T13:21:35.565 INFO:teuthology.orchestra.run.smithi097.stdout:/usr/bin/ceph: stderr
2024-03-21T13:21:34.551+0000 7fdd16f2e700 1 -- --> [v2:172.21.15.97:3300/0,v1:172.21.15.97:6789/0] -- mon_getmap magic: 0 v1 -- 0x7fdd1010a720 con 0x7fdd10106170
2024-03-21T13:21:35.565 INFO:teuthology.orchestra.run.smithi097.stdout:/usr/bin/ceph: stderr
2024-03-21T13:21:34.551+0000 7fdd14cca700 1 --2- >> [v2:172.21.15.97:3300/0,v1:172.21.15.97:6789/0] conn(0x7fdd10106170 0x7fdd1007bc60 unknown :-1 s=BANNER_CONNECTING pgs=0 cs=0 l=1 rev1=0 crypto rx=0 tx=0 comp rx=0 tx=0)._handle_peer_banner_payload supported=3 required=0
2024-03-21T13:21:35.565 INFO:teuthology.orchestra.run.smithi097.stdout:/usr/bin/ceph: stderr
2024-03-21T13:21:34.551+0000 7fdd14cca700 1 --2- >> [v2:172.21.15.97:3300/0,v1:172.21.15.97:6789/0] conn(0x7fdd10106170 0x7fdd1007bc60 unknown :-1 s=HELLO_CONNECTING pgs=0 cs=0 l=1 rev1=1 crypto rx=0 tx=0 comp rx=0 tx=0).handle_hello peer v2:172.21.15.97:3300/0 says I am v2:172.21.15.97:50166/0 (socket says 172.21.15.97:50166)
2024-03-21T13:21:35.565 INFO:teuthology.orchestra.run.smithi097.stdout:/usr/bin/ceph: stderr
2024-03-21T13:21:34.551+0000 7fdd14cca700 1 -- 172.21.15.97:0/3963913527 learned_addr learned my addr 172.21.15.97:0/3963913527 (peer_addr_for_me v2:172.21.15.97:0/0)
2024-03-21T13:21:35.565 INFO:teuthology.orchestra.run.smithi097.stdout:/usr/bin/ceph: stderr
2024-03-21T13:21:34.551+0000 7fdd14cca700 1 -- 172.21.15.97:0/3963913527 --> [v2:172.21.15.97:3300/0,v1:172.21.15.97:6789/0] -- mon_subscribe({config=0+,monmap=0+}) v3 -- 0x7fdd1007c1a0 con 0x7fdd10106170
2024-03-21T13:21:35.565 INFO:teuthology.orchestra.run.smithi097.stdout:/usr/bin/ceph: stderr
2024-03-21T13:21:34.551+0000 7fdd14cca700 1 --2- 172.21.15.97:0/3963913527 >> [v2:172.21.15.97:3300/0,v1:172.21.15.97:6789/0] conn(0x7fdd10106170 0x7fdd1007bc60 secure :-1 s=READY pgs=73 cs=0 l=1 rev1=1 crypto rx=0x7fdd04009fb0 tx=0x7fdd04011ac0 comp rx=0 tx=0).ready entity=mon.0 client_cookie=0 server_cookie=0 in_seq=0 out_seq=0
2024-03-21T13:21:35.565 INFO:teuthology.orchestra.run.smithi097.stdout:/usr/bin/ceph: stderr
2024-03-21T13:21:34.551+0000 7fdd0dffb700 1 -- 172.21.15.97:0/3963913527 <== mon.0 v2:172.21.15.97:3300/0 1 ==== mon_map magic: 0 v1 ==== 205+0+0 (secure 0 0 0) 0x7fdd0401a430 con 0x7fdd10106170
2024-03-21T13:21:35.565 INFO:teuthology.orchestra.run.smithi097.stdout:/usr/bin/ceph: stderr
2024-03-21T13:21:34.551+0000 7fdd0dffb700 1 -- 172.21.15.97:0/3963913527 <== mon.0 v2:172.21.15.97:3300/0 2 ==== config(26 keys) v1 ==== 1093+0+0 (secure 0 0 0) 0x7fdd0401aa80 con 0x7fdd10106170
2024-03-21T13:21:35.565 INFO:teuthology.orchestra.run.smithi097.stdout:/usr/bin/ceph: stderr
2024-03-21T13:21:34.551+0000 7fdd16f2e700 1 -- 172.21.15.97:0/3963913527 --> [v2:172.21.15.97:3300/0,v1:172.21.15.97:6789/0] -- mon_subscribe({mgrmap=0+}) v3 -- 0x7fdd1007a390 con 0x7fdd10106170
2024-03-21T13:21:35.565 INFO:teuthology.orchestra.run.smithi097.stdout:/usr/bin/ceph: stderr
2024-03-21T13:21:34.551+0000 7fdd0dffb700 1 -- 172.21.15.97:0/3963913527 <== mon.0 v2:172.21.15.97:3300/0 3 ==== mon_map magic: 0 v1 ==== 205+0+0 (secure 0 0 0) 0x7fdd040249b0 con 0x7fdd10106170
2024-03-21T13:21:35.565 INFO:teuthology.orchestra.run.smithi097.stdout:/usr/bin/ceph: stderr
2024-03-21T13:21:34.552+0000 7fdd16f2e700 1 -- 172.21.15.97:0/3963913527 --> [v2:172.21.15.97:3300/0,v1:172.21.15.97:6789/0] -- mon_subscribe({osdmap=0}) v3 -- 0x7fdd1007a8d0 con 0x7fdd10106170
2024-03-21T13:21:35.565 INFO:teuthology.orchestra.run.smithi097.stdout:/usr/bin/ceph: stderr
2024-03-21T13:21:34.553+0000 7fdd0dffb700 1 -- 172.21.15.97:0/3963913527 <== mon.0 v2:172.21.15.97:3300/0 4 ==== mgrmap(e 12) v1 ==== 46272+0+0 (secure 0 0 0) 0x7fdd04022020 con 0x7fdd10106170
2024-03-21T13:21:35.565 INFO:teuthology.orchestra.run.smithi097.stdout:/usr/bin/ceph: stderr
2024-03-21T13:21:34.553+0000 7fdd0dffb700 1 --2- 172.21.15.97:0/3963913527 >> v2:172.21.15.97:6800/1943212787 conn(0x7fdd00039140 0x7fdd0003b600 unknown :-1 s=NONE pgs=0 cs=0 l=1 rev1=0 crypto rx=0 tx=0 comp rx=0 tx=0).connect
2024-03-21T13:21:35.565 INFO:teuthology.orchestra.run.smithi097.stdout:/usr/bin/ceph: stderr
2024-03-21T13:21:34.553+0000 7fdd16f2e700 1 -- 172.21.15.97:0/3963913527 --> [v2:172.21.15.97:3300/0,v1:172.21.15.97:6789/0] -- mon_command({"prefix": "get_command_descriptions"} v 0) v1 -- 0x7fdd100637c0 con 0x7fdd10106170
2024-03-21T13:21:35.566 INFO:teuthology.orchestra.run.smithi097.stdout:/usr/bin/ceph: stderr
2024-03-21T13:21:34.553+0000 7fdd0dffb700 1 -- 172.21.15.97:0/3963913527 <== mon.0 v2:172.21.15.97:3300/0 5 ==== osd_map(3..3 src has 1..3) v4 ==== 1069+0+0 (secure 0 0 0) 0x7fdd0404d960 con 0x7fdd10106170
2024-03-21T13:21:35.566 INFO:teuthology.orchestra.run.smithi097.stdout:/usr/bin/ceph: stderr
2024-03-21T13:21:34.553+0000 7fdd0ffff700 1 --2- 172.21.15.97:0/3963913527 >> v2:172.21.15.97:6800/1943212787 conn(0x7fdd00039140 0x7fdd0003b600 unknown :-1 s=BANNER_CONNECTING pgs=0 cs=0 l=1 rev1=0 crypto rx=0 tx=0 comp rx=0 tx=0)._handle_peer_banner_payload supported=3 required=0
2024-03-21T13:21:35.566 INFO:teuthology.orchestra.run.smithi097.stdout:/usr/bin/ceph: stderr
2024-03-21T13:21:34.553+0000 7fdd0ffff700 1 --2- 172.21.15.97:0/3963913527 >> v2:172.21.15.97:6800/1943212787 conn(0x7fdd00039140 0x7fdd0003b600 secure :-1 s=READY pgs=8 cs=0 l=1 rev1=1 crypto rx=0x7fdcfc006fd0 tx=0x7fdcfc006e40 comp rx=0 tx=0).ready entity=mgr.14152 client_cookie=0 server_cookie=0 in_seq=0 out_seq=0
2024-03-21T13:21:35.566 INFO:teuthology.orchestra.run.smithi097.stdout:/usr/bin/ceph: stderr
2024-03-21T13:21:34.558+0000 7fdd0dffb700 1 -- 172.21.15.97:0/3963913527 <== mon.0 v2:172.21.15.97:3300/0 6 ==== mon_command_ack([{"prefix": "get_command_descriptions"}]=0 v0) v1 ==== 72+0+186149 (secure 0 0 0) 0x7fdd040172b0 con 0x7fdd10106170
2024-03-21T13:21:35.566 INFO:teuthology.orchestra.run.smithi097.stdout:/usr/bin/ceph: stderr
2024-03-21T13:21:34.789+0000 7fdd16f2e700 1 -- 172.21.15.97:0/3963913527 --> v2:172.21.15.97:6800/1943212787 -- mgr_command(tid 0: {"prefix": "dashboard ac-user-create", "username": "admin", "rolename": "administrator", "force_password": true, "pwd_update_required": true, "target": ["mon-mgr", ""]}) v1 -- 0x7fdd1007afc0 con 0x7fdd00039140
2024-03-21T13:21:35.566 INFO:teuthology.orchestra.run.smithi097.stdout:/usr/bin/ceph: stderr
2024-03-21T13:21:35.017+0000 7fdd0dffb700 1 -- 172.21.15.97:0/3963913527 <== mgr.14152 v2:172.21.15.97:6800/1943212787 1 ==== mgr_command_reply(tid 0: 0 ) v1 ==== 8+0+252 (secure 0 0 0) 0x7fdd1007afc0 con 0x7fdd00039140
2024-03-21T13:21:35.566 INFO:teuthology.orchestra.run.smithi097.stdout:/usr/bin/ceph: stderr
2024-03-21T13:21:35.020+0000 7fdd16f2e700 1 -- 172.21.15.97:0/3963913527 >> v2:172.21.15.97:6800/1943212787 conn(0x7fdd00039140 msgr2=0x7fdd0003b600 secure :-1 s=STATE_CONNECTION_ESTABLISHED l=1).mark_down
2024-03-21T13:21:35.566 INFO:teuthology.orchestra.run.smithi097.stdout:/usr/bin/ceph: stderr
2024-03-21T13:21:35.020+0000 7fdd16f2e700 1 --2- 172.21.15.97:0/3963913527 >> v2:172.21.15.97:6800/1943212787 conn(0x7fdd00039140 0x7fdd0003b600 secure :-1 s=READY pgs=8 cs=0 l=1 rev1=1 crypto rx=0x7fdcfc006fd0 tx=0x7fdcfc006e40 comp rx=0 tx=0).stop
2024-03-21T13:21:35.566 INFO:teuthology.orchestra.run.smithi097.stdout:/usr/bin/ceph: stderr
2024-03-21T13:21:35.020+0000 7fdd16f2e700 1 -- 172.21.15.97:0/3963913527 >> [v2:172.21.15.97:3300/0,v1:172.21.15.97:6789/0] conn(0x7fdd10106170 msgr2=0x7fdd1007bc60 secure :-1 s=STATE_CONNECTION_ESTABLISHED l=1).mark_down
2024-03-21T13:21:35.566 INFO:teuthology.orchestra.run.smithi097.stdout:/usr/bin/ceph: stderr
2024-03-21T13:21:35.020+0000 7fdd16f2e700 1 --2- 172.21.15.97:0/3963913527 >> [v2:172.21.15.97:3300/0,v1:172.21.15.97:6789/0] conn(0x7fdd10106170 0x7fdd1007bc60 secure :-1 s=READY pgs=73 cs=0 l=1 rev1=1 crypto rx=0x7fdd04009fb0 tx=0x7fdd04011ac0 comp rx=0 tx=0).stop
2024-03-21T13:21:35.566 INFO:teuthology.orchestra.run.smithi097.stdout:/usr/bin/ceph: stderr
2024-03-21T13:21:35.020+0000 7fdd16f2e700 1 -- 172.21.15.97:0/3963913527 shutdown_connections
2024-03-21T13:21:35.566 INFO:teuthology.orchestra.run.smithi097.stdout:/usr/bin/ceph: stderr
2024-03-21T13:21:35.020+0000 7fdd16f2e700 1 --2- 172.21.15.97:0/3963913527 >> v2:172.21.15.97:6800/1943212787 conn(0x7fdd00039140 0x7fdd0003b600 unknown :-1 s=CLOSED pgs=8 cs=0 l=1 rev1=1 crypto rx=0 tx=0 comp rx=0 tx=0).stop
2024-03-21T13:21:35.566 INFO:teuthology.orchestra.run.smithi097.stdout:/usr/bin/ceph: stderr
2024-03-21T13:21:35.020+0000 7fdd16f2e700 1 --2- 172.21.15.97:0/3963913527 >> [v2:172.21.15.97:3300/0,v1:172.21.15.97:6789/0] conn(0x7fdd10106170 0x7fdd1007bc60 unknown :-1 s=CLOSED pgs=73 cs=0 l=1 rev1=1 crypto rx=0 tx=0 comp rx=0 tx=0).stop
2024-03-21T13:21:35.567 INFO:teuthology.orchestra.run.smithi097.stdout:/usr/bin/ceph: stderr
2024-03-21T13:21:35.020+0000 7fdd16f2e700 1 -- 172.21.15.97:0/3963913527 >> 172.21.15.97:0/3963913527 conn(0x7fdd101016d0 msgr2=0x7fdd10102150 unknown :-1 s=STATE_NONE l=0).mark_down
2024-03-21T13:21:35.567 INFO:teuthology.orchestra.run.smithi097.stdout:/usr/bin/ceph: stderr
2024-03-21T13:21:35.020+0000 7fdd16f2e700 1 -- 172.21.15.97:0/3963913527 shutdown_connections
2024-03-21T13:21:35.567 INFO:teuthology.orchestra.run.smithi097.stdout:/usr/bin/ceph: stderr
2024-03-21T13:21:35.020+0000 7fdd16f2e700 1 -- 172.21.15.97:0/3963913527 wait complete.
2024-03-21T13:21:35.567 INFO:teuthology.orchestra.run.smithi097.stdout:Fetching dashboard port number...
2024-03-21T13:21:36.240 INFO:journalctl@ceph.mon.a.smithi097.stdout:Mar 21 13:21:36 smithi097 ceph-mon[30040]: from='client.14166 -' entity='client.admin' cmd=[{"prefix": "dashboard ac-user-create", "username": "admin", "rolename": "administrator", "force_password": true, "pwd_update_required": true, "target": ["mon-mgr", ""]}]: dispatch
2024-03-21T13:21:36.779 INFO:teuthology.orchestra.run.smithi097.stdout:/usr/bin/ceph: stdout 8443
2024-03-21T13:21:36.780 INFO:teuthology.orchestra.run.smithi097.stdout:/usr/bin/ceph: stderr
2024-03-21T13:21:36.021+0000 7f1901623700 1 Processor -- start
2024-03-21T13:21:36.780 INFO:teuthology.orchestra.run.smithi097.stdout:/usr/bin/ceph: stderr
2024-03-21T13:21:36.021+0000 7f1901623700 1 -- start start
2024-03-21T13:21:36.780 INFO:teuthology.orchestra.run.smithi097.stdout:/usr/bin/ceph: stderr
2024-03-21T13:21:36.021+0000 7f1901623700 1 --2- >> [v2:172.21.15.97:3300/0,v1:172.21.15.97:6789/0] conn(0x7f18fc106640 0x7f18fc106a60 unknown :-1 s=NONE pgs=0 cs=0 l=0 rev1=0 crypto rx=0 tx=0 comp rx=0 tx=0).connect
2024-03-21T13:21:36.780 INFO:teuthology.orchestra.run.smithi097.stdout:/usr/bin/ceph: stderr
2024-03-21T13:21:36.021+0000 7f1901623700 1 -- --> [v2:172.21.15.97:3300/0,v1:172.21.15.97:6789/0] -- mon_getmap magic: 0 v1 -- 0x7f18fc107030 con 0x7f18fc106640
2024-03-21T13:21:36.780 INFO:teuthology.orchestra.run.smithi097.stdout:/usr/bin/ceph: stderr
2024-03-21T13:21:36.021+0000 7f18faffd700 1 --2- >> [v2:172.21.15.97:3300/0,v1:172.21.15.97:6789/0] conn(0x7f18fc106640 0x7f18fc106a60 unknown :-1 s=BANNER_CONNECTING pgs=0 cs=0 l=0 rev1=0 crypto rx=0 tx=0 comp rx=0 tx=0)._handle_peer_banner_payload supported=3 required=0
2024-03-21T13:21:36.780 INFO:teuthology.orchestra.run.smithi097.stdout:/usr/bin/ceph: stderr
2024-03-21T13:21:36.021+0000 7f18faffd700 1 --2- >> [v2:172.21.15.97:3300/0,v1:172.21.15.97:6789/0] conn(0x7f18fc106640 0x7f18fc106a60 unknown :-1 s=HELLO_CONNECTING pgs=0 cs=0 l=0 rev1=1 crypto rx=0 tx=0 comp rx=0 tx=0).handle_hello peer v2:172.21.15.97:3300/0 says I am v2:172.21.15.97:50182/0 (socket says 172.21.15.97:50182)
2024-03-21T13:21:36.780 INFO:teuthology.orchestra.run.smithi097.stdout:/usr/bin/ceph: stderr
2024-03-21T13:21:36.021+0000 7f18faffd700 1 -- 172.21.15.97:0/1037269050 learned_addr learned my addr 172.21.15.97:0/1037269050 (peer_addr_for_me v2:172.21.15.97:0/0)
2024-03-21T13:21:36.780 INFO:teuthology.orchestra.run.smithi097.stdout:/usr/bin/ceph: stderr
2024-03-21T13:21:36.022+0000 7f18faffd700 1 -- 172.21.15.97:0/1037269050 --> [v2:172.21.15.97:3300/0,v1:172.21.15.97:6789/0] -- mon_subscribe({config=0+,monmap=0+}) v3 -- 0x7f18fc105250 con 0x7f18fc106640
2024-03-21T13:21:36.780 INFO:teuthology.orchestra.run.smithi097.stdout:/usr/bin/ceph: stderr
2024-03-21T13:21:36.022+0000 7f18faffd700 1 --2- 172.21.15.97:0/1037269050 >> [v2:172.21.15.97:3300/0,v1:172.21.15.97:6789/0] conn(0x7f18fc106640 0x7f18fc106a60 secure :-1 s=READY pgs=74 cs=0 l=1 rev1=1 crypto rx=0x7f18ec0098a0 tx=0x7f18ec009bb0 comp rx=0 tx=0).ready entity=mon.0 client_cookie=53b3d47db7b942e1 server_cookie=0 in_seq=0 out_seq=0
2024-03-21T13:21:36.780 INFO:teuthology.orchestra.run.smithi097.stdout:/usr/bin/ceph: stderr
2024-03-21T13:21:36.022+0000 7f18f9ffb700 1 -- 172.21.15.97:0/1037269050 <== mon.0 v2:172.21.15.97:3300/0 1 ==== mon_map magic: 0 v1 ==== 205+0+0 (secure 0 0 0) 0x7f18ec004160 con 0x7f18fc106640
2024-03-21T13:21:36.780 INFO:teuthology.orchestra.run.smithi097.stdout:/usr/bin/ceph: stderr
2024-03-21T13:21:36.022+0000 7f18f9ffb700 1 -- 172.21.15.97:0/1037269050 <== mon.0 v2:172.21.15.97:3300/0 2 ==== config(26 keys) v1 ==== 1093+0+0 (secure 0 0 0) 0x7f18ec004300 con 0x7f18fc106640
2024-03-21T13:21:36.781 INFO:teuthology.orchestra.run.smithi097.stdout:/usr/bin/ceph: stderr
2024-03-21T13:21:36.022+0000 7f18f9ffb700 1 -- 172.21.15.97:0/1037269050 <== mon.0 v2:172.21.15.97:3300/0 3 ==== mon_map magic: 0 v1 ==== 205+0+0 (secure 0 0 0) 0x7f18ec011a00 con 0x7f18fc106640
2024-03-21T13:21:36.781 INFO:teuthology.orchestra.run.smithi097.stdout:/usr/bin/ceph: stderr
2024-03-21T13:21:36.023+0000 7f1901623700 1 -- 172.21.15.97:0/1037269050 >> [v2:172.21.15.97:3300/0,v1:172.21.15.97:6789/0] conn(0x7f18fc106640 msgr2=0x7f18fc106a60 secure :-1 s=STATE_CONNECTION_ESTABLISHED l=1).mark_down
2024-03-21T13:21:36.781 INFO:teuthology.orchestra.run.smithi097.stdout:/usr/bin/ceph: stderr
2024-03-21T13:21:36.023+0000 7f1901623700 1 --2- 172.21.15.97:0/1037269050 >> [v2:172.21.15.97:3300/0,v1:172.21.15.97:6789/0] conn(0x7f18fc106640 0x7f18fc106a60 secure :-1 s=READY pgs=74 cs=0 l=1 rev1=1 crypto rx=0x7f18ec0098a0 tx=0x7f18ec009bb0 comp rx=0 tx=0).stop
2024-03-21T13:21:36.781 INFO:teuthology.orchestra.run.smithi097.stdout:/usr/bin/ceph: stderr
2024-03-21T13:21:36.023+0000 7f1901623700 1 -- 172.21.15.97:0/1037269050 shutdown_connections
2024-03-21T13:21:36.781 INFO:teuthology.orchestra.run.smithi097.stdout:/usr/bin/ceph: stderr
2024-03-21T13:21:36.023+0000 7f1901623700 1 --2- 172.21.15.97:0/1037269050 >> [v2:172.21.15.97:3300/0,v1:172.21.15.97:6789/0] conn(0x7f18fc106640 0x7f18fc106a60 unknown :-1 s=CLOSED pgs=74 cs=0 l=1 rev1=1 crypto rx=0 tx=0 comp rx=0 tx=0).stop
2024-03-21T13:21:36.781 INFO:teuthology.orchestra.run.smithi097.stdout:/usr/bin/ceph: stderr
2024-03-21T13:21:36.023+0000 7f1901623700 1 -- 172.21.15.97:0/1037269050 >> 172.21.15.97:0/1037269050 conn(0x7f18fc0ffd60 msgr2=0x7f18fc1021c0 unknown :-1 s=STATE_NONE l=0).mark_down
2024-03-21T13:21:36.781 INFO:teuthology.orchestra.run.smithi097.stdout:/usr/bin/ceph: stderr
2024-03-21T13:21:36.023+0000 7f1901623700 1 -- 172.21.15.97:0/1037269050 shutdown_connections
2024-03-21T13:21:36.781 INFO:teuthology.orchestra.run.smithi097.stdout:/usr/bin/ceph: stderr
2024-03-21T13:21:36.023+0000 7f1901623700 1 -- 172.21.15.97:0/1037269050 wait complete.
2024-03-21T13:21:36.781 INFO:teuthology.orchestra.run.smithi097.stdout:/usr/bin/ceph: stderr
2024-03-21T13:21:36.023+0000 7f1901623700 1 Processor -- start
2024-03-21T13:21:36.781 INFO:teuthology.orchestra.run.smithi097.stdout:/usr/bin/ceph: stderr
2024-03-21T13:21:36.024+0000 7f1901623700 1 -- start start
2024-03-21T13:21:36.781 INFO:teuthology.orchestra.run.smithi097.stdout:/usr/bin/ceph: stderr
2024-03-21T13:21:36.024+0000 7f1901623700 1 --2- >> [v2:172.21.15.97:3300/0,v1:172.21.15.97:6789/0] conn(0x7f18fc106640 0x7f18fc19a090 unknown :-1 s=NONE pgs=0 cs=0 l=1 rev1=0 crypto rx=0 tx=0 comp rx=0 tx=0).connect
2024-03-21T13:21:36.781 INFO:teuthology.orchestra.run.smithi097.stdout:/usr/bin/ceph: stderr
2024-03-21T13:21:36.024+0000 7f1901623700 1 -- --> [v2:172.21.15.97:3300/0,v1:172.21.15.97:6789/0] -- mon_getmap magic: 0 v1 -- 0x7f18fc109610 con 0x7f18fc106640
2024-03-21T13:21:36.781 INFO:teuthology.orchestra.run.smithi097.stdout:/usr/bin/ceph: stderr
2024-03-21T13:21:36.024+0000 7f18faffd700 1 --2- >> [v2:172.21.15.97:3300/0,v1:172.21.15.97:6789/0] conn(0x7f18fc106640 0x7f18fc19a090 unknown :-1 s=BANNER_CONNECTING pgs=0 cs=0 l=1 rev1=0 crypto rx=0 tx=0 comp rx=0 tx=0)._handle_peer_banner_payload supported=3 required=0
2024-03-21T13:21:36.781 INFO:teuthology.orchestra.run.smithi097.stdout:/usr/bin/ceph: stderr
2024-03-21T13:21:36.024+0000 7f18faffd700 1 --2- >> [v2:172.21.15.97:3300/0,v1:172.21.15.97:6789/0] conn(0x7f18fc106640 0x7f18fc19a090 unknown :-1 s=HELLO_CONNECTING pgs=0 cs=0 l=1 rev1=1 crypto rx=0 tx=0 comp rx=0 tx=0).handle_hello peer v2:172.21.15.97:3300/0 says I am v2:172.21.15.97:50198/0 (socket says 172.21.15.97:50198)
2024-03-21T13:21:36.782 INFO:teuthology.orchestra.run.smithi097.stdout:/usr/bin/ceph: stderr
2024-03-21T13:21:36.024+0000 7f18faffd700 1 -- 172.21.15.97:0/4139786118 learned_addr learned my addr 172.21.15.97:0/4139786118 (peer_addr_for_me v2:172.21.15.97:0/0)
2024-03-21T13:21:36.782 INFO:teuthology.orchestra.run.smithi097.stdout:/usr/bin/ceph: stderr
2024-03-21T13:21:36.024+0000 7f18faffd700 1 -- 172.21.15.97:0/4139786118 --> [v2:172.21.15.97:3300/0,v1:172.21.15.97:6789/0] -- mon_subscribe({config=0+,monmap=0+}) v3 -- 0x7f18fc19a5d0 con 0x7f18fc106640
2024-03-21T13:21:36.782 INFO:teuthology.orchestra.run.smithi097.stdout:/usr/bin/ceph: stderr
2024-03-21T13:21:36.025+0000 7f18faffd700 1 --2- 172.21.15.97:0/4139786118 >> [v2:172.21.15.97:3300/0,v1:172.21.15.97:6789/0] conn(0x7f18fc106640 0x7f18fc19a090 secure :-1 s=READY pgs=75 cs=0 l=1 rev1=1 crypto rx=0x7f18ec009870 tx=0x7f18ec011ac0 comp rx=0 tx=0).ready entity=mon.0 client_cookie=0 server_cookie=0 in_seq=0 out_seq=0
2024-03-21T13:21:36.782 INFO:teuthology.orchestra.run.smithi097.stdout:/usr/bin/ceph: stderr
2024-03-21T13:21:36.025+0000 7f18e3fff700 1 -- 172.21.15.97:0/4139786118 <== mon.0 v2:172.21.15.97:3300/0 1 ==== mon_map magic: 0 v1 ==== 205+0+0 (secure 0 0 0) 0x7f18ec003af0 con 0x7f18fc106640
2024-03-21T13:21:36.782 INFO:teuthology.orchestra.run.smithi097.stdout:/usr/bin/ceph: stderr
2024-03-21T13:21:36.025+0000 7f18e3fff700 1 -- 172.21.15.97:0/4139786118 <== mon.0 v2:172.21.15.97:3300/0 2 ==== config(26 keys) v1 ==== 1093+0+0 (secure 0 0 0) 0x7f18ec01a8e0 con 0x7f18fc106640
2024-03-21T13:21:36.782 INFO:teuthology.orchestra.run.smithi097.stdout:/usr/bin/ceph: stderr
2024-03-21T13:21:36.025+0000 7f1901623700 1 -- 172.21.15.97:0/4139786118 --> [v2:172.21.15.97:3300/0,v1:172.21.15.97:6789/0] -- mon_subscribe({mgrmap=0+}) v3 -- 0x7f18fc19a860 con 0x7f18fc106640
