2024-03-21T13:21:06.238+0000 7f4111cc1700 1 --2- 172.21.15.97:0/3819429129 >> [v2:172.21.15.97:3300/0,v1:172.21.15.97:6789/0] conn(0x7f410c106180 0x7f410c1065a0 unknown :-1 s=CLOSED pgs=37 cs=0 l=1 rev1=1 crypto rx=0 tx=0 comp rx=0 tx=0).stop
2024-03-21T13:21:07.052 INFO:teuthology.orchestra.run.smithi097.stdout:/usr/bin/ceph: stderr
2024-03-21T13:21:06.238+0000 7f4111cc1700 1 -- 172.21.15.97:0/3819429129 >> 172.21.15.97:0/3819429129 conn(0x7f410c101700 msgr2=0x7f410c103b60 unknown :-1 s=STATE_NONE l=0).mark_down
2024-03-21T13:21:07.052 INFO:teuthology.orchestra.run.smithi097.stdout:/usr/bin/ceph: stderr
2024-03-21T13:21:06.239+0000 7f4111cc1700 1 -- 172.21.15.97:0/3819429129 shutdown_connections
2024-03-21T13:21:07.052 INFO:teuthology.orchestra.run.smithi097.stdout:/usr/bin/ceph: stderr
2024-03-21T13:21:06.239+0000 7f4111cc1700 1 -- 172.21.15.97:0/3819429129 wait complete.
2024-03-21T13:21:07.052 INFO:teuthology.orchestra.run.smithi097.stdout:/usr/bin/ceph: stderr
2024-03-21T13:21:06.239+0000 7f4111cc1700 1 Processor -- start
2024-03-21T13:21:07.052 INFO:teuthology.orchestra.run.smithi097.stdout:/usr/bin/ceph: stderr
2024-03-21T13:21:06.239+0000 7f4111cc1700 1 -- start start
2024-03-21T13:21:07.052 INFO:teuthology.orchestra.run.smithi097.stdout:/usr/bin/ceph: stderr
2024-03-21T13:21:06.239+0000 7f4111cc1700 1 --2- >> [v2:172.21.15.97:3300/0,v1:172.21.15.97:6789/0] conn(0x7f410c106180 0x7f410c19a020 unknown :-1 s=NONE pgs=0 cs=0 l=1 rev1=0 crypto rx=0 tx=0 comp rx=0 tx=0).connect
2024-03-21T13:21:07.052 INFO:teuthology.orchestra.run.smithi097.stdout:/usr/bin/ceph: stderr
2024-03-21T13:21:06.239+0000 7f4111cc1700 1 -- --> [v2:172.21.15.97:3300/0,v1:172.21.15.97:6789/0] -- mon_getmap magic: 0 v1 -- 0x7f410c10a730 con 0x7f410c106180
2024-03-21T13:21:07.052 INFO:teuthology.orchestra.run.smithi097.stdout:/usr/bin/ceph: stderr
2024-03-21T13:21:06.239+0000 7f410b7fe700 1 --2- >> [v2:172.21.15.97:3300/0,v1:172.21.15.97:6789/0] conn(0x7f410c106180 0x7f410c19a020 unknown :-1 s=BANNER_CONNECTING pgs=0 cs=0 l=1 rev1=0 crypto rx=0 tx=0 comp rx=0 tx=0)._handle_peer_banner_payload supported=3 required=0
2024-03-21T13:21:07.052 INFO:teuthology.orchestra.run.smithi097.stdout:/usr/bin/ceph: stderr
2024-03-21T13:21:06.239+0000 7f410b7fe700 1 --2- >> [v2:172.21.15.97:3300/0,v1:172.21.15.97:6789/0] conn(0x7f410c106180 0x7f410c19a020 unknown :-1 s=HELLO_CONNECTING pgs=0 cs=0 l=1 rev1=1 crypto rx=0 tx=0 comp rx=0 tx=0).handle_hello peer v2:172.21.15.97:3300/0 says I am v2:172.21.15.97:52588/0 (socket says 172.21.15.97:52588)
2024-03-21T13:21:07.052 INFO:teuthology.orchestra.run.smithi097.stdout:/usr/bin/ceph: stderr
2024-03-21T13:21:06.239+0000 7f410b7fe700 1 -- 172.21.15.97:0/708461037 learned_addr learned my addr 172.21.15.97:0/708461037 (peer_addr_for_me v2:172.21.15.97:0/0)
2024-03-21T13:21:07.053 INFO:teuthology.orchestra.run.smithi097.stdout:/usr/bin/ceph: stderr
2024-03-21T13:21:06.240+0000 7f410b7fe700 1 -- 172.21.15.97:0/708461037 --> [v2:172.21.15.97:3300/0,v1:172.21.15.97:6789/0] -- mon_subscribe({config=0+,monmap=0+}) v3 -- 0x7f410c19a560 con 0x7f410c106180
2024-03-21T13:21:07.053 INFO:teuthology.orchestra.run.smithi097.stdout:/usr/bin/ceph: stderr
2024-03-21T13:21:06.240+0000 7f410b7fe700 1 --2- 172.21.15.97:0/708461037 >> [v2:172.21.15.97:3300/0,v1:172.21.15.97:6789/0] conn(0x7f410c106180 0x7f410c19a020 secure :-1 s=READY pgs=38 cs=0 l=1 rev1=1 crypto rx=0x7f40fc011700 tx=0x7f40fc0046a0 comp rx=0 tx=0).ready entity=mon.0 client_cookie=0 server_cookie=0 in_seq=0 out_seq=0
2024-03-21T13:21:07.053 INFO:teuthology.orchestra.run.smithi097.stdout:/usr/bin/ceph: stderr
2024-03-21T13:21:06.240+0000 7f4108ff9700 1 -- 172.21.15.97:0/708461037 <== mon.0 v2:172.21.15.97:3300/0 1 ==== mon_map magic: 0 v1 ==== 205+0+0 (secure 0 0 0) 0x7f40fc003b20 con 0x7f410c106180
2024-03-21T13:21:07.053 INFO:teuthology.orchestra.run.smithi097.stdout:/usr/bin/ceph: stderr
2024-03-21T13:21:06.240+0000 7f4111cc1700 1 -- 172.21.15.97:0/708461037 --> [v2:172.21.15.97:3300/0,v1:172.21.15.97:6789/0] -- mon_subscribe({mgrmap=0+}) v3 -- 0x7f410c19a7f0 con 0x7f410c106180
2024-03-21T13:21:07.053 INFO:teuthology.orchestra.run.smithi097.stdout:/usr/bin/ceph: stderr
2024-03-21T13:21:06.240+0000 7f4108ff9700 1 -- 172.21.15.97:0/708461037 <== mon.0 v2:172.21.15.97:3300/0 2 ==== config(26 keys) v1 ==== 1062+0+0 (secure 0 0 0) 0x7f40fc01a8c0 con 0x7f410c106180
2024-03-21T13:21:07.053 INFO:teuthology.orchestra.run.smithi097.stdout:/usr/bin/ceph: stderr
2024-03-21T13:21:06.240+0000 7f4108ff9700 1 -- 172.21.15.97:0/708461037 <== mon.0 v2:172.21.15.97:3300/0 3 ==== mon_map magic: 0 v1 ==== 205+0+0 (secure 0 0 0) 0x7f40fc0249a0 con 0x7f410c106180
2024-03-21T13:21:07.053 INFO:teuthology.orchestra.run.smithi097.stdout:/usr/bin/ceph: stderr
2024-03-21T13:21:06.240+0000 7f4111cc1700 1 -- 172.21.15.97:0/708461037 --> [v2:172.21.15.97:3300/0,v1:172.21.15.97:6789/0] -- mon_subscribe({osdmap=0}) v3 -- 0x7f410c19d4e0 con 0x7f410c106180
2024-03-21T13:21:07.053 INFO:teuthology.orchestra.run.smithi097.stdout:/usr/bin/ceph: stderr
2024-03-21T13:21:06.241+0000 7f4108ff9700 1 -- 172.21.15.97:0/708461037 <== mon.0 v2:172.21.15.97:3300/0 4 ==== mgrmap(e 8) v1 ==== 46259+0+0 (secure 0 0 0) 0x7f40fc022020 con 0x7f410c106180
2024-03-21T13:21:07.053 INFO:teuthology.orchestra.run.smithi097.stdout:/usr/bin/ceph: stderr
2024-03-21T13:21:06.241+0000 7f4111cc1700 1 -- 172.21.15.97:0/708461037 --> [v2:172.21.15.97:3300/0,v1:172.21.15.97:6789/0] -- mon_command({"prefix": "get_command_descriptions"} v 0) v1 -- 0x7f410c0637c0 con 0x7f410c106180
2024-03-21T13:21:07.053 INFO:teuthology.orchestra.run.smithi097.stdout:/usr/bin/ceph: stderr
2024-03-21T13:21:06.241+0000 7f4108ff9700 1 --2- 172.21.15.97:0/708461037 >> v2:172.21.15.97:6800/4140723216 conn(0x7f40f40390f0 0x7f40f403b5b0 unknown :-1 s=NONE pgs=0 cs=0 l=1 rev1=0 crypto rx=0 tx=0 comp rx=0 tx=0).connect
2024-03-21T13:21:07.053 INFO:teuthology.orchestra.run.smithi097.stdout:/usr/bin/ceph: stderr
2024-03-21T13:21:06.241+0000 7f4108ff9700 1 -- 172.21.15.97:0/708461037 <== mon.0 v2:172.21.15.97:3300/0 5 ==== osd_map(2..2 src has 1..2) v4 ==== 897+0+0 (secure 0 0 0) 0x7f40fc04d790 con 0x7f410c106180
2024-03-21T13:21:07.053 INFO:teuthology.orchestra.run.smithi097.stdout:/usr/bin/ceph: stderr
2024-03-21T13:21:06.241+0000 7f410affd700 1 --2- 172.21.15.97:0/708461037 >> v2:172.21.15.97:6800/4140723216 conn(0x7f40f40390f0 0x7f40f403b5b0 unknown :-1 s=BANNER_CONNECTING pgs=0 cs=0 l=1 rev1=0 crypto rx=0 tx=0 comp rx=0 tx=0)._handle_peer_banner_payload supported=3 required=0
2024-03-21T13:21:07.053 INFO:teuthology.orchestra.run.smithi097.stdout:/usr/bin/ceph: stderr
2024-03-21T13:21:06.242+0000 7f410affd700 1 --2- 172.21.15.97:0/708461037 >> v2:172.21.15.97:6800/4140723216 conn(0x7f40f40390f0 0x7f40f403b5b0 secure :-1 s=READY pgs=7 cs=0 l=1 rev1=1 crypto rx=0x7f4100006fd0 tx=0x7f4100006e40 comp rx=0 tx=0).ready entity=mgr.14120 client_cookie=0 server_cookie=0 in_seq=0 out_seq=0
2024-03-21T13:21:07.053 INFO:teuthology.orchestra.run.smithi097.stdout:/usr/bin/ceph: stderr
2024-03-21T13:21:06.246+0000 7f4108ff9700 1 -- 172.21.15.97:0/708461037 <== mon.0 v2:172.21.15.97:3300/0 6 ==== mon_command_ack([{"prefix": "get_command_descriptions"}]=0 v0) v1 ==== 72+0+186149 (secure 0 0 0) 0x7f40fc00b3e0 con 0x7f410c106180
2024-03-21T13:21:07.053 INFO:teuthology.orchestra.run.smithi097.stdout:/usr/bin/ceph: stderr
2024-03-21T13:21:06.454+0000 7f4111cc1700 1 -- 172.21.15.97:0/708461037 --> v2:172.21.15.97:6800/4140723216 -- mgr_command(tid 0: {"prefix": "orch set backend", "module_name": "cephadm", "target": ["mon-mgr", ""]}) v1 -- 0x7f410c102880 con 0x7f40f40390f0
2024-03-21T13:21:07.054 INFO:teuthology.orchestra.run.smithi097.stdout:/usr/bin/ceph: stderr
2024-03-21T13:21:06.463+0000 7f4108ff9700 1 -- 172.21.15.97:0/708461037 <== mgr.14120 v2:172.21.15.97:6800/4140723216 1 ==== mgr_command_reply(tid 0: 0 ) v1 ==== 8+0+0 (secure 0 0 0) 0x7f410c102880 con 0x7f40f40390f0
2024-03-21T13:21:07.054 INFO:teuthology.orchestra.run.smithi097.stdout:/usr/bin/ceph: stderr
2024-03-21T13:21:06.465+0000 7f4111cc1700 1 -- 172.21.15.97:0/708461037 >> v2:172.21.15.97:6800/4140723216 conn(0x7f40f40390f0 msgr2=0x7f40f403b5b0 secure :-1 s=STATE_CONNECTION_ESTABLISHED l=1).mark_down
2024-03-21T13:21:07.054 INFO:teuthology.orchestra.run.smithi097.stdout:/usr/bin/ceph: stderr
2024-03-21T13:21:06.465+0000 7f4111cc1700 1 --2- 172.21.15.97:0/708461037 >> v2:172.21.15.97:6800/4140723216 conn(0x7f40f40390f0 0x7f40f403b5b0 secure :-1 s=READY pgs=7 cs=0 l=1 rev1=1 crypto rx=0x7f4100006fd0 tx=0x7f4100006e40 comp rx=0 tx=0).stop
2024-03-21T13:21:07.054 INFO:teuthology.orchestra.run.smithi097.stdout:/usr/bin/ceph: stderr
2024-03-21T13:21:06.465+0000 7f4111cc1700 1 -- 172.21.15.97:0/708461037 >> [v2:172.21.15.97:3300/0,v1:172.21.15.97:6789/0] conn(0x7f410c106180 msgr2=0x7f410c19a020 secure :-1 s=STATE_CONNECTION_ESTABLISHED l=1).mark_down
2024-03-21T13:21:07.054 INFO:teuthology.orchestra.run.smithi097.stdout:/usr/bin/ceph: stderr
2024-03-21T13:21:06.465+0000 7f4111cc1700 1 --2- 172.21.15.97:0/708461037 >> [v2:172.21.15.97:3300/0,v1:172.21.15.97:6789/0] conn(0x7f410c106180 0x7f410c19a020 secure :-1 s=READY pgs=38 cs=0 l=1 rev1=1 crypto rx=0x7f40fc011700 tx=0x7f40fc0046a0 comp rx=0 tx=0).stop
2024-03-21T13:21:07.054 INFO:teuthology.orchestra.run.smithi097.stdout:/usr/bin/ceph: stderr
2024-03-21T13:21:06.465+0000 7f4111cc1700 1 -- 172.21.15.97:0/708461037 shutdown_connections
2024-03-21T13:21:07.054 INFO:teuthology.orchestra.run.smithi097.stdout:/usr/bin/ceph: stderr
2024-03-21T13:21:06.465+0000 7f4111cc1700 1 --2- 172.21.15.97:0/708461037 >> v2:172.21.15.97:6800/4140723216 conn(0x7f40f40390f0 0x7f40f403b5b0 unknown :-1 s=CLOSED pgs=7 cs=0 l=1 rev1=1 crypto rx=0 tx=0 comp rx=0 tx=0).stop
2024-03-21T13:21:07.054 INFO:teuthology.orchestra.run.smithi097.stdout:/usr/bin/ceph: stderr
2024-03-21T13:21:06.465+0000 7f4111cc1700 1 --2- 172.21.15.97:0/708461037 >> [v2:172.21.15.97:3300/0,v1:172.21.15.97:6789/0] conn(0x7f410c106180 0x7f410c19a020 unknown :-1 s=CLOSED pgs=38 cs=0 l=1 rev1=1 crypto rx=0 tx=0 comp rx=0 tx=0).stop
2024-03-21T13:21:07.054 INFO:teuthology.orchestra.run.smithi097.stdout:/usr/bin/ceph: stderr
2024-03-21T13:21:06.465+0000 7f4111cc1700 1 -- 172.21.15.97:0/708461037 >> 172.21.15.97:0/708461037 conn(0x7f410c101700 msgr2=0x7f410c102170 unknown :-1 s=STATE_NONE l=0).mark_down
2024-03-21T13:21:07.054 INFO:teuthology.orchestra.run.smithi097.stdout:/usr/bin/ceph: stderr
2024-03-21T13:21:06.465+0000 7f4111cc1700 1 -- 172.21.15.97:0/708461037 shutdown_connections
2024-03-21T13:21:07.054 INFO:teuthology.orchestra.run.smithi097.stdout:/usr/bin/ceph: stderr
2024-03-21T13:21:06.466+0000 7f4111cc1700 1 -- 172.21.15.97:0/708461037 wait complete.
2024-03-21T13:21:07.298 INFO:journalctl@ceph.mon.a.smithi097.stdout:Mar 21 13:21:07 smithi097 ceph-mon[30040]: mgrmap e8: y(active, since 2s)
2024-03-21T13:21:07.298 INFO:journalctl@ceph.mon.a.smithi097.stdout:Mar 21 13:21:07 smithi097 ceph-mon[30040]: from='mgr.14120 172.21.15.97:0/366686223' entity='mgr.y'
2024-03-21T13:21:07.298 INFO:journalctl@ceph.mon.a.smithi097.stdout:Mar 21 13:21:07 smithi097 ceph-mon[30040]: from='mgr.14120 172.21.15.97:0/366686223' entity='mgr.y' cmd=[{"prefix": "config dump", "format": "json"}]: dispatch
2024-03-21T13:21:08.274 INFO:journalctl@ceph.mon.a.smithi097.stdout:Mar 21 13:21:08 smithi097 ceph-mon[30040]: from='client.14132 -' entity='client.admin' cmd=[{"prefix": "orch set backend", "module_name": "cephadm", "target": ["mon-mgr", ""]}]: dispatch
2024-03-21T13:21:08.281 INFO:teuthology.orchestra.run.smithi097.stdout:/usr/bin/ceph: stdout value unchanged
2024-03-21T13:21:08.281 INFO:teuthology.orchestra.run.smithi097.stdout:/usr/bin/ceph: stderr
2024-03-21T13:21:07.499+0000 7f28a7cc2700 1 Processor -- start
2024-03-21T13:21:08.281 INFO:teuthology.orchestra.run.smithi097.stdout:/usr/bin/ceph: stderr
2024-03-21T13:21:07.499+0000 7f28a7cc2700 1 -- start start
2024-03-21T13:21:08.282 INFO:teuthology.orchestra.run.smithi097.stdout:/usr/bin/ceph: stderr
2024-03-21T13:21:07.499+0000 7f28a7cc2700 1 --2- >> [v2:172.21.15.97:3300/0,v1:172.21.15.97:6789/0] conn(0x7f28a0106120 0x7f28a0106540 unknown :-1 s=NONE pgs=0 cs=0 l=0 rev1=0 crypto rx=0 tx=0 comp rx=0 tx=0).connect
2024-03-21T13:21:08.282 INFO:teuthology.orchestra.run.smithi097.stdout:/usr/bin/ceph: stderr
2024-03-21T13:21:07.499+0000 7f28a7cc2700 1 -- --> [v2:172.21.15.97:3300/0,v1:172.21.15.97:6789/0] -- mon_getmap magic: 0 v1 -- 0x7f28a0106b10 con 0x7f28a0106120
2024-03-21T13:21:08.282 INFO:teuthology.orchestra.run.smithi097.stdout:/usr/bin/ceph: stderr
2024-03-21T13:21:07.499+0000 7f28a5a5e700 1 --2- >> [v2:172.21.15.97:3300/0,v1:172.21.15.97:6789/0] conn(0x7f28a0106120 0x7f28a0106540 unknown :-1 s=BANNER_CONNECTING pgs=0 cs=0 l=0 rev1=0 crypto rx=0 tx=0 comp rx=0 tx=0)._handle_peer_banner_payload supported=3 required=0
2024-03-21T13:21:08.282 INFO:teuthology.orchestra.run.smithi097.stdout:/usr/bin/ceph: stderr
2024-03-21T13:21:07.499+0000 7f28a5a5e700 1 --2- >> [v2:172.21.15.97:3300/0,v1:172.21.15.97:6789/0] conn(0x7f28a0106120 0x7f28a0106540 unknown :-1 s=HELLO_CONNECTING pgs=0 cs=0 l=0 rev1=1 crypto rx=0 tx=0 comp rx=0 tx=0).handle_hello peer v2:172.21.15.97:3300/0 says I am v2:172.21.15.97:52604/0 (socket says 172.21.15.97:52604)
2024-03-21T13:21:08.282 INFO:teuthology.orchestra.run.smithi097.stdout:/usr/bin/ceph: stderr
2024-03-21T13:21:07.499+0000 7f28a5a5e700 1 -- 172.21.15.97:0/4106802287 learned_addr learned my addr 172.21.15.97:0/4106802287 (peer_addr_for_me v2:172.21.15.97:0/0)
2024-03-21T13:21:08.282 INFO:teuthology.orchestra.run.smithi097.stdout:/usr/bin/ceph: stderr
2024-03-21T13:21:07.500+0000 7f28a5a5e700 1 -- 172.21.15.97:0/4106802287 --> [v2:172.21.15.97:3300/0,v1:172.21.15.97:6789/0] -- mon_subscribe({config=0+,monmap=0+}) v3 -- 0x7f28a0107320 con 0x7f28a0106120
2024-03-21T13:21:08.282 INFO:teuthology.orchestra.run.smithi097.stdout:/usr/bin/ceph: stderr
2024-03-21T13:21:07.500+0000 7f28a5a5e700 1 --2- 172.21.15.97:0/4106802287 >> [v2:172.21.15.97:3300/0,v1:172.21.15.97:6789/0] conn(0x7f28a0106120 0x7f28a0106540 secure :-1 s=READY pgs=39 cs=0 l=1 rev1=1 crypto rx=0x7f28900098a0 tx=0x7f2890009bb0 comp rx=0 tx=0).ready entity=mon.0 client_cookie=b0e48538123cecd3 server_cookie=0 in_seq=0 out_seq=0
2024-03-21T13:21:08.282 INFO:teuthology.orchestra.run.smithi097.stdout:/usr/bin/ceph: stderr
2024-03-21T13:21:07.500+0000 7f28a4a5c700 1 -- 172.21.15.97:0/4106802287 <== mon.0 v2:172.21.15.97:3300/0 1 ==== mon_map magic: 0 v1 ==== 205+0+0 (secure 0 0 0) 0x7f2890004160 con 0x7f28a0106120
2024-03-21T13:21:08.282 INFO:teuthology.orchestra.run.smithi097.stdout:/usr/bin/ceph: stderr
2024-03-21T13:21:07.500+0000 7f28a4a5c700 1 -- 172.21.15.97:0/4106802287 <== mon.0 v2:172.21.15.97:3300/0 2 ==== config(26 keys) v1 ==== 1062+0+0 (secure 0 0 0) 0x7f2890004300 con 0x7f28a0106120
2024-03-21T13:21:08.282 INFO:teuthology.orchestra.run.smithi097.stdout:/usr/bin/ceph: stderr
2024-03-21T13:21:07.500+0000 7f28a4a5c700 1 -- 172.21.15.97:0/4106802287 <== mon.0 v2:172.21.15.97:3300/0 3 ==== mon_map magic: 0 v1 ==== 205+0+0 (secure 0 0 0) 0x7f2890011a60 con 0x7f28a0106120
2024-03-21T13:21:08.282 INFO:teuthology.orchestra.run.smithi097.stdout:/usr/bin/ceph: stderr
2024-03-21T13:21:07.501+0000 7f28a7cc2700 1 -- 172.21.15.97:0/4106802287 >> [v2:172.21.15.97:3300/0,v1:172.21.15.97:6789/0] conn(0x7f28a0106120 msgr2=0x7f28a0106540 secure :-1 s=STATE_CONNECTION_ESTABLISHED l=1).mark_down
2024-03-21T13:21:08.282 INFO:teuthology.orchestra.run.smithi097.stdout:/usr/bin/ceph: stderr
2024-03-21T13:21:07.501+0000 7f28a7cc2700 1 --2- 172.21.15.97:0/4106802287 >> [v2:172.21.15.97:3300/0,v1:172.21.15.97:6789/0] conn(0x7f28a0106120 0x7f28a0106540 secure :-1 s=READY pgs=39 cs=0 l=1 rev1=1 crypto rx=0x7f28900098a0 tx=0x7f2890009bb0 comp rx=0 tx=0).stop
2024-03-21T13:21:08.282 INFO:teuthology.orchestra.run.smithi097.stdout:/usr/bin/ceph: stderr
2024-03-21T13:21:07.501+0000 7f28a7cc2700 1 -- 172.21.15.97:0/4106802287 shutdown_connections
2024-03-21T13:21:08.282 INFO:teuthology.orchestra.run.smithi097.stdout:/usr/bin/ceph: stderr
2024-03-21T13:21:07.501+0000 7f28a7cc2700 1 --2- 172.21.15.97:0/4106802287 >> [v2:172.21.15.97:3300/0,v1:172.21.15.97:6789/0] conn(0x7f28a0106120 0x7f28a0106540 unknown :-1 s=CLOSED pgs=39 cs=0 l=1 rev1=1 crypto rx=0 tx=0 comp rx=0 tx=0).stop
2024-03-21T13:21:08.283 INFO:teuthology.orchestra.run.smithi097.stdout:/usr/bin/ceph: stderr
2024-03-21T13:21:07.501+0000 7f28a7cc2700 1 -- 172.21.15.97:0/4106802287 >> 172.21.15.97:0/4106802287 conn(0x7f28a01016a0 msgr2=0x7f28a0103b00 unknown :-1 s=STATE_NONE l=0).mark_down
2024-03-21T13:21:08.283 INFO:teuthology.orchestra.run.smithi097.stdout:/usr/bin/ceph: stderr
2024-03-21T13:21:07.501+0000 7f28a7cc2700 1 -- 172.21.15.97:0/4106802287 shutdown_connections
2024-03-21T13:21:08.283 INFO:teuthology.orchestra.run.smithi097.stdout:/usr/bin/ceph: stderr
2024-03-21T13:21:07.501+0000 7f28a7cc2700 1 -- 172.21.15.97:0/4106802287 wait complete.
2024-03-21T13:21:08.283 INFO:teuthology.orchestra.run.smithi097.stdout:/usr/bin/ceph: stderr
2024-03-21T13:21:07.501+0000 7f28a7cc2700 1 Processor -- start
2024-03-21T13:21:08.283 INFO:teuthology.orchestra.run.smithi097.stdout:/usr/bin/ceph: stderr
2024-03-21T13:21:07.502+0000 7f28a7cc2700 1 -- start start
2024-03-21T13:21:08.283 INFO:teuthology.orchestra.run.smithi097.stdout:/usr/bin/ceph: stderr
2024-03-21T13:21:07.502+0000 7f28a7cc2700 1 --2- >> [v2:172.21.15.97:3300/0,v1:172.21.15.97:6789/0] conn(0x7f28a0106120 0x7f28a007b3d0 unknown :-1 s=NONE pgs=0 cs=0 l=1 rev1=0 crypto rx=0 tx=0 comp rx=0 tx=0).connect
2024-03-21T13:21:08.283 INFO:teuthology.orchestra.run.smithi097.stdout:/usr/bin/ceph: stderr
2024-03-21T13:21:07.502+0000 7f28a7cc2700 1 -- --> [v2:172.21.15.97:3300/0,v1:172.21.15.97:6789/0] -- mon_getmap magic: 0 v1 -- 0x7f28a010a6d0 con 0x7f28a0106120
2024-03-21T13:21:08.283 INFO:teuthology.orchestra.run.smithi097.stdout:/usr/bin/ceph: stderr
2024-03-21T13:21:07.502+0000 7f28a5a5e700 1 --2- >> [v2:172.21.15.97:3300/0,v1:172.21.15.97:6789/0] conn(0x7f28a0106120 0x7f28a007b3d0 unknown :-1 s=BANNER_CONNECTING pgs=0 cs=0 l=1 rev1=0 crypto rx=0 tx=0 comp rx=0 tx=0)._handle_peer_banner_payload supported=3 required=0
2024-03-21T13:21:08.283 INFO:teuthology.orchestra.run.smithi097.stdout:/usr/bin/ceph: stderr
2024-03-21T13:21:07.502+0000 7f28a5a5e700 1 --2- >> [v2:172.21.15.97:3300/0,v1:172.21.15.97:6789/0] conn(0x7f28a0106120 0x7f28a007b3d0 unknown :-1 s=HELLO_CONNECTING pgs=0 cs=0 l=1 rev1=1 crypto rx=0 tx=0 comp rx=0 tx=0).handle_hello peer v2:172.21.15.97:3300/0 says I am v2:172.21.15.97:52618/0 (socket says 172.21.15.97:52618)
2024-03-21T13:21:08.283 INFO:teuthology.orchestra.run.smithi097.stdout:/usr/bin/ceph: stderr
2024-03-21T13:21:07.502+0000 7f28a5a5e700 1 -- 172.21.15.97:0/4232039725 learned_addr learned my addr 172.21.15.97:0/4232039725 (peer_addr_for_me v2:172.21.15.97:0/0)
2024-03-21T13:21:08.283 INFO:teuthology.orchestra.run.smithi097.stdout:/usr/bin/ceph: stderr
2024-03-21T13:21:07.502+0000 7f28a5a5e700 1 -- 172.21.15.97:0/4232039725 --> [v2:172.21.15.97:3300/0,v1:172.21.15.97:6789/0] -- mon_subscribe({config=0+,monmap=0+}) v3 -- 0x7f28a007b910 con 0x7f28a0106120
2024-03-21T13:21:08.283 INFO:teuthology.orchestra.run.smithi097.stdout:/usr/bin/ceph: stderr
2024-03-21T13:21:07.502+0000 7f28a5a5e700 1 --2- 172.21.15.97:0/4232039725 >> [v2:172.21.15.97:3300/0,v1:172.21.15.97:6789/0] conn(0x7f28a0106120 0x7f28a007b3d0 secure :-1 s=READY pgs=40 cs=0 l=1 rev1=1 crypto rx=0x7f2890011700 tx=0x7f28900046a0 comp rx=0 tx=0).ready entity=mon.0 client_cookie=0 server_cookie=0 in_seq=0 out_seq=0
2024-03-21T13:21:08.283 INFO:teuthology.orchestra.run.smithi097.stdout:/usr/bin/ceph: stderr
2024-03-21T13:21:07.502+0000 7f2896ffd700 1 -- 172.21.15.97:0/4232039725 <== mon.0 v2:172.21.15.97:3300/0 1 ==== mon_map magic: 0 v1 ==== 205+0+0 (secure 0 0 0) 0x7f2890003b20 con 0x7f28a0106120
2024-03-21T13:21:08.283 INFO:teuthology.orchestra.run.smithi097.stdout:/usr/bin/ceph: stderr
2024-03-21T13:21:07.502+0000 7f2896ffd700 1 -- 172.21.15.97:0/4232039725 <== mon.0 v2:172.21.15.97:3300/0 2 ==== config(26 keys) v1 ==== 1062+0+0 (secure 0 0 0) 0x7f289001a8c0 con 0x7f28a0106120
2024-03-21T13:21:08.283 INFO:teuthology.orchestra.run.smithi097.stdout:/usr/bin/ceph: stderr
2024-03-21T13:21:07.502+0000 7f28a7cc2700 1 -- 172.21.15.97:0/4232039725 --> [v2:172.21.15.97:3300/0,v1:172.21.15.97:6789/0] -- mon_subscribe({mgrmap=0+}) v3 -- 0x7f28a0079b00 con 0x7f28a0106120
2024-03-21T13:21:08.283 INFO:teuthology.orchestra.run.smithi097.stdout:/usr/bin/ceph: stderr
2024-03-21T13:21:07.502+0000 7f2896ffd700 1 -- 172.21.15.97:0/4232039725 <== mon.0 v2:172.21.15.97:3300/0 3 ==== mon_map magic: 0 v1 ==== 205+0+0 (secure 0 0 0) 0x7f28900249a0 con 0x7f28a0106120
2024-03-21T13:21:08.284 INFO:teuthology.orchestra.run.smithi097.stdout:/usr/bin/ceph: stderr
2024-03-21T13:21:07.502+0000 7f28a7cc2700 1 -- 172.21.15.97:0/4232039725 --> [v2:172.21.15.97:3300/0,v1:172.21.15.97:6789/0] -- mon_subscribe({osdmap=0}) v3 -- 0x7f28a007a040 con 0x7f28a0106120
2024-03-21T13:21:08.284 INFO:teuthology.orchestra.run.smithi097.stdout:/usr/bin/ceph: stderr
2024-03-21T13:21:07.503+0000 7f2896ffd700 1 -- 172.21.15.97:0/4232039725 <== mon.0 v2:172.21.15.97:3300/0 4 ==== mgrmap(e 8) v1 ==== 46259+0+0 (secure 0 0 0) 0x7f2890022020 con 0x7f28a0106120
2024-03-21T13:21:08.284 INFO:teuthology.orchestra.run.smithi097.stdout:/usr/bin/ceph: stderr
2024-03-21T13:21:07.503+0000 7f2894ff9700 1 -- 172.21.15.97:0/4232039725 --> [v2:172.21.15.97:3300/0,v1:172.21.15.97:6789/0] -- mon_command({"prefix": "get_command_descriptions"} v 0) v1 -- 0x7f2888005120 con 0x7f28a0106120
2024-03-21T13:21:08.284 INFO:teuthology.orchestra.run.smithi097.stdout:/usr/bin/ceph: stderr
2024-03-21T13:21:07.503+0000 7f2896ffd700 1 --2- 172.21.15.97:0/4232039725 >> v2:172.21.15.97:6800/4140723216 conn(0x7f288c039140 0x7f288c03b600 unknown :-1 s=NONE pgs=0 cs=0 l=1 rev1=0 crypto rx=0 tx=0 comp rx=0 tx=0).connect
2024-03-21T13:21:08.284 INFO:teuthology.orchestra.run.smithi097.stdout:/usr/bin/ceph: stderr
2024-03-21T13:21:07.504+0000 7f2896ffd700 1 -- 172.21.15.97:0/4232039725 <== mon.0 v2:172.21.15.97:3300/0 5 ==== osd_map(2..2 src has 1..2) v4 ==== 897+0+0 (secure 0 0 0) 0x7f289004d670 con 0x7f28a0106120
2024-03-21T13:21:08.284 INFO:teuthology.orchestra.run.smithi097.stdout:/usr/bin/ceph: stderr
2024-03-21T13:21:07.504+0000 7f28a525d700 1 --2- 172.21.15.97:0/4232039725 >> v2:172.21.15.97:6800/4140723216 conn(0x7f288c039140 0x7f288c03b600 unknown :-1 s=BANNER_CONNECTING pgs=0 cs=0 l=1 rev1=0 crypto rx=0 tx=0 comp rx=0 tx=0)._handle_peer_banner_payload supported=3 required=0
2024-03-21T13:21:08.284 INFO:teuthology.orchestra.run.smithi097.stdout:/usr/bin/ceph: stderr
2024-03-21T13:21:07.504+0000 7f28a525d700 1 --2- 172.21.15.97:0/4232039725 >> v2:172.21.15.97:6800/4140723216 conn(0x7f288c039140 0x7f288c03b600 secure :-1 s=READY pgs=8 cs=0 l=1 rev1=1 crypto rx=0x7f289c006fd0 tx=0x7f289c006e40 comp rx=0 tx=0).ready entity=mgr.14120 client_cookie=0 server_cookie=0 in_seq=0 out_seq=0
2024-03-21T13:21:08.284 INFO:teuthology.orchestra.run.smithi097.stdout:/usr/bin/ceph: stderr
2024-03-21T13:21:07.509+0000 7f2896ffd700 1 -- 172.21.15.97:0/4232039725 <== mon.0 v2:172.21.15.97:3300/0 6 ==== mon_command_ack([{"prefix": "get_command_descriptions"}]=0 v0) v1 ==== 72+0+186149 (secure 0 0 0) 0x7f289000b3e0 con 0x7f28a0106120
2024-03-21T13:21:08.284 INFO:teuthology.orchestra.run.smithi097.stdout:/usr/bin/ceph: stderr
2024-03-21T13:21:07.712+0000 7f2894ff9700 1 -- 172.21.15.97:0/4232039725 --> v2:172.21.15.97:6800/4140723216 -- mgr_command(tid 0: {"prefix": "cephadm set-user", "user": "root", "target": ["mon-mgr", ""]}) v1 -- 0x7f2888000bc0 con 0x7f288c039140
2024-03-21T13:21:08.284 INFO:teuthology.orchestra.run.smithi097.stdout:/usr/bin/ceph: stderr
2024-03-21T13:21:07.713+0000 7f2896ffd700 1 -- 172.21.15.97:0/4232039725 <== mgr.14120 v2:172.21.15.97:6800/4140723216 1 ==== mgr_command_reply(tid 0: 0 ) v1 ==== 8+0+16 (secure 0 0 0) 0x7f2888000bc0 con 0x7f288c039140
2024-03-21T13:21:08.284 INFO:teuthology.orchestra.run.smithi097.stdout:/usr/bin/ceph: stderr
2024-03-21T13:21:07.716+0000 7f2894ff9700 1 -- 172.21.15.97:0/4232039725 >> v2:172.21.15.97:6800/4140723216 conn(0x7f288c039140 msgr2=0x7f288c03b600 secure :-1 s=STATE_CONNECTION_ESTABLISHED l=1).mark_down
2024-03-21T13:21:08.284 INFO:teuthology.orchestra.run.smithi097.stdout:/usr/bin/ceph: stderr
2024-03-21T13:21:07.716+0000 7f2894ff9700 1 --2- 172.21.15.97:0/4232039725 >> v2:172.21.15.97:6800/4140723216 conn(0x7f288c039140 0x7f288c03b600 secure :-1 s=READY pgs=8 cs=0 l=1 rev1=1 crypto rx=0x7f289c006fd0 tx=0x7f289c006e40 comp rx=0 tx=0).stop
2024-03-21T13:21:08.284 INFO:teuthology.orchestra.run.smithi097.stdout:/usr/bin/ceph: stderr
2024-03-21T13:21:07.716+0000 7f2894ff9700 1 -- 172.21.15.97:0/4232039725 >> [v2:172.21.15.97:3300/0,v1:172.21.15.97:6789/0] conn(0x7f28a0106120 msgr2=0x7f28a007b3d0 secure :-1 s=STATE_CONNECTION_ESTABLISHED l=1).mark_down
2024-03-21T13:21:08.284 INFO:teuthology.orchestra.run.smithi097.stdout:/usr/bin/ceph: stderr
2024-03-21T13:21:07.716+0000 7f2894ff9700 1 --2- 172.21.15.97:0/4232039725 >> [v2:172.21.15.97:3300/0,v1:172.21.15.97:6789/0] conn(0x7f28a0106120 0x7f28a007b3d0 secure :-1 s=READY pgs=40 cs=0 l=1 rev1=1 crypto rx=0x7f2890011700 tx=0x7f28900046a0 comp rx=0 tx=0).stop
2024-03-21T13:21:08.284 INFO:teuthology.orchestra.run.smithi097.stdout:/usr/bin/ceph: stderr
2024-03-21T13:21:07.717+0000 7f2894ff9700 1 -- 172.21.15.97:0/4232039725 shutdown_connections
2024-03-21T13:21:08.285 INFO:teuthology.orchestra.run.smithi097.stdout:/usr/bin/ceph: stderr
2024-03-21T13:21:07.717+0000 7f2894ff9700 1 --2- 172.21.15.97:0/4232039725 >> v2:172.21.15.97:6800/4140723216 conn(0x7f288c039140 0x7f288c03b600 unknown :-1 s=CLOSED pgs=8 cs=0 l=1 rev1=1 crypto rx=0 tx=0 comp rx=0 tx=0).stop
2024-03-21T13:21:08.285 INFO:teuthology.orchestra.run.smithi097.stdout:/usr/bin/ceph: stderr
2024-03-21T13:21:07.717+0000 7f2894ff9700 1 --2- 172.21.15.97:0/4232039725 >> [v2:172.21.15.97:3300/0,v1:172.21.15.97:6789/0] conn(0x7f28a0106120 0x7f28a007b3d0 unknown :-1 s=CLOSED pgs=40 cs=0 l=1 rev1=1 crypto rx=0 tx=0 comp rx=0 tx=0).stop
2024-03-21T13:21:08.285 INFO:teuthology.orchestra.run.smithi097.stdout:/usr/bin/ceph: stderr
2024-03-21T13:21:07.717+0000 7f2894ff9700 1 -- 172.21.15.97:0/4232039725 >> 172.21.15.97:0/4232039725 conn(0x7f28a01016a0 msgr2=0x7f28a0102110 unknown :-1 s=STATE_NONE l=0).mark_down
2024-03-21T13:21:08.285 INFO:teuthology.orchestra.run.smithi097.stdout:/usr/bin/ceph: stderr
2024-03-21T13:21:07.717+0000 7f2894ff9700 1 -- 172.21.15.97:0/4232039725 shutdown_connections
2024-03-21T13:21:08.285 INFO:teuthology.orchestra.run.smithi097.stdout:/usr/bin/ceph: stderr
2024-03-21T13:21:07.717+0000 7f2894ff9700 1 -- 172.21.15.97:0/4232039725 wait complete.
2024-03-21T13:21:08.285 INFO:teuthology.orchestra.run.smithi097.stdout:Generating ssh key...
2024-03-21T13:21:09.231 INFO:journalctl@ceph.mgr.y.smithi097.stdout:Mar 21 13:21:09 smithi097 ceph-a5dd1f32-e785-11ee-95cd-87774f69a715-mgr-y[30298]: Generating public/private rsa key pair.
2024-03-21T13:21:09.231 INFO:journalctl@ceph.mgr.y.smithi097.stdout:Mar 21 13:21:09 smithi097 ceph-a5dd1f32-e785-11ee-95cd-87774f69a715-mgr-y[30298]: Your identification has been saved in /tmp/tmpn_cm6mmx/key.
2024-03-21T13:21:09.231 INFO:journalctl@ceph.mgr.y.smithi097.stdout:Mar 21 13:21:09 smithi097 ceph-a5dd1f32-e785-11ee-95cd-87774f69a715-mgr-y[30298]: Your public key has been saved in /tmp/tmpn_cm6mmx/key.pub.
2024-03-21T13:21:09.231 INFO:journalctl@ceph.mgr.y.smithi097.stdout:Mar 21 13:21:09 smithi097 ceph-a5dd1f32-e785-11ee-95cd-87774f69a715-mgr-y[30298]: The key fingerprint is:
2024-03-21T13:21:09.231 INFO:journalctl@ceph.mgr.y.smithi097.stdout:Mar 21 13:21:09 smithi097 ceph-a5dd1f32-e785-11ee-95cd-87774f69a715-mgr-y[30298]: SHA256:LgLchhieztbnwnCx8qgMl2L4ZiEGlJvZgElSjfY8meo ceph-a5dd1f32-e785-11ee-95cd-87774f69a715
2024-03-21T13:21:09.231 INFO:journalctl@ceph.mgr.y.smithi097.stdout:Mar 21 13:21:09 smithi097 ceph-a5dd1f32-e785-11ee-95cd-87774f69a715-mgr-y[30298]: The key's randomart image is:
2024-03-21T13:21:09.231 INFO:journalctl@ceph.mgr.y.smithi097.stdout:Mar 21 13:21:09 smithi097 ceph-a5dd1f32-e785-11ee-95cd-87774f69a715-mgr-y[30298]: +---[RSA 3072]----+
2024-03-21T13:21:09.231 INFO:journalctl@ceph.mgr.y.smithi097.stdout:Mar 21 13:21:09 smithi097 ceph-a5dd1f32-e785-11ee-95cd-87774f69a715-mgr-y[30298]: |++oo |
2024-03-21T13:21:09.232 INFO:journalctl@ceph.mgr.y.smithi097.stdout:Mar 21 13:21:09 smithi097 ceph-a5dd1f32-e785-11ee-95cd-87774f69a715-mgr-y[30298]: |++o . |
2024-03-21T13:21:09.232 INFO:journalctl@ceph.mgr.y.smithi097.stdout:Mar 21 13:21:09 smithi097 ceph-a5dd1f32-e785-11ee-95cd-87774f69a715-mgr-y[30298]: |o.*o o |
2024-03-21T13:21:09.232 INFO:journalctl@ceph.mgr.y.smithi097.stdout:Mar 21 13:21:09 smithi097 ceph-a5dd1f32-e785-11ee-95cd-87774f69a715-mgr-y[30298]: |oB.=* |
2024-03-21T13:21:09.232 INFO:journalctl@ceph.mgr.y.smithi097.stdout:Mar 21 13:21:09 smithi097 ceph-a5dd1f32-e785-11ee-95cd-87774f69a715-mgr-y[30298]: |oo+.=. S |
2024-03-21T13:21:09.232 INFO:journalctl@ceph.mgr.y.smithi097.stdout:Mar 21 13:21:09 smithi097 ceph-a5dd1f32-e785-11ee-95cd-87774f69a715-mgr-y[30298]: |=++* . |
2024-03-21T13:21:09.232 INFO:journalctl@ceph.mgr.y.smithi097.stdout:Mar 21 13:21:09 smithi097 ceph-a5dd1f32-e785-11ee-95cd-87774f69a715-mgr-y[30298]: |=BXo... . |
2024-03-21T13:21:09.232 INFO:journalctl@ceph.mgr.y.smithi097.stdout:Mar 21 13:21:09 smithi097 ceph-a5dd1f32-e785-11ee-95cd-87774f69a715-mgr-y[30298]: |==E+o. . |
2024-03-21T13:21:09.232 INFO:journalctl@ceph.mgr.y.smithi097.stdout:Mar 21 13:21:09 smithi097 ceph-a5dd1f32-e785-11ee-95cd-87774f69a715-mgr-y[30298]: |o+. .. |
2024-03-21T13:21:09.232 INFO:journalctl@ceph.mgr.y.smithi097.stdout:Mar 21 13:21:09 smithi097 ceph-a5dd1f32-e785-11ee-95cd-87774f69a715-mgr-y[30298]: +----[SHA256]-----+
2024-03-21T13:21:09.553 INFO:journalctl@ceph.mon.a.smithi097.stdout:Mar 21 13:21:09 smithi097 ceph-mon[30040]: from='client.14134 -' entity='client.admin' cmd=[{"prefix": "cephadm set-user", "user": "root", "target": ["mon-mgr", ""]}]: dispatch
2024-03-21T13:21:09.553 INFO:journalctl@ceph.mon.a.smithi097.stdout:Mar 21 13:21:09 smithi097 ceph-mon[30040]: from='mgr.14120 172.21.15.97:0/366686223' entity='mgr.y'
2024-03-21T13:21:09.553 INFO:journalctl@ceph.mon.a.smithi097.stdout:Mar 21 13:21:09 smithi097 ceph-mon[30040]: from='mgr.14120 172.21.15.97:0/366686223' entity='mgr.y'
2024-03-21T13:21:09.706 INFO:teuthology.orchestra.run.smithi097.stdout:/usr/bin/ceph: stderr
2024-03-21T13:21:08.761+0000 7f482fff7700 1 Processor -- start
2024-03-21T13:21:09.706 INFO:teuthology.orchestra.run.smithi097.stdout:/usr/bin/ceph: stderr
2024-03-21T13:21:08.761+0000 7f482fff7700 1 -- start start
2024-03-21T13:21:09.706 INFO:teuthology.orchestra.run.smithi097.stdout:/usr/bin/ceph: stderr
2024-03-21T13:21:08.761+0000 7f482fff7700 1 --2- >> [v2:172.21.15.97:3300/0,v1:172.21.15.97:6789/0] conn(0x7f4828106c30 0x7f4828109020 unknown :-1 s=NONE pgs=0 cs=0 l=0 rev1=0 crypto rx=0 tx=0 comp rx=0 tx=0).connect
2024-03-21T13:21:09.706 INFO:teuthology.orchestra.run.smithi097.stdout:/usr/bin/ceph: stderr
2024-03-21T13:21:08.761+0000 7f482fff7700 1 -- --> [v2:172.21.15.97:3300/0,v1:172.21.15.97:6789/0] -- mon_getmap magic: 0 v1 -- 0x7f4828079f60 con 0x7f4828106c30
2024-03-21T13:21:09.706 INFO:teuthology.orchestra.run.smithi097.stdout:/usr/bin/ceph: stderr
2024-03-21T13:21:08.761+0000 7f482dd93700 1 --2- >> [v2:172.21.15.97:3300/0,v1:172.21.15.97:6789/0] conn(0x7f4828106c30 0x7f4828109020 unknown :-1 s=BANNER_CONNECTING pgs=0 cs=0 l=0 rev1=0 crypto rx=0 tx=0 comp rx=0 tx=0)._handle_peer_banner_payload supported=3 required=0
2024-03-21T13:21:09.706 INFO:teuthology.orchestra.run.smithi097.stdout:/usr/bin/ceph: stderr
2024-03-21T13:21:08.761+0000 7f482dd93700 1 --2- >> [v2:172.21.15.97:3300/0,v1:172.21.15.97:6789/0] conn(0x7f4828106c30 0x7f4828109020 unknown :-1 s=HELLO_CONNECTING pgs=0 cs=0 l=0 rev1=1 crypto rx=0 tx=0 comp rx=0 tx=0).handle_hello peer v2:172.21.15.97:3300/0 says I am v2:172.21.15.97:52626/0 (socket says 172.21.15.97:52626)
2024-03-21T13:21:09.706 INFO:teuthology.orchestra.run.smithi097.stdout:/usr/bin/ceph: stderr
2024-03-21T13:21:08.762+0000 7f482dd93700 1 -- 172.21.15.97:0/927548468 learned_addr learned my addr 172.21.15.97:0/927548468 (peer_addr_for_me v2:172.21.15.97:0/0)
2024-03-21T13:21:09.706 INFO:teuthology.orchestra.run.smithi097.stdout:/usr/bin/ceph: stderr
2024-03-21T13:21:08.762+0000 7f482dd93700 1 -- 172.21.15.97:0/927548468 --> [v2:172.21.15.97:3300/0,v1:172.21.15.97:6789/0] -- mon_subscribe({config=0+,monmap=0+}) v3 -- 0x7f4828109560 con 0x7f4828106c30
2024-03-21T13:21:09.706 INFO:teuthology.orchestra.run.smithi097.stdout:/usr/bin/ceph: stderr
2024-03-21T13:21:08.762+0000 7f482dd93700 1 --2- 172.21.15.97:0/927548468 >> [v2:172.21.15.97:3300/0,v1:172.21.15.97:6789/0] conn(0x7f4828106c30 0x7f4828109020 secure :-1 s=READY pgs=41 cs=0 l=1 rev1=1 crypto rx=0x7f48240098a0 tx=0x7f4824009bb0 comp rx=0 tx=0).ready entity=mon.0 client_cookie=e646122c6b91c4b4 server_cookie=0 in_seq=0 out_seq=0
2024-03-21T13:21:09.707 INFO:teuthology.orchestra.run.smithi097.stdout:/usr/bin/ceph: stderr
2024-03-21T13:21:08.762+0000 7f482cd91700 1 -- 172.21.15.97:0/927548468 <== mon.0 v2:172.21.15.97:3300/0 1 ==== mon_map magic: 0 v1 ==== 205+0+0 (secure 0 0 0) 0x7f4824004160 con 0x7f4828106c30
2024-03-21T13:21:09.707 INFO:teuthology.orchestra.run.smithi097.stdout:/usr/bin/ceph: stderr
2024-03-21T13:21:08.762+0000 7f482cd91700 1 -- 172.21.15.97:0/927548468 <== mon.0 v2:172.21.15.97:3300/0 2 ==== config(26 keys) v1 ==== 1062+0+0 (secure 0 0 0) 0x7f4824004300 con 0x7f4828106c30
2024-03-21T13:21:09.707 INFO:teuthology.orchestra.run.smithi097.stdout:/usr/bin/ceph: stderr
2024-03-21T13:21:08.762+0000 7f482cd91700 1 -- 172.21.15.97:0/927548468 <== mon.0 v2:172.21.15.97:3300/0 3 ==== mon_map magic: 0 v1 ==== 205+0+0 (secure 0 0 0) 0x7f4824011a60 con 0x7f4828106c30
2024-03-21T13:21:09.707 INFO:teuthology.orchestra.run.smithi097.stdout:/usr/bin/ceph: stderr
2024-03-21T13:21:08.763+0000 7f482fff7700 1 -- 172.21.15.97:0/927548468 >> [v2:172.21.15.97:3300/0,v1:172.21.15.97:6789/0] conn(0x7f4828106c30 msgr2=0x7f4828109020 secure :-1 s=STATE_CONNECTION_ESTABLISHED l=1).mark_down
2024-03-21T13:21:09.707 INFO:teuthology.orchestra.run.smithi097.stdout:/usr/bin/ceph: stderr
2024-03-21T13:21:08.763+0000 7f482fff7700 1 --2- 172.21.15.97:0/927548468 >> [v2:172.21.15.97:3300/0,v1:172.21.15.97:6789/0] conn(0x7f4828106c30 0x7f4828109020 secure :-1 s=READY pgs=41 cs=0 l=1 rev1=1 crypto rx=0x7f48240098a0 tx=0x7f4824009bb0 comp rx=0 tx=0).stop
2024-03-21T13:21:09.707 INFO:teuthology.orchestra.run.smithi097.stdout:/usr/bin/ceph: stderr
2024-03-21T13:21:08.763+0000 7f482fff7700 1 -- 172.21.15.97:0/927548468 shutdown_connections
2024-03-21T13:21:09.707 INFO:teuthology.orchestra.run.smithi097.stdout:/usr/bin/ceph: stderr
2024-03-21T13:21:08.763+0000 7f482fff7700 1 --2- 172.21.15.97:0/927548468 >> [v2:172.21.15.97:3300/0,v1:172.21.15.97:6789/0] conn(0x7f4828106c30 0x7f4828109020 unknown :-1 s=CLOSED pgs=41 cs=0 l=1 rev1=1 crypto rx=0 tx=0 comp rx=0 tx=0).stop
2024-03-21T13:21:09.707 INFO:teuthology.orchestra.run.smithi097.stdout:/usr/bin/ceph: stderr
2024-03-21T13:21:08.763+0000 7f482fff7700 1 -- 172.21.15.97:0/927548468 >> 172.21.15.97:0/927548468 conn(0x7f48281005e0 msgr2=0x7f4828102a60 unknown :-1 s=STATE_NONE l=0).mark_down
2024-03-21T13:21:09.707 INFO:teuthology.orchestra.run.smithi097.stdout:/usr/bin/ceph: stderr
2024-03-21T13:21:08.763+0000 7f482fff7700 1 -- 172.21.15.97:0/927548468 shutdown_connections
2024-03-21T13:21:09.707 INFO:teuthology.orchestra.run.smithi097.stdout:/usr/bin/ceph: stderr
2024-03-21T13:21:08.763+0000 7f482fff7700 1 -- 172.21.15.97:0/927548468 wait complete.
2024-03-21T13:21:09.707 INFO:teuthology.orchestra.run.smithi097.stdout:/usr/bin/ceph: stderr
2024-03-21T13:21:08.763+0000 7f482fff7700 1 Processor -- start
2024-03-21T13:21:09.707 INFO:teuthology.orchestra.run.smithi097.stdout:/usr/bin/ceph: stderr
2024-03-21T13:21:08.763+0000 7f482fff7700 1 -- start start
2024-03-21T13:21:09.707 INFO:teuthology.orchestra.run.smithi097.stdout:/usr/bin/ceph: stderr
2024-03-21T13:21:08.764+0000 7f482fff7700 1 --2- >> [v2:172.21.15.97:3300/0,v1:172.21.15.97:6789/0] conn(0x7f4828106c30 0x7f482819a030 unknown :-1 s=NONE pgs=0 cs=0 l=1 rev1=0 crypto rx=0 tx=0 comp rx=0 tx=0).connect
2024-03-21T13:21:09.707 INFO:teuthology.orchestra.run.smithi097.stdout:/usr/bin/ceph: stderr
2024-03-21T13:21:08.764+0000 7f482fff7700 1 -- --> [v2:172.21.15.97:3300/0,v1:172.21.15.97:6789/0] -- mon_getmap magic: 0 v1 -- 0x7f482810a520 con 0x7f4828106c30
2024-03-21T13:21:09.708 INFO:teuthology.orchestra.run.smithi097.stdout:/usr/bin/ceph: stderr
2024-03-21T13:21:08.764+0000 7f482dd93700 1 --2- >> [v2:172.21.15.97:3300/0,v1:172.21.15.97:6789/0] conn(0x7f4828106c30 0x7f482819a030 unknown :-1 s=BANNER_CONNECTING pgs=0 cs=0 l=1 rev1=0 crypto rx=0 tx=0 comp rx=0 tx=0)._handle_peer_banner_payload supported=3 required=0
2024-03-21T13:21:09.708 INFO:teuthology.orchestra.run.smithi097.stdout:/usr/bin/ceph: stderr
2024-03-21T13:21:08.764+0000 7f482dd93700 1 --2- >> [v2:172.21.15.97:3300/0,v1:172.21.15.97:6789/0] conn(0x7f4828106c30 0x7f482819a030 unknown :-1 s=HELLO_CONNECTING pgs=0 cs=0 l=1 rev1=1 crypto rx=0 tx=0 comp rx=0 tx=0).handle_hello peer v2:172.21.15.97:3300/0 says I am v2:172.21.15.97:52628/0 (socket says 172.21.15.97:52628)
2024-03-21T13:21:09.708 INFO:teuthology.orchestra.run.smithi097.stdout:/usr/bin/ceph: stderr
2024-03-21T13:21:08.764+0000 7f482dd93700 1 -- 172.21.15.97:0/2703776726 learned_addr learned my addr 172.21.15.97:0/2703776726 (peer_addr_for_me v2:172.21.15.97:0/0)
2024-03-21T13:21:09.708 INFO:teuthology.orchestra.run.smithi097.stdout:/usr/bin/ceph: stderr
2024-03-21T13:21:08.764+0000 7f482dd93700 1 -- 172.21.15.97:0/2703776726 --> [v2:172.21.15.97:3300/0,v1:172.21.15.97:6789/0] -- mon_subscribe({config=0+,monmap=0+}) v3 -- 0x7f482819a570 con 0x7f4828106c30
2024-03-21T13:21:09.708 INFO:teuthology.orchestra.run.smithi097.stdout:/usr/bin/ceph: stderr
2024-03-21T13:21:08.764+0000 7f482dd93700 1 --2- 172.21.15.97:0/2703776726 >> [v2:172.21.15.97:3300/0,v1:172.21.15.97:6789/0] conn(0x7f4828106c30 0x7f482819a030 secure :-1 s=READY pgs=42 cs=0 l=1 rev1=1 crypto rx=0x7f4824011700 tx=0x7f4824011b50 comp rx=0 tx=0).ready entity=mon.0 client_cookie=0 server_cookie=0 in_seq=0 out_seq=0
2024-03-21T13:21:09.708 INFO:teuthology.orchestra.run.smithi097.stdout:/usr/bin/ceph: stderr
2024-03-21T13:21:08.764+0000 7f481effd700 1 -- 172.21.15.97:0/2703776726 <== mon.0 v2:172.21.15.97:3300/0 1 ==== mon_map magic: 0 v1 ==== 205+0+0 (secure 0 0 0) 0x7f482401a430 con 0x7f4828106c30
2024-03-21T13:21:09.708 INFO:teuthology.orchestra.run.smithi097.stdout:/usr/bin/ceph: stderr
2024-03-21T13:21:08.764+0000 7f482fff7700 1 -- 172.21.15.97:0/2703776726 --> [v2:172.21.15.97:3300/0,v1:172.21.15.97:6789/0] -- mon_subscribe({mgrmap=0+}) v3 -- 0x7f482819a800 con 0x7f4828106c30
2024-03-21T13:21:09.708 INFO:teuthology.orchestra.run.smithi097.stdout:/usr/bin/ceph: stderr
2024-03-21T13:21:08.764+0000 7f481effd700 1 -- 172.21.15.97:0/2703776726 <== mon.0 v2:172.21.15.97:3300/0 2 ==== config(26 keys) v1 ==== 1062+0+0 (secure 0 0 0) 0x7f482401aa60 con 0x7f4828106c30
2024-03-21T13:21:09.708 INFO:teuthology.orchestra.run.smithi097.stdout:/usr/bin/ceph: stderr
2024-03-21T13:21:08.764+0000 7f481effd700 1 -- 172.21.15.97:0/2703776726 <== mon.0 v2:172.21.15.97:3300/0 3 ==== mon_map magic: 0 v1 ==== 205+0+0 (secure 0 0 0) 0x7f4824024970 con 0x7f4828106c30
2024-03-21T13:21:09.708 INFO:teuthology.orchestra.run.smithi097.stdout:/usr/bin/ceph: stderr
2024-03-21T13:21:08.764+0000 7f482fff7700 1 -- 172.21.15.97:0/2703776726 --> [v2:172.21.15.97:3300/0,v1:172.21.15.97:6789/0] -- mon_subscribe({osdmap=0}) v3 -- 0x7f482819d4f0 con 0x7f4828106c30
2024-03-21T13:21:09.708 INFO:teuthology.orchestra.run.smithi097.stdout:/usr/bin/ceph: stderr
2024-03-21T13:21:08.765+0000 7f481effd700 1 -- 172.21.15.97:0/2703776726 <== mon.0 v2:172.21.15.97:3300/0 4 ==== mgrmap(e 8) v1 ==== 46259+0+0 (secure 0 0 0) 0x7f4824022020 con 0x7f4828106c30
2024-03-21T13:21:09.708 INFO:teuthology.orchestra.run.smithi097.stdout:/usr/bin/ceph: stderr
2024-03-21T13:21:08.765+0000 7f481effd700 1 --2- 172.21.15.97:0/2703776726 >> v2:172.21.15.97:6800/4140723216 conn(0x7f4814039140 0x7f481403b600 unknown :-1 s=NONE pgs=0 cs=0 l=1 rev1=0 crypto rx=0 tx=0 comp rx=0 tx=0).connect
2024-03-21T13:21:09.708 INFO:teuthology.orchestra.run.smithi097.stdout:/usr/bin/ceph: stderr
2024-03-21T13:21:08.765+0000 7f481effd700 1 -- 172.21.15.97:0/2703776726 <== mon.0 v2:172.21.15.97:3300/0 5 ==== osd_map(2..2 src has 1..2) v4 ==== 897+0+0 (secure 0 0 0) 0x7f482404d680 con 0x7f4828106c30
2024-03-21T13:21:09.708 INFO:teuthology.orchestra.run.smithi097.stdout:/usr/bin/ceph: stderr
2024-03-21T13:21:08.765+0000 7f482fff7700 1 -- 172.21.15.97:0/2703776726 --> [v2:172.21.15.97:3300/0,v1:172.21.15.97:6789/0] -- mon_command({"prefix": "get_command_descriptions"} v 0) v1 -- 0x7f48280637c0 con 0x7f4828106c30
2024-03-21T13:21:09.709 INFO:teuthology.orchestra.run.smithi097.stdout:/usr/bin/ceph: stderr
2024-03-21T13:21:08.765+0000 7f482d592700 1 --2- 172.21.15.97:0/2703776726 >> v2:172.21.15.97:6800/4140723216 conn(0x7f4814039140 0x7f481403b600 unknown :-1 s=BANNER_CONNECTING pgs=0 cs=0 l=1 rev1=0 crypto rx=0 tx=0 comp rx=0 tx=0)._handle_peer_banner_payload supported=3 required=0
2024-03-21T13:21:09.709 INFO:teuthology.orchestra.run.smithi097.stdout:/usr/bin/ceph: stderr
2024-03-21T13:21:08.766+0000 7f482d592700 1 --2- 172.21.15.97:0/2703776726 >> v2:172.21.15.97:6800/4140723216 conn(0x7f4814039140 0x7f481403b600 secure :-1 s=READY pgs=9 cs=0 l=1 rev1=1 crypto rx=0x7f4818006fd0 tx=0x7f4818006e40 comp rx=0 tx=0).ready entity=mgr.14120 client_cookie=0 server_cookie=0 in_seq=0 out_seq=0
2024-03-21T13:21:09.709 INFO:teuthology.orchestra.run.smithi097.stdout:/usr/bin/ceph: stderr
2024-03-21T13:21:08.770+0000 7f481effd700 1 -- 172.21.15.97:0/2703776726 <== mon.0 v2:172.21.15.97:3300/0 6 ==== mon_command_ack([{"prefix": "get_command_descriptions"}]=0 v0) v1 ==== 72+0+186149 (secure 0 0 0) 0x7f482400b3e0 con 0x7f4828106c30
2024-03-21T13:21:09.709 INFO:teuthology.orchestra.run.smithi097.stdout:/usr/bin/ceph: stderr
2024-03-21T13:21:08.967+0000 7f482fff7700 1 -- 172.21.15.97:0/2703776726 --> v2:172.21.15.97:6800/4140723216 -- mgr_command(tid 0: {"prefix": "cephadm generate-key", "target": ["mon-mgr", ""]}) v1 -- 0x7f4828101780 con 0x7f4814039140
2024-03-21T13:21:09.709 INFO:teuthology.orchestra.run.smithi097.stdout:/usr/bin/ceph: stderr
2024-03-21T13:21:09.150+0000 7f481effd700 1 -- 172.21.15.97:0/2703776726 <== mgr.14120 v2:172.21.15.97:6800/4140723216 1 ==== mgr_command_reply(tid 0: 0 ) v1 ==== 8+0+0 (secure 0 0 0) 0x7f4828101780 con 0x7f4814039140
2024-03-21T13:21:09.709 INFO:teuthology.orchestra.run.smithi097.stdout:/usr/bin/ceph: stderr
2024-03-21T13:21:09.152+0000 7f482fff7700 1 -- 172.21.15.97:0/2703776726 >> v2:172.21.15.97:6800/4140723216 conn(0x7f4814039140 msgr2=0x7f481403b600 secure :-1 s=STATE_CONNECTION_ESTABLISHED l=1).mark_down
2024-03-21T13:21:09.709 INFO:teuthology.orchestra.run.smithi097.stdout:/usr/bin/ceph: stderr
2024-03-21T13:21:09.152+0000 7f482fff7700 1 --2- 172.21.15.97:0/2703776726 >> v2:172.21.15.97:6800/4140723216 conn(0x7f4814039140 0x7f481403b600 secure :-1 s=READY pgs=9 cs=0 l=1 rev1=1 crypto rx=0x7f4818006fd0 tx=0x7f4818006e40 comp rx=0 tx=0).stop
2024-03-21T13:21:09.709 INFO:teuthology.orchestra.run.smithi097.stdout:/usr/bin/ceph: stderr
2024-03-21T13:21:09.152+0000 7f482fff7700 1 -- 172.21.15.97:0/2703776726 >> [v2:172.21.15.97:3300/0,v1:172.21.15.97:6789/0] conn(0x7f4828106c30 msgr2=0x7f482819a030 secure :-1 s=STATE_CONNECTION_ESTABLISHED l=1).mark_down
2024-03-21T13:21:09.709 INFO:teuthology.orchestra.run.smithi097.stdout:/usr/bin/ceph: stderr
2024-03-21T13:21:09.152+0000 7f482fff7700 1 --2- 172.21.15.97:0/2703776726 >> [v2:172.21.15.97:3300/0,v1:172.21.15.97:6789/0] conn(0x7f4828106c30 0x7f482819a030 secure :-1 s=READY pgs=42 cs=0 l=1 rev1=1 crypto rx=0x7f4824011700 tx=0x7f4824011b50 comp rx=0 tx=0).stop
2024-03-21T13:21:09.709 INFO:teuthology.orchestra.run.smithi097.stdout:/usr/bin/ceph: stderr
2024-03-21T13:21:09.152+0000 7f482fff7700 1 -- 172.21.15.97:0/2703776726 shutdown_connections
2024-03-21T13:21:09.709 INFO:teuthology.orchestra.run.smithi097.stdout:/usr/bin/ceph: stderr
2024-03-21T13:21:09.152+0000 7f482fff7700 1 --2- 172.21.15.97:0/2703776726 >> v2:172.21.15.97:6800/4140723216 conn(0x7f4814039140 0x7f481403b600 unknown :-1 s=CLOSED pgs=9 cs=0 l=1 rev1=1 crypto rx=0 tx=0 comp rx=0 tx=0).stop
2024-03-21T13:21:09.709 INFO:teuthology.orchestra.run.smithi097.stdout:/usr/bin/ceph: stderr
2024-03-21T13:21:09.152+0000 7f482fff7700 1 --2- 172.21.15.97:0/2703776726 >> [v2:172.21.15.97:3300/0,v1:172.21.15.97:6789/0] conn(0x7f4828106c30 0x7f482819a030 unknown :-1 s=CLOSED pgs=42 cs=0 l=1 rev1=1 crypto rx=0 tx=0 comp rx=0 tx=0).stop
2024-03-21T13:21:09.709 INFO:teuthology.orchestra.run.smithi097.stdout:/usr/bin/ceph: stderr
2024-03-21T13:21:09.152+0000 7f482fff7700 1 -- 172.21.15.97:0/2703776726 >> 172.21.15.97:0/2703776726 conn(0x7f48281005e0 msgr2=0x7f4828101070 unknown :-1 s=STATE_NONE l=0).mark_down
2024-03-21T13:21:09.709 INFO:teuthology.orchestra.run.smithi097.stdout:/usr/bin/ceph: stderr
2024-03-21T13:21:09.152+0000 7f482fff7700 1 -- 172.21.15.97:0/2703776726 shutdown_connections
2024-03-21T13:21:09.710 INFO:teuthology.orchestra.run.smithi097.stdout:/usr/bin/ceph: stderr
2024-03-21T13:21:09.152+0000 7f482fff7700 1 -- 172.21.15.97:0/2703776726 wait complete.
2024-03-21T13:21:10.303 INFO:journalctl@ceph.mon.a.smithi097.stdout:Mar 21 13:21:10 smithi097 ceph-mon[30040]: from='client.14136 -' entity='client.admin' cmd=[{"prefix": "cephadm generate-key", "target": ["mon-mgr", ""]}]: dispatch
2024-03-21T13:21:10.303 INFO:journalctl@ceph.mon.a.smithi097.stdout:Mar 21 13:21:10 smithi097 ceph-mon[30040]: Generating ssh key...
2024-03-21T13:21:10.947 INFO:teuthology.orchestra.run.smithi097.stdout:/usr/bin/ceph: stdout ssh-rsa AAAAB3NzaC1yc2EAAAADAQABAAABgQCpdJ82pPY5BRSv0rYleMp18kXUI/Sr76Yajzf6vPUr7BzRIKoeYmkco4Y5BSJz7Lt2JRir17ByRRVoeIEHva39hCqhGQm6EQs3lXctDdw0DtVnO6YWXV7nf6PaHYJwmvySjrgmvTiNP2m9hIRtS62IU5k1mKXZ+dMn7NHxsLQunlI4609oI6AI3gs64ZYroFFQDxdqU4h3fauRBOG8TClZ+gFbG3J8BhVZpsNWtJPJsq5O+0BwHP0cFHq1R64fiZYVstH8U70/8RHupPqCnl7ELdHQkh2ahbNEQx0Rx/kbxqPAz3XRvsSLmQAwqmphS6L7ql7FDwDFrtfneDkDtIQE2hH3UO5IKEKHKyc/F8vxi6wYUJtj8QuwYF22pADvv+3clRz9Lutcav2mzk4J+i9WUFIRrBZO8YxcqP9KqkmXHpO14IYSnHTpnovjZb/epGVziUj2r0FPPIEsgqBjVlVH+sFfia9GlF5pr04GZRi2qLJFcm5f2oF7PIRYsfVxa3E= ceph-a5dd1f32-e785-11ee-95cd-87774f69a715
2024-03-21T13:21:10.948 INFO:teuthology.orchestra.run.smithi097.stdout:/usr/bin/ceph: stderr
2024-03-21T13:21:10.116+0000 7f557cbed700 1 Processor -- start
2024-03-21T13:21:10.948 INFO:teuthology.orchestra.run.smithi097.stdout:/usr/bin/ceph: stderr
2024-03-21T13:21:10.116+0000 7f557cbed700 1 -- start start
2024-03-21T13:21:10.948 INFO:teuthology.orchestra.run.smithi097.stdout:/usr/bin/ceph: stderr
2024-03-21T13:21:10.116+0000 7f557cbed700 1 --2- >> [v2:172.21.15.97:3300/0,v1:172.21.15.97:6789/0] conn(0x7f5578106bb0 0x7f5578108fa0 unknown :-1 s=NONE pgs=0 cs=0 l=0 rev1=0 crypto rx=0 tx=0 comp rx=0 tx=0).connect
2024-03-21T13:21:10.948 INFO:teuthology.orchestra.run.smithi097.stdout:/usr/bin/ceph: stderr
2024-03-21T13:21:10.116+0000 7f557cbed700 1 -- --> [v2:172.21.15.97:3300/0,v1:172.21.15.97:6789/0] -- mon_getmap magic: 0 v1 -- 0x7f5578079fa0 con 0x7f5578106bb0
2024-03-21T13:21:10.948 INFO:teuthology.orchestra.run.smithi097.stdout:/usr/bin/ceph: stderr
2024-03-21T13:21:10.116+0000 7f557659c700 1 --2- >> [v2:172.21.15.97:3300/0,v1:172.21.15.97:6789/0] conn(0x7f5578106bb0 0x7f5578108fa0 unknown :-1 s=BANNER_CONNECTING pgs=0 cs=0 l=0 rev1=0 crypto rx=0 tx=0 comp rx=0 tx=0)._handle_peer_banner_payload supported=3 required=0
2024-03-21T13:21:10.948 INFO:teuthology.orchestra.run.smithi097.stdout:/usr/bin/ceph: stderr
2024-03-21T13:21:10.116+0000 7f557659c700 1 --2- >> [v2:172.21.15.97:3300/0,v1:172.21.15.97:6789/0] conn(0x7f5578106bb0 0x7f5578108fa0 unknown :-1 s=HELLO_CONNECTING pgs=0 cs=0 l=0 rev1=1 crypto rx=0 tx=0 comp rx=0 tx=0).handle_hello peer v2:172.21.15.97:3300/0 says I am v2:172.21.15.97:52632/0 (socket says 172.21.15.97:52632)
2024-03-21T13:21:10.948 INFO:teuthology.orchestra.run.smithi097.stdout:/usr/bin/ceph: stderr
2024-03-21T13:21:10.116+0000 7f557659c700 1 -- 172.21.15.97:0/457076633 learned_addr learned my addr 172.21.15.97:0/457076633 (peer_addr_for_me v2:172.21.15.97:0/0)
2024-03-21T13:21:10.948 INFO:teuthology.orchestra.run.smithi097.stdout:/usr/bin/ceph: stderr
2024-03-21T13:21:10.117+0000 7f557659c700 1 -- 172.21.15.97:0/457076633 --> [v2:172.21.15.97:3300/0,v1:172.21.15.97:6789/0] -- mon_subscribe({config=0+,monmap=0+}) v3 -- 0x7f55781094e0 con 0x7f5578106bb0
2024-03-21T13:21:10.948 INFO:teuthology.orchestra.run.smithi097.stdout:/usr/bin/ceph: stderr
2024-03-21T13:21:10.117+0000 7f557659c700 1 --2- 172.21.15.97:0/457076633 >> [v2:172.21.15.97:3300/0,v1:172.21.15.97:6789/0] conn(0x7f5578106bb0 0x7f5578108fa0 secure :-1 s=READY pgs=43 cs=0 l=1 rev1=1 crypto rx=0x7f55680098a0 tx=0x7f5568009bb0 comp rx=0 tx=0).ready entity=mon.0 client_cookie=81935a13dbb2d7f server_cookie=0 in_seq=0 out_seq=0
2024-03-21T13:21:10.948 INFO:teuthology.orchestra.run.smithi097.stdout:/usr/bin/ceph: stderr
2024-03-21T13:21:10.117+0000 7f557559a700 1 -- 172.21.15.97:0/457076633 <== mon.0 v2:172.21.15.97:3300/0 1 ==== mon_map magic: 0 v1 ==== 205+0+0 (secure 0 0 0) 0x7f5568004160 con 0x7f5578106bb0
2024-03-21T13:21:10.948 INFO:teuthology.orchestra.run.smithi097.stdout:/usr/bin/ceph: stderr
