2024-03-26T21:16:12.908+0000 7fdbd57f9700 1 -- 172.21.15.88:0/3455994597 >> v1:172.21.15.88:6789/0 conn(0x7fdbd01068f0 legacy=0x7fdbd0106d10 unknown :-1 s=STATE_CONNECTION_ESTABLISHED l=1).mark_down
2024-03-26T21:16:13.905 INFO:teuthology.orchestra.run.smithi088.stdout:/usr/bin/ceph: stderr
2024-03-26T21:16:12.908+0000 7fdbd57f9700 1 -- 172.21.15.88:0/3455994597 shutdown_connections
2024-03-26T21:16:13.905 INFO:teuthology.orchestra.run.smithi088.stdout:/usr/bin/ceph: stderr
2024-03-26T21:16:12.908+0000 7fdbd57f9700 1 -- 172.21.15.88:0/3455994597 >> 172.21.15.88:0/3455994597 conn(0x7fdbd0100040 msgr2=0x7fdbd01024a0 unknown :-1 s=STATE_NONE l=0).mark_down
2024-03-26T21:16:13.905 INFO:teuthology.orchestra.run.smithi088.stdout:/usr/bin/ceph: stderr
2024-03-26T21:16:12.908+0000 7fdbd57f9700 1 -- 172.21.15.88:0/3455994597 shutdown_connections
2024-03-26T21:16:13.905 INFO:teuthology.orchestra.run.smithi088.stdout:/usr/bin/ceph: stderr
2024-03-26T21:16:12.908+0000 7fdbd57f9700 1 -- 172.21.15.88:0/3455994597 wait complete.
2024-03-26T21:16:13.906 INFO:teuthology.orchestra.run.smithi088.stdout:/usr/bin/ceph: stderr
2024-03-26T21:16:12.909+0000 7fdbd57f9700 1 Processor -- start
2024-03-26T21:16:13.906 INFO:teuthology.orchestra.run.smithi088.stdout:/usr/bin/ceph: stderr
2024-03-26T21:16:12.909+0000 7fdbd57f9700 1 -- start start
2024-03-26T21:16:13.906 INFO:teuthology.orchestra.run.smithi088.stdout:/usr/bin/ceph: stderr
2024-03-26T21:16:12.909+0000 7fdbd57f9700 1 -- --> v1:172.21.15.88:6789/0 -- auth(proto 0 34 bytes epoch 0) -- 0x7fdbd01a00f0 con 0x7fdbd01068f0
2024-03-26T21:16:13.906 INFO:teuthology.orchestra.run.smithi088.stdout:/usr/bin/ceph: stderr
2024-03-26T21:16:12.909+0000 7fdbceffd700 1 --1- >> v1:172.21.15.88:6789/0 conn(0x7fdbd01068f0 0x7fdbd0101f20 :-1 s=CONNECTING_WAIT_BANNER_AND_IDENTIFY pgs=0 cs=0 l=1).handle_server_banner_and_identify peer v1:172.21.15.88:6789/0 says I am v1:172.21.15.88:60684/0 (socket says 172.21.15.88:60684)
2024-03-26T21:16:13.906 INFO:teuthology.orchestra.run.smithi088.stdout:/usr/bin/ceph: stderr
2024-03-26T21:16:12.909+0000 7fdbceffd700 1 -- 172.21.15.88:0/2035938463 learned_addr learned my addr 172.21.15.88:0/2035938463 (peer_addr_for_me v1:172.21.15.88:0/0)
2024-03-26T21:16:13.906 INFO:teuthology.orchestra.run.smithi088.stdout:/usr/bin/ceph: stderr
2024-03-26T21:16:12.910+0000 7fdbb7fff700 1 -- 172.21.15.88:0/2035938463 <== mon.0 v1:172.21.15.88:6789/0 1 ==== auth_reply(proto 2 0 (0) Success) ==== 33+0+0 (unknown 3153201075 0 0) 0x7fdbd01a00f0 con 0x7fdbd01068f0
2024-03-26T21:16:13.906 INFO:teuthology.orchestra.run.smithi088.stdout:/usr/bin/ceph: stderr
2024-03-26T21:16:12.910+0000 7fdbb7fff700 1 -- 172.21.15.88:0/2035938463 --> v1:172.21.15.88:6789/0 -- auth(proto 2 36 bytes epoch 0) -- 0x7fdbb8005530 con 0x7fdbd01068f0
2024-03-26T21:16:13.906 INFO:teuthology.orchestra.run.smithi088.stdout:/usr/bin/ceph: stderr
2024-03-26T21:16:12.910+0000 7fdbb7fff700 1 -- 172.21.15.88:0/2035938463 <== mon.0 v1:172.21.15.88:6789/0 2 ==== auth_reply(proto 2 0 (0) Success) ==== 764+0+0 (unknown 3242408214 0 0) 0x7fdbb8005530 con 0x7fdbd01068f0
2024-03-26T21:16:13.906 INFO:teuthology.orchestra.run.smithi088.stdout:/usr/bin/ceph: stderr
2024-03-26T21:16:12.910+0000 7fdbb7fff700 1 -- 172.21.15.88:0/2035938463 --> v1:172.21.15.88:6789/0 -- auth(proto 2 165 bytes epoch 0) -- 0x7fdbd01a00f0 con 0x7fdbd01068f0
2024-03-26T21:16:13.906 INFO:teuthology.orchestra.run.smithi088.stdout:/usr/bin/ceph: stderr
2024-03-26T21:16:12.910+0000 7fdbb7fff700 1 -- 172.21.15.88:0/2035938463 <== mon.0 v1:172.21.15.88:6789/0 3 ==== mon_map magic: 0 ==== 170+0+0 (unknown 1272412332 0 0) 0x7fdbc0001080 con 0x7fdbd01068f0
2024-03-26T21:16:13.906 INFO:teuthology.orchestra.run.smithi088.stdout:/usr/bin/ceph: stderr
2024-03-26T21:16:12.910+0000 7fdbb7fff700 1 -- 172.21.15.88:0/2035938463 <== mon.0 v1:172.21.15.88:6789/0 4 ==== auth_reply(proto 2 0 (0) Success) ==== 580+0+0 (unknown 3731092159 0 0) 0x7fdbd01a00f0 con 0x7fdbd01068f0
2024-03-26T21:16:13.906 INFO:teuthology.orchestra.run.smithi088.stdout:/usr/bin/ceph: stderr
2024-03-26T21:16:12.910+0000 7fdbb7fff700 1 -- 172.21.15.88:0/2035938463 --> v1:172.21.15.88:6789/0 -- mon_subscribe({config=0+,monmap=0+}) -- 0x7fdbd01a12d0 con 0x7fdbd01068f0
2024-03-26T21:16:13.906 INFO:teuthology.orchestra.run.smithi088.stdout:/usr/bin/ceph: stderr
2024-03-26T21:16:12.910+0000 7fdbd57f9700 1 -- 172.21.15.88:0/2035938463 --> v1:172.21.15.88:6789/0 -- mon_subscribe({mgrmap=0+}) -- 0x7fdbd01a0320 con 0x7fdbd01068f0
2024-03-26T21:16:13.906 INFO:teuthology.orchestra.run.smithi088.stdout:/usr/bin/ceph: stderr
2024-03-26T21:16:12.910+0000 7fdbd57f9700 1 -- 172.21.15.88:0/2035938463 --> v1:172.21.15.88:6789/0 -- mon_subscribe({osdmap=0}) -- 0x7fdbd01a0860 con 0x7fdbd01068f0
2024-03-26T21:16:13.906 INFO:teuthology.orchestra.run.smithi088.stdout:/usr/bin/ceph: stderr
2024-03-26T21:16:12.910+0000 7fdbb7fff700 1 -- 172.21.15.88:0/2035938463 <== mon.0 v1:172.21.15.88:6789/0 5 ==== config(25 keys) ==== 1037+0+0 (unknown 1290344078 0 0) 0x7fdbc0004ab0 con 0x7fdbd01068f0
2024-03-26T21:16:13.907 INFO:teuthology.orchestra.run.smithi088.stdout:/usr/bin/ceph: stderr
2024-03-26T21:16:12.910+0000 7fdbb7fff700 1 -- 172.21.15.88:0/2035938463 <== mon.0 v1:172.21.15.88:6789/0 6 ==== mon_map magic: 0 ==== 170+0+0 (unknown 1272412332 0 0) 0x7fdbc0005f90 con 0x7fdbd01068f0
2024-03-26T21:16:13.907 INFO:teuthology.orchestra.run.smithi088.stdout:/usr/bin/ceph: stderr
2024-03-26T21:16:12.911+0000 7fdbb7fff700 1 -- 172.21.15.88:0/2035938463 <== mon.0 v1:172.21.15.88:6789/0 7 ==== mgrmap(e 4) ==== 46420+0+0 (unknown 3758884248 0 0) 0x7fdbc0011690 con 0x7fdbd01068f0
2024-03-26T21:16:13.907 INFO:teuthology.orchestra.run.smithi088.stdout:/usr/bin/ceph: stderr
2024-03-26T21:16:12.911+0000 7fdbd57f9700 1 -- 172.21.15.88:0/2035938463 --> v1:172.21.15.88:6789/0 -- mon_command({"prefix": "get_command_descriptions"} v 0) -- 0x7fdbbc005150 con 0x7fdbd01068f0
2024-03-26T21:16:13.907 INFO:teuthology.orchestra.run.smithi088.stdout:/usr/bin/ceph: stderr
2024-03-26T21:16:12.911+0000 7fdbb7fff700 1 -- 172.21.15.88:0/2035938463 <== mon.0 v1:172.21.15.88:6789/0 8 ==== osd_map(1..1 src has 1..1) ==== 725+0+0 (unknown 1910167797 0 0) 0x7fdbc0047b70 con 0x7fdbd01068f0
2024-03-26T21:16:13.907 INFO:teuthology.orchestra.run.smithi088.stdout:/usr/bin/ceph: stderr
2024-03-26T21:16:12.916+0000 7fdbb7fff700 1 -- 172.21.15.88:0/2035938463 <== mon.0 v1:172.21.15.88:6789/0 9 ==== mon_command_ack([{"prefix": "get_command_descriptions"}]=0 v0) ==== 72+0+187417 (unknown 1092875540 0 758779688) 0x7fdbc0017540 con 0x7fdbd01068f0
2024-03-26T21:16:13.907 INFO:teuthology.orchestra.run.smithi088.stdout:/usr/bin/ceph: stderr
2024-03-26T21:16:13.172+0000 7fdbd57f9700 1 -- 172.21.15.88:0/2035938463 --> v1:172.21.15.88:6789/0 -- mon_command({"prefix": "mgr module enable", "module": "cephadm"} v 0) -- 0x7fdbbc005440 con 0x7fdbd01068f0
2024-03-26T21:16:13.907 INFO:teuthology.orchestra.run.smithi088.stdout:/usr/bin/ceph: stderr
2024-03-26T21:16:13.223+0000 7fdbb7fff700 1 -- 172.21.15.88:0/2035938463 <== mon.0 v1:172.21.15.88:6789/0 10 ==== mon_command_ack([{"prefix": "mgr module enable", "module": "cephadm"}]=0 v5) ==== 86+0+0 (unknown 2263024820 0 0) 0x7fdbc0016e40 con 0x7fdbd01068f0
2024-03-26T21:16:13.907 INFO:teuthology.orchestra.run.smithi088.stdout:/usr/bin/ceph: stderr
2024-03-26T21:16:13.225+0000 7fdbb7fff700 1 -- 172.21.15.88:0/2035938463 <== mon.0 v1:172.21.15.88:6789/0 11 ==== mgrmap(e 5) ==== 46431+0+0 (unknown 2967675786 0 0) 0x7fdbc0046560 con 0x7fdbd01068f0
2024-03-26T21:16:13.907 INFO:teuthology.orchestra.run.smithi088.stdout:/usr/bin/ceph: stderr
2024-03-26T21:16:13.226+0000 7fdbd57f9700 1 -- 172.21.15.88:0/2035938463 >> v1:172.21.15.88:6800/221932617 conn(0x7fdbb803a7a0 legacy=0x7fdbb803cc60 unknown :-1 s=STATE_CONNECTION_ESTABLISHED l=1).mark_down
2024-03-26T21:16:13.907 INFO:teuthology.orchestra.run.smithi088.stdout:/usr/bin/ceph: stderr
2024-03-26T21:16:13.226+0000 7fdbd57f9700 1 -- 172.21.15.88:0/2035938463 >> v1:172.21.15.88:6789/0 conn(0x7fdbd01068f0 legacy=0x7fdbd0101f20 unknown :-1 s=STATE_CONNECTION_ESTABLISHED l=1).mark_down
2024-03-26T21:16:13.907 INFO:teuthology.orchestra.run.smithi088.stdout:/usr/bin/ceph: stderr
2024-03-26T21:16:13.226+0000 7fdbd57f9700 1 -- 172.21.15.88:0/2035938463 shutdown_connections
2024-03-26T21:16:13.907 INFO:teuthology.orchestra.run.smithi088.stdout:/usr/bin/ceph: stderr
2024-03-26T21:16:13.226+0000 7fdbd57f9700 1 -- 172.21.15.88:0/2035938463 >> 172.21.15.88:0/2035938463 conn(0x7fdbd0100040 msgr2=0x7fdbd0104440 unknown :-1 s=STATE_NONE l=0).mark_down
2024-03-26T21:16:13.907 INFO:teuthology.orchestra.run.smithi088.stdout:/usr/bin/ceph: stderr
2024-03-26T21:16:13.226+0000 7fdbd57f9700 1 -- 172.21.15.88:0/2035938463 shutdown_connections
2024-03-26T21:16:13.907 INFO:teuthology.orchestra.run.smithi088.stdout:/usr/bin/ceph: stderr
2024-03-26T21:16:13.226+0000 7fdbd57f9700 1 -- 172.21.15.88:0/2035938463 wait complete.
2024-03-26T21:16:14.484 INFO:journalctl@ceph.mon.a.smithi088.stdout:Mar 26 21:16:14 smithi088 ceph-mon[30075]: from='client.? v1:172.21.15.88:0/2035938463' entity='client.admin' cmd='[{"prefix": "mgr module enable", "module": "cephadm"}]': finished
2024-03-26T21:16:14.484 INFO:journalctl@ceph.mon.a.smithi088.stdout:Mar 26 21:16:14 smithi088 ceph-mon[30075]: mgrmap e5: y(active, since 12s)
2024-03-26T21:16:14.863 INFO:journalctl@ceph.mgr.y.smithi088.stdout:Mar 26 21:16:14 smithi088 ceph-e240a1a4-ebb5-11ee-95d0-87774f69a715-mgr-y[30334]:
2024-03-26T21:16:14.536+0000 7f8a22548200 -1 mgr[py] Module zabbix has missing NOTIFY_TYPES member
2024-03-26T21:16:14.864 INFO:journalctl@ceph.mgr.y.smithi088.stdout:Mar 26 21:16:14 smithi088 ceph-e240a1a4-ebb5-11ee-95d0-87774f69a715-mgr-y[30334]:
2024-03-26T21:16:14.630+0000 7f8a22548200 -1 mgr[py] Module balancer has missing NOTIFY_TYPES member
2024-03-26T21:16:14.864 INFO:journalctl@ceph.mgr.y.smithi088.stdout:Mar 26 21:16:14 smithi088 ceph-e240a1a4-ebb5-11ee-95d0-87774f69a715-mgr-y[30334]:
2024-03-26T21:16:14.775+0000 7f8a22548200 -1 mgr[py] Module influx has missing NOTIFY_TYPES member
2024-03-26T21:16:14.864 INFO:journalctl@ceph.mgr.y.smithi088.stdout:Mar 26 21:16:14 smithi088 ceph-e240a1a4-ebb5-11ee-95d0-87774f69a715-mgr-y[30334]:
2024-03-26T21:16:14.869+0000 7f8a22548200 -1 mgr[py] Module alerts has missing NOTIFY_TYPES member
2024-03-26T21:16:15.211 INFO:journalctl@ceph.mgr.y.smithi088.stdout:Mar 26 21:16:14 smithi088 ceph-e240a1a4-ebb5-11ee-95d0-87774f69a715-mgr-y[30334]:
2024-03-26T21:16:14.956+0000 7f8a22548200 -1 mgr[py] Module iostat has missing NOTIFY_TYPES member
2024-03-26T21:16:15.484 INFO:journalctl@ceph.mon.a.smithi088.stdout:Mar 26 21:16:15 smithi088 ceph-mon[30075]: from='client.? v1:172.21.15.88:0/4169767790' entity='client.admin' cmd=[{"prefix": "mgr stat"}]: dispatch
2024-03-26T21:16:15.484 INFO:journalctl@ceph.mgr.y.smithi088.stdout:Mar 26 21:16:15 smithi088 ceph-e240a1a4-ebb5-11ee-95d0-87774f69a715-mgr-y[30334]:
2024-03-26T21:16:15.217+0000 7f8a22548200 -1 mgr[py] Module rgw has missing NOTIFY_TYPES member
2024-03-26T21:16:15.484 INFO:journalctl@ceph.mgr.y.smithi088.stdout:Mar 26 21:16:15 smithi088 ceph-e240a1a4-ebb5-11ee-95d0-87774f69a715-mgr-y[30334]:
2024-03-26T21:16:15.327+0000 7f8a22548200 -1 mgr[py] Module rbd_support has missing NOTIFY_TYPES member
2024-03-26T21:16:15.484 INFO:journalctl@ceph.mgr.y.smithi088.stdout:Mar 26 21:16:15 smithi088 ceph-e240a1a4-ebb5-11ee-95d0-87774f69a715-mgr-y[30334]:
2024-03-26T21:16:15.412+0000 7f8a22548200 -1 mgr[py] Module progress has missing NOTIFY_TYPES member
2024-03-26T21:16:15.672 INFO:teuthology.orchestra.run.smithi088.stdout:/usr/bin/ceph: stdout {
2024-03-26T21:16:15.672 INFO:teuthology.orchestra.run.smithi088.stdout:/usr/bin/ceph: stdout "epoch": 5,
2024-03-26T21:16:15.672 INFO:teuthology.orchestra.run.smithi088.stdout:/usr/bin/ceph: stdout "available": true,
2024-03-26T21:16:15.672 INFO:teuthology.orchestra.run.smithi088.stdout:/usr/bin/ceph: stdout "active_name": "y",
2024-03-26T21:16:15.672 INFO:teuthology.orchestra.run.smithi088.stdout:/usr/bin/ceph: stdout "num_standby": 0
2024-03-26T21:16:15.672 INFO:teuthology.orchestra.run.smithi088.stdout:/usr/bin/ceph: stdout }
2024-03-26T21:16:15.672 INFO:teuthology.orchestra.run.smithi088.stdout:/usr/bin/ceph: stderr
2024-03-26T21:16:14.361+0000 7fcfabcbc700 1 Processor -- start
2024-03-26T21:16:15.673 INFO:teuthology.orchestra.run.smithi088.stdout:/usr/bin/ceph: stderr
2024-03-26T21:16:14.361+0000 7fcfabcbc700 1 -- start start
2024-03-26T21:16:15.673 INFO:teuthology.orchestra.run.smithi088.stdout:/usr/bin/ceph: stderr
2024-03-26T21:16:14.361+0000 7fcfabcbc700 1 -- --> v1:172.21.15.88:6789/0 -- auth(proto 0 34 bytes epoch 0) -- 0x7fcfa4109790 con 0x7fcfa4105360
2024-03-26T21:16:15.673 INFO:teuthology.orchestra.run.smithi088.stdout:/usr/bin/ceph: stderr
2024-03-26T21:16:14.361+0000 7fcfa9a58700 1 --1- >> v1:172.21.15.88:6789/0 conn(0x7fcfa4105360 0x7fcfa4105780 :-1 s=CONNECTING_WAIT_BANNER_AND_IDENTIFY pgs=0 cs=0 l=0).handle_server_banner_and_identify peer v1:172.21.15.88:6789/0 says I am v1:172.21.15.88:42610/0 (socket says 172.21.15.88:42610)
2024-03-26T21:16:15.673 INFO:teuthology.orchestra.run.smithi088.stdout:/usr/bin/ceph: stderr
2024-03-26T21:16:14.361+0000 7fcfa9a58700 1 -- 172.21.15.88:0/215771219 learned_addr learned my addr 172.21.15.88:0/215771219 (peer_addr_for_me v1:172.21.15.88:0/0)
2024-03-26T21:16:15.673 INFO:teuthology.orchestra.run.smithi088.stdout:/usr/bin/ceph: stderr
2024-03-26T21:16:14.361+0000 7fcfa8a56700 1 -- 172.21.15.88:0/215771219 <== mon.0 v1:172.21.15.88:6789/0 1 ==== auth_reply(proto 2 0 (0) Success) ==== 33+0+0 (unknown 3178365721 0 0) 0x7fcfa4109790 con 0x7fcfa4105360
2024-03-26T21:16:15.673 INFO:teuthology.orchestra.run.smithi088.stdout:/usr/bin/ceph: stderr
2024-03-26T21:16:14.361+0000 7fcfa8a56700 1 -- 172.21.15.88:0/215771219 --> v1:172.21.15.88:6789/0 -- auth(proto 2 36 bytes epoch 0) -- 0x7fcf900035b0 con 0x7fcfa4105360
2024-03-26T21:16:15.673 INFO:teuthology.orchestra.run.smithi088.stdout:/usr/bin/ceph: stderr
2024-03-26T21:16:14.362+0000 7fcfa8a56700 1 -- 172.21.15.88:0/215771219 <== mon.0 v1:172.21.15.88:6789/0 2 ==== auth_reply(proto 2 0 (0) Success) ==== 214+0+0 (unknown 3152040828 0 0) 0x7fcf900035b0 con 0x7fcfa4105360
2024-03-26T21:16:15.673 INFO:teuthology.orchestra.run.smithi088.stdout:/usr/bin/ceph: stderr
2024-03-26T21:16:14.362+0000 7fcfa8a56700 1 -- 172.21.15.88:0/215771219 --> v1:172.21.15.88:6789/0 -- mon_subscribe({config=0+,monmap=0+}) -- 0x7fcfa410a970 con 0x7fcfa4105360
2024-03-26T21:16:15.673 INFO:teuthology.orchestra.run.smithi088.stdout:/usr/bin/ceph: stderr
2024-03-26T21:16:14.362+0000 7fcfa8a56700 1 -- 172.21.15.88:0/215771219 <== mon.0 v1:172.21.15.88:6789/0 3 ==== mon_map magic: 0 ==== 170+0+0 (unknown 1272412332 0 0) 0x7fcfa00018c0 con 0x7fcfa4105360
2024-03-26T21:16:15.673 INFO:teuthology.orchestra.run.smithi088.stdout:/usr/bin/ceph: stderr
2024-03-26T21:16:14.362+0000 7fcfa8a56700 1 -- 172.21.15.88:0/215771219 <== mon.0 v1:172.21.15.88:6789/0 4 ==== config(25 keys) ==== 1037+0+0 (unknown 1290344078 0 0) 0x7fcfa0001bf0 con 0x7fcfa4105360
2024-03-26T21:16:15.673 INFO:teuthology.orchestra.run.smithi088.stdout:/usr/bin/ceph: stderr
2024-03-26T21:16:14.362+0000 7fcfa8a56700 1 -- 172.21.15.88:0/215771219 <== mon.0 v1:172.21.15.88:6789/0 5 ==== mon_map magic: 0 ==== 170+0+0 (unknown 1272412332 0 0) 0x7fcfa0005ab0 con 0x7fcfa4105360
2024-03-26T21:16:15.673 INFO:teuthology.orchestra.run.smithi088.stdout:/usr/bin/ceph: stderr
2024-03-26T21:16:14.362+0000 7fcfabcbc700 1 -- 172.21.15.88:0/215771219 >> v1:172.21.15.88:6789/0 conn(0x7fcfa4105360 legacy=0x7fcfa4105780 unknown :-1 s=STATE_CONNECTION_ESTABLISHED l=1).mark_down
2024-03-26T21:16:15.673 INFO:teuthology.orchestra.run.smithi088.stdout:/usr/bin/ceph: stderr
2024-03-26T21:16:14.362+0000 7fcfabcbc700 1 -- 172.21.15.88:0/215771219 shutdown_connections
2024-03-26T21:16:15.673 INFO:teuthology.orchestra.run.smithi088.stdout:/usr/bin/ceph: stderr
2024-03-26T21:16:14.362+0000 7fcfabcbc700 1 -- 172.21.15.88:0/215771219 >> 172.21.15.88:0/215771219 conn(0x7fcfa41008c0 msgr2=0x7fcfa4102d40 unknown :-1 s=STATE_NONE l=0).mark_down
2024-03-26T21:16:15.674 INFO:teuthology.orchestra.run.smithi088.stdout:/usr/bin/ceph: stderr
2024-03-26T21:16:14.363+0000 7fcfabcbc700 1 -- 172.21.15.88:0/215771219 shutdown_connections
2024-03-26T21:16:15.674 INFO:teuthology.orchestra.run.smithi088.stdout:/usr/bin/ceph: stderr
2024-03-26T21:16:14.363+0000 7fcfabcbc700 1 -- 172.21.15.88:0/215771219 wait complete.
2024-03-26T21:16:15.674 INFO:teuthology.orchestra.run.smithi088.stdout:/usr/bin/ceph: stderr
2024-03-26T21:16:14.363+0000 7fcfabcbc700 1 Processor -- start
2024-03-26T21:16:15.674 INFO:teuthology.orchestra.run.smithi088.stdout:/usr/bin/ceph: stderr
2024-03-26T21:16:14.363+0000 7fcfabcbc700 1 -- start start
2024-03-26T21:16:15.674 INFO:teuthology.orchestra.run.smithi088.stdout:/usr/bin/ceph: stderr
2024-03-26T21:16:14.363+0000 7fcfabcbc700 1 -- --> v1:172.21.15.88:6789/0 -- auth(proto 0 34 bytes epoch 0) -- 0x7fcfa41a0050 con 0x7fcfa4105360
2024-03-26T21:16:15.674 INFO:teuthology.orchestra.run.smithi088.stdout:/usr/bin/ceph: stderr
2024-03-26T21:16:14.363+0000 7fcfa9a58700 1 --1- >> v1:172.21.15.88:6789/0 conn(0x7fcfa4105360 0x7fcfa41027c0 :-1 s=CONNECTING_WAIT_BANNER_AND_IDENTIFY pgs=0 cs=0 l=1).handle_server_banner_and_identify peer v1:172.21.15.88:6789/0 says I am v1:172.21.15.88:42612/0 (socket says 172.21.15.88:42612)
2024-03-26T21:16:15.674 INFO:teuthology.orchestra.run.smithi088.stdout:/usr/bin/ceph: stderr
2024-03-26T21:16:14.363+0000 7fcfa9a58700 1 -- 172.21.15.88:0/4169767790 learned_addr learned my addr 172.21.15.88:0/4169767790 (peer_addr_for_me v1:172.21.15.88:0/0)
2024-03-26T21:16:15.674 INFO:teuthology.orchestra.run.smithi088.stdout:/usr/bin/ceph: stderr
2024-03-26T21:16:14.363+0000 7fcf9affd700 1 -- 172.21.15.88:0/4169767790 <== mon.0 v1:172.21.15.88:6789/0 1 ==== auth_reply(proto 2 0 (0) Success) ==== 33+0+0 (unknown 334970674 0 0) 0x7fcfa41a0050 con 0x7fcfa4105360
2024-03-26T21:16:15.674 INFO:teuthology.orchestra.run.smithi088.stdout:/usr/bin/ceph: stderr
2024-03-26T21:16:14.364+0000 7fcf9affd700 1 -- 172.21.15.88:0/4169767790 --> v1:172.21.15.88:6789/0 -- auth(proto 2 36 bytes epoch 0) -- 0x7fcf90005530 con 0x7fcfa4105360
2024-03-26T21:16:15.674 INFO:teuthology.orchestra.run.smithi088.stdout:/usr/bin/ceph: stderr
2024-03-26T21:16:14.364+0000 7fcf9affd700 1 -- 172.21.15.88:0/4169767790 <== mon.0 v1:172.21.15.88:6789/0 2 ==== auth_reply(proto 2 0 (0) Success) ==== 764+0+0 (unknown 369435704 0 0) 0x7fcf90005530 con 0x7fcfa4105360
2024-03-26T21:16:15.674 INFO:teuthology.orchestra.run.smithi088.stdout:/usr/bin/ceph: stderr
2024-03-26T21:16:14.364+0000 7fcf9affd700 1 -- 172.21.15.88:0/4169767790 --> v1:172.21.15.88:6789/0 -- auth(proto 2 165 bytes epoch 0) -- 0x7fcfa41a0050 con 0x7fcfa4105360
2024-03-26T21:16:15.674 INFO:teuthology.orchestra.run.smithi088.stdout:/usr/bin/ceph: stderr
2024-03-26T21:16:14.364+0000 7fcf9affd700 1 -- 172.21.15.88:0/4169767790 <== mon.0 v1:172.21.15.88:6789/0 3 ==== mon_map magic: 0 ==== 170+0+0 (unknown 1272412332 0 0) 0x7fcfa0001130 con 0x7fcfa4105360
2024-03-26T21:16:15.674 INFO:teuthology.orchestra.run.smithi088.stdout:/usr/bin/ceph: stderr
2024-03-26T21:16:14.364+0000 7fcf9affd700 1 -- 172.21.15.88:0/4169767790 <== mon.0 v1:172.21.15.88:6789/0 4 ==== auth_reply(proto 2 0 (0) Success) ==== 580+0+0 (unknown 2123531480 0 0) 0x7fcfa41a0050 con 0x7fcfa4105360
2024-03-26T21:16:15.674 INFO:teuthology.orchestra.run.smithi088.stdout:/usr/bin/ceph: stderr
2024-03-26T21:16:14.364+0000 7fcf9affd700 1 -- 172.21.15.88:0/4169767790 --> v1:172.21.15.88:6789/0 -- mon_subscribe({config=0+,monmap=0+}) -- 0x7fcfa41a1230 con 0x7fcfa4105360
2024-03-26T21:16:15.674 INFO:teuthology.orchestra.run.smithi088.stdout:/usr/bin/ceph: stderr
2024-03-26T21:16:14.364+0000 7fcfabcbc700 1 -- 172.21.15.88:0/4169767790 --> v1:172.21.15.88:6789/0 -- mon_subscribe({mgrmap=0+}) -- 0x7fcfa41a0280 con 0x7fcfa4105360
2024-03-26T21:16:15.675 INFO:teuthology.orchestra.run.smithi088.stdout:/usr/bin/ceph: stderr
2024-03-26T21:16:14.364+0000 7fcfabcbc700 1 -- 172.21.15.88:0/4169767790 --> v1:172.21.15.88:6789/0 -- mon_subscribe({osdmap=0}) -- 0x7fcfa41a07c0 con 0x7fcfa4105360
2024-03-26T21:16:15.675 INFO:teuthology.orchestra.run.smithi088.stdout:/usr/bin/ceph: stderr
2024-03-26T21:16:14.364+0000 7fcf9affd700 1 -- 172.21.15.88:0/4169767790 <== mon.0 v1:172.21.15.88:6789/0 5 ==== config(25 keys) ==== 1037+0+0 (unknown 1290344078 0 0) 0x7fcfa0001bf0 con 0x7fcfa4105360
2024-03-26T21:16:15.675 INFO:teuthology.orchestra.run.smithi088.stdout:/usr/bin/ceph: stderr
2024-03-26T21:16:14.364+0000 7fcf9affd700 1 -- 172.21.15.88:0/4169767790 <== mon.0 v1:172.21.15.88:6789/0 6 ==== mon_map magic: 0 ==== 170+0+0 (unknown 1272412332 0 0) 0x7fcfa00060e0 con 0x7fcfa4105360
2024-03-26T21:16:15.675 INFO:teuthology.orchestra.run.smithi088.stdout:/usr/bin/ceph: stderr
2024-03-26T21:16:14.365+0000 7fcf9affd700 1 -- 172.21.15.88:0/4169767790 <== mon.0 v1:172.21.15.88:6789/0 7 ==== mgrmap(e 5) ==== 46431+0+0 (unknown 2967675786 0 0) 0x7fcfa00117f0 con 0x7fcfa4105360
2024-03-26T21:16:15.675 INFO:teuthology.orchestra.run.smithi088.stdout:/usr/bin/ceph: stderr
2024-03-26T21:16:14.365+0000 7fcf9affd700 1 -- 172.21.15.88:0/4169767790 <== mon.0 v1:172.21.15.88:6789/0 8 ==== osd_map(1..1 src has 1..1) ==== 725+0+0 (unknown 1910167797 0 0) 0x7fcfa0047de0 con 0x7fcfa4105360
2024-03-26T21:16:15.675 INFO:teuthology.orchestra.run.smithi088.stdout:/usr/bin/ceph: stderr
2024-03-26T21:16:14.365+0000 7fcfabcbc700 1 -- 172.21.15.88:0/4169767790 --> v1:172.21.15.88:6789/0 -- mon_command({"prefix": "get_command_descriptions"} v 0) -- 0x7fcf88005150 con 0x7fcfa4105360
2024-03-26T21:16:15.675 INFO:teuthology.orchestra.run.smithi088.stdout:/usr/bin/ceph: stderr
2024-03-26T21:16:14.365+0000 7fcfa9257700 1 -- 172.21.15.88:0/4169767790 >> v1:172.21.15.88:6800/221932617 conn(0x7fcf9003a6e0 legacy=0x7fcf9003cba0 unknown :-1 s=STATE_CONNECTING_RE l=1).process reconnect failed to v1:172.21.15.88:6800/221932617
2024-03-26T21:16:15.675 INFO:teuthology.orchestra.run.smithi088.stdout:/usr/bin/ceph: stderr
2024-03-26T21:16:14.370+0000 7fcf9affd700 1 -- 172.21.15.88:0/4169767790 <== mon.0 v1:172.21.15.88:6789/0 9 ==== mon_command_ack([{"prefix": "get_command_descriptions"}]=0 v0) ==== 72+0+187417 (unknown 1092875540 0 758779688) 0x7fcfa0017720 con 0x7fcfa4105360
2024-03-26T21:16:15.675 INFO:teuthology.orchestra.run.smithi088.stdout:/usr/bin/ceph: stderr
2024-03-26T21:16:14.566+0000 7fcfa9257700 1 -- 172.21.15.88:0/4169767790 >> v1:172.21.15.88:6800/221932617 conn(0x7fcf9003a6e0 legacy=0x7fcf9003cba0 unknown :-1 s=STATE_CONNECTING_RE l=1).process reconnect failed to v1:172.21.15.88:6800/221932617
2024-03-26T21:16:15.675 INFO:teuthology.orchestra.run.smithi088.stdout:/usr/bin/ceph: stderr
2024-03-26T21:16:14.637+0000 7fcfabcbc700 1 -- 172.21.15.88:0/4169767790 --> v1:172.21.15.88:6789/0 -- mon_command({"prefix": "mgr stat"} v 0) -- 0x7fcf88005c50 con 0x7fcfa4105360
2024-03-26T21:16:15.675 INFO:teuthology.orchestra.run.smithi088.stdout:/usr/bin/ceph: stderr
2024-03-26T21:16:14.637+0000 7fcf9affd700 1 -- 172.21.15.88:0/4169767790 <== mon.0 v1:172.21.15.88:6789/0 10 ==== mon_command_ack([{"prefix": "mgr stat"}]=0 v5) ==== 56+0+88 (unknown 3768197548 0 15966916) 0x7fcfa0017020 con 0x7fcfa4105360
2024-03-26T21:16:15.676 INFO:teuthology.orchestra.run.smithi088.stdout:/usr/bin/ceph: stderr
2024-03-26T21:16:14.639+0000 7fcfabcbc700 1 -- 172.21.15.88:0/4169767790 >> v1:172.21.15.88:6800/221932617 conn(0x7fcf9003a6e0 legacy=0x7fcf9003cba0 unknown :-1 s=STATE_CONNECTING l=1).mark_down
2024-03-26T21:16:15.676 INFO:teuthology.orchestra.run.smithi088.stdout:/usr/bin/ceph: stderr
2024-03-26T21:16:14.639+0000 7fcfabcbc700 1 -- 172.21.15.88:0/4169767790 >> v1:172.21.15.88:6789/0 conn(0x7fcfa4105360 legacy=0x7fcfa41027c0 unknown :-1 s=STATE_CONNECTION_ESTABLISHED l=1).mark_down
2024-03-26T21:16:15.676 INFO:teuthology.orchestra.run.smithi088.stdout:/usr/bin/ceph: stderr
2024-03-26T21:16:14.639+0000 7fcfabcbc700 1 -- 172.21.15.88:0/4169767790 shutdown_connections
2024-03-26T21:16:15.676 INFO:teuthology.orchestra.run.smithi088.stdout:/usr/bin/ceph: stderr
2024-03-26T21:16:14.639+0000 7fcfabcbc700 1 -- 172.21.15.88:0/4169767790 >> 172.21.15.88:0/4169767790 conn(0x7fcfa41008c0 msgr2=0x7fcfa4078fe0 unknown :-1 s=STATE_NONE l=0).mark_down
2024-03-26T21:16:15.676 INFO:teuthology.orchestra.run.smithi088.stdout:/usr/bin/ceph: stderr
2024-03-26T21:16:14.639+0000 7fcfabcbc700 1 -- 172.21.15.88:0/4169767790 shutdown_connections
2024-03-26T21:16:15.676 INFO:teuthology.orchestra.run.smithi088.stdout:/usr/bin/ceph: stderr
2024-03-26T21:16:14.639+0000 7fcfabcbc700 1 -- 172.21.15.88:0/4169767790 wait complete.
2024-03-26T21:16:15.676 INFO:teuthology.orchestra.run.smithi088.stdout:Waiting for the mgr to restart...
2024-03-26T21:16:15.676 INFO:teuthology.orchestra.run.smithi088.stdout:Waiting for mgr epoch 5...
2024-03-26T21:16:15.793 INFO:journalctl@ceph.mgr.y.smithi088.stdout:Mar 26 21:16:15 smithi088 ceph-e240a1a4-ebb5-11ee-95d0-87774f69a715-mgr-y[30334]:
2024-03-26T21:16:15.507+0000 7f8a22548200 -1 mgr[py] Module pg_autoscaler has missing NOTIFY_TYPES member
2024-03-26T21:16:15.793 INFO:journalctl@ceph.mgr.y.smithi088.stdout:Mar 26 21:16:15 smithi088 ceph-e240a1a4-ebb5-11ee-95d0-87774f69a715-mgr-y[30334]:
2024-03-26T21:16:15.686+0000 7f8a22548200 -1 mgr[py] Module devicehealth has missing NOTIFY_TYPES member
2024-03-26T21:16:16.984 INFO:journalctl@ceph.mgr.y.smithi088.stdout:Mar 26 21:16:16 smithi088 ceph-e240a1a4-ebb5-11ee-95d0-87774f69a715-mgr-y[30334]:
2024-03-26T21:16:16.662+0000 7f8a22548200 -1 mgr[py] Module rook has missing NOTIFY_TYPES member
2024-03-26T21:16:16.984 INFO:journalctl@ceph.mgr.y.smithi088.stdout:Mar 26 21:16:16 smithi088 ceph-e240a1a4-ebb5-11ee-95d0-87774f69a715-mgr-y[30334]:
2024-03-26T21:16:16.790+0000 7f8a22548200 -1 mgr[py] Module diskprediction_local has missing NOTIFY_TYPES member
2024-03-26T21:16:17.397 INFO:journalctl@ceph.mgr.y.smithi088.stdout:Mar 26 21:16:17 smithi088 ceph-e240a1a4-ebb5-11ee-95d0-87774f69a715-mgr-y[30334]:
2024-03-26T21:16:17.122+0000 7f8a22548200 -1 mgr[py] Module selftest has missing NOTIFY_TYPES member
2024-03-26T21:16:17.397 INFO:journalctl@ceph.mgr.y.smithi088.stdout:Mar 26 21:16:17 smithi088 ceph-e240a1a4-ebb5-11ee-95d0-87774f69a715-mgr-y[30334]:
2024-03-26T21:16:17.210+0000 7f8a22548200 -1 mgr[py] Module telegraf has missing NOTIFY_TYPES member
2024-03-26T21:16:17.397 INFO:journalctl@ceph.mgr.y.smithi088.stdout:Mar 26 21:16:17 smithi088 ceph-e240a1a4-ebb5-11ee-95d0-87774f69a715-mgr-y[30334]:
2024-03-26T21:16:17.403+0000 7f8a22548200 -1 mgr[py] Module test_orchestrator has missing NOTIFY_TYPES member
2024-03-26T21:16:17.734 INFO:journalctl@ceph.mgr.y.smithi088.stdout:Mar 26 21:16:17 smithi088 ceph-e240a1a4-ebb5-11ee-95d0-87774f69a715-mgr-y[30334]:
2024-03-26T21:16:17.587+0000 7f8a22548200 -1 mgr[py] Module crash has missing NOTIFY_TYPES member
2024-03-26T21:16:18.120 INFO:journalctl@ceph.mgr.y.smithi088.stdout:Mar 26 21:16:17 smithi088 ceph-e240a1a4-ebb5-11ee-95d0-87774f69a715-mgr-y[30334]:
2024-03-26T21:16:17.868+0000 7f8a22548200 -1 mgr[py] Module orchestrator has missing NOTIFY_TYPES member
2024-03-26T21:16:18.120 INFO:journalctl@ceph.mgr.y.smithi088.stdout:Mar 26 21:16:18 smithi088 ceph-e240a1a4-ebb5-11ee-95d0-87774f69a715-mgr-y[30334]:
2024-03-26T21:16:18.126+0000 7f8a22548200 -1 mgr[py] Module osd_support has missing NOTIFY_TYPES member
2024-03-26T21:16:18.484 INFO:journalctl@ceph.mgr.y.smithi088.stdout:Mar 26 21:16:18 smithi088 ceph-e240a1a4-ebb5-11ee-95d0-87774f69a715-mgr-y[30334]:
2024-03-26T21:16:18.362+0000 7f8a22548200 -1 mgr[py] Module volumes has missing NOTIFY_TYPES member
2024-03-26T21:16:19.485 INFO:journalctl@ceph.mgr.y.smithi088.stdout:Mar 26 21:16:19 smithi088 ceph-e240a1a4-ebb5-11ee-95d0-87774f69a715-mgr-y[30334]:
2024-03-26T21:16:19.153+0000 7f8a22548200 -1 mgr[py] Module telemetry has missing NOTIFY_TYPES member
2024-03-26T21:16:19.984 INFO:journalctl@ceph.mgr.y.smithi088.stdout:Mar 26 21:16:19 smithi088 ceph-e240a1a4-ebb5-11ee-95d0-87774f69a715-mgr-y[30334]:
2024-03-26T21:16:19.718+0000 7f8a22548200 -1 mgr[py] Module prometheus has missing NOTIFY_TYPES member
2024-03-26T21:16:19.984 INFO:journalctl@ceph.mgr.y.smithi088.stdout:Mar 26 21:16:19 smithi088 ceph-e240a1a4-ebb5-11ee-95d0-87774f69a715-mgr-y[30334]:
2024-03-26T21:16:19.815+0000 7f8a22548200 -1 mgr[py] Module status has missing NOTIFY_TYPES member
2024-03-26T21:16:20.484 INFO:journalctl@ceph.mgr.y.smithi088.stdout:Mar 26 21:16:20 smithi088 ceph-e240a1a4-ebb5-11ee-95d0-87774f69a715-mgr-y[30334]:
2024-03-26T21:16:20.029+0000 7f8a22548200 -1 mgr[py] Module nfs has missing NOTIFY_TYPES member
2024-03-26T21:16:20.484 INFO:journalctl@ceph.mon.a.smithi088.stdout:Mar 26 21:16:20 smithi088 ceph-mon[30075]: Active manager daemon y restarted
2024-03-26T21:16:20.484 INFO:journalctl@ceph.mon.a.smithi088.stdout:Mar 26 21:16:20 smithi088 ceph-mon[30075]: Activating manager daemon y
2024-03-26T21:16:20.484 INFO:journalctl@ceph.mon.a.smithi088.stdout:Mar 26 21:16:20 smithi088 ceph-mon[30075]: osdmap e2: 0 total, 0 up, 0 in
2024-03-26T21:16:20.484 INFO:journalctl@ceph.mon.a.smithi088.stdout:Mar 26 21:16:20 smithi088 ceph-mon[30075]: mgrmap e6: y(active, starting, since 0.00339023s)
2024-03-26T21:16:20.484 INFO:journalctl@ceph.mon.a.smithi088.stdout:Mar 26 21:16:20 smithi088 ceph-mon[30075]: from='mgr.14118 v1:172.21.15.88:0/64777244' entity='mgr.y' cmd=[{"prefix": "mon metadata", "id": "a"}]: dispatch
2024-03-26T21:16:20.484 INFO:journalctl@ceph.mon.a.smithi088.stdout:Mar 26 21:16:20 smithi088 ceph-mon[30075]: from='mgr.14118 v1:172.21.15.88:0/64777244' entity='mgr.y' cmd=[{"prefix": "mgr metadata", "who": "y", "id": "y"}]: dispatch
2024-03-26T21:16:20.484 INFO:journalctl@ceph.mon.a.smithi088.stdout:Mar 26 21:16:20 smithi088 ceph-mon[30075]: from='mgr.14118 v1:172.21.15.88:0/64777244' entity='mgr.y' cmd=[{"prefix": "mds metadata"}]: dispatch
2024-03-26T21:16:20.485 INFO:journalctl@ceph.mon.a.smithi088.stdout:Mar 26 21:16:20 smithi088 ceph-mon[30075]: from='mgr.14118 v1:172.21.15.88:0/64777244' entity='mgr.y' cmd=[{"prefix": "osd metadata"}]: dispatch
2024-03-26T21:16:20.485 INFO:journalctl@ceph.mon.a.smithi088.stdout:Mar 26 21:16:20 smithi088 ceph-mon[30075]: from='mgr.14118 v1:172.21.15.88:0/64777244' entity='mgr.y' cmd=[{"prefix": "mon metadata"}]: dispatch
2024-03-26T21:16:20.485 INFO:journalctl@ceph.mon.a.smithi088.stdout:Mar 26 21:16:20 smithi088 ceph-mon[30075]: Manager daemon y is now available
2024-03-26T21:16:20.485 INFO:journalctl@ceph.mon.a.smithi088.stdout:Mar 26 21:16:20 smithi088 ceph-mon[30075]: from='mgr.14118 v1:172.21.15.88:0/64777244' entity='mgr.y'
2024-03-26T21:16:20.485 INFO:journalctl@ceph.mon.a.smithi088.stdout:Mar 26 21:16:20 smithi088 ceph-mon[30075]: from='mgr.14118 v1:172.21.15.88:0/64777244' entity='mgr.y'
2024-03-26T21:16:20.485 INFO:journalctl@ceph.mon.a.smithi088.stdout:Mar 26 21:16:20 smithi088 ceph-mon[30075]: from='mgr.14118 v1:172.21.15.88:0/64777244' entity='mgr.y' cmd=[{"prefix": "config dump", "format": "json"}]: dispatch
2024-03-26T21:16:20.485 INFO:journalctl@ceph.mon.a.smithi088.stdout:Mar 26 21:16:20 smithi088 ceph-mon[30075]: from='mgr.14118 v1:172.21.15.88:0/64777244' entity='mgr.y' cmd=[{"prefix": "config dump", "format": "json"}]: dispatch
2024-03-26T21:16:21.344 INFO:journalctl@ceph.mon.a.smithi088.stdout:Mar 26 21:16:21 smithi088 ceph-mon[30075]: Found migration_current of "None". Setting to last migration.
2024-03-26T21:16:21.344 INFO:journalctl@ceph.mon.a.smithi088.stdout:Mar 26 21:16:21 smithi088 ceph-mon[30075]: from='mgr.14118 v1:172.21.15.88:0/64777244' entity='mgr.y' cmd=[{"prefix":"config rm","who":"mgr","name":"mgr/rbd_support/y/mirror_snapshot_schedule"}]: dispatch
2024-03-26T21:16:21.344 INFO:journalctl@ceph.mon.a.smithi088.stdout:Mar 26 21:16:21 smithi088 ceph-mon[30075]: from='mgr.14118 v1:172.21.15.88:0/64777244' entity='mgr.y' cmd=[{"prefix":"config rm","who":"mgr","name":"mgr/rbd_support/y/trash_purge_schedule"}]: dispatch
2024-03-26T21:16:21.344 INFO:journalctl@ceph.mon.a.smithi088.stdout:Mar 26 21:16:21 smithi088 ceph-mon[30075]: mgrmap e7: y(active, since 1.00595s)
2024-03-26T21:16:21.638 INFO:teuthology.orchestra.run.smithi088.stdout:/usr/bin/ceph: stdout {
2024-03-26T21:16:21.639 INFO:teuthology.orchestra.run.smithi088.stdout:/usr/bin/ceph: stdout "mgrmap_epoch": 7,
2024-03-26T21:16:21.639 INFO:teuthology.orchestra.run.smithi088.stdout:/usr/bin/ceph: stdout "initialized": true
2024-03-26T21:16:21.639 INFO:teuthology.orchestra.run.smithi088.stdout:/usr/bin/ceph: stdout }
2024-03-26T21:16:21.639 INFO:teuthology.orchestra.run.smithi088.stdout:/usr/bin/ceph: stderr
2024-03-26T21:16:16.141+0000 7f3690d8d700 1 Processor -- start
2024-03-26T21:16:21.639 INFO:teuthology.orchestra.run.smithi088.stdout:/usr/bin/ceph: stderr
2024-03-26T21:16:16.141+0000 7f3690d8d700 1 -- start start
2024-03-26T21:16:21.639 INFO:teuthology.orchestra.run.smithi088.stdout:/usr/bin/ceph: stderr
2024-03-26T21:16:16.141+0000 7f3690d8d700 1 -- --> v1:172.21.15.88:6789/0 -- auth(proto 0 34 bytes epoch 0) -- 0x7f368c07a710 con 0x7f368c106f50
2024-03-26T21:16:21.639 INFO:teuthology.orchestra.run.smithi088.stdout:/usr/bin/ceph: stderr
2024-03-26T21:16:16.141+0000 7f368a59c700 1 --1- >> v1:172.21.15.88:6789/0 conn(0x7f368c106f50 0x7f368c109340 :-1 s=CONNECTING_WAIT_BANNER_AND_IDENTIFY pgs=0 cs=0 l=0).handle_server_banner_and_identify peer v1:172.21.15.88:6789/0 says I am v1:172.21.15.88:42628/0 (socket says 172.21.15.88:42628)
2024-03-26T21:16:21.639 INFO:teuthology.orchestra.run.smithi088.stdout:/usr/bin/ceph: stderr
2024-03-26T21:16:16.141+0000 7f368a59c700 1 -- 172.21.15.88:0/3193507034 learned_addr learned my addr 172.21.15.88:0/3193507034 (peer_addr_for_me v1:172.21.15.88:0/0)
2024-03-26T21:16:21.639 INFO:teuthology.orchestra.run.smithi088.stdout:/usr/bin/ceph: stderr
2024-03-26T21:16:16.141+0000 7f368959a700 1 -- 172.21.15.88:0/3193507034 <== mon.0 v1:172.21.15.88:6789/0 1 ==== auth_reply(proto 2 0 (0) Success) ==== 33+0+0 (unknown 3077066678 0 0) 0x7f368c07a710 con 0x7f368c106f50
2024-03-26T21:16:21.640 INFO:teuthology.orchestra.run.smithi088.stdout:/usr/bin/ceph: stderr
2024-03-26T21:16:16.141+0000 7f368959a700 1 -- 172.21.15.88:0/3193507034 --> v1:172.21.15.88:6789/0 -- auth(proto 2 36 bytes epoch 0) -- 0x7f36740035b0 con 0x7f368c106f50
2024-03-26T21:16:21.640 INFO:teuthology.orchestra.run.smithi088.stdout:/usr/bin/ceph: stderr
2024-03-26T21:16:16.142+0000 7f368959a700 1 -- 172.21.15.88:0/3193507034 <== mon.0 v1:172.21.15.88:6789/0 2 ==== auth_reply(proto 2 0 (0) Success) ==== 214+0+0 (unknown 20051457 0 0) 0x7f36740035b0 con 0x7f368c106f50
2024-03-26T21:16:21.640 INFO:teuthology.orchestra.run.smithi088.stdout:/usr/bin/ceph: stderr
2024-03-26T21:16:16.142+0000 7f368959a700 1 -- 172.21.15.88:0/3193507034 --> v1:172.21.15.88:6789/0 -- mon_subscribe({config=0+,monmap=0+}) -- 0x7f368c10ba70 con 0x7f368c106f50
2024-03-26T21:16:21.640 INFO:teuthology.orchestra.run.smithi088.stdout:/usr/bin/ceph: stderr
2024-03-26T21:16:16.142+0000 7f368959a700 1 -- 172.21.15.88:0/3193507034 <== mon.0 v1:172.21.15.88:6789/0 3 ==== mon_map magic: 0 ==== 170+0+0 (unknown 1272412332 0 0) 0x7f367c001580 con 0x7f368c106f50
2024-03-26T21:16:21.640 INFO:teuthology.orchestra.run.smithi088.stdout:/usr/bin/ceph: stderr
2024-03-26T21:16:16.142+0000 7f368959a700 1 -- 172.21.15.88:0/3193507034 <== mon.0 v1:172.21.15.88:6789/0 4 ==== config(25 keys) ==== 1037+0+0 (unknown 1290344078 0 0) 0x7f367c001c50 con 0x7f368c106f50
2024-03-26T21:16:21.640 INFO:teuthology.orchestra.run.smithi088.stdout:/usr/bin/ceph: stderr
2024-03-26T21:16:16.142+0000 7f368959a700 1 -- 172.21.15.88:0/3193507034 <== mon.0 v1:172.21.15.88:6789/0 5 ==== mon_map magic: 0 ==== 170+0+0 (unknown 1272412332 0 0) 0x7f367c005960 con 0x7f368c106f50
2024-03-26T21:16:21.640 INFO:teuthology.orchestra.run.smithi088.stdout:/usr/bin/ceph: stderr
2024-03-26T21:16:16.142+0000 7f3690d8d700 1 -- 172.21.15.88:0/3193507034 >> v1:172.21.15.88:6789/0 conn(0x7f368c106f50 legacy=0x7f368c109340 unknown :-1 s=STATE_CONNECTION_ESTABLISHED l=1).mark_down
2024-03-26T21:16:21.640 INFO:teuthology.orchestra.run.smithi088.stdout:/usr/bin/ceph: stderr
2024-03-26T21:16:16.143+0000 7f3690d8d700 1 -- 172.21.15.88:0/3193507034 shutdown_connections
2024-03-26T21:16:21.640 INFO:teuthology.orchestra.run.smithi088.stdout:/usr/bin/ceph: stderr
2024-03-26T21:16:16.143+0000 7f3690d8d700 1 -- 172.21.15.88:0/3193507034 >> 172.21.15.88:0/3193507034 conn(0x7f368c100960 msgr2=0x7f368c102d80 unknown :-1 s=STATE_NONE l=0).mark_down
2024-03-26T21:16:21.640 INFO:teuthology.orchestra.run.smithi088.stdout:/usr/bin/ceph: stderr
2024-03-26T21:16:16.143+0000 7f3690d8d700 1 -- 172.21.15.88:0/3193507034 shutdown_connections
2024-03-26T21:16:21.640 INFO:teuthology.orchestra.run.smithi088.stdout:/usr/bin/ceph: stderr
2024-03-26T21:16:16.143+0000 7f3690d8d700 1 -- 172.21.15.88:0/3193507034 wait complete.
2024-03-26T21:16:21.640 INFO:teuthology.orchestra.run.smithi088.stdout:/usr/bin/ceph: stderr
2024-03-26T21:16:16.143+0000 7f3690d8d700 1 Processor -- start
2024-03-26T21:16:21.641 INFO:teuthology.orchestra.run.smithi088.stdout:/usr/bin/ceph: stderr
2024-03-26T21:16:16.143+0000 7f3690d8d700 1 -- start start
2024-03-26T21:16:21.641 INFO:teuthology.orchestra.run.smithi088.stdout:/usr/bin/ceph: stderr
2024-03-26T21:16:16.143+0000 7f3690d8d700 1 -- --> v1:172.21.15.88:6789/0 -- auth(proto 0 34 bytes epoch 0) -- 0x7f368c19a800 con 0x7f368c106f50
2024-03-26T21:16:21.641 INFO:teuthology.orchestra.run.smithi088.stdout:/usr/bin/ceph: stderr
2024-03-26T21:16:16.144+0000 7f368a59c700 1 --1- >> v1:172.21.15.88:6789/0 conn(0x7f368c106f50 0x7f368c19a0f0 :-1 s=CONNECTING_WAIT_BANNER_AND_IDENTIFY pgs=0 cs=0 l=1).handle_server_banner_and_identify peer v1:172.21.15.88:6789/0 says I am v1:172.21.15.88:42644/0 (socket says 172.21.15.88:42644)
2024-03-26T21:16:21.641 INFO:teuthology.orchestra.run.smithi088.stdout:/usr/bin/ceph: stderr
2024-03-26T21:16:16.144+0000 7f368a59c700 1 -- 172.21.15.88:0/1673320166 learned_addr learned my addr 172.21.15.88:0/1673320166 (peer_addr_for_me v1:172.21.15.88:0/0)
2024-03-26T21:16:21.641 INFO:teuthology.orchestra.run.smithi088.stdout:/usr/bin/ceph: stderr
2024-03-26T21:16:16.144+0000 7f367b7fe700 1 -- 172.21.15.88:0/1673320166 <== mon.0 v1:172.21.15.88:6789/0 1 ==== auth_reply(proto 2 0 (0) Success) ==== 33+0+0 (unknown 3843030041 0 0) 0x7f368c19a800 con 0x7f368c106f50
2024-03-26T21:16:21.641 INFO:teuthology.orchestra.run.smithi088.stdout:/usr/bin/ceph: stderr
2024-03-26T21:16:16.144+0000 7f367b7fe700 1 -- 172.21.15.88:0/1673320166 --> v1:172.21.15.88:6789/0 -- auth(proto 2 36 bytes epoch 0) -- 0x7f3674005580 con 0x7f368c106f50
2024-03-26T21:16:21.641 INFO:teuthology.orchestra.run.smithi088.stdout:/usr/bin/ceph: stderr
2024-03-26T21:16:16.144+0000 7f367b7fe700 1 -- 172.21.15.88:0/1673320166 <== mon.0 v1:172.21.15.88:6789/0 2 ==== auth_reply(proto 2 0 (0) Success) ==== 764+0+0 (unknown 555860015 0 0) 0x7f3674005580 con 0x7f368c106f50
2024-03-26T21:16:21.641 INFO:teuthology.orchestra.run.smithi088.stdout:/usr/bin/ceph: stderr
2024-03-26T21:16:16.144+0000 7f367b7fe700 1 -- 172.21.15.88:0/1673320166 --> v1:172.21.15.88:6789/0 -- auth(proto 2 165 bytes epoch 0) -- 0x7f368c19a800 con 0x7f368c106f50
2024-03-26T21:16:21.641 INFO:teuthology.orchestra.run.smithi088.stdout:/usr/bin/ceph: stderr
2024-03-26T21:16:16.144+0000 7f367b7fe700 1 -- 172.21.15.88:0/1673320166 <== mon.0 v1:172.21.15.88:6789/0 3 ==== mon_map magic: 0 ==== 170+0+0 (unknown 1272412332 0 0) 0x7f367c001080 con 0x7f368c106f50
2024-03-26T21:16:21.641 INFO:teuthology.orchestra.run.smithi088.stdout:/usr/bin/ceph: stderr
2024-03-26T21:16:16.144+0000 7f367b7fe700 1 -- 172.21.15.88:0/1673320166 <== mon.0 v1:172.21.15.88:6789/0 4 ==== auth_reply(proto 2 0 (0) Success) ==== 580+0+0 (unknown 2069622111 0 0) 0x7f368c19a800 con 0x7f368c106f50
2024-03-26T21:16:21.641 INFO:teuthology.orchestra.run.smithi088.stdout:/usr/bin/ceph: stderr
2024-03-26T21:16:16.144+0000 7f367b7fe700 1 -- 172.21.15.88:0/1673320166 --> v1:172.21.15.88:6789/0 -- mon_subscribe({config=0+,monmap=0+}) -- 0x7f368c19a9d0 con 0x7f368c106f50
2024-03-26T21:16:21.641 INFO:teuthology.orchestra.run.smithi088.stdout:/usr/bin/ceph: stderr
2024-03-26T21:16:16.144+0000 7f3690d8d700 1 -- 172.21.15.88:0/1673320166 --> v1:172.21.15.88:6789/0 -- mon_subscribe({mgrmap=0+}) -- 0x7f368c19acc0 con 0x7f368c106f50
2024-03-26T21:16:21.642 INFO:teuthology.orchestra.run.smithi088.stdout:/usr/bin/ceph: stderr
2024-03-26T21:16:16.144+0000 7f3690d8d700 1 -- 172.21.15.88:0/1673320166 --> v1:172.21.15.88:6789/0 -- mon_subscribe({osdmap=0}) -- 0x7f368c19e810 con 0x7f368c106f50
2024-03-26T21:16:21.642 INFO:teuthology.orchestra.run.smithi088.stdout:/usr/bin/ceph: stderr
2024-03-26T21:16:16.144+0000 7f367b7fe700 1 -- 172.21.15.88:0/1673320166 <== mon.0 v1:172.21.15.88:6789/0 5 ==== config(25 keys) ==== 1037+0+0 (unknown 1290344078 0 0) 0x7f367c0049d0 con 0x7f368c106f50
2024-03-26T21:16:21.642 INFO:teuthology.orchestra.run.smithi088.stdout:/usr/bin/ceph: stderr
2024-03-26T21:16:16.144+0000 7f367b7fe700 1 -- 172.21.15.88:0/1673320166 <== mon.0 v1:172.21.15.88:6789/0 6 ==== mon_map magic: 0 ==== 170+0+0 (unknown 1272412332 0 0) 0x7f367c0062f0 con 0x7f368c106f50
2024-03-26T21:16:21.642 INFO:teuthology.orchestra.run.smithi088.stdout:/usr/bin/ceph: stderr
2024-03-26T21:16:16.145+0000 7f367b7fe700 1 -- 172.21.15.88:0/1673320166 <== mon.0 v1:172.21.15.88:6789/0 7 ==== mgrmap(e 5) ==== 46431+0+0 (unknown 2967675786 0 0) 0x7f367c011a20 con 0x7f368c106f50
2024-03-26T21:16:21.642 INFO:teuthology.orchestra.run.smithi088.stdout:/usr/bin/ceph: stderr
2024-03-26T21:16:16.145+0000 7f367b7fe700 1 -- 172.21.15.88:0/1673320166 --> v1:172.21.15.88:6800/221932617 -- command(tid 0: {"prefix": "get_command_descriptions"}) -- 0x7f367c001080 con 0x7f367403a7e0
2024-03-26T21:16:21.642 INFO:teuthology.orchestra.run.smithi088.stdout:/usr/bin/ceph: stderr
2024-03-26T21:16:16.145+0000 7f367b7fe700 1 -- 172.21.15.88:0/1673320166 <== mon.0 v1:172.21.15.88:6789/0 8 ==== osd_map(1..1 src has 1..1) ==== 725+0+0 (unknown 1910167797 0 0) 0x7f367c047fa0 con 0x7f368c106f50
2024-03-26T21:16:21.642 INFO:teuthology.orchestra.run.smithi088.stdout:/usr/bin/ceph: stderr
2024-03-26T21:16:16.145+0000 7f3689d9b700 1 -- 172.21.15.88:0/1673320166 >> v1:172.21.15.88:6800/221932617 conn(0x7f367403a7e0 legacy=0x7f367403cca0 unknown :-1 s=STATE_CONNECTING_RE l=1).process reconnect failed to v1:172.21.15.88:6800/221932617
2024-03-26T21:16:21.643 INFO:teuthology.orchestra.run.smithi088.stdout:/usr/bin/ceph: stderr
2024-03-26T21:16:16.346+0000 7f3689d9b700 1 -- 172.21.15.88:0/1673320166 >> v1:172.21.15.88:6800/221932617 conn(0x7f367403a7e0 legacy=0x7f367403cca0 unknown :-1 s=STATE_CONNECTING_RE l=1).process reconnect failed to v1:172.21.15.88:6800/221932617
2024-03-26T21:16:21.643 INFO:teuthology.orchestra.run.smithi088.stdout:/usr/bin/ceph: stderr
2024-03-26T21:16:16.747+0000 7f3689d9b700 1 -- 172.21.15.88:0/1673320166 >> v1:172.21.15.88:6800/221932617 conn(0x7f367403a7e0 legacy=0x7f367403cca0 unknown :-1 s=STATE_CONNECTING_RE l=1).process reconnect failed to v1:172.21.15.88:6800/221932617
2024-03-26T21:16:21.643 INFO:teuthology.orchestra.run.smithi088.stdout:/usr/bin/ceph: stderr
2024-03-26T21:16:17.548+0000 7f3689d9b700 1 -- 172.21.15.88:0/1673320166 >> v1:172.21.15.88:6800/221932617 conn(0x7f367403a7e0 legacy=0x7f367403cca0 unknown :-1 s=STATE_CONNECTING_RE l=1).process reconnect failed to v1:172.21.15.88:6800/221932617
2024-03-26T21:16:21.643 INFO:teuthology.orchestra.run.smithi088.stdout:/usr/bin/ceph: stderr
2024-03-26T21:16:19.149+0000 7f3689d9b700 1 -- 172.21.15.88:0/1673320166 >> v1:172.21.15.88:6800/221932617 conn(0x7f367403a7e0 legacy=0x7f367403cca0 unknown :-1 s=STATE_CONNECTING_RE l=1).process reconnect failed to v1:172.21.15.88:6800/221932617
2024-03-26T21:16:21.643 INFO:teuthology.orchestra.run.smithi088.stdout:/usr/bin/ceph: stderr
2024-03-26T21:16:20.044+0000 7f367b7fe700 1 -- 172.21.15.88:0/1673320166 <== mon.0 v1:172.21.15.88:6789/0 9 ==== mgrmap(e 6) ==== 46233+0+0 (unknown 3563312256 0 0) 0x7f367c005bf0 con 0x7f368c106f50
2024-03-26T21:16:21.643 INFO:teuthology.orchestra.run.smithi088.stdout:/usr/bin/ceph: stderr
2024-03-26T21:16:20.044+0000 7f367b7fe700 1 -- 172.21.15.88:0/1673320166 >> v1:172.21.15.88:6800/221932617 conn(0x7f367403a7e0 legacy=0x7f367403cca0 unknown :-1 s=STATE_CONNECTING l=1).mark_down
2024-03-26T21:16:21.643 INFO:teuthology.orchestra.run.smithi088.stdout:/usr/bin/ceph: stderr
2024-03-26T21:16:21.044+0000 7f367b7fe700 1 -- 172.21.15.88:0/1673320166 <== mon.0 v1:172.21.15.88:6789/0 10 ==== mgrmap(e 7) ==== 46325+0+0 (unknown 622173267 0 0) 0x7f367c049210 con 0x7f368c106f50
2024-03-26T21:16:21.643 INFO:teuthology.orchestra.run.smithi088.stdout:/usr/bin/ceph: stderr
2024-03-26T21:16:21.044+0000 7f367b7fe700 1 -- 172.21.15.88:0/1673320166 --> v1:172.21.15.88:6800/3808082170 -- command(tid 0: {"prefix": "get_command_descriptions"}) -- 0x7f367c001080 con 0x7f367403efb0
2024-03-26T21:16:21.643 INFO:teuthology.orchestra.run.smithi088.stdout:/usr/bin/ceph: stderr
2024-03-26T21:16:21.046+0000 7f367b7fe700 1 -- 172.21.15.88:0/1673320166 <== mgr.14118 v1:172.21.15.88:6800/3808082170 1 ==== command_reply(tid 0: 0 ) ==== 8+0+7774 (unknown 0 0 4109177037) 0x7f367c001080 con 0x7f367403efb0
2024-03-26T21:16:21.643 INFO:teuthology.orchestra.run.smithi088.stdout:/usr/bin/ceph: stderr
2024-03-26T21:16:21.052+0000 7f3690d8d700 1 -- 172.21.15.88:0/1673320166 --> v1:172.21.15.88:6800/3808082170 -- command(tid 1: {"prefix": "mgr_status"}) -- 0x7f368c10b5b0 con 0x7f367403efb0
2024-03-26T21:16:21.643 INFO:teuthology.orchestra.run.smithi088.stdout:/usr/bin/ceph: stderr
2024-03-26T21:16:21.052+0000 7f367b7fe700 1 -- 172.21.15.88:0/1673320166 <== mgr.14118 v1:172.21.15.88:6800/3808082170 2 ==== command_reply(tid 1: 0 ) ==== 8+0+51 (unknown 0 0 96372106) 0x7f368c10b5b0 con 0x7f367403efb0
2024-03-26T21:16:21.644 INFO:teuthology.orchestra.run.smithi088.stdout:/usr/bin/ceph: stderr
2024-03-26T21:16:21.052+0000 7f3690d8d700 1 -- 172.21.15.88:0/1673320166 >> v1:172.21.15.88:6800/3808082170 conn(0x7f367403efb0 legacy=0x7f36740413a0 unknown :-1 s=STATE_CONNECTION_ESTABLISHED l=1).mark_down
2024-03-26T21:16:21.644 INFO:teuthology.orchestra.run.smithi088.stdout:/usr/bin/ceph: stderr
2024-03-26T21:16:21.052+0000 7f3690d8d700 1 -- 172.21.15.88:0/1673320166 >> v1:172.21.15.88:6789/0 conn(0x7f368c106f50 legacy=0x7f368c19a0f0 unknown :-1 s=STATE_CONNECTION_ESTABLISHED l=1).mark_down
2024-03-26T21:16:21.644 INFO:teuthology.orchestra.run.smithi088.stdout:/usr/bin/ceph: stderr
2024-03-26T21:16:21.053+0000 7f3690d8d700 1 -- 172.21.15.88:0/1673320166 shutdown_connections
2024-03-26T21:16:21.644 INFO:teuthology.orchestra.run.smithi088.stdout:/usr/bin/ceph: stderr
2024-03-26T21:16:21.053+0000 7f3690d8d700 1 -- 172.21.15.88:0/1673320166 >> 172.21.15.88:0/1673320166 conn(0x7f368c100960 msgr2=0x7f368c190ce0 unknown :-1 s=STATE_NONE l=0).mark_down
2024-03-26T21:16:21.644 INFO:teuthology.orchestra.run.smithi088.stdout:/usr/bin/ceph: stderr
2024-03-26T21:16:21.053+0000 7f3690d8d700 1 -- 172.21.15.88:0/1673320166 shutdown_connections
2024-03-26T21:16:21.644 INFO:teuthology.orchestra.run.smithi088.stdout:/usr/bin/ceph: stderr
2024-03-26T21:16:21.053+0000 7f3690d8d700 1 -- 172.21.15.88:0/1673320166 wait complete.
2024-03-26T21:16:21.644 INFO:teuthology.orchestra.run.smithi088.stdout:mgr epoch 5 is available
2024-03-26T21:16:21.645 INFO:teuthology.orchestra.run.smithi088.stdout:Setting orchestrator backend to cephadm...
2024-03-26T21:16:22.234 INFO:journalctl@ceph.mon.a.smithi088.stdout:Mar 26 21:16:22 smithi088 ceph-mon[30075]: from='client.14122 v1:172.21.15.88:0/1673320166' entity='client.admin' cmd=[{"prefix": "get_command_descriptions"}]: dispatch
2024-03-26T21:16:22.234 INFO:journalctl@ceph.mon.a.smithi088.stdout:Mar 26 21:16:22 smithi088 ceph-mon[30075]: from='client.14122 v1:172.21.15.88:0/1673320166' entity='client.admin' cmd=[{"prefix": "mgr_status"}]: dispatch
2024-03-26T21:16:22.234 INFO:journalctl@ceph.mon.a.smithi088.stdout:Mar 26 21:16:22 smithi088 ceph-mon[30075]: from='mgr.14118 v1:172.21.15.88:0/64777244' entity='mgr.y'
2024-03-26T21:16:22.234 INFO:journalctl@ceph.mon.a.smithi088.stdout:Mar 26 21:16:22 smithi088 ceph-mon[30075]: from='mgr.14118 v1:172.21.15.88:0/64777244' entity='mgr.y'
2024-03-26T21:16:22.234 INFO:journalctl@ceph.mon.a.smithi088.stdout:Mar 26 21:16:22 smithi088 ceph-mon[30075]: from='mgr.14118 v1:172.21.15.88:0/64777244' entity='mgr.y' cmd=[{"prefix": "config dump", "format": "json"}]: dispatch
2024-03-26T21:16:22.941 INFO:teuthology.orchestra.run.smithi088.stdout:/usr/bin/ceph: stderr
2024-03-26T21:16:22.089+0000 7f498b16a700 1 Processor -- start
2024-03-26T21:16:22.942 INFO:teuthology.orchestra.run.smithi088.stdout:/usr/bin/ceph: stderr
2024-03-26T21:16:22.089+0000 7f498b16a700 1 -- start start
2024-03-26T21:16:22.942 INFO:teuthology.orchestra.run.smithi088.stdout:/usr/bin/ceph: stderr
2024-03-26T21:16:22.089+0000 7f498b16a700 1 -- --> v1:172.21.15.88:6789/0 -- auth(proto 0 34 bytes epoch 0) -- 0x7f498407a710 con 0x7f4984106f00
2024-03-26T21:16:22.942 INFO:teuthology.orchestra.run.smithi088.stdout:/usr/bin/ceph: stderr
2024-03-26T21:16:22.089+0000 7f4988f06700 1 --1- >> v1:172.21.15.88:6789/0 conn(0x7f4984106f00 0x7f49841092f0 :-1 s=CONNECTING_WAIT_BANNER_AND_IDENTIFY pgs=0 cs=0 l=0).handle_server_banner_and_identify peer v1:172.21.15.88:6789/0 says I am v1:172.21.15.88:42716/0 (socket says 172.21.15.88:42716)
2024-03-26T21:16:22.942 INFO:teuthology.orchestra.run.smithi088.stdout:/usr/bin/ceph: stderr
2024-03-26T21:16:22.089+0000 7f4988f06700 1 -- 172.21.15.88:0/427693797 learned_addr learned my addr 172.21.15.88:0/427693797 (peer_addr_for_me v1:172.21.15.88:0/0)
