2024-03-26T21:16:45.484 INFO:journalctl@ceph.mgr.y.smithi088.stdout:Mar 26 21:16:45 smithi088 ceph-e240a1a4-ebb5-11ee-95d0-87774f69a715-mgr-y[30334]:
2024-03-26T21:16:45.095+0000 7f7d65f36200 -1 mgr[py] Module osd_support has missing NOTIFY_TYPES member
2024-03-26T21:16:45.484 INFO:journalctl@ceph.mgr.y.smithi088.stdout:Mar 26 21:16:45 smithi088 ceph-e240a1a4-ebb5-11ee-95d0-87774f69a715-mgr-y[30334]:
2024-03-26T21:16:45.334+0000 7f7d65f36200 -1 mgr[py] Module volumes has missing NOTIFY_TYPES member
2024-03-26T21:16:46.484 INFO:journalctl@ceph.mgr.y.smithi088.stdout:Mar 26 21:16:46 smithi088 ceph-e240a1a4-ebb5-11ee-95d0-87774f69a715-mgr-y[30334]:
2024-03-26T21:16:46.141+0000 7f7d65f36200 -1 mgr[py] Module telemetry has missing NOTIFY_TYPES member
2024-03-26T21:16:46.984 INFO:journalctl@ceph.mgr.y.smithi088.stdout:Mar 26 21:16:46 smithi088 ceph-e240a1a4-ebb5-11ee-95d0-87774f69a715-mgr-y[30334]:
2024-03-26T21:16:46.734+0000 7f7d65f36200 -1 mgr[py] Module prometheus has missing NOTIFY_TYPES member
2024-03-26T21:16:46.984 INFO:journalctl@ceph.mgr.y.smithi088.stdout:Mar 26 21:16:46 smithi088 ceph-e240a1a4-ebb5-11ee-95d0-87774f69a715-mgr-y[30334]:
2024-03-26T21:16:46.832+0000 7f7d65f36200 -1 mgr[py] Module status has missing NOTIFY_TYPES member
2024-03-26T21:16:47.484 INFO:journalctl@ceph.mgr.y.smithi088.stdout:Mar 26 21:16:47 smithi088 ceph-e240a1a4-ebb5-11ee-95d0-87774f69a715-mgr-y[30334]:
2024-03-26T21:16:47.050+0000 7f7d65f36200 -1 mgr[py] Module nfs has missing NOTIFY_TYPES member
2024-03-26T21:16:47.484 INFO:journalctl@ceph.mon.a.smithi088.stdout:Mar 26 21:16:47 smithi088 ceph-mon[30075]: Active manager daemon y restarted
2024-03-26T21:16:47.484 INFO:journalctl@ceph.mon.a.smithi088.stdout:Mar 26 21:16:47 smithi088 ceph-mon[30075]: Activating manager daemon y
2024-03-26T21:16:47.484 INFO:journalctl@ceph.mon.a.smithi088.stdout:Mar 26 21:16:47 smithi088 ceph-mon[30075]: osdmap e3: 0 total, 0 up, 0 in
2024-03-26T21:16:47.485 INFO:journalctl@ceph.mon.a.smithi088.stdout:Mar 26 21:16:47 smithi088 ceph-mon[30075]: mgrmap e10: y(active, starting, since 0.00322344s)
2024-03-26T21:16:47.485 INFO:journalctl@ceph.mon.a.smithi088.stdout:Mar 26 21:16:47 smithi088 ceph-mon[30075]: from='mgr.14150 v1:172.21.15.88:0/2082342482' entity='mgr.y' cmd=[{"prefix": "mon metadata", "id": "a"}]: dispatch
2024-03-26T21:16:47.485 INFO:journalctl@ceph.mon.a.smithi088.stdout:Mar 26 21:16:47 smithi088 ceph-mon[30075]: from='mgr.14150 v1:172.21.15.88:0/2082342482' entity='mgr.y' cmd=[{"prefix": "mgr metadata", "who": "y", "id": "y"}]: dispatch
2024-03-26T21:16:47.485 INFO:journalctl@ceph.mon.a.smithi088.stdout:Mar 26 21:16:47 smithi088 ceph-mon[30075]: from='mgr.14150 v1:172.21.15.88:0/2082342482' entity='mgr.y' cmd=[{"prefix": "mds metadata"}]: dispatch
2024-03-26T21:16:47.485 INFO:journalctl@ceph.mon.a.smithi088.stdout:Mar 26 21:16:47 smithi088 ceph-mon[30075]: from='mgr.14150 v1:172.21.15.88:0/2082342482' entity='mgr.y' cmd=[{"prefix": "osd metadata"}]: dispatch
2024-03-26T21:16:47.485 INFO:journalctl@ceph.mon.a.smithi088.stdout:Mar 26 21:16:47 smithi088 ceph-mon[30075]: from='mgr.14150 v1:172.21.15.88:0/2082342482' entity='mgr.y' cmd=[{"prefix": "mon metadata"}]: dispatch
2024-03-26T21:16:47.485 INFO:journalctl@ceph.mon.a.smithi088.stdout:Mar 26 21:16:47 smithi088 ceph-mon[30075]: Manager daemon y is now available
2024-03-26T21:16:47.485 INFO:journalctl@ceph.mon.a.smithi088.stdout:Mar 26 21:16:47 smithi088 ceph-mon[30075]: from='mgr.14150 v1:172.21.15.88:0/2082342482' entity='mgr.y' cmd=[{"prefix": "config dump", "format": "json"}]: dispatch
2024-03-26T21:16:48.367 INFO:journalctl@ceph.mon.a.smithi088.stdout:Mar 26 21:16:48 smithi088 ceph-mon[30075]: from='mgr.14150 v1:172.21.15.88:0/2082342482' entity='mgr.y' cmd=[{"prefix":"config rm","who":"mgr","name":"mgr/rbd_support/y/mirror_snapshot_schedule"}]: dispatch
2024-03-26T21:16:48.368 INFO:journalctl@ceph.mon.a.smithi088.stdout:Mar 26 21:16:48 smithi088 ceph-mon[30075]: from='mgr.14150 v1:172.21.15.88:0/2082342482' entity='mgr.y' cmd=[{"prefix":"config rm","who":"mgr","name":"mgr/rbd_support/y/trash_purge_schedule"}]: dispatch
2024-03-26T21:16:48.368 INFO:journalctl@ceph.mon.a.smithi088.stdout:Mar 26 21:16:48 smithi088 ceph-mon[30075]: mgrmap e11: y(active, since 1.00524s)
2024-03-26T21:16:48.683 INFO:teuthology.orchestra.run.smithi088.stdout:/usr/bin/ceph: stdout {
2024-03-26T21:16:48.683 INFO:teuthology.orchestra.run.smithi088.stdout:/usr/bin/ceph: stdout "mgrmap_epoch": 11,
2024-03-26T21:16:48.683 INFO:teuthology.orchestra.run.smithi088.stdout:/usr/bin/ceph: stdout "initialized": true
2024-03-26T21:16:48.683 INFO:teuthology.orchestra.run.smithi088.stdout:/usr/bin/ceph: stdout }
2024-03-26T21:16:48.683 INFO:teuthology.orchestra.run.smithi088.stdout:/usr/bin/ceph: stderr
2024-03-26T21:16:42.681+0000 7ffa6faaf700 1 Processor -- start
2024-03-26T21:16:48.683 INFO:teuthology.orchestra.run.smithi088.stdout:/usr/bin/ceph: stderr
2024-03-26T21:16:42.681+0000 7ffa6faaf700 1 -- start start
2024-03-26T21:16:48.683 INFO:teuthology.orchestra.run.smithi088.stdout:/usr/bin/ceph: stderr
2024-03-26T21:16:42.681+0000 7ffa6faaf700 1 -- --> v1:172.21.15.88:6789/0 -- auth(proto 0 34 bytes epoch 0) -- 0x7ffa68079e80 con 0x7ffa68106f10
2024-03-26T21:16:48.683 INFO:teuthology.orchestra.run.smithi088.stdout:/usr/bin/ceph: stderr
2024-03-26T21:16:42.681+0000 7ffa6d84b700 1 --1- >> v1:172.21.15.88:6789/0 conn(0x7ffa68106f10 0x7ffa68109300 :-1 s=CONNECTING_WAIT_BANNER_AND_IDENTIFY pgs=0 cs=0 l=0).handle_server_banner_and_identify peer v1:172.21.15.88:6789/0 says I am v1:172.21.15.88:55038/0 (socket says 172.21.15.88:55038)
2024-03-26T21:16:48.683 INFO:teuthology.orchestra.run.smithi088.stdout:/usr/bin/ceph: stderr
2024-03-26T21:16:42.681+0000 7ffa6d84b700 1 -- 172.21.15.88:0/2408194694 learned_addr learned my addr 172.21.15.88:0/2408194694 (peer_addr_for_me v1:172.21.15.88:0/0)
2024-03-26T21:16:48.683 INFO:teuthology.orchestra.run.smithi088.stdout:/usr/bin/ceph: stderr
2024-03-26T21:16:42.682+0000 7ffa6c849700 1 -- 172.21.15.88:0/2408194694 <== mon.0 v1:172.21.15.88:6789/0 1 ==== auth_reply(proto 2 0 (0) Success) ==== 33+0+0 (unknown 3042890131 0 0) 0x7ffa68079e80 con 0x7ffa68106f10
2024-03-26T21:16:48.684 INFO:teuthology.orchestra.run.smithi088.stdout:/usr/bin/ceph: stderr
2024-03-26T21:16:42.682+0000 7ffa6c849700 1 -- 172.21.15.88:0/2408194694 --> v1:172.21.15.88:6789/0 -- auth(proto 2 36 bytes epoch 0) -- 0x7ffa540035b0 con 0x7ffa68106f10
2024-03-26T21:16:48.684 INFO:teuthology.orchestra.run.smithi088.stdout:/usr/bin/ceph: stderr
2024-03-26T21:16:42.682+0000 7ffa6c849700 1 -- 172.21.15.88:0/2408194694 <== mon.0 v1:172.21.15.88:6789/0 2 ==== auth_reply(proto 2 0 (0) Success) ==== 214+0+0 (unknown 1882619626 0 0) 0x7ffa540035b0 con 0x7ffa68106f10
2024-03-26T21:16:48.684 INFO:teuthology.orchestra.run.smithi088.stdout:/usr/bin/ceph: stderr
2024-03-26T21:16:42.682+0000 7ffa6c849700 1 -- 172.21.15.88:0/2408194694 --> v1:172.21.15.88:6789/0 -- mon_subscribe({config=0+,monmap=0+}) -- 0x7ffa6810ba30 con 0x7ffa68106f10
2024-03-26T21:16:48.684 INFO:teuthology.orchestra.run.smithi088.stdout:/usr/bin/ceph: stderr
2024-03-26T21:16:42.682+0000 7ffa6c849700 1 -- 172.21.15.88:0/2408194694 <== mon.0 v1:172.21.15.88:6789/0 3 ==== mon_map magic: 0 ==== 170+0+0 (unknown 1272412332 0 0) 0x7ffa640018c0 con 0x7ffa68106f10
2024-03-26T21:16:48.684 INFO:teuthology.orchestra.run.smithi088.stdout:/usr/bin/ceph: stderr
2024-03-26T21:16:42.682+0000 7ffa6c849700 1 -- 172.21.15.88:0/2408194694 <== mon.0 v1:172.21.15.88:6789/0 4 ==== config(25 keys) ==== 1068+0+0 (unknown 3888493019 0 0) 0x7ffa64001bf0 con 0x7ffa68106f10
2024-03-26T21:16:48.684 INFO:teuthology.orchestra.run.smithi088.stdout:/usr/bin/ceph: stderr
2024-03-26T21:16:42.682+0000 7ffa6c849700 1 -- 172.21.15.88:0/2408194694 <== mon.0 v1:172.21.15.88:6789/0 5 ==== mon_map magic: 0 ==== 170+0+0 (unknown 1272412332 0 0) 0x7ffa64005b70 con 0x7ffa68106f10
2024-03-26T21:16:48.684 INFO:teuthology.orchestra.run.smithi088.stdout:/usr/bin/ceph: stderr
2024-03-26T21:16:42.683+0000 7ffa6faaf700 1 -- 172.21.15.88:0/2408194694 >> v1:172.21.15.88:6789/0 conn(0x7ffa68106f10 legacy=0x7ffa68109300 unknown :-1 s=STATE_CONNECTION_ESTABLISHED l=1).mark_down
2024-03-26T21:16:48.684 INFO:teuthology.orchestra.run.smithi088.stdout:/usr/bin/ceph: stderr
2024-03-26T21:16:42.683+0000 7ffa6faaf700 1 -- 172.21.15.88:0/2408194694 shutdown_connections
2024-03-26T21:16:48.684 INFO:teuthology.orchestra.run.smithi088.stdout:/usr/bin/ceph: stderr
2024-03-26T21:16:42.683+0000 7ffa6faaf700 1 -- 172.21.15.88:0/2408194694 >> 172.21.15.88:0/2408194694 conn(0x7ffa681008c0 msgr2=0x7ffa68102d40 unknown :-1 s=STATE_NONE l=0).mark_down
2024-03-26T21:16:48.684 INFO:teuthology.orchestra.run.smithi088.stdout:/usr/bin/ceph: stderr
2024-03-26T21:16:42.683+0000 7ffa6faaf700 1 -- 172.21.15.88:0/2408194694 shutdown_connections
2024-03-26T21:16:48.684 INFO:teuthology.orchestra.run.smithi088.stdout:/usr/bin/ceph: stderr
2024-03-26T21:16:42.683+0000 7ffa6faaf700 1 -- 172.21.15.88:0/2408194694 wait complete.
2024-03-26T21:16:48.684 INFO:teuthology.orchestra.run.smithi088.stdout:/usr/bin/ceph: stderr
2024-03-26T21:16:42.683+0000 7ffa6faaf700 1 Processor -- start
2024-03-26T21:16:48.684 INFO:teuthology.orchestra.run.smithi088.stdout:/usr/bin/ceph: stderr
2024-03-26T21:16:42.683+0000 7ffa6faaf700 1 -- start start
2024-03-26T21:16:48.684 INFO:teuthology.orchestra.run.smithi088.stdout:/usr/bin/ceph: stderr
2024-03-26T21:16:42.683+0000 7ffa6faaf700 1 -- --> v1:172.21.15.88:6789/0 -- auth(proto 0 34 bytes epoch 0) -- 0x7ffa6819a780 con 0x7ffa68106f10
2024-03-26T21:16:48.685 INFO:teuthology.orchestra.run.smithi088.stdout:/usr/bin/ceph: stderr
2024-03-26T21:16:42.684+0000 7ffa6d84b700 1 --1- >> v1:172.21.15.88:6789/0 conn(0x7ffa68106f10 0x7ffa6819a070 :-1 s=CONNECTING_WAIT_BANNER_AND_IDENTIFY pgs=0 cs=0 l=1).handle_server_banner_and_identify peer v1:172.21.15.88:6789/0 says I am v1:172.21.15.88:55044/0 (socket says 172.21.15.88:55044)
2024-03-26T21:16:48.685 INFO:teuthology.orchestra.run.smithi088.stdout:/usr/bin/ceph: stderr
2024-03-26T21:16:42.684+0000 7ffa6d84b700 1 -- 172.21.15.88:0/813901030 learned_addr learned my addr 172.21.15.88:0/813901030 (peer_addr_for_me v1:172.21.15.88:0/0)
2024-03-26T21:16:48.685 INFO:teuthology.orchestra.run.smithi088.stdout:/usr/bin/ceph: stderr
2024-03-26T21:16:42.684+0000 7ffa5effd700 1 -- 172.21.15.88:0/813901030 <== mon.0 v1:172.21.15.88:6789/0 1 ==== auth_reply(proto 2 0 (0) Success) ==== 33+0+0 (unknown 1316400859 0 0) 0x7ffa6819a780 con 0x7ffa68106f10
2024-03-26T21:16:48.685 INFO:teuthology.orchestra.run.smithi088.stdout:/usr/bin/ceph: stderr
2024-03-26T21:16:42.684+0000 7ffa5effd700 1 -- 172.21.15.88:0/813901030 --> v1:172.21.15.88:6789/0 -- auth(proto 2 36 bytes epoch 0) -- 0x7ffa54005530 con 0x7ffa68106f10
2024-03-26T21:16:48.685 INFO:teuthology.orchestra.run.smithi088.stdout:/usr/bin/ceph: stderr
2024-03-26T21:16:42.684+0000 7ffa5effd700 1 -- 172.21.15.88:0/813901030 <== mon.0 v1:172.21.15.88:6789/0 2 ==== auth_reply(proto 2 0 (0) Success) ==== 764+0+0 (unknown 2405060938 0 0) 0x7ffa54005530 con 0x7ffa68106f10
2024-03-26T21:16:48.685 INFO:teuthology.orchestra.run.smithi088.stdout:/usr/bin/ceph: stderr
2024-03-26T21:16:42.684+0000 7ffa5effd700 1 -- 172.21.15.88:0/813901030 --> v1:172.21.15.88:6789/0 -- auth(proto 2 165 bytes epoch 0) -- 0x7ffa6819a780 con 0x7ffa68106f10
2024-03-26T21:16:48.685 INFO:teuthology.orchestra.run.smithi088.stdout:/usr/bin/ceph: stderr
2024-03-26T21:16:42.684+0000 7ffa5effd700 1 -- 172.21.15.88:0/813901030 <== mon.0 v1:172.21.15.88:6789/0 3 ==== mon_map magic: 0 ==== 170+0+0 (unknown 1272412332 0 0) 0x7ffa64001130 con 0x7ffa68106f10
2024-03-26T21:16:48.685 INFO:teuthology.orchestra.run.smithi088.stdout:/usr/bin/ceph: stderr
2024-03-26T21:16:42.684+0000 7ffa5effd700 1 -- 172.21.15.88:0/813901030 <== mon.0 v1:172.21.15.88:6789/0 4 ==== auth_reply(proto 2 0 (0) Success) ==== 580+0+0 (unknown 2858620742 0 0) 0x7ffa6819a780 con 0x7ffa68106f10
2024-03-26T21:16:48.685 INFO:teuthology.orchestra.run.smithi088.stdout:/usr/bin/ceph: stderr
2024-03-26T21:16:42.684+0000 7ffa5effd700 1 -- 172.21.15.88:0/813901030 --> v1:172.21.15.88:6789/0 -- mon_subscribe({config=0+,monmap=0+}) -- 0x7ffa6819a950 con 0x7ffa68106f10
2024-03-26T21:16:48.685 INFO:teuthology.orchestra.run.smithi088.stdout:/usr/bin/ceph: stderr
2024-03-26T21:16:42.684+0000 7ffa6faaf700 1 -- 172.21.15.88:0/813901030 --> v1:172.21.15.88:6789/0 -- mon_subscribe({mgrmap=0+}) -- 0x7ffa6819ac40 con 0x7ffa68106f10
2024-03-26T21:16:48.685 INFO:teuthology.orchestra.run.smithi088.stdout:/usr/bin/ceph: stderr
2024-03-26T21:16:42.684+0000 7ffa6faaf700 1 -- 172.21.15.88:0/813901030 --> v1:172.21.15.88:6789/0 -- mon_subscribe({osdmap=0}) -- 0x7ffa6819e790 con 0x7ffa68106f10
2024-03-26T21:16:48.685 INFO:teuthology.orchestra.run.smithi088.stdout:/usr/bin/ceph: stderr
2024-03-26T21:16:42.684+0000 7ffa5effd700 1 -- 172.21.15.88:0/813901030 <== mon.0 v1:172.21.15.88:6789/0 5 ==== config(25 keys) ==== 1068+0+0 (unknown 3888493019 0 0) 0x7ffa64001bf0 con 0x7ffa68106f10
2024-03-26T21:16:48.685 INFO:teuthology.orchestra.run.smithi088.stdout:/usr/bin/ceph: stderr
2024-03-26T21:16:42.684+0000 7ffa5effd700 1 -- 172.21.15.88:0/813901030 <== mon.0 v1:172.21.15.88:6789/0 6 ==== mon_map magic: 0 ==== 170+0+0 (unknown 1272412332 0 0) 0x7ffa640061c0 con 0x7ffa68106f10
2024-03-26T21:16:48.685 INFO:teuthology.orchestra.run.smithi088.stdout:/usr/bin/ceph: stderr
2024-03-26T21:16:42.685+0000 7ffa5effd700 1 -- 172.21.15.88:0/813901030 <== mon.0 v1:172.21.15.88:6789/0 7 ==== mgrmap(e 9) ==== 46444+0+0 (unknown 2165735970 0 0) 0x7ffa64011900 con 0x7ffa68106f10
2024-03-26T21:16:48.685 INFO:teuthology.orchestra.run.smithi088.stdout:/usr/bin/ceph: stderr
2024-03-26T21:16:42.685+0000 7ffa5effd700 1 -- 172.21.15.88:0/813901030 --> v1:172.21.15.88:6800/3808082170 -- command(tid 0: {"prefix": "get_command_descriptions"}) -- 0x7ffa5403e410 con 0x7ffa5403a740
2024-03-26T21:16:48.686 INFO:teuthology.orchestra.run.smithi088.stdout:/usr/bin/ceph: stderr
2024-03-26T21:16:42.686+0000 7ffa6d04a700 1 -- 172.21.15.88:0/813901030 >> v1:172.21.15.88:6800/3808082170 conn(0x7ffa5403a740 legacy=0x7ffa5403cc00 unknown :-1 s=STATE_CONNECTING_RE l=1).process reconnect failed to v1:172.21.15.88:6800/3808082170
2024-03-26T21:16:48.686 INFO:teuthology.orchestra.run.smithi088.stdout:/usr/bin/ceph: stderr
2024-03-26T21:16:42.686+0000 7ffa5effd700 1 -- 172.21.15.88:0/813901030 <== mon.0 v1:172.21.15.88:6789/0 8 ==== osd_map(2..2 src has 1..2) ==== 897+0+0 (unknown 3276581244 0 0) 0x7ffa64047fe0 con 0x7ffa68106f10
2024-03-26T21:16:48.686 INFO:teuthology.orchestra.run.smithi088.stdout:/usr/bin/ceph: stderr
2024-03-26T21:16:42.887+0000 7ffa6d04a700 1 -- 172.21.15.88:0/813901030 >> v1:172.21.15.88:6800/3808082170 conn(0x7ffa5403a740 legacy=0x7ffa5403cc00 unknown :-1 s=STATE_CONNECTING_RE l=1).process reconnect failed to v1:172.21.15.88:6800/3808082170
2024-03-26T21:16:48.686 INFO:teuthology.orchestra.run.smithi088.stdout:/usr/bin/ceph: stderr
2024-03-26T21:16:43.288+0000 7ffa6d04a700 1 -- 172.21.15.88:0/813901030 >> v1:172.21.15.88:6800/3808082170 conn(0x7ffa5403a740 legacy=0x7ffa5403cc00 unknown :-1 s=STATE_CONNECTING_RE l=1).process reconnect failed to v1:172.21.15.88:6800/3808082170
2024-03-26T21:16:48.686 INFO:teuthology.orchestra.run.smithi088.stdout:/usr/bin/ceph: stderr
2024-03-26T21:16:44.089+0000 7ffa6d04a700 1 -- 172.21.15.88:0/813901030 >> v1:172.21.15.88:6800/3808082170 conn(0x7ffa5403a740 legacy=0x7ffa5403cc00 unknown :-1 s=STATE_CONNECTING_RE l=1).process reconnect failed to v1:172.21.15.88:6800/3808082170
2024-03-26T21:16:48.686 INFO:teuthology.orchestra.run.smithi088.stdout:/usr/bin/ceph: stderr
2024-03-26T21:16:45.690+0000 7ffa6d04a700 1 -- 172.21.15.88:0/813901030 >> v1:172.21.15.88:6800/3808082170 conn(0x7ffa5403a740 legacy=0x7ffa5403cc00 unknown :-1 s=STATE_CONNECTING_RE l=1).process reconnect failed to v1:172.21.15.88:6800/3808082170
2024-03-26T21:16:48.686 INFO:teuthology.orchestra.run.smithi088.stdout:/usr/bin/ceph: stderr
2024-03-26T21:16:47.066+0000 7ffa5effd700 1 -- 172.21.15.88:0/813901030 <== mon.0 v1:172.21.15.88:6789/0 9 ==== mgrmap(e 10) ==== 46246+0+0 (unknown 2659064919 0 0) 0x7ffa64012f10 con 0x7ffa68106f10
2024-03-26T21:16:48.686 INFO:teuthology.orchestra.run.smithi088.stdout:/usr/bin/ceph: stderr
2024-03-26T21:16:47.066+0000 7ffa5effd700 1 -- 172.21.15.88:0/813901030 >> v1:172.21.15.88:6800/3808082170 conn(0x7ffa5403a740 legacy=0x7ffa5403cc00 unknown :-1 s=STATE_CONNECTING l=1).mark_down
2024-03-26T21:16:48.686 INFO:teuthology.orchestra.run.smithi088.stdout:/usr/bin/ceph: stderr
2024-03-26T21:16:48.067+0000 7ffa5effd700 1 -- 172.21.15.88:0/813901030 <== mon.0 v1:172.21.15.88:6789/0 10 ==== mgrmap(e 11) ==== 46338+0+0 (unknown 3987204605 0 0) 0x7ffa64049320 con 0x7ffa68106f10
2024-03-26T21:16:48.687 INFO:teuthology.orchestra.run.smithi088.stdout:/usr/bin/ceph: stderr
2024-03-26T21:16:48.067+0000 7ffa5effd700 1 -- 172.21.15.88:0/813901030 --> v1:172.21.15.88:6800/4097082509 -- command(tid 0: {"prefix": "get_command_descriptions"}) -- 0x7ffa5403e410 con 0x7ffa5403efd0
2024-03-26T21:16:48.687 INFO:teuthology.orchestra.run.smithi088.stdout:/usr/bin/ceph: stderr
2024-03-26T21:16:48.068+0000 7ffa5effd700 1 -- 172.21.15.88:0/813901030 <== mgr.14150 v1:172.21.15.88:6800/4097082509 1 ==== command_reply(tid 0: 0 ) ==== 8+0+7774 (unknown 0 0 4109177037) 0x7ffa5403e410 con 0x7ffa5403efd0
2024-03-26T21:16:48.687 INFO:teuthology.orchestra.run.smithi088.stdout:/usr/bin/ceph: stderr
2024-03-26T21:16:48.075+0000 7ffa6faaf700 1 -- 172.21.15.88:0/813901030 --> v1:172.21.15.88:6800/4097082509 -- command(tid 1: {"prefix": "mgr_status"}) -- 0x7ffa4c002630 con 0x7ffa5403efd0
2024-03-26T21:16:48.687 INFO:teuthology.orchestra.run.smithi088.stdout:/usr/bin/ceph: stderr
2024-03-26T21:16:48.075+0000 7ffa5effd700 1 -- 172.21.15.88:0/813901030 <== mgr.14150 v1:172.21.15.88:6800/4097082509 2 ==== command_reply(tid 1: 0 ) ==== 8+0+52 (unknown 0 0 3086460295) 0x7ffa4c002630 con 0x7ffa5403efd0
2024-03-26T21:16:48.687 INFO:teuthology.orchestra.run.smithi088.stdout:/usr/bin/ceph: stderr
2024-03-26T21:16:48.076+0000 7ffa6faaf700 1 -- 172.21.15.88:0/813901030 >> v1:172.21.15.88:6800/4097082509 conn(0x7ffa5403efd0 legacy=0x7ffa540413c0 unknown :-1 s=STATE_CONNECTION_ESTABLISHED l=1).mark_down
2024-03-26T21:16:48.687 INFO:teuthology.orchestra.run.smithi088.stdout:/usr/bin/ceph: stderr
2024-03-26T21:16:48.076+0000 7ffa6faaf700 1 -- 172.21.15.88:0/813901030 >> v1:172.21.15.88:6789/0 conn(0x7ffa68106f10 legacy=0x7ffa6819a070 unknown :-1 s=STATE_CONNECTION_ESTABLISHED l=1).mark_down
2024-03-26T21:16:48.687 INFO:teuthology.orchestra.run.smithi088.stdout:/usr/bin/ceph: stderr
2024-03-26T21:16:48.076+0000 7ffa6faaf700 1 -- 172.21.15.88:0/813901030 shutdown_connections
2024-03-26T21:16:48.687 INFO:teuthology.orchestra.run.smithi088.stdout:/usr/bin/ceph: stderr
2024-03-26T21:16:48.076+0000 7ffa6faaf700 1 -- 172.21.15.88:0/813901030 >> 172.21.15.88:0/813901030 conn(0x7ffa681008c0 msgr2=0x7ffa68190d30 unknown :-1 s=STATE_NONE l=0).mark_down
2024-03-26T21:16:48.687 INFO:teuthology.orchestra.run.smithi088.stdout:/usr/bin/ceph: stderr
2024-03-26T21:16:48.076+0000 7ffa6faaf700 1 -- 172.21.15.88:0/813901030 shutdown_connections
2024-03-26T21:16:48.687 INFO:teuthology.orchestra.run.smithi088.stdout:/usr/bin/ceph: stderr
2024-03-26T21:16:48.076+0000 7ffa6faaf700 1 -- 172.21.15.88:0/813901030 wait complete.
2024-03-26T21:16:48.687 INFO:teuthology.orchestra.run.smithi088.stdout:mgr epoch 9 is available
2024-03-26T21:16:48.687 INFO:teuthology.orchestra.run.smithi088.stdout:Generating a dashboard self-signed certificate...
2024-03-26T21:16:49.406 INFO:journalctl@ceph.mon.a.smithi088.stdout:Mar 26 21:16:49 smithi088 ceph-mon[30075]: [26/Mar/2024:21:16:47] ENGINE Bus STARTING
2024-03-26T21:16:49.406 INFO:journalctl@ceph.mon.a.smithi088.stdout:Mar 26 21:16:49 smithi088 ceph-mon[30075]: [26/Mar/2024:21:16:48] ENGINE Serving on http://172.21.15.88:8765
2024-03-26T21:16:49.406 INFO:journalctl@ceph.mon.a.smithi088.stdout:Mar 26 21:16:49 smithi088 ceph-mon[30075]: from='client.14154 v1:172.21.15.88:0/813901030' entity='client.admin' cmd=[{"prefix": "get_command_descriptions"}]: dispatch
2024-03-26T21:16:49.406 INFO:journalctl@ceph.mon.a.smithi088.stdout:Mar 26 21:16:49 smithi088 ceph-mon[30075]: from='client.14154 v1:172.21.15.88:0/813901030' entity='client.admin' cmd=[{"prefix": "mgr_status"}]: dispatch
2024-03-26T21:16:49.406 INFO:journalctl@ceph.mon.a.smithi088.stdout:Mar 26 21:16:49 smithi088 ceph-mon[30075]: [26/Mar/2024:21:16:48] ENGINE Serving on https://172.21.15.88:7150
2024-03-26T21:16:49.406 INFO:journalctl@ceph.mon.a.smithi088.stdout:Mar 26 21:16:49 smithi088 ceph-mon[30075]: [26/Mar/2024:21:16:48] ENGINE Bus STARTED
2024-03-26T21:16:49.406 INFO:journalctl@ceph.mon.a.smithi088.stdout:Mar 26 21:16:49 smithi088 ceph-mon[30075]: from='mgr.14150 v1:172.21.15.88:0/2082342482' entity='mgr.y'
2024-03-26T21:16:50.435 INFO:teuthology.orchestra.run.smithi088.stdout:/usr/bin/ceph: stdout Self-signed certificate created
2024-03-26T21:16:50.436 INFO:teuthology.orchestra.run.smithi088.stdout:/usr/bin/ceph: stderr
2024-03-26T21:16:49.512+0000 7f0e30695700 1 Processor -- start
2024-03-26T21:16:50.436 INFO:teuthology.orchestra.run.smithi088.stdout:/usr/bin/ceph: stderr
2024-03-26T21:16:49.512+0000 7f0e30695700 1 -- start start
2024-03-26T21:16:50.436 INFO:teuthology.orchestra.run.smithi088.stdout:/usr/bin/ceph: stderr
2024-03-26T21:16:49.513+0000 7f0e30695700 1 -- --> v1:172.21.15.88:6789/0 -- auth(proto 0 34 bytes epoch 0) -- 0x7f0e28109780 con 0x7f0e28105350
2024-03-26T21:16:50.436 INFO:teuthology.orchestra.run.smithi088.stdout:/usr/bin/ceph: stderr
2024-03-26T21:16:49.513+0000 7f0e2e431700 1 --1- >> v1:172.21.15.88:6789/0 conn(0x7f0e28105350 0x7f0e28105770 :-1 s=CONNECTING_WAIT_BANNER_AND_IDENTIFY pgs=0 cs=0 l=0).handle_server_banner_and_identify peer v1:172.21.15.88:6789/0 says I am v1:172.21.15.88:51556/0 (socket says 172.21.15.88:51556)
2024-03-26T21:16:50.436 INFO:teuthology.orchestra.run.smithi088.stdout:/usr/bin/ceph: stderr
2024-03-26T21:16:49.513+0000 7f0e2e431700 1 -- 172.21.15.88:0/1676387290 learned_addr learned my addr 172.21.15.88:0/1676387290 (peer_addr_for_me v1:172.21.15.88:0/0)
2024-03-26T21:16:50.436 INFO:teuthology.orchestra.run.smithi088.stdout:/usr/bin/ceph: stderr
2024-03-26T21:16:49.513+0000 7f0e2d42f700 1 -- 172.21.15.88:0/1676387290 <== mon.0 v1:172.21.15.88:6789/0 1 ==== auth_reply(proto 2 0 (0) Success) ==== 33+0+0 (unknown 1098642152 0 0) 0x7f0e28109780 con 0x7f0e28105350
2024-03-26T21:16:50.436 INFO:teuthology.orchestra.run.smithi088.stdout:/usr/bin/ceph: stderr
2024-03-26T21:16:49.513+0000 7f0e2d42f700 1 -- 172.21.15.88:0/1676387290 --> v1:172.21.15.88:6789/0 -- auth(proto 2 36 bytes epoch 0) -- 0x7f0e140035b0 con 0x7f0e28105350
2024-03-26T21:16:50.436 INFO:teuthology.orchestra.run.smithi088.stdout:/usr/bin/ceph: stderr
2024-03-26T21:16:49.513+0000 7f0e2d42f700 1 -- 172.21.15.88:0/1676387290 <== mon.0 v1:172.21.15.88:6789/0 2 ==== auth_reply(proto 2 0 (0) Success) ==== 214+0+0 (unknown 785581064 0 0) 0x7f0e140035b0 con 0x7f0e28105350
2024-03-26T21:16:50.436 INFO:teuthology.orchestra.run.smithi088.stdout:/usr/bin/ceph: stderr
2024-03-26T21:16:49.513+0000 7f0e2d42f700 1 -- 172.21.15.88:0/1676387290 --> v1:172.21.15.88:6789/0 -- mon_subscribe({config=0+,monmap=0+}) -- 0x7f0e2810a960 con 0x7f0e28105350
2024-03-26T21:16:50.436 INFO:teuthology.orchestra.run.smithi088.stdout:/usr/bin/ceph: stderr
2024-03-26T21:16:49.513+0000 7f0e2d42f700 1 -- 172.21.15.88:0/1676387290 <== mon.0 v1:172.21.15.88:6789/0 3 ==== mon_map magic: 0 ==== 170+0+0 (unknown 1272412332 0 0) 0x7f0e24001580 con 0x7f0e28105350
2024-03-26T21:16:50.436 INFO:teuthology.orchestra.run.smithi088.stdout:/usr/bin/ceph: stderr
2024-03-26T21:16:49.514+0000 7f0e2d42f700 1 -- 172.21.15.88:0/1676387290 <== mon.0 v1:172.21.15.88:6789/0 4 ==== config(25 keys) ==== 1068+0+0 (unknown 3888493019 0 0) 0x7f0e24004930 con 0x7f0e28105350
2024-03-26T21:16:50.436 INFO:teuthology.orchestra.run.smithi088.stdout:/usr/bin/ceph: stderr
2024-03-26T21:16:49.514+0000 7f0e2d42f700 1 -- 172.21.15.88:0/1676387290 <== mon.0 v1:172.21.15.88:6789/0 5 ==== mon_map magic: 0 ==== 170+0+0 (unknown 1272412332 0 0) 0x7f0e24005960 con 0x7f0e28105350
2024-03-26T21:16:50.437 INFO:teuthology.orchestra.run.smithi088.stdout:/usr/bin/ceph: stderr
2024-03-26T21:16:49.514+0000 7f0e30695700 1 -- 172.21.15.88:0/1676387290 >> v1:172.21.15.88:6789/0 conn(0x7f0e28105350 legacy=0x7f0e28105770 unknown :-1 s=STATE_CONNECTION_ESTABLISHED l=1).mark_down
2024-03-26T21:16:50.437 INFO:teuthology.orchestra.run.smithi088.stdout:/usr/bin/ceph: stderr
2024-03-26T21:16:49.514+0000 7f0e30695700 1 -- 172.21.15.88:0/1676387290 shutdown_connections
2024-03-26T21:16:50.437 INFO:teuthology.orchestra.run.smithi088.stdout:/usr/bin/ceph: stderr
2024-03-26T21:16:49.514+0000 7f0e30695700 1 -- 172.21.15.88:0/1676387290 >> 172.21.15.88:0/1676387290 conn(0x7f0e281008d0 msgr2=0x7f0e28102d30 unknown :-1 s=STATE_NONE l=0).mark_down
2024-03-26T21:16:50.437 INFO:teuthology.orchestra.run.smithi088.stdout:/usr/bin/ceph: stderr
2024-03-26T21:16:49.514+0000 7f0e30695700 1 -- 172.21.15.88:0/1676387290 shutdown_connections
2024-03-26T21:16:50.437 INFO:teuthology.orchestra.run.smithi088.stdout:/usr/bin/ceph: stderr
2024-03-26T21:16:49.514+0000 7f0e30695700 1 -- 172.21.15.88:0/1676387290 wait complete.
2024-03-26T21:16:50.437 INFO:teuthology.orchestra.run.smithi088.stdout:/usr/bin/ceph: stderr
2024-03-26T21:16:49.515+0000 7f0e30695700 1 Processor -- start
2024-03-26T21:16:50.437 INFO:teuthology.orchestra.run.smithi088.stdout:/usr/bin/ceph: stderr
2024-03-26T21:16:49.515+0000 7f0e30695700 1 -- start start
2024-03-26T21:16:50.437 INFO:teuthology.orchestra.run.smithi088.stdout:/usr/bin/ceph: stderr
2024-03-26T21:16:49.515+0000 7f0e30695700 1 -- --> v1:172.21.15.88:6789/0 -- auth(proto 0 34 bytes epoch 0) -- 0x7f0e2807a310 con 0x7f0e28105350
2024-03-26T21:16:50.437 INFO:teuthology.orchestra.run.smithi088.stdout:/usr/bin/ceph: stderr
2024-03-26T21:16:49.515+0000 7f0e2e431700 1 --1- >> v1:172.21.15.88:6789/0 conn(0x7f0e28105350 0x7f0e2819cd90 :-1 s=CONNECTING_WAIT_BANNER_AND_IDENTIFY pgs=0 cs=0 l=1).handle_server_banner_and_identify peer v1:172.21.15.88:6789/0 says I am v1:172.21.15.88:51558/0 (socket says 172.21.15.88:51558)
2024-03-26T21:16:50.437 INFO:teuthology.orchestra.run.smithi088.stdout:/usr/bin/ceph: stderr
2024-03-26T21:16:49.515+0000 7f0e2e431700 1 -- 172.21.15.88:0/3925719040 learned_addr learned my addr 172.21.15.88:0/3925719040 (peer_addr_for_me v1:172.21.15.88:0/0)
2024-03-26T21:16:50.437 INFO:teuthology.orchestra.run.smithi088.stdout:/usr/bin/ceph: stderr
2024-03-26T21:16:49.516+0000 7f0e1f7fe700 1 -- 172.21.15.88:0/3925719040 <== mon.0 v1:172.21.15.88:6789/0 1 ==== auth_reply(proto 2 0 (0) Success) ==== 33+0+0 (unknown 2830382072 0 0) 0x7f0e2807a310 con 0x7f0e28105350
2024-03-26T21:16:50.437 INFO:teuthology.orchestra.run.smithi088.stdout:/usr/bin/ceph: stderr
2024-03-26T21:16:49.516+0000 7f0e1f7fe700 1 -- 172.21.15.88:0/3925719040 --> v1:172.21.15.88:6789/0 -- auth(proto 2 36 bytes epoch 0) -- 0x7f0e14005530 con 0x7f0e28105350
2024-03-26T21:16:50.437 INFO:teuthology.orchestra.run.smithi088.stdout:/usr/bin/ceph: stderr
2024-03-26T21:16:49.516+0000 7f0e1f7fe700 1 -- 172.21.15.88:0/3925719040 <== mon.0 v1:172.21.15.88:6789/0 2 ==== auth_reply(proto 2 0 (0) Success) ==== 764+0+0 (unknown 2724392094 0 0) 0x7f0e14005530 con 0x7f0e28105350
2024-03-26T21:16:50.437 INFO:teuthology.orchestra.run.smithi088.stdout:/usr/bin/ceph: stderr
2024-03-26T21:16:49.516+0000 7f0e1f7fe700 1 -- 172.21.15.88:0/3925719040 --> v1:172.21.15.88:6789/0 -- auth(proto 2 165 bytes epoch 0) -- 0x7f0e2807a310 con 0x7f0e28105350
2024-03-26T21:16:50.438 INFO:teuthology.orchestra.run.smithi088.stdout:/usr/bin/ceph: stderr
2024-03-26T21:16:49.516+0000 7f0e1f7fe700 1 -- 172.21.15.88:0/3925719040 <== mon.0 v1:172.21.15.88:6789/0 3 ==== mon_map magic: 0 ==== 170+0+0 (unknown 1272412332 0 0) 0x7f0e24001080 con 0x7f0e28105350
2024-03-26T21:16:50.438 INFO:teuthology.orchestra.run.smithi088.stdout:/usr/bin/ceph: stderr
2024-03-26T21:16:49.516+0000 7f0e1f7fe700 1 -- 172.21.15.88:0/3925719040 <== mon.0 v1:172.21.15.88:6789/0 4 ==== auth_reply(proto 2 0 (0) Success) ==== 580+0+0 (unknown 994253592 0 0) 0x7f0e2807a310 con 0x7f0e28105350
2024-03-26T21:16:50.438 INFO:teuthology.orchestra.run.smithi088.stdout:/usr/bin/ceph: stderr
2024-03-26T21:16:49.516+0000 7f0e1f7fe700 1 -- 172.21.15.88:0/3925719040 --> v1:172.21.15.88:6789/0 -- mon_subscribe({config=0+,monmap=0+}) -- 0x7f0e2807a4e0 con 0x7f0e28105350
2024-03-26T21:16:50.438 INFO:teuthology.orchestra.run.smithi088.stdout:/usr/bin/ceph: stderr
2024-03-26T21:16:49.516+0000 7f0e30695700 1 -- 172.21.15.88:0/3925719040 --> v1:172.21.15.88:6789/0 -- mon_subscribe({mgrmap=0+}) -- 0x7f0e2819e4b0 con 0x7f0e28105350
2024-03-26T21:16:50.438 INFO:teuthology.orchestra.run.smithi088.stdout:/usr/bin/ceph: stderr
2024-03-26T21:16:49.516+0000 7f0e30695700 1 -- 172.21.15.88:0/3925719040 --> v1:172.21.15.88:6789/0 -- mon_subscribe({osdmap=0}) -- 0x7f0e2819e850 con 0x7f0e28105350
2024-03-26T21:16:50.438 INFO:teuthology.orchestra.run.smithi088.stdout:/usr/bin/ceph: stderr
2024-03-26T21:16:49.516+0000 7f0e1f7fe700 1 -- 172.21.15.88:0/3925719040 <== mon.0 v1:172.21.15.88:6789/0 5 ==== config(25 keys) ==== 1068+0+0 (unknown 3888493019 0 0) 0x7f0e24004930 con 0x7f0e28105350
2024-03-26T21:16:50.438 INFO:teuthology.orchestra.run.smithi088.stdout:/usr/bin/ceph: stderr
2024-03-26T21:16:49.516+0000 7f0e1f7fe700 1 -- 172.21.15.88:0/3925719040 <== mon.0 v1:172.21.15.88:6789/0 6 ==== mon_map magic: 0 ==== 170+0+0 (unknown 1272412332 0 0) 0x7f0e24005f90 con 0x7f0e28105350
2024-03-26T21:16:50.438 INFO:teuthology.orchestra.run.smithi088.stdout:/usr/bin/ceph: stderr
2024-03-26T21:16:49.517+0000 7f0e30695700 1 -- 172.21.15.88:0/3925719040 --> v1:172.21.15.88:6789/0 -- mon_command({"prefix": "get_command_descriptions"} v 0) -- 0x7f0e0c005150 con 0x7f0e28105350
2024-03-26T21:16:50.438 INFO:teuthology.orchestra.run.smithi088.stdout:/usr/bin/ceph: stderr
2024-03-26T21:16:49.517+0000 7f0e1f7fe700 1 -- 172.21.15.88:0/3925719040 <== mon.0 v1:172.21.15.88:6789/0 7 ==== mgrmap(e 11) ==== 46338+0+0 (unknown 3987204605 0 0) 0x7f0e24011640 con 0x7f0e28105350
2024-03-26T21:16:50.438 INFO:teuthology.orchestra.run.smithi088.stdout:/usr/bin/ceph: stderr
2024-03-26T21:16:49.517+0000 7f0e1f7fe700 1 -- 172.21.15.88:0/3925719040 <== mon.0 v1:172.21.15.88:6789/0 8 ==== osd_map(3..3 src has 1..3) ==== 1069+0+0 (unknown 102396990 0 0) 0x7f0e24047b20 con 0x7f0e28105350
2024-03-26T21:16:50.438 INFO:teuthology.orchestra.run.smithi088.stdout:/usr/bin/ceph: stderr
2024-03-26T21:16:49.522+0000 7f0e1f7fe700 1 -- 172.21.15.88:0/3925719040 <== mon.0 v1:172.21.15.88:6789/0 9 ==== mon_command_ack([{"prefix": "get_command_descriptions"}]=0 v0) ==== 72+0+187417 (unknown 1092875540 0 758779688) 0x7f0e240175a0 con 0x7f0e28105350
2024-03-26T21:16:50.438 INFO:teuthology.orchestra.run.smithi088.stdout:/usr/bin/ceph: stderr
2024-03-26T21:16:49.742+0000 7f0e30695700 1 -- 172.21.15.88:0/3925719040 --> v1:172.21.15.88:6800/4097082509 -- mgr_command(tid 0: {"prefix": "dashboard create-self-signed-cert", "target": ["mon-mgr", ""]}) -- 0x7f0e0c000bc0 con 0x7f0e1403a7c0
2024-03-26T21:16:50.438 INFO:teuthology.orchestra.run.smithi088.stdout:/usr/bin/ceph: stderr
2024-03-26T21:16:49.860+0000 7f0e1f7fe700 1 -- 172.21.15.88:0/3925719040 <== mgr.14150 v1:172.21.15.88:6800/4097082509 1 ==== mgr_command_reply(tid 0: 0 ) ==== 8+0+32 (unknown 0 0 3317752739) 0x7f0e0c000bc0 con 0x7f0e1403a7c0
2024-03-26T21:16:50.438 INFO:teuthology.orchestra.run.smithi088.stdout:/usr/bin/ceph: stderr
2024-03-26T21:16:49.862+0000 7f0e30695700 1 -- 172.21.15.88:0/3925719040 >> v1:172.21.15.88:6800/4097082509 conn(0x7f0e1403a7c0 legacy=0x7f0e1403cc80 unknown :-1 s=STATE_CONNECTION_ESTABLISHED l=1).mark_down
2024-03-26T21:16:50.439 INFO:teuthology.orchestra.run.smithi088.stdout:/usr/bin/ceph: stderr
2024-03-26T21:16:49.862+0000 7f0e30695700 1 -- 172.21.15.88:0/3925719040 >> v1:172.21.15.88:6789/0 conn(0x7f0e28105350 legacy=0x7f0e2819cd90 unknown :-1 s=STATE_CONNECTION_ESTABLISHED l=1).mark_down
2024-03-26T21:16:50.439 INFO:teuthology.orchestra.run.smithi088.stdout:/usr/bin/ceph: stderr
2024-03-26T21:16:49.862+0000 7f0e30695700 1 -- 172.21.15.88:0/3925719040 shutdown_connections
2024-03-26T21:16:50.439 INFO:teuthology.orchestra.run.smithi088.stdout:/usr/bin/ceph: stderr
2024-03-26T21:16:49.862+0000 7f0e30695700 1 -- 172.21.15.88:0/3925719040 >> 172.21.15.88:0/3925719040 conn(0x7f0e281008d0 msgr2=0x7f0e28102d30 unknown :-1 s=STATE_NONE l=0).mark_down
2024-03-26T21:16:50.439 INFO:teuthology.orchestra.run.smithi088.stdout:/usr/bin/ceph: stderr
2024-03-26T21:16:49.862+0000 7f0e30695700 1 -- 172.21.15.88:0/3925719040 shutdown_connections
2024-03-26T21:16:50.439 INFO:teuthology.orchestra.run.smithi088.stdout:/usr/bin/ceph: stderr
2024-03-26T21:16:49.862+0000 7f0e30695700 1 -- 172.21.15.88:0/3925719040 wait complete.
2024-03-26T21:16:50.439 INFO:teuthology.orchestra.run.smithi088.stdout:Creating initial admin user...
2024-03-26T21:16:51.107 INFO:journalctl@ceph.mon.a.smithi088.stdout:Mar 26 21:16:50 smithi088 ceph-mon[30075]: from='client.14162 v1:172.21.15.88:0/3925719040' entity='client.admin' cmd=[{"prefix": "dashboard create-self-signed-cert", "target": ["mon-mgr", ""]}]: dispatch
2024-03-26T21:16:51.107 INFO:journalctl@ceph.mon.a.smithi088.stdout:Mar 26 21:16:50 smithi088 ceph-mon[30075]: from='mgr.14150 v1:172.21.15.88:0/2082342482' entity='mgr.y'
2024-03-26T21:16:51.107 INFO:journalctl@ceph.mon.a.smithi088.stdout:Mar 26 21:16:50 smithi088 ceph-mon[30075]: from='mgr.14150 v1:172.21.15.88:0/2082342482' entity='mgr.y'
2024-03-26T21:16:51.107 INFO:journalctl@ceph.mon.a.smithi088.stdout:Mar 26 21:16:50 smithi088 ceph-mon[30075]: mgrmap e12: y(active, since 2s)
2024-03-26T21:16:51.107 INFO:journalctl@ceph.mon.a.smithi088.stdout:Mar 26 21:16:50 smithi088 ceph-mon[30075]: from='mgr.14150 v1:172.21.15.88:0/2082342482' entity='mgr.y'
2024-03-26T21:16:51.984 INFO:journalctl@ceph.mon.a.smithi088.stdout:Mar 26 21:16:51 smithi088 ceph-mon[30075]: from='client.14164 v1:172.21.15.88:0/1224749071' entity='client.admin' cmd=[{"prefix": "dashboard ac-user-create", "username": "admin", "rolename": "administrator", "force_password": true, "pwd_update_required": true, "target": ["mon-mgr", ""]}]: dispatch
2024-03-26T21:16:51.984 INFO:journalctl@ceph.mon.a.smithi088.stdout:Mar 26 21:16:51 smithi088 ceph-mon[30075]: from='mgr.14150 v1:172.21.15.88:0/2082342482' entity='mgr.y'
2024-03-26T21:16:52.416 INFO:teuthology.orchestra.run.smithi088.stdout:/usr/bin/ceph: stdout {"username": "admin", "password": "$2b$12$JTL/c4P2.AmSw8ozeivnoOu0O5VEI..lsW69IuR8tlgj.KGkrEWWW", "roles": ["administrator"], "name": null, "email": null, "lastUpdate": 1711487811, "enabled": true, "pwdExpirationDate": null, "pwdUpdateRequired": true}
2024-03-26T21:16:52.416 INFO:teuthology.orchestra.run.smithi088.stdout:/usr/bin/ceph: stderr
2024-03-26T21:16:50.884+0000 7f91103a7700 1 Processor -- start
2024-03-26T21:16:52.417 INFO:teuthology.orchestra.run.smithi088.stdout:/usr/bin/ceph: stderr
2024-03-26T21:16:50.884+0000 7f91103a7700 1 -- start start
2024-03-26T21:16:52.417 INFO:teuthology.orchestra.run.smithi088.stdout:/usr/bin/ceph: stderr
2024-03-26T21:16:50.884+0000 7f91103a7700 1 -- --> v1:172.21.15.88:6789/0 -- auth(proto 0 34 bytes epoch 0) -- 0x7f910810a910 con 0x7f9108104750
2024-03-26T21:16:52.417 INFO:teuthology.orchestra.run.smithi088.stdout:/usr/bin/ceph: stderr
2024-03-26T21:16:50.884+0000 7f910e143700 1 --1- >> v1:172.21.15.88:6789/0 conn(0x7f9108104750 0x7f9108104b70 :-1 s=CONNECTING_WAIT_BANNER_AND_IDENTIFY pgs=0 cs=0 l=0).handle_server_banner_and_identify peer v1:172.21.15.88:6789/0 says I am v1:172.21.15.88:51574/0 (socket says 172.21.15.88:51574)
2024-03-26T21:16:52.417 INFO:teuthology.orchestra.run.smithi088.stdout:/usr/bin/ceph: stderr
2024-03-26T21:16:50.884+0000 7f910e143700 1 -- 172.21.15.88:0/1835770898 learned_addr learned my addr 172.21.15.88:0/1835770898 (peer_addr_for_me v1:172.21.15.88:0/0)
2024-03-26T21:16:52.417 INFO:teuthology.orchestra.run.smithi088.stdout:/usr/bin/ceph: stderr
2024-03-26T21:16:50.885+0000 7f910d141700 1 -- 172.21.15.88:0/1835770898 <== mon.0 v1:172.21.15.88:6789/0 1 ==== auth_reply(proto 2 0 (0) Success) ==== 33+0+0 (unknown 1952217565 0 0) 0x7f910810a910 con 0x7f9108104750
2024-03-26T21:16:52.417 INFO:teuthology.orchestra.run.smithi088.stdout:/usr/bin/ceph: stderr
2024-03-26T21:16:50.885+0000 7f910d141700 1 -- 172.21.15.88:0/1835770898 --> v1:172.21.15.88:6789/0 -- auth(proto 2 36 bytes epoch 0) -- 0x7f90f40035b0 con 0x7f9108104750
2024-03-26T21:16:52.417 INFO:teuthology.orchestra.run.smithi088.stdout:/usr/bin/ceph: stderr
2024-03-26T21:16:50.885+0000 7f910d141700 1 -- 172.21.15.88:0/1835770898 <== mon.0 v1:172.21.15.88:6789/0 2 ==== auth_reply(proto 2 0 (0) Success) ==== 214+0+0 (unknown 1106377468 0 0) 0x7f90f40035b0 con 0x7f9108104750
2024-03-26T21:16:52.417 INFO:teuthology.orchestra.run.smithi088.stdout:/usr/bin/ceph: stderr
2024-03-26T21:16:50.885+0000 7f910d141700 1 -- 172.21.15.88:0/1835770898 --> v1:172.21.15.88:6789/0 -- mon_subscribe({config=0+,monmap=0+}) -- 0x7f910810baf0 con 0x7f9108104750
2024-03-26T21:16:52.417 INFO:teuthology.orchestra.run.smithi088.stdout:/usr/bin/ceph: stderr
2024-03-26T21:16:50.885+0000 7f910d141700 1 -- 172.21.15.88:0/1835770898 <== mon.0 v1:172.21.15.88:6789/0 3 ==== mon_map magic: 0 ==== 170+0+0 (unknown 1272412332 0 0) 0x7f91040018c0 con 0x7f9108104750
2024-03-26T21:16:52.417 INFO:teuthology.orchestra.run.smithi088.stdout:/usr/bin/ceph: stderr
2024-03-26T21:16:50.885+0000 7f910d141700 1 -- 172.21.15.88:0/1835770898 <== mon.0 v1:172.21.15.88:6789/0 4 ==== config(25 keys) ==== 1068+0+0 (unknown 3888493019 0 0) 0x7f9104001bf0 con 0x7f9108104750
2024-03-26T21:16:52.417 INFO:teuthology.orchestra.run.smithi088.stdout:/usr/bin/ceph: stderr
2024-03-26T21:16:50.885+0000 7f910d141700 1 -- 172.21.15.88:0/1835770898 <== mon.0 v1:172.21.15.88:6789/0 5 ==== mon_map magic: 0 ==== 170+0+0 (unknown 1272412332 0 0) 0x7f9104005b70 con 0x7f9108104750
2024-03-26T21:16:52.417 INFO:teuthology.orchestra.run.smithi088.stdout:/usr/bin/ceph: stderr
2024-03-26T21:16:50.886+0000 7f91103a7700 1 -- 172.21.15.88:0/1835770898 >> v1:172.21.15.88:6789/0 conn(0x7f9108104750 legacy=0x7f9108104b70 unknown :-1 s=STATE_CONNECTION_ESTABLISHED l=1).mark_down
2024-03-26T21:16:52.418 INFO:teuthology.orchestra.run.smithi088.stdout:/usr/bin/ceph: stderr
2024-03-26T21:16:50.886+0000 7f91103a7700 1 -- 172.21.15.88:0/1835770898 shutdown_connections
2024-03-26T21:16:52.418 INFO:teuthology.orchestra.run.smithi088.stdout:/usr/bin/ceph: stderr
2024-03-26T21:16:50.886+0000 7f91103a7700 1 -- 172.21.15.88:0/1835770898 >> 172.21.15.88:0/1835770898 conn(0x7f9108100040 msgr2=0x7f91081024c0 unknown :-1 s=STATE_NONE l=0).mark_down
2024-03-26T21:16:52.418 INFO:teuthology.orchestra.run.smithi088.stdout:/usr/bin/ceph: stderr
2024-03-26T21:16:50.886+0000 7f91103a7700 1 -- 172.21.15.88:0/1835770898 shutdown_connections
2024-03-26T21:16:52.418 INFO:teuthology.orchestra.run.smithi088.stdout:/usr/bin/ceph: stderr
2024-03-26T21:16:50.886+0000 7f91103a7700 1 -- 172.21.15.88:0/1835770898 wait complete.
2024-03-26T21:16:52.418 INFO:teuthology.orchestra.run.smithi088.stdout:/usr/bin/ceph: stderr
2024-03-26T21:16:50.886+0000 7f91103a7700 1 Processor -- start
2024-03-26T21:16:52.418 INFO:teuthology.orchestra.run.smithi088.stdout:/usr/bin/ceph: stderr
2024-03-26T21:16:50.887+0000 7f91103a7700 1 -- start start
2024-03-26T21:16:52.418 INFO:teuthology.orchestra.run.smithi088.stdout:/usr/bin/ceph: stderr
2024-03-26T21:16:50.887+0000 7f91103a7700 1 -- --> v1:172.21.15.88:6789/0 -- auth(proto 0 34 bytes epoch 0) -- 0x7f910819a780 con 0x7f9108104750
2024-03-26T21:16:52.418 INFO:teuthology.orchestra.run.smithi088.stdout:/usr/bin/ceph: stderr
2024-03-26T21:16:50.887+0000 7f910e143700 1 --1- >> v1:172.21.15.88:6789/0 conn(0x7f9108104750 0x7f910819a070 :-1 s=CONNECTING_WAIT_BANNER_AND_IDENTIFY pgs=0 cs=0 l=1).handle_server_banner_and_identify peer v1:172.21.15.88:6789/0 says I am v1:172.21.15.88:51590/0 (socket says 172.21.15.88:51590)
2024-03-26T21:16:52.418 INFO:teuthology.orchestra.run.smithi088.stdout:/usr/bin/ceph: stderr
2024-03-26T21:16:50.887+0000 7f910e143700 1 -- 172.21.15.88:0/1224749071 learned_addr learned my addr 172.21.15.88:0/1224749071 (peer_addr_for_me v1:172.21.15.88:0/0)
2024-03-26T21:16:52.418 INFO:teuthology.orchestra.run.smithi088.stdout:/usr/bin/ceph: stderr
2024-03-26T21:16:50.887+0000 7f90ff7fe700 1 -- 172.21.15.88:0/1224749071 <== mon.0 v1:172.21.15.88:6789/0 1 ==== auth_reply(proto 2 0 (0) Success) ==== 33+0+0 (unknown 3416185320 0 0) 0x7f910819a780 con 0x7f9108104750
2024-03-26T21:16:52.418 INFO:teuthology.orchestra.run.smithi088.stdout:/usr/bin/ceph: stderr
2024-03-26T21:16:50.887+0000 7f90ff7fe700 1 -- 172.21.15.88:0/1224749071 --> v1:172.21.15.88:6789/0 -- auth(proto 2 36 bytes epoch 0) -- 0x7f90f4005530 con 0x7f9108104750
2024-03-26T21:16:52.418 INFO:teuthology.orchestra.run.smithi088.stdout:/usr/bin/ceph: stderr
2024-03-26T21:16:50.887+0000 7f90ff7fe700 1 -- 172.21.15.88:0/1224749071 <== mon.0 v1:172.21.15.88:6789/0 2 ==== auth_reply(proto 2 0 (0) Success) ==== 764+0+0 (unknown 1576003071 0 0) 0x7f90f4005530 con 0x7f9108104750
2024-03-26T21:16:52.418 INFO:teuthology.orchestra.run.smithi088.stdout:/usr/bin/ceph: stderr
2024-03-26T21:16:50.887+0000 7f90ff7fe700 1 -- 172.21.15.88:0/1224749071 --> v1:172.21.15.88:6789/0 -- auth(proto 2 165 bytes epoch 0) -- 0x7f910819a780 con 0x7f9108104750
2024-03-26T21:16:52.419 INFO:teuthology.orchestra.run.smithi088.stdout:/usr/bin/ceph: stderr
2024-03-26T21:16:50.887+0000 7f90ff7fe700 1 -- 172.21.15.88:0/1224749071 <== mon.0 v1:172.21.15.88:6789/0 3 ==== mon_map magic: 0 ==== 170+0+0 (unknown 1272412332 0 0) 0x7f9104001130 con 0x7f9108104750
2024-03-26T21:16:52.419 INFO:teuthology.orchestra.run.smithi088.stdout:/usr/bin/ceph: stderr
2024-03-26T21:16:50.887+0000 7f90ff7fe700 1 -- 172.21.15.88:0/1224749071 <== mon.0 v1:172.21.15.88:6789/0 4 ==== auth_reply(proto 2 0 (0) Success) ==== 580+0+0 (unknown 2898279456 0 0) 0x7f910819a780 con 0x7f9108104750
2024-03-26T21:16:52.419 INFO:teuthology.orchestra.run.smithi088.stdout:/usr/bin/ceph: stderr
2024-03-26T21:16:50.887+0000 7f90ff7fe700 1 -- 172.21.15.88:0/1224749071 --> v1:172.21.15.88:6789/0 -- mon_subscribe({config=0+,monmap=0+}) -- 0x7f910819a950 con 0x7f9108104750
2024-03-26T21:16:52.419 INFO:teuthology.orchestra.run.smithi088.stdout:/usr/bin/ceph: stderr
2024-03-26T21:16:50.887+0000 7f91103a7700 1 -- 172.21.15.88:0/1224749071 --> v1:172.21.15.88:6789/0 -- mon_subscribe({mgrmap=0+}) -- 0x7f910819ac40 con 0x7f9108104750
2024-03-26T21:16:52.419 INFO:teuthology.orchestra.run.smithi088.stdout:/usr/bin/ceph: stderr
2024-03-26T21:16:50.888+0000 7f91103a7700 1 -- 172.21.15.88:0/1224749071 --> v1:172.21.15.88:6789/0 -- mon_subscribe({osdmap=0}) -- 0x7f910819e790 con 0x7f9108104750
2024-03-26T21:16:52.419 INFO:teuthology.orchestra.run.smithi088.stdout:/usr/bin/ceph: stderr
2024-03-26T21:16:50.888+0000 7f90ff7fe700 1 -- 172.21.15.88:0/1224749071 <== mon.0 v1:172.21.15.88:6789/0 5 ==== config(25 keys) ==== 1068+0+0 (unknown 3888493019 0 0) 0x7f9104001500 con 0x7f9108104750
2024-03-26T21:16:52.419 INFO:teuthology.orchestra.run.smithi088.stdout:/usr/bin/ceph: stderr
2024-03-26T21:16:50.888+0000 7f90ff7fe700 1 -- 172.21.15.88:0/1224749071 <== mon.0 v1:172.21.15.88:6789/0 6 ==== mon_map magic: 0 ==== 170+0+0 (unknown 1272412332 0 0) 0x7f9104006440 con 0x7f9108104750
2024-03-26T21:16:52.419 INFO:teuthology.orchestra.run.smithi088.stdout:/usr/bin/ceph: stderr
2024-03-26T21:16:50.889+0000 7f90ff7fe700 1 -- 172.21.15.88:0/1224749071 <== mon.0 v1:172.21.15.88:6789/0 7 ==== mgrmap(e 12) ==== 46444+0+0 (unknown 3244711609 0 0) 0x7f9104011b80 con 0x7f9108104750
2024-03-26T21:16:52.419 INFO:teuthology.orchestra.run.smithi088.stdout:/usr/bin/ceph: stderr
2024-03-26T21:16:50.889+0000 7f91103a7700 1 -- 172.21.15.88:0/1224749071 --> v1:172.21.15.88:6789/0 -- mon_command({"prefix": "get_command_descriptions"} v 0) -- 0x7f90ec005150 con 0x7f9108104750
2024-03-26T21:16:52.419 INFO:teuthology.orchestra.run.smithi088.stdout:/usr/bin/ceph: stderr
2024-03-26T21:16:50.889+0000 7f90ff7fe700 1 -- 172.21.15.88:0/1224749071 <== mon.0 v1:172.21.15.88:6789/0 8 ==== osd_map(3..3 src has 1..3) ==== 1069+0+0 (unknown 102396990 0 0) 0x7f9104048240 con 0x7f9108104750
2024-03-26T21:16:52.419 INFO:teuthology.orchestra.run.smithi088.stdout:/usr/bin/ceph: stderr
2024-03-26T21:16:50.894+0000 7f90ff7fe700 1 -- 172.21.15.88:0/1224749071 <== mon.0 v1:172.21.15.88:6789/0 9 ==== mon_command_ack([{"prefix": "get_command_descriptions"}]=0 v0) ==== 72+0+187417 (unknown 1092875540 0 758779688) 0x7f9104017b00 con 0x7f9108104750
2024-03-26T21:16:52.419 INFO:teuthology.orchestra.run.smithi088.stdout:/usr/bin/ceph: stderr
2024-03-26T21:16:51.112+0000 7f91103a7700 1 -- 172.21.15.88:0/1224749071 --> v1:172.21.15.88:6800/4097082509 -- mgr_command(tid 0: {"prefix": "dashboard ac-user-create", "username": "admin", "rolename": "administrator", "force_password": true, "pwd_update_required": true, "target": ["mon-mgr", ""]}) -- 0x7f90ec002430 con 0x7f90f403a6a0
2024-03-26T21:16:52.419 INFO:teuthology.orchestra.run.smithi088.stdout:/usr/bin/ceph: stderr
2024-03-26T21:16:51.338+0000 7f90ff7fe700 1 -- 172.21.15.88:0/1224749071 <== mgr.14150 v1:172.21.15.88:6800/4097082509 1 ==== mgr_command_reply(tid 0: 0 ) ==== 8+0+252 (unknown 0 0 644544703) 0x7f90ec002430 con 0x7f90f403a6a0
2024-03-26T21:16:52.419 INFO:teuthology.orchestra.run.smithi088.stdout:/usr/bin/ceph: stderr
2024-03-26T21:16:51.340+0000 7f91103a7700 1 -- 172.21.15.88:0/1224749071 >> v1:172.21.15.88:6800/4097082509 conn(0x7f90f403a6a0 legacy=0x7f90f403cb60 unknown :-1 s=STATE_CONNECTION_ESTABLISHED l=1).mark_down
2024-03-26T21:16:52.420 INFO:teuthology.orchestra.run.smithi088.stdout:/usr/bin/ceph: stderr
2024-03-26T21:16:51.340+0000 7f91103a7700 1 -- 172.21.15.88:0/1224749071 >> v1:172.21.15.88:6789/0 conn(0x7f9108104750 legacy=0x7f910819a070 unknown :-1 s=STATE_CONNECTION_ESTABLISHED l=1).mark_down
2024-03-26T21:16:52.420 INFO:teuthology.orchestra.run.smithi088.stdout:/usr/bin/ceph: stderr
2024-03-26T21:16:51.340+0000 7f91103a7700 1 -- 172.21.15.88:0/1224749071 shutdown_connections
2024-03-26T21:16:52.420 INFO:teuthology.orchestra.run.smithi088.stdout:/usr/bin/ceph: stderr
2024-03-26T21:16:51.340+0000 7f91103a7700 1 -- 172.21.15.88:0/1224749071 >> 172.21.15.88:0/1224749071 conn(0x7f9108100040 msgr2=0x7f91081024c0 unknown :-1 s=STATE_NONE l=0).mark_down
2024-03-26T21:16:52.420 INFO:teuthology.orchestra.run.smithi088.stdout:/usr/bin/ceph: stderr
2024-03-26T21:16:51.341+0000 7f91103a7700 1 -- 172.21.15.88:0/1224749071 shutdown_connections
2024-03-26T21:16:52.420 INFO:teuthology.orchestra.run.smithi088.stdout:/usr/bin/ceph: stderr
2024-03-26T21:16:51.341+0000 7f91103a7700 1 -- 172.21.15.88:0/1224749071 wait complete.
2024-03-26T21:16:52.420 INFO:teuthology.orchestra.run.smithi088.stdout:Fetching dashboard port number...
2024-03-26T21:16:53.484 INFO:journalctl@ceph.mon.a.smithi088.stdout:Mar 26 21:16:53 smithi088 ceph-mon[30075]: from='client.? v1:172.21.15.88:0/2484173410' entity='client.admin' cmd=[{"prefix": "config get", "who": "mgr", "key": "mgr/dashboard/ssl_server_port"}]: dispatch
2024-03-26T21:16:53.758 INFO:teuthology.orchestra.run.smithi088.stdout:/usr/bin/ceph: stdout 8443
2024-03-26T21:16:53.758 INFO:teuthology.orchestra.run.smithi088.stdout:/usr/bin/ceph: stderr
2024-03-26T21:16:52.845+0000 7fcc99807700 1 Processor -- start
2024-03-26T21:16:53.758 INFO:teuthology.orchestra.run.smithi088.stdout:/usr/bin/ceph: stderr
2024-03-26T21:16:52.845+0000 7fcc99807700 1 -- start start
2024-03-26T21:16:53.758 INFO:teuthology.orchestra.run.smithi088.stdout:/usr/bin/ceph: stderr
2024-03-26T21:16:52.845+0000 7fcc99807700 1 -- --> v1:172.21.15.88:6789/0 -- auth(proto 0 34 bytes epoch 0) -- 0x7fcc9407a6f0 con 0x7fcc94106f70
2024-03-26T21:16:53.759 INFO:teuthology.orchestra.run.smithi088.stdout:/usr/bin/ceph: stderr
2024-03-26T21:16:52.846+0000 7fcc92ffd700 1 --1- >> v1:172.21.15.88:6789/0 conn(0x7fcc94106f70 0x7fcc94109360 :-1 s=CONNECTING_WAIT_BANNER_AND_IDENTIFY pgs=0 cs=0 l=0).handle_server_banner_and_identify peer v1:172.21.15.88:6789/0 says I am v1:172.21.15.88:51604/0 (socket says 172.21.15.88:51604)
2024-03-26T21:16:53.759 INFO:teuthology.orchestra.run.smithi088.stdout:/usr/bin/ceph: stderr
2024-03-26T21:16:52.846+0000 7fcc92ffd700 1 -- 172.21.15.88:0/1212199406 learned_addr learned my addr 172.21.15.88:0/1212199406 (peer_addr_for_me v1:172.21.15.88:0/0)
2024-03-26T21:16:53.759 INFO:teuthology.orchestra.run.smithi088.stdout:/usr/bin/ceph: stderr
2024-03-26T21:16:52.846+0000 7fcc91ffb700 1 -- 172.21.15.88:0/1212199406 <== mon.0 v1:172.21.15.88:6789/0 1 ==== auth_reply(proto 2 0 (0) Success) ==== 33+0+0 (unknown 602265207 0 0) 0x7fcc9407a6f0 con 0x7fcc94106f70
2024-03-26T21:16:53.759 INFO:teuthology.orchestra.run.smithi088.stdout:/usr/bin/ceph: stderr
2024-03-26T21:16:52.846+0000 7fcc91ffb700 1 -- 172.21.15.88:0/1212199406 --> v1:172.21.15.88:6789/0 -- auth(proto 2 36 bytes epoch 0) -- 0x7fcc7c0035b0 con 0x7fcc94106f70
2024-03-26T21:16:53.759 INFO:teuthology.orchestra.run.smithi088.stdout:/usr/bin/ceph: stderr
2024-03-26T21:16:52.846+0000 7fcc91ffb700 1 -- 172.21.15.88:0/1212199406 <== mon.0 v1:172.21.15.88:6789/0 2 ==== auth_reply(proto 2 0 (0) Success) ==== 214+0+0 (unknown 3201313952 0 0) 0x7fcc7c0035b0 con 0x7fcc94106f70
2024-03-26T21:16:53.759 INFO:teuthology.orchestra.run.smithi088.stdout:/usr/bin/ceph: stderr
2024-03-26T21:16:52.846+0000 7fcc91ffb700 1 -- 172.21.15.88:0/1212199406 --> v1:172.21.15.88:6789/0 -- mon_subscribe({config=0+,monmap=0+}) -- 0x7fcc9410ba90 con 0x7fcc94106f70
