2024-03-26T21:54:46.386 INFO:teuthology.orchestra.run.smithi194.stdout:/usr/bin/ceph: stderr
2024-03-26T21:54:44.791+0000 7f19e6efe700 1 -- 172.21.15.194:0/4261762703 --> [v2:172.21.15.194:3300/0,v1:172.21.15.194:6789/0] -- mon_subscribe({osdmap=0}) v3 -- 0x7f19e007a720 con 0x7f19e0106550
2024-03-26T21:54:46.386 INFO:teuthology.orchestra.run.smithi194.stdout:/usr/bin/ceph: stderr
2024-03-26T21:54:44.792+0000 7f19ddffb700 1 -- 172.21.15.194:0/4261762703 <== mon.0 v2:172.21.15.194:3300/0 4 ==== mgrmap(e 8) v1 ==== 45548+0+0 (secure 0 0 0) 0x7f19d401a430 con 0x7f19e0106550
2024-03-26T21:54:46.386 INFO:teuthology.orchestra.run.smithi194.stdout:/usr/bin/ceph: stderr
2024-03-26T21:54:44.792+0000 7f19e6efe700 1 -- 172.21.15.194:0/4261762703 --> [v2:172.21.15.194:3300/0,v1:172.21.15.194:6789/0] -- mon_command({"prefix": "get_command_descriptions"} v 0) v1 -- 0x7f19e00623e0 con 0x7f19e0106550
2024-03-26T21:54:46.386 INFO:teuthology.orchestra.run.smithi194.stdout:/usr/bin/ceph: stderr
2024-03-26T21:54:44.792+0000 7f19ddffb700 1 --2- 172.21.15.194:0/4261762703 >> [v2:172.21.15.194:6800/549918706,v1:172.21.15.194:6801/549918706] conn(0x7f19d0038770 0x7f19d003ac30 unknown :-1 s=NONE pgs=0 cs=0 l=1 rev1=0 crypto rx=0 tx=0 comp rx=0 tx=0).connect
2024-03-26T21:54:46.386 INFO:teuthology.orchestra.run.smithi194.stdout:/usr/bin/ceph: stderr
2024-03-26T21:54:44.792+0000 7f19ddffb700 1 -- 172.21.15.194:0/4261762703 <== mon.0 v2:172.21.15.194:3300/0 5 ==== osd_map(2..2 src has 1..2) v4 ==== 940+0+0 (secure 0 0 0) 0x7f19d404c7e0 con 0x7f19e0106550
2024-03-26T21:54:46.386 INFO:teuthology.orchestra.run.smithi194.stdout:/usr/bin/ceph: stderr
2024-03-26T21:54:44.792+0000 7f19dffff700 1 --2- 172.21.15.194:0/4261762703 >> [v2:172.21.15.194:6800/549918706,v1:172.21.15.194:6801/549918706] conn(0x7f19d0038770 0x7f19d003ac30 unknown :-1 s=BANNER_CONNECTING pgs=0 cs=0 l=1 rev1=0 crypto rx=0 tx=0 comp rx=0 tx=0)._handle_peer_banner_payload supported=3 required=0
2024-03-26T21:54:46.386 INFO:teuthology.orchestra.run.smithi194.stdout:/usr/bin/ceph: stderr
2024-03-26T21:54:44.793+0000 7f19dffff700 1 --2- 172.21.15.194:0/4261762703 >> [v2:172.21.15.194:6800/549918706,v1:172.21.15.194:6801/549918706] conn(0x7f19d0038770 0x7f19d003ac30 secure :-1 s=READY pgs=22 cs=0 l=1 rev1=1 crypto rx=0x7f19cc006fd0 tx=0x7f19cc006e40 comp rx=0 tx=0).ready entity=mgr.14118 client_cookie=0 server_cookie=0 in_seq=0 out_seq=0
2024-03-26T21:54:46.386 INFO:teuthology.orchestra.run.smithi194.stdout:/usr/bin/ceph: stderr
2024-03-26T21:54:44.797+0000 7f19ddffb700 1 -- 172.21.15.194:0/4261762703 <== mon.0 v2:172.21.15.194:3300/0 6 ==== mon_command_ack([{"prefix": "get_command_descriptions"}]=0 v0) v1 ==== 72+0+182738 (secure 0 0 0) 0x7f19d4018b40 con 0x7f19e0106550
2024-03-26T21:54:46.386 INFO:teuthology.orchestra.run.smithi194.stdout:/usr/bin/ceph: stderr
2024-03-26T21:54:45.043+0000 7f19e6efe700 1 -- 172.21.15.194:0/4261762703 --> [v2:172.21.15.194:3300/0,v1:172.21.15.194:6789/0] -- mon_command({"prefix": "mgr module enable", "module": "dashboard"} v 0) v1 -- 0x7f19e010a8b0 con 0x7f19e0106550
2024-03-26T21:54:46.386 INFO:teuthology.orchestra.run.smithi194.stdout:/usr/bin/ceph: stderr
2024-03-26T21:54:45.777+0000 7f19ddffb700 1 -- 172.21.15.194:0/4261762703 <== mon.0 v2:172.21.15.194:3300/0 7 ==== mgrmap(e 9) v1 ==== 45561+0+0 (secure 0 0 0) 0x7f19d402d910 con 0x7f19e0106550
2024-03-26T21:54:46.386 INFO:teuthology.orchestra.run.smithi194.stdout:/usr/bin/ceph: stderr
2024-03-26T21:54:45.779+0000 7f19ddffb700 1 -- 172.21.15.194:0/4261762703 <== mon.0 v2:172.21.15.194:3300/0 8 ==== mon_command_ack([{"prefix": "mgr module enable", "module": "dashboard"}]=0 v9) v1 ==== 88+0+0 (secure 0 0 0) 0x7f19d401ac30 con 0x7f19e0106550
2024-03-26T21:54:46.386 INFO:teuthology.orchestra.run.smithi194.stdout:/usr/bin/ceph: stderr
2024-03-26T21:54:45.782+0000 7f19e6efe700 1 -- 172.21.15.194:0/4261762703 >> [v2:172.21.15.194:6800/549918706,v1:172.21.15.194:6801/549918706] conn(0x7f19d0038770 msgr2=0x7f19d003ac30 secure :-1 s=STATE_CONNECTION_ESTABLISHED l=1).mark_down
2024-03-26T21:54:46.386 INFO:teuthology.orchestra.run.smithi194.stdout:/usr/bin/ceph: stderr
2024-03-26T21:54:45.782+0000 7f19e6efe700 1 --2- 172.21.15.194:0/4261762703 >> [v2:172.21.15.194:6800/549918706,v1:172.21.15.194:6801/549918706] conn(0x7f19d0038770 0x7f19d003ac30 secure :-1 s=READY pgs=22 cs=0 l=1 rev1=1 crypto rx=0x7f19cc006fd0 tx=0x7f19cc006e40 comp rx=0 tx=0).stop
2024-03-26T21:54:46.387 INFO:teuthology.orchestra.run.smithi194.stdout:/usr/bin/ceph: stderr
2024-03-26T21:54:45.782+0000 7f19e6efe700 1 -- 172.21.15.194:0/4261762703 >> [v2:172.21.15.194:3300/0,v1:172.21.15.194:6789/0] conn(0x7f19e0106550 msgr2=0x7f19e007bb00 secure :-1 s=STATE_CONNECTION_ESTABLISHED l=1).mark_down
2024-03-26T21:54:46.387 INFO:teuthology.orchestra.run.smithi194.stdout:/usr/bin/ceph: stderr
2024-03-26T21:54:45.782+0000 7f19e6efe700 1 --2- 172.21.15.194:0/4261762703 >> [v2:172.21.15.194:3300/0,v1:172.21.15.194:6789/0] conn(0x7f19e0106550 0x7f19e007bb00 secure :-1 s=READY pgs=66 cs=0 l=1 rev1=1 crypto rx=0x7f19d40117b0 tx=0x7f19d4011890 comp rx=0 tx=0).stop
2024-03-26T21:54:46.387 INFO:teuthology.orchestra.run.smithi194.stdout:/usr/bin/ceph: stderr
2024-03-26T21:54:45.782+0000 7f19e6efe700 1 -- 172.21.15.194:0/4261762703 shutdown_connections
2024-03-26T21:54:46.387 INFO:teuthology.orchestra.run.smithi194.stdout:/usr/bin/ceph: stderr
2024-03-26T21:54:45.782+0000 7f19e6efe700 1 --2- 172.21.15.194:0/4261762703 >> [v2:172.21.15.194:6800/549918706,v1:172.21.15.194:6801/549918706] conn(0x7f19d0038770 0x7f19d003ac30 unknown :-1 s=CLOSED pgs=22 cs=0 l=1 rev1=1 crypto rx=0 tx=0 comp rx=0 tx=0).stop
2024-03-26T21:54:46.387 INFO:teuthology.orchestra.run.smithi194.stdout:/usr/bin/ceph: stderr
2024-03-26T21:54:45.782+0000 7f19e6efe700 1 --2- 172.21.15.194:0/4261762703 >> [v2:172.21.15.194:3300/0,v1:172.21.15.194:6789/0] conn(0x7f19e0106550 0x7f19e007bb00 unknown :-1 s=CLOSED pgs=66 cs=0 l=1 rev1=1 crypto rx=0 tx=0 comp rx=0 tx=0).stop
2024-03-26T21:54:46.387 INFO:teuthology.orchestra.run.smithi194.stdout:/usr/bin/ceph: stderr
2024-03-26T21:54:45.782+0000 7f19e6efe700 1 -- 172.21.15.194:0/4261762703 >> 172.21.15.194:0/4261762703 conn(0x7f19e0101b10 msgr2=0x7f19e0102690 unknown :-1 s=STATE_NONE l=0).mark_down
2024-03-26T21:54:46.387 INFO:teuthology.orchestra.run.smithi194.stdout:/usr/bin/ceph: stderr
2024-03-26T21:54:45.782+0000 7f19e6efe700 1 -- 172.21.15.194:0/4261762703 shutdown_connections
2024-03-26T21:54:46.387 INFO:teuthology.orchestra.run.smithi194.stdout:/usr/bin/ceph: stderr
2024-03-26T21:54:45.782+0000 7f19e6efe700 1 -- 172.21.15.194:0/4261762703 wait complete.
2024-03-26T21:54:47.067 INFO:journalctl@ceph.mon.smithi194.smithi194.stdout:Mar 26 21:54:46 smithi194 ceph-mon[29693]: from='client.? 172.21.15.194:0/4261762703' entity='client.admin' cmd='[{"prefix": "mgr module enable", "module": "dashboard"}]': finished
2024-03-26T21:54:47.067 INFO:journalctl@ceph.mon.smithi194.smithi194.stdout:Mar 26 21:54:46 smithi194 ceph-mon[29693]: mgrmap e9: smithi194.wndbij(active, since 25s)
2024-03-26T21:54:47.757 INFO:teuthology.orchestra.run.smithi194.stdout:/usr/bin/ceph: stdout {
2024-03-26T21:54:47.757 INFO:teuthology.orchestra.run.smithi194.stdout:/usr/bin/ceph: stdout "epoch": 9,
2024-03-26T21:54:47.757 INFO:teuthology.orchestra.run.smithi194.stdout:/usr/bin/ceph: stdout "available": true,
2024-03-26T21:54:47.757 INFO:teuthology.orchestra.run.smithi194.stdout:/usr/bin/ceph: stdout "active_name": "smithi194.wndbij",
2024-03-26T21:54:47.758 INFO:teuthology.orchestra.run.smithi194.stdout:/usr/bin/ceph: stdout "num_standby": 0
2024-03-26T21:54:47.758 INFO:teuthology.orchestra.run.smithi194.stdout:/usr/bin/ceph: stdout }
2024-03-26T21:54:47.758 INFO:teuthology.orchestra.run.smithi194.stdout:/usr/bin/ceph: stderr
2024-03-26T21:54:46.866+0000 7f4949282700 1 Processor -- start
2024-03-26T21:54:47.758 INFO:teuthology.orchestra.run.smithi194.stdout:/usr/bin/ceph: stderr
2024-03-26T21:54:46.866+0000 7f4949282700 1 -- start start
2024-03-26T21:54:47.758 INFO:teuthology.orchestra.run.smithi194.stdout:/usr/bin/ceph: stderr
2024-03-26T21:54:46.867+0000 7f4949282700 1 --2- >> [v2:172.21.15.194:3300/0,v1:172.21.15.194:6789/0] conn(0x7f4944106510 0x7f4944106930 unknown :-1 s=NONE pgs=0 cs=0 l=0 rev1=0 crypto rx=0 tx=0 comp rx=0 tx=0).connect
2024-03-26T21:54:47.758 INFO:teuthology.orchestra.run.smithi194.stdout:/usr/bin/ceph: stderr
2024-03-26T21:54:46.867+0000 7f4949282700 1 -- --> [v2:172.21.15.194:3300/0,v1:172.21.15.194:6789/0] -- mon_getmap magic: 0 v1 -- 0x7f4944106f00 con 0x7f4944106510
2024-03-26T21:54:47.758 INFO:teuthology.orchestra.run.smithi194.stdout:/usr/bin/ceph: stderr
2024-03-26T21:54:46.867+0000 7f4942ffd700 1 --2- >> [v2:172.21.15.194:3300/0,v1:172.21.15.194:6789/0] conn(0x7f4944106510 0x7f4944106930 unknown :-1 s=BANNER_CONNECTING pgs=0 cs=0 l=0 rev1=0 crypto rx=0 tx=0 comp rx=0 tx=0)._handle_peer_banner_payload supported=3 required=0
2024-03-26T21:54:47.758 INFO:teuthology.orchestra.run.smithi194.stdout:/usr/bin/ceph: stderr
2024-03-26T21:54:46.867+0000 7f4942ffd700 1 --2- >> [v2:172.21.15.194:3300/0,v1:172.21.15.194:6789/0] conn(0x7f4944106510 0x7f4944106930 unknown :-1 s=HELLO_CONNECTING pgs=0 cs=0 l=0 rev1=1 crypto rx=0 tx=0 comp rx=0 tx=0).handle_hello peer v2:172.21.15.194:3300/0 says I am v2:172.21.15.194:53882/0 (socket says 172.21.15.194:53882)
2024-03-26T21:54:47.758 INFO:teuthology.orchestra.run.smithi194.stdout:/usr/bin/ceph: stderr
2024-03-26T21:54:46.867+0000 7f4942ffd700 1 -- 172.21.15.194:0/287745033 learned_addr learned my addr 172.21.15.194:0/287745033 (peer_addr_for_me v2:172.21.15.194:0/0)
2024-03-26T21:54:47.758 INFO:teuthology.orchestra.run.smithi194.stdout:/usr/bin/ceph: stderr
2024-03-26T21:54:46.867+0000 7f4942ffd700 1 -- 172.21.15.194:0/287745033 --> [v2:172.21.15.194:3300/0,v1:172.21.15.194:6789/0] -- mon_subscribe({config=0+,monmap=0+}) v3 -- 0x7f49441076c0 con 0x7f4944106510
2024-03-26T21:54:47.758 INFO:teuthology.orchestra.run.smithi194.stdout:/usr/bin/ceph: stderr
2024-03-26T21:54:46.867+0000 7f4942ffd700 1 --2- 172.21.15.194:0/287745033 >> [v2:172.21.15.194:3300/0,v1:172.21.15.194:6789/0] conn(0x7f4944106510 0x7f4944106930 secure :-1 s=READY pgs=69 cs=0 l=1 rev1=1 crypto rx=0x7f49340098a0 tx=0x7f4934009bb0 comp rx=0 tx=0).ready entity=mon.0 client_cookie=358876ef4e4fa9f1 server_cookie=0 in_seq=0 out_seq=0
2024-03-26T21:54:47.758 INFO:teuthology.orchestra.run.smithi194.stdout:/usr/bin/ceph: stderr
2024-03-26T21:54:46.868+0000 7f4941ffb700 1 -- 172.21.15.194:0/287745033 <== mon.0 v2:172.21.15.194:3300/0 1 ==== mon_map magic: 0 v1 ==== 229+0+0 (secure 0 0 0) 0x7f4934004180 con 0x7f4944106510
2024-03-26T21:54:47.759 INFO:teuthology.orchestra.run.smithi194.stdout:/usr/bin/ceph: stderr
2024-03-26T21:54:46.868+0000 7f4941ffb700 1 -- 172.21.15.194:0/287745033 <== mon.0 v2:172.21.15.194:3300/0 2 ==== config(27 keys) v1 ==== 1109+0+0 (secure 0 0 0) 0x7f49340042e0 con 0x7f4944106510
2024-03-26T21:54:47.759 INFO:teuthology.orchestra.run.smithi194.stdout:/usr/bin/ceph: stderr
2024-03-26T21:54:46.868+0000 7f4941ffb700 1 -- 172.21.15.194:0/287745033 <== mon.0 v2:172.21.15.194:3300/0 3 ==== mon_map magic: 0 v1 ==== 229+0+0 (secure 0 0 0) 0x7f4934011b10 con 0x7f4944106510
2024-03-26T21:54:47.759 INFO:teuthology.orchestra.run.smithi194.stdout:/usr/bin/ceph: stderr
2024-03-26T21:54:46.868+0000 7f4949282700 1 -- 172.21.15.194:0/287745033 >> [v2:172.21.15.194:3300/0,v1:172.21.15.194:6789/0] conn(0x7f4944106510 msgr2=0x7f4944106930 secure :-1 s=STATE_CONNECTION_ESTABLISHED l=1).mark_down
2024-03-26T21:54:47.759 INFO:teuthology.orchestra.run.smithi194.stdout:/usr/bin/ceph: stderr
2024-03-26T21:54:46.868+0000 7f4949282700 1 --2- 172.21.15.194:0/287745033 >> [v2:172.21.15.194:3300/0,v1:172.21.15.194:6789/0] conn(0x7f4944106510 0x7f4944106930 secure :-1 s=READY pgs=69 cs=0 l=1 rev1=1 crypto rx=0x7f49340098a0 tx=0x7f4934009bb0 comp rx=0 tx=0).stop
2024-03-26T21:54:47.759 INFO:teuthology.orchestra.run.smithi194.stdout:/usr/bin/ceph: stderr
2024-03-26T21:54:46.868+0000 7f4949282700 1 -- 172.21.15.194:0/287745033 shutdown_connections
2024-03-26T21:54:47.759 INFO:teuthology.orchestra.run.smithi194.stdout:/usr/bin/ceph: stderr
2024-03-26T21:54:46.868+0000 7f4949282700 1 --2- 172.21.15.194:0/287745033 >> [v2:172.21.15.194:3300/0,v1:172.21.15.194:6789/0] conn(0x7f4944106510 0x7f4944106930 unknown :-1 s=CLOSED pgs=69 cs=0 l=1 rev1=1 crypto rx=0 tx=0 comp rx=0 tx=0).stop
2024-03-26T21:54:47.759 INFO:teuthology.orchestra.run.smithi194.stdout:/usr/bin/ceph: stderr
2024-03-26T21:54:46.868+0000 7f4949282700 1 -- 172.21.15.194:0/287745033 >> 172.21.15.194:0/287745033 conn(0x7f4944101b10 msgr2=0x7f4944103f30 unknown :-1 s=STATE_NONE l=0).mark_down
2024-03-26T21:54:47.759 INFO:teuthology.orchestra.run.smithi194.stdout:/usr/bin/ceph: stderr
2024-03-26T21:54:46.868+0000 7f4949282700 1 -- 172.21.15.194:0/287745033 shutdown_connections
2024-03-26T21:54:47.759 INFO:teuthology.orchestra.run.smithi194.stdout:/usr/bin/ceph: stderr
2024-03-26T21:54:46.868+0000 7f4949282700 1 -- 172.21.15.194:0/287745033 wait complete.
2024-03-26T21:54:47.759 INFO:teuthology.orchestra.run.smithi194.stdout:/usr/bin/ceph: stderr
2024-03-26T21:54:46.869+0000 7f4949282700 1 Processor -- start
2024-03-26T21:54:47.759 INFO:teuthology.orchestra.run.smithi194.stdout:/usr/bin/ceph: stderr
2024-03-26T21:54:46.869+0000 7f4949282700 1 -- start start
2024-03-26T21:54:47.759 INFO:teuthology.orchestra.run.smithi194.stdout:/usr/bin/ceph: stderr
2024-03-26T21:54:46.869+0000 7f4949282700 1 --2- >> [v2:172.21.15.194:3300/0,v1:172.21.15.194:6789/0] conn(0x7f4944106510 0x7f494419c430 unknown :-1 s=NONE pgs=0 cs=0 l=1 rev1=0 crypto rx=0 tx=0 comp rx=0 tx=0).connect
2024-03-26T21:54:47.759 INFO:teuthology.orchestra.run.smithi194.stdout:/usr/bin/ceph: stderr
2024-03-26T21:54:46.869+0000 7f4949282700 1 -- --> [v2:172.21.15.194:3300/0,v1:172.21.15.194:6789/0] -- mon_getmap magic: 0 v1 -- 0x7f494419c970 con 0x7f4944106510
2024-03-26T21:54:47.760 INFO:teuthology.orchestra.run.smithi194.stdout:/usr/bin/ceph: stderr
2024-03-26T21:54:46.869+0000 7f4942ffd700 1 --2- >> [v2:172.21.15.194:3300/0,v1:172.21.15.194:6789/0] conn(0x7f4944106510 0x7f494419c430 unknown :-1 s=BANNER_CONNECTING pgs=0 cs=0 l=1 rev1=0 crypto rx=0 tx=0 comp rx=0 tx=0)._handle_peer_banner_payload supported=3 required=0
2024-03-26T21:54:47.760 INFO:teuthology.orchestra.run.smithi194.stdout:/usr/bin/ceph: stderr
2024-03-26T21:54:46.869+0000 7f4942ffd700 1 --2- >> [v2:172.21.15.194:3300/0,v1:172.21.15.194:6789/0] conn(0x7f4944106510 0x7f494419c430 unknown :-1 s=HELLO_CONNECTING pgs=0 cs=0 l=1 rev1=1 crypto rx=0 tx=0 comp rx=0 tx=0).handle_hello peer v2:172.21.15.194:3300/0 says I am v2:172.21.15.194:53888/0 (socket says 172.21.15.194:53888)
2024-03-26T21:54:47.760 INFO:teuthology.orchestra.run.smithi194.stdout:/usr/bin/ceph: stderr
2024-03-26T21:54:46.869+0000 7f4942ffd700 1 -- 172.21.15.194:0/1174923274 learned_addr learned my addr 172.21.15.194:0/1174923274 (peer_addr_for_me v2:172.21.15.194:0/0)
2024-03-26T21:54:47.760 INFO:teuthology.orchestra.run.smithi194.stdout:/usr/bin/ceph: stderr
2024-03-26T21:54:46.870+0000 7f4942ffd700 1 -- 172.21.15.194:0/1174923274 --> [v2:172.21.15.194:3300/0,v1:172.21.15.194:6789/0] -- mon_subscribe({config=0+,monmap=0+}) v3 -- 0x7f4934009550 con 0x7f4944106510
2024-03-26T21:54:47.760 INFO:teuthology.orchestra.run.smithi194.stdout:/usr/bin/ceph: stderr
2024-03-26T21:54:46.870+0000 7f4942ffd700 1 --2- 172.21.15.194:0/1174923274 >> [v2:172.21.15.194:3300/0,v1:172.21.15.194:6789/0] conn(0x7f4944106510 0x7f494419c430 secure :-1 s=READY pgs=70 cs=0 l=1 rev1=1 crypto rx=0x7f49340117b0 tx=0x7f4934011890 comp rx=0 tx=0).ready entity=mon.0 client_cookie=0 server_cookie=0 in_seq=0 out_seq=0
2024-03-26T21:54:47.760 INFO:teuthology.orchestra.run.smithi194.stdout:/usr/bin/ceph: stderr
2024-03-26T21:54:46.870+0000 7f492bfff700 1 -- 172.21.15.194:0/1174923274 <== mon.0 v2:172.21.15.194:3300/0 1 ==== mon_map magic: 0 v1 ==== 229+0+0 (secure 0 0 0) 0x7f49340038b0 con 0x7f4944106510
2024-03-26T21:54:47.760 INFO:teuthology.orchestra.run.smithi194.stdout:/usr/bin/ceph: stderr
2024-03-26T21:54:46.870+0000 7f492bfff700 1 -- 172.21.15.194:0/1174923274 <== mon.0 v2:172.21.15.194:3300/0 2 ==== config(27 keys) v1 ==== 1109+0+0 (secure 0 0 0) 0x7f4934003a10 con 0x7f4944106510
2024-03-26T21:54:47.760 INFO:teuthology.orchestra.run.smithi194.stdout:/usr/bin/ceph: stderr
2024-03-26T21:54:46.870+0000 7f492bfff700 1 -- 172.21.15.194:0/1174923274 <== mon.0 v2:172.21.15.194:3300/0 3 ==== mon_map magic: 0 v1 ==== 229+0+0 (secure 0 0 0) 0x7f49340246e0 con 0x7f4944106510
2024-03-26T21:54:47.760 INFO:teuthology.orchestra.run.smithi194.stdout:/usr/bin/ceph: stderr
2024-03-26T21:54:46.870+0000 7f4949282700 1 -- 172.21.15.194:0/1174923274 --> [v2:172.21.15.194:3300/0,v1:172.21.15.194:6789/0] -- mon_subscribe({mgrmap=0+}) v3 -- 0x7f494419cb70 con 0x7f4944106510
2024-03-26T21:54:47.760 INFO:teuthology.orchestra.run.smithi194.stdout:/usr/bin/ceph: stderr
2024-03-26T21:54:46.870+0000 7f4949282700 1 -- 172.21.15.194:0/1174923274 --> [v2:172.21.15.194:3300/0,v1:172.21.15.194:6789/0] -- mon_subscribe({osdmap=0}) v3 -- 0x7f494419d010 con 0x7f4944106510
2024-03-26T21:54:47.760 INFO:teuthology.orchestra.run.smithi194.stdout:/usr/bin/ceph: stderr
2024-03-26T21:54:46.871+0000 7f492bfff700 1 -- 172.21.15.194:0/1174923274 <== mon.0 v2:172.21.15.194:3300/0 4 ==== mgrmap(e 9) v1 ==== 45561+0+0 (secure 0 0 0) 0x7f493402d3f0 con 0x7f4944106510
2024-03-26T21:54:47.760 INFO:teuthology.orchestra.run.smithi194.stdout:/usr/bin/ceph: stderr
2024-03-26T21:54:46.871+0000 7f4949282700 1 -- 172.21.15.194:0/1174923274 --> [v2:172.21.15.194:3300/0,v1:172.21.15.194:6789/0] -- mon_command({"prefix": "get_command_descriptions"} v 0) v1 -- 0x7f494410a8f0 con 0x7f4944106510
2024-03-26T21:54:47.761 INFO:teuthology.orchestra.run.smithi194.stdout:/usr/bin/ceph: stderr
2024-03-26T21:54:46.871+0000 7f492bfff700 1 --2- 172.21.15.194:0/1174923274 >> [v2:172.21.15.194:6800/549918706,v1:172.21.15.194:6801/549918706] conn(0x7f492c038770 0x7f492c03ac30 unknown :-1 s=NONE pgs=0 cs=0 l=1 rev1=0 crypto rx=0 tx=0 comp rx=0 tx=0).connect
2024-03-26T21:54:47.761 INFO:teuthology.orchestra.run.smithi194.stdout:/usr/bin/ceph: stderr
2024-03-26T21:54:46.871+0000 7f492bfff700 1 -- 172.21.15.194:0/1174923274 <== mon.0 v2:172.21.15.194:3300/0 5 ==== osd_map(2..2 src has 1..2) v4 ==== 940+0+0 (secure 0 0 0) 0x7f493404c970 con 0x7f4944106510
2024-03-26T21:54:47.761 INFO:teuthology.orchestra.run.smithi194.stdout:/usr/bin/ceph: stderr
2024-03-26T21:54:46.871+0000 7f49427fc700 1 -- 172.21.15.194:0/1174923274 >> [v2:172.21.15.194:6800/549918706,v1:172.21.15.194:6801/549918706] conn(0x7f492c038770 msgr2=0x7f492c03ac30 unknown :-1 s=STATE_CONNECTING_RE l=1).process reconnect failed to v2:172.21.15.194:6800/549918706
2024-03-26T21:54:47.761 INFO:teuthology.orchestra.run.smithi194.stdout:/usr/bin/ceph: stderr
2024-03-26T21:54:46.871+0000 7f49427fc700 1 --2- 172.21.15.194:0/1174923274 >> [v2:172.21.15.194:6800/549918706,v1:172.21.15.194:6801/549918706] conn(0x7f492c038770 0x7f492c03ac30 unknown :-1 s=START_CONNECT pgs=0 cs=0 l=1 rev1=0 crypto rx=0 tx=0 comp rx=0 tx=0)._fault waiting 0.200000
2024-03-26T21:54:47.761 INFO:teuthology.orchestra.run.smithi194.stdout:/usr/bin/ceph: stderr
2024-03-26T21:54:46.876+0000 7f492bfff700 1 -- 172.21.15.194:0/1174923274 <== mon.0 v2:172.21.15.194:3300/0 6 ==== mon_command_ack([{"prefix": "get_command_descriptions"}]=0 v0) v1 ==== 72+0+182738 (secure 0 0 0) 0x7f4934010de0 con 0x7f4944106510
2024-03-26T21:54:47.761 INFO:teuthology.orchestra.run.smithi194.stdout:/usr/bin/ceph: stderr
2024-03-26T21:54:47.072+0000 7f49427fc700 1 -- 172.21.15.194:0/1174923274 >> [v2:172.21.15.194:6800/549918706,v1:172.21.15.194:6801/549918706] conn(0x7f492c038770 msgr2=0x7f492c03ac30 unknown :-1 s=STATE_CONNECTING_RE l=1).process reconnect failed to v2:172.21.15.194:6800/549918706
2024-03-26T21:54:47.761 INFO:teuthology.orchestra.run.smithi194.stdout:/usr/bin/ceph: stderr
2024-03-26T21:54:47.072+0000 7f49427fc700 1 --2- 172.21.15.194:0/1174923274 >> [v2:172.21.15.194:6800/549918706,v1:172.21.15.194:6801/549918706] conn(0x7f492c038770 0x7f492c03ac30 unknown :-1 s=START_CONNECT pgs=0 cs=0 l=1 rev1=0 crypto rx=0 tx=0 comp rx=0 tx=0)._fault waiting 0.400000
2024-03-26T21:54:47.761 INFO:teuthology.orchestra.run.smithi194.stdout:/usr/bin/ceph: stderr
2024-03-26T21:54:47.134+0000 7f4949282700 1 -- 172.21.15.194:0/1174923274 --> [v2:172.21.15.194:3300/0,v1:172.21.15.194:6789/0] -- mon_command({"prefix": "mgr stat"} v 0) v1 -- 0x7f494419f8a0 con 0x7f4944106510
2024-03-26T21:54:47.761 INFO:teuthology.orchestra.run.smithi194.stdout:/usr/bin/ceph: stderr
2024-03-26T21:54:47.135+0000 7f492bfff700 1 -- 172.21.15.194:0/1174923274 <== mon.0 v2:172.21.15.194:3300/0 7 ==== mon_command_ack([{"prefix": "mgr stat"}]=0 v9) v1 ==== 56+0+103 (secure 0 0 0) 0x7f4934010380 con 0x7f4944106510
2024-03-26T21:54:47.761 INFO:teuthology.orchestra.run.smithi194.stdout:/usr/bin/ceph: stderr
2024-03-26T21:54:47.137+0000 7f4949282700 1 -- 172.21.15.194:0/1174923274 >> [v2:172.21.15.194:6800/549918706,v1:172.21.15.194:6801/549918706] conn(0x7f492c038770 msgr2=0x7f492c03ac30 unknown :-1 s=STATE_CONNECTING l=1).mark_down
2024-03-26T21:54:47.761 INFO:teuthology.orchestra.run.smithi194.stdout:/usr/bin/ceph: stderr
2024-03-26T21:54:47.137+0000 7f4949282700 1 --2- 172.21.15.194:0/1174923274 >> [v2:172.21.15.194:6800/549918706,v1:172.21.15.194:6801/549918706] conn(0x7f492c038770 0x7f492c03ac30 unknown :-1 s=START_CONNECT pgs=0 cs=0 l=1 rev1=0 crypto rx=0 tx=0 comp rx=0 tx=0).stop
2024-03-26T21:54:47.761 INFO:teuthology.orchestra.run.smithi194.stdout:/usr/bin/ceph: stderr
2024-03-26T21:54:47.137+0000 7f4949282700 1 -- 172.21.15.194:0/1174923274 >> [v2:172.21.15.194:3300/0,v1:172.21.15.194:6789/0] conn(0x7f4944106510 msgr2=0x7f494419c430 secure :-1 s=STATE_CONNECTION_ESTABLISHED l=1).mark_down
2024-03-26T21:54:47.761 INFO:teuthology.orchestra.run.smithi194.stdout:/usr/bin/ceph: stderr
2024-03-26T21:54:47.137+0000 7f4949282700 1 --2- 172.21.15.194:0/1174923274 >> [v2:172.21.15.194:3300/0,v1:172.21.15.194:6789/0] conn(0x7f4944106510 0x7f494419c430 secure :-1 s=READY pgs=70 cs=0 l=1 rev1=1 crypto rx=0x7f49340117b0 tx=0x7f4934011890 comp rx=0 tx=0).stop
2024-03-26T21:54:47.762 INFO:teuthology.orchestra.run.smithi194.stdout:/usr/bin/ceph: stderr
2024-03-26T21:54:47.137+0000 7f4949282700 1 -- 172.21.15.194:0/1174923274 shutdown_connections
2024-03-26T21:54:47.762 INFO:teuthology.orchestra.run.smithi194.stdout:/usr/bin/ceph: stderr
2024-03-26T21:54:47.137+0000 7f4949282700 1 --2- 172.21.15.194:0/1174923274 >> [v2:172.21.15.194:6800/549918706,v1:172.21.15.194:6801/549918706] conn(0x7f492c038770 0x7f492c03ac30 unknown :-1 s=CLOSED pgs=0 cs=0 l=1 rev1=0 crypto rx=0 tx=0 comp rx=0 tx=0).stop
2024-03-26T21:54:47.762 INFO:teuthology.orchestra.run.smithi194.stdout:/usr/bin/ceph: stderr
2024-03-26T21:54:47.137+0000 7f4949282700 1 --2- 172.21.15.194:0/1174923274 >> [v2:172.21.15.194:3300/0,v1:172.21.15.194:6789/0] conn(0x7f4944106510 0x7f494419c430 unknown :-1 s=CLOSED pgs=70 cs=0 l=1 rev1=1 crypto rx=0 tx=0 comp rx=0 tx=0).stop
2024-03-26T21:54:47.762 INFO:teuthology.orchestra.run.smithi194.stdout:/usr/bin/ceph: stderr
2024-03-26T21:54:47.137+0000 7f4949282700 1 -- 172.21.15.194:0/1174923274 >> 172.21.15.194:0/1174923274 conn(0x7f4944101b10 msgr2=0x7f4944102630 unknown :-1 s=STATE_NONE l=0).mark_down
2024-03-26T21:54:47.762 INFO:teuthology.orchestra.run.smithi194.stdout:/usr/bin/ceph: stderr
2024-03-26T21:54:47.137+0000 7f4949282700 1 -- 172.21.15.194:0/1174923274 shutdown_connections
2024-03-26T21:54:47.762 INFO:teuthology.orchestra.run.smithi194.stdout:/usr/bin/ceph: stderr
2024-03-26T21:54:47.137+0000 7f4949282700 1 -- 172.21.15.194:0/1174923274 wait complete.
2024-03-26T21:54:47.762 INFO:teuthology.orchestra.run.smithi194.stdout:Waiting for the mgr to restart...
2024-03-26T21:54:47.762 INFO:teuthology.orchestra.run.smithi194.stdout:Waiting for mgr epoch 9...
2024-03-26T21:54:47.999 INFO:journalctl@ceph.mon.smithi194.smithi194.stdout:Mar 26 21:54:47 smithi194 ceph-mon[29693]: from='client.? 172.21.15.194:0/1174923274' entity='client.admin' cmd=[{"prefix": "mgr stat"}]: dispatch
2024-03-26T21:54:52.911 INFO:journalctl@ceph.mon.smithi194.smithi194.stdout:Mar 26 21:54:52 smithi194 ceph-mon[29693]: Active manager daemon smithi194.wndbij restarted
2024-03-26T21:54:52.911 INFO:journalctl@ceph.mon.smithi194.smithi194.stdout:Mar 26 21:54:52 smithi194 ceph-mon[29693]: Activating manager daemon smithi194.wndbij
2024-03-26T21:54:52.911 INFO:journalctl@ceph.mon.smithi194.smithi194.stdout:Mar 26 21:54:52 smithi194 ceph-mon[29693]: osdmap e3: 0 total, 0 up, 0 in
2024-03-26T21:54:52.911 INFO:journalctl@ceph.mon.smithi194.smithi194.stdout:Mar 26 21:54:52 smithi194 ceph-mon[29693]: mgrmap e10: smithi194.wndbij(active, starting, since 0.00378787s)
2024-03-26T21:54:52.911 INFO:journalctl@ceph.mon.smithi194.smithi194.stdout:Mar 26 21:54:52 smithi194 ceph-mon[29693]: from='mgr.14162 172.21.15.194:0/3140127418' entity='mgr.smithi194.wndbij' cmd=[{"prefix": "mon metadata", "id": "smithi194"}]: dispatch
2024-03-26T21:54:52.911 INFO:journalctl@ceph.mon.smithi194.smithi194.stdout:Mar 26 21:54:52 smithi194 ceph-mon[29693]: from='mgr.14162 172.21.15.194:0/3140127418' entity='mgr.smithi194.wndbij' cmd=[{"prefix": "mgr metadata", "who": "smithi194.wndbij", "id": "smithi194.wndbij"}]: dispatch
2024-03-26T21:54:52.912 INFO:journalctl@ceph.mon.smithi194.smithi194.stdout:Mar 26 21:54:52 smithi194 ceph-mon[29693]: from='mgr.14162 172.21.15.194:0/3140127418' entity='mgr.smithi194.wndbij' cmd=[{"prefix": "mds metadata"}]: dispatch
2024-03-26T21:54:52.912 INFO:journalctl@ceph.mon.smithi194.smithi194.stdout:Mar 26 21:54:52 smithi194 ceph-mon[29693]: from='mgr.14162 172.21.15.194:0/3140127418' entity='mgr.smithi194.wndbij' cmd=[{"prefix": "osd metadata"}]: dispatch
2024-03-26T21:54:52.912 INFO:journalctl@ceph.mon.smithi194.smithi194.stdout:Mar 26 21:54:52 smithi194 ceph-mon[29693]: from='mgr.14162 172.21.15.194:0/3140127418' entity='mgr.smithi194.wndbij' cmd=[{"prefix": "mon metadata"}]: dispatch
2024-03-26T21:54:52.912 INFO:journalctl@ceph.mon.smithi194.smithi194.stdout:Mar 26 21:54:52 smithi194 ceph-mon[29693]: Manager daemon smithi194.wndbij is now available
2024-03-26T21:54:52.912 INFO:journalctl@ceph.mon.smithi194.smithi194.stdout:Mar 26 21:54:52 smithi194 ceph-mon[29693]: from='mgr.14162 172.21.15.194:0/3140127418' entity='mgr.smithi194.wndbij' cmd=[{"prefix": "config dump", "format": "json"}]: dispatch
2024-03-26T21:54:53.911 INFO:journalctl@ceph.mon.smithi194.smithi194.stdout:Mar 26 21:54:53 smithi194 ceph-mon[29693]: from='mgr.14162 172.21.15.194:0/3140127418' entity='mgr.smithi194.wndbij' cmd=[{"prefix":"config rm","who":"mgr","name":"mgr/rbd_support/smithi194.wndbij/mirror_snapshot_schedule"}]: dispatch
2024-03-26T21:54:53.911 INFO:journalctl@ceph.mon.smithi194.smithi194.stdout:Mar 26 21:54:53 smithi194 ceph-mon[29693]: from='mgr.14162 172.21.15.194:0/3140127418' entity='mgr.smithi194.wndbij' cmd=[{"prefix":"config rm","who":"mgr","name":"mgr/rbd_support/smithi194.wndbij/trash_purge_schedule"}]: dispatch
2024-03-26T21:54:53.911 INFO:journalctl@ceph.mon.smithi194.smithi194.stdout:Mar 26 21:54:53 smithi194 ceph-mon[29693]: mgrmap e11: smithi194.wndbij(active, since 1.00547s)
2024-03-26T21:54:54.216 INFO:teuthology.orchestra.run.smithi194.stdout:/usr/bin/ceph: stdout {
2024-03-26T21:54:54.216 INFO:teuthology.orchestra.run.smithi194.stdout:/usr/bin/ceph: stdout "mgrmap_epoch": 11,
2024-03-26T21:54:54.216 INFO:teuthology.orchestra.run.smithi194.stdout:/usr/bin/ceph: stdout "initialized": true
2024-03-26T21:54:54.216 INFO:teuthology.orchestra.run.smithi194.stdout:/usr/bin/ceph: stdout }
2024-03-26T21:54:54.216 INFO:teuthology.orchestra.run.smithi194.stdout:/usr/bin/ceph: stderr
2024-03-26T21:54:48.208+0000 7f3344f7b700 1 Processor -- start
2024-03-26T21:54:54.216 INFO:teuthology.orchestra.run.smithi194.stdout:/usr/bin/ceph: stderr
2024-03-26T21:54:48.208+0000 7f3344f7b700 1 -- start start
2024-03-26T21:54:54.216 INFO:teuthology.orchestra.run.smithi194.stdout:/usr/bin/ceph: stderr
2024-03-26T21:54:48.208+0000 7f3344f7b700 1 --2- >> [v2:172.21.15.194:3300/0,v1:172.21.15.194:6789/0] conn(0x7f33401047c0 0x7f3340104be0 unknown :-1 s=NONE pgs=0 cs=0 l=0 rev1=0 crypto rx=0 tx=0 comp rx=0 tx=0).connect
2024-03-26T21:54:54.216 INFO:teuthology.orchestra.run.smithi194.stdout:/usr/bin/ceph: stderr
2024-03-26T21:54:48.209+0000 7f3344f7b700 1 -- --> [v2:172.21.15.194:3300/0,v1:172.21.15.194:6789/0] -- mon_getmap magic: 0 v1 -- 0x7f33401051b0 con 0x7f33401047c0
2024-03-26T21:54:54.217 INFO:teuthology.orchestra.run.smithi194.stdout:/usr/bin/ceph: stderr
2024-03-26T21:54:48.209+0000 7f333e59c700 1 --2- >> [v2:172.21.15.194:3300/0,v1:172.21.15.194:6789/0] conn(0x7f33401047c0 0x7f3340104be0 unknown :-1 s=BANNER_CONNECTING pgs=0 cs=0 l=0 rev1=0 crypto rx=0 tx=0 comp rx=0 tx=0)._handle_peer_banner_payload supported=3 required=0
2024-03-26T21:54:54.217 INFO:teuthology.orchestra.run.smithi194.stdout:/usr/bin/ceph: stderr
2024-03-26T21:54:48.209+0000 7f333e59c700 1 --2- >> [v2:172.21.15.194:3300/0,v1:172.21.15.194:6789/0] conn(0x7f33401047c0 0x7f3340104be0 unknown :-1 s=HELLO_CONNECTING pgs=0 cs=0 l=0 rev1=1 crypto rx=0 tx=0 comp rx=0 tx=0).handle_hello peer v2:172.21.15.194:3300/0 says I am v2:172.21.15.194:53896/0 (socket says 172.21.15.194:53896)
2024-03-26T21:54:54.217 INFO:teuthology.orchestra.run.smithi194.stdout:/usr/bin/ceph: stderr
2024-03-26T21:54:48.209+0000 7f333e59c700 1 -- 172.21.15.194:0/4178446201 learned_addr learned my addr 172.21.15.194:0/4178446201 (peer_addr_for_me v2:172.21.15.194:0/0)
2024-03-26T21:54:54.217 INFO:teuthology.orchestra.run.smithi194.stdout:/usr/bin/ceph: stderr
2024-03-26T21:54:48.209+0000 7f333e59c700 1 -- 172.21.15.194:0/4178446201 --> [v2:172.21.15.194:3300/0,v1:172.21.15.194:6789/0] -- mon_subscribe({config=0+,monmap=0+}) v3 -- 0x7f3340107750 con 0x7f33401047c0
2024-03-26T21:54:54.217 INFO:teuthology.orchestra.run.smithi194.stdout:/usr/bin/ceph: stderr
2024-03-26T21:54:48.209+0000 7f333e59c700 1 --2- 172.21.15.194:0/4178446201 >> [v2:172.21.15.194:3300/0,v1:172.21.15.194:6789/0] conn(0x7f33401047c0 0x7f3340104be0 secure :-1 s=READY pgs=71 cs=0 l=1 rev1=1 crypto rx=0x7f33300098a0 tx=0x7f3330009bb0 comp rx=0 tx=0).ready entity=mon.0 client_cookie=929238efb169659e server_cookie=0 in_seq=0 out_seq=0
2024-03-26T21:54:54.217 INFO:teuthology.orchestra.run.smithi194.stdout:/usr/bin/ceph: stderr
2024-03-26T21:54:48.209+0000 7f333d59a700 1 -- 172.21.15.194:0/4178446201 <== mon.0 v2:172.21.15.194:3300/0 1 ==== mon_map magic: 0 v1 ==== 229+0+0 (secure 0 0 0) 0x7f3330004180 con 0x7f33401047c0
2024-03-26T21:54:54.217 INFO:teuthology.orchestra.run.smithi194.stdout:/usr/bin/ceph: stderr
2024-03-26T21:54:48.209+0000 7f333d59a700 1 -- 172.21.15.194:0/4178446201 <== mon.0 v2:172.21.15.194:3300/0 2 ==== config(27 keys) v1 ==== 1109+0+0 (secure 0 0 0) 0x7f33300042e0 con 0x7f33401047c0
2024-03-26T21:54:54.217 INFO:teuthology.orchestra.run.smithi194.stdout:/usr/bin/ceph: stderr
2024-03-26T21:54:48.209+0000 7f333d59a700 1 -- 172.21.15.194:0/4178446201 <== mon.0 v2:172.21.15.194:3300/0 3 ==== mon_map magic: 0 v1 ==== 229+0+0 (secure 0 0 0) 0x7f3330011b10 con 0x7f33401047c0
2024-03-26T21:54:54.217 INFO:teuthology.orchestra.run.smithi194.stdout:/usr/bin/ceph: stderr
2024-03-26T21:54:48.210+0000 7f3344f7b700 1 -- 172.21.15.194:0/4178446201 >> [v2:172.21.15.194:3300/0,v1:172.21.15.194:6789/0] conn(0x7f33401047c0 msgr2=0x7f3340104be0 secure :-1 s=STATE_CONNECTION_ESTABLISHED l=1).mark_down
2024-03-26T21:54:54.217 INFO:teuthology.orchestra.run.smithi194.stdout:/usr/bin/ceph: stderr
2024-03-26T21:54:48.210+0000 7f3344f7b700 1 --2- 172.21.15.194:0/4178446201 >> [v2:172.21.15.194:3300/0,v1:172.21.15.194:6789/0] conn(0x7f33401047c0 0x7f3340104be0 secure :-1 s=READY pgs=71 cs=0 l=1 rev1=1 crypto rx=0x7f33300098a0 tx=0x7f3330009bb0 comp rx=0 tx=0).stop
2024-03-26T21:54:54.217 INFO:teuthology.orchestra.run.smithi194.stdout:/usr/bin/ceph: stderr
2024-03-26T21:54:48.210+0000 7f3344f7b700 1 -- 172.21.15.194:0/4178446201 shutdown_connections
2024-03-26T21:54:54.217 INFO:teuthology.orchestra.run.smithi194.stdout:/usr/bin/ceph: stderr
2024-03-26T21:54:48.210+0000 7f3344f7b700 1 --2- 172.21.15.194:0/4178446201 >> [v2:172.21.15.194:3300/0,v1:172.21.15.194:6789/0] conn(0x7f33401047c0 0x7f3340104be0 unknown :-1 s=CLOSED pgs=71 cs=0 l=1 rev1=1 crypto rx=0 tx=0 comp rx=0 tx=0).stop
2024-03-26T21:54:54.217 INFO:teuthology.orchestra.run.smithi194.stdout:/usr/bin/ceph: stderr
2024-03-26T21:54:48.210+0000 7f3344f7b700 1 -- 172.21.15.194:0/4178446201 >> 172.21.15.194:0/4178446201 conn(0x7f3340100110 msgr2=0x7f3340102530 unknown :-1 s=STATE_NONE l=0).mark_down
2024-03-26T21:54:54.218 INFO:teuthology.orchestra.run.smithi194.stdout:/usr/bin/ceph: stderr
2024-03-26T21:54:48.210+0000 7f3344f7b700 1 -- 172.21.15.194:0/4178446201 shutdown_connections
2024-03-26T21:54:54.218 INFO:teuthology.orchestra.run.smithi194.stdout:/usr/bin/ceph: stderr
2024-03-26T21:54:48.210+0000 7f3344f7b700 1 -- 172.21.15.194:0/4178446201 wait complete.
2024-03-26T21:54:54.218 INFO:teuthology.orchestra.run.smithi194.stdout:/usr/bin/ceph: stderr
2024-03-26T21:54:48.211+0000 7f3344f7b700 1 Processor -- start
2024-03-26T21:54:54.218 INFO:teuthology.orchestra.run.smithi194.stdout:/usr/bin/ceph: stderr
2024-03-26T21:54:48.211+0000 7f3344f7b700 1 -- start start
2024-03-26T21:54:54.218 INFO:teuthology.orchestra.run.smithi194.stdout:/usr/bin/ceph: stderr
2024-03-26T21:54:48.211+0000 7f3344f7b700 1 --2- >> [v2:172.21.15.194:3300/0,v1:172.21.15.194:6789/0] conn(0x7f33401047c0 0x7f334019a270 unknown :-1 s=NONE pgs=0 cs=0 l=1 rev1=0 crypto rx=0 tx=0 comp rx=0 tx=0).connect
2024-03-26T21:54:54.218 INFO:teuthology.orchestra.run.smithi194.stdout:/usr/bin/ceph: stderr
2024-03-26T21:54:48.211+0000 7f3344f7b700 1 -- --> [v2:172.21.15.194:3300/0,v1:172.21.15.194:6789/0] -- mon_getmap magic: 0 v1 -- 0x7f334019a7b0 con 0x7f33401047c0
2024-03-26T21:54:54.218 INFO:teuthology.orchestra.run.smithi194.stdout:/usr/bin/ceph: stderr
2024-03-26T21:54:48.211+0000 7f333e59c700 1 --2- >> [v2:172.21.15.194:3300/0,v1:172.21.15.194:6789/0] conn(0x7f33401047c0 0x7f334019a270 unknown :-1 s=BANNER_CONNECTING pgs=0 cs=0 l=1 rev1=0 crypto rx=0 tx=0 comp rx=0 tx=0)._handle_peer_banner_payload supported=3 required=0
2024-03-26T21:54:54.218 INFO:teuthology.orchestra.run.smithi194.stdout:/usr/bin/ceph: stderr
2024-03-26T21:54:48.211+0000 7f333e59c700 1 --2- >> [v2:172.21.15.194:3300/0,v1:172.21.15.194:6789/0] conn(0x7f33401047c0 0x7f334019a270 unknown :-1 s=HELLO_CONNECTING pgs=0 cs=0 l=1 rev1=1 crypto rx=0 tx=0 comp rx=0 tx=0).handle_hello peer v2:172.21.15.194:3300/0 says I am v2:172.21.15.194:53912/0 (socket says 172.21.15.194:53912)
2024-03-26T21:54:54.218 INFO:teuthology.orchestra.run.smithi194.stdout:/usr/bin/ceph: stderr
2024-03-26T21:54:48.211+0000 7f333e59c700 1 -- 172.21.15.194:0/3537201356 learned_addr learned my addr 172.21.15.194:0/3537201356 (peer_addr_for_me v2:172.21.15.194:0/0)
2024-03-26T21:54:54.218 INFO:teuthology.orchestra.run.smithi194.stdout:/usr/bin/ceph: stderr
2024-03-26T21:54:48.212+0000 7f333e59c700 1 -- 172.21.15.194:0/3537201356 --> [v2:172.21.15.194:3300/0,v1:172.21.15.194:6789/0] -- mon_subscribe({config=0+,monmap=0+}) v3 -- 0x7f3330009550 con 0x7f33401047c0
2024-03-26T21:54:54.218 INFO:teuthology.orchestra.run.smithi194.stdout:/usr/bin/ceph: stderr
2024-03-26T21:54:48.212+0000 7f333e59c700 1 --2- 172.21.15.194:0/3537201356 >> [v2:172.21.15.194:3300/0,v1:172.21.15.194:6789/0] conn(0x7f33401047c0 0x7f334019a270 secure :-1 s=READY pgs=72 cs=0 l=1 rev1=1 crypto rx=0x7f3330009fb0 tx=0x7f3330011890 comp rx=0 tx=0).ready entity=mon.0 client_cookie=0 server_cookie=0 in_seq=0 out_seq=0
2024-03-26T21:54:54.218 INFO:teuthology.orchestra.run.smithi194.stdout:/usr/bin/ceph: stderr
2024-03-26T21:54:48.212+0000 7f332f7fe700 1 -- 172.21.15.194:0/3537201356 <== mon.0 v2:172.21.15.194:3300/0 1 ==== mon_map magic: 0 v1 ==== 229+0+0 (secure 0 0 0) 0x7f33300038b0 con 0x7f33401047c0
2024-03-26T21:54:54.218 INFO:teuthology.orchestra.run.smithi194.stdout:/usr/bin/ceph: stderr
2024-03-26T21:54:48.212+0000 7f3344f7b700 1 -- 172.21.15.194:0/3537201356 --> [v2:172.21.15.194:3300/0,v1:172.21.15.194:6789/0] -- mon_subscribe({mgrmap=0+}) v3 -- 0x7f334019a9b0 con 0x7f33401047c0
2024-03-26T21:54:54.218 INFO:teuthology.orchestra.run.smithi194.stdout:/usr/bin/ceph: stderr
2024-03-26T21:54:48.212+0000 7f332f7fe700 1 -- 172.21.15.194:0/3537201356 <== mon.0 v2:172.21.15.194:3300/0 2 ==== config(27 keys) v1 ==== 1109+0+0 (secure 0 0 0) 0x7f3330003a10 con 0x7f33401047c0
2024-03-26T21:54:54.219 INFO:teuthology.orchestra.run.smithi194.stdout:/usr/bin/ceph: stderr
2024-03-26T21:54:48.212+0000 7f332f7fe700 1 -- 172.21.15.194:0/3537201356 <== mon.0 v2:172.21.15.194:3300/0 3 ==== mon_map magic: 0 v1 ==== 229+0+0 (secure 0 0 0) 0x7f3330019770 con 0x7f33401047c0
2024-03-26T21:54:54.219 INFO:teuthology.orchestra.run.smithi194.stdout:/usr/bin/ceph: stderr
2024-03-26T21:54:48.212+0000 7f3344f7b700 1 -- 172.21.15.194:0/3537201356 --> [v2:172.21.15.194:3300/0,v1:172.21.15.194:6789/0] -- mon_subscribe({osdmap=0}) v3 -- 0x7f334019ae50 con 0x7f33401047c0
2024-03-26T21:54:54.219 INFO:teuthology.orchestra.run.smithi194.stdout:/usr/bin/ceph: stderr
2024-03-26T21:54:48.213+0000 7f332f7fe700 1 -- 172.21.15.194:0/3537201356 <== mon.0 v2:172.21.15.194:3300/0 4 ==== mgrmap(e 9) v1 ==== 45561+0+0 (secure 0 0 0) 0x7f33300198d0 con 0x7f33401047c0
2024-03-26T21:54:54.219 INFO:teuthology.orchestra.run.smithi194.stdout:/usr/bin/ceph: stderr
2024-03-26T21:54:48.213+0000 7f332f7fe700 1 --2- 172.21.15.194:0/3537201356 >> [v2:172.21.15.194:6800/549918706,v1:172.21.15.194:6801/549918706] conn(0x7f3328038780 0x7f332803ac40 unknown :-1 s=NONE pgs=0 cs=0 l=1 rev1=0 crypto rx=0 tx=0 comp rx=0 tx=0).connect
2024-03-26T21:54:54.219 INFO:teuthology.orchestra.run.smithi194.stdout:/usr/bin/ceph: stderr
2024-03-26T21:54:48.213+0000 7f332f7fe700 1 -- 172.21.15.194:0/3537201356 --> [v2:172.21.15.194:6800/549918706,v1:172.21.15.194:6801/549918706] -- command(tid 0: {"prefix": "get_command_descriptions"}) v1 -- 0x7f332803b350 con 0x7f3328038780
2024-03-26T21:54:54.219 INFO:teuthology.orchestra.run.smithi194.stdout:/usr/bin/ceph: stderr
2024-03-26T21:54:48.213+0000 7f332f7fe700 1 -- 172.21.15.194:0/3537201356 <== mon.0 v2:172.21.15.194:3300/0 5 ==== osd_map(2..2 src has 1..2) v4 ==== 940+0+0 (secure 0 0 0) 0x7f333004c8d0 con 0x7f33401047c0
2024-03-26T21:54:54.219 INFO:teuthology.orchestra.run.smithi194.stdout:/usr/bin/ceph: stderr
2024-03-26T21:54:48.213+0000 7f333dd9b700 1 -- 172.21.15.194:0/3537201356 >> [v2:172.21.15.194:6800/549918706,v1:172.21.15.194:6801/549918706] conn(0x7f3328038780 msgr2=0x7f332803ac40 unknown :-1 s=STATE_CONNECTING_RE l=1).process reconnect failed to v2:172.21.15.194:6800/549918706
2024-03-26T21:54:54.219 INFO:teuthology.orchestra.run.smithi194.stdout:/usr/bin/ceph: stderr
2024-03-26T21:54:48.213+0000 7f333dd9b700 1 --2- 172.21.15.194:0/3537201356 >> [v2:172.21.15.194:6800/549918706,v1:172.21.15.194:6801/549918706] conn(0x7f3328038780 0x7f332803ac40 unknown :-1 s=START_CONNECT pgs=0 cs=0 l=1 rev1=0 crypto rx=0 tx=0 comp rx=0 tx=0)._fault waiting 0.200000
2024-03-26T21:54:54.219 INFO:teuthology.orchestra.run.smithi194.stdout:/usr/bin/ceph: stderr
2024-03-26T21:54:48.414+0000 7f333dd9b700 1 -- 172.21.15.194:0/3537201356 >> [v2:172.21.15.194:6800/549918706,v1:172.21.15.194:6801/549918706] conn(0x7f3328038780 msgr2=0x7f332803ac40 unknown :-1 s=STATE_CONNECTING_RE l=1).process reconnect failed to v2:172.21.15.194:6800/549918706
2024-03-26T21:54:54.219 INFO:teuthology.orchestra.run.smithi194.stdout:/usr/bin/ceph: stderr
2024-03-26T21:54:48.414+0000 7f333dd9b700 1 --2- 172.21.15.194:0/3537201356 >> [v2:172.21.15.194:6800/549918706,v1:172.21.15.194:6801/549918706] conn(0x7f3328038780 0x7f332803ac40 unknown :-1 s=START_CONNECT pgs=0 cs=0 l=1 rev1=0 crypto rx=0 tx=0 comp rx=0 tx=0)._fault waiting 0.400000
2024-03-26T21:54:54.219 INFO:teuthology.orchestra.run.smithi194.stdout:/usr/bin/ceph: stderr
2024-03-26T21:54:48.815+0000 7f333dd9b700 1 -- 172.21.15.194:0/3537201356 >> [v2:172.21.15.194:6800/549918706,v1:172.21.15.194:6801/549918706] conn(0x7f3328038780 msgr2=0x7f332803ac40 unknown :-1 s=STATE_CONNECTING_RE l=1).process reconnect failed to v2:172.21.15.194:6800/549918706
2024-03-26T21:54:54.219 INFO:teuthology.orchestra.run.smithi194.stdout:/usr/bin/ceph: stderr
2024-03-26T21:54:48.815+0000 7f333dd9b700 1 --2- 172.21.15.194:0/3537201356 >> [v2:172.21.15.194:6800/549918706,v1:172.21.15.194:6801/549918706] conn(0x7f3328038780 0x7f332803ac40 unknown :-1 s=START_CONNECT pgs=0 cs=0 l=1 rev1=0 crypto rx=0 tx=0 comp rx=0 tx=0)._fault waiting 0.800000
2024-03-26T21:54:54.219 INFO:teuthology.orchestra.run.smithi194.stdout:/usr/bin/ceph: stderr
2024-03-26T21:54:49.616+0000 7f333dd9b700 1 -- 172.21.15.194:0/3537201356 >> [v2:172.21.15.194:6800/549918706,v1:172.21.15.194:6801/549918706] conn(0x7f3328038780 msgr2=0x7f332803ac40 unknown :-1 s=STATE_CONNECTING_RE l=1).process reconnect failed to v2:172.21.15.194:6800/549918706
2024-03-26T21:54:54.219 INFO:teuthology.orchestra.run.smithi194.stdout:/usr/bin/ceph: stderr
2024-03-26T21:54:49.616+0000 7f333dd9b700 1 --2- 172.21.15.194:0/3537201356 >> [v2:172.21.15.194:6800/549918706,v1:172.21.15.194:6801/549918706] conn(0x7f3328038780 0x7f332803ac40 unknown :-1 s=START_CONNECT pgs=0 cs=0 l=1 rev1=0 crypto rx=0 tx=0 comp rx=0 tx=0)._fault waiting 1.600000
2024-03-26T21:54:54.220 INFO:teuthology.orchestra.run.smithi194.stdout:/usr/bin/ceph: stderr
2024-03-26T21:54:51.217+0000 7f333dd9b700 1 -- 172.21.15.194:0/3537201356 >> [v2:172.21.15.194:6800/549918706,v1:172.21.15.194:6801/549918706] conn(0x7f3328038780 msgr2=0x7f332803ac40 unknown :-1 s=STATE_CONNECTING_RE l=1).process reconnect failed to v2:172.21.15.194:6800/549918706
2024-03-26T21:54:54.220 INFO:teuthology.orchestra.run.smithi194.stdout:/usr/bin/ceph: stderr
2024-03-26T21:54:51.217+0000 7f333dd9b700 1 --2- 172.21.15.194:0/3537201356 >> [v2:172.21.15.194:6800/549918706,v1:172.21.15.194:6801/549918706] conn(0x7f3328038780 0x7f332803ac40 unknown :-1 s=START_CONNECT pgs=0 cs=0 l=1 rev1=0 crypto rx=0 tx=0 comp rx=0 tx=0)._fault waiting 3.200000
2024-03-26T21:54:54.220 INFO:teuthology.orchestra.run.smithi194.stdout:/usr/bin/ceph: stderr
2024-03-26T21:54:52.603+0000 7f332f7fe700 1 -- 172.21.15.194:0/3537201356 <== mon.0 v2:172.21.15.194:3300/0 6 ==== mgrmap(e 10) v1 ==== 45328+0+0 (secure 0 0 0) 0x7f333001ac10 con 0x7f33401047c0
2024-03-26T21:54:54.220 INFO:teuthology.orchestra.run.smithi194.stdout:/usr/bin/ceph: stderr
2024-03-26T21:54:52.603+0000 7f332f7fe700 1 -- 172.21.15.194:0/3537201356 >> [v2:172.21.15.194:6800/549918706,v1:172.21.15.194:6801/549918706] conn(0x7f3328038780 msgr2=0x7f332803ac40 unknown :-1 s=STATE_CONNECTING l=1).mark_down
2024-03-26T21:54:54.220 INFO:teuthology.orchestra.run.smithi194.stdout:/usr/bin/ceph: stderr
2024-03-26T21:54:52.603+0000 7f332f7fe700 1 --2- 172.21.15.194:0/3537201356 >> [v2:172.21.15.194:6800/549918706,v1:172.21.15.194:6801/549918706] conn(0x7f3328038780 0x7f332803ac40 unknown :-1 s=START_CONNECT pgs=0 cs=0 l=1 rev1=0 crypto rx=0 tx=0 comp rx=0 tx=0).stop
2024-03-26T21:54:54.220 INFO:teuthology.orchestra.run.smithi194.stdout:/usr/bin/ceph: stderr
2024-03-26T21:54:53.604+0000 7f332f7fe700 1 -- 172.21.15.194:0/3537201356 <== mon.0 v2:172.21.15.194:3300/0 7 ==== mgrmap(e 11) v1 ==== 45455+0+0 (secure 0 0 0) 0x7f333002c3f0 con 0x7f33401047c0
2024-03-26T21:54:54.220 INFO:teuthology.orchestra.run.smithi194.stdout:/usr/bin/ceph: stderr
2024-03-26T21:54:53.604+0000 7f332f7fe700 1 --2- 172.21.15.194:0/3537201356 >> [v2:172.21.15.194:6800/3128608440,v1:172.21.15.194:6801/3128608440] conn(0x7f332803bfd0 0x7f332803e3c0 unknown :-1 s=NONE pgs=0 cs=0 l=1 rev1=0 crypto rx=0 tx=0 comp rx=0 tx=0).connect
2024-03-26T21:54:54.220 INFO:teuthology.orchestra.run.smithi194.stdout:/usr/bin/ceph: stderr
2024-03-26T21:54:53.605+0000 7f332f7fe700 1 -- 172.21.15.194:0/3537201356 --> [v2:172.21.15.194:6800/3128608440,v1:172.21.15.194:6801/3128608440] -- command(tid 0: {"prefix": "get_command_descriptions"}) v1 -- 0x7f332803b350 con 0x7f332803bfd0
2024-03-26T21:54:54.220 INFO:teuthology.orchestra.run.smithi194.stdout:/usr/bin/ceph: stderr
2024-03-26T21:54:53.605+0000 7f333dd9b700 1 --2- 172.21.15.194:0/3537201356 >> [v2:172.21.15.194:6800/3128608440,v1:172.21.15.194:6801/3128608440] conn(0x7f332803bfd0 0x7f332803e3c0 unknown :-1 s=BANNER_CONNECTING pgs=0 cs=0 l=1 rev1=0 crypto rx=0 tx=0 comp rx=0 tx=0)._handle_peer_banner_payload supported=3 required=0
2024-03-26T21:54:54.220 INFO:teuthology.orchestra.run.smithi194.stdout:/usr/bin/ceph: stderr
2024-03-26T21:54:53.605+0000 7f333dd9b700 1 --2- 172.21.15.194:0/3537201356 >> [v2:172.21.15.194:6800/3128608440,v1:172.21.15.194:6801/3128608440] conn(0x7f332803bfd0 0x7f332803e3c0 secure :-1 s=READY pgs=1 cs=0 l=1 rev1=1 crypto rx=0x7f3334003a10 tx=0x7f3334009270 comp rx=0 tx=0).ready entity=mgr.14162 client_cookie=0 server_cookie=0 in_seq=0 out_seq=0
2024-03-26T21:54:54.220 INFO:teuthology.orchestra.run.smithi194.stdout:/usr/bin/ceph: stderr
2024-03-26T21:54:53.606+0000 7f332f7fe700 1 -- 172.21.15.194:0/3537201356 <== mgr.14162 v2:172.21.15.194:6800/3128608440 1 ==== command_reply(tid 0: 0 ) v1 ==== 8+0+6910 (secure 0 0 0) 0x7f332803b350 con 0x7f332803bfd0
2024-03-26T21:54:54.220 INFO:teuthology.orchestra.run.smithi194.stdout:/usr/bin/ceph: stderr
2024-03-26T21:54:53.612+0000 7f3344f7b700 1 -- 172.21.15.194:0/3537201356 --> [v2:172.21.15.194:6800/3128608440,v1:172.21.15.194:6801/3128608440] -- command(tid 1: {"prefix": "mgr_status"}) v1 -- 0x7f33400623e0 con 0x7f332803bfd0
2024-03-26T21:54:54.220 INFO:teuthology.orchestra.run.smithi194.stdout:/usr/bin/ceph: stderr
2024-03-26T21:54:53.612+0000 7f332f7fe700 1 -- 172.21.15.194:0/3537201356 <== mgr.14162 v2:172.21.15.194:6800/3128608440 2 ==== command_reply(tid 1: 0 ) v1 ==== 8+0+52 (secure 0 0 0) 0x7f33400623e0 con 0x7f332803bfd0
2024-03-26T21:54:54.220 INFO:teuthology.orchestra.run.smithi194.stdout:/usr/bin/ceph: stderr
2024-03-26T21:54:53.612+0000 7f3344f7b700 1 -- 172.21.15.194:0/3537201356 >> [v2:172.21.15.194:6800/3128608440,v1:172.21.15.194:6801/3128608440] conn(0x7f332803bfd0 msgr2=0x7f332803e3c0 secure :-1 s=STATE_CONNECTION_ESTABLISHED l=1).mark_down
2024-03-26T21:54:54.221 INFO:teuthology.orchestra.run.smithi194.stdout:/usr/bin/ceph: stderr
2024-03-26T21:54:53.612+0000 7f3344f7b700 1 --2- 172.21.15.194:0/3537201356 >> [v2:172.21.15.194:6800/3128608440,v1:172.21.15.194:6801/3128608440] conn(0x7f332803bfd0 0x7f332803e3c0 secure :-1 s=READY pgs=1 cs=0 l=1 rev1=1 crypto rx=0x7f3334003a10 tx=0x7f3334009270 comp rx=0 tx=0).stop
2024-03-26T21:54:54.221 INFO:teuthology.orchestra.run.smithi194.stdout:/usr/bin/ceph: stderr
2024-03-26T21:54:53.612+0000 7f3344f7b700 1 -- 172.21.15.194:0/3537201356 >> [v2:172.21.15.194:3300/0,v1:172.21.15.194:6789/0] conn(0x7f33401047c0 msgr2=0x7f334019a270 secure :-1 s=STATE_CONNECTION_ESTABLISHED l=1).mark_down
2024-03-26T21:54:54.221 INFO:teuthology.orchestra.run.smithi194.stdout:/usr/bin/ceph: stderr
2024-03-26T21:54:53.612+0000 7f3344f7b700 1 --2- 172.21.15.194:0/3537201356 >> [v2:172.21.15.194:3300/0,v1:172.21.15.194:6789/0] conn(0x7f33401047c0 0x7f334019a270 secure :-1 s=READY pgs=72 cs=0 l=1 rev1=1 crypto rx=0x7f3330009fb0 tx=0x7f3330011890 comp rx=0 tx=0).stop
2024-03-26T21:54:54.221 INFO:teuthology.orchestra.run.smithi194.stdout:/usr/bin/ceph: stderr
2024-03-26T21:54:53.612+0000 7f3344f7b700 1 -- 172.21.15.194:0/3537201356 shutdown_connections
2024-03-26T21:54:54.221 INFO:teuthology.orchestra.run.smithi194.stdout:/usr/bin/ceph: stderr
2024-03-26T21:54:53.612+0000 7f3344f7b700 1 --2- 172.21.15.194:0/3537201356 >> [v2:172.21.15.194:6800/3128608440,v1:172.21.15.194:6801/3128608440] conn(0x7f332803bfd0 0x7f332803e3c0 unknown :-1 s=CLOSED pgs=1 cs=0 l=1 rev1=1 crypto rx=0 tx=0 comp rx=0 tx=0).stop
2024-03-26T21:54:54.221 INFO:teuthology.orchestra.run.smithi194.stdout:/usr/bin/ceph: stderr
2024-03-26T21:54:53.612+0000 7f3344f7b700 1 --2- 172.21.15.194:0/3537201356 >> [v2:172.21.15.194:3300/0,v1:172.21.15.194:6789/0] conn(0x7f33401047c0 0x7f334019a270 unknown :-1 s=CLOSED pgs=72 cs=0 l=1 rev1=1 crypto rx=0 tx=0 comp rx=0 tx=0).stop
2024-03-26T21:54:54.221 INFO:teuthology.orchestra.run.smithi194.stdout:/usr/bin/ceph: stderr
2024-03-26T21:54:53.612+0000 7f3344f7b700 1 --2- 172.21.15.194:0/3537201356 >> [v2:172.21.15.194:6800/549918706,v1:172.21.15.194:6801/549918706] conn(0x7f3328038780 0x7f332803ac40 unknown :-1 s=CLOSED pgs=0 cs=0 l=1 rev1=0 crypto rx=0 tx=0 comp rx=0 tx=0).stop
2024-03-26T21:54:54.221 INFO:teuthology.orchestra.run.smithi194.stdout:/usr/bin/ceph: stderr
2024-03-26T21:54:53.612+0000 7f3344f7b700 1 -- 172.21.15.194:0/3537201356 >> 172.21.15.194:0/3537201356 conn(0x7f3340100110 msgr2=0x7f3340100cc0 unknown :-1 s=STATE_NONE l=0).mark_down
2024-03-26T21:54:54.221 INFO:teuthology.orchestra.run.smithi194.stdout:/usr/bin/ceph: stderr
2024-03-26T21:54:53.612+0000 7f3344f7b700 1 -- 172.21.15.194:0/3537201356 shutdown_connections
2024-03-26T21:54:54.221 INFO:teuthology.orchestra.run.smithi194.stdout:/usr/bin/ceph: stderr
2024-03-26T21:54:53.613+0000 7f3344f7b700 1 -- 172.21.15.194:0/3537201356 wait complete.
2024-03-26T21:54:54.221 INFO:teuthology.orchestra.run.smithi194.stdout:mgr epoch 9 is available
2024-03-26T21:54:54.221 INFO:teuthology.orchestra.run.smithi194.stdout:Generating a dashboard self-signed certificate...
2024-03-26T21:54:54.911 INFO:journalctl@ceph.mon.smithi194.smithi194.stdout:Mar 26 21:54:54 smithi194 ceph-mon[29693]: [26/Mar/2024:21:54:52] ENGINE Bus STARTING
