2024-04-02T15:19:32.800+0000 7fc8e2ffd700 1 -- 172.21.15.64:0/1834717404 <== mon.0 v2:172.21.15.64:3300/0 2 ==== config(27 keys) v1 ==== 1044+0+0 (secure 0 0 0) 0x7fc8e801d050 con 0x7fc8ec102d00
2024-04-02T15:19:33.821 INFO:teuthology.orchestra.run.smithi064.stdout:/usr/bin/ceph: stderr
2024-04-02T15:19:32.800+0000 7fc8e2ffd700 1 -- 172.21.15.64:0/1834717404 <== mon.0 v2:172.21.15.64:3300/0 3 ==== mon_map magic: 0 v1 ==== 229+0+0 (secure 0 0 0) 0x7fc8e8022670 con 0x7fc8ec102d00
2024-04-02T15:19:33.822 INFO:teuthology.orchestra.run.smithi064.stdout:/usr/bin/ceph: stderr
2024-04-02T15:19:32.800+0000 7fc8f43e0700 1 -- 172.21.15.64:0/1834717404 --> [v2:172.21.15.64:3300/0,v1:172.21.15.64:6789/0] -- mon_subscribe({mgrmap=0+}) v3 -- 0x7fc8ec10fbb0 con 0x7fc8ec102d00
2024-04-02T15:19:33.822 INFO:teuthology.orchestra.run.smithi064.stdout:/usr/bin/ceph: stderr
2024-04-02T15:19:32.800+0000 7fc8f43e0700 1 -- 172.21.15.64:0/1834717404 --> [v2:172.21.15.64:3300/0,v1:172.21.15.64:6789/0] -- mon_subscribe({osdmap=0}) v3 -- 0x7fc8ec110720 con 0x7fc8ec102d00
2024-04-02T15:19:33.822 INFO:teuthology.orchestra.run.smithi064.stdout:/usr/bin/ceph: stderr
2024-04-02T15:19:32.801+0000 7fc8e2ffd700 1 -- 172.21.15.64:0/1834717404 <== mon.0 v2:172.21.15.64:3300/0 4 ==== mgrmap(e 8) v1 ==== 43368+0+0 (secure 0 0 0) 0x7fc8e8022870 con 0x7fc8ec102d00
2024-04-02T15:19:33.822 INFO:teuthology.orchestra.run.smithi064.stdout:/usr/bin/ceph: stderr
2024-04-02T15:19:32.801+0000 7fc8e2ffd700 1 --2- 172.21.15.64:0/1834717404 >> [v2:172.21.15.64:6800/3178863872,v1:172.21.15.64:6801/3178863872] conn(0x7fc8d8036790 0x7fc8d8038c40 unknown :-1 s=NONE pgs=0 cs=0 l=1 rev1=0 crypto rx=0 tx=0 comp rx=0 tx=0).connect
2024-04-02T15:19:33.822 INFO:teuthology.orchestra.run.smithi064.stdout:/usr/bin/ceph: stderr
2024-04-02T15:19:32.801+0000 7fc8e2ffd700 1 -- 172.21.15.64:0/1834717404 <== mon.0 v2:172.21.15.64:3300/0 5 ==== osd_map(2..2 src has 1..2) v4 ==== 936+0+0 (secure 0 0 0) 0x7fc8e8014070 con 0x7fc8ec102d00
2024-04-02T15:19:33.822 INFO:teuthology.orchestra.run.smithi064.stdout:/usr/bin/ceph: stderr
2024-04-02T15:19:32.801+0000 7fc8f43e0700 1 -- 172.21.15.64:0/1834717404 --> [v2:172.21.15.64:3300/0,v1:172.21.15.64:6789/0] -- mon_command({"prefix": "get_command_descriptions"} v 0) v1 -- 0x7fc8ec05f5f0 con 0x7fc8ec102d00
2024-04-02T15:19:33.822 INFO:teuthology.orchestra.run.smithi064.stdout:/usr/bin/ceph: stderr
2024-04-02T15:19:32.801+0000 7fc8f197b700 1 --2- 172.21.15.64:0/1834717404 >> [v2:172.21.15.64:6800/3178863872,v1:172.21.15.64:6801/3178863872] conn(0x7fc8d8036790 0x7fc8d8038c40 unknown :-1 s=BANNER_CONNECTING pgs=0 cs=0 l=1 rev1=0 crypto rx=0 tx=0 comp rx=0 tx=0)._handle_peer_banner_payload supported=3 required=0
2024-04-02T15:19:33.822 INFO:teuthology.orchestra.run.smithi064.stdout:/usr/bin/ceph: stderr
2024-04-02T15:19:32.802+0000 7fc8f197b700 1 --2- 172.21.15.64:0/1834717404 >> [v2:172.21.15.64:6800/3178863872,v1:172.21.15.64:6801/3178863872] conn(0x7fc8d8036790 0x7fc8d8038c40 secure :-1 s=READY pgs=12 cs=0 l=1 rev1=1 crypto rx=0x7fc8dc009990 tx=0x7fc8dc006e40 comp rx=0 tx=0).ready entity=mgr.14120 client_cookie=0 server_cookie=0 in_seq=0 out_seq=0
2024-04-02T15:19:33.822 INFO:teuthology.orchestra.run.smithi064.stdout:/usr/bin/ceph: stderr
2024-04-02T15:19:32.806+0000 7fc8e2ffd700 1 -- 172.21.15.64:0/1834717404 <== mon.0 v2:172.21.15.64:3300/0 6 ==== mon_command_ack([{"prefix": "get_command_descriptions"}]=0 v0) v1 ==== 72+0+176504 (secure 0 0 0) 0x7fc8e8021d90 con 0x7fc8ec102d00
2024-04-02T15:19:33.822 INFO:teuthology.orchestra.run.smithi064.stdout:/usr/bin/ceph: stderr
2024-04-02T15:19:33.015+0000 7fc8f43e0700 1 -- 172.21.15.64:0/1834717404 --> [v2:172.21.15.64:6800/3178863872,v1:172.21.15.64:6801/3178863872] -- mgr_command(tid 0: {"prefix": "orch apply", "service_type": "mon", "target": ["mon-mgr", ""]}) v1 -- 0x7fc8ec110ad0 con 0x7fc8d8036790
2024-04-02T15:19:33.822 INFO:teuthology.orchestra.run.smithi064.stdout:/usr/bin/ceph: stderr
2024-04-02T15:19:33.022+0000 7fc8e2ffd700 1 -- 172.21.15.64:0/1834717404 <== mgr.14120 v2:172.21.15.64:6800/3178863872 1 ==== mgr_command_reply(tid 0: 0 ) v1 ==== 8+0+24 (secure 0 0 0) 0x7fc8ec110ad0 con 0x7fc8d8036790
2024-04-02T15:19:33.823 INFO:teuthology.orchestra.run.smithi064.stdout:/usr/bin/ceph: stderr
2024-04-02T15:19:33.024+0000 7fc8f43e0700 1 -- 172.21.15.64:0/1834717404 >> [v2:172.21.15.64:6800/3178863872,v1:172.21.15.64:6801/3178863872] conn(0x7fc8d8036790 msgr2=0x7fc8d8038c40 secure :-1 s=STATE_CONNECTION_ESTABLISHED l=1).mark_down
2024-04-02T15:19:33.823 INFO:teuthology.orchestra.run.smithi064.stdout:/usr/bin/ceph: stderr
2024-04-02T15:19:33.024+0000 7fc8f43e0700 1 --2- 172.21.15.64:0/1834717404 >> [v2:172.21.15.64:6800/3178863872,v1:172.21.15.64:6801/3178863872] conn(0x7fc8d8036790 0x7fc8d8038c40 secure :-1 s=READY pgs=12 cs=0 l=1 rev1=1 crypto rx=0x7fc8dc009990 tx=0x7fc8dc006e40 comp rx=0 tx=0).stop
2024-04-02T15:19:33.823 INFO:teuthology.orchestra.run.smithi064.stdout:/usr/bin/ceph: stderr
2024-04-02T15:19:33.024+0000 7fc8f43e0700 1 -- 172.21.15.64:0/1834717404 >> [v2:172.21.15.64:3300/0,v1:172.21.15.64:6789/0] conn(0x7fc8ec102d00 msgr2=0x7fc8ec10f470 secure :-1 s=STATE_CONNECTION_ESTABLISHED l=1).mark_down
2024-04-02T15:19:33.823 INFO:teuthology.orchestra.run.smithi064.stdout:/usr/bin/ceph: stderr
2024-04-02T15:19:33.024+0000 7fc8f43e0700 1 --2- 172.21.15.64:0/1834717404 >> [v2:172.21.15.64:3300/0,v1:172.21.15.64:6789/0] conn(0x7fc8ec102d00 0x7fc8ec10f470 secure :-1 s=READY pgs=48 cs=0 l=1 rev1=1 crypto rx=0x7fc8e8018600 tx=0x7fc8e800b4f0 comp rx=0 tx=0).stop
2024-04-02T15:19:33.823 INFO:teuthology.orchestra.run.smithi064.stdout:/usr/bin/ceph: stderr
2024-04-02T15:19:33.024+0000 7fc8f43e0700 1 -- 172.21.15.64:0/1834717404 shutdown_connections
2024-04-02T15:19:33.823 INFO:teuthology.orchestra.run.smithi064.stdout:/usr/bin/ceph: stderr
2024-04-02T15:19:33.024+0000 7fc8f43e0700 1 --2- 172.21.15.64:0/1834717404 >> [v2:172.21.15.64:6800/3178863872,v1:172.21.15.64:6801/3178863872] conn(0x7fc8d8036790 0x7fc8d8038c40 unknown :-1 s=CLOSED pgs=12 cs=0 l=1 rev1=1 crypto rx=0 tx=0 comp rx=0 tx=0).stop
2024-04-02T15:19:33.823 INFO:teuthology.orchestra.run.smithi064.stdout:/usr/bin/ceph: stderr
2024-04-02T15:19:33.024+0000 7fc8f43e0700 1 --2- 172.21.15.64:0/1834717404 >> [v2:172.21.15.64:3300/0,v1:172.21.15.64:6789/0] conn(0x7fc8ec102d00 0x7fc8ec10f470 unknown :-1 s=CLOSED pgs=48 cs=0 l=1 rev1=1 crypto rx=0 tx=0 comp rx=0 tx=0).stop
2024-04-02T15:19:33.823 INFO:teuthology.orchestra.run.smithi064.stdout:/usr/bin/ceph: stderr
2024-04-02T15:19:33.024+0000 7fc8f43e0700 1 -- 172.21.15.64:0/1834717404 >> 172.21.15.64:0/1834717404 conn(0x7fc8ec0fc6c0 msgr2=0x7fc8ec105ca0 unknown :-1 s=STATE_NONE l=0).mark_down
2024-04-02T15:19:33.823 INFO:teuthology.orchestra.run.smithi064.stdout:/usr/bin/ceph: stderr
2024-04-02T15:19:33.024+0000 7fc8f43e0700 1 -- 172.21.15.64:0/1834717404 shutdown_connections
2024-04-02T15:19:33.823 INFO:teuthology.orchestra.run.smithi064.stdout:/usr/bin/ceph: stderr
2024-04-02T15:19:33.024+0000 7fc8f43e0700 1 -- 172.21.15.64:0/1834717404 wait complete.
2024-04-02T15:19:33.823 INFO:teuthology.orchestra.run.smithi064.stdout:Deploying mgr service with default placement...
2024-04-02T15:19:34.120 INFO:journalctl@ceph.mon.smithi064.smithi064.stdout:Apr 02 15:19:34 smithi064 ceph-mon[29279]: from='client.14142 -' entity='client.admin' cmd=[{"prefix": "orch apply", "service_type": "mon", "target": ["mon-mgr", ""]}]: dispatch
2024-04-02T15:19:34.120 INFO:journalctl@ceph.mon.smithi064.smithi064.stdout:Apr 02 15:19:34 smithi064 ceph-mon[29279]: Saving service mon spec with placement count:5
2024-04-02T15:19:34.120 INFO:journalctl@ceph.mon.smithi064.smithi064.stdout:Apr 02 15:19:34 smithi064 ceph-mon[29279]: from='mgr.14120 172.21.15.64:0/1264524022' entity='mgr.smithi064.oufpls'
2024-04-02T15:19:35.133 INFO:teuthology.orchestra.run.smithi064.stdout:/usr/bin/ceph: stdout Scheduled mgr update...
2024-04-02T15:19:35.133 INFO:teuthology.orchestra.run.smithi064.stdout:/usr/bin/ceph: stderr
2024-04-02T15:19:34.232+0000 7f251b6e0700 1 Processor -- start
2024-04-02T15:19:35.133 INFO:teuthology.orchestra.run.smithi064.stdout:/usr/bin/ceph: stderr
2024-04-02T15:19:34.232+0000 7f251b6e0700 1 -- start start
2024-04-02T15:19:35.133 INFO:teuthology.orchestra.run.smithi064.stdout:/usr/bin/ceph: stderr
2024-04-02T15:19:34.232+0000 7f251b6e0700 1 --2- >> [v2:172.21.15.64:3300/0,v1:172.21.15.64:6789/0] conn(0x7f2514071290 0x7f2514105500 unknown :-1 s=NONE pgs=0 cs=0 l=0 rev1=0 crypto rx=0 tx=0 comp rx=0 tx=0).connect
2024-04-02T15:19:35.133 INFO:teuthology.orchestra.run.smithi064.stdout:/usr/bin/ceph: stderr
2024-04-02T15:19:34.232+0000 7f251b6e0700 1 -- --> [v2:172.21.15.64:3300/0,v1:172.21.15.64:6789/0] -- mon_getmap magic: 0 v1 -- 0x7f25140716a0 con 0x7f2514071290
2024-04-02T15:19:35.133 INFO:teuthology.orchestra.run.smithi064.stdout:/usr/bin/ceph: stderr
2024-04-02T15:19:34.233+0000 7f251947c700 1 --2- >> [v2:172.21.15.64:3300/0,v1:172.21.15.64:6789/0] conn(0x7f2514071290 0x7f2514105500 unknown :-1 s=BANNER_CONNECTING pgs=0 cs=0 l=0 rev1=0 crypto rx=0 tx=0 comp rx=0 tx=0)._handle_peer_banner_payload supported=3 required=0
2024-04-02T15:19:35.133 INFO:teuthology.orchestra.run.smithi064.stdout:/usr/bin/ceph: stderr
2024-04-02T15:19:34.233+0000 7f251947c700 1 --2- >> [v2:172.21.15.64:3300/0,v1:172.21.15.64:6789/0] conn(0x7f2514071290 0x7f2514105500 unknown :-1 s=HELLO_CONNECTING pgs=0 cs=0 l=0 rev1=1 crypto rx=0 tx=0 comp rx=0 tx=0).handle_hello peer v2:172.21.15.64:3300/0 says I am v2:172.21.15.64:58868/0 (socket says 172.21.15.64:58868)
2024-04-02T15:19:35.134 INFO:teuthology.orchestra.run.smithi064.stdout:/usr/bin/ceph: stderr
2024-04-02T15:19:34.233+0000 7f251947c700 1 -- 172.21.15.64:0/3105660099 learned_addr learned my addr 172.21.15.64:0/3105660099 (peer_addr_for_me v2:172.21.15.64:0/0)
2024-04-02T15:19:35.134 INFO:teuthology.orchestra.run.smithi064.stdout:/usr/bin/ceph: stderr
2024-04-02T15:19:34.233+0000 7f251947c700 1 -- 172.21.15.64:0/3105660099 --> [v2:172.21.15.64:3300/0,v1:172.21.15.64:6789/0] -- mon_subscribe({config=0+,monmap=0+}) v3 -- 0x7f2514105a40 con 0x7f2514071290
2024-04-02T15:19:35.134 INFO:teuthology.orchestra.run.smithi064.stdout:/usr/bin/ceph: stderr
2024-04-02T15:19:34.233+0000 7f251947c700 1 --2- 172.21.15.64:0/3105660099 >> [v2:172.21.15.64:3300/0,v1:172.21.15.64:6789/0] conn(0x7f2514071290 0x7f2514105500 secure :-1 s=READY pgs=49 cs=0 l=1 rev1=1 crypto rx=0x7f2504009e50 tx=0x7f2504009840 comp rx=0 tx=0).ready entity=mon.0 client_cookie=4a3dbbbd8ceb9007 server_cookie=0 in_seq=0 out_seq=0
2024-04-02T15:19:35.134 INFO:teuthology.orchestra.run.smithi064.stdout:/usr/bin/ceph: stderr
2024-04-02T15:19:34.233+0000 7f2513fff700 1 -- 172.21.15.64:0/3105660099 <== mon.0 v2:172.21.15.64:3300/0 1 ==== mon_map magic: 0 v1 ==== 229+0+0 (secure 0 0 0) 0x7f25040092e0 con 0x7f2514071290
2024-04-02T15:19:35.134 INFO:teuthology.orchestra.run.smithi064.stdout:/usr/bin/ceph: stderr
2024-04-02T15:19:34.233+0000 7f2513fff700 1 -- 172.21.15.64:0/3105660099 <== mon.0 v2:172.21.15.64:3300/0 2 ==== config(27 keys) v1 ==== 1044+0+0 (secure 0 0 0) 0x7f2504012430 con 0x7f2514071290
2024-04-02T15:19:35.134 INFO:teuthology.orchestra.run.smithi064.stdout:/usr/bin/ceph: stderr
2024-04-02T15:19:34.233+0000 7f2513fff700 1 -- 172.21.15.64:0/3105660099 <== mon.0 v2:172.21.15.64:3300/0 3 ==== mon_map magic: 0 v1 ==== 229+0+0 (secure 0 0 0) 0x7f25040075c0 con 0x7f2514071290
2024-04-02T15:19:35.134 INFO:teuthology.orchestra.run.smithi064.stdout:/usr/bin/ceph: stderr
2024-04-02T15:19:34.234+0000 7f251b6e0700 1 -- 172.21.15.64:0/3105660099 >> [v2:172.21.15.64:3300/0,v1:172.21.15.64:6789/0] conn(0x7f2514071290 msgr2=0x7f2514105500 secure :-1 s=STATE_CONNECTION_ESTABLISHED l=1).mark_down
2024-04-02T15:19:35.134 INFO:teuthology.orchestra.run.smithi064.stdout:/usr/bin/ceph: stderr
2024-04-02T15:19:34.234+0000 7f251b6e0700 1 --2- 172.21.15.64:0/3105660099 >> [v2:172.21.15.64:3300/0,v1:172.21.15.64:6789/0] conn(0x7f2514071290 0x7f2514105500 secure :-1 s=READY pgs=49 cs=0 l=1 rev1=1 crypto rx=0x7f2504009e50 tx=0x7f2504009840 comp rx=0 tx=0).stop
2024-04-02T15:19:35.134 INFO:teuthology.orchestra.run.smithi064.stdout:/usr/bin/ceph: stderr
2024-04-02T15:19:34.234+0000 7f251b6e0700 1 -- 172.21.15.64:0/3105660099 shutdown_connections
2024-04-02T15:19:35.134 INFO:teuthology.orchestra.run.smithi064.stdout:/usr/bin/ceph: stderr
2024-04-02T15:19:34.234+0000 7f251b6e0700 1 --2- 172.21.15.64:0/3105660099 >> [v2:172.21.15.64:3300/0,v1:172.21.15.64:6789/0] conn(0x7f2514071290 0x7f2514105500 unknown :-1 s=CLOSED pgs=49 cs=0 l=1 rev1=1 crypto rx=0 tx=0 comp rx=0 tx=0).stop
2024-04-02T15:19:35.134 INFO:teuthology.orchestra.run.smithi064.stdout:/usr/bin/ceph: stderr
2024-04-02T15:19:34.234+0000 7f251b6e0700 1 -- 172.21.15.64:0/3105660099 >> 172.21.15.64:0/3105660099 conn(0x7f25140fcfb0 msgr2=0x7f25140ff3c0 unknown :-1 s=STATE_NONE l=0).mark_down
2024-04-02T15:19:35.134 INFO:teuthology.orchestra.run.smithi064.stdout:/usr/bin/ceph: stderr
2024-04-02T15:19:34.234+0000 7f251b6e0700 1 -- 172.21.15.64:0/3105660099 shutdown_connections
2024-04-02T15:19:35.134 INFO:teuthology.orchestra.run.smithi064.stdout:/usr/bin/ceph: stderr
2024-04-02T15:19:34.234+0000 7f251b6e0700 1 -- 172.21.15.64:0/3105660099 wait complete.
2024-04-02T15:19:35.135 INFO:teuthology.orchestra.run.smithi064.stdout:/usr/bin/ceph: stderr
2024-04-02T15:19:34.235+0000 7f251b6e0700 1 Processor -- start
2024-04-02T15:19:35.135 INFO:teuthology.orchestra.run.smithi064.stdout:/usr/bin/ceph: stderr
2024-04-02T15:19:34.235+0000 7f251b6e0700 1 -- start start
2024-04-02T15:19:35.135 INFO:teuthology.orchestra.run.smithi064.stdout:/usr/bin/ceph: stderr
2024-04-02T15:19:34.235+0000 7f251b6e0700 1 --2- >> [v2:172.21.15.64:3300/0,v1:172.21.15.64:6789/0] conn(0x7f2514071290 0x7f2514111740 unknown :-1 s=NONE pgs=0 cs=0 l=1 rev1=0 crypto rx=0 tx=0 comp rx=0 tx=0).connect
2024-04-02T15:19:35.135 INFO:teuthology.orchestra.run.smithi064.stdout:/usr/bin/ceph: stderr
2024-04-02T15:19:34.235+0000 7f251b6e0700 1 -- --> [v2:172.21.15.64:3300/0,v1:172.21.15.64:6789/0] -- mon_getmap magic: 0 v1 -- 0x7f2514111c80 con 0x7f2514071290
2024-04-02T15:19:35.135 INFO:teuthology.orchestra.run.smithi064.stdout:/usr/bin/ceph: stderr
2024-04-02T15:19:34.235+0000 7f251947c700 1 --2- >> [v2:172.21.15.64:3300/0,v1:172.21.15.64:6789/0] conn(0x7f2514071290 0x7f2514111740 unknown :-1 s=BANNER_CONNECTING pgs=0 cs=0 l=1 rev1=0 crypto rx=0 tx=0 comp rx=0 tx=0)._handle_peer_banner_payload supported=3 required=0
2024-04-02T15:19:35.135 INFO:teuthology.orchestra.run.smithi064.stdout:/usr/bin/ceph: stderr
2024-04-02T15:19:34.235+0000 7f251947c700 1 --2- >> [v2:172.21.15.64:3300/0,v1:172.21.15.64:6789/0] conn(0x7f2514071290 0x7f2514111740 unknown :-1 s=HELLO_CONNECTING pgs=0 cs=0 l=1 rev1=1 crypto rx=0 tx=0 comp rx=0 tx=0).handle_hello peer v2:172.21.15.64:3300/0 says I am v2:172.21.15.64:58870/0 (socket says 172.21.15.64:58870)
2024-04-02T15:19:35.135 INFO:teuthology.orchestra.run.smithi064.stdout:/usr/bin/ceph: stderr
2024-04-02T15:19:34.235+0000 7f251947c700 1 -- 172.21.15.64:0/3004488454 learned_addr learned my addr 172.21.15.64:0/3004488454 (peer_addr_for_me v2:172.21.15.64:0/0)
2024-04-02T15:19:35.135 INFO:teuthology.orchestra.run.smithi064.stdout:/usr/bin/ceph: stderr
2024-04-02T15:19:34.235+0000 7f251947c700 1 -- 172.21.15.64:0/3004488454 --> [v2:172.21.15.64:3300/0,v1:172.21.15.64:6789/0] -- mon_subscribe({config=0+,monmap=0+}) v3 -- 0x7f2504009ae0 con 0x7f2514071290
2024-04-02T15:19:35.135 INFO:teuthology.orchestra.run.smithi064.stdout:/usr/bin/ceph: stderr
2024-04-02T15:19:34.235+0000 7f251947c700 1 --2- 172.21.15.64:0/3004488454 >> [v2:172.21.15.64:3300/0,v1:172.21.15.64:6789/0] conn(0x7f2514071290 0x7f2514111740 secure :-1 s=READY pgs=50 cs=0 l=1 rev1=1 crypto rx=0x7f2504012da0 tx=0x7f2504009840 comp rx=0 tx=0).ready entity=mon.0 client_cookie=0 server_cookie=0 in_seq=0 out_seq=0
2024-04-02T15:19:35.135 INFO:teuthology.orchestra.run.smithi064.stdout:/usr/bin/ceph: stderr
2024-04-02T15:19:34.235+0000 7f2511ffb700 1 -- 172.21.15.64:0/3004488454 <== mon.0 v2:172.21.15.64:3300/0 1 ==== mon_map magic: 0 v1 ==== 229+0+0 (secure 0 0 0) 0x7f25040092e0 con 0x7f2514071290
2024-04-02T15:19:35.135 INFO:teuthology.orchestra.run.smithi064.stdout:/usr/bin/ceph: stderr
2024-04-02T15:19:34.235+0000 7f2511ffb700 1 -- 172.21.15.64:0/3004488454 <== mon.0 v2:172.21.15.64:3300/0 2 ==== config(27 keys) v1 ==== 1044+0+0 (secure 0 0 0) 0x7f2504007d10 con 0x7f2514071290
2024-04-02T15:19:35.135 INFO:teuthology.orchestra.run.smithi064.stdout:/usr/bin/ceph: stderr
2024-04-02T15:19:34.235+0000 7f251b6e0700 1 -- 172.21.15.64:0/3004488454 --> [v2:172.21.15.64:3300/0,v1:172.21.15.64:6789/0] -- mon_subscribe({mgrmap=0+}) v3 -- 0x7f2514111e80 con 0x7f2514071290
2024-04-02T15:19:35.135 INFO:teuthology.orchestra.run.smithi064.stdout:/usr/bin/ceph: stderr
2024-04-02T15:19:34.235+0000 7f2511ffb700 1 -- 172.21.15.64:0/3004488454 <== mon.0 v2:172.21.15.64:3300/0 3 ==== mon_map magic: 0 v1 ==== 229+0+0 (secure 0 0 0) 0x7f250401c880 con 0x7f2514071290
2024-04-02T15:19:35.135 INFO:teuthology.orchestra.run.smithi064.stdout:/usr/bin/ceph: stderr
2024-04-02T15:19:34.236+0000 7f251b6e0700 1 -- 172.21.15.64:0/3004488454 --> [v2:172.21.15.64:3300/0,v1:172.21.15.64:6789/0] -- mon_subscribe({osdmap=0}) v3 -- 0x7f25141129f0 con 0x7f2514071290
2024-04-02T15:19:35.136 INFO:teuthology.orchestra.run.smithi064.stdout:/usr/bin/ceph: stderr
2024-04-02T15:19:34.236+0000 7f2511ffb700 1 -- 172.21.15.64:0/3004488454 <== mon.0 v2:172.21.15.64:3300/0 4 ==== mgrmap(e 8) v1 ==== 43368+0+0 (secure 0 0 0) 0x7f2504019070 con 0x7f2514071290
2024-04-02T15:19:35.136 INFO:teuthology.orchestra.run.smithi064.stdout:/usr/bin/ceph: stderr
2024-04-02T15:19:34.237+0000 7f251b6e0700 1 -- 172.21.15.64:0/3004488454 --> [v2:172.21.15.64:3300/0,v1:172.21.15.64:6789/0] -- mon_command({"prefix": "get_command_descriptions"} v 0) v1 -- 0x7f251405f5f0 con 0x7f2514071290
2024-04-02T15:19:35.136 INFO:teuthology.orchestra.run.smithi064.stdout:/usr/bin/ceph: stderr
2024-04-02T15:19:34.237+0000 7f2511ffb700 1 --2- 172.21.15.64:0/3004488454 >> [v2:172.21.15.64:6800/3178863872,v1:172.21.15.64:6801/3178863872] conn(0x7f24fc0367e0 0x7f24fc038c90 unknown :-1 s=NONE pgs=0 cs=0 l=1 rev1=0 crypto rx=0 tx=0 comp rx=0 tx=0).connect
2024-04-02T15:19:35.136 INFO:teuthology.orchestra.run.smithi064.stdout:/usr/bin/ceph: stderr
2024-04-02T15:19:34.237+0000 7f2511ffb700 1 -- 172.21.15.64:0/3004488454 <== mon.0 v2:172.21.15.64:3300/0 5 ==== osd_map(2..2 src has 1..2) v4 ==== 936+0+0 (secure 0 0 0) 0x7f2504049f20 con 0x7f2514071290
2024-04-02T15:19:35.136 INFO:teuthology.orchestra.run.smithi064.stdout:/usr/bin/ceph: stderr
2024-04-02T15:19:34.237+0000 7f2518c7b700 1 --2- 172.21.15.64:0/3004488454 >> [v2:172.21.15.64:6800/3178863872,v1:172.21.15.64:6801/3178863872] conn(0x7f24fc0367e0 0x7f24fc038c90 unknown :-1 s=BANNER_CONNECTING pgs=0 cs=0 l=1 rev1=0 crypto rx=0 tx=0 comp rx=0 tx=0)._handle_peer_banner_payload supported=3 required=0
2024-04-02T15:19:35.136 INFO:teuthology.orchestra.run.smithi064.stdout:/usr/bin/ceph: stderr
2024-04-02T15:19:34.237+0000 7f2518c7b700 1 --2- 172.21.15.64:0/3004488454 >> [v2:172.21.15.64:6800/3178863872,v1:172.21.15.64:6801/3178863872] conn(0x7f24fc0367e0 0x7f24fc038c90 secure :-1 s=READY pgs=13 cs=0 l=1 rev1=1 crypto rx=0x7f2508009990 tx=0x7f2508006e40 comp rx=0 tx=0).ready entity=mgr.14120 client_cookie=0 server_cookie=0 in_seq=0 out_seq=0
2024-04-02T15:19:35.136 INFO:teuthology.orchestra.run.smithi064.stdout:/usr/bin/ceph: stderr
2024-04-02T15:19:34.241+0000 7f2511ffb700 1 -- 172.21.15.64:0/3004488454 <== mon.0 v2:172.21.15.64:3300/0 6 ==== mon_command_ack([{"prefix": "get_command_descriptions"}]=0 v0) v1 ==== 72+0+176504 (secure 0 0 0) 0x7f2504019910 con 0x7f2514071290
2024-04-02T15:19:35.136 INFO:teuthology.orchestra.run.smithi064.stdout:/usr/bin/ceph: stderr
2024-04-02T15:19:34.454+0000 7f251b6e0700 1 -- 172.21.15.64:0/3004488454 --> [v2:172.21.15.64:6800/3178863872,v1:172.21.15.64:6801/3178863872] -- mgr_command(tid 0: {"prefix": "orch apply", "service_type": "mgr", "target": ["mon-mgr", ""]}) v1 -- 0x7f25141135b0 con 0x7f24fc0367e0
2024-04-02T15:19:35.136 INFO:teuthology.orchestra.run.smithi064.stdout:/usr/bin/ceph: stderr
2024-04-02T15:19:34.460+0000 7f2511ffb700 1 -- 172.21.15.64:0/3004488454 <== mgr.14120 v2:172.21.15.64:6800/3178863872 1 ==== mgr_command_reply(tid 0: 0 ) v1 ==== 8+0+24 (secure 0 0 0) 0x7f25141135b0 con 0x7f24fc0367e0
2024-04-02T15:19:35.136 INFO:teuthology.orchestra.run.smithi064.stdout:/usr/bin/ceph: stderr
2024-04-02T15:19:34.462+0000 7f251b6e0700 1 -- 172.21.15.64:0/3004488454 >> [v2:172.21.15.64:6800/3178863872,v1:172.21.15.64:6801/3178863872] conn(0x7f24fc0367e0 msgr2=0x7f24fc038c90 secure :-1 s=STATE_CONNECTION_ESTABLISHED l=1).mark_down
2024-04-02T15:19:35.136 INFO:teuthology.orchestra.run.smithi064.stdout:/usr/bin/ceph: stderr
2024-04-02T15:19:34.462+0000 7f251b6e0700 1 --2- 172.21.15.64:0/3004488454 >> [v2:172.21.15.64:6800/3178863872,v1:172.21.15.64:6801/3178863872] conn(0x7f24fc0367e0 0x7f24fc038c90 secure :-1 s=READY pgs=13 cs=0 l=1 rev1=1 crypto rx=0x7f2508009990 tx=0x7f2508006e40 comp rx=0 tx=0).stop
2024-04-02T15:19:35.136 INFO:teuthology.orchestra.run.smithi064.stdout:/usr/bin/ceph: stderr
2024-04-02T15:19:34.462+0000 7f251b6e0700 1 -- 172.21.15.64:0/3004488454 >> [v2:172.21.15.64:3300/0,v1:172.21.15.64:6789/0] conn(0x7f2514071290 msgr2=0x7f2514111740 secure :-1 s=STATE_CONNECTION_ESTABLISHED l=1).mark_down
2024-04-02T15:19:35.136 INFO:teuthology.orchestra.run.smithi064.stdout:/usr/bin/ceph: stderr
2024-04-02T15:19:34.462+0000 7f251b6e0700 1 --2- 172.21.15.64:0/3004488454 >> [v2:172.21.15.64:3300/0,v1:172.21.15.64:6789/0] conn(0x7f2514071290 0x7f2514111740 secure :-1 s=READY pgs=50 cs=0 l=1 rev1=1 crypto rx=0x7f2504012da0 tx=0x7f2504009840 comp rx=0 tx=0).stop
2024-04-02T15:19:35.137 INFO:teuthology.orchestra.run.smithi064.stdout:/usr/bin/ceph: stderr
2024-04-02T15:19:34.463+0000 7f251b6e0700 1 -- 172.21.15.64:0/3004488454 shutdown_connections
2024-04-02T15:19:35.137 INFO:teuthology.orchestra.run.smithi064.stdout:/usr/bin/ceph: stderr
2024-04-02T15:19:34.463+0000 7f251b6e0700 1 --2- 172.21.15.64:0/3004488454 >> [v2:172.21.15.64:6800/3178863872,v1:172.21.15.64:6801/3178863872] conn(0x7f24fc0367e0 0x7f24fc038c90 unknown :-1 s=CLOSED pgs=13 cs=0 l=1 rev1=1 crypto rx=0 tx=0 comp rx=0 tx=0).stop
2024-04-02T15:19:35.137 INFO:teuthology.orchestra.run.smithi064.stdout:/usr/bin/ceph: stderr
2024-04-02T15:19:34.463+0000 7f251b6e0700 1 --2- 172.21.15.64:0/3004488454 >> [v2:172.21.15.64:3300/0,v1:172.21.15.64:6789/0] conn(0x7f2514071290 0x7f2514111740 unknown :-1 s=CLOSED pgs=50 cs=0 l=1 rev1=1 crypto rx=0 tx=0 comp rx=0 tx=0).stop
2024-04-02T15:19:35.137 INFO:teuthology.orchestra.run.smithi064.stdout:/usr/bin/ceph: stderr
2024-04-02T15:19:34.463+0000 7f251b6e0700 1 -- 172.21.15.64:0/3004488454 >> 172.21.15.64:0/3004488454 conn(0x7f25140fcfb0 msgr2=0x7f25140fdc40 unknown :-1 s=STATE_NONE l=0).mark_down
2024-04-02T15:19:35.137 INFO:teuthology.orchestra.run.smithi064.stdout:/usr/bin/ceph: stderr
2024-04-02T15:19:34.463+0000 7f251b6e0700 1 -- 172.21.15.64:0/3004488454 shutdown_connections
2024-04-02T15:19:35.137 INFO:teuthology.orchestra.run.smithi064.stdout:/usr/bin/ceph: stderr
2024-04-02T15:19:34.463+0000 7f251b6e0700 1 -- 172.21.15.64:0/3004488454 wait complete.
2024-04-02T15:19:35.137 INFO:teuthology.orchestra.run.smithi064.stdout:Deploying crash service with default placement...
2024-04-02T15:19:35.663 INFO:journalctl@ceph.mon.smithi064.smithi064.stdout:Apr 02 15:19:35 smithi064 ceph-mon[29279]: from='client.14144 -' entity='client.admin' cmd=[{"prefix": "orch apply", "service_type": "mgr", "target": ["mon-mgr", ""]}]: dispatch
2024-04-02T15:19:35.663 INFO:journalctl@ceph.mon.smithi064.smithi064.stdout:Apr 02 15:19:35 smithi064 ceph-mon[29279]: Saving service mgr spec with placement count:2
2024-04-02T15:19:35.663 INFO:journalctl@ceph.mon.smithi064.smithi064.stdout:Apr 02 15:19:35 smithi064 ceph-mon[29279]: from='mgr.14120 172.21.15.64:0/1264524022' entity='mgr.smithi064.oufpls'
2024-04-02T15:19:37.220 INFO:teuthology.orchestra.run.smithi064.stdout:/usr/bin/ceph: stdout Scheduled crash update...
2024-04-02T15:19:37.220 INFO:teuthology.orchestra.run.smithi064.stdout:/usr/bin/ceph: stderr
2024-04-02T15:19:36.409+0000 7f5aa3121700 1 Processor -- start
2024-04-02T15:19:37.220 INFO:teuthology.orchestra.run.smithi064.stdout:/usr/bin/ceph: stderr
2024-04-02T15:19:36.409+0000 7f5aa3121700 1 -- start start
2024-04-02T15:19:37.220 INFO:teuthology.orchestra.run.smithi064.stdout:/usr/bin/ceph: stderr
2024-04-02T15:19:36.409+0000 7f5aa3121700 1 --2- >> [v2:172.21.15.64:3300/0,v1:172.21.15.64:6789/0] conn(0x7f5a9c076bc0 0x7f5a9c1054d0 unknown :-1 s=NONE pgs=0 cs=0 l=0 rev1=0 crypto rx=0 tx=0 comp rx=0 tx=0).connect
2024-04-02T15:19:37.220 INFO:teuthology.orchestra.run.smithi064.stdout:/usr/bin/ceph: stderr
2024-04-02T15:19:36.409+0000 7f5aa3121700 1 -- --> [v2:172.21.15.64:3300/0,v1:172.21.15.64:6789/0] -- mon_getmap magic: 0 v1 -- 0x7f5a9c105a10 con 0x7f5a9c076bc0
2024-04-02T15:19:37.220 INFO:teuthology.orchestra.run.smithi064.stdout:/usr/bin/ceph: stderr
2024-04-02T15:19:36.409+0000 7f5aa0ebd700 1 --2- >> [v2:172.21.15.64:3300/0,v1:172.21.15.64:6789/0] conn(0x7f5a9c076bc0 0x7f5a9c1054d0 unknown :-1 s=BANNER_CONNECTING pgs=0 cs=0 l=0 rev1=0 crypto rx=0 tx=0 comp rx=0 tx=0)._handle_peer_banner_payload supported=3 required=0
2024-04-02T15:19:37.220 INFO:teuthology.orchestra.run.smithi064.stdout:/usr/bin/ceph: stderr
2024-04-02T15:19:36.409+0000 7f5aa0ebd700 1 --2- >> [v2:172.21.15.64:3300/0,v1:172.21.15.64:6789/0] conn(0x7f5a9c076bc0 0x7f5a9c1054d0 unknown :-1 s=HELLO_CONNECTING pgs=0 cs=0 l=0 rev1=1 crypto rx=0 tx=0 comp rx=0 tx=0).handle_hello peer v2:172.21.15.64:3300/0 says I am v2:172.21.15.64:58872/0 (socket says 172.21.15.64:58872)
2024-04-02T15:19:37.220 INFO:teuthology.orchestra.run.smithi064.stdout:/usr/bin/ceph: stderr
2024-04-02T15:19:36.409+0000 7f5aa0ebd700 1 -- 172.21.15.64:0/3249652076 learned_addr learned my addr 172.21.15.64:0/3249652076 (peer_addr_for_me v2:172.21.15.64:0/0)
2024-04-02T15:19:37.220 INFO:teuthology.orchestra.run.smithi064.stdout:/usr/bin/ceph: stderr
2024-04-02T15:19:36.410+0000 7f5aa0ebd700 1 -- 172.21.15.64:0/3249652076 --> [v2:172.21.15.64:3300/0,v1:172.21.15.64:6789/0] -- mon_subscribe({config=0+,monmap=0+}) v3 -- 0x7f5a9c105b50 con 0x7f5a9c076bc0
2024-04-02T15:19:37.220 INFO:teuthology.orchestra.run.smithi064.stdout:/usr/bin/ceph: stderr
2024-04-02T15:19:36.410+0000 7f5aa0ebd700 1 --2- 172.21.15.64:0/3249652076 >> [v2:172.21.15.64:3300/0,v1:172.21.15.64:6789/0] conn(0x7f5a9c076bc0 0x7f5a9c1054d0 secure :-1 s=READY pgs=51 cs=0 l=1 rev1=1 crypto rx=0x7f5a900098e0 tx=0x7f5a90009250 comp rx=0 tx=0).ready entity=mon.0 client_cookie=bc210e30cbd3fb54 server_cookie=0 in_seq=0 out_seq=0
2024-04-02T15:19:37.221 INFO:teuthology.orchestra.run.smithi064.stdout:/usr/bin/ceph: stderr
2024-04-02T15:19:36.410+0000 7f5a9b7fe700 1 -- 172.21.15.64:0/3249652076 <== mon.0 v2:172.21.15.64:3300/0 1 ==== mon_map magic: 0 v1 ==== 229+0+0 (secure 0 0 0) 0x7f5a9000b860 con 0x7f5a9c076bc0
2024-04-02T15:19:37.221 INFO:teuthology.orchestra.run.smithi064.stdout:/usr/bin/ceph: stderr
2024-04-02T15:19:36.410+0000 7f5a9b7fe700 1 -- 172.21.15.64:0/3249652076 <== mon.0 v2:172.21.15.64:3300/0 2 ==== config(27 keys) v1 ==== 1109+0+0 (secure 0 0 0) 0x7f5a9000be90 con 0x7f5a9c076bc0
2024-04-02T15:19:37.221 INFO:teuthology.orchestra.run.smithi064.stdout:/usr/bin/ceph: stderr
2024-04-02T15:19:36.410+0000 7f5a9b7fe700 1 -- 172.21.15.64:0/3249652076 <== mon.0 v2:172.21.15.64:3300/0 3 ==== mon_map magic: 0 v1 ==== 229+0+0 (secure 0 0 0) 0x7f5a900103c0 con 0x7f5a9c076bc0
2024-04-02T15:19:37.221 INFO:teuthology.orchestra.run.smithi064.stdout:/usr/bin/ceph: stderr
2024-04-02T15:19:36.411+0000 7f5aa3121700 1 -- 172.21.15.64:0/3249652076 >> [v2:172.21.15.64:3300/0,v1:172.21.15.64:6789/0] conn(0x7f5a9c076bc0 msgr2=0x7f5a9c1054d0 secure :-1 s=STATE_CONNECTION_ESTABLISHED l=1).mark_down
2024-04-02T15:19:37.221 INFO:teuthology.orchestra.run.smithi064.stdout:/usr/bin/ceph: stderr
2024-04-02T15:19:36.411+0000 7f5aa3121700 1 --2- 172.21.15.64:0/3249652076 >> [v2:172.21.15.64:3300/0,v1:172.21.15.64:6789/0] conn(0x7f5a9c076bc0 0x7f5a9c1054d0 secure :-1 s=READY pgs=51 cs=0 l=1 rev1=1 crypto rx=0x7f5a900098e0 tx=0x7f5a90009250 comp rx=0 tx=0).stop
2024-04-02T15:19:37.221 INFO:teuthology.orchestra.run.smithi064.stdout:/usr/bin/ceph: stderr
2024-04-02T15:19:36.411+0000 7f5aa3121700 1 -- 172.21.15.64:0/3249652076 shutdown_connections
2024-04-02T15:19:37.221 INFO:teuthology.orchestra.run.smithi064.stdout:/usr/bin/ceph: stderr
2024-04-02T15:19:36.411+0000 7f5aa3121700 1 --2- 172.21.15.64:0/3249652076 >> [v2:172.21.15.64:3300/0,v1:172.21.15.64:6789/0] conn(0x7f5a9c076bc0 0x7f5a9c1054d0 unknown :-1 s=CLOSED pgs=51 cs=0 l=1 rev1=1 crypto rx=0 tx=0 comp rx=0 tx=0).stop
2024-04-02T15:19:37.221 INFO:teuthology.orchestra.run.smithi064.stdout:/usr/bin/ceph: stderr
2024-04-02T15:19:36.411+0000 7f5aa3121700 1 -- 172.21.15.64:0/3249652076 >> 172.21.15.64:0/3249652076 conn(0x7f5a9c0fcf80 msgr2=0x7f5a9c0ff390 unknown :-1 s=STATE_NONE l=0).mark_down
2024-04-02T15:19:37.221 INFO:teuthology.orchestra.run.smithi064.stdout:/usr/bin/ceph: stderr
2024-04-02T15:19:36.411+0000 7f5aa3121700 1 -- 172.21.15.64:0/3249652076 shutdown_connections
2024-04-02T15:19:37.221 INFO:teuthology.orchestra.run.smithi064.stdout:/usr/bin/ceph: stderr
2024-04-02T15:19:36.411+0000 7f5aa3121700 1 -- 172.21.15.64:0/3249652076 wait complete.
2024-04-02T15:19:37.221 INFO:teuthology.orchestra.run.smithi064.stdout:/usr/bin/ceph: stderr
2024-04-02T15:19:36.411+0000 7f5aa3121700 1 Processor -- start
2024-04-02T15:19:37.221 INFO:teuthology.orchestra.run.smithi064.stdout:/usr/bin/ceph: stderr
2024-04-02T15:19:36.411+0000 7f5aa3121700 1 -- start start
2024-04-02T15:19:37.221 INFO:teuthology.orchestra.run.smithi064.stdout:/usr/bin/ceph: stderr
2024-04-02T15:19:36.412+0000 7f5aa3121700 1 --2- >> [v2:172.21.15.64:3300/0,v1:172.21.15.64:6789/0] conn(0x7f5a9c076bc0 0x7f5a9c1116a0 unknown :-1 s=NONE pgs=0 cs=0 l=1 rev1=0 crypto rx=0 tx=0 comp rx=0 tx=0).connect
2024-04-02T15:19:37.221 INFO:teuthology.orchestra.run.smithi064.stdout:/usr/bin/ceph: stderr
2024-04-02T15:19:36.412+0000 7f5aa3121700 1 -- --> [v2:172.21.15.64:3300/0,v1:172.21.15.64:6789/0] -- mon_getmap magic: 0 v1 -- 0x7f5a9c111be0 con 0x7f5a9c076bc0
2024-04-02T15:19:37.221 INFO:teuthology.orchestra.run.smithi064.stdout:/usr/bin/ceph: stderr
2024-04-02T15:19:36.412+0000 7f5aa0ebd700 1 --2- >> [v2:172.21.15.64:3300/0,v1:172.21.15.64:6789/0] conn(0x7f5a9c076bc0 0x7f5a9c1116a0 unknown :-1 s=BANNER_CONNECTING pgs=0 cs=0 l=1 rev1=0 crypto rx=0 tx=0 comp rx=0 tx=0)._handle_peer_banner_payload supported=3 required=0
2024-04-02T15:19:37.222 INFO:teuthology.orchestra.run.smithi064.stdout:/usr/bin/ceph: stderr
2024-04-02T15:19:36.412+0000 7f5aa0ebd700 1 --2- >> [v2:172.21.15.64:3300/0,v1:172.21.15.64:6789/0] conn(0x7f5a9c076bc0 0x7f5a9c1116a0 unknown :-1 s=HELLO_CONNECTING pgs=0 cs=0 l=1 rev1=1 crypto rx=0 tx=0 comp rx=0 tx=0).handle_hello peer v2:172.21.15.64:3300/0 says I am v2:172.21.15.64:58876/0 (socket says 172.21.15.64:58876)
2024-04-02T15:19:37.222 INFO:teuthology.orchestra.run.smithi064.stdout:/usr/bin/ceph: stderr
2024-04-02T15:19:36.412+0000 7f5aa0ebd700 1 -- 172.21.15.64:0/1376370893 learned_addr learned my addr 172.21.15.64:0/1376370893 (peer_addr_for_me v2:172.21.15.64:0/0)
2024-04-02T15:19:37.222 INFO:teuthology.orchestra.run.smithi064.stdout:/usr/bin/ceph: stderr
2024-04-02T15:19:36.412+0000 7f5aa0ebd700 1 -- 172.21.15.64:0/1376370893 --> [v2:172.21.15.64:3300/0,v1:172.21.15.64:6789/0] -- mon_subscribe({config=0+,monmap=0+}) v3 -- 0x7f5a900094f0 con 0x7f5a9c076bc0
2024-04-02T15:19:37.222 INFO:teuthology.orchestra.run.smithi064.stdout:/usr/bin/ceph: stderr
2024-04-02T15:19:36.412+0000 7f5aa0ebd700 1 --2- 172.21.15.64:0/1376370893 >> [v2:172.21.15.64:3300/0,v1:172.21.15.64:6789/0] conn(0x7f5a9c076bc0 0x7f5a9c1116a0 secure :-1 s=READY pgs=52 cs=0 l=1 rev1=1 crypto rx=0x7f5a900094c0 tx=0x7f5a90009250 comp rx=0 tx=0).ready entity=mon.0 client_cookie=0 server_cookie=0 in_seq=0 out_seq=0
2024-04-02T15:19:37.222 INFO:teuthology.orchestra.run.smithi064.stdout:/usr/bin/ceph: stderr
2024-04-02T15:19:36.412+0000 7f5a997fa700 1 -- 172.21.15.64:0/1376370893 <== mon.0 v2:172.21.15.64:3300/0 1 ==== mon_map magic: 0 v1 ==== 229+0+0 (secure 0 0 0) 0x7f5a90010890 con 0x7f5a9c076bc0
2024-04-02T15:19:37.222 INFO:teuthology.orchestra.run.smithi064.stdout:/usr/bin/ceph: stderr
2024-04-02T15:19:36.413+0000 7f5a997fa700 1 -- 172.21.15.64:0/1376370893 <== mon.0 v2:172.21.15.64:3300/0 2 ==== config(27 keys) v1 ==== 1109+0+0 (secure 0 0 0) 0x7f5a90010ec0 con 0x7f5a9c076bc0
2024-04-02T15:19:37.222 INFO:teuthology.orchestra.run.smithi064.stdout:/usr/bin/ceph: stderr
2024-04-02T15:19:36.413+0000 7f5aa3121700 1 -- 172.21.15.64:0/1376370893 --> [v2:172.21.15.64:3300/0,v1:172.21.15.64:6789/0] -- mon_subscribe({mgrmap=0+}) v3 -- 0x7f5a9c111de0 con 0x7f5a9c076bc0
2024-04-02T15:19:37.222 INFO:teuthology.orchestra.run.smithi064.stdout:/usr/bin/ceph: stderr
2024-04-02T15:19:36.413+0000 7f5aa3121700 1 -- 172.21.15.64:0/1376370893 --> [v2:172.21.15.64:3300/0,v1:172.21.15.64:6789/0] -- mon_subscribe({osdmap=0}) v3 -- 0x7f5a9c112950 con 0x7f5a9c076bc0
2024-04-02T15:19:37.222 INFO:teuthology.orchestra.run.smithi064.stdout:/usr/bin/ceph: stderr
2024-04-02T15:19:36.413+0000 7f5a997fa700 1 -- 172.21.15.64:0/1376370893 <== mon.0 v2:172.21.15.64:3300/0 3 ==== mon_map magic: 0 v1 ==== 229+0+0 (secure 0 0 0) 0x7f5a900243f0 con 0x7f5a9c076bc0
2024-04-02T15:19:37.222 INFO:teuthology.orchestra.run.smithi064.stdout:/usr/bin/ceph: stderr
2024-04-02T15:19:36.414+0000 7f5a997fa700 1 -- 172.21.15.64:0/1376370893 <== mon.0 v2:172.21.15.64:3300/0 4 ==== mgrmap(e 8) v1 ==== 43368+0+0 (secure 0 0 0) 0x7f5a9002d3f0 con 0x7f5a9c076bc0
2024-04-02T15:19:37.222 INFO:teuthology.orchestra.run.smithi064.stdout:/usr/bin/ceph: stderr
2024-04-02T15:19:36.414+0000 7f5aa3121700 1 -- 172.21.15.64:0/1376370893 --> [v2:172.21.15.64:3300/0,v1:172.21.15.64:6789/0] -- mon_command({"prefix": "get_command_descriptions"} v 0) v1 -- 0x7f5a9c05f5f0 con 0x7f5a9c076bc0
2024-04-02T15:19:37.222 INFO:teuthology.orchestra.run.smithi064.stdout:/usr/bin/ceph: stderr
2024-04-02T15:19:36.414+0000 7f5a997fa700 1 --2- 172.21.15.64:0/1376370893 >> [v2:172.21.15.64:6800/3178863872,v1:172.21.15.64:6801/3178863872] conn(0x7f5a8c0367e0 0x7f5a8c038c90 unknown :-1 s=NONE pgs=0 cs=0 l=1 rev1=0 crypto rx=0 tx=0 comp rx=0 tx=0).connect
2024-04-02T15:19:37.222 INFO:teuthology.orchestra.run.smithi064.stdout:/usr/bin/ceph: stderr
2024-04-02T15:19:36.414+0000 7f5a997fa700 1 -- 172.21.15.64:0/1376370893 <== mon.0 v2:172.21.15.64:3300/0 5 ==== osd_map(2..2 src has 1..2) v4 ==== 936+0+0 (secure 0 0 0) 0x7f5a9004a2a0 con 0x7f5a9c076bc0
2024-04-02T15:19:37.223 INFO:teuthology.orchestra.run.smithi064.stdout:/usr/bin/ceph: stderr
2024-04-02T15:19:36.414+0000 7f5a9bfff700 1 --2- 172.21.15.64:0/1376370893 >> [v2:172.21.15.64:6800/3178863872,v1:172.21.15.64:6801/3178863872] conn(0x7f5a8c0367e0 0x7f5a8c038c90 unknown :-1 s=BANNER_CONNECTING pgs=0 cs=0 l=1 rev1=0 crypto rx=0 tx=0 comp rx=0 tx=0)._handle_peer_banner_payload supported=3 required=0
2024-04-02T15:19:37.223 INFO:teuthology.orchestra.run.smithi064.stdout:/usr/bin/ceph: stderr
2024-04-02T15:19:36.414+0000 7f5a9bfff700 1 --2- 172.21.15.64:0/1376370893 >> [v2:172.21.15.64:6800/3178863872,v1:172.21.15.64:6801/3178863872] conn(0x7f5a8c0367e0 0x7f5a8c038c90 secure :-1 s=READY pgs=14 cs=0 l=1 rev1=1 crypto rx=0x7f5a88009990 tx=0x7f5a88006e40 comp rx=0 tx=0).ready entity=mgr.14120 client_cookie=0 server_cookie=0 in_seq=0 out_seq=0
2024-04-02T15:19:37.223 INFO:teuthology.orchestra.run.smithi064.stdout:/usr/bin/ceph: stderr
2024-04-02T15:19:36.419+0000 7f5a997fa700 1 -- 172.21.15.64:0/1376370893 <== mon.0 v2:172.21.15.64:3300/0 6 ==== mon_command_ack([{"prefix": "get_command_descriptions"}]=0 v0) v1 ==== 72+0+176504 (secure 0 0 0) 0x7f5a9002b8e0 con 0x7f5a9c076bc0
2024-04-02T15:19:37.223 INFO:teuthology.orchestra.run.smithi064.stdout:/usr/bin/ceph: stderr
2024-04-02T15:19:36.634+0000 7f5aa3121700 1 -- 172.21.15.64:0/1376370893 --> [v2:172.21.15.64:6800/3178863872,v1:172.21.15.64:6801/3178863872] -- mgr_command(tid 0: {"prefix": "orch apply", "service_type": "crash", "target": ["mon-mgr", ""]}) v1 -- 0x7f5a9c0fe1e0 con 0x7f5a8c0367e0
2024-04-02T15:19:37.223 INFO:teuthology.orchestra.run.smithi064.stdout:/usr/bin/ceph: stderr
2024-04-02T15:19:36.640+0000 7f5a997fa700 1 -- 172.21.15.64:0/1376370893 <== mgr.14120 v2:172.21.15.64:6800/3178863872 1 ==== mgr_command_reply(tid 0: 0 ) v1 ==== 8+0+26 (secure 0 0 0) 0x7f5a9c0fe1e0 con 0x7f5a8c0367e0
2024-04-02T15:19:37.223 INFO:teuthology.orchestra.run.smithi064.stdout:/usr/bin/ceph: stderr
2024-04-02T15:19:36.642+0000 7f5aa3121700 1 -- 172.21.15.64:0/1376370893 >> [v2:172.21.15.64:6800/3178863872,v1:172.21.15.64:6801/3178863872] conn(0x7f5a8c0367e0 msgr2=0x7f5a8c038c90 secure :-1 s=STATE_CONNECTION_ESTABLISHED l=1).mark_down
2024-04-02T15:19:37.223 INFO:teuthology.orchestra.run.smithi064.stdout:/usr/bin/ceph: stderr
2024-04-02T15:19:36.642+0000 7f5aa3121700 1 --2- 172.21.15.64:0/1376370893 >> [v2:172.21.15.64:6800/3178863872,v1:172.21.15.64:6801/3178863872] conn(0x7f5a8c0367e0 0x7f5a8c038c90 secure :-1 s=READY pgs=14 cs=0 l=1 rev1=1 crypto rx=0x7f5a88009990 tx=0x7f5a88006e40 comp rx=0 tx=0).stop
2024-04-02T15:19:37.223 INFO:teuthology.orchestra.run.smithi064.stdout:/usr/bin/ceph: stderr
2024-04-02T15:19:36.642+0000 7f5aa3121700 1 -- 172.21.15.64:0/1376370893 >> [v2:172.21.15.64:3300/0,v1:172.21.15.64:6789/0] conn(0x7f5a9c076bc0 msgr2=0x7f5a9c1116a0 secure :-1 s=STATE_CONNECTION_ESTABLISHED l=1).mark_down
2024-04-02T15:19:37.223 INFO:teuthology.orchestra.run.smithi064.stdout:/usr/bin/ceph: stderr
2024-04-02T15:19:36.642+0000 7f5aa3121700 1 --2- 172.21.15.64:0/1376370893 >> [v2:172.21.15.64:3300/0,v1:172.21.15.64:6789/0] conn(0x7f5a9c076bc0 0x7f5a9c1116a0 secure :-1 s=READY pgs=52 cs=0 l=1 rev1=1 crypto rx=0x7f5a900094c0 tx=0x7f5a90009250 comp rx=0 tx=0).stop
2024-04-02T15:19:37.223 INFO:teuthology.orchestra.run.smithi064.stdout:/usr/bin/ceph: stderr
2024-04-02T15:19:36.642+0000 7f5aa3121700 1 -- 172.21.15.64:0/1376370893 shutdown_connections
2024-04-02T15:19:37.223 INFO:teuthology.orchestra.run.smithi064.stdout:/usr/bin/ceph: stderr
2024-04-02T15:19:36.642+0000 7f5aa3121700 1 --2- 172.21.15.64:0/1376370893 >> [v2:172.21.15.64:6800/3178863872,v1:172.21.15.64:6801/3178863872] conn(0x7f5a8c0367e0 0x7f5a8c038c90 unknown :-1 s=CLOSED pgs=14 cs=0 l=1 rev1=1 crypto rx=0 tx=0 comp rx=0 tx=0).stop
2024-04-02T15:19:37.223 INFO:teuthology.orchestra.run.smithi064.stdout:/usr/bin/ceph: stderr
2024-04-02T15:19:36.642+0000 7f5aa3121700 1 --2- 172.21.15.64:0/1376370893 >> [v2:172.21.15.64:3300/0,v1:172.21.15.64:6789/0] conn(0x7f5a9c076bc0 0x7f5a9c1116a0 unknown :-1 s=CLOSED pgs=52 cs=0 l=1 rev1=1 crypto rx=0 tx=0 comp rx=0 tx=0).stop
2024-04-02T15:19:37.223 INFO:teuthology.orchestra.run.smithi064.stdout:/usr/bin/ceph: stderr
2024-04-02T15:19:36.642+0000 7f5aa3121700 1 -- 172.21.15.64:0/1376370893 >> 172.21.15.64:0/1376370893 conn(0x7f5a9c0fcf80 msgr2=0x7f5a9c0fdad0 unknown :-1 s=STATE_NONE l=0).mark_down
2024-04-02T15:19:37.223 INFO:teuthology.orchestra.run.smithi064.stdout:/usr/bin/ceph: stderr
2024-04-02T15:19:36.642+0000 7f5aa3121700 1 -- 172.21.15.64:0/1376370893 shutdown_connections
2024-04-02T15:19:37.223 INFO:teuthology.orchestra.run.smithi064.stdout:/usr/bin/ceph: stderr
2024-04-02T15:19:36.642+0000 7f5aa3121700 1 -- 172.21.15.64:0/1376370893 wait complete.
2024-04-02T15:19:37.224 INFO:teuthology.orchestra.run.smithi064.stdout:Deploying prometheus service with default placement...
2024-04-02T15:19:37.257 INFO:journalctl@ceph.mon.smithi064.smithi064.stdout:Apr 02 15:19:36 smithi064 ceph-mon[29279]: from='mgr.14120 172.21.15.64:0/1264524022' entity='mgr.smithi064.oufpls'
2024-04-02T15:19:37.257 INFO:journalctl@ceph.mon.smithi064.smithi064.stdout:Apr 02 15:19:36 smithi064 ceph-mon[29279]: from='mgr.14120 172.21.15.64:0/1264524022' entity='mgr.smithi064.oufpls'
2024-04-02T15:19:37.257 INFO:journalctl@ceph.mon.smithi064.smithi064.stdout:Apr 02 15:19:36 smithi064 ceph-mon[29279]: from='client.14146 -' entity='client.admin' cmd=[{"prefix": "orch apply", "service_type": "crash", "target": ["mon-mgr", ""]}]: dispatch
2024-04-02T15:19:37.257 INFO:journalctl@ceph.mon.smithi064.smithi064.stdout:Apr 02 15:19:36 smithi064 ceph-mon[29279]: Saving service crash spec with placement *
2024-04-02T15:19:37.257 INFO:journalctl@ceph.mon.smithi064.smithi064.stdout:Apr 02 15:19:36 smithi064 ceph-mon[29279]: from='mgr.14120 172.21.15.64:0/1264524022' entity='mgr.smithi064.oufpls'
2024-04-02T15:19:38.744 INFO:teuthology.orchestra.run.smithi064.stdout:/usr/bin/ceph: stdout Scheduled prometheus update...
2024-04-02T15:19:38.744 INFO:teuthology.orchestra.run.smithi064.stdout:/usr/bin/ceph: stderr
2024-04-02T15:19:37.737+0000 7f7d38f79700 1 Processor -- start
2024-04-02T15:19:38.744 INFO:teuthology.orchestra.run.smithi064.stdout:/usr/bin/ceph: stderr
2024-04-02T15:19:37.737+0000 7f7d38f79700 1 -- start start
2024-04-02T15:19:38.744 INFO:teuthology.orchestra.run.smithi064.stdout:/usr/bin/ceph: stderr
2024-04-02T15:19:37.737+0000 7f7d38f79700 1 --2- >> [v2:172.21.15.64:3300/0,v1:172.21.15.64:6789/0] conn(0x7f7d34078c70 0x7f7d34077270 unknown :-1 s=NONE pgs=0 cs=0 l=0 rev1=0 crypto rx=0 tx=0 comp rx=0 tx=0).connect
2024-04-02T15:19:38.744 INFO:teuthology.orchestra.run.smithi064.stdout:/usr/bin/ceph: stderr
2024-04-02T15:19:37.737+0000 7f7d38f79700 1 -- --> [v2:172.21.15.64:3300/0,v1:172.21.15.64:6789/0] -- mon_getmap magic: 0 v1 -- 0x7f7d34079080 con 0x7f7d34078c70
2024-04-02T15:19:38.745 INFO:teuthology.orchestra.run.smithi064.stdout:/usr/bin/ceph: stderr
2024-04-02T15:19:37.737+0000 7f7d3259c700 1 --2- >> [v2:172.21.15.64:3300/0,v1:172.21.15.64:6789/0] conn(0x7f7d34078c70 0x7f7d34077270 unknown :-1 s=BANNER_CONNECTING pgs=0 cs=0 l=0 rev1=0 crypto rx=0 tx=0 comp rx=0 tx=0)._handle_peer_banner_payload supported=3 required=0
2024-04-02T15:19:38.745 INFO:teuthology.orchestra.run.smithi064.stdout:/usr/bin/ceph: stderr
2024-04-02T15:19:37.737+0000 7f7d3259c700 1 --2- >> [v2:172.21.15.64:3300/0,v1:172.21.15.64:6789/0] conn(0x7f7d34078c70 0x7f7d34077270 unknown :-1 s=HELLO_CONNECTING pgs=0 cs=0 l=0 rev1=1 crypto rx=0 tx=0 comp rx=0 tx=0).handle_hello peer v2:172.21.15.64:3300/0 says I am v2:172.21.15.64:45964/0 (socket says 172.21.15.64:45964)
2024-04-02T15:19:38.745 INFO:teuthology.orchestra.run.smithi064.stdout:/usr/bin/ceph: stderr
2024-04-02T15:19:37.737+0000 7f7d3259c700 1 -- 172.21.15.64:0/2832996915 learned_addr learned my addr 172.21.15.64:0/2832996915 (peer_addr_for_me v2:172.21.15.64:0/0)
2024-04-02T15:19:38.745 INFO:teuthology.orchestra.run.smithi064.stdout:/usr/bin/ceph: stderr
2024-04-02T15:19:37.738+0000 7f7d3259c700 1 -- 172.21.15.64:0/2832996915 --> [v2:172.21.15.64:3300/0,v1:172.21.15.64:6789/0] -- mon_subscribe({config=0+,monmap=0+}) v3 -- 0x7f7d340777b0 con 0x7f7d34078c70
2024-04-02T15:19:38.745 INFO:teuthology.orchestra.run.smithi064.stdout:/usr/bin/ceph: stderr
2024-04-02T15:19:37.738+0000 7f7d3259c700 1 --2- 172.21.15.64:0/2832996915 >> [v2:172.21.15.64:3300/0,v1:172.21.15.64:6789/0] conn(0x7f7d34078c70 0x7f7d34077270 secure :-1 s=READY pgs=53 cs=0 l=1 rev1=1 crypto rx=0x7f7d240098e0 tx=0x7f7d24009250 comp rx=0 tx=0).ready entity=mon.0 client_cookie=f7811a691bd92d5d server_cookie=0 in_seq=0 out_seq=0
2024-04-02T15:19:38.745 INFO:teuthology.orchestra.run.smithi064.stdout:/usr/bin/ceph: stderr
2024-04-02T15:19:37.738+0000 7f7d3159a700 1 -- 172.21.15.64:0/2832996915 <== mon.0 v2:172.21.15.64:3300/0 1 ==== mon_map magic: 0 v1 ==== 229+0+0 (secure 0 0 0) 0x7f7d2400b860 con 0x7f7d34078c70
2024-04-02T15:19:38.745 INFO:teuthology.orchestra.run.smithi064.stdout:/usr/bin/ceph: stderr
2024-04-02T15:19:37.738+0000 7f7d3159a700 1 -- 172.21.15.64:0/2832996915 <== mon.0 v2:172.21.15.64:3300/0 2 ==== config(27 keys) v1 ==== 1109+0+0 (secure 0 0 0) 0x7f7d2400be90 con 0x7f7d34078c70
2024-04-02T15:19:38.745 INFO:teuthology.orchestra.run.smithi064.stdout:/usr/bin/ceph: stderr
2024-04-02T15:19:37.738+0000 7f7d3159a700 1 -- 172.21.15.64:0/2832996915 <== mon.0 v2:172.21.15.64:3300/0 3 ==== mon_map magic: 0 v1 ==== 229+0+0 (secure 0 0 0) 0x7f7d240103c0 con 0x7f7d34078c70
2024-04-02T15:19:38.745 INFO:teuthology.orchestra.run.smithi064.stdout:/usr/bin/ceph: stderr
2024-04-02T15:19:37.738+0000 7f7d38f79700 1 -- 172.21.15.64:0/2832996915 >> [v2:172.21.15.64:3300/0,v1:172.21.15.64:6789/0] conn(0x7f7d34078c70 msgr2=0x7f7d34077270 secure :-1 s=STATE_CONNECTION_ESTABLISHED l=1).mark_down
2024-04-02T15:19:38.745 INFO:teuthology.orchestra.run.smithi064.stdout:/usr/bin/ceph: stderr
2024-04-02T15:19:37.738+0000 7f7d38f79700 1 --2- 172.21.15.64:0/2832996915 >> [v2:172.21.15.64:3300/0,v1:172.21.15.64:6789/0] conn(0x7f7d34078c70 0x7f7d34077270 secure :-1 s=READY pgs=53 cs=0 l=1 rev1=1 crypto rx=0x7f7d240098e0 tx=0x7f7d24009250 comp rx=0 tx=0).stop
2024-04-02T15:19:38.745 INFO:teuthology.orchestra.run.smithi064.stdout:/usr/bin/ceph: stderr
2024-04-02T15:19:37.739+0000 7f7d38f79700 1 -- 172.21.15.64:0/2832996915 shutdown_connections
2024-04-02T15:19:38.745 INFO:teuthology.orchestra.run.smithi064.stdout:/usr/bin/ceph: stderr
2024-04-02T15:19:37.739+0000 7f7d38f79700 1 --2- 172.21.15.64:0/2832996915 >> [v2:172.21.15.64:3300/0,v1:172.21.15.64:6789/0] conn(0x7f7d34078c70 0x7f7d34077270 unknown :-1 s=CLOSED pgs=53 cs=0 l=1 rev1=1 crypto rx=0 tx=0 comp rx=0 tx=0).stop
2024-04-02T15:19:38.745 INFO:teuthology.orchestra.run.smithi064.stdout:/usr/bin/ceph: stderr
2024-04-02T15:19:37.739+0000 7f7d38f79700 1 -- 172.21.15.64:0/2832996915 >> 172.21.15.64:0/2832996915 conn(0x7f7d340fe070 msgr2=0x7f7d341004a0 unknown :-1 s=STATE_NONE l=0).mark_down
2024-04-02T15:19:38.746 INFO:teuthology.orchestra.run.smithi064.stdout:/usr/bin/ceph: stderr
2024-04-02T15:19:37.739+0000 7f7d38f79700 1 -- 172.21.15.64:0/2832996915 shutdown_connections
2024-04-02T15:19:38.746 INFO:teuthology.orchestra.run.smithi064.stdout:/usr/bin/ceph: stderr
2024-04-02T15:19:37.739+0000 7f7d38f79700 1 -- 172.21.15.64:0/2832996915 wait complete.
2024-04-02T15:19:38.746 INFO:teuthology.orchestra.run.smithi064.stdout:/usr/bin/ceph: stderr
2024-04-02T15:19:37.739+0000 7f7d38f79700 1 Processor -- start
2024-04-02T15:19:38.746 INFO:teuthology.orchestra.run.smithi064.stdout:/usr/bin/ceph: stderr
2024-04-02T15:19:37.739+0000 7f7d38f79700 1 -- start start
2024-04-02T15:19:38.746 INFO:teuthology.orchestra.run.smithi064.stdout:/usr/bin/ceph: stderr
2024-04-02T15:19:37.739+0000 7f7d38f79700 1 --2- >> [v2:172.21.15.64:3300/0,v1:172.21.15.64:6789/0] conn(0x7f7d34078c70 0x7f7d34113960 unknown :-1 s=NONE pgs=0 cs=0 l=1 rev1=0 crypto rx=0 tx=0 comp rx=0 tx=0).connect
2024-04-02T15:19:38.746 INFO:teuthology.orchestra.run.smithi064.stdout:/usr/bin/ceph: stderr
2024-04-02T15:19:37.739+0000 7f7d38f79700 1 -- --> [v2:172.21.15.64:3300/0,v1:172.21.15.64:6789/0] -- mon_getmap magic: 0 v1 -- 0x7f7d34113ea0 con 0x7f7d34078c70
2024-04-02T15:19:38.746 INFO:teuthology.orchestra.run.smithi064.stdout:/usr/bin/ceph: stderr
2024-04-02T15:19:37.739+0000 7f7d3259c700 1 --2- >> [v2:172.21.15.64:3300/0,v1:172.21.15.64:6789/0] conn(0x7f7d34078c70 0x7f7d34113960 unknown :-1 s=BANNER_CONNECTING pgs=0 cs=0 l=1 rev1=0 crypto rx=0 tx=0 comp rx=0 tx=0)._handle_peer_banner_payload supported=3 required=0
2024-04-02T15:19:38.746 INFO:teuthology.orchestra.run.smithi064.stdout:/usr/bin/ceph: stderr
2024-04-02T15:19:37.739+0000 7f7d3259c700 1 --2- >> [v2:172.21.15.64:3300/0,v1:172.21.15.64:6789/0] conn(0x7f7d34078c70 0x7f7d34113960 unknown :-1 s=HELLO_CONNECTING pgs=0 cs=0 l=1 rev1=1 crypto rx=0 tx=0 comp rx=0 tx=0).handle_hello peer v2:172.21.15.64:3300/0 says I am v2:172.21.15.64:45972/0 (socket says 172.21.15.64:45972)
2024-04-02T15:19:38.746 INFO:teuthology.orchestra.run.smithi064.stdout:/usr/bin/ceph: stderr
2024-04-02T15:19:37.739+0000 7f7d3259c700 1 -- 172.21.15.64:0/863353561 learned_addr learned my addr 172.21.15.64:0/863353561 (peer_addr_for_me v2:172.21.15.64:0/0)
2024-04-02T15:19:38.746 INFO:teuthology.orchestra.run.smithi064.stdout:/usr/bin/ceph: stderr
2024-04-02T15:19:37.740+0000 7f7d3259c700 1 -- 172.21.15.64:0/863353561 --> [v2:172.21.15.64:3300/0,v1:172.21.15.64:6789/0] -- mon_subscribe({config=0+,monmap=0+}) v3 -- 0x7f7d240094f0 con 0x7f7d34078c70
2024-04-02T15:19:38.746 INFO:teuthology.orchestra.run.smithi064.stdout:/usr/bin/ceph: stderr
2024-04-02T15:19:37.740+0000 7f7d3259c700 1 --2- 172.21.15.64:0/863353561 >> [v2:172.21.15.64:3300/0,v1:172.21.15.64:6789/0] conn(0x7f7d34078c70 0x7f7d34113960 secure :-1 s=READY pgs=54 cs=0 l=1 rev1=1 crypto rx=0x7f7d240094c0 tx=0x7f7d24009250 comp rx=0 tx=0).ready entity=mon.0 client_cookie=0 server_cookie=0 in_seq=0 out_seq=0
2024-04-02T15:19:38.746 INFO:teuthology.orchestra.run.smithi064.stdout:/usr/bin/ceph: stderr
2024-04-02T15:19:37.740+0000 7f7d22ffd700 1 -- 172.21.15.64:0/863353561 <== mon.0 v2:172.21.15.64:3300/0 1 ==== mon_map magic: 0 v1 ==== 229+0+0 (secure 0 0 0) 0x7f7d24010890 con 0x7f7d34078c70
2024-04-02T15:19:38.746 INFO:teuthology.orchestra.run.smithi064.stdout:/usr/bin/ceph: stderr
2024-04-02T15:19:37.740+0000 7f7d22ffd700 1 -- 172.21.15.64:0/863353561 <== mon.0 v2:172.21.15.64:3300/0 2 ==== config(27 keys) v1 ==== 1109+0+0 (secure 0 0 0) 0x7f7d24010ec0 con 0x7f7d34078c70
2024-04-02T15:19:38.747 INFO:teuthology.orchestra.run.smithi064.stdout:/usr/bin/ceph: stderr
2024-04-02T15:19:37.740+0000 7f7d38f79700 1 -- 172.21.15.64:0/863353561 --> [v2:172.21.15.64:3300/0,v1:172.21.15.64:6789/0] -- mon_subscribe({mgrmap=0+}) v3 -- 0x7f7d341140a0 con 0x7f7d34078c70
2024-04-02T15:19:38.747 INFO:teuthology.orchestra.run.smithi064.stdout:/usr/bin/ceph: stderr
