2024-04-02T15:19:21.135+0000 7f6fbdd9b700 1 --2- 172.21.15.64:0/1526105251 >> [v2:172.21.15.64:6800/3514319556,v1:172.21.15.64:6801/3514319556] conn(0x7f6fac036770 0x7f6fac038c20 unknown :-1 s=START_CONNECT pgs=0 cs=0 l=1 rev1=0 crypto rx=0 tx=0 comp rx=0 tx=0)._fault waiting 3.200000
2024-04-02T15:19:24.132 INFO:teuthology.orchestra.run.smithi064.stdout:/usr/bin/ceph: stderr
2024-04-02T15:19:22.554+0000 7f6fb6ffd700 1 -- 172.21.15.64:0/1526105251 <== mon.0 v2:172.21.15.64:3300/0 6 ==== mgrmap(e 6) v1 ==== 43135+0+0 (secure 0 0 0) 0x7f6fa802e790 con 0x7f6fc0102890
2024-04-02T15:19:24.132 INFO:teuthology.orchestra.run.smithi064.stdout:/usr/bin/ceph: stderr
2024-04-02T15:19:22.554+0000 7f6fb6ffd700 1 -- 172.21.15.64:0/1526105251 >> [v2:172.21.15.64:6800/3514319556,v1:172.21.15.64:6801/3514319556] conn(0x7f6fac036770 msgr2=0x7f6fac038c20 unknown :-1 s=STATE_CONNECTING l=1).mark_down
2024-04-02T15:19:24.132 INFO:teuthology.orchestra.run.smithi064.stdout:/usr/bin/ceph: stderr
2024-04-02T15:19:22.554+0000 7f6fb6ffd700 1 --2- 172.21.15.64:0/1526105251 >> [v2:172.21.15.64:6800/3514319556,v1:172.21.15.64:6801/3514319556] conn(0x7f6fac036770 0x7f6fac038c20 unknown :-1 s=START_CONNECT pgs=0 cs=0 l=1 rev1=0 crypto rx=0 tx=0 comp rx=0 tx=0).stop
2024-04-02T15:19:24.132 INFO:teuthology.orchestra.run.smithi064.stdout:/usr/bin/ceph: stderr
2024-04-02T15:19:23.555+0000 7f6fb6ffd700 1 -- 172.21.15.64:0/1526105251 <== mon.0 v2:172.21.15.64:3300/0 7 ==== mgrmap(e 7) v1 ==== 43262+0+0 (secure 0 0 0) 0x7f6fa802eb10 con 0x7f6fc0102890
2024-04-02T15:19:24.132 INFO:teuthology.orchestra.run.smithi064.stdout:/usr/bin/ceph: stderr
2024-04-02T15:19:23.556+0000 7f6fb6ffd700 1 --2- 172.21.15.64:0/1526105251 >> [v2:172.21.15.64:6800/3178863872,v1:172.21.15.64:6801/3178863872] conn(0x7f6fac039ff0 0x7f6fac03c3d0 unknown :-1 s=NONE pgs=0 cs=0 l=1 rev1=0 crypto rx=0 tx=0 comp rx=0 tx=0).connect
2024-04-02T15:19:24.132 INFO:teuthology.orchestra.run.smithi064.stdout:/usr/bin/ceph: stderr
2024-04-02T15:19:23.556+0000 7f6fb6ffd700 1 -- 172.21.15.64:0/1526105251 --> [v2:172.21.15.64:6800/3178863872,v1:172.21.15.64:6801/3178863872] -- command(tid 0: {"prefix": "get_command_descriptions"}) v1 -- 0x7f6fac039330 con 0x7f6fac039ff0
2024-04-02T15:19:24.132 INFO:teuthology.orchestra.run.smithi064.stdout:/usr/bin/ceph: stderr
2024-04-02T15:19:23.556+0000 7f6fbdd9b700 1 --2- 172.21.15.64:0/1526105251 >> [v2:172.21.15.64:6800/3178863872,v1:172.21.15.64:6801/3178863872] conn(0x7f6fac039ff0 0x7f6fac03c3d0 unknown :-1 s=BANNER_CONNECTING pgs=0 cs=0 l=1 rev1=0 crypto rx=0 tx=0 comp rx=0 tx=0)._handle_peer_banner_payload supported=3 required=0
2024-04-02T15:19:24.132 INFO:teuthology.orchestra.run.smithi064.stdout:/usr/bin/ceph: stderr
2024-04-02T15:19:23.556+0000 7f6fbdd9b700 1 --2- 172.21.15.64:0/1526105251 >> [v2:172.21.15.64:6800/3178863872,v1:172.21.15.64:6801/3178863872] conn(0x7f6fac039ff0 0x7f6fac03c3d0 secure :-1 s=READY pgs=2 cs=0 l=1 rev1=1 crypto rx=0x7f6fb00039d0 tx=0x7f6fb0009350 comp rx=0 tx=0).ready entity=mgr.14120 client_cookie=0 server_cookie=0 in_seq=0 out_seq=0
2024-04-02T15:19:24.132 INFO:teuthology.orchestra.run.smithi064.stdout:/usr/bin/ceph: stderr
2024-04-02T15:19:23.557+0000 7f6fb6ffd700 1 -- 172.21.15.64:0/1526105251 <== mgr.14120 v2:172.21.15.64:6800/3178863872 1 ==== command_reply(tid 0: 0 ) v1 ==== 8+0+6549 (secure 0 0 0) 0x7f6fac039330 con 0x7f6fac039ff0
2024-04-02T15:19:24.132 INFO:teuthology.orchestra.run.smithi064.stdout:/usr/bin/ceph: stderr
2024-04-02T15:19:23.563+0000 7f6fc4848700 1 -- 172.21.15.64:0/1526105251 --> [v2:172.21.15.64:6800/3178863872,v1:172.21.15.64:6801/3178863872] -- command(tid 1: {"prefix": "mgr_status"}) v1 -- 0x7f6fc004bed0 con 0x7f6fac039ff0
2024-04-02T15:19:24.132 INFO:teuthology.orchestra.run.smithi064.stdout:/usr/bin/ceph: stderr
2024-04-02T15:19:23.563+0000 7f6fb6ffd700 1 -- 172.21.15.64:0/1526105251 <== mgr.14120 v2:172.21.15.64:6800/3178863872 2 ==== command_reply(tid 1: 0 ) v1 ==== 8+0+51 (secure 0 0 0) 0x7f6fc004bed0 con 0x7f6fac039ff0
2024-04-02T15:19:24.132 INFO:teuthology.orchestra.run.smithi064.stdout:/usr/bin/ceph: stderr
2024-04-02T15:19:23.563+0000 7f6fc4848700 1 -- 172.21.15.64:0/1526105251 >> [v2:172.21.15.64:6800/3178863872,v1:172.21.15.64:6801/3178863872] conn(0x7f6fac039ff0 msgr2=0x7f6fac03c3d0 secure :-1 s=STATE_CONNECTION_ESTABLISHED l=1).mark_down
2024-04-02T15:19:24.133 INFO:teuthology.orchestra.run.smithi064.stdout:/usr/bin/ceph: stderr
2024-04-02T15:19:23.564+0000 7f6fc4848700 1 --2- 172.21.15.64:0/1526105251 >> [v2:172.21.15.64:6800/3178863872,v1:172.21.15.64:6801/3178863872] conn(0x7f6fac039ff0 0x7f6fac03c3d0 secure :-1 s=READY pgs=2 cs=0 l=1 rev1=1 crypto rx=0x7f6fb00039d0 tx=0x7f6fb0009350 comp rx=0 tx=0).stop
2024-04-02T15:19:24.133 INFO:teuthology.orchestra.run.smithi064.stdout:/usr/bin/ceph: stderr
2024-04-02T15:19:23.564+0000 7f6fc4848700 1 -- 172.21.15.64:0/1526105251 >> [v2:172.21.15.64:3300/0,v1:172.21.15.64:6789/0] conn(0x7f6fc0102890 msgr2=0x7f6fc0078c40 secure :-1 s=STATE_CONNECTION_ESTABLISHED l=1).mark_down
2024-04-02T15:19:24.133 INFO:teuthology.orchestra.run.smithi064.stdout:/usr/bin/ceph: stderr
2024-04-02T15:19:23.564+0000 7f6fc4848700 1 --2- 172.21.15.64:0/1526105251 >> [v2:172.21.15.64:3300/0,v1:172.21.15.64:6789/0] conn(0x7f6fc0102890 0x7f6fc0078c40 secure :-1 s=READY pgs=29 cs=0 l=1 rev1=1 crypto rx=0x7f6fa800b440 tx=0x7f6fa8009250 comp rx=0 tx=0).stop
2024-04-02T15:19:24.133 INFO:teuthology.orchestra.run.smithi064.stdout:/usr/bin/ceph: stderr
2024-04-02T15:19:23.564+0000 7f6fc4848700 1 -- 172.21.15.64:0/1526105251 shutdown_connections
2024-04-02T15:19:24.133 INFO:teuthology.orchestra.run.smithi064.stdout:/usr/bin/ceph: stderr
2024-04-02T15:19:23.564+0000 7f6fc4848700 1 --2- 172.21.15.64:0/1526105251 >> [v2:172.21.15.64:3300/0,v1:172.21.15.64:6789/0] conn(0x7f6fc0102890 0x7f6fc0078c40 unknown :-1 s=CLOSED pgs=29 cs=0 l=1 rev1=1 crypto rx=0 tx=0 comp rx=0 tx=0).stop
2024-04-02T15:19:24.133 INFO:teuthology.orchestra.run.smithi064.stdout:/usr/bin/ceph: stderr
2024-04-02T15:19:23.564+0000 7f6fc4848700 1 --2- 172.21.15.64:0/1526105251 >> [v2:172.21.15.64:6800/3178863872,v1:172.21.15.64:6801/3178863872] conn(0x7f6fac039ff0 0x7f6fac03c3d0 unknown :-1 s=CLOSED pgs=2 cs=0 l=1 rev1=1 crypto rx=0 tx=0 comp rx=0 tx=0).stop
2024-04-02T15:19:24.133 INFO:teuthology.orchestra.run.smithi064.stdout:/usr/bin/ceph: stderr
2024-04-02T15:19:23.564+0000 7f6fc4848700 1 --2- 172.21.15.64:0/1526105251 >> [v2:172.21.15.64:6800/3514319556,v1:172.21.15.64:6801/3514319556] conn(0x7f6fac036770 0x7f6fac038c20 unknown :-1 s=CLOSED pgs=0 cs=0 l=1 rev1=0 crypto rx=0 tx=0 comp rx=0 tx=0).stop
2024-04-02T15:19:24.133 INFO:teuthology.orchestra.run.smithi064.stdout:/usr/bin/ceph: stderr
2024-04-02T15:19:23.564+0000 7f6fc4848700 1 -- 172.21.15.64:0/1526105251 >> 172.21.15.64:0/1526105251 conn(0x7f6fc00fe0a0 msgr2=0x7f6fc00febf0 unknown :-1 s=STATE_NONE l=0).mark_down
2024-04-02T15:19:24.133 INFO:teuthology.orchestra.run.smithi064.stdout:/usr/bin/ceph: stderr
2024-04-02T15:19:23.564+0000 7f6fc4848700 1 -- 172.21.15.64:0/1526105251 shutdown_connections
2024-04-02T15:19:24.133 INFO:teuthology.orchestra.run.smithi064.stdout:/usr/bin/ceph: stderr
2024-04-02T15:19:23.564+0000 7f6fc4848700 1 -- 172.21.15.64:0/1526105251 wait complete.
2024-04-02T15:19:24.133 INFO:teuthology.orchestra.run.smithi064.stdout:mgr epoch 5 is available
2024-04-02T15:19:24.133 INFO:teuthology.orchestra.run.smithi064.stdout:Setting orchestrator backend to cephadm...
2024-04-02T15:19:24.762 INFO:journalctl@ceph.mon.smithi064.smithi064.stdout:Apr 02 15:19:24 smithi064 ceph-mon[29279]: [02/Apr/2024:15:19:23] ENGINE Bus STARTING
2024-04-02T15:19:24.762 INFO:journalctl@ceph.mon.smithi064.smithi064.stdout:Apr 02 15:19:24 smithi064 ceph-mon[29279]: from='client.14124 -' entity='client.admin' cmd=[{"prefix": "get_command_descriptions"}]: dispatch
2024-04-02T15:19:24.762 INFO:journalctl@ceph.mon.smithi064.smithi064.stdout:Apr 02 15:19:24 smithi064 ceph-mon[29279]: from='client.14124 -' entity='client.admin' cmd=[{"prefix": "mgr_status"}]: dispatch
2024-04-02T15:19:24.762 INFO:journalctl@ceph.mon.smithi064.smithi064.stdout:Apr 02 15:19:24 smithi064 ceph-mon[29279]: [02/Apr/2024:15:19:23] ENGINE Serving on https://172.21.15.64:7150
2024-04-02T15:19:24.762 INFO:journalctl@ceph.mon.smithi064.smithi064.stdout:Apr 02 15:19:24 smithi064 ceph-mon[29279]: [02/Apr/2024:15:19:23] ENGINE Bus STARTED
2024-04-02T15:19:24.762 INFO:journalctl@ceph.mon.smithi064.smithi064.stdout:Apr 02 15:19:24 smithi064 ceph-mon[29279]: from='mgr.14120 172.21.15.64:0/1264524022' entity='mgr.smithi064.oufpls'
2024-04-02T15:19:24.762 INFO:journalctl@ceph.mon.smithi064.smithi064.stdout:Apr 02 15:19:24 smithi064 ceph-mon[29279]: from='mgr.14120 172.21.15.64:0/1264524022' entity='mgr.smithi064.oufpls' cmd=[{"prefix": "config dump", "format": "json"}]: dispatch
2024-04-02T15:19:25.373 INFO:teuthology.orchestra.run.smithi064.stdout:/usr/bin/ceph: stderr
2024-04-02T15:19:24.549+0000 7fcdc591a700 1 Processor -- start
2024-04-02T15:19:25.373 INFO:teuthology.orchestra.run.smithi064.stdout:/usr/bin/ceph: stderr
2024-04-02T15:19:24.549+0000 7fcdc591a700 1 -- start start
2024-04-02T15:19:25.373 INFO:teuthology.orchestra.run.smithi064.stdout:/usr/bin/ceph: stderr
2024-04-02T15:19:24.549+0000 7fcdc591a700 1 --2- >> [v2:172.21.15.64:3300/0,v1:172.21.15.64:6789/0] conn(0x7fcdc0078c50 0x7fcdc0077250 unknown :-1 s=NONE pgs=0 cs=0 l=0 rev1=0 crypto rx=0 tx=0 comp rx=0 tx=0).connect
2024-04-02T15:19:25.373 INFO:teuthology.orchestra.run.smithi064.stdout:/usr/bin/ceph: stderr
2024-04-02T15:19:24.549+0000 7fcdc591a700 1 -- --> [v2:172.21.15.64:3300/0,v1:172.21.15.64:6789/0] -- mon_getmap magic: 0 v1 -- 0x7fcdc0079060 con 0x7fcdc0078c50
2024-04-02T15:19:25.373 INFO:teuthology.orchestra.run.smithi064.stdout:/usr/bin/ceph: stderr
2024-04-02T15:19:24.549+0000 7fcdbeffd700 1 --2- >> [v2:172.21.15.64:3300/0,v1:172.21.15.64:6789/0] conn(0x7fcdc0078c50 0x7fcdc0077250 unknown :-1 s=BANNER_CONNECTING pgs=0 cs=0 l=0 rev1=0 crypto rx=0 tx=0 comp rx=0 tx=0)._handle_peer_banner_payload supported=3 required=0
2024-04-02T15:19:25.373 INFO:teuthology.orchestra.run.smithi064.stdout:/usr/bin/ceph: stderr
2024-04-02T15:19:24.549+0000 7fcdbeffd700 1 --2- >> [v2:172.21.15.64:3300/0,v1:172.21.15.64:6789/0] conn(0x7fcdc0078c50 0x7fcdc0077250 unknown :-1 s=HELLO_CONNECTING pgs=0 cs=0 l=0 rev1=1 crypto rx=0 tx=0 comp rx=0 tx=0).handle_hello peer v2:172.21.15.64:3300/0 says I am v2:172.21.15.64:41744/0 (socket says 172.21.15.64:41744)
2024-04-02T15:19:25.373 INFO:teuthology.orchestra.run.smithi064.stdout:/usr/bin/ceph: stderr
2024-04-02T15:19:24.549+0000 7fcdbeffd700 1 -- 172.21.15.64:0/433262135 learned_addr learned my addr 172.21.15.64:0/433262135 (peer_addr_for_me v2:172.21.15.64:0/0)
2024-04-02T15:19:25.373 INFO:teuthology.orchestra.run.smithi064.stdout:/usr/bin/ceph: stderr
2024-04-02T15:19:24.550+0000 7fcdbeffd700 1 -- 172.21.15.64:0/433262135 --> [v2:172.21.15.64:3300/0,v1:172.21.15.64:6789/0] -- mon_subscribe({config=0+,monmap=0+}) v3 -- 0x7fcdc0077790 con 0x7fcdc0078c50
2024-04-02T15:19:25.373 INFO:teuthology.orchestra.run.smithi064.stdout:/usr/bin/ceph: stderr
2024-04-02T15:19:24.550+0000 7fcdbeffd700 1 --2- 172.21.15.64:0/433262135 >> [v2:172.21.15.64:3300/0,v1:172.21.15.64:6789/0] conn(0x7fcdc0078c50 0x7fcdc0077250 secure :-1 s=READY pgs=37 cs=0 l=1 rev1=1 crypto rx=0x7fcdb00098e0 tx=0x7fcdb0009250 comp rx=0 tx=0).ready entity=mon.0 client_cookie=42d569ae86c5e18 server_cookie=0 in_seq=0 out_seq=0
2024-04-02T15:19:25.374 INFO:teuthology.orchestra.run.smithi064.stdout:/usr/bin/ceph: stderr
2024-04-02T15:19:24.550+0000 7fcdbdffb700 1 -- 172.21.15.64:0/433262135 <== mon.0 v2:172.21.15.64:3300/0 1 ==== mon_map magic: 0 v1 ==== 229+0+0 (secure 0 0 0) 0x7fcdb000b860 con 0x7fcdc0078c50
2024-04-02T15:19:25.374 INFO:teuthology.orchestra.run.smithi064.stdout:/usr/bin/ceph: stderr
2024-04-02T15:19:24.550+0000 7fcdbdffb700 1 -- 172.21.15.64:0/433262135 <== mon.0 v2:172.21.15.64:3300/0 2 ==== config(27 keys) v1 ==== 1044+0+0 (secure 0 0 0) 0x7fcdb000be50 con 0x7fcdc0078c50
2024-04-02T15:19:25.374 INFO:teuthology.orchestra.run.smithi064.stdout:/usr/bin/ceph: stderr
2024-04-02T15:19:24.550+0000 7fcdbdffb700 1 -- 172.21.15.64:0/433262135 <== mon.0 v2:172.21.15.64:3300/0 3 ==== mon_map magic: 0 v1 ==== 229+0+0 (secure 0 0 0) 0x7fcdb0010380 con 0x7fcdc0078c50
2024-04-02T15:19:25.374 INFO:teuthology.orchestra.run.smithi064.stdout:/usr/bin/ceph: stderr
2024-04-02T15:19:24.550+0000 7fcdc591a700 1 -- 172.21.15.64:0/433262135 >> [v2:172.21.15.64:3300/0,v1:172.21.15.64:6789/0] conn(0x7fcdc0078c50 msgr2=0x7fcdc0077250 secure :-1 s=STATE_CONNECTION_ESTABLISHED l=1).mark_down
2024-04-02T15:19:25.374 INFO:teuthology.orchestra.run.smithi064.stdout:/usr/bin/ceph: stderr
2024-04-02T15:19:24.550+0000 7fcdc591a700 1 --2- 172.21.15.64:0/433262135 >> [v2:172.21.15.64:3300/0,v1:172.21.15.64:6789/0] conn(0x7fcdc0078c50 0x7fcdc0077250 secure :-1 s=READY pgs=37 cs=0 l=1 rev1=1 crypto rx=0x7fcdb00098e0 tx=0x7fcdb0009250 comp rx=0 tx=0).stop
2024-04-02T15:19:25.374 INFO:teuthology.orchestra.run.smithi064.stdout:/usr/bin/ceph: stderr
2024-04-02T15:19:24.550+0000 7fcdc591a700 1 -- 172.21.15.64:0/433262135 shutdown_connections
2024-04-02T15:19:25.374 INFO:teuthology.orchestra.run.smithi064.stdout:/usr/bin/ceph: stderr
2024-04-02T15:19:24.550+0000 7fcdc591a700 1 --2- 172.21.15.64:0/433262135 >> [v2:172.21.15.64:3300/0,v1:172.21.15.64:6789/0] conn(0x7fcdc0078c50 0x7fcdc0077250 unknown :-1 s=CLOSED pgs=37 cs=0 l=1 rev1=1 crypto rx=0 tx=0 comp rx=0 tx=0).stop
2024-04-02T15:19:25.374 INFO:teuthology.orchestra.run.smithi064.stdout:/usr/bin/ceph: stderr
2024-04-02T15:19:24.550+0000 7fcdc591a700 1 -- 172.21.15.64:0/433262135 >> 172.21.15.64:0/433262135 conn(0x7fcdc00fe0a0 msgr2=0x7fcdc01004b0 unknown :-1 s=STATE_NONE l=0).mark_down
2024-04-02T15:19:25.374 INFO:teuthology.orchestra.run.smithi064.stdout:/usr/bin/ceph: stderr
2024-04-02T15:19:24.551+0000 7fcdc591a700 1 -- 172.21.15.64:0/433262135 shutdown_connections
2024-04-02T15:19:25.374 INFO:teuthology.orchestra.run.smithi064.stdout:/usr/bin/ceph: stderr
2024-04-02T15:19:24.551+0000 7fcdc591a700 1 -- 172.21.15.64:0/433262135 wait complete.
2024-04-02T15:19:25.374 INFO:teuthology.orchestra.run.smithi064.stdout:/usr/bin/ceph: stderr
2024-04-02T15:19:24.551+0000 7fcdc591a700 1 Processor -- start
2024-04-02T15:19:25.374 INFO:teuthology.orchestra.run.smithi064.stdout:/usr/bin/ceph: stderr
2024-04-02T15:19:24.551+0000 7fcdc591a700 1 -- start start
2024-04-02T15:19:25.374 INFO:teuthology.orchestra.run.smithi064.stdout:/usr/bin/ceph: stderr
2024-04-02T15:19:24.551+0000 7fcdc591a700 1 --2- >> [v2:172.21.15.64:3300/0,v1:172.21.15.64:6789/0] conn(0x7fcdc0078c50 0x7fcdc0113970 unknown :-1 s=NONE pgs=0 cs=0 l=1 rev1=0 crypto rx=0 tx=0 comp rx=0 tx=0).connect
2024-04-02T15:19:25.374 INFO:teuthology.orchestra.run.smithi064.stdout:/usr/bin/ceph: stderr
2024-04-02T15:19:24.551+0000 7fcdc591a700 1 -- --> [v2:172.21.15.64:3300/0,v1:172.21.15.64:6789/0] -- mon_getmap magic: 0 v1 -- 0x7fcdc0113eb0 con 0x7fcdc0078c50
2024-04-02T15:19:25.374 INFO:teuthology.orchestra.run.smithi064.stdout:/usr/bin/ceph: stderr
2024-04-02T15:19:24.551+0000 7fcdbeffd700 1 --2- >> [v2:172.21.15.64:3300/0,v1:172.21.15.64:6789/0] conn(0x7fcdc0078c50 0x7fcdc0113970 unknown :-1 s=BANNER_CONNECTING pgs=0 cs=0 l=1 rev1=0 crypto rx=0 tx=0 comp rx=0 tx=0)._handle_peer_banner_payload supported=3 required=0
2024-04-02T15:19:25.375 INFO:teuthology.orchestra.run.smithi064.stdout:/usr/bin/ceph: stderr
2024-04-02T15:19:24.551+0000 7fcdbeffd700 1 --2- >> [v2:172.21.15.64:3300/0,v1:172.21.15.64:6789/0] conn(0x7fcdc0078c50 0x7fcdc0113970 unknown :-1 s=HELLO_CONNECTING pgs=0 cs=0 l=1 rev1=1 crypto rx=0 tx=0 comp rx=0 tx=0).handle_hello peer v2:172.21.15.64:3300/0 says I am v2:172.21.15.64:41746/0 (socket says 172.21.15.64:41746)
2024-04-02T15:19:25.375 INFO:teuthology.orchestra.run.smithi064.stdout:/usr/bin/ceph: stderr
2024-04-02T15:19:24.551+0000 7fcdbeffd700 1 -- 172.21.15.64:0/3594273105 learned_addr learned my addr 172.21.15.64:0/3594273105 (peer_addr_for_me v2:172.21.15.64:0/0)
2024-04-02T15:19:25.375 INFO:teuthology.orchestra.run.smithi064.stdout:/usr/bin/ceph: stderr
2024-04-02T15:19:24.552+0000 7fcdbeffd700 1 -- 172.21.15.64:0/3594273105 --> [v2:172.21.15.64:3300/0,v1:172.21.15.64:6789/0] -- mon_subscribe({config=0+,monmap=0+}) v3 -- 0x7fcdb00094f0 con 0x7fcdc0078c50
2024-04-02T15:19:25.375 INFO:teuthology.orchestra.run.smithi064.stdout:/usr/bin/ceph: stderr
2024-04-02T15:19:24.552+0000 7fcdbeffd700 1 --2- 172.21.15.64:0/3594273105 >> [v2:172.21.15.64:3300/0,v1:172.21.15.64:6789/0] conn(0x7fcdc0078c50 0x7fcdc0113970 secure :-1 s=READY pgs=38 cs=0 l=1 rev1=1 crypto rx=0x7fcdb000b440 tx=0x7fcdb0009250 comp rx=0 tx=0).ready entity=mon.0 client_cookie=0 server_cookie=0 in_seq=0 out_seq=0
2024-04-02T15:19:25.375 INFO:teuthology.orchestra.run.smithi064.stdout:/usr/bin/ceph: stderr
2024-04-02T15:19:24.552+0000 7fcda77fe700 1 -- 172.21.15.64:0/3594273105 <== mon.0 v2:172.21.15.64:3300/0 1 ==== mon_map magic: 0 v1 ==== 229+0+0 (secure 0 0 0) 0x7fcdb0010760 con 0x7fcdc0078c50
2024-04-02T15:19:25.375 INFO:teuthology.orchestra.run.smithi064.stdout:/usr/bin/ceph: stderr
2024-04-02T15:19:24.552+0000 7fcda77fe700 1 -- 172.21.15.64:0/3594273105 <== mon.0 v2:172.21.15.64:3300/0 2 ==== config(27 keys) v1 ==== 1044+0+0 (secure 0 0 0) 0x7fcdb0010d50 con 0x7fcdc0078c50
2024-04-02T15:19:25.375 INFO:teuthology.orchestra.run.smithi064.stdout:/usr/bin/ceph: stderr
2024-04-02T15:19:24.552+0000 7fcdc591a700 1 -- 172.21.15.64:0/3594273105 --> [v2:172.21.15.64:3300/0,v1:172.21.15.64:6789/0] -- mon_subscribe({mgrmap=0+}) v3 -- 0x7fcdc01140b0 con 0x7fcdc0078c50
2024-04-02T15:19:25.375 INFO:teuthology.orchestra.run.smithi064.stdout:/usr/bin/ceph: stderr
2024-04-02T15:19:24.552+0000 7fcda77fe700 1 -- 172.21.15.64:0/3594273105 <== mon.0 v2:172.21.15.64:3300/0 3 ==== mon_map magic: 0 v1 ==== 229+0+0 (secure 0 0 0) 0x7fcdb001adc0 con 0x7fcdc0078c50
2024-04-02T15:19:25.375 INFO:teuthology.orchestra.run.smithi064.stdout:/usr/bin/ceph: stderr
2024-04-02T15:19:24.552+0000 7fcdc591a700 1 -- 172.21.15.64:0/3594273105 --> [v2:172.21.15.64:3300/0,v1:172.21.15.64:6789/0] -- mon_subscribe({osdmap=0}) v3 -- 0x7fcdc0114c20 con 0x7fcdc0078c50
2024-04-02T15:19:25.375 INFO:teuthology.orchestra.run.smithi064.stdout:/usr/bin/ceph: stderr
2024-04-02T15:19:24.553+0000 7fcda77fe700 1 -- 172.21.15.64:0/3594273105 <== mon.0 v2:172.21.15.64:3300/0 4 ==== mgrmap(e 7) v1 ==== 43262+0+0 (secure 0 0 0) 0x7fcdb0019410 con 0x7fcdc0078c50
2024-04-02T15:19:25.375 INFO:teuthology.orchestra.run.smithi064.stdout:/usr/bin/ceph: stderr
2024-04-02T15:19:24.553+0000 7fcdc591a700 1 -- 172.21.15.64:0/3594273105 --> [v2:172.21.15.64:3300/0,v1:172.21.15.64:6789/0] -- mon_command({"prefix": "get_command_descriptions"} v 0) v1 -- 0x7fcdc005f5f0 con 0x7fcdc0078c50
2024-04-02T15:19:25.376 INFO:teuthology.orchestra.run.smithi064.stdout:/usr/bin/ceph: stderr
2024-04-02T15:19:24.553+0000 7fcda77fe700 1 --2- 172.21.15.64:0/3594273105 >> [v2:172.21.15.64:6800/3178863872,v1:172.21.15.64:6801/3178863872] conn(0x7fcda8036660 0x7fcda8038b10 unknown :-1 s=NONE pgs=0 cs=0 l=1 rev1=0 crypto rx=0 tx=0 comp rx=0 tx=0).connect
2024-04-02T15:19:25.376 INFO:teuthology.orchestra.run.smithi064.stdout:/usr/bin/ceph: stderr
2024-04-02T15:19:24.553+0000 7fcda77fe700 1 -- 172.21.15.64:0/3594273105 <== mon.0 v2:172.21.15.64:3300/0 5 ==== osd_map(2..2 src has 1..2) v4 ==== 936+0+0 (secure 0 0 0) 0x7fcdb0049dd0 con 0x7fcdc0078c50
2024-04-02T15:19:25.376 INFO:teuthology.orchestra.run.smithi064.stdout:/usr/bin/ceph: stderr
2024-04-02T15:19:24.553+0000 7fcdbe7fc700 1 --2- 172.21.15.64:0/3594273105 >> [v2:172.21.15.64:6800/3178863872,v1:172.21.15.64:6801/3178863872] conn(0x7fcda8036660 0x7fcda8038b10 unknown :-1 s=BANNER_CONNECTING pgs=0 cs=0 l=1 rev1=0 crypto rx=0 tx=0 comp rx=0 tx=0)._handle_peer_banner_payload supported=3 required=0
2024-04-02T15:19:25.376 INFO:teuthology.orchestra.run.smithi064.stdout:/usr/bin/ceph: stderr
2024-04-02T15:19:24.554+0000 7fcdbe7fc700 1 --2- 172.21.15.64:0/3594273105 >> [v2:172.21.15.64:6800/3178863872,v1:172.21.15.64:6801/3178863872] conn(0x7fcda8036660 0x7fcda8038b10 secure :-1 s=READY pgs=7 cs=0 l=1 rev1=1 crypto rx=0x7fcdb4009990 tx=0x7fcdb4006e40 comp rx=0 tx=0).ready entity=mgr.14120 client_cookie=0 server_cookie=0 in_seq=0 out_seq=0
2024-04-02T15:19:25.376 INFO:teuthology.orchestra.run.smithi064.stdout:/usr/bin/ceph: stderr
2024-04-02T15:19:24.558+0000 7fcda77fe700 1 -- 172.21.15.64:0/3594273105 <== mon.0 v2:172.21.15.64:3300/0 6 ==== mon_command_ack([{"prefix": "get_command_descriptions"}]=0 v0) v1 ==== 72+0+176504 (secure 0 0 0) 0x7fcdb002c350 con 0x7fcdc0078c50
2024-04-02T15:19:25.376 INFO:teuthology.orchestra.run.smithi064.stdout:/usr/bin/ceph: stderr
2024-04-02T15:19:24.653+0000 7fcda77fe700 1 -- 172.21.15.64:0/3594273105 <== mon.0 v2:172.21.15.64:3300/0 7 ==== mgrmap(e 8) v1 ==== 43368+0+0 (secure 0 0 0) 0x7fcdb004f020 con 0x7fcdc0078c50
2024-04-02T15:19:25.376 INFO:teuthology.orchestra.run.smithi064.stdout:/usr/bin/ceph: stderr
2024-04-02T15:19:24.769+0000 7fcdc591a700 1 -- 172.21.15.64:0/3594273105 --> [v2:172.21.15.64:6800/3178863872,v1:172.21.15.64:6801/3178863872] -- mgr_command(tid 0: {"prefix": "orch set backend", "module_name": "cephadm", "target": ["mon-mgr", ""]}) v1 -- 0x7fcdc00ff460 con 0x7fcda8036660
2024-04-02T15:19:25.376 INFO:teuthology.orchestra.run.smithi064.stdout:/usr/bin/ceph: stderr
2024-04-02T15:19:24.777+0000 7fcda77fe700 1 -- 172.21.15.64:0/3594273105 <== mgr.14120 v2:172.21.15.64:6800/3178863872 1 ==== mgr_command_reply(tid 0: 0 ) v1 ==== 8+0+0 (secure 0 0 0) 0x7fcdc00ff460 con 0x7fcda8036660
2024-04-02T15:19:25.376 INFO:teuthology.orchestra.run.smithi064.stdout:/usr/bin/ceph: stderr
2024-04-02T15:19:24.779+0000 7fcdc591a700 1 -- 172.21.15.64:0/3594273105 >> [v2:172.21.15.64:6800/3178863872,v1:172.21.15.64:6801/3178863872] conn(0x7fcda8036660 msgr2=0x7fcda8038b10 secure :-1 s=STATE_CONNECTION_ESTABLISHED l=1).mark_down
2024-04-02T15:19:25.376 INFO:teuthology.orchestra.run.smithi064.stdout:/usr/bin/ceph: stderr
2024-04-02T15:19:24.779+0000 7fcdc591a700 1 --2- 172.21.15.64:0/3594273105 >> [v2:172.21.15.64:6800/3178863872,v1:172.21.15.64:6801/3178863872] conn(0x7fcda8036660 0x7fcda8038b10 secure :-1 s=READY pgs=7 cs=0 l=1 rev1=1 crypto rx=0x7fcdb4009990 tx=0x7fcdb4006e40 comp rx=0 tx=0).stop
2024-04-02T15:19:25.376 INFO:teuthology.orchestra.run.smithi064.stdout:/usr/bin/ceph: stderr
2024-04-02T15:19:24.779+0000 7fcdc591a700 1 -- 172.21.15.64:0/3594273105 >> [v2:172.21.15.64:3300/0,v1:172.21.15.64:6789/0] conn(0x7fcdc0078c50 msgr2=0x7fcdc0113970 secure :-1 s=STATE_CONNECTION_ESTABLISHED l=1).mark_down
2024-04-02T15:19:25.377 INFO:teuthology.orchestra.run.smithi064.stdout:/usr/bin/ceph: stderr
2024-04-02T15:19:24.779+0000 7fcdc591a700 1 --2- 172.21.15.64:0/3594273105 >> [v2:172.21.15.64:3300/0,v1:172.21.15.64:6789/0] conn(0x7fcdc0078c50 0x7fcdc0113970 secure :-1 s=READY pgs=38 cs=0 l=1 rev1=1 crypto rx=0x7fcdb000b440 tx=0x7fcdb0009250 comp rx=0 tx=0).stop
2024-04-02T15:19:25.377 INFO:teuthology.orchestra.run.smithi064.stdout:/usr/bin/ceph: stderr
2024-04-02T15:19:24.780+0000 7fcdc591a700 1 -- 172.21.15.64:0/3594273105 shutdown_connections
2024-04-02T15:19:25.377 INFO:teuthology.orchestra.run.smithi064.stdout:/usr/bin/ceph: stderr
2024-04-02T15:19:24.780+0000 7fcdc591a700 1 --2- 172.21.15.64:0/3594273105 >> [v2:172.21.15.64:6800/3178863872,v1:172.21.15.64:6801/3178863872] conn(0x7fcda8036660 0x7fcda8038b10 unknown :-1 s=CLOSED pgs=7 cs=0 l=1 rev1=1 crypto rx=0 tx=0 comp rx=0 tx=0).stop
2024-04-02T15:19:25.377 INFO:teuthology.orchestra.run.smithi064.stdout:/usr/bin/ceph: stderr
2024-04-02T15:19:24.780+0000 7fcdc591a700 1 --2- 172.21.15.64:0/3594273105 >> [v2:172.21.15.64:3300/0,v1:172.21.15.64:6789/0] conn(0x7fcdc0078c50 0x7fcdc0113970 unknown :-1 s=CLOSED pgs=38 cs=0 l=1 rev1=1 crypto rx=0 tx=0 comp rx=0 tx=0).stop
2024-04-02T15:19:25.377 INFO:teuthology.orchestra.run.smithi064.stdout:/usr/bin/ceph: stderr
2024-04-02T15:19:24.780+0000 7fcdc591a700 1 -- 172.21.15.64:0/3594273105 >> 172.21.15.64:0/3594273105 conn(0x7fcdc00fe0a0 msgr2=0x7fcdc00fec90 unknown :-1 s=STATE_NONE l=0).mark_down
2024-04-02T15:19:25.377 INFO:teuthology.orchestra.run.smithi064.stdout:/usr/bin/ceph: stderr
2024-04-02T15:19:24.780+0000 7fcdc591a700 1 -- 172.21.15.64:0/3594273105 shutdown_connections
2024-04-02T15:19:25.377 INFO:teuthology.orchestra.run.smithi064.stdout:/usr/bin/ceph: stderr
2024-04-02T15:19:24.780+0000 7fcdc591a700 1 -- 172.21.15.64:0/3594273105 wait complete.
2024-04-02T15:19:26.007 INFO:journalctl@ceph.mon.smithi064.smithi064.stdout:Apr 02 15:19:25 smithi064 ceph-mon[29279]: mgrmap e8: smithi064.oufpls(active, since 2s)
2024-04-02T15:19:26.007 INFO:journalctl@ceph.mon.smithi064.smithi064.stdout:Apr 02 15:19:25 smithi064 ceph-mon[29279]: from='client.14132 -' entity='client.admin' cmd=[{"prefix": "orch set backend", "module_name": "cephadm", "target": ["mon-mgr", ""]}]: dispatch
2024-04-02T15:19:26.007 INFO:journalctl@ceph.mon.smithi064.smithi064.stdout:Apr 02 15:19:25 smithi064 ceph-mon[29279]: from='mgr.14120 172.21.15.64:0/1264524022' entity='mgr.smithi064.oufpls'
2024-04-02T15:19:26.007 INFO:journalctl@ceph.mon.smithi064.smithi064.stdout:Apr 02 15:19:25 smithi064 ceph-mon[29279]: from='mgr.14120 172.21.15.64:0/1264524022' entity='mgr.smithi064.oufpls' cmd=[{"prefix": "config dump", "format": "json"}]: dispatch
2024-04-02T15:19:26.546 INFO:teuthology.orchestra.run.smithi064.stdout:/usr/bin/ceph: stdout value unchanged
2024-04-02T15:19:26.546 INFO:teuthology.orchestra.run.smithi064.stdout:/usr/bin/ceph: stderr
2024-04-02T15:19:25.812+0000 7faffd772700 1 Processor -- start
2024-04-02T15:19:26.546 INFO:teuthology.orchestra.run.smithi064.stdout:/usr/bin/ceph: stderr
2024-04-02T15:19:25.812+0000 7faffd772700 1 -- start start
2024-04-02T15:19:26.546 INFO:teuthology.orchestra.run.smithi064.stdout:/usr/bin/ceph: stderr
2024-04-02T15:19:25.812+0000 7faffd772700 1 --2- >> [v2:172.21.15.64:3300/0,v1:172.21.15.64:6789/0] conn(0x7faff8102ca0 0x7faff81030b0 unknown :-1 s=NONE pgs=0 cs=0 l=0 rev1=0 crypto rx=0 tx=0 comp rx=0 tx=0).connect
2024-04-02T15:19:26.546 INFO:teuthology.orchestra.run.smithi064.stdout:/usr/bin/ceph: stderr
2024-04-02T15:19:25.812+0000 7faffd772700 1 -- --> [v2:172.21.15.64:3300/0,v1:172.21.15.64:6789/0] -- mon_getmap magic: 0 v1 -- 0x7faff8103680 con 0x7faff8102ca0
2024-04-02T15:19:26.546 INFO:teuthology.orchestra.run.smithi064.stdout:/usr/bin/ceph: stderr
2024-04-02T15:19:25.812+0000 7faff6ffd700 1 --2- >> [v2:172.21.15.64:3300/0,v1:172.21.15.64:6789/0] conn(0x7faff8102ca0 0x7faff81030b0 unknown :-1 s=BANNER_CONNECTING pgs=0 cs=0 l=0 rev1=0 crypto rx=0 tx=0 comp rx=0 tx=0)._handle_peer_banner_payload supported=3 required=0
2024-04-02T15:19:26.546 INFO:teuthology.orchestra.run.smithi064.stdout:/usr/bin/ceph: stderr
2024-04-02T15:19:25.812+0000 7faff6ffd700 1 --2- >> [v2:172.21.15.64:3300/0,v1:172.21.15.64:6789/0] conn(0x7faff8102ca0 0x7faff81030b0 unknown :-1 s=HELLO_CONNECTING pgs=0 cs=0 l=0 rev1=1 crypto rx=0 tx=0 comp rx=0 tx=0).handle_hello peer v2:172.21.15.64:3300/0 says I am v2:172.21.15.64:41762/0 (socket says 172.21.15.64:41762)
2024-04-02T15:19:26.546 INFO:teuthology.orchestra.run.smithi064.stdout:/usr/bin/ceph: stderr
2024-04-02T15:19:25.812+0000 7faff6ffd700 1 -- 172.21.15.64:0/3043907885 learned_addr learned my addr 172.21.15.64:0/3043907885 (peer_addr_for_me v2:172.21.15.64:0/0)
2024-04-02T15:19:26.546 INFO:teuthology.orchestra.run.smithi064.stdout:/usr/bin/ceph: stderr
2024-04-02T15:19:25.812+0000 7faff6ffd700 1 -- 172.21.15.64:0/3043907885 --> [v2:172.21.15.64:3300/0,v1:172.21.15.64:6789/0] -- mon_subscribe({config=0+,monmap=0+}) v3 -- 0x7faff81037c0 con 0x7faff8102ca0
2024-04-02T15:19:26.546 INFO:teuthology.orchestra.run.smithi064.stdout:/usr/bin/ceph: stderr
2024-04-02T15:19:25.812+0000 7faff6ffd700 1 --2- 172.21.15.64:0/3043907885 >> [v2:172.21.15.64:3300/0,v1:172.21.15.64:6789/0] conn(0x7faff8102ca0 0x7faff81030b0 secure :-1 s=READY pgs=39 cs=0 l=1 rev1=1 crypto rx=0x7fafe00098e0 tx=0x7fafe0009250 comp rx=0 tx=0).ready entity=mon.0 client_cookie=4560b8c90c8592dd server_cookie=0 in_seq=0 out_seq=0
2024-04-02T15:19:26.547 INFO:teuthology.orchestra.run.smithi064.stdout:/usr/bin/ceph: stderr
2024-04-02T15:19:25.812+0000 7faff5ffb700 1 -- 172.21.15.64:0/3043907885 <== mon.0 v2:172.21.15.64:3300/0 1 ==== mon_map magic: 0 v1 ==== 229+0+0 (secure 0 0 0) 0x7fafe000b860 con 0x7faff8102ca0
2024-04-02T15:19:26.547 INFO:teuthology.orchestra.run.smithi064.stdout:/usr/bin/ceph: stderr
2024-04-02T15:19:25.812+0000 7faff5ffb700 1 -- 172.21.15.64:0/3043907885 <== mon.0 v2:172.21.15.64:3300/0 2 ==== config(27 keys) v1 ==== 1044+0+0 (secure 0 0 0) 0x7fafe000be50 con 0x7faff8102ca0
2024-04-02T15:19:26.547 INFO:teuthology.orchestra.run.smithi064.stdout:/usr/bin/ceph: stderr
2024-04-02T15:19:25.812+0000 7faff5ffb700 1 -- 172.21.15.64:0/3043907885 <== mon.0 v2:172.21.15.64:3300/0 3 ==== mon_map magic: 0 v1 ==== 229+0+0 (secure 0 0 0) 0x7fafe0010380 con 0x7faff8102ca0
2024-04-02T15:19:26.547 INFO:teuthology.orchestra.run.smithi064.stdout:/usr/bin/ceph: stderr
2024-04-02T15:19:25.813+0000 7faffd772700 1 -- 172.21.15.64:0/3043907885 >> [v2:172.21.15.64:3300/0,v1:172.21.15.64:6789/0] conn(0x7faff8102ca0 msgr2=0x7faff81030b0 secure :-1 s=STATE_CONNECTION_ESTABLISHED l=1).mark_down
2024-04-02T15:19:26.547 INFO:teuthology.orchestra.run.smithi064.stdout:/usr/bin/ceph: stderr
2024-04-02T15:19:25.813+0000 7faffd772700 1 --2- 172.21.15.64:0/3043907885 >> [v2:172.21.15.64:3300/0,v1:172.21.15.64:6789/0] conn(0x7faff8102ca0 0x7faff81030b0 secure :-1 s=READY pgs=39 cs=0 l=1 rev1=1 crypto rx=0x7fafe00098e0 tx=0x7fafe0009250 comp rx=0 tx=0).stop
2024-04-02T15:19:26.547 INFO:teuthology.orchestra.run.smithi064.stdout:/usr/bin/ceph: stderr
2024-04-02T15:19:25.813+0000 7faffd772700 1 -- 172.21.15.64:0/3043907885 shutdown_connections
2024-04-02T15:19:26.547 INFO:teuthology.orchestra.run.smithi064.stdout:/usr/bin/ceph: stderr
2024-04-02T15:19:25.813+0000 7faffd772700 1 --2- 172.21.15.64:0/3043907885 >> [v2:172.21.15.64:3300/0,v1:172.21.15.64:6789/0] conn(0x7faff8102ca0 0x7faff81030b0 unknown :-1 s=CLOSED pgs=39 cs=0 l=1 rev1=1 crypto rx=0 tx=0 comp rx=0 tx=0).stop
2024-04-02T15:19:26.547 INFO:teuthology.orchestra.run.smithi064.stdout:/usr/bin/ceph: stderr
2024-04-02T15:19:25.813+0000 7faffd772700 1 -- 172.21.15.64:0/3043907885 >> 172.21.15.64:0/3043907885 conn(0x7faff80fc700 msgr2=0x7faff80feb10 unknown :-1 s=STATE_NONE l=0).mark_down
2024-04-02T15:19:26.547 INFO:teuthology.orchestra.run.smithi064.stdout:/usr/bin/ceph: stderr
2024-04-02T15:19:25.813+0000 7faffd772700 1 -- 172.21.15.64:0/3043907885 shutdown_connections
2024-04-02T15:19:26.547 INFO:teuthology.orchestra.run.smithi064.stdout:/usr/bin/ceph: stderr
2024-04-02T15:19:25.813+0000 7faffd772700 1 -- 172.21.15.64:0/3043907885 wait complete.
2024-04-02T15:19:26.547 INFO:teuthology.orchestra.run.smithi064.stdout:/usr/bin/ceph: stderr
2024-04-02T15:19:25.814+0000 7faffd772700 1 Processor -- start
2024-04-02T15:19:26.547 INFO:teuthology.orchestra.run.smithi064.stdout:/usr/bin/ceph: stderr
2024-04-02T15:19:25.814+0000 7faffd772700 1 -- start start
2024-04-02T15:19:26.547 INFO:teuthology.orchestra.run.smithi064.stdout:/usr/bin/ceph: stderr
2024-04-02T15:19:25.814+0000 7faffd772700 1 --2- >> [v2:172.21.15.64:3300/0,v1:172.21.15.64:6789/0] conn(0x7faff8102ca0 0x7faff81138b0 unknown :-1 s=NONE pgs=0 cs=0 l=1 rev1=0 crypto rx=0 tx=0 comp rx=0 tx=0).connect
2024-04-02T15:19:26.547 INFO:teuthology.orchestra.run.smithi064.stdout:/usr/bin/ceph: stderr
2024-04-02T15:19:25.814+0000 7faffd772700 1 -- --> [v2:172.21.15.64:3300/0,v1:172.21.15.64:6789/0] -- mon_getmap magic: 0 v1 -- 0x7faff8113df0 con 0x7faff8102ca0
2024-04-02T15:19:26.548 INFO:teuthology.orchestra.run.smithi064.stdout:/usr/bin/ceph: stderr
2024-04-02T15:19:25.814+0000 7faff6ffd700 1 --2- >> [v2:172.21.15.64:3300/0,v1:172.21.15.64:6789/0] conn(0x7faff8102ca0 0x7faff81138b0 unknown :-1 s=BANNER_CONNECTING pgs=0 cs=0 l=1 rev1=0 crypto rx=0 tx=0 comp rx=0 tx=0)._handle_peer_banner_payload supported=3 required=0
2024-04-02T15:19:26.548 INFO:teuthology.orchestra.run.smithi064.stdout:/usr/bin/ceph: stderr
2024-04-02T15:19:25.814+0000 7faff6ffd700 1 --2- >> [v2:172.21.15.64:3300/0,v1:172.21.15.64:6789/0] conn(0x7faff8102ca0 0x7faff81138b0 unknown :-1 s=HELLO_CONNECTING pgs=0 cs=0 l=1 rev1=1 crypto rx=0 tx=0 comp rx=0 tx=0).handle_hello peer v2:172.21.15.64:3300/0 says I am v2:172.21.15.64:41774/0 (socket says 172.21.15.64:41774)
2024-04-02T15:19:26.548 INFO:teuthology.orchestra.run.smithi064.stdout:/usr/bin/ceph: stderr
2024-04-02T15:19:25.814+0000 7faff6ffd700 1 -- 172.21.15.64:0/2480356202 learned_addr learned my addr 172.21.15.64:0/2480356202 (peer_addr_for_me v2:172.21.15.64:0/0)
2024-04-02T15:19:26.548 INFO:teuthology.orchestra.run.smithi064.stdout:/usr/bin/ceph: stderr
2024-04-02T15:19:25.814+0000 7faff6ffd700 1 -- 172.21.15.64:0/2480356202 --> [v2:172.21.15.64:3300/0,v1:172.21.15.64:6789/0] -- mon_subscribe({config=0+,monmap=0+}) v3 -- 0x7fafe00094f0 con 0x7faff8102ca0
2024-04-02T15:19:26.548 INFO:teuthology.orchestra.run.smithi064.stdout:/usr/bin/ceph: stderr
2024-04-02T15:19:25.814+0000 7faff6ffd700 1 --2- 172.21.15.64:0/2480356202 >> [v2:172.21.15.64:3300/0,v1:172.21.15.64:6789/0] conn(0x7faff8102ca0 0x7faff81138b0 secure :-1 s=READY pgs=40 cs=0 l=1 rev1=1 crypto rx=0x7fafe000b440 tx=0x7fafe0009250 comp rx=0 tx=0).ready entity=mon.0 client_cookie=0 server_cookie=0 in_seq=0 out_seq=0
2024-04-02T15:19:26.548 INFO:teuthology.orchestra.run.smithi064.stdout:/usr/bin/ceph: stderr
2024-04-02T15:19:25.815+0000 7fafef7fe700 1 -- 172.21.15.64:0/2480356202 <== mon.0 v2:172.21.15.64:3300/0 1 ==== mon_map magic: 0 v1 ==== 229+0+0 (secure 0 0 0) 0x7fafe0010760 con 0x7faff8102ca0
2024-04-02T15:19:26.548 INFO:teuthology.orchestra.run.smithi064.stdout:/usr/bin/ceph: stderr
2024-04-02T15:19:25.815+0000 7fafef7fe700 1 -- 172.21.15.64:0/2480356202 <== mon.0 v2:172.21.15.64:3300/0 2 ==== config(27 keys) v1 ==== 1044+0+0 (secure 0 0 0) 0x7fafe0010d50 con 0x7faff8102ca0
2024-04-02T15:19:26.548 INFO:teuthology.orchestra.run.smithi064.stdout:/usr/bin/ceph: stderr
2024-04-02T15:19:25.815+0000 7faffd772700 1 -- 172.21.15.64:0/2480356202 --> [v2:172.21.15.64:3300/0,v1:172.21.15.64:6789/0] -- mon_subscribe({mgrmap=0+}) v3 -- 0x7faff8113ff0 con 0x7faff8102ca0
2024-04-02T15:19:26.548 INFO:teuthology.orchestra.run.smithi064.stdout:/usr/bin/ceph: stderr
2024-04-02T15:19:25.815+0000 7fafef7fe700 1 -- 172.21.15.64:0/2480356202 <== mon.0 v2:172.21.15.64:3300/0 3 ==== mon_map magic: 0 v1 ==== 229+0+0 (secure 0 0 0) 0x7fafe001ae20 con 0x7faff8102ca0
2024-04-02T15:19:26.548 INFO:teuthology.orchestra.run.smithi064.stdout:/usr/bin/ceph: stderr
2024-04-02T15:19:25.815+0000 7faffd772700 1 -- 172.21.15.64:0/2480356202 --> [v2:172.21.15.64:3300/0,v1:172.21.15.64:6789/0] -- mon_subscribe({osdmap=0}) v3 -- 0x7faff8114b60 con 0x7faff8102ca0
2024-04-02T15:19:26.548 INFO:teuthology.orchestra.run.smithi064.stdout:/usr/bin/ceph: stderr
2024-04-02T15:19:25.815+0000 7fafef7fe700 1 -- 172.21.15.64:0/2480356202 <== mon.0 v2:172.21.15.64:3300/0 4 ==== mgrmap(e 8) v1 ==== 43368+0+0 (secure 0 0 0) 0x7fafe002e440 con 0x7faff8102ca0
2024-04-02T15:19:26.548 INFO:teuthology.orchestra.run.smithi064.stdout:/usr/bin/ceph: stderr
2024-04-02T15:19:25.816+0000 7fafef7fe700 1 --2- 172.21.15.64:0/2480356202 >> [v2:172.21.15.64:6800/3178863872,v1:172.21.15.64:6801/3178863872] conn(0x7fafe40367e0 0x7fafe4038c90 unknown :-1 s=NONE pgs=0 cs=0 l=1 rev1=0 crypto rx=0 tx=0 comp rx=0 tx=0).connect
2024-04-02T15:19:26.548 INFO:teuthology.orchestra.run.smithi064.stdout:/usr/bin/ceph: stderr
2024-04-02T15:19:25.816+0000 7faffd772700 1 -- 172.21.15.64:0/2480356202 --> [v2:172.21.15.64:3300/0,v1:172.21.15.64:6789/0] -- mon_command({"prefix": "get_command_descriptions"} v 0) v1 -- 0x7faff805f5f0 con 0x7faff8102ca0
2024-04-02T15:19:26.548 INFO:teuthology.orchestra.run.smithi064.stdout:/usr/bin/ceph: stderr
2024-04-02T15:19:25.816+0000 7fafef7fe700 1 -- 172.21.15.64:0/2480356202 <== mon.0 v2:172.21.15.64:3300/0 5 ==== osd_map(2..2 src has 1..2) v4 ==== 936+0+0 (secure 0 0 0) 0x7fafe004a5a0 con 0x7faff8102ca0
2024-04-02T15:19:26.549 INFO:teuthology.orchestra.run.smithi064.stdout:/usr/bin/ceph: stderr
2024-04-02T15:19:25.816+0000 7faff67fc700 1 --2- 172.21.15.64:0/2480356202 >> [v2:172.21.15.64:6800/3178863872,v1:172.21.15.64:6801/3178863872] conn(0x7fafe40367e0 0x7fafe4038c90 unknown :-1 s=BANNER_CONNECTING pgs=0 cs=0 l=1 rev1=0 crypto rx=0 tx=0 comp rx=0 tx=0)._handle_peer_banner_payload supported=3 required=0
2024-04-02T15:19:26.549 INFO:teuthology.orchestra.run.smithi064.stdout:/usr/bin/ceph: stderr
2024-04-02T15:19:25.816+0000 7faff67fc700 1 --2- 172.21.15.64:0/2480356202 >> [v2:172.21.15.64:6800/3178863872,v1:172.21.15.64:6801/3178863872] conn(0x7fafe40367e0 0x7fafe4038c90 secure :-1 s=READY pgs=8 cs=0 l=1 rev1=1 crypto rx=0x7fafe8009990 tx=0x7fafe8006e40 comp rx=0 tx=0).ready entity=mgr.14120 client_cookie=0 server_cookie=0 in_seq=0 out_seq=0
2024-04-02T15:19:26.549 INFO:teuthology.orchestra.run.smithi064.stdout:/usr/bin/ceph: stderr
2024-04-02T15:19:25.820+0000 7fafef7fe700 1 -- 172.21.15.64:0/2480356202 <== mon.0 v2:172.21.15.64:3300/0 6 ==== mon_command_ack([{"prefix": "get_command_descriptions"}]=0 v0) v1 ==== 72+0+176504 (secure 0 0 0) 0x7fafe0018530 con 0x7faff8102ca0
2024-04-02T15:19:26.549 INFO:teuthology.orchestra.run.smithi064.stdout:/usr/bin/ceph: stderr
2024-04-02T15:19:26.014+0000 7faffd772700 1 -- 172.21.15.64:0/2480356202 --> [v2:172.21.15.64:6800/3178863872,v1:172.21.15.64:6801/3178863872] -- mgr_command(tid 0: {"prefix": "cephadm set-user", "user": "root", "target": ["mon-mgr", ""]}) v1 -- 0x7faff80fd9d0 con 0x7fafe40367e0
2024-04-02T15:19:26.549 INFO:teuthology.orchestra.run.smithi064.stdout:/usr/bin/ceph: stderr
2024-04-02T15:19:26.014+0000 7fafef7fe700 1 -- 172.21.15.64:0/2480356202 <== mgr.14120 v2:172.21.15.64:6800/3178863872 1 ==== mgr_command_reply(tid 0: 0 ) v1 ==== 8+0+16 (secure 0 0 0) 0x7faff80fd9d0 con 0x7fafe40367e0
2024-04-02T15:19:26.549 INFO:teuthology.orchestra.run.smithi064.stdout:/usr/bin/ceph: stderr
2024-04-02T15:19:26.017+0000 7faffd772700 1 -- 172.21.15.64:0/2480356202 >> [v2:172.21.15.64:6800/3178863872,v1:172.21.15.64:6801/3178863872] conn(0x7fafe40367e0 msgr2=0x7fafe4038c90 secure :-1 s=STATE_CONNECTION_ESTABLISHED l=1).mark_down
2024-04-02T15:19:26.549 INFO:teuthology.orchestra.run.smithi064.stdout:/usr/bin/ceph: stderr
2024-04-02T15:19:26.017+0000 7faffd772700 1 --2- 172.21.15.64:0/2480356202 >> [v2:172.21.15.64:6800/3178863872,v1:172.21.15.64:6801/3178863872] conn(0x7fafe40367e0 0x7fafe4038c90 secure :-1 s=READY pgs=8 cs=0 l=1 rev1=1 crypto rx=0x7fafe8009990 tx=0x7fafe8006e40 comp rx=0 tx=0).stop
2024-04-02T15:19:26.549 INFO:teuthology.orchestra.run.smithi064.stdout:/usr/bin/ceph: stderr
2024-04-02T15:19:26.017+0000 7faffd772700 1 -- 172.21.15.64:0/2480356202 >> [v2:172.21.15.64:3300/0,v1:172.21.15.64:6789/0] conn(0x7faff8102ca0 msgr2=0x7faff81138b0 secure :-1 s=STATE_CONNECTION_ESTABLISHED l=1).mark_down
2024-04-02T15:19:26.549 INFO:teuthology.orchestra.run.smithi064.stdout:/usr/bin/ceph: stderr
2024-04-02T15:19:26.017+0000 7faffd772700 1 --2- 172.21.15.64:0/2480356202 >> [v2:172.21.15.64:3300/0,v1:172.21.15.64:6789/0] conn(0x7faff8102ca0 0x7faff81138b0 secure :-1 s=READY pgs=40 cs=0 l=1 rev1=1 crypto rx=0x7fafe000b440 tx=0x7fafe0009250 comp rx=0 tx=0).stop
2024-04-02T15:19:26.549 INFO:teuthology.orchestra.run.smithi064.stdout:/usr/bin/ceph: stderr
2024-04-02T15:19:26.017+0000 7faffd772700 1 -- 172.21.15.64:0/2480356202 shutdown_connections
2024-04-02T15:19:26.549 INFO:teuthology.orchestra.run.smithi064.stdout:/usr/bin/ceph: stderr
2024-04-02T15:19:26.017+0000 7faffd772700 1 --2- 172.21.15.64:0/2480356202 >> [v2:172.21.15.64:6800/3178863872,v1:172.21.15.64:6801/3178863872] conn(0x7fafe40367e0 0x7fafe4038c90 unknown :-1 s=CLOSED pgs=8 cs=0 l=1 rev1=1 crypto rx=0 tx=0 comp rx=0 tx=0).stop
2024-04-02T15:19:26.549 INFO:teuthology.orchestra.run.smithi064.stdout:/usr/bin/ceph: stderr
2024-04-02T15:19:26.017+0000 7faffd772700 1 --2- 172.21.15.64:0/2480356202 >> [v2:172.21.15.64:3300/0,v1:172.21.15.64:6789/0] conn(0x7faff8102ca0 0x7faff81138b0 unknown :-1 s=CLOSED pgs=40 cs=0 l=1 rev1=1 crypto rx=0 tx=0 comp rx=0 tx=0).stop
2024-04-02T15:19:26.549 INFO:teuthology.orchestra.run.smithi064.stdout:/usr/bin/ceph: stderr
2024-04-02T15:19:26.017+0000 7faffd772700 1 -- 172.21.15.64:0/2480356202 >> 172.21.15.64:0/2480356202 conn(0x7faff80fc700 msgr2=0x7faff80fd280 unknown :-1 s=STATE_NONE l=0).mark_down
2024-04-02T15:19:26.549 INFO:teuthology.orchestra.run.smithi064.stdout:/usr/bin/ceph: stderr
2024-04-02T15:19:26.017+0000 7faffd772700 1 -- 172.21.15.64:0/2480356202 shutdown_connections
2024-04-02T15:19:26.550 INFO:teuthology.orchestra.run.smithi064.stdout:/usr/bin/ceph: stderr
2024-04-02T15:19:26.017+0000 7faffd772700 1 -- 172.21.15.64:0/2480356202 wait complete.
2024-04-02T15:19:26.550 INFO:teuthology.orchestra.run.smithi064.stdout:Generating ssh key...
2024-04-02T15:19:27.267 INFO:journalctl@ceph.mon.smithi064.smithi064.stdout:Apr 02 15:19:27 smithi064 ceph-mon[29279]: from='client.14134 -' entity='client.admin' cmd=[{"prefix": "cephadm set-user", "user": "root", "target": ["mon-mgr", ""]}]: dispatch
2024-04-02T15:19:28.060 INFO:teuthology.orchestra.run.smithi064.stdout:/usr/bin/ceph: stderr
2024-04-02T15:19:27.013+0000 7f157d613700 1 Processor -- start
2024-04-02T15:19:28.060 INFO:teuthology.orchestra.run.smithi064.stdout:/usr/bin/ceph: stderr
2024-04-02T15:19:27.013+0000 7f157d613700 1 -- start start
2024-04-02T15:19:28.060 INFO:teuthology.orchestra.run.smithi064.stdout:/usr/bin/ceph: stderr
2024-04-02T15:19:27.013+0000 7f157d613700 1 --2- >> [v2:172.21.15.64:3300/0,v1:172.21.15.64:6789/0] conn(0x7f1578076bc0 0x7f15781078d0 unknown :-1 s=NONE pgs=0 cs=0 l=0 rev1=0 crypto rx=0 tx=0 comp rx=0 tx=0).connect
2024-04-02T15:19:28.061 INFO:teuthology.orchestra.run.smithi064.stdout:/usr/bin/ceph: stderr
2024-04-02T15:19:27.013+0000 7f157d613700 1 -- --> [v2:172.21.15.64:3300/0,v1:172.21.15.64:6789/0] -- mon_getmap magic: 0 v1 -- 0x7f15781032c0 con 0x7f1578076bc0
2024-04-02T15:19:28.061 INFO:teuthology.orchestra.run.smithi064.stdout:/usr/bin/ceph: stderr
2024-04-02T15:19:27.013+0000 7f1576ffd700 1 --2- >> [v2:172.21.15.64:3300/0,v1:172.21.15.64:6789/0] conn(0x7f1578076bc0 0x7f15781078d0 unknown :-1 s=BANNER_CONNECTING pgs=0 cs=0 l=0 rev1=0 crypto rx=0 tx=0 comp rx=0 tx=0)._handle_peer_banner_payload supported=3 required=0
2024-04-02T15:19:28.061 INFO:teuthology.orchestra.run.smithi064.stdout:/usr/bin/ceph: stderr
2024-04-02T15:19:27.013+0000 7f1576ffd700 1 --2- >> [v2:172.21.15.64:3300/0,v1:172.21.15.64:6789/0] conn(0x7f1578076bc0 0x7f15781078d0 unknown :-1 s=HELLO_CONNECTING pgs=0 cs=0 l=0 rev1=1 crypto rx=0 tx=0 comp rx=0 tx=0).handle_hello peer v2:172.21.15.64:3300/0 says I am v2:172.21.15.64:41784/0 (socket says 172.21.15.64:41784)
2024-04-02T15:19:28.061 INFO:teuthology.orchestra.run.smithi064.stdout:/usr/bin/ceph: stderr
2024-04-02T15:19:27.013+0000 7f1576ffd700 1 -- 172.21.15.64:0/2607192912 learned_addr learned my addr 172.21.15.64:0/2607192912 (peer_addr_for_me v2:172.21.15.64:0/0)
2024-04-02T15:19:28.061 INFO:teuthology.orchestra.run.smithi064.stdout:/usr/bin/ceph: stderr
2024-04-02T15:19:27.013+0000 7f1576ffd700 1 -- 172.21.15.64:0/2607192912 --> [v2:172.21.15.64:3300/0,v1:172.21.15.64:6789/0] -- mon_subscribe({config=0+,monmap=0+}) v3 -- 0x7f1578107e10 con 0x7f1578076bc0
2024-04-02T15:19:28.061 INFO:teuthology.orchestra.run.smithi064.stdout:/usr/bin/ceph: stderr
2024-04-02T15:19:27.013+0000 7f1576ffd700 1 --2- 172.21.15.64:0/2607192912 >> [v2:172.21.15.64:3300/0,v1:172.21.15.64:6789/0] conn(0x7f1578076bc0 0x7f15781078d0 secure :-1 s=READY pgs=41 cs=0 l=1 rev1=1 crypto rx=0x7f15680098e0 tx=0x7f1568009250 comp rx=0 tx=0).ready entity=mon.0 client_cookie=185fb7cb86b89dfa server_cookie=0 in_seq=0 out_seq=0
2024-04-02T15:19:28.061 INFO:teuthology.orchestra.run.smithi064.stdout:/usr/bin/ceph: stderr
2024-04-02T15:19:27.014+0000 7f1575ffb700 1 -- 172.21.15.64:0/2607192912 <== mon.0 v2:172.21.15.64:3300/0 1 ==== mon_map magic: 0 v1 ==== 229+0+0 (secure 0 0 0) 0x7f156800b860 con 0x7f1578076bc0
2024-04-02T15:19:28.061 INFO:teuthology.orchestra.run.smithi064.stdout:/usr/bin/ceph: stderr
2024-04-02T15:19:27.014+0000 7f1575ffb700 1 -- 172.21.15.64:0/2607192912 <== mon.0 v2:172.21.15.64:3300/0 2 ==== config(27 keys) v1 ==== 1044+0+0 (secure 0 0 0) 0x7f156800be50 con 0x7f1578076bc0
2024-04-02T15:19:28.061 INFO:teuthology.orchestra.run.smithi064.stdout:/usr/bin/ceph: stderr
2024-04-02T15:19:27.014+0000 7f1575ffb700 1 -- 172.21.15.64:0/2607192912 <== mon.0 v2:172.21.15.64:3300/0 3 ==== mon_map magic: 0 v1 ==== 229+0+0 (secure 0 0 0) 0x7f1568010380 con 0x7f1578076bc0
2024-04-02T15:19:28.062 INFO:teuthology.orchestra.run.smithi064.stdout:/usr/bin/ceph: stderr
2024-04-02T15:19:27.014+0000 7f157d613700 1 -- 172.21.15.64:0/2607192912 >> [v2:172.21.15.64:3300/0,v1:172.21.15.64:6789/0] conn(0x7f1578076bc0 msgr2=0x7f15781078d0 secure :-1 s=STATE_CONNECTION_ESTABLISHED l=1).mark_down
2024-04-02T15:19:28.062 INFO:teuthology.orchestra.run.smithi064.stdout:/usr/bin/ceph: stderr
2024-04-02T15:19:27.014+0000 7f157d613700 1 --2- 172.21.15.64:0/2607192912 >> [v2:172.21.15.64:3300/0,v1:172.21.15.64:6789/0] conn(0x7f1578076bc0 0x7f15781078d0 secure :-1 s=READY pgs=41 cs=0 l=1 rev1=1 crypto rx=0x7f15680098e0 tx=0x7f1568009250 comp rx=0 tx=0).stop
2024-04-02T15:19:28.062 INFO:teuthology.orchestra.run.smithi064.stdout:/usr/bin/ceph: stderr
2024-04-02T15:19:27.014+0000 7f157d613700 1 -- 172.21.15.64:0/2607192912 shutdown_connections
2024-04-02T15:19:28.062 INFO:teuthology.orchestra.run.smithi064.stdout:/usr/bin/ceph: stderr
2024-04-02T15:19:27.014+0000 7f157d613700 1 --2- 172.21.15.64:0/2607192912 >> [v2:172.21.15.64:3300/0,v1:172.21.15.64:6789/0] conn(0x7f1578076bc0 0x7f15781078d0 unknown :-1 s=CLOSED pgs=41 cs=0 l=1 rev1=1 crypto rx=0 tx=0 comp rx=0 tx=0).stop
2024-04-02T15:19:28.062 INFO:teuthology.orchestra.run.smithi064.stdout:/usr/bin/ceph: stderr
2024-04-02T15:19:27.014+0000 7f157d613700 1 -- 172.21.15.64:0/2607192912 >> 172.21.15.64:0/2607192912 conn(0x7f15780fcf40 msgr2=0x7f15780ff350 unknown :-1 s=STATE_NONE l=0).mark_down
2024-04-02T15:19:28.062 INFO:teuthology.orchestra.run.smithi064.stdout:/usr/bin/ceph: stderr
2024-04-02T15:19:27.014+0000 7f157d613700 1 -- 172.21.15.64:0/2607192912 shutdown_connections
2024-04-02T15:19:28.062 INFO:teuthology.orchestra.run.smithi064.stdout:/usr/bin/ceph: stderr
2024-04-02T15:19:27.014+0000 7f157d613700 1 -- 172.21.15.64:0/2607192912 wait complete.
2024-04-02T15:19:28.062 INFO:teuthology.orchestra.run.smithi064.stdout:/usr/bin/ceph: stderr
2024-04-02T15:19:27.015+0000 7f157d613700 1 Processor -- start
2024-04-02T15:19:28.062 INFO:teuthology.orchestra.run.smithi064.stdout:/usr/bin/ceph: stderr
2024-04-02T15:19:27.015+0000 7f157d613700 1 -- start start
2024-04-02T15:19:28.062 INFO:teuthology.orchestra.run.smithi064.stdout:/usr/bin/ceph: stderr
2024-04-02T15:19:27.015+0000 7f157d613700 1 --2- >> [v2:172.21.15.64:3300/0,v1:172.21.15.64:6789/0] conn(0x7f1578076bc0 0x7f1578113910 unknown :-1 s=NONE pgs=0 cs=0 l=1 rev1=0 crypto rx=0 tx=0 comp rx=0 tx=0).connect
2024-04-02T15:19:28.062 INFO:teuthology.orchestra.run.smithi064.stdout:/usr/bin/ceph: stderr
2024-04-02T15:19:27.015+0000 7f157d613700 1 -- --> [v2:172.21.15.64:3300/0,v1:172.21.15.64:6789/0] -- mon_getmap magic: 0 v1 -- 0x7f1578113e50 con 0x7f1578076bc0
2024-04-02T15:19:28.063 INFO:teuthology.orchestra.run.smithi064.stdout:/usr/bin/ceph: stderr
2024-04-02T15:19:27.015+0000 7f1576ffd700 1 --2- >> [v2:172.21.15.64:3300/0,v1:172.21.15.64:6789/0] conn(0x7f1578076bc0 0x7f1578113910 unknown :-1 s=BANNER_CONNECTING pgs=0 cs=0 l=1 rev1=0 crypto rx=0 tx=0 comp rx=0 tx=0)._handle_peer_banner_payload supported=3 required=0
2024-04-02T15:19:28.063 INFO:teuthology.orchestra.run.smithi064.stdout:/usr/bin/ceph: stderr
2024-04-02T15:19:27.015+0000 7f1576ffd700 1 --2- >> [v2:172.21.15.64:3300/0,v1:172.21.15.64:6789/0] conn(0x7f1578076bc0 0x7f1578113910 unknown :-1 s=HELLO_CONNECTING pgs=0 cs=0 l=1 rev1=1 crypto rx=0 tx=0 comp rx=0 tx=0).handle_hello peer v2:172.21.15.64:3300/0 says I am v2:172.21.15.64:41800/0 (socket says 172.21.15.64:41800)
2024-04-02T15:19:28.063 INFO:teuthology.orchestra.run.smithi064.stdout:/usr/bin/ceph: stderr
2024-04-02T15:19:27.015+0000 7f1576ffd700 1 -- 172.21.15.64:0/572066470 learned_addr learned my addr 172.21.15.64:0/572066470 (peer_addr_for_me v2:172.21.15.64:0/0)
2024-04-02T15:19:28.063 INFO:teuthology.orchestra.run.smithi064.stdout:/usr/bin/ceph: stderr
2024-04-02T15:19:27.016+0000 7f1576ffd700 1 -- 172.21.15.64:0/572066470 --> [v2:172.21.15.64:3300/0,v1:172.21.15.64:6789/0] -- mon_subscribe({config=0+,monmap=0+}) v3 -- 0x7f15680094f0 con 0x7f1578076bc0
2024-04-02T15:19:28.063 INFO:teuthology.orchestra.run.smithi064.stdout:/usr/bin/ceph: stderr
2024-04-02T15:19:27.016+0000 7f1576ffd700 1 --2- 172.21.15.64:0/572066470 >> [v2:172.21.15.64:3300/0,v1:172.21.15.64:6789/0] conn(0x7f1578076bc0 0x7f1578113910 secure :-1 s=READY pgs=42 cs=0 l=1 rev1=1 crypto rx=0x7f1568006fd0 tx=0x7f1568009250 comp rx=0 tx=0).ready entity=mon.0 client_cookie=0 server_cookie=0 in_seq=0 out_seq=0
2024-04-02T15:19:28.063 INFO:teuthology.orchestra.run.smithi064.stdout:/usr/bin/ceph: stderr
2024-04-02T15:19:27.016+0000 7f155f7fe700 1 -- 172.21.15.64:0/572066470 <== mon.0 v2:172.21.15.64:3300/0 1 ==== mon_map magic: 0 v1 ==== 229+0+0 (secure 0 0 0) 0x7f1568010760 con 0x7f1578076bc0
2024-04-02T15:19:28.063 INFO:teuthology.orchestra.run.smithi064.stdout:/usr/bin/ceph: stderr
