2024-04-02T15:19:47.935 INFO:teuthology.orchestra.run.smithi064.stdout:/usr/bin/ceph: stderr
2024-04-02T15:19:46.177+0000 7fa52259c700 1 --2- 172.21.15.64:0/4189319736 >> [v2:172.21.15.64:6800/3178863872,v1:172.21.15.64:6801/3178863872] conn(0x7fa50c036810 0x7fa50c038cc0 secure :-1 s=READY pgs=21 cs=0 l=1 rev1=1 crypto rx=0x7fa518009990 tx=0x7fa518006e40 comp rx=0 tx=0).ready entity=mgr.14120 client_cookie=0 server_cookie=0 in_seq=0 out_seq=0
2024-04-02T15:19:47.935 INFO:teuthology.orchestra.run.smithi064.stdout:/usr/bin/ceph: stderr
2024-04-02T15:19:46.183+0000 7fa50b7fe700 1 -- 172.21.15.64:0/4189319736 <== mon.0 v2:172.21.15.64:3300/0 6 ==== mon_command_ack([{"prefix": "get_command_descriptions"}]=0 v0) v1 ==== 72+0+176504 (secure 0 0 0) 0x7fa51402b6c0 con 0x7fa524100960
2024-04-02T15:19:47.935 INFO:teuthology.orchestra.run.smithi064.stdout:/usr/bin/ceph: stderr
2024-04-02T15:19:46.436+0000 7fa529172700 1 -- 172.21.15.64:0/4189319736 --> [v2:172.21.15.64:3300/0,v1:172.21.15.64:6789/0] -- mon_command({"prefix": "mgr module enable", "module": "dashboard"} v 0) v1 -- 0x7fa52404bed0 con 0x7fa524100960
2024-04-02T15:19:47.935 INFO:teuthology.orchestra.run.smithi064.stdout:/usr/bin/ceph: stderr
2024-04-02T15:19:47.182+0000 7fa50b7fe700 1 -- 172.21.15.64:0/4189319736 <== mon.0 v2:172.21.15.64:3300/0 7 ==== mgrmap(e 9) v1 ==== 43381+0+0 (secure 0 0 0) 0x7fa51401a650 con 0x7fa524100960
2024-04-02T15:19:47.935 INFO:teuthology.orchestra.run.smithi064.stdout:/usr/bin/ceph: stderr
2024-04-02T15:19:47.184+0000 7fa50b7fe700 1 -- 172.21.15.64:0/4189319736 <== mon.0 v2:172.21.15.64:3300/0 8 ==== mon_command_ack([{"prefix": "mgr module enable", "module": "dashboard"}]=0 v9) v1 ==== 88+0+0 (secure 0 0 0) 0x7fa51404a280 con 0x7fa524100960
2024-04-02T15:19:47.935 INFO:teuthology.orchestra.run.smithi064.stdout:/usr/bin/ceph: stderr
2024-04-02T15:19:47.186+0000 7fa529172700 1 -- 172.21.15.64:0/4189319736 >> [v2:172.21.15.64:6800/3178863872,v1:172.21.15.64:6801/3178863872] conn(0x7fa50c036810 msgr2=0x7fa50c038cc0 secure :-1 s=STATE_CONNECTION_ESTABLISHED l=1).mark_down
2024-04-02T15:19:47.935 INFO:teuthology.orchestra.run.smithi064.stdout:/usr/bin/ceph: stderr
2024-04-02T15:19:47.186+0000 7fa529172700 1 --2- 172.21.15.64:0/4189319736 >> [v2:172.21.15.64:6800/3178863872,v1:172.21.15.64:6801/3178863872] conn(0x7fa50c036810 0x7fa50c038cc0 secure :-1 s=READY pgs=21 cs=0 l=1 rev1=1 crypto rx=0x7fa518009990 tx=0x7fa518006e40 comp rx=0 tx=0).stop
2024-04-02T15:19:47.935 INFO:teuthology.orchestra.run.smithi064.stdout:/usr/bin/ceph: stderr
2024-04-02T15:19:47.187+0000 7fa529172700 1 -- 172.21.15.64:0/4189319736 >> [v2:172.21.15.64:3300/0,v1:172.21.15.64:6789/0] conn(0x7fa524100960 msgr2=0x7fa524113920 secure :-1 s=STATE_CONNECTION_ESTABLISHED l=1).mark_down
2024-04-02T15:19:47.935 INFO:teuthology.orchestra.run.smithi064.stdout:/usr/bin/ceph: stderr
2024-04-02T15:19:47.187+0000 7fa529172700 1 --2- 172.21.15.64:0/4189319736 >> [v2:172.21.15.64:3300/0,v1:172.21.15.64:6789/0] conn(0x7fa524100960 0x7fa524113920 secure :-1 s=READY pgs=66 cs=0 l=1 rev1=1 crypto rx=0x7fa514011e90 tx=0x7fa514009250 comp rx=0 tx=0).stop
2024-04-02T15:19:47.936 INFO:teuthology.orchestra.run.smithi064.stdout:/usr/bin/ceph: stderr
2024-04-02T15:19:47.187+0000 7fa529172700 1 -- 172.21.15.64:0/4189319736 shutdown_connections
2024-04-02T15:19:47.936 INFO:teuthology.orchestra.run.smithi064.stdout:/usr/bin/ceph: stderr
2024-04-02T15:19:47.187+0000 7fa529172700 1 --2- 172.21.15.64:0/4189319736 >> [v2:172.21.15.64:6800/3178863872,v1:172.21.15.64:6801/3178863872] conn(0x7fa50c036810 0x7fa50c038cc0 unknown :-1 s=CLOSED pgs=21 cs=0 l=1 rev1=1 crypto rx=0 tx=0 comp rx=0 tx=0).stop
2024-04-02T15:19:47.936 INFO:teuthology.orchestra.run.smithi064.stdout:/usr/bin/ceph: stderr
2024-04-02T15:19:47.187+0000 7fa529172700 1 --2- 172.21.15.64:0/4189319736 >> [v2:172.21.15.64:3300/0,v1:172.21.15.64:6789/0] conn(0x7fa524100960 0x7fa524113920 unknown :-1 s=CLOSED pgs=66 cs=0 l=1 rev1=1 crypto rx=0 tx=0 comp rx=0 tx=0).stop
2024-04-02T15:19:47.936 INFO:teuthology.orchestra.run.smithi064.stdout:/usr/bin/ceph: stderr
2024-04-02T15:19:47.187+0000 7fa529172700 1 -- 172.21.15.64:0/4189319736 >> 172.21.15.64:0/4189319736 conn(0x7fa5240fc310 msgr2=0x7fa52410a770 unknown :-1 s=STATE_NONE l=0).mark_down
2024-04-02T15:19:47.936 INFO:teuthology.orchestra.run.smithi064.stdout:/usr/bin/ceph: stderr
2024-04-02T15:19:47.187+0000 7fa529172700 1 -- 172.21.15.64:0/4189319736 shutdown_connections
2024-04-02T15:19:47.936 INFO:teuthology.orchestra.run.smithi064.stdout:/usr/bin/ceph: stderr
2024-04-02T15:19:47.187+0000 7fa529172700 1 -- 172.21.15.64:0/4189319736 wait complete.
2024-04-02T15:19:48.478 INFO:journalctl@ceph.mon.smithi064.smithi064.stdout:Apr 02 15:19:48 smithi064 ceph-mon[29279]: from='client.? 172.21.15.64:0/4189319736' entity='client.admin' cmd='[{"prefix": "mgr module enable", "module": "dashboard"}]': finished
2024-04-02T15:19:48.478 INFO:journalctl@ceph.mon.smithi064.smithi064.stdout:Apr 02 15:19:48 smithi064 ceph-mon[29279]: mgrmap e9: smithi064.oufpls(active, since 24s)
2024-04-02T15:19:49.338 INFO:journalctl@ceph.mon.smithi064.smithi064.stdout:Apr 02 15:19:49 smithi064 ceph-mon[29279]: from='client.? 172.21.15.64:0/4292726850' entity='client.admin' cmd=[{"prefix": "mgr stat"}]: dispatch
2024-04-02T15:19:49.381 INFO:teuthology.orchestra.run.smithi064.stdout:/usr/bin/ceph: stdout {
2024-04-02T15:19:49.381 INFO:teuthology.orchestra.run.smithi064.stdout:/usr/bin/ceph: stdout "epoch": 9,
2024-04-02T15:19:49.382 INFO:teuthology.orchestra.run.smithi064.stdout:/usr/bin/ceph: stdout "available": true,
2024-04-02T15:19:49.382 INFO:teuthology.orchestra.run.smithi064.stdout:/usr/bin/ceph: stdout "active_name": "smithi064.oufpls",
2024-04-02T15:19:49.382 INFO:teuthology.orchestra.run.smithi064.stdout:/usr/bin/ceph: stdout "num_standby": 0
2024-04-02T15:19:49.382 INFO:teuthology.orchestra.run.smithi064.stdout:/usr/bin/ceph: stdout }
2024-04-02T15:19:49.382 INFO:teuthology.orchestra.run.smithi064.stdout:/usr/bin/ceph: stderr
2024-04-02T15:19:48.368+0000 7f7399cc2700 1 Processor -- start
2024-04-02T15:19:49.382 INFO:teuthology.orchestra.run.smithi064.stdout:/usr/bin/ceph: stderr
2024-04-02T15:19:48.368+0000 7f7399cc2700 1 -- start start
2024-04-02T15:19:49.382 INFO:teuthology.orchestra.run.smithi064.stdout:/usr/bin/ceph: stderr
2024-04-02T15:19:48.368+0000 7f7399cc2700 1 --2- >> [v2:172.21.15.64:3300/0,v1:172.21.15.64:6789/0] conn(0x7f7394102970 0x7f7394102d80 unknown :-1 s=NONE pgs=0 cs=0 l=0 rev1=0 crypto rx=0 tx=0 comp rx=0 tx=0).connect
2024-04-02T15:19:49.382 INFO:teuthology.orchestra.run.smithi064.stdout:/usr/bin/ceph: stderr
2024-04-02T15:19:48.368+0000 7f7399cc2700 1 -- --> [v2:172.21.15.64:3300/0,v1:172.21.15.64:6789/0] -- mon_getmap magic: 0 v1 -- 0x7f73941032c0 con 0x7f7394102970
2024-04-02T15:19:49.382 INFO:teuthology.orchestra.run.smithi064.stdout:/usr/bin/ceph: stderr
2024-04-02T15:19:48.369+0000 7f73937fe700 1 --2- >> [v2:172.21.15.64:3300/0,v1:172.21.15.64:6789/0] conn(0x7f7394102970 0x7f7394102d80 unknown :-1 s=BANNER_CONNECTING pgs=0 cs=0 l=0 rev1=0 crypto rx=0 tx=0 comp rx=0 tx=0)._handle_peer_banner_payload supported=3 required=0
2024-04-02T15:19:49.382 INFO:teuthology.orchestra.run.smithi064.stdout:/usr/bin/ceph: stderr
2024-04-02T15:19:48.369+0000 7f73937fe700 1 --2- >> [v2:172.21.15.64:3300/0,v1:172.21.15.64:6789/0] conn(0x7f7394102970 0x7f7394102d80 unknown :-1 s=HELLO_CONNECTING pgs=0 cs=0 l=0 rev1=1 crypto rx=0 tx=0 comp rx=0 tx=0).handle_hello peer v2:172.21.15.64:3300/0 says I am v2:172.21.15.64:49728/0 (socket says 172.21.15.64:49728)
2024-04-02T15:19:49.382 INFO:teuthology.orchestra.run.smithi064.stdout:/usr/bin/ceph: stderr
2024-04-02T15:19:48.369+0000 7f73937fe700 1 -- 172.21.15.64:0/3860819243 learned_addr learned my addr 172.21.15.64:0/3860819243 (peer_addr_for_me v2:172.21.15.64:0/0)
2024-04-02T15:19:49.382 INFO:teuthology.orchestra.run.smithi064.stdout:/usr/bin/ceph: stderr
2024-04-02T15:19:48.369+0000 7f73937fe700 1 -- 172.21.15.64:0/3860819243 --> [v2:172.21.15.64:3300/0,v1:172.21.15.64:6789/0] -- mon_subscribe({config=0+,monmap=0+}) v3 -- 0x7f7394103400 con 0x7f7394102970
2024-04-02T15:19:49.382 INFO:teuthology.orchestra.run.smithi064.stdout:/usr/bin/ceph: stderr
2024-04-02T15:19:48.369+0000 7f73937fe700 1 --2- 172.21.15.64:0/3860819243 >> [v2:172.21.15.64:3300/0,v1:172.21.15.64:6789/0] conn(0x7f7394102970 0x7f7394102d80 secure :-1 s=READY pgs=69 cs=0 l=1 rev1=1 crypto rx=0x7f73840098e0 tx=0x7f7384009250 comp rx=0 tx=0).ready entity=mon.0 client_cookie=f94469fd1006ebf4 server_cookie=0 in_seq=0 out_seq=0
2024-04-02T15:19:49.383 INFO:teuthology.orchestra.run.smithi064.stdout:/usr/bin/ceph: stderr
2024-04-02T15:19:48.369+0000 7f73927fc700 1 -- 172.21.15.64:0/3860819243 <== mon.0 v2:172.21.15.64:3300/0 1 ==== mon_map magic: 0 v1 ==== 229+0+0 (secure 0 0 0) 0x7f738400b860 con 0x7f7394102970
2024-04-02T15:19:49.383 INFO:teuthology.orchestra.run.smithi064.stdout:/usr/bin/ceph: stderr
2024-04-02T15:19:48.369+0000 7f73927fc700 1 -- 172.21.15.64:0/3860819243 <== mon.0 v2:172.21.15.64:3300/0 2 ==== config(27 keys) v1 ==== 1109+0+0 (secure 0 0 0) 0x7f738400be90 con 0x7f7394102970
2024-04-02T15:19:49.383 INFO:teuthology.orchestra.run.smithi064.stdout:/usr/bin/ceph: stderr
2024-04-02T15:19:48.369+0000 7f73927fc700 1 -- 172.21.15.64:0/3860819243 <== mon.0 v2:172.21.15.64:3300/0 3 ==== mon_map magic: 0 v1 ==== 229+0+0 (secure 0 0 0) 0x7f73840103c0 con 0x7f7394102970
2024-04-02T15:19:49.383 INFO:teuthology.orchestra.run.smithi064.stdout:/usr/bin/ceph: stderr
2024-04-02T15:19:48.370+0000 7f7399cc2700 1 -- 172.21.15.64:0/3860819243 >> [v2:172.21.15.64:3300/0,v1:172.21.15.64:6789/0] conn(0x7f7394102970 msgr2=0x7f7394102d80 secure :-1 s=STATE_CONNECTION_ESTABLISHED l=1).mark_down
2024-04-02T15:19:49.383 INFO:teuthology.orchestra.run.smithi064.stdout:/usr/bin/ceph: stderr
2024-04-02T15:19:48.370+0000 7f7399cc2700 1 --2- 172.21.15.64:0/3860819243 >> [v2:172.21.15.64:3300/0,v1:172.21.15.64:6789/0] conn(0x7f7394102970 0x7f7394102d80 secure :-1 s=READY pgs=69 cs=0 l=1 rev1=1 crypto rx=0x7f73840098e0 tx=0x7f7384009250 comp rx=0 tx=0).stop
2024-04-02T15:19:49.383 INFO:teuthology.orchestra.run.smithi064.stdout:/usr/bin/ceph: stderr
2024-04-02T15:19:48.370+0000 7f7399cc2700 1 -- 172.21.15.64:0/3860819243 shutdown_connections
2024-04-02T15:19:49.383 INFO:teuthology.orchestra.run.smithi064.stdout:/usr/bin/ceph: stderr
2024-04-02T15:19:48.370+0000 7f7399cc2700 1 --2- 172.21.15.64:0/3860819243 >> [v2:172.21.15.64:3300/0,v1:172.21.15.64:6789/0] conn(0x7f7394102970 0x7f7394102d80 unknown :-1 s=CLOSED pgs=69 cs=0 l=1 rev1=1 crypto rx=0 tx=0 comp rx=0 tx=0).stop
2024-04-02T15:19:49.383 INFO:teuthology.orchestra.run.smithi064.stdout:/usr/bin/ceph: stderr
2024-04-02T15:19:48.370+0000 7f7399cc2700 1 -- 172.21.15.64:0/3860819243 >> 172.21.15.64:0/3860819243 conn(0x7f73940fe090 msgr2=0x7f7394100500 unknown :-1 s=STATE_NONE l=0).mark_down
2024-04-02T15:19:49.383 INFO:teuthology.orchestra.run.smithi064.stdout:/usr/bin/ceph: stderr
2024-04-02T15:19:48.370+0000 7f7399cc2700 1 -- 172.21.15.64:0/3860819243 shutdown_connections
2024-04-02T15:19:49.383 INFO:teuthology.orchestra.run.smithi064.stdout:/usr/bin/ceph: stderr
2024-04-02T15:19:48.370+0000 7f7399cc2700 1 -- 172.21.15.64:0/3860819243 wait complete.
2024-04-02T15:19:49.383 INFO:teuthology.orchestra.run.smithi064.stdout:/usr/bin/ceph: stderr
2024-04-02T15:19:48.370+0000 7f7399cc2700 1 Processor -- start
2024-04-02T15:19:49.383 INFO:teuthology.orchestra.run.smithi064.stdout:/usr/bin/ceph: stderr
2024-04-02T15:19:48.371+0000 7f7399cc2700 1 -- start start
2024-04-02T15:19:49.383 INFO:teuthology.orchestra.run.smithi064.stdout:/usr/bin/ceph: stderr
2024-04-02T15:19:48.371+0000 7f7399cc2700 1 --2- >> [v2:172.21.15.64:3300/0,v1:172.21.15.64:6789/0] conn(0x7f7394102970 0x7f7394111760 unknown :-1 s=NONE pgs=0 cs=0 l=1 rev1=0 crypto rx=0 tx=0 comp rx=0 tx=0).connect
2024-04-02T15:19:49.383 INFO:teuthology.orchestra.run.smithi064.stdout:/usr/bin/ceph: stderr
2024-04-02T15:19:48.371+0000 7f7399cc2700 1 -- --> [v2:172.21.15.64:3300/0,v1:172.21.15.64:6789/0] -- mon_getmap magic: 0 v1 -- 0x7f7394111ca0 con 0x7f7394102970
2024-04-02T15:19:49.384 INFO:teuthology.orchestra.run.smithi064.stdout:/usr/bin/ceph: stderr
2024-04-02T15:19:48.371+0000 7f73937fe700 1 --2- >> [v2:172.21.15.64:3300/0,v1:172.21.15.64:6789/0] conn(0x7f7394102970 0x7f7394111760 unknown :-1 s=BANNER_CONNECTING pgs=0 cs=0 l=1 rev1=0 crypto rx=0 tx=0 comp rx=0 tx=0)._handle_peer_banner_payload supported=3 required=0
2024-04-02T15:19:49.384 INFO:teuthology.orchestra.run.smithi064.stdout:/usr/bin/ceph: stderr
2024-04-02T15:19:48.371+0000 7f73937fe700 1 --2- >> [v2:172.21.15.64:3300/0,v1:172.21.15.64:6789/0] conn(0x7f7394102970 0x7f7394111760 unknown :-1 s=HELLO_CONNECTING pgs=0 cs=0 l=1 rev1=1 crypto rx=0 tx=0 comp rx=0 tx=0).handle_hello peer v2:172.21.15.64:3300/0 says I am v2:172.21.15.64:49740/0 (socket says 172.21.15.64:49740)
2024-04-02T15:19:49.384 INFO:teuthology.orchestra.run.smithi064.stdout:/usr/bin/ceph: stderr
2024-04-02T15:19:48.371+0000 7f73937fe700 1 -- 172.21.15.64:0/4292726850 learned_addr learned my addr 172.21.15.64:0/4292726850 (peer_addr_for_me v2:172.21.15.64:0/0)
2024-04-02T15:19:49.384 INFO:teuthology.orchestra.run.smithi064.stdout:/usr/bin/ceph: stderr
2024-04-02T15:19:48.371+0000 7f73937fe700 1 -- 172.21.15.64:0/4292726850 --> [v2:172.21.15.64:3300/0,v1:172.21.15.64:6789/0] -- mon_subscribe({config=0+,monmap=0+}) v3 -- 0x7f73840094f0 con 0x7f7394102970
2024-04-02T15:19:49.384 INFO:teuthology.orchestra.run.smithi064.stdout:/usr/bin/ceph: stderr
2024-04-02T15:19:48.371+0000 7f73937fe700 1 --2- 172.21.15.64:0/4292726850 >> [v2:172.21.15.64:3300/0,v1:172.21.15.64:6789/0] conn(0x7f7394102970 0x7f7394111760 secure :-1 s=READY pgs=70 cs=0 l=1 rev1=1 crypto rx=0x7f7384006b00 tx=0x7f7384009250 comp rx=0 tx=0).ready entity=mon.0 client_cookie=0 server_cookie=0 in_seq=0 out_seq=0
2024-04-02T15:19:49.384 INFO:teuthology.orchestra.run.smithi064.stdout:/usr/bin/ceph: stderr
2024-04-02T15:19:48.372+0000 7f737bfff700 1 -- 172.21.15.64:0/4292726850 <== mon.0 v2:172.21.15.64:3300/0 1 ==== mon_map magic: 0 v1 ==== 229+0+0 (secure 0 0 0) 0x7f7384010840 con 0x7f7394102970
2024-04-02T15:19:49.384 INFO:teuthology.orchestra.run.smithi064.stdout:/usr/bin/ceph: stderr
2024-04-02T15:19:48.372+0000 7f737bfff700 1 -- 172.21.15.64:0/4292726850 <== mon.0 v2:172.21.15.64:3300/0 2 ==== config(27 keys) v1 ==== 1109+0+0 (secure 0 0 0) 0x7f7384010e70 con 0x7f7394102970
2024-04-02T15:19:49.384 INFO:teuthology.orchestra.run.smithi064.stdout:/usr/bin/ceph: stderr
2024-04-02T15:19:48.372+0000 7f7399cc2700 1 -- 172.21.15.64:0/4292726850 --> [v2:172.21.15.64:3300/0,v1:172.21.15.64:6789/0] -- mon_subscribe({mgrmap=0+}) v3 -- 0x7f7394111ea0 con 0x7f7394102970
2024-04-02T15:19:49.384 INFO:teuthology.orchestra.run.smithi064.stdout:/usr/bin/ceph: stderr
2024-04-02T15:19:48.372+0000 7f737bfff700 1 -- 172.21.15.64:0/4292726850 <== mon.0 v2:172.21.15.64:3300/0 3 ==== mon_map magic: 0 v1 ==== 229+0+0 (secure 0 0 0) 0x7f738401ae70 con 0x7f7394102970
2024-04-02T15:19:49.384 INFO:teuthology.orchestra.run.smithi064.stdout:/usr/bin/ceph: stderr
2024-04-02T15:19:48.372+0000 7f7399cc2700 1 -- 172.21.15.64:0/4292726850 --> [v2:172.21.15.64:3300/0,v1:172.21.15.64:6789/0] -- mon_subscribe({osdmap=0}) v3 -- 0x7f7394112a10 con 0x7f7394102970
2024-04-02T15:19:49.384 INFO:teuthology.orchestra.run.smithi064.stdout:/usr/bin/ceph: stderr
2024-04-02T15:19:48.373+0000 7f7399cc2700 1 -- 172.21.15.64:0/4292726850 --> [v2:172.21.15.64:3300/0,v1:172.21.15.64:6789/0] -- mon_command({"prefix": "get_command_descriptions"} v 0) v1 -- 0x7f739405f5f0 con 0x7f7394102970
2024-04-02T15:19:49.384 INFO:teuthology.orchestra.run.smithi064.stdout:/usr/bin/ceph: stderr
2024-04-02T15:19:48.373+0000 7f737bfff700 1 -- 172.21.15.64:0/4292726850 <== mon.0 v2:172.21.15.64:3300/0 4 ==== mgrmap(e 9) v1 ==== 43381+0+0 (secure 0 0 0) 0x7f7384024480 con 0x7f7394102970
2024-04-02T15:19:49.384 INFO:teuthology.orchestra.run.smithi064.stdout:/usr/bin/ceph: stderr
2024-04-02T15:19:48.373+0000 7f737bfff700 1 --2- 172.21.15.64:0/4292726850 >> [v2:172.21.15.64:6800/3178863872,v1:172.21.15.64:6801/3178863872] conn(0x7f737c036830 0x7f737c038ce0 unknown :-1 s=NONE pgs=0 cs=0 l=1 rev1=0 crypto rx=0 tx=0 comp rx=0 tx=0).connect
2024-04-02T15:19:49.384 INFO:teuthology.orchestra.run.smithi064.stdout:/usr/bin/ceph: stderr
2024-04-02T15:19:48.373+0000 7f737bfff700 1 -- 172.21.15.64:0/4292726850 <== mon.0 v2:172.21.15.64:3300/0 5 ==== osd_map(2..2 src has 1..2) v4 ==== 936+0+0 (secure 0 0 0) 0x7f738404ab70 con 0x7f7394102970
2024-04-02T15:19:49.384 INFO:teuthology.orchestra.run.smithi064.stdout:/usr/bin/ceph: stderr
2024-04-02T15:19:48.373+0000 7f7392ffd700 1 -- 172.21.15.64:0/4292726850 >> [v2:172.21.15.64:6800/3178863872,v1:172.21.15.64:6801/3178863872] conn(0x7f737c036830 msgr2=0x7f737c038ce0 unknown :-1 s=STATE_CONNECTING_RE l=1).process reconnect failed to v2:172.21.15.64:6800/3178863872
2024-04-02T15:19:49.385 INFO:teuthology.orchestra.run.smithi064.stdout:/usr/bin/ceph: stderr
2024-04-02T15:19:48.373+0000 7f7392ffd700 1 --2- 172.21.15.64:0/4292726850 >> [v2:172.21.15.64:6800/3178863872,v1:172.21.15.64:6801/3178863872] conn(0x7f737c036830 0x7f737c038ce0 unknown :-1 s=START_CONNECT pgs=0 cs=0 l=1 rev1=0 crypto rx=0 tx=0 comp rx=0 tx=0)._fault waiting 0.200000
2024-04-02T15:19:49.385 INFO:teuthology.orchestra.run.smithi064.stdout:/usr/bin/ceph: stderr
2024-04-02T15:19:48.378+0000 7f737bfff700 1 -- 172.21.15.64:0/4292726850 <== mon.0 v2:172.21.15.64:3300/0 6 ==== mon_command_ack([{"prefix": "get_command_descriptions"}]=0 v0) v1 ==== 72+0+176504 (secure 0 0 0) 0x7f738402e440 con 0x7f7394102970
2024-04-02T15:19:49.385 INFO:teuthology.orchestra.run.smithi064.stdout:/usr/bin/ceph: stderr
2024-04-02T15:19:48.574+0000 7f7392ffd700 1 -- 172.21.15.64:0/4292726850 >> [v2:172.21.15.64:6800/3178863872,v1:172.21.15.64:6801/3178863872] conn(0x7f737c036830 msgr2=0x7f737c038ce0 unknown :-1 s=STATE_CONNECTING_RE l=1).process reconnect failed to v2:172.21.15.64:6800/3178863872
2024-04-02T15:19:49.385 INFO:teuthology.orchestra.run.smithi064.stdout:/usr/bin/ceph: stderr
2024-04-02T15:19:48.574+0000 7f7392ffd700 1 --2- 172.21.15.64:0/4292726850 >> [v2:172.21.15.64:6800/3178863872,v1:172.21.15.64:6801/3178863872] conn(0x7f737c036830 0x7f737c038ce0 unknown :-1 s=START_CONNECT pgs=0 cs=0 l=1 rev1=0 crypto rx=0 tx=0 comp rx=0 tx=0)._fault waiting 0.400000
2024-04-02T15:19:49.385 INFO:teuthology.orchestra.run.smithi064.stdout:/usr/bin/ceph: stderr
2024-04-02T15:19:48.631+0000 7f7399cc2700 1 -- 172.21.15.64:0/4292726850 --> [v2:172.21.15.64:3300/0,v1:172.21.15.64:6789/0] -- mon_command({"prefix": "mgr stat"} v 0) v1 -- 0x7f7394112d50 con 0x7f7394102970
2024-04-02T15:19:49.385 INFO:teuthology.orchestra.run.smithi064.stdout:/usr/bin/ceph: stderr
2024-04-02T15:19:48.632+0000 7f737bfff700 1 -- 172.21.15.64:0/4292726850 <== mon.0 v2:172.21.15.64:3300/0 7 ==== mon_command_ack([{"prefix": "mgr stat"}]=0 v9) v1 ==== 56+0+103 (secure 0 0 0) 0x7f738402cb80 con 0x7f7394102970
2024-04-02T15:19:49.385 INFO:teuthology.orchestra.run.smithi064.stdout:/usr/bin/ceph: stderr
2024-04-02T15:19:48.634+0000 7f7399cc2700 1 -- 172.21.15.64:0/4292726850 >> [v2:172.21.15.64:6800/3178863872,v1:172.21.15.64:6801/3178863872] conn(0x7f737c036830 msgr2=0x7f737c038ce0 unknown :-1 s=STATE_CONNECTING l=1).mark_down
2024-04-02T15:19:49.385 INFO:teuthology.orchestra.run.smithi064.stdout:/usr/bin/ceph: stderr
2024-04-02T15:19:48.634+0000 7f7399cc2700 1 --2- 172.21.15.64:0/4292726850 >> [v2:172.21.15.64:6800/3178863872,v1:172.21.15.64:6801/3178863872] conn(0x7f737c036830 0x7f737c038ce0 unknown :-1 s=START_CONNECT pgs=0 cs=0 l=1 rev1=0 crypto rx=0 tx=0 comp rx=0 tx=0).stop
2024-04-02T15:19:49.385 INFO:teuthology.orchestra.run.smithi064.stdout:/usr/bin/ceph: stderr
2024-04-02T15:19:48.634+0000 7f7399cc2700 1 -- 172.21.15.64:0/4292726850 >> [v2:172.21.15.64:3300/0,v1:172.21.15.64:6789/0] conn(0x7f7394102970 msgr2=0x7f7394111760 secure :-1 s=STATE_CONNECTION_ESTABLISHED l=1).mark_down
2024-04-02T15:19:49.385 INFO:teuthology.orchestra.run.smithi064.stdout:/usr/bin/ceph: stderr
2024-04-02T15:19:48.634+0000 7f7399cc2700 1 --2- 172.21.15.64:0/4292726850 >> [v2:172.21.15.64:3300/0,v1:172.21.15.64:6789/0] conn(0x7f7394102970 0x7f7394111760 secure :-1 s=READY pgs=70 cs=0 l=1 rev1=1 crypto rx=0x7f7384006b00 tx=0x7f7384009250 comp rx=0 tx=0).stop
2024-04-02T15:19:49.385 INFO:teuthology.orchestra.run.smithi064.stdout:/usr/bin/ceph: stderr
2024-04-02T15:19:48.634+0000 7f7399cc2700 1 -- 172.21.15.64:0/4292726850 shutdown_connections
2024-04-02T15:19:49.385 INFO:teuthology.orchestra.run.smithi064.stdout:/usr/bin/ceph: stderr
2024-04-02T15:19:48.634+0000 7f7399cc2700 1 --2- 172.21.15.64:0/4292726850 >> [v2:172.21.15.64:6800/3178863872,v1:172.21.15.64:6801/3178863872] conn(0x7f737c036830 0x7f737c038ce0 unknown :-1 s=CLOSED pgs=0 cs=0 l=1 rev1=0 crypto rx=0 tx=0 comp rx=0 tx=0).stop
2024-04-02T15:19:49.385 INFO:teuthology.orchestra.run.smithi064.stdout:/usr/bin/ceph: stderr
2024-04-02T15:19:48.634+0000 7f7399cc2700 1 --2- 172.21.15.64:0/4292726850 >> [v2:172.21.15.64:3300/0,v1:172.21.15.64:6789/0] conn(0x7f7394102970 0x7f7394111760 unknown :-1 s=CLOSED pgs=70 cs=0 l=1 rev1=1 crypto rx=0 tx=0 comp rx=0 tx=0).stop
2024-04-02T15:19:49.385 INFO:teuthology.orchestra.run.smithi064.stdout:/usr/bin/ceph: stderr
2024-04-02T15:19:48.634+0000 7f7399cc2700 1 -- 172.21.15.64:0/4292726850 >> 172.21.15.64:0/4292726850 conn(0x7f73940fe090 msgr2=0x7f73940fecc0 unknown :-1 s=STATE_NONE l=0).mark_down
2024-04-02T15:19:49.386 INFO:teuthology.orchestra.run.smithi064.stdout:/usr/bin/ceph: stderr
2024-04-02T15:19:48.634+0000 7f7399cc2700 1 -- 172.21.15.64:0/4292726850 shutdown_connections
2024-04-02T15:19:49.386 INFO:teuthology.orchestra.run.smithi064.stdout:/usr/bin/ceph: stderr
2024-04-02T15:19:48.634+0000 7f7399cc2700 1 -- 172.21.15.64:0/4292726850 wait complete.
2024-04-02T15:19:49.386 INFO:teuthology.orchestra.run.smithi064.stdout:Waiting for the mgr to restart...
2024-04-02T15:19:49.386 INFO:teuthology.orchestra.run.smithi064.stdout:Waiting for mgr epoch 9...
2024-04-02T15:19:53.932 INFO:journalctl@ceph.mon.smithi064.smithi064.stdout:Apr 02 15:19:53 smithi064 ceph-mon[29279]: Active manager daemon smithi064.oufpls restarted
2024-04-02T15:19:53.932 INFO:journalctl@ceph.mon.smithi064.smithi064.stdout:Apr 02 15:19:53 smithi064 ceph-mon[29279]: Activating manager daemon smithi064.oufpls
2024-04-02T15:19:53.932 INFO:journalctl@ceph.mon.smithi064.smithi064.stdout:Apr 02 15:19:53 smithi064 ceph-mon[29279]: osdmap e3: 0 total, 0 up, 0 in
2024-04-02T15:19:53.932 INFO:journalctl@ceph.mon.smithi064.smithi064.stdout:Apr 02 15:19:53 smithi064 ceph-mon[29279]: mgrmap e10: smithi064.oufpls(active, starting, since 0.00319382s)
2024-04-02T15:19:53.932 INFO:journalctl@ceph.mon.smithi064.smithi064.stdout:Apr 02 15:19:53 smithi064 ceph-mon[29279]: from='mgr.14162 172.21.15.64:0/186672080' entity='mgr.smithi064.oufpls' cmd=[{"prefix": "mon metadata", "id": "smithi064"}]: dispatch
2024-04-02T15:19:53.932 INFO:journalctl@ceph.mon.smithi064.smithi064.stdout:Apr 02 15:19:53 smithi064 ceph-mon[29279]: from='mgr.14162 172.21.15.64:0/186672080' entity='mgr.smithi064.oufpls' cmd=[{"prefix": "mgr metadata", "who": "smithi064.oufpls", "id": "smithi064.oufpls"}]: dispatch
2024-04-02T15:19:53.932 INFO:journalctl@ceph.mon.smithi064.smithi064.stdout:Apr 02 15:19:53 smithi064 ceph-mon[29279]: from='mgr.14162 172.21.15.64:0/186672080' entity='mgr.smithi064.oufpls' cmd=[{"prefix": "mds metadata"}]: dispatch
2024-04-02T15:19:53.932 INFO:journalctl@ceph.mon.smithi064.smithi064.stdout:Apr 02 15:19:53 smithi064 ceph-mon[29279]: from='mgr.14162 172.21.15.64:0/186672080' entity='mgr.smithi064.oufpls' cmd=[{"prefix": "osd metadata"}]: dispatch
2024-04-02T15:19:53.933 INFO:journalctl@ceph.mon.smithi064.smithi064.stdout:Apr 02 15:19:53 smithi064 ceph-mon[29279]: from='mgr.14162 172.21.15.64:0/186672080' entity='mgr.smithi064.oufpls' cmd=[{"prefix": "mon metadata"}]: dispatch
2024-04-02T15:19:53.933 INFO:journalctl@ceph.mon.smithi064.smithi064.stdout:Apr 02 15:19:53 smithi064 ceph-mon[29279]: Manager daemon smithi064.oufpls is now available
2024-04-02T15:19:53.933 INFO:journalctl@ceph.mon.smithi064.smithi064.stdout:Apr 02 15:19:53 smithi064 ceph-mon[29279]: from='mgr.14162 172.21.15.64:0/186672080' entity='mgr.smithi064.oufpls' cmd=[{"prefix": "config dump", "format": "json"}]: dispatch
2024-04-02T15:19:53.933 INFO:journalctl@ceph.mon.smithi064.smithi064.stdout:Apr 02 15:19:53 smithi064 ceph-mon[29279]: from='mgr.14162 172.21.15.64:0/186672080' entity='mgr.smithi064.oufpls' cmd=[{"prefix": "config dump", "format": "json"}]: dispatch
2024-04-02T15:19:53.933 INFO:journalctl@ceph.mon.smithi064.smithi064.stdout:Apr 02 15:19:53 smithi064 ceph-mon[29279]: from='mgr.14162 172.21.15.64:0/186672080' entity='mgr.smithi064.oufpls' cmd=[{"prefix":"config rm","who":"mgr","name":"mgr/rbd_support/smithi064.oufpls/mirror_snapshot_schedule"}]: dispatch
2024-04-02T15:19:53.933 INFO:journalctl@ceph.mon.smithi064.smithi064.stdout:Apr 02 15:19:53 smithi064 ceph-mon[29279]: from='mgr.14162 172.21.15.64:0/186672080' entity='mgr.smithi064.oufpls' cmd=[{"prefix":"config rm","who":"mgr","name":"mgr/rbd_support/smithi064.oufpls/trash_purge_schedule"}]: dispatch
2024-04-02T15:19:55.511 INFO:teuthology.orchestra.run.smithi064.stdout:/usr/bin/ceph: stdout {
2024-04-02T15:19:55.511 INFO:teuthology.orchestra.run.smithi064.stdout:/usr/bin/ceph: stdout "mgrmap_epoch": 11,
2024-04-02T15:19:55.511 INFO:teuthology.orchestra.run.smithi064.stdout:/usr/bin/ceph: stdout "initialized": true
2024-04-02T15:19:55.511 INFO:teuthology.orchestra.run.smithi064.stdout:/usr/bin/ceph: stdout }
2024-04-02T15:19:55.511 INFO:teuthology.orchestra.run.smithi064.stdout:/usr/bin/ceph: stderr
2024-04-02T15:19:49.864+0000 7fd74796f700 1 Processor -- start
2024-04-02T15:19:55.511 INFO:teuthology.orchestra.run.smithi064.stdout:/usr/bin/ceph: stderr
2024-04-02T15:19:49.865+0000 7fd74796f700 1 -- start start
2024-04-02T15:19:55.511 INFO:teuthology.orchestra.run.smithi064.stdout:/usr/bin/ceph: stderr
2024-04-02T15:19:49.865+0000 7fd74796f700 1 --2- >> [v2:172.21.15.64:3300/0,v1:172.21.15.64:6789/0] conn(0x7fd740071230 0x7fd740105560 unknown :-1 s=NONE pgs=0 cs=0 l=0 rev1=0 crypto rx=0 tx=0 comp rx=0 tx=0).connect
2024-04-02T15:19:55.511 INFO:teuthology.orchestra.run.smithi064.stdout:/usr/bin/ceph: stderr
2024-04-02T15:19:49.865+0000 7fd74796f700 1 -- --> [v2:172.21.15.64:3300/0,v1:172.21.15.64:6789/0] -- mon_getmap magic: 0 v1 -- 0x7fd740071640 con 0x7fd740071230
2024-04-02T15:19:55.512 INFO:teuthology.orchestra.run.smithi064.stdout:/usr/bin/ceph: stderr
2024-04-02T15:19:49.865+0000 7fd74570b700 1 --2- >> [v2:172.21.15.64:3300/0,v1:172.21.15.64:6789/0] conn(0x7fd740071230 0x7fd740105560 unknown :-1 s=BANNER_CONNECTING pgs=0 cs=0 l=0 rev1=0 crypto rx=0 tx=0 comp rx=0 tx=0)._handle_peer_banner_payload supported=3 required=0
2024-04-02T15:19:55.512 INFO:teuthology.orchestra.run.smithi064.stdout:/usr/bin/ceph: stderr
2024-04-02T15:19:49.865+0000 7fd74570b700 1 --2- >> [v2:172.21.15.64:3300/0,v1:172.21.15.64:6789/0] conn(0x7fd740071230 0x7fd740105560 unknown :-1 s=HELLO_CONNECTING pgs=0 cs=0 l=0 rev1=1 crypto rx=0 tx=0 comp rx=0 tx=0).handle_hello peer v2:172.21.15.64:3300/0 says I am v2:172.21.15.64:49754/0 (socket says 172.21.15.64:49754)
2024-04-02T15:19:55.512 INFO:teuthology.orchestra.run.smithi064.stdout:/usr/bin/ceph: stderr
2024-04-02T15:19:49.865+0000 7fd74570b700 1 -- 172.21.15.64:0/1566786834 learned_addr learned my addr 172.21.15.64:0/1566786834 (peer_addr_for_me v2:172.21.15.64:0/0)
2024-04-02T15:19:55.512 INFO:teuthology.orchestra.run.smithi064.stdout:/usr/bin/ceph: stderr
2024-04-02T15:19:49.865+0000 7fd74570b700 1 -- 172.21.15.64:0/1566786834 --> [v2:172.21.15.64:3300/0,v1:172.21.15.64:6789/0] -- mon_subscribe({config=0+,monmap=0+}) v3 -- 0x7fd740105aa0 con 0x7fd740071230
2024-04-02T15:19:55.512 INFO:teuthology.orchestra.run.smithi064.stdout:/usr/bin/ceph: stderr
2024-04-02T15:19:49.865+0000 7fd74570b700 1 --2- 172.21.15.64:0/1566786834 >> [v2:172.21.15.64:3300/0,v1:172.21.15.64:6789/0] conn(0x7fd740071230 0x7fd740105560 secure :-1 s=READY pgs=71 cs=0 l=1 rev1=1 crypto rx=0x7fd73c0098e0 tx=0x7fd73c009250 comp rx=0 tx=0).ready entity=mon.0 client_cookie=2660b6af957147e5 server_cookie=0 in_seq=0 out_seq=0
2024-04-02T15:19:55.512 INFO:teuthology.orchestra.run.smithi064.stdout:/usr/bin/ceph: stderr
2024-04-02T15:19:49.866+0000 7fd737fff700 1 -- 172.21.15.64:0/1566786834 <== mon.0 v2:172.21.15.64:3300/0 1 ==== mon_map magic: 0 v1 ==== 229+0+0 (secure 0 0 0) 0x7fd73c00b860 con 0x7fd740071230
2024-04-02T15:19:55.512 INFO:teuthology.orchestra.run.smithi064.stdout:/usr/bin/ceph: stderr
2024-04-02T15:19:49.866+0000 7fd737fff700 1 -- 172.21.15.64:0/1566786834 <== mon.0 v2:172.21.15.64:3300/0 2 ==== config(27 keys) v1 ==== 1109+0+0 (secure 0 0 0) 0x7fd73c00be90 con 0x7fd740071230
2024-04-02T15:19:55.512 INFO:teuthology.orchestra.run.smithi064.stdout:/usr/bin/ceph: stderr
2024-04-02T15:19:49.866+0000 7fd737fff700 1 -- 172.21.15.64:0/1566786834 <== mon.0 v2:172.21.15.64:3300/0 3 ==== mon_map magic: 0 v1 ==== 229+0+0 (secure 0 0 0) 0x7fd73c0103c0 con 0x7fd740071230
2024-04-02T15:19:55.512 INFO:teuthology.orchestra.run.smithi064.stdout:/usr/bin/ceph: stderr
2024-04-02T15:19:49.866+0000 7fd74796f700 1 -- 172.21.15.64:0/1566786834 >> [v2:172.21.15.64:3300/0,v1:172.21.15.64:6789/0] conn(0x7fd740071230 msgr2=0x7fd740105560 secure :-1 s=STATE_CONNECTION_ESTABLISHED l=1).mark_down
2024-04-02T15:19:55.512 INFO:teuthology.orchestra.run.smithi064.stdout:/usr/bin/ceph: stderr
2024-04-02T15:19:49.866+0000 7fd74796f700 1 --2- 172.21.15.64:0/1566786834 >> [v2:172.21.15.64:3300/0,v1:172.21.15.64:6789/0] conn(0x7fd740071230 0x7fd740105560 secure :-1 s=READY pgs=71 cs=0 l=1 rev1=1 crypto rx=0x7fd73c0098e0 tx=0x7fd73c009250 comp rx=0 tx=0).stop
2024-04-02T15:19:55.512 INFO:teuthology.orchestra.run.smithi064.stdout:/usr/bin/ceph: stderr
2024-04-02T15:19:49.866+0000 7fd74796f700 1 -- 172.21.15.64:0/1566786834 shutdown_connections
2024-04-02T15:19:55.512 INFO:teuthology.orchestra.run.smithi064.stdout:/usr/bin/ceph: stderr
2024-04-02T15:19:49.866+0000 7fd74796f700 1 --2- 172.21.15.64:0/1566786834 >> [v2:172.21.15.64:3300/0,v1:172.21.15.64:6789/0] conn(0x7fd740071230 0x7fd740105560 unknown :-1 s=CLOSED pgs=71 cs=0 l=1 rev1=1 crypto rx=0 tx=0 comp rx=0 tx=0).stop
2024-04-02T15:19:55.513 INFO:teuthology.orchestra.run.smithi064.stdout:/usr/bin/ceph: stderr
2024-04-02T15:19:49.866+0000 7fd74796f700 1 -- 172.21.15.64:0/1566786834 >> 172.21.15.64:0/1566786834 conn(0x7fd7400fcfb0 msgr2=0x7fd7400ff3c0 unknown :-1 s=STATE_NONE l=0).mark_down
2024-04-02T15:19:55.513 INFO:teuthology.orchestra.run.smithi064.stdout:/usr/bin/ceph: stderr
2024-04-02T15:19:49.866+0000 7fd74796f700 1 -- 172.21.15.64:0/1566786834 shutdown_connections
2024-04-02T15:19:55.513 INFO:teuthology.orchestra.run.smithi064.stdout:/usr/bin/ceph: stderr
2024-04-02T15:19:49.866+0000 7fd74796f700 1 -- 172.21.15.64:0/1566786834 wait complete.
2024-04-02T15:19:55.513 INFO:teuthology.orchestra.run.smithi064.stdout:/usr/bin/ceph: stderr
2024-04-02T15:19:49.867+0000 7fd74796f700 1 Processor -- start
2024-04-02T15:19:55.513 INFO:teuthology.orchestra.run.smithi064.stdout:/usr/bin/ceph: stderr
2024-04-02T15:19:49.867+0000 7fd74796f700 1 -- start start
2024-04-02T15:19:55.513 INFO:teuthology.orchestra.run.smithi064.stdout:/usr/bin/ceph: stderr
2024-04-02T15:19:49.867+0000 7fd74796f700 1 --2- >> [v2:172.21.15.64:3300/0,v1:172.21.15.64:6789/0] conn(0x7fd740071230 0x7fd740111770 unknown :-1 s=NONE pgs=0 cs=0 l=1 rev1=0 crypto rx=0 tx=0 comp rx=0 tx=0).connect
2024-04-02T15:19:55.513 INFO:teuthology.orchestra.run.smithi064.stdout:/usr/bin/ceph: stderr
2024-04-02T15:19:49.867+0000 7fd74796f700 1 -- --> [v2:172.21.15.64:3300/0,v1:172.21.15.64:6789/0] -- mon_getmap magic: 0 v1 -- 0x7fd740111cb0 con 0x7fd740071230
2024-04-02T15:19:55.513 INFO:teuthology.orchestra.run.smithi064.stdout:/usr/bin/ceph: stderr
2024-04-02T15:19:49.867+0000 7fd74570b700 1 --2- >> [v2:172.21.15.64:3300/0,v1:172.21.15.64:6789/0] conn(0x7fd740071230 0x7fd740111770 unknown :-1 s=BANNER_CONNECTING pgs=0 cs=0 l=1 rev1=0 crypto rx=0 tx=0 comp rx=0 tx=0)._handle_peer_banner_payload supported=3 required=0
2024-04-02T15:19:55.513 INFO:teuthology.orchestra.run.smithi064.stdout:/usr/bin/ceph: stderr
2024-04-02T15:19:49.867+0000 7fd74570b700 1 --2- >> [v2:172.21.15.64:3300/0,v1:172.21.15.64:6789/0] conn(0x7fd740071230 0x7fd740111770 unknown :-1 s=HELLO_CONNECTING pgs=0 cs=0 l=1 rev1=1 crypto rx=0 tx=0 comp rx=0 tx=0).handle_hello peer v2:172.21.15.64:3300/0 says I am v2:172.21.15.64:49762/0 (socket says 172.21.15.64:49762)
2024-04-02T15:19:55.513 INFO:teuthology.orchestra.run.smithi064.stdout:/usr/bin/ceph: stderr
2024-04-02T15:19:49.867+0000 7fd74570b700 1 -- 172.21.15.64:0/4224820920 learned_addr learned my addr 172.21.15.64:0/4224820920 (peer_addr_for_me v2:172.21.15.64:0/0)
2024-04-02T15:19:55.513 INFO:teuthology.orchestra.run.smithi064.stdout:/usr/bin/ceph: stderr
2024-04-02T15:19:49.868+0000 7fd74570b700 1 -- 172.21.15.64:0/4224820920 --> [v2:172.21.15.64:3300/0,v1:172.21.15.64:6789/0] -- mon_subscribe({config=0+,monmap=0+}) v3 -- 0x7fd73c0094f0 con 0x7fd740071230
2024-04-02T15:19:55.513 INFO:teuthology.orchestra.run.smithi064.stdout:/usr/bin/ceph: stderr
2024-04-02T15:19:49.868+0000 7fd74570b700 1 --2- 172.21.15.64:0/4224820920 >> [v2:172.21.15.64:3300/0,v1:172.21.15.64:6789/0] conn(0x7fd740071230 0x7fd740111770 secure :-1 s=READY pgs=72 cs=0 l=1 rev1=1 crypto rx=0x7fd73c0094c0 tx=0x7fd73c009250 comp rx=0 tx=0).ready entity=mon.0 client_cookie=0 server_cookie=0 in_seq=0 out_seq=0
2024-04-02T15:19:55.513 INFO:teuthology.orchestra.run.smithi064.stdout:/usr/bin/ceph: stderr
2024-04-02T15:19:49.868+0000 7fd735ffb700 1 -- 172.21.15.64:0/4224820920 <== mon.0 v2:172.21.15.64:3300/0 1 ==== mon_map magic: 0 v1 ==== 229+0+0 (secure 0 0 0) 0x7fd73c0118f0 con 0x7fd740071230
2024-04-02T15:19:55.513 INFO:teuthology.orchestra.run.smithi064.stdout:/usr/bin/ceph: stderr
2024-04-02T15:19:49.868+0000 7fd735ffb700 1 -- 172.21.15.64:0/4224820920 <== mon.0 v2:172.21.15.64:3300/0 2 ==== config(27 keys) v1 ==== 1109+0+0 (secure 0 0 0) 0x7fd73c010d60 con 0x7fd740071230
2024-04-02T15:19:55.514 INFO:teuthology.orchestra.run.smithi064.stdout:/usr/bin/ceph: stderr
2024-04-02T15:19:49.868+0000 7fd735ffb700 1 -- 172.21.15.64:0/4224820920 <== mon.0 v2:172.21.15.64:3300/0 3 ==== mon_map magic: 0 v1 ==== 229+0+0 (secure 0 0 0) 0x7fd73c01a430 con 0x7fd740071230
2024-04-02T15:19:55.514 INFO:teuthology.orchestra.run.smithi064.stdout:/usr/bin/ceph: stderr
2024-04-02T15:19:49.868+0000 7fd74796f700 1 -- 172.21.15.64:0/4224820920 --> [v2:172.21.15.64:3300/0,v1:172.21.15.64:6789/0] -- mon_subscribe({mgrmap=0+}) v3 -- 0x7fd740111eb0 con 0x7fd740071230
2024-04-02T15:19:55.514 INFO:teuthology.orchestra.run.smithi064.stdout:/usr/bin/ceph: stderr
2024-04-02T15:19:49.868+0000 7fd74796f700 1 -- 172.21.15.64:0/4224820920 --> [v2:172.21.15.64:3300/0,v1:172.21.15.64:6789/0] -- mon_subscribe({osdmap=0}) v3 -- 0x7fd740112a20 con 0x7fd740071230
2024-04-02T15:19:55.514 INFO:teuthology.orchestra.run.smithi064.stdout:/usr/bin/ceph: stderr
2024-04-02T15:19:49.869+0000 7fd735ffb700 1 -- 172.21.15.64:0/4224820920 <== mon.0 v2:172.21.15.64:3300/0 4 ==== mgrmap(e 9) v1 ==== 43381+0+0 (secure 0 0 0) 0x7fd73c01a590 con 0x7fd740071230
2024-04-02T15:19:55.514 INFO:teuthology.orchestra.run.smithi064.stdout:/usr/bin/ceph: stderr
2024-04-02T15:19:49.869+0000 7fd735ffb700 1 --2- 172.21.15.64:0/4224820920 >> [v2:172.21.15.64:6800/3178863872,v1:172.21.15.64:6801/3178863872] conn(0x7fd72c036830 0x7fd72c038ce0 unknown :-1 s=NONE pgs=0 cs=0 l=1 rev1=0 crypto rx=0 tx=0 comp rx=0 tx=0).connect
2024-04-02T15:19:55.514 INFO:teuthology.orchestra.run.smithi064.stdout:/usr/bin/ceph: stderr
2024-04-02T15:19:49.869+0000 7fd74796f700 1 -- 172.21.15.64:0/4224820920 --> [v2:172.21.15.64:6800/3178863872,v1:172.21.15.64:6801/3178863872] -- command(tid 0: {"prefix": "get_command_descriptions"}) v1 -- 0x7fd74005f5f0 con 0x7fd72c036830
2024-04-02T15:19:55.514 INFO:teuthology.orchestra.run.smithi064.stdout:/usr/bin/ceph: stderr
2024-04-02T15:19:49.869+0000 7fd735ffb700 1 -- 172.21.15.64:0/4224820920 <== mon.0 v2:172.21.15.64:3300/0 5 ==== osd_map(2..2 src has 1..2) v4 ==== 936+0+0 (secure 0 0 0) 0x7fd73c04a830 con 0x7fd740071230
2024-04-02T15:19:55.514 INFO:teuthology.orchestra.run.smithi064.stdout:/usr/bin/ceph: stderr
2024-04-02T15:19:49.869+0000 7fd744f0a700 1 -- 172.21.15.64:0/4224820920 >> [v2:172.21.15.64:6800/3178863872,v1:172.21.15.64:6801/3178863872] conn(0x7fd72c036830 msgr2=0x7fd72c038ce0 unknown :-1 s=STATE_CONNECTING_RE l=1).process reconnect failed to v2:172.21.15.64:6800/3178863872
2024-04-02T15:19:55.514 INFO:teuthology.orchestra.run.smithi064.stdout:/usr/bin/ceph: stderr
2024-04-02T15:19:49.869+0000 7fd744f0a700 1 --2- 172.21.15.64:0/4224820920 >> [v2:172.21.15.64:6800/3178863872,v1:172.21.15.64:6801/3178863872] conn(0x7fd72c036830 0x7fd72c038ce0 unknown :-1 s=START_CONNECT pgs=0 cs=0 l=1 rev1=0 crypto rx=0 tx=0 comp rx=0 tx=0)._fault waiting 0.200000
2024-04-02T15:19:55.514 INFO:teuthology.orchestra.run.smithi064.stdout:/usr/bin/ceph: stderr
2024-04-02T15:19:50.070+0000 7fd744f0a700 1 -- 172.21.15.64:0/4224820920 >> [v2:172.21.15.64:6800/3178863872,v1:172.21.15.64:6801/3178863872] conn(0x7fd72c036830 msgr2=0x7fd72c038ce0 unknown :-1 s=STATE_CONNECTING_RE l=1).process reconnect failed to v2:172.21.15.64:6800/3178863872
2024-04-02T15:19:55.514 INFO:teuthology.orchestra.run.smithi064.stdout:/usr/bin/ceph: stderr
2024-04-02T15:19:50.070+0000 7fd744f0a700 1 --2- 172.21.15.64:0/4224820920 >> [v2:172.21.15.64:6800/3178863872,v1:172.21.15.64:6801/3178863872] conn(0x7fd72c036830 0x7fd72c038ce0 unknown :-1 s=START_CONNECT pgs=0 cs=0 l=1 rev1=0 crypto rx=0 tx=0 comp rx=0 tx=0)._fault waiting 0.400000
2024-04-02T15:19:55.514 INFO:teuthology.orchestra.run.smithi064.stdout:/usr/bin/ceph: stderr
2024-04-02T15:19:50.471+0000 7fd744f0a700 1 -- 172.21.15.64:0/4224820920 >> [v2:172.21.15.64:6800/3178863872,v1:172.21.15.64:6801/3178863872] conn(0x7fd72c036830 msgr2=0x7fd72c038ce0 unknown :-1 s=STATE_CONNECTING_RE l=1).process reconnect failed to v2:172.21.15.64:6800/3178863872
2024-04-02T15:19:55.514 INFO:teuthology.orchestra.run.smithi064.stdout:/usr/bin/ceph: stderr
2024-04-02T15:19:50.471+0000 7fd744f0a700 1 --2- 172.21.15.64:0/4224820920 >> [v2:172.21.15.64:6800/3178863872,v1:172.21.15.64:6801/3178863872] conn(0x7fd72c036830 0x7fd72c038ce0 unknown :-1 s=START_CONNECT pgs=0 cs=0 l=1 rev1=0 crypto rx=0 tx=0 comp rx=0 tx=0)._fault waiting 0.800000
2024-04-02T15:19:55.515 INFO:teuthology.orchestra.run.smithi064.stdout:/usr/bin/ceph: stderr
2024-04-02T15:19:51.272+0000 7fd744f0a700 1 -- 172.21.15.64:0/4224820920 >> [v2:172.21.15.64:6800/3178863872,v1:172.21.15.64:6801/3178863872] conn(0x7fd72c036830 msgr2=0x7fd72c038ce0 unknown :-1 s=STATE_CONNECTING_RE l=1).process reconnect failed to v2:172.21.15.64:6800/3178863872
2024-04-02T15:19:55.515 INFO:teuthology.orchestra.run.smithi064.stdout:/usr/bin/ceph: stderr
2024-04-02T15:19:51.272+0000 7fd744f0a700 1 --2- 172.21.15.64:0/4224820920 >> [v2:172.21.15.64:6800/3178863872,v1:172.21.15.64:6801/3178863872] conn(0x7fd72c036830 0x7fd72c038ce0 unknown :-1 s=START_CONNECT pgs=0 cs=0 l=1 rev1=0 crypto rx=0 tx=0 comp rx=0 tx=0)._fault waiting 1.600000
2024-04-02T15:19:55.515 INFO:teuthology.orchestra.run.smithi064.stdout:/usr/bin/ceph: stderr
2024-04-02T15:19:52.873+0000 7fd744f0a700 1 -- 172.21.15.64:0/4224820920 >> [v2:172.21.15.64:6800/3178863872,v1:172.21.15.64:6801/3178863872] conn(0x7fd72c036830 msgr2=0x7fd72c038ce0 unknown :-1 s=STATE_CONNECTING_RE l=1).process reconnect failed to v2:172.21.15.64:6800/3178863872
2024-04-02T15:19:55.515 INFO:teuthology.orchestra.run.smithi064.stdout:/usr/bin/ceph: stderr
2024-04-02T15:19:52.873+0000 7fd744f0a700 1 --2- 172.21.15.64:0/4224820920 >> [v2:172.21.15.64:6800/3178863872,v1:172.21.15.64:6801/3178863872] conn(0x7fd72c036830 0x7fd72c038ce0 unknown :-1 s=START_CONNECT pgs=0 cs=0 l=1 rev1=0 crypto rx=0 tx=0 comp rx=0 tx=0)._fault waiting 3.200000
2024-04-02T15:19:55.515 INFO:teuthology.orchestra.run.smithi064.stdout:/usr/bin/ceph: stderr
2024-04-02T15:19:53.880+0000 7fd735ffb700 1 -- 172.21.15.64:0/4224820920 <== mon.0 v2:172.21.15.64:3300/0 6 ==== mgrmap(e 10) v1 ==== 43148+0+0 (secure 0 0 0) 0x7fd73c024440 con 0x7fd740071230
2024-04-02T15:19:55.515 INFO:teuthology.orchestra.run.smithi064.stdout:/usr/bin/ceph: stderr
2024-04-02T15:19:53.880+0000 7fd735ffb700 1 -- 172.21.15.64:0/4224820920 >> [v2:172.21.15.64:6800/3178863872,v1:172.21.15.64:6801/3178863872] conn(0x7fd72c036830 msgr2=0x7fd72c038ce0 unknown :-1 s=STATE_CONNECTING l=1).mark_down
2024-04-02T15:19:55.515 INFO:teuthology.orchestra.run.smithi064.stdout:/usr/bin/ceph: stderr
2024-04-02T15:19:53.880+0000 7fd735ffb700 1 --2- 172.21.15.64:0/4224820920 >> [v2:172.21.15.64:6800/3178863872,v1:172.21.15.64:6801/3178863872] conn(0x7fd72c036830 0x7fd72c038ce0 unknown :-1 s=START_CONNECT pgs=0 cs=0 l=1 rev1=0 crypto rx=0 tx=0 comp rx=0 tx=0).stop
2024-04-02T15:19:55.515 INFO:teuthology.orchestra.run.smithi064.stdout:/usr/bin/ceph: stderr
2024-04-02T15:19:54.881+0000 7fd735ffb700 1 -- 172.21.15.64:0/4224820920 <== mon.0 v2:172.21.15.64:3300/0 7 ==== mgrmap(e 11) v1 ==== 43275+0+0 (secure 0 0 0) 0x7fd73c024760 con 0x7fd740071230
2024-04-02T15:19:55.515 INFO:teuthology.orchestra.run.smithi064.stdout:/usr/bin/ceph: stderr
2024-04-02T15:19:54.881+0000 7fd735ffb700 1 --2- 172.21.15.64:0/4224820920 >> [v2:172.21.15.64:6800/1945896909,v1:172.21.15.64:6801/1945896909] conn(0x7fd72c039ff0 0x7fd72c03c3d0 unknown :-1 s=NONE pgs=0 cs=0 l=1 rev1=0 crypto rx=0 tx=0 comp rx=0 tx=0).connect
2024-04-02T15:19:55.515 INFO:teuthology.orchestra.run.smithi064.stdout:/usr/bin/ceph: stderr
2024-04-02T15:19:54.881+0000 7fd735ffb700 1 -- 172.21.15.64:0/4224820920 --> [v2:172.21.15.64:6800/1945896909,v1:172.21.15.64:6801/1945896909] -- command(tid 0: {"prefix": "get_command_descriptions"}) v1 -- 0x7fd74005f5f0 con 0x7fd72c039ff0
2024-04-02T15:19:55.515 INFO:teuthology.orchestra.run.smithi064.stdout:/usr/bin/ceph: stderr
2024-04-02T15:19:54.882+0000 7fd744f0a700 1 --2- 172.21.15.64:0/4224820920 >> [v2:172.21.15.64:6800/1945896909,v1:172.21.15.64:6801/1945896909] conn(0x7fd72c039ff0 0x7fd72c03c3d0 unknown :-1 s=BANNER_CONNECTING pgs=0 cs=0 l=1 rev1=0 crypto rx=0 tx=0 comp rx=0 tx=0)._handle_peer_banner_payload supported=3 required=0
2024-04-02T15:19:55.515 INFO:teuthology.orchestra.run.smithi064.stdout:/usr/bin/ceph: stderr
2024-04-02T15:19:54.883+0000 7fd744f0a700 1 --2- 172.21.15.64:0/4224820920 >> [v2:172.21.15.64:6800/1945896909,v1:172.21.15.64:6801/1945896909] conn(0x7fd72c039ff0 0x7fd72c03c3d0 secure :-1 s=READY pgs=2 cs=0 l=1 rev1=1 crypto rx=0x7fd7300039d0 tx=0x7fd730009350 comp rx=0 tx=0).ready entity=mgr.14162 client_cookie=0 server_cookie=0 in_seq=0 out_seq=0
2024-04-02T15:19:55.515 INFO:teuthology.orchestra.run.smithi064.stdout:/usr/bin/ceph: stderr
2024-04-02T15:19:54.883+0000 7fd735ffb700 1 -- 172.21.15.64:0/4224820920 <== mgr.14162 v2:172.21.15.64:6800/1945896909 1 ==== command_reply(tid 0: 0 ) v1 ==== 8+0+6549 (secure 0 0 0) 0x7fd74005f5f0 con 0x7fd72c039ff0
2024-04-02T15:19:55.515 INFO:teuthology.orchestra.run.smithi064.stdout:/usr/bin/ceph: stderr
2024-04-02T15:19:54.889+0000 7fd74796f700 1 -- 172.21.15.64:0/4224820920 --> [v2:172.21.15.64:6800/1945896909,v1:172.21.15.64:6801/1945896909] -- command(tid 1: {"prefix": "mgr_status"}) v1 -- 0x7fd740112340 con 0x7fd72c039ff0
2024-04-02T15:19:55.516 INFO:teuthology.orchestra.run.smithi064.stdout:/usr/bin/ceph: stderr
2024-04-02T15:19:54.889+0000 7fd735ffb700 1 -- 172.21.15.64:0/4224820920 <== mgr.14162 v2:172.21.15.64:6800/1945896909 2 ==== command_reply(tid 1: 0 ) v1 ==== 8+0+52 (secure 0 0 0) 0x7fd740112340 con 0x7fd72c039ff0
2024-04-02T15:19:55.516 INFO:teuthology.orchestra.run.smithi064.stdout:/usr/bin/ceph: stderr
2024-04-02T15:19:54.890+0000 7fd74796f700 1 -- 172.21.15.64:0/4224820920 >> [v2:172.21.15.64:6800/1945896909,v1:172.21.15.64:6801/1945896909] conn(0x7fd72c039ff0 msgr2=0x7fd72c03c3d0 secure :-1 s=STATE_CONNECTION_ESTABLISHED l=1).mark_down
2024-04-02T15:19:55.516 INFO:teuthology.orchestra.run.smithi064.stdout:/usr/bin/ceph: stderr
2024-04-02T15:19:54.890+0000 7fd74796f700 1 --2- 172.21.15.64:0/4224820920 >> [v2:172.21.15.64:6800/1945896909,v1:172.21.15.64:6801/1945896909] conn(0x7fd72c039ff0 0x7fd72c03c3d0 secure :-1 s=READY pgs=2 cs=0 l=1 rev1=1 crypto rx=0x7fd7300039d0 tx=0x7fd730009350 comp rx=0 tx=0).stop
2024-04-02T15:19:55.516 INFO:teuthology.orchestra.run.smithi064.stdout:/usr/bin/ceph: stderr
2024-04-02T15:19:54.890+0000 7fd74796f700 1 -- 172.21.15.64:0/4224820920 >> [v2:172.21.15.64:3300/0,v1:172.21.15.64:6789/0] conn(0x7fd740071230 msgr2=0x7fd740111770 secure :-1 s=STATE_CONNECTION_ESTABLISHED l=1).mark_down
2024-04-02T15:19:55.516 INFO:teuthology.orchestra.run.smithi064.stdout:/usr/bin/ceph: stderr
2024-04-02T15:19:54.890+0000 7fd74796f700 1 --2- 172.21.15.64:0/4224820920 >> [v2:172.21.15.64:3300/0,v1:172.21.15.64:6789/0] conn(0x7fd740071230 0x7fd740111770 secure :-1 s=READY pgs=72 cs=0 l=1 rev1=1 crypto rx=0x7fd73c0094c0 tx=0x7fd73c009250 comp rx=0 tx=0).stop
2024-04-02T15:19:55.516 INFO:teuthology.orchestra.run.smithi064.stdout:/usr/bin/ceph: stderr
2024-04-02T15:19:54.890+0000 7fd74796f700 1 -- 172.21.15.64:0/4224820920 shutdown_connections
2024-04-02T15:19:55.516 INFO:teuthology.orchestra.run.smithi064.stdout:/usr/bin/ceph: stderr
2024-04-02T15:19:54.890+0000 7fd74796f700 1 --2- 172.21.15.64:0/4224820920 >> [v2:172.21.15.64:6800/1945896909,v1:172.21.15.64:6801/1945896909] conn(0x7fd72c039ff0 0x7fd72c03c3d0 unknown :-1 s=CLOSED pgs=2 cs=0 l=1 rev1=1 crypto rx=0 tx=0 comp rx=0 tx=0).stop
2024-04-02T15:19:55.516 INFO:teuthology.orchestra.run.smithi064.stdout:/usr/bin/ceph: stderr
2024-04-02T15:19:54.890+0000 7fd74796f700 1 --2- 172.21.15.64:0/4224820920 >> [v2:172.21.15.64:3300/0,v1:172.21.15.64:6789/0] conn(0x7fd740071230 0x7fd740111770 unknown :-1 s=CLOSED pgs=72 cs=0 l=1 rev1=1 crypto rx=0 tx=0 comp rx=0 tx=0).stop
2024-04-02T15:19:55.516 INFO:teuthology.orchestra.run.smithi064.stdout:/usr/bin/ceph: stderr
2024-04-02T15:19:54.890+0000 7fd74796f700 1 --2- 172.21.15.64:0/4224820920 >> [v2:172.21.15.64:6800/3178863872,v1:172.21.15.64:6801/3178863872] conn(0x7fd72c036830 0x7fd72c038ce0 unknown :-1 s=CLOSED pgs=0 cs=0 l=1 rev1=0 crypto rx=0 tx=0 comp rx=0 tx=0).stop
2024-04-02T15:19:55.516 INFO:teuthology.orchestra.run.smithi064.stdout:/usr/bin/ceph: stderr
2024-04-02T15:19:54.890+0000 7fd74796f700 1 -- 172.21.15.64:0/4224820920 >> 172.21.15.64:0/4224820920 conn(0x7fd7400fcfb0 msgr2=0x7fd7400fdb90 unknown :-1 s=STATE_NONE l=0).mark_down
2024-04-02T15:19:55.516 INFO:teuthology.orchestra.run.smithi064.stdout:/usr/bin/ceph: stderr
2024-04-02T15:19:54.890+0000 7fd74796f700 1 -- 172.21.15.64:0/4224820920 shutdown_connections
2024-04-02T15:19:55.516 INFO:teuthology.orchestra.run.smithi064.stdout:/usr/bin/ceph: stderr
2024-04-02T15:19:54.890+0000 7fd74796f700 1 -- 172.21.15.64:0/4224820920 wait complete.
2024-04-02T15:19:55.516 INFO:teuthology.orchestra.run.smithi064.stdout:mgr epoch 9 is available
2024-04-02T15:19:55.517 INFO:teuthology.orchestra.run.smithi064.stdout:Generating a dashboard self-signed certificate...
2024-04-02T15:19:56.018 INFO:journalctl@ceph.mon.smithi064.smithi064.stdout:Apr 02 15:19:55 smithi064 ceph-mon[29279]: from='client.14166 -' entity='client.admin' cmd=[{"prefix": "get_command_descriptions"}]: dispatch
2024-04-02T15:19:56.018 INFO:journalctl@ceph.mon.smithi064.smithi064.stdout:Apr 02 15:19:55 smithi064 ceph-mon[29279]: mgrmap e11: smithi064.oufpls(active, since 1.00534s)
2024-04-02T15:19:56.018 INFO:journalctl@ceph.mon.smithi064.smithi064.stdout:Apr 02 15:19:55 smithi064 ceph-mon[29279]: from='client.14166 -' entity='client.admin' cmd=[{"prefix": "mgr_status"}]: dispatch
2024-04-02T15:19:56.018 INFO:journalctl@ceph.mon.smithi064.smithi064.stdout:Apr 02 15:19:55 smithi064 ceph-mon[29279]: from='mgr.14162 172.21.15.64:0/186672080' entity='mgr.smithi064.oufpls'
2024-04-02T15:19:56.887 INFO:teuthology.orchestra.run.smithi064.stdout:/usr/bin/ceph: stdout Self-signed certificate created
2024-04-02T15:19:56.888 INFO:teuthology.orchestra.run.smithi064.stdout:/usr/bin/ceph: stderr
2024-04-02T15:19:55.946+0000 7f6a7447b700 1 Processor -- start
2024-04-02T15:19:56.888 INFO:teuthology.orchestra.run.smithi064.stdout:/usr/bin/ceph: stderr
2024-04-02T15:19:55.946+0000 7f6a7447b700 1 -- start start
2024-04-02T15:19:56.888 INFO:teuthology.orchestra.run.smithi064.stdout:/usr/bin/ceph: stderr
2024-04-02T15:19:55.946+0000 7f6a7447b700 1 --2- >> [v2:172.21.15.64:3300/0,v1:172.21.15.64:6789/0] conn(0x7f6a6c076af0 0x7f6a6c1055a0 unknown :-1 s=NONE pgs=0 cs=0 l=0 rev1=0 crypto rx=0 tx=0 comp rx=0 tx=0).connect
2024-04-02T15:19:56.888 INFO:teuthology.orchestra.run.smithi064.stdout:/usr/bin/ceph: stderr
2024-04-02T15:19:55.946+0000 7f6a7447b700 1 -- --> [v2:172.21.15.64:3300/0,v1:172.21.15.64:6789/0] -- mon_getmap magic: 0 v1 -- 0x7f6a6c076f00 con 0x7f6a6c076af0
2024-04-02T15:19:56.888 INFO:teuthology.orchestra.run.smithi064.stdout:/usr/bin/ceph: stderr
2024-04-02T15:19:55.946+0000 7f6a72217700 1 --2- >> [v2:172.21.15.64:3300/0,v1:172.21.15.64:6789/0] conn(0x7f6a6c076af0 0x7f6a6c1055a0 unknown :-1 s=BANNER_CONNECTING pgs=0 cs=0 l=0 rev1=0 crypto rx=0 tx=0 comp rx=0 tx=0)._handle_peer_banner_payload supported=3 required=0
2024-04-02T15:19:56.888 INFO:teuthology.orchestra.run.smithi064.stdout:/usr/bin/ceph: stderr
