2024-05-15T15:58:56.687 INFO:teuthology.orchestra.run.smithi117.stdout:/usr/bin/ceph: stderr
2024-05-15T15:58:55.924+0000 7fa0a1ffb700 1 -- 172.21.15.117:0/1366212890 <== mon.0 v2:172.21.15.117:3300/0 1 ==== mon_map magic: 0 v1 ==== 229+0+0 (secure 0 0 0) 0x7fa0980038b0 con 0x7fa0a41055d0
2024-05-15T15:58:56.687 INFO:teuthology.orchestra.run.smithi117.stdout:/usr/bin/ceph: stderr
2024-05-15T15:58:55.924+0000 7fa0a1ffb700 1 -- 172.21.15.117:0/1366212890 <== mon.0 v2:172.21.15.117:3300/0 2 ==== config(27 keys) v1 ==== 1109+0+0 (secure 0 0 0) 0x7fa098003a10 con 0x7fa0a41055d0
2024-05-15T15:58:56.687 INFO:teuthology.orchestra.run.smithi117.stdout:/usr/bin/ceph: stderr
2024-05-15T15:58:55.924+0000 7fa0aac47700 1 -- 172.21.15.117:0/1366212890 --> [v2:172.21.15.117:3300/0,v1:172.21.15.117:6789/0] -- mon_subscribe({mgrmap=0+}) v3 -- 0x7fa0a418eda0 con 0x7fa0a41055d0
2024-05-15T15:58:56.687 INFO:teuthology.orchestra.run.smithi117.stdout:/usr/bin/ceph: stderr
2024-05-15T15:58:55.924+0000 7fa0a1ffb700 1 -- 172.21.15.117:0/1366212890 <== mon.0 v2:172.21.15.117:3300/0 3 ==== mon_map magic: 0 v1 ==== 229+0+0 (secure 0 0 0) 0x7fa098019770 con 0x7fa0a41055d0
2024-05-15T15:58:56.687 INFO:teuthology.orchestra.run.smithi117.stdout:/usr/bin/ceph: stderr
2024-05-15T15:58:55.924+0000 7fa0aac47700 1 -- 172.21.15.117:0/1366212890 --> [v2:172.21.15.117:3300/0,v1:172.21.15.117:6789/0] -- mon_subscribe({osdmap=0}) v3 -- 0x7fa0a418f240 con 0x7fa0a41055d0
2024-05-15T15:58:56.687 INFO:teuthology.orchestra.run.smithi117.stdout:/usr/bin/ceph: stderr
2024-05-15T15:58:55.925+0000 7fa0a1ffb700 1 -- 172.21.15.117:0/1366212890 <== mon.0 v2:172.21.15.117:3300/0 4 ==== mgrmap(e 8) v1 ==== 45556+0+0 (secure 0 0 0) 0x7fa0980198d0 con 0x7fa0a41055d0
2024-05-15T15:58:56.687 INFO:teuthology.orchestra.run.smithi117.stdout:/usr/bin/ceph: stderr
2024-05-15T15:58:55.925+0000 7fa0a1ffb700 1 --2- 172.21.15.117:0/1366212890 >> [v2:172.21.15.117:6800/1030087078,v1:172.21.15.117:6801/1030087078] conn(0x7fa0940387f0 0x7fa09403acb0 unknown :-1 s=NONE pgs=0 cs=0 l=1 rev1=0 crypto rx=0 tx=0 comp rx=0 tx=0).connect
2024-05-15T15:58:56.687 INFO:teuthology.orchestra.run.smithi117.stdout:/usr/bin/ceph: stderr
2024-05-15T15:58:55.925+0000 7fa0a1ffb700 1 -- 172.21.15.117:0/1366212890 <== mon.0 v2:172.21.15.117:3300/0 5 ==== osd_map(2..2 src has 1..2) v4 ==== 940+0+0 (secure 0 0 0) 0x7fa09804c7c0 con 0x7fa0a41055d0
2024-05-15T15:58:56.687 INFO:teuthology.orchestra.run.smithi117.stdout:/usr/bin/ceph: stderr
2024-05-15T15:58:55.925+0000 7fa0aac47700 1 -- 172.21.15.117:0/1366212890 --> [v2:172.21.15.117:3300/0,v1:172.21.15.117:6789/0] -- mon_command({"prefix": "get_command_descriptions"} v 0) v1 -- 0x7fa0a418fc50 con 0x7fa0a41055d0
2024-05-15T15:58:56.687 INFO:teuthology.orchestra.run.smithi117.stdout:/usr/bin/ceph: stderr
2024-05-15T15:58:55.925+0000 7fa0a3fff700 1 --2- 172.21.15.117:0/1366212890 >> [v2:172.21.15.117:6800/1030087078,v1:172.21.15.117:6801/1030087078] conn(0x7fa0940387f0 0x7fa09403acb0 unknown :-1 s=BANNER_CONNECTING pgs=0 cs=0 l=1 rev1=0 crypto rx=0 tx=0 comp rx=0 tx=0)._handle_peer_banner_payload supported=3 required=0
2024-05-15T15:58:56.687 INFO:teuthology.orchestra.run.smithi117.stdout:/usr/bin/ceph: stderr
2024-05-15T15:58:55.926+0000 7fa0a3fff700 1 --2- 172.21.15.117:0/1366212890 >> [v2:172.21.15.117:6800/1030087078,v1:172.21.15.117:6801/1030087078] conn(0x7fa0940387f0 0x7fa09403acb0 secure :-1 s=READY pgs=18 cs=0 l=1 rev1=1 crypto rx=0x7fa090006fd0 tx=0x7fa090006e40 comp rx=0 tx=0).ready entity=mgr.14120 client_cookie=0 server_cookie=0 in_seq=0 out_seq=0
2024-05-15T15:58:56.687 INFO:teuthology.orchestra.run.smithi117.stdout:/usr/bin/ceph: stderr
2024-05-15T15:58:55.930+0000 7fa0a1ffb700 1 -- 172.21.15.117:0/1366212890 <== mon.0 v2:172.21.15.117:3300/0 6 ==== mon_command_ack([{"prefix": "get_command_descriptions"}]=0 v0) v1 ==== 72+0+183622 (secure 0 0 0) 0x7fa098019b80 con 0x7fa0a41055d0
2024-05-15T15:58:56.687 INFO:teuthology.orchestra.run.smithi117.stdout:/usr/bin/ceph: stderr
2024-05-15T15:58:56.145+0000 7fa0aac47700 1 -- 172.21.15.117:0/1366212890 --> [v2:172.21.15.117:6800/1030087078,v1:172.21.15.117:6801/1030087078] -- mgr_command(tid 0: {"prefix": "orch apply", "service_type": "node-exporter", "target": ["mon-mgr", ""]}) v1 -- 0x7fa0a4194090 con 0x7fa0940387f0
2024-05-15T15:58:56.688 INFO:teuthology.orchestra.run.smithi117.stdout:/usr/bin/ceph: stderr
2024-05-15T15:58:56.150+0000 7fa0a1ffb700 1 -- 172.21.15.117:0/1366212890 <== mgr.14120 v2:172.21.15.117:6800/1030087078 1 ==== mgr_command_reply(tid 0: 0 ) v1 ==== 8+0+34 (secure 0 0 0) 0x7fa0a4194090 con 0x7fa0940387f0
2024-05-15T15:58:56.688 INFO:teuthology.orchestra.run.smithi117.stdout:/usr/bin/ceph: stderr
2024-05-15T15:58:56.153+0000 7fa0aac47700 1 -- 172.21.15.117:0/1366212890 >> [v2:172.21.15.117:6800/1030087078,v1:172.21.15.117:6801/1030087078] conn(0x7fa0940387f0 msgr2=0x7fa09403acb0 secure :-1 s=STATE_CONNECTION_ESTABLISHED l=1).mark_down
2024-05-15T15:58:56.688 INFO:teuthology.orchestra.run.smithi117.stdout:/usr/bin/ceph: stderr
2024-05-15T15:58:56.153+0000 7fa0aac47700 1 --2- 172.21.15.117:0/1366212890 >> [v2:172.21.15.117:6800/1030087078,v1:172.21.15.117:6801/1030087078] conn(0x7fa0940387f0 0x7fa09403acb0 secure :-1 s=READY pgs=18 cs=0 l=1 rev1=1 crypto rx=0x7fa090006fd0 tx=0x7fa090006e40 comp rx=0 tx=0).stop
2024-05-15T15:58:56.688 INFO:teuthology.orchestra.run.smithi117.stdout:/usr/bin/ceph: stderr
2024-05-15T15:58:56.153+0000 7fa0aac47700 1 -- 172.21.15.117:0/1366212890 >> [v2:172.21.15.117:3300/0,v1:172.21.15.117:6789/0] conn(0x7fa0a41055d0 msgr2=0x7fa0a4190620 secure :-1 s=STATE_CONNECTION_ESTABLISHED l=1).mark_down
2024-05-15T15:58:56.688 INFO:teuthology.orchestra.run.smithi117.stdout:/usr/bin/ceph: stderr
2024-05-15T15:58:56.153+0000 7fa0aac47700 1 --2- 172.21.15.117:0/1366212890 >> [v2:172.21.15.117:3300/0,v1:172.21.15.117:6789/0] conn(0x7fa0a41055d0 0x7fa0a4190620 secure :-1 s=READY pgs=60 cs=0 l=1 rev1=1 crypto rx=0x7fa098009fb0 tx=0x7fa098011890 comp rx=0 tx=0).stop
2024-05-15T15:58:56.688 INFO:teuthology.orchestra.run.smithi117.stdout:/usr/bin/ceph: stderr
2024-05-15T15:58:56.153+0000 7fa0aac47700 1 -- 172.21.15.117:0/1366212890 shutdown_connections
2024-05-15T15:58:56.688 INFO:teuthology.orchestra.run.smithi117.stdout:/usr/bin/ceph: stderr
2024-05-15T15:58:56.153+0000 7fa0aac47700 1 --2- 172.21.15.117:0/1366212890 >> [v2:172.21.15.117:6800/1030087078,v1:172.21.15.117:6801/1030087078] conn(0x7fa0940387f0 0x7fa09403acb0 unknown :-1 s=CLOSED pgs=18 cs=0 l=1 rev1=1 crypto rx=0 tx=0 comp rx=0 tx=0).stop
2024-05-15T15:58:56.688 INFO:teuthology.orchestra.run.smithi117.stdout:/usr/bin/ceph: stderr
2024-05-15T15:58:56.153+0000 7fa0aac47700 1 --2- 172.21.15.117:0/1366212890 >> [v2:172.21.15.117:3300/0,v1:172.21.15.117:6789/0] conn(0x7fa0a41055d0 0x7fa0a4190620 unknown :-1 s=CLOSED pgs=60 cs=0 l=1 rev1=1 crypto rx=0 tx=0 comp rx=0 tx=0).stop
2024-05-15T15:58:56.688 INFO:teuthology.orchestra.run.smithi117.stdout:/usr/bin/ceph: stderr
2024-05-15T15:58:56.153+0000 7fa0aac47700 1 -- 172.21.15.117:0/1366212890 >> 172.21.15.117:0/1366212890 conn(0x7fa0a4100b70 msgr2=0x7fa0a4101a10 unknown :-1 s=STATE_NONE l=0).mark_down
2024-05-15T15:58:56.688 INFO:teuthology.orchestra.run.smithi117.stdout:/usr/bin/ceph: stderr
2024-05-15T15:58:56.153+0000 7fa0aac47700 1 -- 172.21.15.117:0/1366212890 shutdown_connections
2024-05-15T15:58:56.688 INFO:teuthology.orchestra.run.smithi117.stdout:/usr/bin/ceph: stderr
2024-05-15T15:58:56.153+0000 7fa0aac47700 1 -- 172.21.15.117:0/1366212890 wait complete.
2024-05-15T15:58:56.688 INFO:teuthology.orchestra.run.smithi117.stdout:Deploying alertmanager service with default placement...
2024-05-15T15:58:57.249 INFO:journalctl@ceph.mon.smithi117.smithi117.stdout:May 15 15:58:57 smithi117 ceph-mon[28700]: from='client.14154 -' entity='client.admin' cmd=[{"prefix": "orch apply", "service_type": "node-exporter", "target": ["mon-mgr", ""]}]: dispatch
2024-05-15T15:58:57.249 INFO:journalctl@ceph.mon.smithi117.smithi117.stdout:May 15 15:58:57 smithi117 ceph-mon[28700]: Saving service node-exporter spec with placement *
2024-05-15T15:58:57.249 INFO:journalctl@ceph.mon.smithi117.smithi117.stdout:May 15 15:58:57 smithi117 ceph-mon[28700]: from='mgr.14120 172.21.15.117:0/3373271114' entity='mgr.smithi117.flykzt'
2024-05-15T15:58:57.249 INFO:journalctl@ceph.mon.smithi117.smithi117.stdout:May 15 15:58:57 smithi117 ceph-mon[28700]: pgmap v3: 0 pgs: ; 0 B data, 0 B used, 0 B / 0 B avail
2024-05-15T15:58:57.957 INFO:teuthology.orchestra.run.smithi117.stdout:/usr/bin/ceph: stdout Scheduled alertmanager update...
2024-05-15T15:58:57.957 INFO:teuthology.orchestra.run.smithi117.stdout:/usr/bin/ceph: stderr
2024-05-15T15:58:57.128+0000 7f5ff6728700 1 Processor -- start
2024-05-15T15:58:57.957 INFO:teuthology.orchestra.run.smithi117.stdout:/usr/bin/ceph: stderr
2024-05-15T15:58:57.128+0000 7f5ff6728700 1 -- start start
2024-05-15T15:58:57.957 INFO:teuthology.orchestra.run.smithi117.stdout:/usr/bin/ceph: stderr
2024-05-15T15:58:57.128+0000 7f5ff6728700 1 --2- >> [v2:172.21.15.117:3300/0,v1:172.21.15.117:6789/0] conn(0x7f5ff01066c0 0x7f5ff0106ae0 unknown :-1 s=NONE pgs=0 cs=0 l=0 rev1=0 crypto rx=0 tx=0 comp rx=0 tx=0).connect
2024-05-15T15:58:57.957 INFO:teuthology.orchestra.run.smithi117.stdout:/usr/bin/ceph: stderr
2024-05-15T15:58:57.128+0000 7f5ff6728700 1 -- --> [v2:172.21.15.117:3300/0,v1:172.21.15.117:6789/0] -- mon_getmap magic: 0 v1 -- 0x7f5ff01070b0 con 0x7f5ff01066c0
2024-05-15T15:58:57.957 INFO:teuthology.orchestra.run.smithi117.stdout:/usr/bin/ceph: stderr
2024-05-15T15:58:57.128+0000 7f5feffff700 1 --2- >> [v2:172.21.15.117:3300/0,v1:172.21.15.117:6789/0] conn(0x7f5ff01066c0 0x7f5ff0106ae0 unknown :-1 s=BANNER_CONNECTING pgs=0 cs=0 l=0 rev1=0 crypto rx=0 tx=0 comp rx=0 tx=0)._handle_peer_banner_payload supported=3 required=0
2024-05-15T15:58:57.957 INFO:teuthology.orchestra.run.smithi117.stdout:/usr/bin/ceph: stderr
2024-05-15T15:58:57.128+0000 7f5feffff700 1 --2- >> [v2:172.21.15.117:3300/0,v1:172.21.15.117:6789/0] conn(0x7f5ff01066c0 0x7f5ff0106ae0 unknown :-1 s=HELLO_CONNECTING pgs=0 cs=0 l=0 rev1=1 crypto rx=0 tx=0 comp rx=0 tx=0).handle_hello peer v2:172.21.15.117:3300/0 says I am v2:172.21.15.117:56778/0 (socket says 172.21.15.117:56778)
2024-05-15T15:58:57.958 INFO:teuthology.orchestra.run.smithi117.stdout:/usr/bin/ceph: stderr
2024-05-15T15:58:57.128+0000 7f5feffff700 1 -- 172.21.15.117:0/1447892588 learned_addr learned my addr 172.21.15.117:0/1447892588 (peer_addr_for_me v2:172.21.15.117:0/0)
2024-05-15T15:58:57.958 INFO:teuthology.orchestra.run.smithi117.stdout:/usr/bin/ceph: stderr
2024-05-15T15:58:57.128+0000 7f5feffff700 1 -- 172.21.15.117:0/1447892588 --> [v2:172.21.15.117:3300/0,v1:172.21.15.117:6789/0] -- mon_subscribe({config=0+,monmap=0+}) v3 -- 0x7f5ff0107870 con 0x7f5ff01066c0
2024-05-15T15:58:57.958 INFO:teuthology.orchestra.run.smithi117.stdout:/usr/bin/ceph: stderr
2024-05-15T15:58:57.129+0000 7f5feffff700 1 --2- 172.21.15.117:0/1447892588 >> [v2:172.21.15.117:3300/0,v1:172.21.15.117:6789/0] conn(0x7f5ff01066c0 0x7f5ff0106ae0 secure :-1 s=READY pgs=61 cs=0 l=1 rev1=1 crypto rx=0x7f5fe00098a0 tx=0x7f5fe0009bb0 comp rx=0 tx=0).ready entity=mon.0 client_cookie=f1a2274052f92423 server_cookie=0 in_seq=0 out_seq=0
2024-05-15T15:58:57.958 INFO:teuthology.orchestra.run.smithi117.stdout:/usr/bin/ceph: stderr
2024-05-15T15:58:57.129+0000 7f5feeffd700 1 -- 172.21.15.117:0/1447892588 <== mon.0 v2:172.21.15.117:3300/0 1 ==== mon_map magic: 0 v1 ==== 229+0+0 (secure 0 0 0) 0x7f5fe0004180 con 0x7f5ff01066c0
2024-05-15T15:58:57.958 INFO:teuthology.orchestra.run.smithi117.stdout:/usr/bin/ceph: stderr
2024-05-15T15:58:57.129+0000 7f5feeffd700 1 -- 172.21.15.117:0/1447892588 <== mon.0 v2:172.21.15.117:3300/0 2 ==== config(27 keys) v1 ==== 1109+0+0 (secure 0 0 0) 0x7f5fe00042e0 con 0x7f5ff01066c0
2024-05-15T15:58:57.958 INFO:teuthology.orchestra.run.smithi117.stdout:/usr/bin/ceph: stderr
2024-05-15T15:58:57.129+0000 7f5feeffd700 1 -- 172.21.15.117:0/1447892588 <== mon.0 v2:172.21.15.117:3300/0 3 ==== mon_map magic: 0 v1 ==== 229+0+0 (secure 0 0 0) 0x7f5fe0011b10 con 0x7f5ff01066c0
2024-05-15T15:58:57.958 INFO:teuthology.orchestra.run.smithi117.stdout:/usr/bin/ceph: stderr
2024-05-15T15:58:57.129+0000 7f5ff6728700 1 -- 172.21.15.117:0/1447892588 >> [v2:172.21.15.117:3300/0,v1:172.21.15.117:6789/0] conn(0x7f5ff01066c0 msgr2=0x7f5ff0106ae0 secure :-1 s=STATE_CONNECTION_ESTABLISHED l=1).mark_down
2024-05-15T15:58:57.958 INFO:teuthology.orchestra.run.smithi117.stdout:/usr/bin/ceph: stderr
2024-05-15T15:58:57.129+0000 7f5ff6728700 1 --2- 172.21.15.117:0/1447892588 >> [v2:172.21.15.117:3300/0,v1:172.21.15.117:6789/0] conn(0x7f5ff01066c0 0x7f5ff0106ae0 secure :-1 s=READY pgs=61 cs=0 l=1 rev1=1 crypto rx=0x7f5fe00098a0 tx=0x7f5fe0009bb0 comp rx=0 tx=0).stop
2024-05-15T15:58:57.958 INFO:teuthology.orchestra.run.smithi117.stdout:/usr/bin/ceph: stderr
2024-05-15T15:58:57.129+0000 7f5ff6728700 1 -- 172.21.15.117:0/1447892588 shutdown_connections
2024-05-15T15:58:57.958 INFO:teuthology.orchestra.run.smithi117.stdout:/usr/bin/ceph: stderr
2024-05-15T15:58:57.129+0000 7f5ff6728700 1 --2- 172.21.15.117:0/1447892588 >> [v2:172.21.15.117:3300/0,v1:172.21.15.117:6789/0] conn(0x7f5ff01066c0 0x7f5ff0106ae0 unknown :-1 s=CLOSED pgs=61 cs=0 l=1 rev1=1 crypto rx=0 tx=0 comp rx=0 tx=0).stop
2024-05-15T15:58:57.958 INFO:teuthology.orchestra.run.smithi117.stdout:/usr/bin/ceph: stderr
2024-05-15T15:58:57.129+0000 7f5ff6728700 1 -- 172.21.15.117:0/1447892588 >> 172.21.15.117:0/1447892588 conn(0x7f5ff0101c80 msgr2=0x7f5ff01040a0 unknown :-1 s=STATE_NONE l=0).mark_down
2024-05-15T15:58:57.958 INFO:teuthology.orchestra.run.smithi117.stdout:/usr/bin/ceph: stderr
2024-05-15T15:58:57.129+0000 7f5ff6728700 1 -- 172.21.15.117:0/1447892588 shutdown_connections
2024-05-15T15:58:57.959 INFO:teuthology.orchestra.run.smithi117.stdout:/usr/bin/ceph: stderr
2024-05-15T15:58:57.129+0000 7f5ff6728700 1 -- 172.21.15.117:0/1447892588 wait complete.
2024-05-15T15:58:57.959 INFO:teuthology.orchestra.run.smithi117.stdout:/usr/bin/ceph: stderr
2024-05-15T15:58:57.130+0000 7f5ff6728700 1 Processor -- start
2024-05-15T15:58:57.959 INFO:teuthology.orchestra.run.smithi117.stdout:/usr/bin/ceph: stderr
2024-05-15T15:58:57.130+0000 7f5ff6728700 1 -- start start
2024-05-15T15:58:57.959 INFO:teuthology.orchestra.run.smithi117.stdout:/usr/bin/ceph: stderr
2024-05-15T15:58:57.130+0000 7f5ff6728700 1 --2- >> [v2:172.21.15.117:3300/0,v1:172.21.15.117:6789/0] conn(0x7f5ff01066c0 0x7f5ff019a350 unknown :-1 s=NONE pgs=0 cs=0 l=1 rev1=0 crypto rx=0 tx=0 comp rx=0 tx=0).connect
2024-05-15T15:58:57.959 INFO:teuthology.orchestra.run.smithi117.stdout:/usr/bin/ceph: stderr
2024-05-15T15:58:57.130+0000 7f5ff6728700 1 -- --> [v2:172.21.15.117:3300/0,v1:172.21.15.117:6789/0] -- mon_getmap magic: 0 v1 -- 0x7f5ff019a890 con 0x7f5ff01066c0
2024-05-15T15:58:57.959 INFO:teuthology.orchestra.run.smithi117.stdout:/usr/bin/ceph: stderr
2024-05-15T15:58:57.130+0000 7f5feffff700 1 --2- >> [v2:172.21.15.117:3300/0,v1:172.21.15.117:6789/0] conn(0x7f5ff01066c0 0x7f5ff019a350 unknown :-1 s=BANNER_CONNECTING pgs=0 cs=0 l=1 rev1=0 crypto rx=0 tx=0 comp rx=0 tx=0)._handle_peer_banner_payload supported=3 required=0
2024-05-15T15:58:57.959 INFO:teuthology.orchestra.run.smithi117.stdout:/usr/bin/ceph: stderr
2024-05-15T15:58:57.130+0000 7f5feffff700 1 --2- >> [v2:172.21.15.117:3300/0,v1:172.21.15.117:6789/0] conn(0x7f5ff01066c0 0x7f5ff019a350 unknown :-1 s=HELLO_CONNECTING pgs=0 cs=0 l=1 rev1=1 crypto rx=0 tx=0 comp rx=0 tx=0).handle_hello peer v2:172.21.15.117:3300/0 says I am v2:172.21.15.117:56794/0 (socket says 172.21.15.117:56794)
2024-05-15T15:58:57.959 INFO:teuthology.orchestra.run.smithi117.stdout:/usr/bin/ceph: stderr
2024-05-15T15:58:57.130+0000 7f5feffff700 1 -- 172.21.15.117:0/4087707818 learned_addr learned my addr 172.21.15.117:0/4087707818 (peer_addr_for_me v2:172.21.15.117:0/0)
2024-05-15T15:58:57.959 INFO:teuthology.orchestra.run.smithi117.stdout:/usr/bin/ceph: stderr
2024-05-15T15:58:57.131+0000 7f5feffff700 1 -- 172.21.15.117:0/4087707818 --> [v2:172.21.15.117:3300/0,v1:172.21.15.117:6789/0] -- mon_subscribe({config=0+,monmap=0+}) v3 -- 0x7f5fe0009550 con 0x7f5ff01066c0
2024-05-15T15:58:57.959 INFO:teuthology.orchestra.run.smithi117.stdout:/usr/bin/ceph: stderr
2024-05-15T15:58:57.131+0000 7f5feffff700 1 --2- 172.21.15.117:0/4087707818 >> [v2:172.21.15.117:3300/0,v1:172.21.15.117:6789/0] conn(0x7f5ff01066c0 0x7f5ff019a350 secure :-1 s=READY pgs=62 cs=0 l=1 rev1=1 crypto rx=0x7f5fe00117b0 tx=0x7f5fe0011890 comp rx=0 tx=0).ready entity=mon.0 client_cookie=0 server_cookie=0 in_seq=0 out_seq=0
2024-05-15T15:58:57.959 INFO:teuthology.orchestra.run.smithi117.stdout:/usr/bin/ceph: stderr
2024-05-15T15:58:57.131+0000 7f5fed7fa700 1 -- 172.21.15.117:0/4087707818 <== mon.0 v2:172.21.15.117:3300/0 1 ==== mon_map magic: 0 v1 ==== 229+0+0 (secure 0 0 0) 0x7f5fe00038b0 con 0x7f5ff01066c0
2024-05-15T15:58:57.959 INFO:teuthology.orchestra.run.smithi117.stdout:/usr/bin/ceph: stderr
2024-05-15T15:58:57.131+0000 7f5fed7fa700 1 -- 172.21.15.117:0/4087707818 <== mon.0 v2:172.21.15.117:3300/0 2 ==== config(27 keys) v1 ==== 1109+0+0 (secure 0 0 0) 0x7f5fe0003a10 con 0x7f5ff01066c0
2024-05-15T15:58:57.959 INFO:teuthology.orchestra.run.smithi117.stdout:/usr/bin/ceph: stderr
2024-05-15T15:58:57.131+0000 7f5ff6728700 1 -- 172.21.15.117:0/4087707818 --> [v2:172.21.15.117:3300/0,v1:172.21.15.117:6789/0] -- mon_subscribe({mgrmap=0+}) v3 -- 0x7f5ff019aa90 con 0x7f5ff01066c0
2024-05-15T15:58:57.960 INFO:teuthology.orchestra.run.smithi117.stdout:/usr/bin/ceph: stderr
2024-05-15T15:58:57.131+0000 7f5fed7fa700 1 -- 172.21.15.117:0/4087707818 <== mon.0 v2:172.21.15.117:3300/0 3 ==== mon_map magic: 0 v1 ==== 229+0+0 (secure 0 0 0) 0x7f5fe00246e0 con 0x7f5ff01066c0
2024-05-15T15:58:57.960 INFO:teuthology.orchestra.run.smithi117.stdout:/usr/bin/ceph: stderr
2024-05-15T15:58:57.131+0000 7f5ff6728700 1 -- 172.21.15.117:0/4087707818 --> [v2:172.21.15.117:3300/0,v1:172.21.15.117:6789/0] -- mon_subscribe({osdmap=0}) v3 -- 0x7f5ff019af30 con 0x7f5ff01066c0
2024-05-15T15:58:57.960 INFO:teuthology.orchestra.run.smithi117.stdout:/usr/bin/ceph: stderr
2024-05-15T15:58:57.132+0000 7f5fed7fa700 1 -- 172.21.15.117:0/4087707818 <== mon.0 v2:172.21.15.117:3300/0 4 ==== mgrmap(e 8) v1 ==== 45556+0+0 (secure 0 0 0) 0x7f5fe002d3f0 con 0x7f5ff01066c0
2024-05-15T15:58:57.960 INFO:teuthology.orchestra.run.smithi117.stdout:/usr/bin/ceph: stderr
2024-05-15T15:58:57.132+0000 7f5ff6728700 1 -- 172.21.15.117:0/4087707818 --> [v2:172.21.15.117:3300/0,v1:172.21.15.117:6789/0] -- mon_command({"prefix": "get_command_descriptions"} v 0) v1 -- 0x7f5ff010aaa0 con 0x7f5ff01066c0
2024-05-15T15:58:57.960 INFO:teuthology.orchestra.run.smithi117.stdout:/usr/bin/ceph: stderr
2024-05-15T15:58:57.132+0000 7f5fed7fa700 1 --2- 172.21.15.117:0/4087707818 >> [v2:172.21.15.117:6800/1030087078,v1:172.21.15.117:6801/1030087078] conn(0x7f5fd80387e0 0x7f5fd803aca0 unknown :-1 s=NONE pgs=0 cs=0 l=1 rev1=0 crypto rx=0 tx=0 comp rx=0 tx=0).connect
2024-05-15T15:58:57.960 INFO:teuthology.orchestra.run.smithi117.stdout:/usr/bin/ceph: stderr
2024-05-15T15:58:57.132+0000 7f5fed7fa700 1 -- 172.21.15.117:0/4087707818 <== mon.0 v2:172.21.15.117:3300/0 5 ==== osd_map(2..2 src has 1..2) v4 ==== 940+0+0 (secure 0 0 0) 0x7f5fe004c880 con 0x7f5ff01066c0
2024-05-15T15:58:57.960 INFO:teuthology.orchestra.run.smithi117.stdout:/usr/bin/ceph: stderr
2024-05-15T15:58:57.132+0000 7f5fef7fe700 1 --2- 172.21.15.117:0/4087707818 >> [v2:172.21.15.117:6800/1030087078,v1:172.21.15.117:6801/1030087078] conn(0x7f5fd80387e0 0x7f5fd803aca0 unknown :-1 s=BANNER_CONNECTING pgs=0 cs=0 l=1 rev1=0 crypto rx=0 tx=0 comp rx=0 tx=0)._handle_peer_banner_payload supported=3 required=0
2024-05-15T15:58:57.960 INFO:teuthology.orchestra.run.smithi117.stdout:/usr/bin/ceph: stderr
2024-05-15T15:58:57.133+0000 7f5fef7fe700 1 --2- 172.21.15.117:0/4087707818 >> [v2:172.21.15.117:6800/1030087078,v1:172.21.15.117:6801/1030087078] conn(0x7f5fd80387e0 0x7f5fd803aca0 secure :-1 s=READY pgs=19 cs=0 l=1 rev1=1 crypto rx=0x7f5fe4006fd0 tx=0x7f5fe4006e40 comp rx=0 tx=0).ready entity=mgr.14120 client_cookie=0 server_cookie=0 in_seq=0 out_seq=0
2024-05-15T15:58:57.960 INFO:teuthology.orchestra.run.smithi117.stdout:/usr/bin/ceph: stderr
2024-05-15T15:58:57.137+0000 7f5fed7fa700 1 -- 172.21.15.117:0/4087707818 <== mon.0 v2:172.21.15.117:3300/0 6 ==== mon_command_ack([{"prefix": "get_command_descriptions"}]=0 v0) v1 ==== 72+0+183622 (secure 0 0 0) 0x7f5fe0010970 con 0x7f5ff01066c0
2024-05-15T15:58:57.960 INFO:teuthology.orchestra.run.smithi117.stdout:/usr/bin/ceph: stderr
2024-05-15T15:58:57.343+0000 7f5ff6728700 1 -- 172.21.15.117:0/4087707818 --> [v2:172.21.15.117:6800/1030087078,v1:172.21.15.117:6801/1030087078] -- mgr_command(tid 0: {"prefix": "orch apply", "service_type": "alertmanager", "target": ["mon-mgr", ""]}) v1 -- 0x7f5ff019d7c0 con 0x7f5fd80387e0
2024-05-15T15:58:57.960 INFO:teuthology.orchestra.run.smithi117.stdout:/usr/bin/ceph: stderr
2024-05-15T15:58:57.348+0000 7f5fed7fa700 1 -- 172.21.15.117:0/4087707818 <== mgr.14120 v2:172.21.15.117:6800/1030087078 1 ==== mgr_command_reply(tid 0: 0 ) v1 ==== 8+0+33 (secure 0 0 0) 0x7f5ff019d7c0 con 0x7f5fd80387e0
2024-05-15T15:58:57.960 INFO:teuthology.orchestra.run.smithi117.stdout:/usr/bin/ceph: stderr
2024-05-15T15:58:57.350+0000 7f5ff6728700 1 -- 172.21.15.117:0/4087707818 >> [v2:172.21.15.117:6800/1030087078,v1:172.21.15.117:6801/1030087078] conn(0x7f5fd80387e0 msgr2=0x7f5fd803aca0 secure :-1 s=STATE_CONNECTION_ESTABLISHED l=1).mark_down
2024-05-15T15:58:57.960 INFO:teuthology.orchestra.run.smithi117.stdout:/usr/bin/ceph: stderr
2024-05-15T15:58:57.350+0000 7f5ff6728700 1 --2- 172.21.15.117:0/4087707818 >> [v2:172.21.15.117:6800/1030087078,v1:172.21.15.117:6801/1030087078] conn(0x7f5fd80387e0 0x7f5fd803aca0 secure :-1 s=READY pgs=19 cs=0 l=1 rev1=1 crypto rx=0x7f5fe4006fd0 tx=0x7f5fe4006e40 comp rx=0 tx=0).stop
2024-05-15T15:58:57.960 INFO:teuthology.orchestra.run.smithi117.stdout:/usr/bin/ceph: stderr
2024-05-15T15:58:57.350+0000 7f5ff6728700 1 -- 172.21.15.117:0/4087707818 >> [v2:172.21.15.117:3300/0,v1:172.21.15.117:6789/0] conn(0x7f5ff01066c0 msgr2=0x7f5ff019a350 secure :-1 s=STATE_CONNECTION_ESTABLISHED l=1).mark_down
2024-05-15T15:58:57.961 INFO:teuthology.orchestra.run.smithi117.stdout:/usr/bin/ceph: stderr
2024-05-15T15:58:57.350+0000 7f5ff6728700 1 --2- 172.21.15.117:0/4087707818 >> [v2:172.21.15.117:3300/0,v1:172.21.15.117:6789/0] conn(0x7f5ff01066c0 0x7f5ff019a350 secure :-1 s=READY pgs=62 cs=0 l=1 rev1=1 crypto rx=0x7f5fe00117b0 tx=0x7f5fe0011890 comp rx=0 tx=0).stop
2024-05-15T15:58:57.961 INFO:teuthology.orchestra.run.smithi117.stdout:/usr/bin/ceph: stderr
2024-05-15T15:58:57.350+0000 7f5ff6728700 1 -- 172.21.15.117:0/4087707818 shutdown_connections
2024-05-15T15:58:57.961 INFO:teuthology.orchestra.run.smithi117.stdout:/usr/bin/ceph: stderr
2024-05-15T15:58:57.350+0000 7f5ff6728700 1 --2- 172.21.15.117:0/4087707818 >> [v2:172.21.15.117:6800/1030087078,v1:172.21.15.117:6801/1030087078] conn(0x7f5fd80387e0 0x7f5fd803aca0 unknown :-1 s=CLOSED pgs=19 cs=0 l=1 rev1=1 crypto rx=0 tx=0 comp rx=0 tx=0).stop
2024-05-15T15:58:57.961 INFO:teuthology.orchestra.run.smithi117.stdout:/usr/bin/ceph: stderr
2024-05-15T15:58:57.350+0000 7f5ff6728700 1 --2- 172.21.15.117:0/4087707818 >> [v2:172.21.15.117:3300/0,v1:172.21.15.117:6789/0] conn(0x7f5ff01066c0 0x7f5ff019a350 unknown :-1 s=CLOSED pgs=62 cs=0 l=1 rev1=1 crypto rx=0 tx=0 comp rx=0 tx=0).stop
2024-05-15T15:58:57.961 INFO:teuthology.orchestra.run.smithi117.stdout:/usr/bin/ceph: stderr
2024-05-15T15:58:57.350+0000 7f5ff6728700 1 -- 172.21.15.117:0/4087707818 >> 172.21.15.117:0/4087707818 conn(0x7f5ff0101c80 msgr2=0x7f5ff01027e0 unknown :-1 s=STATE_NONE l=0).mark_down
2024-05-15T15:58:57.961 INFO:teuthology.orchestra.run.smithi117.stdout:/usr/bin/ceph: stderr
2024-05-15T15:58:57.350+0000 7f5ff6728700 1 -- 172.21.15.117:0/4087707818 shutdown_connections
2024-05-15T15:58:57.961 INFO:teuthology.orchestra.run.smithi117.stdout:/usr/bin/ceph: stderr
2024-05-15T15:58:57.350+0000 7f5ff6728700 1 -- 172.21.15.117:0/4087707818 wait complete.
2024-05-15T15:58:58.499 INFO:journalctl@ceph.mon.smithi117.smithi117.stdout:May 15 15:58:58 smithi117 ceph-mon[28700]: from='client.14156 -' entity='client.admin' cmd=[{"prefix": "orch apply", "service_type": "alertmanager", "target": ["mon-mgr", ""]}]: dispatch
2024-05-15T15:58:58.499 INFO:journalctl@ceph.mon.smithi117.smithi117.stdout:May 15 15:58:58 smithi117 ceph-mon[28700]: Saving service alertmanager spec with placement count:1
2024-05-15T15:58:58.499 INFO:journalctl@ceph.mon.smithi117.smithi117.stdout:May 15 15:58:58 smithi117 ceph-mon[28700]: from='mgr.14120 172.21.15.117:0/3373271114' entity='mgr.smithi117.flykzt'
2024-05-15T15:58:59.146 INFO:teuthology.orchestra.run.smithi117.stdout:/usr/bin/ceph: stderr
2024-05-15T15:58:58.336+0000 7f8be3cee700 1 Processor -- start
2024-05-15T15:58:59.146 INFO:teuthology.orchestra.run.smithi117.stdout:/usr/bin/ceph: stderr
2024-05-15T15:58:58.336+0000 7f8be3cee700 1 -- start start
2024-05-15T15:58:59.146 INFO:teuthology.orchestra.run.smithi117.stdout:/usr/bin/ceph: stderr
2024-05-15T15:58:58.336+0000 7f8be3cee700 1 --2- >> [v2:172.21.15.117:3300/0,v1:172.21.15.117:6789/0] conn(0x7f8bdc107130 0x7f8bdc109520 unknown :-1 s=NONE pgs=0 cs=0 l=0 rev1=0 crypto rx=0 tx=0 comp rx=0 tx=0).connect
2024-05-15T15:58:59.146 INFO:teuthology.orchestra.run.smithi117.stdout:/usr/bin/ceph: stderr
2024-05-15T15:58:58.336+0000 7f8be3cee700 1 -- --> [v2:172.21.15.117:3300/0,v1:172.21.15.117:6789/0] -- mon_getmap magic: 0 v1 -- 0x7f8bdc079e80 con 0x7f8bdc107130
2024-05-15T15:58:59.146 INFO:teuthology.orchestra.run.smithi117.stdout:/usr/bin/ceph: stderr
2024-05-15T15:58:58.337+0000 7f8be1a8a700 1 --2- >> [v2:172.21.15.117:3300/0,v1:172.21.15.117:6789/0] conn(0x7f8bdc107130 0x7f8bdc109520 unknown :-1 s=BANNER_CONNECTING pgs=0 cs=0 l=0 rev1=0 crypto rx=0 tx=0 comp rx=0 tx=0)._handle_peer_banner_payload supported=3 required=0
2024-05-15T15:58:59.146 INFO:teuthology.orchestra.run.smithi117.stdout:/usr/bin/ceph: stderr
2024-05-15T15:58:58.337+0000 7f8be1a8a700 1 --2- >> [v2:172.21.15.117:3300/0,v1:172.21.15.117:6789/0] conn(0x7f8bdc107130 0x7f8bdc109520 unknown :-1 s=HELLO_CONNECTING pgs=0 cs=0 l=0 rev1=1 crypto rx=0 tx=0 comp rx=0 tx=0).handle_hello peer v2:172.21.15.117:3300/0 says I am v2:172.21.15.117:56806/0 (socket says 172.21.15.117:56806)
2024-05-15T15:58:59.146 INFO:teuthology.orchestra.run.smithi117.stdout:/usr/bin/ceph: stderr
2024-05-15T15:58:58.337+0000 7f8be1a8a700 1 -- 172.21.15.117:0/2262038350 learned_addr learned my addr 172.21.15.117:0/2262038350 (peer_addr_for_me v2:172.21.15.117:0/0)
2024-05-15T15:58:59.147 INFO:teuthology.orchestra.run.smithi117.stdout:/usr/bin/ceph: stderr
2024-05-15T15:58:58.337+0000 7f8be1a8a700 1 -- 172.21.15.117:0/2262038350 --> [v2:172.21.15.117:3300/0,v1:172.21.15.117:6789/0] -- mon_subscribe({config=0+,monmap=0+}) v3 -- 0x7f8bdc109a60 con 0x7f8bdc107130
2024-05-15T15:58:59.147 INFO:teuthology.orchestra.run.smithi117.stdout:/usr/bin/ceph: stderr
2024-05-15T15:58:58.337+0000 7f8be1a8a700 1 --2- 172.21.15.117:0/2262038350 >> [v2:172.21.15.117:3300/0,v1:172.21.15.117:6789/0] conn(0x7f8bdc107130 0x7f8bdc109520 secure :-1 s=READY pgs=63 cs=0 l=1 rev1=1 crypto rx=0x7f8bd80098a0 tx=0x7f8bd8009bb0 comp rx=0 tx=0).ready entity=mon.0 client_cookie=3821e68d92c7ca47 server_cookie=0 in_seq=0 out_seq=0
2024-05-15T15:58:59.147 INFO:teuthology.orchestra.run.smithi117.stdout:/usr/bin/ceph: stderr
2024-05-15T15:58:58.337+0000 7f8be0a88700 1 -- 172.21.15.117:0/2262038350 <== mon.0 v2:172.21.15.117:3300/0 1 ==== mon_map magic: 0 v1 ==== 229+0+0 (secure 0 0 0) 0x7f8bd8004180 con 0x7f8bdc107130
2024-05-15T15:58:59.147 INFO:teuthology.orchestra.run.smithi117.stdout:/usr/bin/ceph: stderr
2024-05-15T15:58:58.337+0000 7f8be0a88700 1 -- 172.21.15.117:0/2262038350 <== mon.0 v2:172.21.15.117:3300/0 2 ==== config(27 keys) v1 ==== 1109+0+0 (secure 0 0 0) 0x7f8bd80042e0 con 0x7f8bdc107130
2024-05-15T15:58:59.147 INFO:teuthology.orchestra.run.smithi117.stdout:/usr/bin/ceph: stderr
2024-05-15T15:58:58.337+0000 7f8be0a88700 1 -- 172.21.15.117:0/2262038350 <== mon.0 v2:172.21.15.117:3300/0 3 ==== mon_map magic: 0 v1 ==== 229+0+0 (secure 0 0 0) 0x7f8bd8011b10 con 0x7f8bdc107130
2024-05-15T15:58:59.147 INFO:teuthology.orchestra.run.smithi117.stdout:/usr/bin/ceph: stderr
2024-05-15T15:58:58.338+0000 7f8be3cee700 1 -- 172.21.15.117:0/2262038350 >> [v2:172.21.15.117:3300/0,v1:172.21.15.117:6789/0] conn(0x7f8bdc107130 msgr2=0x7f8bdc109520 secure :-1 s=STATE_CONNECTION_ESTABLISHED l=1).mark_down
2024-05-15T15:58:59.147 INFO:teuthology.orchestra.run.smithi117.stdout:/usr/bin/ceph: stderr
2024-05-15T15:58:58.338+0000 7f8be3cee700 1 --2- 172.21.15.117:0/2262038350 >> [v2:172.21.15.117:3300/0,v1:172.21.15.117:6789/0] conn(0x7f8bdc107130 0x7f8bdc109520 secure :-1 s=READY pgs=63 cs=0 l=1 rev1=1 crypto rx=0x7f8bd80098a0 tx=0x7f8bd8009bb0 comp rx=0 tx=0).stop
2024-05-15T15:58:59.147 INFO:teuthology.orchestra.run.smithi117.stdout:/usr/bin/ceph: stderr
2024-05-15T15:58:58.338+0000 7f8be3cee700 1 -- 172.21.15.117:0/2262038350 shutdown_connections
2024-05-15T15:58:59.147 INFO:teuthology.orchestra.run.smithi117.stdout:/usr/bin/ceph: stderr
2024-05-15T15:58:58.338+0000 7f8be3cee700 1 --2- 172.21.15.117:0/2262038350 >> [v2:172.21.15.117:3300/0,v1:172.21.15.117:6789/0] conn(0x7f8bdc107130 0x7f8bdc109520 unknown :-1 s=CLOSED pgs=63 cs=0 l=1 rev1=1 crypto rx=0 tx=0 comp rx=0 tx=0).stop
2024-05-15T15:58:59.147 INFO:teuthology.orchestra.run.smithi117.stdout:/usr/bin/ceph: stderr
2024-05-15T15:58:58.338+0000 7f8be3cee700 1 -- 172.21.15.117:0/2262038350 >> 172.21.15.117:0/2262038350 conn(0x7f8bdc100b60 msgr2=0x7f8bdc102f80 unknown :-1 s=STATE_NONE l=0).mark_down
2024-05-15T15:58:59.147 INFO:teuthology.orchestra.run.smithi117.stdout:/usr/bin/ceph: stderr
2024-05-15T15:58:58.338+0000 7f8be3cee700 1 -- 172.21.15.117:0/2262038350 shutdown_connections
2024-05-15T15:58:59.147 INFO:teuthology.orchestra.run.smithi117.stdout:/usr/bin/ceph: stderr
2024-05-15T15:58:58.338+0000 7f8be3cee700 1 -- 172.21.15.117:0/2262038350 wait complete.
2024-05-15T15:58:59.147 INFO:teuthology.orchestra.run.smithi117.stdout:/usr/bin/ceph: stderr
2024-05-15T15:58:58.338+0000 7f8be3cee700 1 Processor -- start
2024-05-15T15:58:59.147 INFO:teuthology.orchestra.run.smithi117.stdout:/usr/bin/ceph: stderr
2024-05-15T15:58:58.338+0000 7f8be3cee700 1 -- start start
2024-05-15T15:58:59.148 INFO:teuthology.orchestra.run.smithi117.stdout:/usr/bin/ceph: stderr
2024-05-15T15:58:58.339+0000 7f8be3cee700 1 --2- >> [v2:172.21.15.117:3300/0,v1:172.21.15.117:6789/0] conn(0x7f8bdc107130 0x7f8bdc19a320 unknown :-1 s=NONE pgs=0 cs=0 l=1 rev1=0 crypto rx=0 tx=0 comp rx=0 tx=0).connect
2024-05-15T15:58:59.148 INFO:teuthology.orchestra.run.smithi117.stdout:/usr/bin/ceph: stderr
2024-05-15T15:58:58.339+0000 7f8be3cee700 1 -- --> [v2:172.21.15.117:3300/0,v1:172.21.15.117:6789/0] -- mon_getmap magic: 0 v1 -- 0x7f8bdc19a860 con 0x7f8bdc107130
2024-05-15T15:58:59.148 INFO:teuthology.orchestra.run.smithi117.stdout:/usr/bin/ceph: stderr
2024-05-15T15:58:58.339+0000 7f8be1a8a700 1 --2- >> [v2:172.21.15.117:3300/0,v1:172.21.15.117:6789/0] conn(0x7f8bdc107130 0x7f8bdc19a320 unknown :-1 s=BANNER_CONNECTING pgs=0 cs=0 l=1 rev1=0 crypto rx=0 tx=0 comp rx=0 tx=0)._handle_peer_banner_payload supported=3 required=0
2024-05-15T15:58:59.148 INFO:teuthology.orchestra.run.smithi117.stdout:/usr/bin/ceph: stderr
2024-05-15T15:58:58.339+0000 7f8be1a8a700 1 --2- >> [v2:172.21.15.117:3300/0,v1:172.21.15.117:6789/0] conn(0x7f8bdc107130 0x7f8bdc19a320 unknown :-1 s=HELLO_CONNECTING pgs=0 cs=0 l=1 rev1=1 crypto rx=0 tx=0 comp rx=0 tx=0).handle_hello peer v2:172.21.15.117:3300/0 says I am v2:172.21.15.117:56814/0 (socket says 172.21.15.117:56814)
2024-05-15T15:58:59.148 INFO:teuthology.orchestra.run.smithi117.stdout:/usr/bin/ceph: stderr
2024-05-15T15:58:58.339+0000 7f8be1a8a700 1 -- 172.21.15.117:0/2008308469 learned_addr learned my addr 172.21.15.117:0/2008308469 (peer_addr_for_me v2:172.21.15.117:0/0)
2024-05-15T15:58:59.148 INFO:teuthology.orchestra.run.smithi117.stdout:/usr/bin/ceph: stderr
2024-05-15T15:58:58.339+0000 7f8be1a8a700 1 -- 172.21.15.117:0/2008308469 --> [v2:172.21.15.117:3300/0,v1:172.21.15.117:6789/0] -- mon_subscribe({config=0+,monmap=0+}) v3 -- 0x7f8bd8009550 con 0x7f8bdc107130
2024-05-15T15:58:59.148 INFO:teuthology.orchestra.run.smithi117.stdout:/usr/bin/ceph: stderr
2024-05-15T15:58:58.339+0000 7f8be1a8a700 1 --2- 172.21.15.117:0/2008308469 >> [v2:172.21.15.117:3300/0,v1:172.21.15.117:6789/0] conn(0x7f8bdc107130 0x7f8bdc19a320 secure :-1 s=READY pgs=64 cs=0 l=1 rev1=1 crypto rx=0x7f8bd80117b0 tx=0x7f8bd8011890 comp rx=0 tx=0).ready entity=mon.0 client_cookie=0 server_cookie=0 in_seq=0 out_seq=0
2024-05-15T15:58:59.148 INFO:teuthology.orchestra.run.smithi117.stdout:/usr/bin/ceph: stderr
2024-05-15T15:58:58.339+0000 7f8bd2ffd700 1 -- 172.21.15.117:0/2008308469 <== mon.0 v2:172.21.15.117:3300/0 1 ==== mon_map magic: 0 v1 ==== 229+0+0 (secure 0 0 0) 0x7f8bd80038b0 con 0x7f8bdc107130
2024-05-15T15:58:59.148 INFO:teuthology.orchestra.run.smithi117.stdout:/usr/bin/ceph: stderr
2024-05-15T15:58:58.339+0000 7f8be3cee700 1 -- 172.21.15.117:0/2008308469 --> [v2:172.21.15.117:3300/0,v1:172.21.15.117:6789/0] -- mon_subscribe({mgrmap=0+}) v3 -- 0x7f8bdc19aa60 con 0x7f8bdc107130
2024-05-15T15:58:59.148 INFO:teuthology.orchestra.run.smithi117.stdout:/usr/bin/ceph: stderr
2024-05-15T15:58:58.339+0000 7f8bd2ffd700 1 -- 172.21.15.117:0/2008308469 <== mon.0 v2:172.21.15.117:3300/0 2 ==== config(27 keys) v1 ==== 1109+0+0 (secure 0 0 0) 0x7f8bd8003a10 con 0x7f8bdc107130
2024-05-15T15:58:59.148 INFO:teuthology.orchestra.run.smithi117.stdout:/usr/bin/ceph: stderr
2024-05-15T15:58:58.339+0000 7f8bd2ffd700 1 -- 172.21.15.117:0/2008308469 <== mon.0 v2:172.21.15.117:3300/0 3 ==== mon_map magic: 0 v1 ==== 229+0+0 (secure 0 0 0) 0x7f8bd8024780 con 0x7f8bdc107130
2024-05-15T15:58:59.148 INFO:teuthology.orchestra.run.smithi117.stdout:/usr/bin/ceph: stderr
2024-05-15T15:58:58.339+0000 7f8be3cee700 1 -- 172.21.15.117:0/2008308469 --> [v2:172.21.15.117:3300/0,v1:172.21.15.117:6789/0] -- mon_subscribe({osdmap=0}) v3 -- 0x7f8bdc19af00 con 0x7f8bdc107130
2024-05-15T15:58:59.148 INFO:teuthology.orchestra.run.smithi117.stdout:/usr/bin/ceph: stderr
2024-05-15T15:58:58.340+0000 7f8be3cee700 1 -- 172.21.15.117:0/2008308469 --> [v2:172.21.15.117:3300/0,v1:172.21.15.117:6789/0] -- mon_command({"prefix": "get_command_descriptions"} v 0) v1 -- 0x7f8bdc10a800 con 0x7f8bdc107130
2024-05-15T15:58:59.148 INFO:teuthology.orchestra.run.smithi117.stdout:/usr/bin/ceph: stderr
2024-05-15T15:58:58.340+0000 7f8bd2ffd700 1 -- 172.21.15.117:0/2008308469 <== mon.0 v2:172.21.15.117:3300/0 4 ==== mgrmap(e 8) v1 ==== 45556+0+0 (secure 0 0 0) 0x7f8bd801ac10 con 0x7f8bdc107130
2024-05-15T15:58:59.149 INFO:teuthology.orchestra.run.smithi117.stdout:/usr/bin/ceph: stderr
2024-05-15T15:58:58.340+0000 7f8bd2ffd700 1 --2- 172.21.15.117:0/2008308469 >> [v2:172.21.15.117:6800/1030087078,v1:172.21.15.117:6801/1030087078] conn(0x7f8bc8038830 0x7f8bc803acf0 unknown :-1 s=NONE pgs=0 cs=0 l=1 rev1=0 crypto rx=0 tx=0 comp rx=0 tx=0).connect
2024-05-15T15:58:59.149 INFO:teuthology.orchestra.run.smithi117.stdout:/usr/bin/ceph: stderr
2024-05-15T15:58:58.340+0000 7f8bd2ffd700 1 -- 172.21.15.117:0/2008308469 <== mon.0 v2:172.21.15.117:3300/0 5 ==== osd_map(2..2 src has 1..2) v4 ==== 940+0+0 (secure 0 0 0) 0x7f8bd804c760 con 0x7f8bdc107130
2024-05-15T15:58:59.149 INFO:teuthology.orchestra.run.smithi117.stdout:/usr/bin/ceph: stderr
2024-05-15T15:58:58.341+0000 7f8be1289700 1 --2- 172.21.15.117:0/2008308469 >> [v2:172.21.15.117:6800/1030087078,v1:172.21.15.117:6801/1030087078] conn(0x7f8bc8038830 0x7f8bc803acf0 unknown :-1 s=BANNER_CONNECTING pgs=0 cs=0 l=1 rev1=0 crypto rx=0 tx=0 comp rx=0 tx=0)._handle_peer_banner_payload supported=3 required=0
2024-05-15T15:58:59.149 INFO:teuthology.orchestra.run.smithi117.stdout:/usr/bin/ceph: stderr
2024-05-15T15:58:58.341+0000 7f8be1289700 1 --2- 172.21.15.117:0/2008308469 >> [v2:172.21.15.117:6800/1030087078,v1:172.21.15.117:6801/1030087078] conn(0x7f8bc8038830 0x7f8bc803acf0 secure :-1 s=READY pgs=20 cs=0 l=1 rev1=1 crypto rx=0x7f8bcc006fd0 tx=0x7f8bcc006e40 comp rx=0 tx=0).ready entity=mgr.14120 client_cookie=0 server_cookie=0 in_seq=0 out_seq=0
2024-05-15T15:58:59.149 INFO:teuthology.orchestra.run.smithi117.stdout:/usr/bin/ceph: stderr
2024-05-15T15:58:58.345+0000 7f8bd2ffd700 1 -- 172.21.15.117:0/2008308469 <== mon.0 v2:172.21.15.117:3300/0 6 ==== mon_command_ack([{"prefix": "get_command_descriptions"}]=0 v0) v1 ==== 72+0+183622 (secure 0 0 0) 0x7f8bd8018760 con 0x7f8bdc107130
2024-05-15T15:58:59.149 INFO:teuthology.orchestra.run.smithi117.stdout:/usr/bin/ceph: stderr
2024-05-15T15:58:58.542+0000 7f8be3cee700 1 -- 172.21.15.117:0/2008308469 --> [v2:172.21.15.117:3300/0,v1:172.21.15.117:6789/0] -- mon_command([{prefix=config set, name=mgr/cephadm/container_init}] v 0) v1 -- 0x7f8bdc10aa40 con 0x7f8bdc107130
2024-05-15T15:58:59.149 INFO:teuthology.orchestra.run.smithi117.stdout:/usr/bin/ceph: stderr
2024-05-15T15:58:58.546+0000 7f8bd2ffd700 1 -- 172.21.15.117:0/2008308469 <== mon.0 v2:172.21.15.117:3300/0 7 ==== mon_command_ack([{prefix=config set, name=mgr/cephadm/container_init}]=0 v7)=0 v7) v1 ==== 142+0+0 (secure 0 0 0) 0x7f8bd8018350 con 0x7f8bdc107130
2024-05-15T15:58:59.149 INFO:teuthology.orchestra.run.smithi117.stdout:/usr/bin/ceph: stderr
2024-05-15T15:58:58.549+0000 7f8be3cee700 1 -- 172.21.15.117:0/2008308469 >> [v2:172.21.15.117:6800/1030087078,v1:172.21.15.117:6801/1030087078] conn(0x7f8bc8038830 msgr2=0x7f8bc803acf0 secure :-1 s=STATE_CONNECTION_ESTABLISHED l=1).mark_down
2024-05-15T15:58:59.149 INFO:teuthology.orchestra.run.smithi117.stdout:/usr/bin/ceph: stderr
2024-05-15T15:58:58.549+0000 7f8be3cee700 1 --2- 172.21.15.117:0/2008308469 >> [v2:172.21.15.117:6800/1030087078,v1:172.21.15.117:6801/1030087078] conn(0x7f8bc8038830 0x7f8bc803acf0 secure :-1 s=READY pgs=20 cs=0 l=1 rev1=1 crypto rx=0x7f8bcc006fd0 tx=0x7f8bcc006e40 comp rx=0 tx=0).stop
2024-05-15T15:58:59.149 INFO:teuthology.orchestra.run.smithi117.stdout:/usr/bin/ceph: stderr
2024-05-15T15:58:58.549+0000 7f8be3cee700 1 -- 172.21.15.117:0/2008308469 >> [v2:172.21.15.117:3300/0,v1:172.21.15.117:6789/0] conn(0x7f8bdc107130 msgr2=0x7f8bdc19a320 secure :-1 s=STATE_CONNECTION_ESTABLISHED l=1).mark_down
2024-05-15T15:58:59.149 INFO:teuthology.orchestra.run.smithi117.stdout:/usr/bin/ceph: stderr
2024-05-15T15:58:58.549+0000 7f8be3cee700 1 --2- 172.21.15.117:0/2008308469 >> [v2:172.21.15.117:3300/0,v1:172.21.15.117:6789/0] conn(0x7f8bdc107130 0x7f8bdc19a320 secure :-1 s=READY pgs=64 cs=0 l=1 rev1=1 crypto rx=0x7f8bd80117b0 tx=0x7f8bd8011890 comp rx=0 tx=0).stop
2024-05-15T15:58:59.149 INFO:teuthology.orchestra.run.smithi117.stdout:/usr/bin/ceph: stderr
2024-05-15T15:58:58.549+0000 7f8be3cee700 1 -- 172.21.15.117:0/2008308469 shutdown_connections
2024-05-15T15:58:59.149 INFO:teuthology.orchestra.run.smithi117.stdout:/usr/bin/ceph: stderr
2024-05-15T15:58:58.549+0000 7f8be3cee700 1 --2- 172.21.15.117:0/2008308469 >> [v2:172.21.15.117:6800/1030087078,v1:172.21.15.117:6801/1030087078] conn(0x7f8bc8038830 0x7f8bc803acf0 unknown :-1 s=CLOSED pgs=20 cs=0 l=1 rev1=1 crypto rx=0 tx=0 comp rx=0 tx=0).stop
2024-05-15T15:58:59.149 INFO:teuthology.orchestra.run.smithi117.stdout:/usr/bin/ceph: stderr
2024-05-15T15:58:58.549+0000 7f8be3cee700 1 --2- 172.21.15.117:0/2008308469 >> [v2:172.21.15.117:3300/0,v1:172.21.15.117:6789/0] conn(0x7f8bdc107130 0x7f8bdc19a320 unknown :-1 s=CLOSED pgs=64 cs=0 l=1 rev1=1 crypto rx=0 tx=0 comp rx=0 tx=0).stop
2024-05-15T15:58:59.150 INFO:teuthology.orchestra.run.smithi117.stdout:/usr/bin/ceph: stderr
2024-05-15T15:58:58.549+0000 7f8be3cee700 1 -- 172.21.15.117:0/2008308469 >> 172.21.15.117:0/2008308469 conn(0x7f8bdc100b60 msgr2=0x7f8bdc1015e0 unknown :-1 s=STATE_NONE l=0).mark_down
2024-05-15T15:58:59.150 INFO:teuthology.orchestra.run.smithi117.stdout:/usr/bin/ceph: stderr
2024-05-15T15:58:58.549+0000 7f8be3cee700 1 -- 172.21.15.117:0/2008308469 shutdown_connections
2024-05-15T15:58:59.150 INFO:teuthology.orchestra.run.smithi117.stdout:/usr/bin/ceph: stderr
2024-05-15T15:58:58.549+0000 7f8be3cee700 1 -- 172.21.15.117:0/2008308469 wait complete.
2024-05-15T15:58:59.749 INFO:journalctl@ceph.mon.smithi117.smithi117.stdout:May 15 15:58:59 smithi117 ceph-mon[28700]: pgmap v4: 0 pgs: ; 0 B data, 0 B used, 0 B / 0 B avail
2024-05-15T15:58:59.749 INFO:journalctl@ceph.mon.smithi117.smithi117.stdout:May 15 15:58:59 smithi117 ceph-mon[28700]: from='client.? 172.21.15.117:0/2008308469' entity='client.admin'
2024-05-15T15:59:00.260 INFO:teuthology.orchestra.run.smithi117.stdout:/usr/bin/ceph: stderr
2024-05-15T15:58:59.547+0000 7f24c9560700 1 Processor -- start
2024-05-15T15:59:00.261 INFO:teuthology.orchestra.run.smithi117.stdout:/usr/bin/ceph: stderr
2024-05-15T15:58:59.547+0000 7f24c9560700 1 -- start start
2024-05-15T15:59:00.261 INFO:teuthology.orchestra.run.smithi117.stdout:/usr/bin/ceph: stderr
2024-05-15T15:58:59.547+0000 7f24c9560700 1 --2- >> [v2:172.21.15.117:3300/0,v1:172.21.15.117:6789/0] conn(0x7f24c4105570 0x7f24c4105990 unknown :-1 s=NONE pgs=0 cs=0 l=0 rev1=0 crypto rx=0 tx=0 comp rx=0 tx=0).connect
2024-05-15T15:59:00.261 INFO:teuthology.orchestra.run.smithi117.stdout:/usr/bin/ceph: stderr
2024-05-15T15:58:59.547+0000 7f24c9560700 1 -- --> [v2:172.21.15.117:3300/0,v1:172.21.15.117:6789/0] -- mon_getmap magic: 0 v1 -- 0x7f24c4105f60 con 0x7f24c4105570
2024-05-15T15:59:00.261 INFO:teuthology.orchestra.run.smithi117.stdout:/usr/bin/ceph: stderr
2024-05-15T15:58:59.548+0000 7f24c2ffd700 1 --2- >> [v2:172.21.15.117:3300/0,v1:172.21.15.117:6789/0] conn(0x7f24c4105570 0x7f24c4105990 unknown :-1 s=BANNER_CONNECTING pgs=0 cs=0 l=0 rev1=0 crypto rx=0 tx=0 comp rx=0 tx=0)._handle_peer_banner_payload supported=3 required=0
2024-05-15T15:59:00.261 INFO:teuthology.orchestra.run.smithi117.stdout:/usr/bin/ceph: stderr
2024-05-15T15:58:59.548+0000 7f24c2ffd700 1 --2- >> [v2:172.21.15.117:3300/0,v1:172.21.15.117:6789/0] conn(0x7f24c4105570 0x7f24c4105990 unknown :-1 s=HELLO_CONNECTING pgs=0 cs=0 l=0 rev1=1 crypto rx=0 tx=0 comp rx=0 tx=0).handle_hello peer v2:172.21.15.117:3300/0 says I am v2:172.21.15.117:54974/0 (socket says 172.21.15.117:54974)
2024-05-15T15:59:00.261 INFO:teuthology.orchestra.run.smithi117.stdout:/usr/bin/ceph: stderr
2024-05-15T15:58:59.548+0000 7f24c2ffd700 1 -- 172.21.15.117:0/3513473214 learned_addr learned my addr 172.21.15.117:0/3513473214 (peer_addr_for_me v2:172.21.15.117:0/0)
2024-05-15T15:59:00.261 INFO:teuthology.orchestra.run.smithi117.stdout:/usr/bin/ceph: stderr
2024-05-15T15:58:59.548+0000 7f24c2ffd700 1 -- 172.21.15.117:0/3513473214 --> [v2:172.21.15.117:3300/0,v1:172.21.15.117:6789/0] -- mon_subscribe({config=0+,monmap=0+}) v3 -- 0x7f24c4106770 con 0x7f24c4105570
2024-05-15T15:59:00.261 INFO:teuthology.orchestra.run.smithi117.stdout:/usr/bin/ceph: stderr
2024-05-15T15:58:59.548+0000 7f24c2ffd700 1 --2- 172.21.15.117:0/3513473214 >> [v2:172.21.15.117:3300/0,v1:172.21.15.117:6789/0] conn(0x7f24c4105570 0x7f24c4105990 secure :-1 s=READY pgs=65 cs=0 l=1 rev1=1 crypto rx=0x7f24b40098a0 tx=0x7f24b4009bb0 comp rx=0 tx=0).ready entity=mon.0 client_cookie=30cd11670b2f723 server_cookie=0 in_seq=0 out_seq=0
2024-05-15T15:59:00.261 INFO:teuthology.orchestra.run.smithi117.stdout:/usr/bin/ceph: stderr
2024-05-15T15:58:59.548+0000 7f24c1ffb700 1 -- 172.21.15.117:0/3513473214 <== mon.0 v2:172.21.15.117:3300/0 1 ==== mon_map magic: 0 v1 ==== 229+0+0 (secure 0 0 0) 0x7f24b4004180 con 0x7f24c4105570
2024-05-15T15:59:00.261 INFO:teuthology.orchestra.run.smithi117.stdout:/usr/bin/ceph: stderr
2024-05-15T15:58:59.548+0000 7f24c1ffb700 1 -- 172.21.15.117:0/3513473214 <== mon.0 v2:172.21.15.117:3300/0 2 ==== config(27 keys) v1 ==== 1109+0+0 (secure 0 0 0) 0x7f24b40042e0 con 0x7f24c4105570
2024-05-15T15:59:00.261 INFO:teuthology.orchestra.run.smithi117.stdout:/usr/bin/ceph: stderr
2024-05-15T15:58:59.548+0000 7f24c1ffb700 1 -- 172.21.15.117:0/3513473214 <== mon.0 v2:172.21.15.117:3300/0 3 ==== mon_map magic: 0 v1 ==== 229+0+0 (secure 0 0 0) 0x7f24b4011b10 con 0x7f24c4105570
2024-05-15T15:59:00.261 INFO:teuthology.orchestra.run.smithi117.stdout:/usr/bin/ceph: stderr
2024-05-15T15:58:59.549+0000 7f24c9560700 1 -- 172.21.15.117:0/3513473214 >> [v2:172.21.15.117:3300/0,v1:172.21.15.117:6789/0] conn(0x7f24c4105570 msgr2=0x7f24c4105990 secure :-1 s=STATE_CONNECTION_ESTABLISHED l=1).mark_down
2024-05-15T15:59:00.262 INFO:teuthology.orchestra.run.smithi117.stdout:/usr/bin/ceph: stderr
2024-05-15T15:58:59.549+0000 7f24c9560700 1 --2- 172.21.15.117:0/3513473214 >> [v2:172.21.15.117:3300/0,v1:172.21.15.117:6789/0] conn(0x7f24c4105570 0x7f24c4105990 secure :-1 s=READY pgs=65 cs=0 l=1 rev1=1 crypto rx=0x7f24b40098a0 tx=0x7f24b4009bb0 comp rx=0 tx=0).stop
2024-05-15T15:59:00.262 INFO:teuthology.orchestra.run.smithi117.stdout:/usr/bin/ceph: stderr
2024-05-15T15:58:59.549+0000 7f24c9560700 1 -- 172.21.15.117:0/3513473214 shutdown_connections
2024-05-15T15:59:00.262 INFO:teuthology.orchestra.run.smithi117.stdout:/usr/bin/ceph: stderr
2024-05-15T15:58:59.549+0000 7f24c9560700 1 --2- 172.21.15.117:0/3513473214 >> [v2:172.21.15.117:3300/0,v1:172.21.15.117:6789/0] conn(0x7f24c4105570 0x7f24c4105990 unknown :-1 s=CLOSED pgs=65 cs=0 l=1 rev1=1 crypto rx=0 tx=0 comp rx=0 tx=0).stop
2024-05-15T15:59:00.262 INFO:teuthology.orchestra.run.smithi117.stdout:/usr/bin/ceph: stderr
2024-05-15T15:58:59.549+0000 7f24c9560700 1 -- 172.21.15.117:0/3513473214 >> 172.21.15.117:0/3513473214 conn(0x7f24c4100b10 msgr2=0x7f24c4102f50 unknown :-1 s=STATE_NONE l=0).mark_down
2024-05-15T15:59:00.262 INFO:teuthology.orchestra.run.smithi117.stdout:/usr/bin/ceph: stderr
2024-05-15T15:58:59.549+0000 7f24c9560700 1 -- 172.21.15.117:0/3513473214 shutdown_connections
2024-05-15T15:59:00.262 INFO:teuthology.orchestra.run.smithi117.stdout:/usr/bin/ceph: stderr
2024-05-15T15:58:59.549+0000 7f24c9560700 1 -- 172.21.15.117:0/3513473214 wait complete.
2024-05-15T15:59:00.262 INFO:teuthology.orchestra.run.smithi117.stdout:/usr/bin/ceph: stderr
2024-05-15T15:58:59.550+0000 7f24c9560700 1 Processor -- start
2024-05-15T15:59:00.262 INFO:teuthology.orchestra.run.smithi117.stdout:/usr/bin/ceph: stderr
2024-05-15T15:58:59.550+0000 7f24c9560700 1 -- start start
2024-05-15T15:59:00.262 INFO:teuthology.orchestra.run.smithi117.stdout:/usr/bin/ceph: stderr
2024-05-15T15:58:59.550+0000 7f24c9560700 1 --2- >> [v2:172.21.15.117:3300/0,v1:172.21.15.117:6789/0] conn(0x7f24c4105570 0x7f24c4079a10 unknown :-1 s=NONE pgs=0 cs=0 l=1 rev1=0 crypto rx=0 tx=0 comp rx=0 tx=0).connect
2024-05-15T15:59:00.262 INFO:teuthology.orchestra.run.smithi117.stdout:/usr/bin/ceph: stderr
2024-05-15T15:58:59.550+0000 7f24c9560700 1 -- --> [v2:172.21.15.117:3300/0,v1:172.21.15.117:6789/0] -- mon_getmap magic: 0 v1 -- 0x7f24c4079f50 con 0x7f24c4105570
2024-05-15T15:59:00.262 INFO:teuthology.orchestra.run.smithi117.stdout:/usr/bin/ceph: stderr
2024-05-15T15:58:59.550+0000 7f24c2ffd700 1 --2- >> [v2:172.21.15.117:3300/0,v1:172.21.15.117:6789/0] conn(0x7f24c4105570 0x7f24c4079a10 unknown :-1 s=BANNER_CONNECTING pgs=0 cs=0 l=1 rev1=0 crypto rx=0 tx=0 comp rx=0 tx=0)._handle_peer_banner_payload supported=3 required=0
2024-05-15T15:59:00.262 INFO:teuthology.orchestra.run.smithi117.stdout:/usr/bin/ceph: stderr
2024-05-15T15:58:59.550+0000 7f24c2ffd700 1 --2- >> [v2:172.21.15.117:3300/0,v1:172.21.15.117:6789/0] conn(0x7f24c4105570 0x7f24c4079a10 unknown :-1 s=HELLO_CONNECTING pgs=0 cs=0 l=1 rev1=1 crypto rx=0 tx=0 comp rx=0 tx=0).handle_hello peer v2:172.21.15.117:3300/0 says I am v2:172.21.15.117:54984/0 (socket says 172.21.15.117:54984)
2024-05-15T15:59:00.262 INFO:teuthology.orchestra.run.smithi117.stdout:/usr/bin/ceph: stderr
2024-05-15T15:58:59.550+0000 7f24c2ffd700 1 -- 172.21.15.117:0/3337209133 learned_addr learned my addr 172.21.15.117:0/3337209133 (peer_addr_for_me v2:172.21.15.117:0/0)
2024-05-15T15:59:00.262 INFO:teuthology.orchestra.run.smithi117.stdout:/usr/bin/ceph: stderr
2024-05-15T15:58:59.550+0000 7f24c2ffd700 1 -- 172.21.15.117:0/3337209133 --> [v2:172.21.15.117:3300/0,v1:172.21.15.117:6789/0] -- mon_subscribe({config=0+,monmap=0+}) v3 -- 0x7f24b4009550 con 0x7f24c4105570
2024-05-15T15:59:00.263 INFO:teuthology.orchestra.run.smithi117.stdout:/usr/bin/ceph: stderr
2024-05-15T15:58:59.550+0000 7f24c2ffd700 1 --2- 172.21.15.117:0/3337209133 >> [v2:172.21.15.117:3300/0,v1:172.21.15.117:6789/0] conn(0x7f24c4105570 0x7f24c4079a10 secure :-1 s=READY pgs=66 cs=0 l=1 rev1=1 crypto rx=0x7f24b4009fb0 tx=0x7f24b4011890 comp rx=0 tx=0).ready entity=mon.0 client_cookie=0 server_cookie=0 in_seq=0 out_seq=0
2024-05-15T15:59:00.263 INFO:teuthology.orchestra.run.smithi117.stdout:/usr/bin/ceph: stderr
2024-05-15T15:58:59.551+0000 7f24abfff700 1 -- 172.21.15.117:0/3337209133 <== mon.0 v2:172.21.15.117:3300/0 1 ==== mon_map magic: 0 v1 ==== 229+0+0 (secure 0 0 0) 0x7f24b40038b0 con 0x7f24c4105570
2024-05-15T15:59:00.263 INFO:teuthology.orchestra.run.smithi117.stdout:/usr/bin/ceph: stderr
2024-05-15T15:58:59.551+0000 7f24abfff700 1 -- 172.21.15.117:0/3337209133 <== mon.0 v2:172.21.15.117:3300/0 2 ==== config(27 keys) v1 ==== 1109+0+0 (secure 0 0 0) 0x7f24b4003a10 con 0x7f24c4105570
2024-05-15T15:59:00.263 INFO:teuthology.orchestra.run.smithi117.stdout:/usr/bin/ceph: stderr
2024-05-15T15:58:59.551+0000 7f24c9560700 1 -- 172.21.15.117:0/3337209133 --> [v2:172.21.15.117:3300/0,v1:172.21.15.117:6789/0] -- mon_subscribe({mgrmap=0+}) v3 -- 0x7f24c419d060 con 0x7f24c4105570
2024-05-15T15:59:00.263 INFO:teuthology.orchestra.run.smithi117.stdout:/usr/bin/ceph: stderr
