2024-05-15T15:58:35.674+0000 7f939d64d700 1 -- 172.21.15.117:0/3474649007 >> [v2:172.21.15.117:6800/2764207302,v1:172.21.15.117:6801/2764207302] conn(0x7f9384038730 msgr2=0x7f938403abf0 unknown :-1 s=STATE_CONNECTING_RE l=1).process reconnect failed to v2:172.21.15.117:6800/2764207302
2024-05-15T15:58:38.122 INFO:teuthology.orchestra.run.smithi117.stdout:/usr/bin/ceph: stderr
2024-05-15T15:58:35.674+0000 7f939d64d700 1 --2- 172.21.15.117:0/3474649007 >> [v2:172.21.15.117:6800/2764207302,v1:172.21.15.117:6801/2764207302] conn(0x7f9384038730 0x7f938403abf0 unknown :-1 s=START_CONNECT pgs=0 cs=0 l=1 rev1=0 crypto rx=0 tx=0 comp rx=0 tx=0)._fault waiting 3.200000
2024-05-15T15:58:38.122 INFO:teuthology.orchestra.run.smithi117.stdout:/usr/bin/ceph: stderr
2024-05-15T15:58:36.525+0000 7f938effd700 1 -- 172.21.15.117:0/3474649007 <== mon.0 v2:172.21.15.117:3300/0 6 ==== mgrmap(e 6) v1 ==== 45323+0+0 (secure 0 0 0) 0x7f93880188e0 con 0x7f9398107160
2024-05-15T15:58:38.122 INFO:teuthology.orchestra.run.smithi117.stdout:/usr/bin/ceph: stderr
2024-05-15T15:58:36.526+0000 7f938effd700 1 -- 172.21.15.117:0/3474649007 >> [v2:172.21.15.117:6800/2764207302,v1:172.21.15.117:6801/2764207302] conn(0x7f9384038730 msgr2=0x7f938403abf0 unknown :-1 s=STATE_CONNECTING l=1).mark_down
2024-05-15T15:58:38.122 INFO:teuthology.orchestra.run.smithi117.stdout:/usr/bin/ceph: stderr
2024-05-15T15:58:36.526+0000 7f938effd700 1 --2- 172.21.15.117:0/3474649007 >> [v2:172.21.15.117:6800/2764207302,v1:172.21.15.117:6801/2764207302] conn(0x7f9384038730 0x7f938403abf0 unknown :-1 s=START_CONNECT pgs=0 cs=0 l=1 rev1=0 crypto rx=0 tx=0 comp rx=0 tx=0).stop
2024-05-15T15:58:38.122 INFO:teuthology.orchestra.run.smithi117.stdout:/usr/bin/ceph: stderr
2024-05-15T15:58:37.525+0000 7f938effd700 1 -- 172.21.15.117:0/3474649007 <== mon.0 v2:172.21.15.117:3300/0 7 ==== mgrmap(e 7) v1 ==== 45450+0+0 (secure 0 0 0) 0x7f9388029d50 con 0x7f9398107160
2024-05-15T15:58:38.122 INFO:teuthology.orchestra.run.smithi117.stdout:/usr/bin/ceph: stderr
2024-05-15T15:58:37.526+0000 7f938effd700 1 --2- 172.21.15.117:0/3474649007 >> [v2:172.21.15.117:6800/1030087078,v1:172.21.15.117:6801/1030087078] conn(0x7f938403bfc0 0x7f938403e3b0 unknown :-1 s=NONE pgs=0 cs=0 l=1 rev1=0 crypto rx=0 tx=0 comp rx=0 tx=0).connect
2024-05-15T15:58:38.122 INFO:teuthology.orchestra.run.smithi117.stdout:/usr/bin/ceph: stderr
2024-05-15T15:58:37.526+0000 7f938effd700 1 -- 172.21.15.117:0/3474649007 --> [v2:172.21.15.117:6800/1030087078,v1:172.21.15.117:6801/1030087078] -- command(tid 0: {"prefix": "get_command_descriptions"}) v1 -- 0x7f938403b300 con 0x7f938403bfc0
2024-05-15T15:58:38.122 INFO:teuthology.orchestra.run.smithi117.stdout:/usr/bin/ceph: stderr
2024-05-15T15:58:37.526+0000 7f939d64d700 1 --2- 172.21.15.117:0/3474649007 >> [v2:172.21.15.117:6800/1030087078,v1:172.21.15.117:6801/1030087078] conn(0x7f938403bfc0 0x7f938403e3b0 unknown :-1 s=BANNER_CONNECTING pgs=0 cs=0 l=1 rev1=0 crypto rx=0 tx=0 comp rx=0 tx=0)._handle_peer_banner_payload supported=3 required=0
2024-05-15T15:58:38.122 INFO:teuthology.orchestra.run.smithi117.stdout:/usr/bin/ceph: stderr
2024-05-15T15:58:37.527+0000 7f939d64d700 1 --2- 172.21.15.117:0/3474649007 >> [v2:172.21.15.117:6800/1030087078,v1:172.21.15.117:6801/1030087078] conn(0x7f938403bfc0 0x7f938403e3b0 secure :-1 s=READY pgs=2 cs=0 l=1 rev1=1 crypto rx=0x7f9394003a10 tx=0x7f93940092b0 comp rx=0 tx=0).ready entity=mgr.14120 client_cookie=0 server_cookie=0 in_seq=0 out_seq=0
2024-05-15T15:58:38.122 INFO:teuthology.orchestra.run.smithi117.stdout:/usr/bin/ceph: stderr
2024-05-15T15:58:37.527+0000 7f938effd700 1 -- 172.21.15.117:0/3474649007 <== mgr.14120 v2:172.21.15.117:6800/1030087078 1 ==== command_reply(tid 0: 0 ) v1 ==== 8+0+7774 (secure 0 0 0) 0x7f938403b300 con 0x7f938403bfc0
2024-05-15T15:58:38.123 INFO:teuthology.orchestra.run.smithi117.stdout:/usr/bin/ceph: stderr
2024-05-15T15:58:37.534+0000 7f93a00b2700 1 -- 172.21.15.117:0/3474649007 --> [v2:172.21.15.117:6800/1030087078,v1:172.21.15.117:6801/1030087078] -- command(tid 1: {"prefix": "mgr_status"}) v1 -- 0x7f939810a7b0 con 0x7f938403bfc0
2024-05-15T15:58:38.123 INFO:teuthology.orchestra.run.smithi117.stdout:/usr/bin/ceph: stderr
2024-05-15T15:58:37.535+0000 7f938effd700 1 -- 172.21.15.117:0/3474649007 <== mgr.14120 v2:172.21.15.117:6800/1030087078 2 ==== command_reply(tid 1: 0 ) v1 ==== 8+0+51 (secure 0 0 0) 0x7f939810a7b0 con 0x7f938403bfc0
2024-05-15T15:58:38.123 INFO:teuthology.orchestra.run.smithi117.stdout:/usr/bin/ceph: stderr
2024-05-15T15:58:37.535+0000 7f93a00b2700 1 -- 172.21.15.117:0/3474649007 >> [v2:172.21.15.117:6800/1030087078,v1:172.21.15.117:6801/1030087078] conn(0x7f938403bfc0 msgr2=0x7f938403e3b0 secure :-1 s=STATE_CONNECTION_ESTABLISHED l=1).mark_down
2024-05-15T15:58:38.123 INFO:teuthology.orchestra.run.smithi117.stdout:/usr/bin/ceph: stderr
2024-05-15T15:58:37.535+0000 7f93a00b2700 1 --2- 172.21.15.117:0/3474649007 >> [v2:172.21.15.117:6800/1030087078,v1:172.21.15.117:6801/1030087078] conn(0x7f938403bfc0 0x7f938403e3b0 secure :-1 s=READY pgs=2 cs=0 l=1 rev1=1 crypto rx=0x7f9394003a10 tx=0x7f93940092b0 comp rx=0 tx=0).stop
2024-05-15T15:58:38.123 INFO:teuthology.orchestra.run.smithi117.stdout:/usr/bin/ceph: stderr
2024-05-15T15:58:37.535+0000 7f93a00b2700 1 -- 172.21.15.117:0/3474649007 >> [v2:172.21.15.117:3300/0,v1:172.21.15.117:6789/0] conn(0x7f9398107160 msgr2=0x7f939819c5e0 secure :-1 s=STATE_CONNECTION_ESTABLISHED l=1).mark_down
2024-05-15T15:58:38.123 INFO:teuthology.orchestra.run.smithi117.stdout:/usr/bin/ceph: stderr
2024-05-15T15:58:37.535+0000 7f93a00b2700 1 --2- 172.21.15.117:0/3474649007 >> [v2:172.21.15.117:3300/0,v1:172.21.15.117:6789/0] conn(0x7f9398107160 0x7f939819c5e0 secure :-1 s=READY pgs=29 cs=0 l=1 rev1=1 crypto rx=0x7f9388011a20 tx=0x7f93880047c0 comp rx=0 tx=0).stop
2024-05-15T15:58:38.123 INFO:teuthology.orchestra.run.smithi117.stdout:/usr/bin/ceph: stderr
2024-05-15T15:58:37.535+0000 7f93a00b2700 1 -- 172.21.15.117:0/3474649007 shutdown_connections
2024-05-15T15:58:38.123 INFO:teuthology.orchestra.run.smithi117.stdout:/usr/bin/ceph: stderr
2024-05-15T15:58:37.535+0000 7f93a00b2700 1 --2- 172.21.15.117:0/3474649007 >> [v2:172.21.15.117:6800/1030087078,v1:172.21.15.117:6801/1030087078] conn(0x7f938403bfc0 0x7f938403e3b0 unknown :-1 s=CLOSED pgs=2 cs=0 l=1 rev1=1 crypto rx=0 tx=0 comp rx=0 tx=0).stop
2024-05-15T15:58:38.123 INFO:teuthology.orchestra.run.smithi117.stdout:/usr/bin/ceph: stderr
2024-05-15T15:58:37.535+0000 7f93a00b2700 1 --2- 172.21.15.117:0/3474649007 >> [v2:172.21.15.117:3300/0,v1:172.21.15.117:6789/0] conn(0x7f9398107160 0x7f939819c5e0 unknown :-1 s=CLOSED pgs=29 cs=0 l=1 rev1=1 crypto rx=0 tx=0 comp rx=0 tx=0).stop
2024-05-15T15:58:38.123 INFO:teuthology.orchestra.run.smithi117.stdout:/usr/bin/ceph: stderr
2024-05-15T15:58:37.535+0000 7f93a00b2700 1 --2- 172.21.15.117:0/3474649007 >> [v2:172.21.15.117:6800/2764207302,v1:172.21.15.117:6801/2764207302] conn(0x7f9384038730 0x7f938403abf0 unknown :-1 s=CLOSED pgs=0 cs=0 l=1 rev1=0 crypto rx=0 tx=0 comp rx=0 tx=0).stop
2024-05-15T15:58:38.123 INFO:teuthology.orchestra.run.smithi117.stdout:/usr/bin/ceph: stderr
2024-05-15T15:58:37.535+0000 7f93a00b2700 1 -- 172.21.15.117:0/3474649007 >> 172.21.15.117:0/3474649007 conn(0x7f9398100af0 msgr2=0x7f9398101680 unknown :-1 s=STATE_NONE l=0).mark_down
2024-05-15T15:58:38.123 INFO:teuthology.orchestra.run.smithi117.stdout:/usr/bin/ceph: stderr
2024-05-15T15:58:37.535+0000 7f93a00b2700 1 -- 172.21.15.117:0/3474649007 shutdown_connections
2024-05-15T15:58:38.123 INFO:teuthology.orchestra.run.smithi117.stdout:/usr/bin/ceph: stderr
2024-05-15T15:58:37.535+0000 7f93a00b2700 1 -- 172.21.15.117:0/3474649007 wait complete.
2024-05-15T15:58:38.123 INFO:teuthology.orchestra.run.smithi117.stdout:mgr epoch 5 is available
2024-05-15T15:58:38.123 INFO:teuthology.orchestra.run.smithi117.stdout:Setting orchestrator backend to cephadm...
2024-05-15T15:58:38.721 INFO:journalctl@ceph.mon.smithi117.smithi117.stdout:May 15 15:58:38 smithi117 ceph-mon[28700]: [15/May/2024:15:58:37] ENGINE Bus STARTING
2024-05-15T15:58:38.721 INFO:journalctl@ceph.mon.smithi117.smithi117.stdout:May 15 15:58:38 smithi117 ceph-mon[28700]: [15/May/2024:15:58:37] ENGINE Serving on https://172.21.15.117:7150
2024-05-15T15:58:38.721 INFO:journalctl@ceph.mon.smithi117.smithi117.stdout:May 15 15:58:38 smithi117 ceph-mon[28700]: [15/May/2024:15:58:37] ENGINE Serving on http://172.21.15.117:8765
2024-05-15T15:58:38.721 INFO:journalctl@ceph.mon.smithi117.smithi117.stdout:May 15 15:58:38 smithi117 ceph-mon[28700]: [15/May/2024:15:58:37] ENGINE Bus STARTED
2024-05-15T15:58:38.721 INFO:journalctl@ceph.mon.smithi117.smithi117.stdout:May 15 15:58:38 smithi117 ceph-mon[28700]: from='client.14124 -' entity='client.admin' cmd=[{"prefix": "get_command_descriptions"}]: dispatch
2024-05-15T15:58:38.721 INFO:journalctl@ceph.mon.smithi117.smithi117.stdout:May 15 15:58:38 smithi117 ceph-mon[28700]: from='client.14124 -' entity='client.admin' cmd=[{"prefix": "mgr_status"}]: dispatch
2024-05-15T15:58:39.247 INFO:teuthology.orchestra.run.smithi117.stdout:/usr/bin/ceph: stderr
2024-05-15T15:58:38.499+0000 7f1968beb700 1 Processor -- start
2024-05-15T15:58:39.248 INFO:teuthology.orchestra.run.smithi117.stdout:/usr/bin/ceph: stderr
2024-05-15T15:58:38.499+0000 7f1968beb700 1 -- start start
2024-05-15T15:58:39.248 INFO:teuthology.orchestra.run.smithi117.stdout:/usr/bin/ceph: stderr
2024-05-15T15:58:38.499+0000 7f1968beb700 1 --2- >> [v2:172.21.15.117:3300/0,v1:172.21.15.117:6789/0] conn(0x7f1964106660 0x7f1964106a80 unknown :-1 s=NONE pgs=0 cs=0 l=0 rev1=0 crypto rx=0 tx=0 comp rx=0 tx=0).connect
2024-05-15T15:58:39.248 INFO:teuthology.orchestra.run.smithi117.stdout:/usr/bin/ceph: stderr
2024-05-15T15:58:38.499+0000 7f1968beb700 1 -- --> [v2:172.21.15.117:3300/0,v1:172.21.15.117:6789/0] -- mon_getmap magic: 0 v1 -- 0x7f1964107050 con 0x7f1964106660
2024-05-15T15:58:39.248 INFO:teuthology.orchestra.run.smithi117.stdout:/usr/bin/ceph: stderr
2024-05-15T15:58:38.499+0000 7f196259c700 1 --2- >> [v2:172.21.15.117:3300/0,v1:172.21.15.117:6789/0] conn(0x7f1964106660 0x7f1964106a80 unknown :-1 s=BANNER_CONNECTING pgs=0 cs=0 l=0 rev1=0 crypto rx=0 tx=0 comp rx=0 tx=0)._handle_peer_banner_payload supported=3 required=0
2024-05-15T15:58:39.248 INFO:teuthology.orchestra.run.smithi117.stdout:/usr/bin/ceph: stderr
2024-05-15T15:58:38.499+0000 7f196259c700 1 --2- >> [v2:172.21.15.117:3300/0,v1:172.21.15.117:6789/0] conn(0x7f1964106660 0x7f1964106a80 unknown :-1 s=HELLO_CONNECTING pgs=0 cs=0 l=0 rev1=1 crypto rx=0 tx=0 comp rx=0 tx=0).handle_hello peer v2:172.21.15.117:3300/0 says I am v2:172.21.15.117:32856/0 (socket says 172.21.15.117:32856)
2024-05-15T15:58:39.248 INFO:teuthology.orchestra.run.smithi117.stdout:/usr/bin/ceph: stderr
2024-05-15T15:58:38.499+0000 7f196259c700 1 -- 172.21.15.117:0/3909568104 learned_addr learned my addr 172.21.15.117:0/3909568104 (peer_addr_for_me v2:172.21.15.117:0/0)
2024-05-15T15:58:39.248 INFO:teuthology.orchestra.run.smithi117.stdout:/usr/bin/ceph: stderr
2024-05-15T15:58:38.500+0000 7f196259c700 1 -- 172.21.15.117:0/3909568104 --> [v2:172.21.15.117:3300/0,v1:172.21.15.117:6789/0] -- mon_subscribe({config=0+,monmap=0+}) v3 -- 0x7f1964107860 con 0x7f1964106660
2024-05-15T15:58:39.248 INFO:teuthology.orchestra.run.smithi117.stdout:/usr/bin/ceph: stderr
2024-05-15T15:58:38.500+0000 7f196259c700 1 --2- 172.21.15.117:0/3909568104 >> [v2:172.21.15.117:3300/0,v1:172.21.15.117:6789/0] conn(0x7f1964106660 0x7f1964106a80 secure :-1 s=READY pgs=37 cs=0 l=1 rev1=1 crypto rx=0x7f19540098a0 tx=0x7f1954009bb0 comp rx=0 tx=0).ready entity=mon.0 client_cookie=5c78a4e3f741bb5b server_cookie=0 in_seq=0 out_seq=0
2024-05-15T15:58:39.248 INFO:teuthology.orchestra.run.smithi117.stdout:/usr/bin/ceph: stderr
2024-05-15T15:58:38.500+0000 7f196159a700 1 -- 172.21.15.117:0/3909568104 <== mon.0 v2:172.21.15.117:3300/0 1 ==== mon_map magic: 0 v1 ==== 229+0+0 (secure 0 0 0) 0x7f1954004180 con 0x7f1964106660
2024-05-15T15:58:39.248 INFO:teuthology.orchestra.run.smithi117.stdout:/usr/bin/ceph: stderr
2024-05-15T15:58:38.500+0000 7f196159a700 1 -- 172.21.15.117:0/3909568104 <== mon.0 v2:172.21.15.117:3300/0 2 ==== config(27 keys) v1 ==== 1042+0+0 (secure 0 0 0) 0x7f19540042e0 con 0x7f1964106660
2024-05-15T15:58:39.248 INFO:teuthology.orchestra.run.smithi117.stdout:/usr/bin/ceph: stderr
2024-05-15T15:58:38.500+0000 7f196159a700 1 -- 172.21.15.117:0/3909568104 <== mon.0 v2:172.21.15.117:3300/0 3 ==== mon_map magic: 0 v1 ==== 229+0+0 (secure 0 0 0) 0x7f1954011a70 con 0x7f1964106660
2024-05-15T15:58:39.249 INFO:teuthology.orchestra.run.smithi117.stdout:/usr/bin/ceph: stderr
2024-05-15T15:58:38.501+0000 7f1968beb700 1 -- 172.21.15.117:0/3909568104 >> [v2:172.21.15.117:3300/0,v1:172.21.15.117:6789/0] conn(0x7f1964106660 msgr2=0x7f1964106a80 secure :-1 s=STATE_CONNECTION_ESTABLISHED l=1).mark_down
2024-05-15T15:58:39.249 INFO:teuthology.orchestra.run.smithi117.stdout:/usr/bin/ceph: stderr
2024-05-15T15:58:38.501+0000 7f1968beb700 1 --2- 172.21.15.117:0/3909568104 >> [v2:172.21.15.117:3300/0,v1:172.21.15.117:6789/0] conn(0x7f1964106660 0x7f1964106a80 secure :-1 s=READY pgs=37 cs=0 l=1 rev1=1 crypto rx=0x7f19540098a0 tx=0x7f1954009bb0 comp rx=0 tx=0).stop
2024-05-15T15:58:39.249 INFO:teuthology.orchestra.run.smithi117.stdout:/usr/bin/ceph: stderr
2024-05-15T15:58:38.501+0000 7f1968beb700 1 -- 172.21.15.117:0/3909568104 shutdown_connections
2024-05-15T15:58:39.249 INFO:teuthology.orchestra.run.smithi117.stdout:/usr/bin/ceph: stderr
2024-05-15T15:58:38.501+0000 7f1968beb700 1 --2- 172.21.15.117:0/3909568104 >> [v2:172.21.15.117:3300/0,v1:172.21.15.117:6789/0] conn(0x7f1964106660 0x7f1964106a80 unknown :-1 s=CLOSED pgs=37 cs=0 l=1 rev1=1 crypto rx=0 tx=0 comp rx=0 tx=0).stop
2024-05-15T15:58:39.249 INFO:teuthology.orchestra.run.smithi117.stdout:/usr/bin/ceph: stderr
2024-05-15T15:58:38.501+0000 7f1968beb700 1 -- 172.21.15.117:0/3909568104 >> 172.21.15.117:0/3909568104 conn(0x7f1964101c40 msgr2=0x7f1964104060 unknown :-1 s=STATE_NONE l=0).mark_down
2024-05-15T15:58:39.249 INFO:teuthology.orchestra.run.smithi117.stdout:/usr/bin/ceph: stderr
2024-05-15T15:58:38.501+0000 7f1968beb700 1 -- 172.21.15.117:0/3909568104 shutdown_connections
2024-05-15T15:58:39.249 INFO:teuthology.orchestra.run.smithi117.stdout:/usr/bin/ceph: stderr
2024-05-15T15:58:38.501+0000 7f1968beb700 1 -- 172.21.15.117:0/3909568104 wait complete.
2024-05-15T15:58:39.249 INFO:teuthology.orchestra.run.smithi117.stdout:/usr/bin/ceph: stderr
2024-05-15T15:58:38.501+0000 7f1968beb700 1 Processor -- start
2024-05-15T15:58:39.249 INFO:teuthology.orchestra.run.smithi117.stdout:/usr/bin/ceph: stderr
2024-05-15T15:58:38.502+0000 7f1968beb700 1 -- start start
2024-05-15T15:58:39.249 INFO:teuthology.orchestra.run.smithi117.stdout:/usr/bin/ceph: stderr
2024-05-15T15:58:38.502+0000 7f1968beb700 1 --2- >> [v2:172.21.15.117:3300/0,v1:172.21.15.117:6789/0] conn(0x7f1964106660 0x7f196407bb10 unknown :-1 s=NONE pgs=0 cs=0 l=1 rev1=0 crypto rx=0 tx=0 comp rx=0 tx=0).connect
2024-05-15T15:58:39.249 INFO:teuthology.orchestra.run.smithi117.stdout:/usr/bin/ceph: stderr
2024-05-15T15:58:38.502+0000 7f1968beb700 1 -- --> [v2:172.21.15.117:3300/0,v1:172.21.15.117:6789/0] -- mon_getmap magic: 0 v1 -- 0x7f196407c050 con 0x7f1964106660
2024-05-15T15:58:39.249 INFO:teuthology.orchestra.run.smithi117.stdout:/usr/bin/ceph: stderr
2024-05-15T15:58:38.502+0000 7f196259c700 1 --2- >> [v2:172.21.15.117:3300/0,v1:172.21.15.117:6789/0] conn(0x7f1964106660 0x7f196407bb10 unknown :-1 s=BANNER_CONNECTING pgs=0 cs=0 l=1 rev1=0 crypto rx=0 tx=0 comp rx=0 tx=0)._handle_peer_banner_payload supported=3 required=0
2024-05-15T15:58:39.249 INFO:teuthology.orchestra.run.smithi117.stdout:/usr/bin/ceph: stderr
2024-05-15T15:58:38.502+0000 7f196259c700 1 --2- >> [v2:172.21.15.117:3300/0,v1:172.21.15.117:6789/0] conn(0x7f1964106660 0x7f196407bb10 unknown :-1 s=HELLO_CONNECTING pgs=0 cs=0 l=1 rev1=1 crypto rx=0 tx=0 comp rx=0 tx=0).handle_hello peer v2:172.21.15.117:3300/0 says I am v2:172.21.15.117:45546/0 (socket says 172.21.15.117:45546)
2024-05-15T15:58:39.249 INFO:teuthology.orchestra.run.smithi117.stdout:/usr/bin/ceph: stderr
2024-05-15T15:58:38.502+0000 7f196259c700 1 -- 172.21.15.117:0/3959796393 learned_addr learned my addr 172.21.15.117:0/3959796393 (peer_addr_for_me v2:172.21.15.117:0/0)
2024-05-15T15:58:39.249 INFO:teuthology.orchestra.run.smithi117.stdout:/usr/bin/ceph: stderr
2024-05-15T15:58:38.502+0000 7f196259c700 1 -- 172.21.15.117:0/3959796393 --> [v2:172.21.15.117:3300/0,v1:172.21.15.117:6789/0] -- mon_subscribe({config=0+,monmap=0+}) v3 -- 0x7f1954009550 con 0x7f1964106660
2024-05-15T15:58:39.250 INFO:teuthology.orchestra.run.smithi117.stdout:/usr/bin/ceph: stderr
2024-05-15T15:58:38.502+0000 7f196259c700 1 --2- 172.21.15.117:0/3959796393 >> [v2:172.21.15.117:3300/0,v1:172.21.15.117:6789/0] conn(0x7f1964106660 0x7f196407bb10 secure :-1 s=READY pgs=38 cs=0 l=1 rev1=1 crypto rx=0x7f1954011710 tx=0x7f19540047c0 comp rx=0 tx=0).ready entity=mon.0 client_cookie=0 server_cookie=0 in_seq=0 out_seq=0
2024-05-15T15:58:39.250 INFO:teuthology.orchestra.run.smithi117.stdout:/usr/bin/ceph: stderr
2024-05-15T15:58:38.502+0000 7f19537fe700 1 -- 172.21.15.117:0/3959796393 <== mon.0 v2:172.21.15.117:3300/0 1 ==== mon_map magic: 0 v1 ==== 229+0+0 (secure 0 0 0) 0x7f1954003b10 con 0x7f1964106660
2024-05-15T15:58:39.250 INFO:teuthology.orchestra.run.smithi117.stdout:/usr/bin/ceph: stderr
2024-05-15T15:58:38.502+0000 7f1968beb700 1 -- 172.21.15.117:0/3959796393 --> [v2:172.21.15.117:3300/0,v1:172.21.15.117:6789/0] -- mon_subscribe({mgrmap=0+}) v3 -- 0x7f196407a290 con 0x7f1964106660
2024-05-15T15:58:39.250 INFO:teuthology.orchestra.run.smithi117.stdout:/usr/bin/ceph: stderr
2024-05-15T15:58:38.502+0000 7f19537fe700 1 -- 172.21.15.117:0/3959796393 <== mon.0 v2:172.21.15.117:3300/0 2 ==== config(27 keys) v1 ==== 1042+0+0 (secure 0 0 0) 0x7f195401b8c0 con 0x7f1964106660
2024-05-15T15:58:39.250 INFO:teuthology.orchestra.run.smithi117.stdout:/usr/bin/ceph: stderr
2024-05-15T15:58:38.502+0000 7f19537fe700 1 -- 172.21.15.117:0/3959796393 <== mon.0 v2:172.21.15.117:3300/0 3 ==== mon_map magic: 0 v1 ==== 229+0+0 (secure 0 0 0) 0x7f1954019770 con 0x7f1964106660
2024-05-15T15:58:39.250 INFO:teuthology.orchestra.run.smithi117.stdout:/usr/bin/ceph: stderr
2024-05-15T15:58:38.502+0000 7f1968beb700 1 -- 172.21.15.117:0/3959796393 --> [v2:172.21.15.117:3300/0,v1:172.21.15.117:6789/0] -- mon_subscribe({osdmap=0}) v3 -- 0x7f196407a730 con 0x7f1964106660
2024-05-15T15:58:39.250 INFO:teuthology.orchestra.run.smithi117.stdout:/usr/bin/ceph: stderr
2024-05-15T15:58:38.503+0000 7f19537fe700 1 -- 172.21.15.117:0/3959796393 <== mon.0 v2:172.21.15.117:3300/0 4 ==== mgrmap(e 7) v1 ==== 45450+0+0 (secure 0 0 0) 0x7f19540199f0 con 0x7f1964106660
2024-05-15T15:58:39.250 INFO:teuthology.orchestra.run.smithi117.stdout:/usr/bin/ceph: stderr
2024-05-15T15:58:38.503+0000 7f1968beb700 1 -- 172.21.15.117:0/3959796393 --> [v2:172.21.15.117:3300/0,v1:172.21.15.117:6789/0] -- mon_command({"prefix": "get_command_descriptions"} v 0) v1 -- 0x7f19640625d0 con 0x7f1964106660
2024-05-15T15:58:39.250 INFO:teuthology.orchestra.run.smithi117.stdout:/usr/bin/ceph: stderr
2024-05-15T15:58:38.503+0000 7f19537fe700 1 --2- 172.21.15.117:0/3959796393 >> [v2:172.21.15.117:6800/1030087078,v1:172.21.15.117:6801/1030087078] conn(0x7f194c0386c0 0x7f194c03ab80 unknown :-1 s=NONE pgs=0 cs=0 l=1 rev1=0 crypto rx=0 tx=0 comp rx=0 tx=0).connect
2024-05-15T15:58:39.250 INFO:teuthology.orchestra.run.smithi117.stdout:/usr/bin/ceph: stderr
2024-05-15T15:58:38.503+0000 7f19537fe700 1 -- 172.21.15.117:0/3959796393 <== mon.0 v2:172.21.15.117:3300/0 5 ==== osd_map(2..2 src has 1..2) v4 ==== 940+0+0 (secure 0 0 0) 0x7f195404c7a0 con 0x7f1964106660
2024-05-15T15:58:39.250 INFO:teuthology.orchestra.run.smithi117.stdout:/usr/bin/ceph: stderr
2024-05-15T15:58:38.503+0000 7f1961d9b700 1 --2- 172.21.15.117:0/3959796393 >> [v2:172.21.15.117:6800/1030087078,v1:172.21.15.117:6801/1030087078] conn(0x7f194c0386c0 0x7f194c03ab80 unknown :-1 s=BANNER_CONNECTING pgs=0 cs=0 l=1 rev1=0 crypto rx=0 tx=0 comp rx=0 tx=0)._handle_peer_banner_payload supported=3 required=0
2024-05-15T15:58:39.250 INFO:teuthology.orchestra.run.smithi117.stdout:/usr/bin/ceph: stderr
2024-05-15T15:58:38.504+0000 7f1961d9b700 1 --2- 172.21.15.117:0/3959796393 >> [v2:172.21.15.117:6800/1030087078,v1:172.21.15.117:6801/1030087078] conn(0x7f194c0386c0 0x7f194c03ab80 secure :-1 s=READY pgs=7 cs=0 l=1 rev1=1 crypto rx=0x7f1958006fd0 tx=0x7f1958006e40 comp rx=0 tx=0).ready entity=mgr.14120 client_cookie=0 server_cookie=0 in_seq=0 out_seq=0
2024-05-15T15:58:39.250 INFO:teuthology.orchestra.run.smithi117.stdout:/usr/bin/ceph: stderr
2024-05-15T15:58:38.508+0000 7f19537fe700 1 -- 172.21.15.117:0/3959796393 <== mon.0 v2:172.21.15.117:3300/0 6 ==== mon_command_ack([{"prefix": "get_command_descriptions"}]=0 v0) v1 ==== 72+0+183622 (secure 0 0 0) 0x7f1954018db0 con 0x7f1964106660
2024-05-15T15:58:39.251 INFO:teuthology.orchestra.run.smithi117.stdout:/usr/bin/ceph: stderr
2024-05-15T15:58:38.581+0000 7f19537fe700 1 -- 172.21.15.117:0/3959796393 <== mon.0 v2:172.21.15.117:3300/0 7 ==== mgrmap(e 8) v1 ==== 45556+0+0 (secure 0 0 0) 0x7f195402ad20 con 0x7f1964106660
2024-05-15T15:58:39.251 INFO:teuthology.orchestra.run.smithi117.stdout:/usr/bin/ceph: stderr
2024-05-15T15:58:38.717+0000 7f1968beb700 1 -- 172.21.15.117:0/3959796393 --> [v2:172.21.15.117:6800/1030087078,v1:172.21.15.117:6801/1030087078] -- mgr_command(tid 0: {"prefix": "orch set backend", "module_name": "cephadm", "target": ["mon-mgr", ""]}) v1 -- 0x7f196407ad70 con 0x7f194c0386c0
2024-05-15T15:58:39.251 INFO:teuthology.orchestra.run.smithi117.stdout:/usr/bin/ceph: stderr
2024-05-15T15:58:38.726+0000 7f19537fe700 1 -- 172.21.15.117:0/3959796393 <== mgr.14120 v2:172.21.15.117:6800/1030087078 1 ==== mgr_command_reply(tid 0: 0 ) v1 ==== 8+0+0 (secure 0 0 0) 0x7f196407ad70 con 0x7f194c0386c0
2024-05-15T15:58:39.251 INFO:teuthology.orchestra.run.smithi117.stdout:/usr/bin/ceph: stderr
2024-05-15T15:58:38.728+0000 7f1968beb700 1 -- 172.21.15.117:0/3959796393 >> [v2:172.21.15.117:6800/1030087078,v1:172.21.15.117:6801/1030087078] conn(0x7f194c0386c0 msgr2=0x7f194c03ab80 secure :-1 s=STATE_CONNECTION_ESTABLISHED l=1).mark_down
2024-05-15T15:58:39.251 INFO:teuthology.orchestra.run.smithi117.stdout:/usr/bin/ceph: stderr
2024-05-15T15:58:38.728+0000 7f1968beb700 1 --2- 172.21.15.117:0/3959796393 >> [v2:172.21.15.117:6800/1030087078,v1:172.21.15.117:6801/1030087078] conn(0x7f194c0386c0 0x7f194c03ab80 secure :-1 s=READY pgs=7 cs=0 l=1 rev1=1 crypto rx=0x7f1958006fd0 tx=0x7f1958006e40 comp rx=0 tx=0).stop
2024-05-15T15:58:39.251 INFO:teuthology.orchestra.run.smithi117.stdout:/usr/bin/ceph: stderr
2024-05-15T15:58:38.728+0000 7f1968beb700 1 -- 172.21.15.117:0/3959796393 >> [v2:172.21.15.117:3300/0,v1:172.21.15.117:6789/0] conn(0x7f1964106660 msgr2=0x7f196407bb10 secure :-1 s=STATE_CONNECTION_ESTABLISHED l=1).mark_down
2024-05-15T15:58:39.251 INFO:teuthology.orchestra.run.smithi117.stdout:/usr/bin/ceph: stderr
2024-05-15T15:58:38.728+0000 7f1968beb700 1 --2- 172.21.15.117:0/3959796393 >> [v2:172.21.15.117:3300/0,v1:172.21.15.117:6789/0] conn(0x7f1964106660 0x7f196407bb10 secure :-1 s=READY pgs=38 cs=0 l=1 rev1=1 crypto rx=0x7f1954011710 tx=0x7f19540047c0 comp rx=0 tx=0).stop
2024-05-15T15:58:39.251 INFO:teuthology.orchestra.run.smithi117.stdout:/usr/bin/ceph: stderr
2024-05-15T15:58:38.729+0000 7f1968beb700 1 -- 172.21.15.117:0/3959796393 shutdown_connections
2024-05-15T15:58:39.251 INFO:teuthology.orchestra.run.smithi117.stdout:/usr/bin/ceph: stderr
2024-05-15T15:58:38.729+0000 7f1968beb700 1 --2- 172.21.15.117:0/3959796393 >> [v2:172.21.15.117:6800/1030087078,v1:172.21.15.117:6801/1030087078] conn(0x7f194c0386c0 0x7f194c03ab80 unknown :-1 s=CLOSED pgs=7 cs=0 l=1 rev1=1 crypto rx=0 tx=0 comp rx=0 tx=0).stop
2024-05-15T15:58:39.251 INFO:teuthology.orchestra.run.smithi117.stdout:/usr/bin/ceph: stderr
2024-05-15T15:58:38.729+0000 7f1968beb700 1 --2- 172.21.15.117:0/3959796393 >> [v2:172.21.15.117:3300/0,v1:172.21.15.117:6789/0] conn(0x7f1964106660 0x7f196407bb10 unknown :-1 s=CLOSED pgs=38 cs=0 l=1 rev1=1 crypto rx=0 tx=0 comp rx=0 tx=0).stop
2024-05-15T15:58:39.251 INFO:teuthology.orchestra.run.smithi117.stdout:/usr/bin/ceph: stderr
2024-05-15T15:58:38.729+0000 7f1968beb700 1 -- 172.21.15.117:0/3959796393 >> 172.21.15.117:0/3959796393 conn(0x7f1964101c40 msgr2=0x7f1964102780 unknown :-1 s=STATE_NONE l=0).mark_down
2024-05-15T15:58:39.251 INFO:teuthology.orchestra.run.smithi117.stdout:/usr/bin/ceph: stderr
2024-05-15T15:58:38.729+0000 7f1968beb700 1 -- 172.21.15.117:0/3959796393 shutdown_connections
2024-05-15T15:58:39.252 INFO:teuthology.orchestra.run.smithi117.stdout:/usr/bin/ceph: stderr
2024-05-15T15:58:38.729+0000 7f1968beb700 1 -- 172.21.15.117:0/3959796393 wait complete.
2024-05-15T15:58:39.617 INFO:journalctl@ceph.mon.smithi117.smithi117.stdout:May 15 15:58:39 smithi117 ceph-mon[28700]: mgrmap e8: smithi117.flykzt(active, since 2s)
2024-05-15T15:58:39.617 INFO:journalctl@ceph.mon.smithi117.smithi117.stdout:May 15 15:58:39 smithi117 ceph-mon[28700]: from='client.14132 -' entity='client.admin' cmd=[{"prefix": "orch set backend", "module_name": "cephadm", "target": ["mon-mgr", ""]}]: dispatch
2024-05-15T15:58:39.617 INFO:journalctl@ceph.mon.smithi117.smithi117.stdout:May 15 15:58:39 smithi117 ceph-mon[28700]: from='mgr.14120 172.21.15.117:0/3373271114' entity='mgr.smithi117.flykzt'
2024-05-15T15:58:39.617 INFO:journalctl@ceph.mon.smithi117.smithi117.stdout:May 15 15:58:39 smithi117 ceph-mon[28700]: from='mgr.14120 172.21.15.117:0/3373271114' entity='mgr.smithi117.flykzt' cmd=[{"prefix": "config dump", "format": "json"}]: dispatch
2024-05-15T15:58:40.320 INFO:teuthology.orchestra.run.smithi117.stdout:/usr/bin/ceph: stdout value unchanged
2024-05-15T15:58:40.321 INFO:teuthology.orchestra.run.smithi117.stdout:/usr/bin/ceph: stderr
2024-05-15T15:58:39.641+0000 7fada4cbb700 1 Processor -- start
2024-05-15T15:58:40.321 INFO:teuthology.orchestra.run.smithi117.stdout:/usr/bin/ceph: stderr
2024-05-15T15:58:39.642+0000 7fada4cbb700 1 -- start start
2024-05-15T15:58:40.321 INFO:teuthology.orchestra.run.smithi117.stdout:/usr/bin/ceph: stderr
2024-05-15T15:58:39.642+0000 7fada4cbb700 1 --2- >> [v2:172.21.15.117:3300/0,v1:172.21.15.117:6789/0] conn(0x7fada0107190 0x7fada0109580 unknown :-1 s=NONE pgs=0 cs=0 l=0 rev1=0 crypto rx=0 tx=0 comp rx=0 tx=0).connect
2024-05-15T15:58:40.321 INFO:teuthology.orchestra.run.smithi117.stdout:/usr/bin/ceph: stderr
2024-05-15T15:58:39.642+0000 7fada4cbb700 1 -- --> [v2:172.21.15.117:3300/0,v1:172.21.15.117:6789/0] -- mon_getmap magic: 0 v1 -- 0x7fada0079e20 con 0x7fada0107190
2024-05-15T15:58:40.321 INFO:teuthology.orchestra.run.smithi117.stdout:/usr/bin/ceph: stderr
2024-05-15T15:58:39.642+0000 7fad9e59c700 1 --2- >> [v2:172.21.15.117:3300/0,v1:172.21.15.117:6789/0] conn(0x7fada0107190 0x7fada0109580 unknown :-1 s=BANNER_CONNECTING pgs=0 cs=0 l=0 rev1=0 crypto rx=0 tx=0 comp rx=0 tx=0)._handle_peer_banner_payload supported=3 required=0
2024-05-15T15:58:40.321 INFO:teuthology.orchestra.run.smithi117.stdout:/usr/bin/ceph: stderr
2024-05-15T15:58:39.642+0000 7fad9e59c700 1 --2- >> [v2:172.21.15.117:3300/0,v1:172.21.15.117:6789/0] conn(0x7fada0107190 0x7fada0109580 unknown :-1 s=HELLO_CONNECTING pgs=0 cs=0 l=0 rev1=1 crypto rx=0 tx=0 comp rx=0 tx=0).handle_hello peer v2:172.21.15.117:3300/0 says I am v2:172.21.15.117:45560/0 (socket says 172.21.15.117:45560)
2024-05-15T15:58:40.321 INFO:teuthology.orchestra.run.smithi117.stdout:/usr/bin/ceph: stderr
2024-05-15T15:58:39.642+0000 7fad9e59c700 1 -- 172.21.15.117:0/3599624955 learned_addr learned my addr 172.21.15.117:0/3599624955 (peer_addr_for_me v2:172.21.15.117:0/0)
2024-05-15T15:58:40.321 INFO:teuthology.orchestra.run.smithi117.stdout:/usr/bin/ceph: stderr
2024-05-15T15:58:39.642+0000 7fad9e59c700 1 -- 172.21.15.117:0/3599624955 --> [v2:172.21.15.117:3300/0,v1:172.21.15.117:6789/0] -- mon_subscribe({config=0+,monmap=0+}) v3 -- 0x7fada0109ac0 con 0x7fada0107190
2024-05-15T15:58:40.321 INFO:teuthology.orchestra.run.smithi117.stdout:/usr/bin/ceph: stderr
2024-05-15T15:58:39.642+0000 7fad9e59c700 1 --2- 172.21.15.117:0/3599624955 >> [v2:172.21.15.117:3300/0,v1:172.21.15.117:6789/0] conn(0x7fada0107190 0x7fada0109580 secure :-1 s=READY pgs=39 cs=0 l=1 rev1=1 crypto rx=0x7fad900098a0 tx=0x7fad90009bb0 comp rx=0 tx=0).ready entity=mon.0 client_cookie=f41af583db7150af server_cookie=0 in_seq=0 out_seq=0
2024-05-15T15:58:40.321 INFO:teuthology.orchestra.run.smithi117.stdout:/usr/bin/ceph: stderr
2024-05-15T15:58:39.643+0000 7fad9d59a700 1 -- 172.21.15.117:0/3599624955 <== mon.0 v2:172.21.15.117:3300/0 1 ==== mon_map magic: 0 v1 ==== 229+0+0 (secure 0 0 0) 0x7fad90004180 con 0x7fada0107190
2024-05-15T15:58:40.321 INFO:teuthology.orchestra.run.smithi117.stdout:/usr/bin/ceph: stderr
2024-05-15T15:58:39.643+0000 7fad9d59a700 1 -- 172.21.15.117:0/3599624955 <== mon.0 v2:172.21.15.117:3300/0 2 ==== config(27 keys) v1 ==== 1042+0+0 (secure 0 0 0) 0x7fad900042e0 con 0x7fada0107190
2024-05-15T15:58:40.322 INFO:teuthology.orchestra.run.smithi117.stdout:/usr/bin/ceph: stderr
2024-05-15T15:58:39.643+0000 7fad9d59a700 1 -- 172.21.15.117:0/3599624955 <== mon.0 v2:172.21.15.117:3300/0 3 ==== mon_map magic: 0 v1 ==== 229+0+0 (secure 0 0 0) 0x7fad90011a70 con 0x7fada0107190
2024-05-15T15:58:40.322 INFO:teuthology.orchestra.run.smithi117.stdout:/usr/bin/ceph: stderr
2024-05-15T15:58:39.643+0000 7fada4cbb700 1 -- 172.21.15.117:0/3599624955 >> [v2:172.21.15.117:3300/0,v1:172.21.15.117:6789/0] conn(0x7fada0107190 msgr2=0x7fada0109580 secure :-1 s=STATE_CONNECTION_ESTABLISHED l=1).mark_down
2024-05-15T15:58:40.322 INFO:teuthology.orchestra.run.smithi117.stdout:/usr/bin/ceph: stderr
2024-05-15T15:58:39.643+0000 7fada4cbb700 1 --2- 172.21.15.117:0/3599624955 >> [v2:172.21.15.117:3300/0,v1:172.21.15.117:6789/0] conn(0x7fada0107190 0x7fada0109580 secure :-1 s=READY pgs=39 cs=0 l=1 rev1=1 crypto rx=0x7fad900098a0 tx=0x7fad90009bb0 comp rx=0 tx=0).stop
2024-05-15T15:58:40.322 INFO:teuthology.orchestra.run.smithi117.stdout:/usr/bin/ceph: stderr
2024-05-15T15:58:39.643+0000 7fada4cbb700 1 -- 172.21.15.117:0/3599624955 shutdown_connections
2024-05-15T15:58:40.322 INFO:teuthology.orchestra.run.smithi117.stdout:/usr/bin/ceph: stderr
2024-05-15T15:58:39.643+0000 7fada4cbb700 1 --2- 172.21.15.117:0/3599624955 >> [v2:172.21.15.117:3300/0,v1:172.21.15.117:6789/0] conn(0x7fada0107190 0x7fada0109580 unknown :-1 s=CLOSED pgs=39 cs=0 l=1 rev1=1 crypto rx=0 tx=0 comp rx=0 tx=0).stop
2024-05-15T15:58:40.322 INFO:teuthology.orchestra.run.smithi117.stdout:/usr/bin/ceph: stderr
2024-05-15T15:58:39.643+0000 7fada4cbb700 1 -- 172.21.15.117:0/3599624955 >> 172.21.15.117:0/3599624955 conn(0x7fada0100b60 msgr2=0x7fada0102f80 unknown :-1 s=STATE_NONE l=0).mark_down
2024-05-15T15:58:40.322 INFO:teuthology.orchestra.run.smithi117.stdout:/usr/bin/ceph: stderr
2024-05-15T15:58:39.643+0000 7fada4cbb700 1 -- 172.21.15.117:0/3599624955 shutdown_connections
2024-05-15T15:58:40.322 INFO:teuthology.orchestra.run.smithi117.stdout:/usr/bin/ceph: stderr
2024-05-15T15:58:39.643+0000 7fada4cbb700 1 -- 172.21.15.117:0/3599624955 wait complete.
2024-05-15T15:58:40.322 INFO:teuthology.orchestra.run.smithi117.stdout:/usr/bin/ceph: stderr
2024-05-15T15:58:39.644+0000 7fada4cbb700 1 Processor -- start
2024-05-15T15:58:40.322 INFO:teuthology.orchestra.run.smithi117.stdout:/usr/bin/ceph: stderr
2024-05-15T15:58:39.644+0000 7fada4cbb700 1 -- start start
2024-05-15T15:58:40.322 INFO:teuthology.orchestra.run.smithi117.stdout:/usr/bin/ceph: stderr
2024-05-15T15:58:39.644+0000 7fada4cbb700 1 --2- >> [v2:172.21.15.117:3300/0,v1:172.21.15.117:6789/0] conn(0x7fada0107190 0x7fada019a2e0 unknown :-1 s=NONE pgs=0 cs=0 l=1 rev1=0 crypto rx=0 tx=0 comp rx=0 tx=0).connect
2024-05-15T15:58:40.322 INFO:teuthology.orchestra.run.smithi117.stdout:/usr/bin/ceph: stderr
2024-05-15T15:58:39.644+0000 7fada4cbb700 1 -- --> [v2:172.21.15.117:3300/0,v1:172.21.15.117:6789/0] -- mon_getmap magic: 0 v1 -- 0x7fada019a820 con 0x7fada0107190
2024-05-15T15:58:40.323 INFO:teuthology.orchestra.run.smithi117.stdout:/usr/bin/ceph: stderr
2024-05-15T15:58:39.644+0000 7fad9e59c700 1 --2- >> [v2:172.21.15.117:3300/0,v1:172.21.15.117:6789/0] conn(0x7fada0107190 0x7fada019a2e0 unknown :-1 s=BANNER_CONNECTING pgs=0 cs=0 l=1 rev1=0 crypto rx=0 tx=0 comp rx=0 tx=0)._handle_peer_banner_payload supported=3 required=0
2024-05-15T15:58:40.323 INFO:teuthology.orchestra.run.smithi117.stdout:/usr/bin/ceph: stderr
2024-05-15T15:58:39.644+0000 7fad9e59c700 1 --2- >> [v2:172.21.15.117:3300/0,v1:172.21.15.117:6789/0] conn(0x7fada0107190 0x7fada019a2e0 unknown :-1 s=HELLO_CONNECTING pgs=0 cs=0 l=1 rev1=1 crypto rx=0 tx=0 comp rx=0 tx=0).handle_hello peer v2:172.21.15.117:3300/0 says I am v2:172.21.15.117:45572/0 (socket says 172.21.15.117:45572)
2024-05-15T15:58:40.323 INFO:teuthology.orchestra.run.smithi117.stdout:/usr/bin/ceph: stderr
2024-05-15T15:58:39.644+0000 7fad9e59c700 1 -- 172.21.15.117:0/3515948317 learned_addr learned my addr 172.21.15.117:0/3515948317 (peer_addr_for_me v2:172.21.15.117:0/0)
2024-05-15T15:58:40.323 INFO:teuthology.orchestra.run.smithi117.stdout:/usr/bin/ceph: stderr
2024-05-15T15:58:39.645+0000 7fad9e59c700 1 -- 172.21.15.117:0/3515948317 --> [v2:172.21.15.117:3300/0,v1:172.21.15.117:6789/0] -- mon_subscribe({config=0+,monmap=0+}) v3 -- 0x7fad90009550 con 0x7fada0107190
2024-05-15T15:58:40.323 INFO:teuthology.orchestra.run.smithi117.stdout:/usr/bin/ceph: stderr
2024-05-15T15:58:39.645+0000 7fad9e59c700 1 --2- 172.21.15.117:0/3515948317 >> [v2:172.21.15.117:3300/0,v1:172.21.15.117:6789/0] conn(0x7fada0107190 0x7fada019a2e0 secure :-1 s=READY pgs=40 cs=0 l=1 rev1=1 crypto rx=0x7fad90011a20 tx=0x7fad900047c0 comp rx=0 tx=0).ready entity=mon.0 client_cookie=0 server_cookie=0 in_seq=0 out_seq=0
2024-05-15T15:58:40.323 INFO:teuthology.orchestra.run.smithi117.stdout:/usr/bin/ceph: stderr
2024-05-15T15:58:39.645+0000 7fad8f7fe700 1 -- 172.21.15.117:0/3515948317 <== mon.0 v2:172.21.15.117:3300/0 1 ==== mon_map magic: 0 v1 ==== 229+0+0 (secure 0 0 0) 0x7fad90003b10 con 0x7fada0107190
2024-05-15T15:58:40.323 INFO:teuthology.orchestra.run.smithi117.stdout:/usr/bin/ceph: stderr
2024-05-15T15:58:39.645+0000 7fad8f7fe700 1 -- 172.21.15.117:0/3515948317 <== mon.0 v2:172.21.15.117:3300/0 2 ==== config(27 keys) v1 ==== 1042+0+0 (secure 0 0 0) 0x7fad9001b8c0 con 0x7fada0107190
2024-05-15T15:58:40.323 INFO:teuthology.orchestra.run.smithi117.stdout:/usr/bin/ceph: stderr
2024-05-15T15:58:39.645+0000 7fada4cbb700 1 -- 172.21.15.117:0/3515948317 --> [v2:172.21.15.117:3300/0,v1:172.21.15.117:6789/0] -- mon_subscribe({mgrmap=0+}) v3 -- 0x7fada019aa20 con 0x7fada0107190
2024-05-15T15:58:40.323 INFO:teuthology.orchestra.run.smithi117.stdout:/usr/bin/ceph: stderr
2024-05-15T15:58:39.645+0000 7fad8f7fe700 1 -- 172.21.15.117:0/3515948317 <== mon.0 v2:172.21.15.117:3300/0 3 ==== mon_map magic: 0 v1 ==== 229+0+0 (secure 0 0 0) 0x7fad900237b0 con 0x7fada0107190
2024-05-15T15:58:40.323 INFO:teuthology.orchestra.run.smithi117.stdout:/usr/bin/ceph: stderr
2024-05-15T15:58:39.645+0000 7fada4cbb700 1 -- 172.21.15.117:0/3515948317 --> [v2:172.21.15.117:3300/0,v1:172.21.15.117:6789/0] -- mon_subscribe({osdmap=0}) v3 -- 0x7fada019aec0 con 0x7fada0107190
2024-05-15T15:58:40.323 INFO:teuthology.orchestra.run.smithi117.stdout:/usr/bin/ceph: stderr
2024-05-15T15:58:39.646+0000 7fad8f7fe700 1 -- 172.21.15.117:0/3515948317 <== mon.0 v2:172.21.15.117:3300/0 4 ==== mgrmap(e 8) v1 ==== 45556+0+0 (secure 0 0 0) 0x7fad90023a30 con 0x7fada0107190
2024-05-15T15:58:40.323 INFO:teuthology.orchestra.run.smithi117.stdout:/usr/bin/ceph: stderr
2024-05-15T15:58:39.646+0000 7fada4cbb700 1 -- 172.21.15.117:0/3515948317 --> [v2:172.21.15.117:3300/0,v1:172.21.15.117:6789/0] -- mon_command({"prefix": "get_command_descriptions"} v 0) v1 -- 0x7fada010a7e0 con 0x7fada0107190
2024-05-15T15:58:40.323 INFO:teuthology.orchestra.run.smithi117.stdout:/usr/bin/ceph: stderr
2024-05-15T15:58:39.646+0000 7fad8f7fe700 1 --2- 172.21.15.117:0/3515948317 >> [v2:172.21.15.117:6800/1030087078,v1:172.21.15.117:6801/1030087078] conn(0x7fad880387a0 0x7fad8803ac60 unknown :-1 s=NONE pgs=0 cs=0 l=1 rev1=0 crypto rx=0 tx=0 comp rx=0 tx=0).connect
2024-05-15T15:58:40.324 INFO:teuthology.orchestra.run.smithi117.stdout:/usr/bin/ceph: stderr
2024-05-15T15:58:39.646+0000 7fad8f7fe700 1 -- 172.21.15.117:0/3515948317 <== mon.0 v2:172.21.15.117:3300/0 5 ==== osd_map(2..2 src has 1..2) v4 ==== 940+0+0 (secure 0 0 0) 0x7fad9004cca0 con 0x7fada0107190
2024-05-15T15:58:40.324 INFO:teuthology.orchestra.run.smithi117.stdout:/usr/bin/ceph: stderr
2024-05-15T15:58:39.646+0000 7fad9dd9b700 1 --2- 172.21.15.117:0/3515948317 >> [v2:172.21.15.117:6800/1030087078,v1:172.21.15.117:6801/1030087078] conn(0x7fad880387a0 0x7fad8803ac60 unknown :-1 s=BANNER_CONNECTING pgs=0 cs=0 l=1 rev1=0 crypto rx=0 tx=0 comp rx=0 tx=0)._handle_peer_banner_payload supported=3 required=0
2024-05-15T15:58:40.324 INFO:teuthology.orchestra.run.smithi117.stdout:/usr/bin/ceph: stderr
2024-05-15T15:58:39.646+0000 7fad9dd9b700 1 --2- 172.21.15.117:0/3515948317 >> [v2:172.21.15.117:6800/1030087078,v1:172.21.15.117:6801/1030087078] conn(0x7fad880387a0 0x7fad8803ac60 secure :-1 s=READY pgs=8 cs=0 l=1 rev1=1 crypto rx=0x7fad94006fd0 tx=0x7fad94006e40 comp rx=0 tx=0).ready entity=mgr.14120 client_cookie=0 server_cookie=0 in_seq=0 out_seq=0
2024-05-15T15:58:40.324 INFO:teuthology.orchestra.run.smithi117.stdout:/usr/bin/ceph: stderr
2024-05-15T15:58:39.651+0000 7fad8f7fe700 1 -- 172.21.15.117:0/3515948317 <== mon.0 v2:172.21.15.117:3300/0 6 ==== mon_command_ack([{"prefix": "get_command_descriptions"}]=0 v0) v1 ==== 72+0+183622 (secure 0 0 0) 0x7fad9002bb00 con 0x7fada0107190
2024-05-15T15:58:40.324 INFO:teuthology.orchestra.run.smithi117.stdout:/usr/bin/ceph: stderr
2024-05-15T15:58:39.845+0000 7fada4cbb700 1 -- 172.21.15.117:0/3515948317 --> [v2:172.21.15.117:6800/1030087078,v1:172.21.15.117:6801/1030087078] -- mgr_command(tid 0: {"prefix": "cephadm set-user", "user": "root", "target": ["mon-mgr", ""]}) v1 -- 0x7fada0101ca0 con 0x7fad880387a0
2024-05-15T15:58:40.324 INFO:teuthology.orchestra.run.smithi117.stdout:/usr/bin/ceph: stderr
2024-05-15T15:58:39.846+0000 7fad8f7fe700 1 -- 172.21.15.117:0/3515948317 <== mgr.14120 v2:172.21.15.117:6800/1030087078 1 ==== mgr_command_reply(tid 0: 0 ) v1 ==== 8+0+16 (secure 0 0 0) 0x7fada0101ca0 con 0x7fad880387a0
2024-05-15T15:58:40.324 INFO:teuthology.orchestra.run.smithi117.stdout:/usr/bin/ceph: stderr
2024-05-15T15:58:39.848+0000 7fada4cbb700 1 -- 172.21.15.117:0/3515948317 >> [v2:172.21.15.117:6800/1030087078,v1:172.21.15.117:6801/1030087078] conn(0x7fad880387a0 msgr2=0x7fad8803ac60 secure :-1 s=STATE_CONNECTION_ESTABLISHED l=1).mark_down
2024-05-15T15:58:40.324 INFO:teuthology.orchestra.run.smithi117.stdout:/usr/bin/ceph: stderr
2024-05-15T15:58:39.848+0000 7fada4cbb700 1 --2- 172.21.15.117:0/3515948317 >> [v2:172.21.15.117:6800/1030087078,v1:172.21.15.117:6801/1030087078] conn(0x7fad880387a0 0x7fad8803ac60 secure :-1 s=READY pgs=8 cs=0 l=1 rev1=1 crypto rx=0x7fad94006fd0 tx=0x7fad94006e40 comp rx=0 tx=0).stop
2024-05-15T15:58:40.324 INFO:teuthology.orchestra.run.smithi117.stdout:/usr/bin/ceph: stderr
2024-05-15T15:58:39.848+0000 7fada4cbb700 1 -- 172.21.15.117:0/3515948317 >> [v2:172.21.15.117:3300/0,v1:172.21.15.117:6789/0] conn(0x7fada0107190 msgr2=0x7fada019a2e0 secure :-1 s=STATE_CONNECTION_ESTABLISHED l=1).mark_down
2024-05-15T15:58:40.324 INFO:teuthology.orchestra.run.smithi117.stdout:/usr/bin/ceph: stderr
2024-05-15T15:58:39.848+0000 7fada4cbb700 1 --2- 172.21.15.117:0/3515948317 >> [v2:172.21.15.117:3300/0,v1:172.21.15.117:6789/0] conn(0x7fada0107190 0x7fada019a2e0 secure :-1 s=READY pgs=40 cs=0 l=1 rev1=1 crypto rx=0x7fad90011a20 tx=0x7fad900047c0 comp rx=0 tx=0).stop
2024-05-15T15:58:40.324 INFO:teuthology.orchestra.run.smithi117.stdout:/usr/bin/ceph: stderr
2024-05-15T15:58:39.848+0000 7fada4cbb700 1 -- 172.21.15.117:0/3515948317 shutdown_connections
2024-05-15T15:58:40.324 INFO:teuthology.orchestra.run.smithi117.stdout:/usr/bin/ceph: stderr
2024-05-15T15:58:39.848+0000 7fada4cbb700 1 --2- 172.21.15.117:0/3515948317 >> [v2:172.21.15.117:6800/1030087078,v1:172.21.15.117:6801/1030087078] conn(0x7fad880387a0 0x7fad8803ac60 unknown :-1 s=CLOSED pgs=8 cs=0 l=1 rev1=1 crypto rx=0 tx=0 comp rx=0 tx=0).stop
2024-05-15T15:58:40.325 INFO:teuthology.orchestra.run.smithi117.stdout:/usr/bin/ceph: stderr
2024-05-15T15:58:39.848+0000 7fada4cbb700 1 --2- 172.21.15.117:0/3515948317 >> [v2:172.21.15.117:3300/0,v1:172.21.15.117:6789/0] conn(0x7fada0107190 0x7fada019a2e0 unknown :-1 s=CLOSED pgs=40 cs=0 l=1 rev1=1 crypto rx=0 tx=0 comp rx=0 tx=0).stop
2024-05-15T15:58:40.325 INFO:teuthology.orchestra.run.smithi117.stdout:/usr/bin/ceph: stderr
2024-05-15T15:58:39.848+0000 7fada4cbb700 1 -- 172.21.15.117:0/3515948317 >> 172.21.15.117:0/3515948317 conn(0x7fada0100b60 msgr2=0x7fada0101590 unknown :-1 s=STATE_NONE l=0).mark_down
2024-05-15T15:58:40.325 INFO:teuthology.orchestra.run.smithi117.stdout:/usr/bin/ceph: stderr
2024-05-15T15:58:39.848+0000 7fada4cbb700 1 -- 172.21.15.117:0/3515948317 shutdown_connections
2024-05-15T15:58:40.325 INFO:teuthology.orchestra.run.smithi117.stdout:/usr/bin/ceph: stderr
2024-05-15T15:58:39.848+0000 7fada4cbb700 1 -- 172.21.15.117:0/3515948317 wait complete.
2024-05-15T15:58:40.325 INFO:teuthology.orchestra.run.smithi117.stdout:Generating ssh key...
2024-05-15T15:58:40.999 INFO:journalctl@ceph.mon.smithi117.smithi117.stdout:May 15 15:58:40 smithi117 ceph-mon[28700]: from='client.14134 -' entity='client.admin' cmd=[{"prefix": "cephadm set-user", "user": "root", "target": ["mon-mgr", ""]}]: dispatch
2024-05-15T15:58:41.668 INFO:teuthology.orchestra.run.smithi117.stdout:/usr/bin/ceph: stderr
2024-05-15T15:58:40.737+0000 7f53d182b700 1 Processor -- start
2024-05-15T15:58:41.668 INFO:teuthology.orchestra.run.smithi117.stdout:/usr/bin/ceph: stderr
2024-05-15T15:58:40.737+0000 7f53d182b700 1 -- start start
2024-05-15T15:58:41.668 INFO:teuthology.orchestra.run.smithi117.stdout:/usr/bin/ceph: stderr
2024-05-15T15:58:40.737+0000 7f53d182b700 1 --2- >> [v2:172.21.15.117:3300/0,v1:172.21.15.117:6789/0] conn(0x7f53cc107100 0x7f53cc1094f0 unknown :-1 s=NONE pgs=0 cs=0 l=0 rev1=0 crypto rx=0 tx=0 comp rx=0 tx=0).connect
2024-05-15T15:58:41.668 INFO:teuthology.orchestra.run.smithi117.stdout:/usr/bin/ceph: stderr
2024-05-15T15:58:40.737+0000 7f53d182b700 1 -- --> [v2:172.21.15.117:3300/0,v1:172.21.15.117:6789/0] -- mon_getmap magic: 0 v1 -- 0x7f53cc0622c0 con 0x7f53cc107100
2024-05-15T15:58:41.668 INFO:teuthology.orchestra.run.smithi117.stdout:/usr/bin/ceph: stderr
2024-05-15T15:58:40.737+0000 7f53caffd700 1 --2- >> [v2:172.21.15.117:3300/0,v1:172.21.15.117:6789/0] conn(0x7f53cc107100 0x7f53cc1094f0 unknown :-1 s=BANNER_CONNECTING pgs=0 cs=0 l=0 rev1=0 crypto rx=0 tx=0 comp rx=0 tx=0)._handle_peer_banner_payload supported=3 required=0
2024-05-15T15:58:41.668 INFO:teuthology.orchestra.run.smithi117.stdout:/usr/bin/ceph: stderr
2024-05-15T15:58:40.737+0000 7f53caffd700 1 --2- >> [v2:172.21.15.117:3300/0,v1:172.21.15.117:6789/0] conn(0x7f53cc107100 0x7f53cc1094f0 unknown :-1 s=HELLO_CONNECTING pgs=0 cs=0 l=0 rev1=1 crypto rx=0 tx=0 comp rx=0 tx=0).handle_hello peer v2:172.21.15.117:3300/0 says I am v2:172.21.15.117:45582/0 (socket says 172.21.15.117:45582)
2024-05-15T15:58:41.668 INFO:teuthology.orchestra.run.smithi117.stdout:/usr/bin/ceph: stderr
2024-05-15T15:58:40.737+0000 7f53caffd700 1 -- 172.21.15.117:0/1038451532 learned_addr learned my addr 172.21.15.117:0/1038451532 (peer_addr_for_me v2:172.21.15.117:0/0)
2024-05-15T15:58:41.669 INFO:teuthology.orchestra.run.smithi117.stdout:/usr/bin/ceph: stderr
2024-05-15T15:58:40.737+0000 7f53caffd700 1 -- 172.21.15.117:0/1038451532 --> [v2:172.21.15.117:3300/0,v1:172.21.15.117:6789/0] -- mon_subscribe({config=0+,monmap=0+}) v3 -- 0x7f53cc109a30 con 0x7f53cc107100
2024-05-15T15:58:41.669 INFO:teuthology.orchestra.run.smithi117.stdout:/usr/bin/ceph: stderr
2024-05-15T15:58:40.738+0000 7f53caffd700 1 --2- 172.21.15.117:0/1038451532 >> [v2:172.21.15.117:3300/0,v1:172.21.15.117:6789/0] conn(0x7f53cc107100 0x7f53cc1094f0 secure :-1 s=READY pgs=41 cs=0 l=1 rev1=1 crypto rx=0x7f53bc0098a0 tx=0x7f53bc009bb0 comp rx=0 tx=0).ready entity=mon.0 client_cookie=952eca67111b9b57 server_cookie=0 in_seq=0 out_seq=0
2024-05-15T15:58:41.669 INFO:teuthology.orchestra.run.smithi117.stdout:/usr/bin/ceph: stderr
2024-05-15T15:58:40.738+0000 7f53c9ffb700 1 -- 172.21.15.117:0/1038451532 <== mon.0 v2:172.21.15.117:3300/0 1 ==== mon_map magic: 0 v1 ==== 229+0+0 (secure 0 0 0) 0x7f53bc004180 con 0x7f53cc107100
2024-05-15T15:58:41.669 INFO:teuthology.orchestra.run.smithi117.stdout:/usr/bin/ceph: stderr
2024-05-15T15:58:40.738+0000 7f53c9ffb700 1 -- 172.21.15.117:0/1038451532 <== mon.0 v2:172.21.15.117:3300/0 2 ==== config(27 keys) v1 ==== 1042+0+0 (secure 0 0 0) 0x7f53bc0042e0 con 0x7f53cc107100
2024-05-15T15:58:41.669 INFO:teuthology.orchestra.run.smithi117.stdout:/usr/bin/ceph: stderr
2024-05-15T15:58:40.738+0000 7f53c9ffb700 1 -- 172.21.15.117:0/1038451532 <== mon.0 v2:172.21.15.117:3300/0 3 ==== mon_map magic: 0 v1 ==== 229+0+0 (secure 0 0 0) 0x7f53bc011a70 con 0x7f53cc107100
2024-05-15T15:58:41.669 INFO:teuthology.orchestra.run.smithi117.stdout:/usr/bin/ceph: stderr
2024-05-15T15:58:40.738+0000 7f53d182b700 1 -- 172.21.15.117:0/1038451532 >> [v2:172.21.15.117:3300/0,v1:172.21.15.117:6789/0] conn(0x7f53cc107100 msgr2=0x7f53cc1094f0 secure :-1 s=STATE_CONNECTION_ESTABLISHED l=1).mark_down
2024-05-15T15:58:41.669 INFO:teuthology.orchestra.run.smithi117.stdout:/usr/bin/ceph: stderr
2024-05-15T15:58:40.738+0000 7f53d182b700 1 --2- 172.21.15.117:0/1038451532 >> [v2:172.21.15.117:3300/0,v1:172.21.15.117:6789/0] conn(0x7f53cc107100 0x7f53cc1094f0 secure :-1 s=READY pgs=41 cs=0 l=1 rev1=1 crypto rx=0x7f53bc0098a0 tx=0x7f53bc009bb0 comp rx=0 tx=0).stop
2024-05-15T15:58:41.669 INFO:teuthology.orchestra.run.smithi117.stdout:/usr/bin/ceph: stderr
2024-05-15T15:58:40.738+0000 7f53d182b700 1 -- 172.21.15.117:0/1038451532 shutdown_connections
2024-05-15T15:58:41.669 INFO:teuthology.orchestra.run.smithi117.stdout:/usr/bin/ceph: stderr
2024-05-15T15:58:40.738+0000 7f53d182b700 1 --2- 172.21.15.117:0/1038451532 >> [v2:172.21.15.117:3300/0,v1:172.21.15.117:6789/0] conn(0x7f53cc107100 0x7f53cc1094f0 unknown :-1 s=CLOSED pgs=41 cs=0 l=1 rev1=1 crypto rx=0 tx=0 comp rx=0 tx=0).stop
2024-05-15T15:58:41.669 INFO:teuthology.orchestra.run.smithi117.stdout:/usr/bin/ceph: stderr
2024-05-15T15:58:40.738+0000 7f53d182b700 1 -- 172.21.15.117:0/1038451532 >> 172.21.15.117:0/1038451532 conn(0x7f53cc100af0 msgr2=0x7f53cc102f70 unknown :-1 s=STATE_NONE l=0).mark_down
2024-05-15T15:58:41.669 INFO:teuthology.orchestra.run.smithi117.stdout:/usr/bin/ceph: stderr
2024-05-15T15:58:40.738+0000 7f53d182b700 1 -- 172.21.15.117:0/1038451532 shutdown_connections
2024-05-15T15:58:41.669 INFO:teuthology.orchestra.run.smithi117.stdout:/usr/bin/ceph: stderr
2024-05-15T15:58:40.739+0000 7f53d182b700 1 -- 172.21.15.117:0/1038451532 wait complete.
2024-05-15T15:58:41.669 INFO:teuthology.orchestra.run.smithi117.stdout:/usr/bin/ceph: stderr
2024-05-15T15:58:40.739+0000 7f53d182b700 1 Processor -- start
2024-05-15T15:58:41.669 INFO:teuthology.orchestra.run.smithi117.stdout:/usr/bin/ceph: stderr
2024-05-15T15:58:40.739+0000 7f53d182b700 1 -- start start
2024-05-15T15:58:41.670 INFO:teuthology.orchestra.run.smithi117.stdout:/usr/bin/ceph: stderr
2024-05-15T15:58:40.739+0000 7f53d182b700 1 --2- >> [v2:172.21.15.117:3300/0,v1:172.21.15.117:6789/0] conn(0x7f53cc107100 0x7f53cc19a400 unknown :-1 s=NONE pgs=0 cs=0 l=1 rev1=0 crypto rx=0 tx=0 comp rx=0 tx=0).connect
2024-05-15T15:58:41.670 INFO:teuthology.orchestra.run.smithi117.stdout:/usr/bin/ceph: stderr
2024-05-15T15:58:40.739+0000 7f53d182b700 1 -- --> [v2:172.21.15.117:3300/0,v1:172.21.15.117:6789/0] -- mon_getmap magic: 0 v1 -- 0x7f53cc19a940 con 0x7f53cc107100
2024-05-15T15:58:41.670 INFO:teuthology.orchestra.run.smithi117.stdout:/usr/bin/ceph: stderr
2024-05-15T15:58:40.740+0000 7f53caffd700 1 --2- >> [v2:172.21.15.117:3300/0,v1:172.21.15.117:6789/0] conn(0x7f53cc107100 0x7f53cc19a400 unknown :-1 s=BANNER_CONNECTING pgs=0 cs=0 l=1 rev1=0 crypto rx=0 tx=0 comp rx=0 tx=0)._handle_peer_banner_payload supported=3 required=0
2024-05-15T15:58:41.670 INFO:teuthology.orchestra.run.smithi117.stdout:/usr/bin/ceph: stderr
2024-05-15T15:58:40.740+0000 7f53caffd700 1 --2- >> [v2:172.21.15.117:3300/0,v1:172.21.15.117:6789/0] conn(0x7f53cc107100 0x7f53cc19a400 unknown :-1 s=HELLO_CONNECTING pgs=0 cs=0 l=1 rev1=1 crypto rx=0 tx=0 comp rx=0 tx=0).handle_hello peer v2:172.21.15.117:3300/0 says I am v2:172.21.15.117:45586/0 (socket says 172.21.15.117:45586)
2024-05-15T15:58:41.670 INFO:teuthology.orchestra.run.smithi117.stdout:/usr/bin/ceph: stderr
2024-05-15T15:58:40.740+0000 7f53caffd700 1 -- 172.21.15.117:0/2633327462 learned_addr learned my addr 172.21.15.117:0/2633327462 (peer_addr_for_me v2:172.21.15.117:0/0)
2024-05-15T15:58:41.670 INFO:teuthology.orchestra.run.smithi117.stdout:/usr/bin/ceph: stderr
2024-05-15T15:58:40.740+0000 7f53caffd700 1 -- 172.21.15.117:0/2633327462 --> [v2:172.21.15.117:3300/0,v1:172.21.15.117:6789/0] -- mon_subscribe({config=0+,monmap=0+}) v3 -- 0x7f53bc009550 con 0x7f53cc107100
2024-05-15T15:58:41.670 INFO:teuthology.orchestra.run.smithi117.stdout:/usr/bin/ceph: stderr
2024-05-15T15:58:40.740+0000 7f53caffd700 1 --2- 172.21.15.117:0/2633327462 >> [v2:172.21.15.117:3300/0,v1:172.21.15.117:6789/0] conn(0x7f53cc107100 0x7f53cc19a400 secure :-1 s=READY pgs=42 cs=0 l=1 rev1=1 crypto rx=0x7f53bc011710 tx=0x7f53bc0047c0 comp rx=0 tx=0).ready entity=mon.0 client_cookie=0 server_cookie=0 in_seq=0 out_seq=0
