2024-05-15T16:17:15.512+0000 7fe7960e8700 1 -- 172.21.15.57:0/2840857522 --> [v2:172.21.15.57:3300/0,v1:172.21.15.57:6789/0] -- mon_command({"prefix": "get_command_descriptions"} v 0) v1 -- 0x7fe7900613e0 con 0x7fe790105590
2024-05-15T16:17:16.515 INFO:teuthology.orchestra.run.smithi057.stdout:/usr/bin/ceph: stderr
2024-05-15T16:17:15.512+0000 7fe78cff9700 1 --2- 172.21.15.57:0/2840857522 >> [v2:172.21.15.57:6800/3492049361,v1:172.21.15.57:6801/3492049361] conn(0x7fe778038770 0x7fe77803ac30 unknown :-1 s=NONE pgs=0 cs=0 l=1 rev1=0 crypto rx=0 tx=0 comp rx=0 tx=0).connect
2024-05-15T16:17:16.515 INFO:teuthology.orchestra.run.smithi057.stdout:/usr/bin/ceph: stderr
2024-05-15T16:17:15.512+0000 7fe78cff9700 1 -- 172.21.15.57:0/2840857522 <== mon.0 v2:172.21.15.57:3300/0 5 ==== osd_map(2..2 src has 1..2) v4 ==== 940+0+0 (secure 0 0 0) 0x7fe78004c8a0 con 0x7fe790105590
2024-05-15T16:17:16.515 INFO:teuthology.orchestra.run.smithi057.stdout:/usr/bin/ceph: stderr
2024-05-15T16:17:15.512+0000 7fe78effd700 1 --2- 172.21.15.57:0/2840857522 >> [v2:172.21.15.57:6800/3492049361,v1:172.21.15.57:6801/3492049361] conn(0x7fe778038770 0x7fe77803ac30 unknown :-1 s=BANNER_CONNECTING pgs=0 cs=0 l=1 rev1=0 crypto rx=0 tx=0 comp rx=0 tx=0)._handle_peer_banner_payload supported=3 required=0
2024-05-15T16:17:16.515 INFO:teuthology.orchestra.run.smithi057.stdout:/usr/bin/ceph: stderr
2024-05-15T16:17:15.513+0000 7fe78effd700 1 --2- 172.21.15.57:0/2840857522 >> [v2:172.21.15.57:6800/3492049361,v1:172.21.15.57:6801/3492049361] conn(0x7fe778038770 0x7fe77803ac30 secure :-1 s=READY pgs=18 cs=0 l=1 rev1=1 crypto rx=0x7fe784006fd0 tx=0x7fe784006e40 comp rx=0 tx=0).ready entity=mgr.14120 client_cookie=0 server_cookie=0 in_seq=0 out_seq=0
2024-05-15T16:17:16.515 INFO:teuthology.orchestra.run.smithi057.stdout:/usr/bin/ceph: stderr
2024-05-15T16:17:15.517+0000 7fe78cff9700 1 -- 172.21.15.57:0/2840857522 <== mon.0 v2:172.21.15.57:3300/0 6 ==== mon_command_ack([{"prefix": "get_command_descriptions"}]=0 v0) v1 ==== 72+0+183622 (secure 0 0 0) 0x7fe78000f5b0 con 0x7fe790105590
2024-05-15T16:17:16.515 INFO:teuthology.orchestra.run.smithi057.stdout:/usr/bin/ceph: stderr
2024-05-15T16:17:15.734+0000 7fe7960e8700 1 -- 172.21.15.57:0/2840857522 --> [v2:172.21.15.57:6800/3492049361,v1:172.21.15.57:6801/3492049361] -- mgr_command(tid 0: {"prefix": "orch apply", "service_type": "node-exporter", "target": ["mon-mgr", ""]}) v1 -- 0x7fe790073c10 con 0x7fe778038770
2024-05-15T16:17:16.515 INFO:teuthology.orchestra.run.smithi057.stdout:/usr/bin/ceph: stderr
2024-05-15T16:17:15.740+0000 7fe78cff9700 1 -- 172.21.15.57:0/2840857522 <== mgr.14120 v2:172.21.15.57:6800/3492049361 1 ==== mgr_command_reply(tid 0: 0 ) v1 ==== 8+0+34 (secure 0 0 0) 0x7fe790073c10 con 0x7fe778038770
2024-05-15T16:17:16.515 INFO:teuthology.orchestra.run.smithi057.stdout:/usr/bin/ceph: stderr
2024-05-15T16:17:15.742+0000 7fe7960e8700 1 -- 172.21.15.57:0/2840857522 >> [v2:172.21.15.57:6800/3492049361,v1:172.21.15.57:6801/3492049361] conn(0x7fe778038770 msgr2=0x7fe77803ac30 secure :-1 s=STATE_CONNECTION_ESTABLISHED l=1).mark_down
2024-05-15T16:17:16.515 INFO:teuthology.orchestra.run.smithi057.stdout:/usr/bin/ceph: stderr
2024-05-15T16:17:15.742+0000 7fe7960e8700 1 --2- 172.21.15.57:0/2840857522 >> [v2:172.21.15.57:6800/3492049361,v1:172.21.15.57:6801/3492049361] conn(0x7fe778038770 0x7fe77803ac30 secure :-1 s=READY pgs=18 cs=0 l=1 rev1=1 crypto rx=0x7fe784006fd0 tx=0x7fe784006e40 comp rx=0 tx=0).stop
2024-05-15T16:17:16.515 INFO:teuthology.orchestra.run.smithi057.stdout:/usr/bin/ceph: stderr
2024-05-15T16:17:15.742+0000 7fe7960e8700 1 -- 172.21.15.57:0/2840857522 >> [v2:172.21.15.57:3300/0,v1:172.21.15.57:6789/0] conn(0x7fe790105590 msgr2=0x7fe79019c660 secure :-1 s=STATE_CONNECTION_ESTABLISHED l=1).mark_down
2024-05-15T16:17:16.515 INFO:teuthology.orchestra.run.smithi057.stdout:/usr/bin/ceph: stderr
2024-05-15T16:17:15.742+0000 7fe7960e8700 1 --2- 172.21.15.57:0/2840857522 >> [v2:172.21.15.57:3300/0,v1:172.21.15.57:6789/0] conn(0x7fe790105590 0x7fe79019c660 secure :-1 s=READY pgs=60 cs=0 l=1 rev1=1 crypto rx=0x7fe780003cb0 tx=0x7fe780004070 comp rx=0 tx=0).stop
2024-05-15T16:17:16.515 INFO:teuthology.orchestra.run.smithi057.stdout:/usr/bin/ceph: stderr
2024-05-15T16:17:15.743+0000 7fe7960e8700 1 -- 172.21.15.57:0/2840857522 shutdown_connections
2024-05-15T16:17:16.516 INFO:teuthology.orchestra.run.smithi057.stdout:/usr/bin/ceph: stderr
2024-05-15T16:17:15.743+0000 7fe7960e8700 1 --2- 172.21.15.57:0/2840857522 >> [v2:172.21.15.57:6800/3492049361,v1:172.21.15.57:6801/3492049361] conn(0x7fe778038770 0x7fe77803ac30 unknown :-1 s=CLOSED pgs=18 cs=0 l=1 rev1=1 crypto rx=0 tx=0 comp rx=0 tx=0).stop
2024-05-15T16:17:16.516 INFO:teuthology.orchestra.run.smithi057.stdout:/usr/bin/ceph: stderr
2024-05-15T16:17:15.743+0000 7fe7960e8700 1 --2- 172.21.15.57:0/2840857522 >> [v2:172.21.15.57:3300/0,v1:172.21.15.57:6789/0] conn(0x7fe790105590 0x7fe79019c660 unknown :-1 s=CLOSED pgs=60 cs=0 l=1 rev1=1 crypto rx=0 tx=0 comp rx=0 tx=0).stop
2024-05-15T16:17:16.516 INFO:teuthology.orchestra.run.smithi057.stdout:/usr/bin/ceph: stderr
2024-05-15T16:17:15.743+0000 7fe7960e8700 1 -- 172.21.15.57:0/2840857522 >> 172.21.15.57:0/2840857522 conn(0x7fe790100af0 msgr2=0x7fe79018ea70 unknown :-1 s=STATE_NONE l=0).mark_down
2024-05-15T16:17:16.516 INFO:teuthology.orchestra.run.smithi057.stdout:/usr/bin/ceph: stderr
2024-05-15T16:17:15.743+0000 7fe7960e8700 1 -- 172.21.15.57:0/2840857522 shutdown_connections
2024-05-15T16:17:16.516 INFO:teuthology.orchestra.run.smithi057.stdout:/usr/bin/ceph: stderr
2024-05-15T16:17:15.743+0000 7fe7960e8700 1 -- 172.21.15.57:0/2840857522 wait complete.
2024-05-15T16:17:16.516 INFO:teuthology.orchestra.run.smithi057.stdout:Deploying alertmanager service with default placement...
2024-05-15T16:17:16.931 INFO:journalctl@ceph.mon.smithi057.smithi057.stdout:May 15 16:17:16 smithi057 ceph-mon[28484]: from='client.14154 -' entity='client.admin' cmd=[{"prefix": "orch apply", "service_type": "node-exporter", "target": ["mon-mgr", ""]}]: dispatch
2024-05-15T16:17:16.931 INFO:journalctl@ceph.mon.smithi057.smithi057.stdout:May 15 16:17:16 smithi057 ceph-mon[28484]: Saving service node-exporter spec with placement *
2024-05-15T16:17:16.931 INFO:journalctl@ceph.mon.smithi057.smithi057.stdout:May 15 16:17:16 smithi057 ceph-mon[28484]: from='mgr.14120 172.21.15.57:0/258860523' entity='mgr.smithi057.txnkkr'
2024-05-15T16:17:17.751 INFO:teuthology.orchestra.run.smithi057.stdout:/usr/bin/ceph: stdout Scheduled alertmanager update...
2024-05-15T16:17:17.751 INFO:teuthology.orchestra.run.smithi057.stdout:/usr/bin/ceph: stderr
2024-05-15T16:17:16.965+0000 7f9a74c2b700 1 Processor -- start
2024-05-15T16:17:17.751 INFO:teuthology.orchestra.run.smithi057.stdout:/usr/bin/ceph: stderr
2024-05-15T16:17:16.965+0000 7f9a74c2b700 1 -- start start
2024-05-15T16:17:17.751 INFO:teuthology.orchestra.run.smithi057.stdout:/usr/bin/ceph: stderr
2024-05-15T16:17:16.965+0000 7f9a74c2b700 1 --2- >> [v2:172.21.15.57:3300/0,v1:172.21.15.57:6789/0] conn(0x7f9a70105590 0x7f9a701059b0 unknown :-1 s=NONE pgs=0 cs=0 l=0 rev1=0 crypto rx=0 tx=0 comp rx=0 tx=0).connect
2024-05-15T16:17:17.752 INFO:teuthology.orchestra.run.smithi057.stdout:/usr/bin/ceph: stderr
2024-05-15T16:17:16.965+0000 7f9a74c2b700 1 -- --> [v2:172.21.15.57:3300/0,v1:172.21.15.57:6789/0] -- mon_getmap magic: 0 v1 -- 0x7f9a70105f80 con 0x7f9a70105590
2024-05-15T16:17:17.752 INFO:teuthology.orchestra.run.smithi057.stdout:/usr/bin/ceph: stderr
2024-05-15T16:17:16.965+0000 7f9a6e59c700 1 --2- >> [v2:172.21.15.57:3300/0,v1:172.21.15.57:6789/0] conn(0x7f9a70105590 0x7f9a701059b0 unknown :-1 s=BANNER_CONNECTING pgs=0 cs=0 l=0 rev1=0 crypto rx=0 tx=0 comp rx=0 tx=0)._handle_peer_banner_payload supported=3 required=0
2024-05-15T16:17:17.752 INFO:teuthology.orchestra.run.smithi057.stdout:/usr/bin/ceph: stderr
2024-05-15T16:17:16.965+0000 7f9a6e59c700 1 --2- >> [v2:172.21.15.57:3300/0,v1:172.21.15.57:6789/0] conn(0x7f9a70105590 0x7f9a701059b0 unknown :-1 s=HELLO_CONNECTING pgs=0 cs=0 l=0 rev1=1 crypto rx=0 tx=0 comp rx=0 tx=0).handle_hello peer v2:172.21.15.57:3300/0 says I am v2:172.21.15.57:39894/0 (socket says 172.21.15.57:39894)
2024-05-15T16:17:17.752 INFO:teuthology.orchestra.run.smithi057.stdout:/usr/bin/ceph: stderr
2024-05-15T16:17:16.965+0000 7f9a6e59c700 1 -- 172.21.15.57:0/476271594 learned_addr learned my addr 172.21.15.57:0/476271594 (peer_addr_for_me v2:172.21.15.57:0/0)
2024-05-15T16:17:17.752 INFO:teuthology.orchestra.run.smithi057.stdout:/usr/bin/ceph: stderr
2024-05-15T16:17:16.966+0000 7f9a6e59c700 1 -- 172.21.15.57:0/476271594 --> [v2:172.21.15.57:3300/0,v1:172.21.15.57:6789/0] -- mon_subscribe({config=0+,monmap=0+}) v3 -- 0x7f9a70106790 con 0x7f9a70105590
2024-05-15T16:17:17.752 INFO:teuthology.orchestra.run.smithi057.stdout:/usr/bin/ceph: stderr
2024-05-15T16:17:16.966+0000 7f9a6e59c700 1 --2- 172.21.15.57:0/476271594 >> [v2:172.21.15.57:3300/0,v1:172.21.15.57:6789/0] conn(0x7f9a70105590 0x7f9a701059b0 secure :-1 s=READY pgs=61 cs=0 l=1 rev1=1 crypto rx=0x7f9a600098a0 tx=0x7f9a60009bb0 comp rx=0 tx=0).ready entity=mon.0 client_cookie=d1b4c3699e42e097 server_cookie=0 in_seq=0 out_seq=0
2024-05-15T16:17:17.752 INFO:teuthology.orchestra.run.smithi057.stdout:/usr/bin/ceph: stderr
2024-05-15T16:17:16.966+0000 7f9a6d59a700 1 -- 172.21.15.57:0/476271594 <== mon.0 v2:172.21.15.57:3300/0 1 ==== mon_map magic: 0 v1 ==== 229+0+0 (secure 0 0 0) 0x7f9a60004180 con 0x7f9a70105590
2024-05-15T16:17:17.752 INFO:teuthology.orchestra.run.smithi057.stdout:/usr/bin/ceph: stderr
2024-05-15T16:17:16.966+0000 7f9a6d59a700 1 -- 172.21.15.57:0/476271594 <== mon.0 v2:172.21.15.57:3300/0 2 ==== config(27 keys) v1 ==== 1109+0+0 (secure 0 0 0) 0x7f9a600042e0 con 0x7f9a70105590
2024-05-15T16:17:17.752 INFO:teuthology.orchestra.run.smithi057.stdout:/usr/bin/ceph: stderr
2024-05-15T16:17:16.966+0000 7f9a6d59a700 1 -- 172.21.15.57:0/476271594 <== mon.0 v2:172.21.15.57:3300/0 3 ==== mon_map magic: 0 v1 ==== 229+0+0 (secure 0 0 0) 0x7f9a60011b10 con 0x7f9a70105590
2024-05-15T16:17:17.752 INFO:teuthology.orchestra.run.smithi057.stdout:/usr/bin/ceph: stderr
2024-05-15T16:17:16.967+0000 7f9a74c2b700 1 -- 172.21.15.57:0/476271594 >> [v2:172.21.15.57:3300/0,v1:172.21.15.57:6789/0] conn(0x7f9a70105590 msgr2=0x7f9a701059b0 secure :-1 s=STATE_CONNECTION_ESTABLISHED l=1).mark_down
2024-05-15T16:17:17.752 INFO:teuthology.orchestra.run.smithi057.stdout:/usr/bin/ceph: stderr
2024-05-15T16:17:16.967+0000 7f9a74c2b700 1 --2- 172.21.15.57:0/476271594 >> [v2:172.21.15.57:3300/0,v1:172.21.15.57:6789/0] conn(0x7f9a70105590 0x7f9a701059b0 secure :-1 s=READY pgs=61 cs=0 l=1 rev1=1 crypto rx=0x7f9a600098a0 tx=0x7f9a60009bb0 comp rx=0 tx=0).stop
2024-05-15T16:17:17.752 INFO:teuthology.orchestra.run.smithi057.stdout:/usr/bin/ceph: stderr
2024-05-15T16:17:16.967+0000 7f9a74c2b700 1 -- 172.21.15.57:0/476271594 shutdown_connections
2024-05-15T16:17:17.752 INFO:teuthology.orchestra.run.smithi057.stdout:/usr/bin/ceph: stderr
2024-05-15T16:17:16.967+0000 7f9a74c2b700 1 --2- 172.21.15.57:0/476271594 >> [v2:172.21.15.57:3300/0,v1:172.21.15.57:6789/0] conn(0x7f9a70105590 0x7f9a701059b0 unknown :-1 s=CLOSED pgs=61 cs=0 l=1 rev1=1 crypto rx=0 tx=0 comp rx=0 tx=0).stop
2024-05-15T16:17:17.752 INFO:teuthology.orchestra.run.smithi057.stdout:/usr/bin/ceph: stderr
2024-05-15T16:17:16.967+0000 7f9a74c2b700 1 -- 172.21.15.57:0/476271594 >> 172.21.15.57:0/476271594 conn(0x7f9a70100af0 msgr2=0x7f9a70102f70 unknown :-1 s=STATE_NONE l=0).mark_down
2024-05-15T16:17:17.752 INFO:teuthology.orchestra.run.smithi057.stdout:/usr/bin/ceph: stderr
2024-05-15T16:17:16.967+0000 7f9a74c2b700 1 -- 172.21.15.57:0/476271594 shutdown_connections
2024-05-15T16:17:17.753 INFO:teuthology.orchestra.run.smithi057.stdout:/usr/bin/ceph: stderr
2024-05-15T16:17:16.967+0000 7f9a74c2b700 1 -- 172.21.15.57:0/476271594 wait complete.
2024-05-15T16:17:17.753 INFO:teuthology.orchestra.run.smithi057.stdout:/usr/bin/ceph: stderr
2024-05-15T16:17:16.968+0000 7f9a74c2b700 1 Processor -- start
2024-05-15T16:17:17.753 INFO:teuthology.orchestra.run.smithi057.stdout:/usr/bin/ceph: stderr
2024-05-15T16:17:16.968+0000 7f9a74c2b700 1 -- start start
2024-05-15T16:17:17.753 INFO:teuthology.orchestra.run.smithi057.stdout:/usr/bin/ceph: stderr
2024-05-15T16:17:16.968+0000 7f9a74c2b700 1 --2- >> [v2:172.21.15.57:3300/0,v1:172.21.15.57:6789/0] conn(0x7f9a70105590 0x7f9a7019a4a0 unknown :-1 s=NONE pgs=0 cs=0 l=1 rev1=0 crypto rx=0 tx=0 comp rx=0 tx=0).connect
2024-05-15T16:17:17.753 INFO:teuthology.orchestra.run.smithi057.stdout:/usr/bin/ceph: stderr
2024-05-15T16:17:16.968+0000 7f9a74c2b700 1 -- --> [v2:172.21.15.57:3300/0,v1:172.21.15.57:6789/0] -- mon_getmap magic: 0 v1 -- 0x7f9a7019a9e0 con 0x7f9a70105590
2024-05-15T16:17:17.753 INFO:teuthology.orchestra.run.smithi057.stdout:/usr/bin/ceph: stderr
2024-05-15T16:17:16.968+0000 7f9a6e59c700 1 --2- >> [v2:172.21.15.57:3300/0,v1:172.21.15.57:6789/0] conn(0x7f9a70105590 0x7f9a7019a4a0 unknown :-1 s=BANNER_CONNECTING pgs=0 cs=0 l=1 rev1=0 crypto rx=0 tx=0 comp rx=0 tx=0)._handle_peer_banner_payload supported=3 required=0
2024-05-15T16:17:17.753 INFO:teuthology.orchestra.run.smithi057.stdout:/usr/bin/ceph: stderr
2024-05-15T16:17:16.968+0000 7f9a6e59c700 1 --2- >> [v2:172.21.15.57:3300/0,v1:172.21.15.57:6789/0] conn(0x7f9a70105590 0x7f9a7019a4a0 unknown :-1 s=HELLO_CONNECTING pgs=0 cs=0 l=1 rev1=1 crypto rx=0 tx=0 comp rx=0 tx=0).handle_hello peer v2:172.21.15.57:3300/0 says I am v2:172.21.15.57:39896/0 (socket says 172.21.15.57:39896)
2024-05-15T16:17:17.753 INFO:teuthology.orchestra.run.smithi057.stdout:/usr/bin/ceph: stderr
2024-05-15T16:17:16.968+0000 7f9a6e59c700 1 -- 172.21.15.57:0/3132503143 learned_addr learned my addr 172.21.15.57:0/3132503143 (peer_addr_for_me v2:172.21.15.57:0/0)
2024-05-15T16:17:17.753 INFO:teuthology.orchestra.run.smithi057.stdout:/usr/bin/ceph: stderr
2024-05-15T16:17:16.968+0000 7f9a6e59c700 1 -- 172.21.15.57:0/3132503143 --> [v2:172.21.15.57:3300/0,v1:172.21.15.57:6789/0] -- mon_subscribe({config=0+,monmap=0+}) v3 -- 0x7f9a60009550 con 0x7f9a70105590
2024-05-15T16:17:17.753 INFO:teuthology.orchestra.run.smithi057.stdout:/usr/bin/ceph: stderr
2024-05-15T16:17:16.968+0000 7f9a6e59c700 1 --2- 172.21.15.57:0/3132503143 >> [v2:172.21.15.57:3300/0,v1:172.21.15.57:6789/0] conn(0x7f9a70105590 0x7f9a7019a4a0 secure :-1 s=READY pgs=62 cs=0 l=1 rev1=1 crypto rx=0x7f9a600117b0 tx=0x7f9a60011890 comp rx=0 tx=0).ready entity=mon.0 client_cookie=0 server_cookie=0 in_seq=0 out_seq=0
2024-05-15T16:17:17.753 INFO:teuthology.orchestra.run.smithi057.stdout:/usr/bin/ceph: stderr
2024-05-15T16:17:16.969+0000 7f9a5f7fe700 1 -- 172.21.15.57:0/3132503143 <== mon.0 v2:172.21.15.57:3300/0 1 ==== mon_map magic: 0 v1 ==== 229+0+0 (secure 0 0 0) 0x7f9a600038b0 con 0x7f9a70105590
2024-05-15T16:17:17.753 INFO:teuthology.orchestra.run.smithi057.stdout:/usr/bin/ceph: stderr
2024-05-15T16:17:16.969+0000 7f9a5f7fe700 1 -- 172.21.15.57:0/3132503143 <== mon.0 v2:172.21.15.57:3300/0 2 ==== config(27 keys) v1 ==== 1109+0+0 (secure 0 0 0) 0x7f9a60003a10 con 0x7f9a70105590
2024-05-15T16:17:17.753 INFO:teuthology.orchestra.run.smithi057.stdout:/usr/bin/ceph: stderr
2024-05-15T16:17:16.969+0000 7f9a5f7fe700 1 -- 172.21.15.57:0/3132503143 <== mon.0 v2:172.21.15.57:3300/0 3 ==== mon_map magic: 0 v1 ==== 229+0+0 (secure 0 0 0) 0x7f9a600246e0 con 0x7f9a70105590
2024-05-15T16:17:17.753 INFO:teuthology.orchestra.run.smithi057.stdout:/usr/bin/ceph: stderr
2024-05-15T16:17:16.969+0000 7f9a74c2b700 1 -- 172.21.15.57:0/3132503143 --> [v2:172.21.15.57:3300/0,v1:172.21.15.57:6789/0] -- mon_subscribe({mgrmap=0+}) v3 -- 0x7f9a7019abe0 con 0x7f9a70105590
2024-05-15T16:17:17.753 INFO:teuthology.orchestra.run.smithi057.stdout:/usr/bin/ceph: stderr
2024-05-15T16:17:16.969+0000 7f9a74c2b700 1 -- 172.21.15.57:0/3132503143 --> [v2:172.21.15.57:3300/0,v1:172.21.15.57:6789/0] -- mon_subscribe({osdmap=0}) v3 -- 0x7f9a7019b080 con 0x7f9a70105590
2024-05-15T16:17:17.754 INFO:teuthology.orchestra.run.smithi057.stdout:/usr/bin/ceph: stderr
2024-05-15T16:17:16.969+0000 7f9a5f7fe700 1 -- 172.21.15.57:0/3132503143 <== mon.0 v2:172.21.15.57:3300/0 4 ==== mgrmap(e 8) v1 ==== 45556+0+0 (secure 0 0 0) 0x7f9a6001a430 con 0x7f9a70105590
2024-05-15T16:17:17.754 INFO:teuthology.orchestra.run.smithi057.stdout:/usr/bin/ceph: stderr
2024-05-15T16:17:16.970+0000 7f9a74c2b700 1 -- 172.21.15.57:0/3132503143 --> [v2:172.21.15.57:3300/0,v1:172.21.15.57:6789/0] -- mon_command({"prefix": "get_command_descriptions"} v 0) v1 -- 0x7f9a701945d0 con 0x7f9a70105590
2024-05-15T16:17:17.754 INFO:teuthology.orchestra.run.smithi057.stdout:/usr/bin/ceph: stderr
2024-05-15T16:17:16.970+0000 7f9a5f7fe700 1 --2- 172.21.15.57:0/3132503143 >> [v2:172.21.15.57:6800/3492049361,v1:172.21.15.57:6801/3492049361] conn(0x7f9a58038770 0x7f9a5803ac30 unknown :-1 s=NONE pgs=0 cs=0 l=1 rev1=0 crypto rx=0 tx=0 comp rx=0 tx=0).connect
2024-05-15T16:17:17.754 INFO:teuthology.orchestra.run.smithi057.stdout:/usr/bin/ceph: stderr
2024-05-15T16:17:16.970+0000 7f9a5f7fe700 1 -- 172.21.15.57:0/3132503143 <== mon.0 v2:172.21.15.57:3300/0 5 ==== osd_map(2..2 src has 1..2) v4 ==== 940+0+0 (secure 0 0 0) 0x7f9a6004c810 con 0x7f9a70105590
2024-05-15T16:17:17.754 INFO:teuthology.orchestra.run.smithi057.stdout:/usr/bin/ceph: stderr
2024-05-15T16:17:16.970+0000 7f9a6dd9b700 1 --2- 172.21.15.57:0/3132503143 >> [v2:172.21.15.57:6800/3492049361,v1:172.21.15.57:6801/3492049361] conn(0x7f9a58038770 0x7f9a5803ac30 unknown :-1 s=BANNER_CONNECTING pgs=0 cs=0 l=1 rev1=0 crypto rx=0 tx=0 comp rx=0 tx=0)._handle_peer_banner_payload supported=3 required=0
2024-05-15T16:17:17.754 INFO:teuthology.orchestra.run.smithi057.stdout:/usr/bin/ceph: stderr
2024-05-15T16:17:16.970+0000 7f9a6dd9b700 1 --2- 172.21.15.57:0/3132503143 >> [v2:172.21.15.57:6800/3492049361,v1:172.21.15.57:6801/3492049361] conn(0x7f9a58038770 0x7f9a5803ac30 secure :-1 s=READY pgs=19 cs=0 l=1 rev1=1 crypto rx=0x7f9a64006fd0 tx=0x7f9a64006e40 comp rx=0 tx=0).ready entity=mgr.14120 client_cookie=0 server_cookie=0 in_seq=0 out_seq=0
2024-05-15T16:17:17.754 INFO:teuthology.orchestra.run.smithi057.stdout:/usr/bin/ceph: stderr
2024-05-15T16:17:16.975+0000 7f9a5f7fe700 1 -- 172.21.15.57:0/3132503143 <== mon.0 v2:172.21.15.57:3300/0 6 ==== mon_command_ack([{"prefix": "get_command_descriptions"}]=0 v0) v1 ==== 72+0+183622 (secure 0 0 0) 0x7f9a60018b40 con 0x7f9a70105590
2024-05-15T16:17:17.754 INFO:teuthology.orchestra.run.smithi057.stdout:/usr/bin/ceph: stderr
2024-05-15T16:17:17.192+0000 7f9a74c2b700 1 -- 172.21.15.57:0/3132503143 --> [v2:172.21.15.57:6800/3492049361,v1:172.21.15.57:6801/3492049361] -- mgr_command(tid 0: {"prefix": "orch apply", "service_type": "alertmanager", "target": ["mon-mgr", ""]}) v1 -- 0x7f9a70073c10 con 0x7f9a58038770
2024-05-15T16:17:17.754 INFO:teuthology.orchestra.run.smithi057.stdout:/usr/bin/ceph: stderr
2024-05-15T16:17:17.198+0000 7f9a5f7fe700 1 -- 172.21.15.57:0/3132503143 <== mgr.14120 v2:172.21.15.57:6800/3492049361 1 ==== mgr_command_reply(tid 0: 0 ) v1 ==== 8+0+33 (secure 0 0 0) 0x7f9a70073c10 con 0x7f9a58038770
2024-05-15T16:17:17.754 INFO:teuthology.orchestra.run.smithi057.stdout:/usr/bin/ceph: stderr
2024-05-15T16:17:17.200+0000 7f9a74c2b700 1 -- 172.21.15.57:0/3132503143 >> [v2:172.21.15.57:6800/3492049361,v1:172.21.15.57:6801/3492049361] conn(0x7f9a58038770 msgr2=0x7f9a5803ac30 secure :-1 s=STATE_CONNECTION_ESTABLISHED l=1).mark_down
2024-05-15T16:17:17.754 INFO:teuthology.orchestra.run.smithi057.stdout:/usr/bin/ceph: stderr
2024-05-15T16:17:17.200+0000 7f9a74c2b700 1 --2- 172.21.15.57:0/3132503143 >> [v2:172.21.15.57:6800/3492049361,v1:172.21.15.57:6801/3492049361] conn(0x7f9a58038770 0x7f9a5803ac30 secure :-1 s=READY pgs=19 cs=0 l=1 rev1=1 crypto rx=0x7f9a64006fd0 tx=0x7f9a64006e40 comp rx=0 tx=0).stop
2024-05-15T16:17:17.754 INFO:teuthology.orchestra.run.smithi057.stdout:/usr/bin/ceph: stderr
2024-05-15T16:17:17.200+0000 7f9a74c2b700 1 -- 172.21.15.57:0/3132503143 >> [v2:172.21.15.57:3300/0,v1:172.21.15.57:6789/0] conn(0x7f9a70105590 msgr2=0x7f9a7019a4a0 secure :-1 s=STATE_CONNECTION_ESTABLISHED l=1).mark_down
2024-05-15T16:17:17.755 INFO:teuthology.orchestra.run.smithi057.stdout:/usr/bin/ceph: stderr
2024-05-15T16:17:17.200+0000 7f9a74c2b700 1 --2- 172.21.15.57:0/3132503143 >> [v2:172.21.15.57:3300/0,v1:172.21.15.57:6789/0] conn(0x7f9a70105590 0x7f9a7019a4a0 secure :-1 s=READY pgs=62 cs=0 l=1 rev1=1 crypto rx=0x7f9a600117b0 tx=0x7f9a60011890 comp rx=0 tx=0).stop
2024-05-15T16:17:17.755 INFO:teuthology.orchestra.run.smithi057.stdout:/usr/bin/ceph: stderr
2024-05-15T16:17:17.201+0000 7f9a74c2b700 1 -- 172.21.15.57:0/3132503143 shutdown_connections
2024-05-15T16:17:17.755 INFO:teuthology.orchestra.run.smithi057.stdout:/usr/bin/ceph: stderr
2024-05-15T16:17:17.201+0000 7f9a74c2b700 1 --2- 172.21.15.57:0/3132503143 >> [v2:172.21.15.57:6800/3492049361,v1:172.21.15.57:6801/3492049361] conn(0x7f9a58038770 0x7f9a5803ac30 unknown :-1 s=CLOSED pgs=19 cs=0 l=1 rev1=1 crypto rx=0 tx=0 comp rx=0 tx=0).stop
2024-05-15T16:17:17.755 INFO:teuthology.orchestra.run.smithi057.stdout:/usr/bin/ceph: stderr
2024-05-15T16:17:17.201+0000 7f9a74c2b700 1 --2- 172.21.15.57:0/3132503143 >> [v2:172.21.15.57:3300/0,v1:172.21.15.57:6789/0] conn(0x7f9a70105590 0x7f9a7019a4a0 unknown :-1 s=CLOSED pgs=62 cs=0 l=1 rev1=1 crypto rx=0 tx=0 comp rx=0 tx=0).stop
2024-05-15T16:17:17.755 INFO:teuthology.orchestra.run.smithi057.stdout:/usr/bin/ceph: stderr
2024-05-15T16:17:17.201+0000 7f9a74c2b700 1 -- 172.21.15.57:0/3132503143 >> 172.21.15.57:0/3132503143 conn(0x7f9a70100af0 msgr2=0x7f9a70101a60 unknown :-1 s=STATE_NONE l=0).mark_down
2024-05-15T16:17:17.755 INFO:teuthology.orchestra.run.smithi057.stdout:/usr/bin/ceph: stderr
2024-05-15T16:17:17.201+0000 7f9a74c2b700 1 -- 172.21.15.57:0/3132503143 shutdown_connections
2024-05-15T16:17:17.755 INFO:teuthology.orchestra.run.smithi057.stdout:/usr/bin/ceph: stderr
2024-05-15T16:17:17.201+0000 7f9a74c2b700 1 -- 172.21.15.57:0/3132503143 wait complete.
2024-05-15T16:17:17.852 INFO:journalctl@ceph.mon.smithi057.smithi057.stdout:May 15 16:17:17 smithi057 ceph-mon[28484]: pgmap v3: 0 pgs: ; 0 B data, 0 B used, 0 B / 0 B avail
2024-05-15T16:17:17.852 INFO:journalctl@ceph.mon.smithi057.smithi057.stdout:May 15 16:17:17 smithi057 ceph-mon[28484]: from='mgr.14120 172.21.15.57:0/258860523' entity='mgr.smithi057.txnkkr'
2024-05-15T16:17:18.925 INFO:teuthology.orchestra.run.smithi057.stdout:/usr/bin/ceph: stderr
2024-05-15T16:17:18.145+0000 7fc2c44c3700 1 Processor -- start
2024-05-15T16:17:18.925 INFO:teuthology.orchestra.run.smithi057.stdout:/usr/bin/ceph: stderr
2024-05-15T16:17:18.146+0000 7fc2c44c3700 1 -- start start
2024-05-15T16:17:18.925 INFO:teuthology.orchestra.run.smithi057.stdout:/usr/bin/ceph: stderr
2024-05-15T16:17:18.146+0000 7fc2c44c3700 1 --2- >> [v2:172.21.15.57:3300/0,v1:172.21.15.57:6789/0] conn(0x7fc2bc07be40 0x7fc2bc07a2f0 unknown :-1 s=NONE pgs=0 cs=0 l=0 rev1=0 crypto rx=0 tx=0 comp rx=0 tx=0).connect
2024-05-15T16:17:18.925 INFO:teuthology.orchestra.run.smithi057.stdout:/usr/bin/ceph: stderr
2024-05-15T16:17:18.146+0000 7fc2c44c3700 1 -- --> [v2:172.21.15.57:3300/0,v1:172.21.15.57:6789/0] -- mon_getmap magic: 0 v1 -- 0x7fc2bc07a8c0 con 0x7fc2bc07be40
2024-05-15T16:17:18.925 INFO:teuthology.orchestra.run.smithi057.stdout:/usr/bin/ceph: stderr
2024-05-15T16:17:18.146+0000 7fc2c225f700 1 --2- >> [v2:172.21.15.57:3300/0,v1:172.21.15.57:6789/0] conn(0x7fc2bc07be40 0x7fc2bc07a2f0 unknown :-1 s=BANNER_CONNECTING pgs=0 cs=0 l=0 rev1=0 crypto rx=0 tx=0 comp rx=0 tx=0)._handle_peer_banner_payload supported=3 required=0
2024-05-15T16:17:18.926 INFO:teuthology.orchestra.run.smithi057.stdout:/usr/bin/ceph: stderr
2024-05-15T16:17:18.146+0000 7fc2c225f700 1 --2- >> [v2:172.21.15.57:3300/0,v1:172.21.15.57:6789/0] conn(0x7fc2bc07be40 0x7fc2bc07a2f0 unknown :-1 s=HELLO_CONNECTING pgs=0 cs=0 l=0 rev1=1 crypto rx=0 tx=0 comp rx=0 tx=0).handle_hello peer v2:172.21.15.57:3300/0 says I am v2:172.21.15.57:35896/0 (socket says 172.21.15.57:35896)
2024-05-15T16:17:18.926 INFO:teuthology.orchestra.run.smithi057.stdout:/usr/bin/ceph: stderr
2024-05-15T16:17:18.146+0000 7fc2c225f700 1 -- 172.21.15.57:0/956000305 learned_addr learned my addr 172.21.15.57:0/956000305 (peer_addr_for_me v2:172.21.15.57:0/0)
2024-05-15T16:17:18.926 INFO:teuthology.orchestra.run.smithi057.stdout:/usr/bin/ceph: stderr
2024-05-15T16:17:18.146+0000 7fc2c225f700 1 -- 172.21.15.57:0/956000305 --> [v2:172.21.15.57:3300/0,v1:172.21.15.57:6789/0] -- mon_subscribe({config=0+,monmap=0+}) v3 -- 0x7fc2bc07aa00 con 0x7fc2bc07be40
2024-05-15T16:17:18.926 INFO:teuthology.orchestra.run.smithi057.stdout:/usr/bin/ceph: stderr
2024-05-15T16:17:18.147+0000 7fc2c225f700 1 --2- 172.21.15.57:0/956000305 >> [v2:172.21.15.57:3300/0,v1:172.21.15.57:6789/0] conn(0x7fc2bc07be40 0x7fc2bc07a2f0 secure :-1 s=READY pgs=63 cs=0 l=1 rev1=1 crypto rx=0x7fc2b80098a0 tx=0x7fc2b8009bb0 comp rx=0 tx=0).ready entity=mon.0 client_cookie=8a7ce855f3018475 server_cookie=0 in_seq=0 out_seq=0
2024-05-15T16:17:18.926 INFO:teuthology.orchestra.run.smithi057.stdout:/usr/bin/ceph: stderr
2024-05-15T16:17:18.147+0000 7fc2c125d700 1 -- 172.21.15.57:0/956000305 <== mon.0 v2:172.21.15.57:3300/0 1 ==== mon_map magic: 0 v1 ==== 229+0+0 (secure 0 0 0) 0x7fc2b8004180 con 0x7fc2bc07be40
2024-05-15T16:17:18.926 INFO:teuthology.orchestra.run.smithi057.stdout:/usr/bin/ceph: stderr
2024-05-15T16:17:18.147+0000 7fc2c125d700 1 -- 172.21.15.57:0/956000305 <== mon.0 v2:172.21.15.57:3300/0 2 ==== config(27 keys) v1 ==== 1109+0+0 (secure 0 0 0) 0x7fc2b80042e0 con 0x7fc2bc07be40
2024-05-15T16:17:18.926 INFO:teuthology.orchestra.run.smithi057.stdout:/usr/bin/ceph: stderr
2024-05-15T16:17:18.147+0000 7fc2c125d700 1 -- 172.21.15.57:0/956000305 <== mon.0 v2:172.21.15.57:3300/0 3 ==== mon_map magic: 0 v1 ==== 229+0+0 (secure 0 0 0) 0x7fc2b8011b10 con 0x7fc2bc07be40
2024-05-15T16:17:18.926 INFO:teuthology.orchestra.run.smithi057.stdout:/usr/bin/ceph: stderr
2024-05-15T16:17:18.147+0000 7fc2c44c3700 1 -- 172.21.15.57:0/956000305 >> [v2:172.21.15.57:3300/0,v1:172.21.15.57:6789/0] conn(0x7fc2bc07be40 msgr2=0x7fc2bc07a2f0 secure :-1 s=STATE_CONNECTION_ESTABLISHED l=1).mark_down
2024-05-15T16:17:18.926 INFO:teuthology.orchestra.run.smithi057.stdout:/usr/bin/ceph: stderr
2024-05-15T16:17:18.147+0000 7fc2c44c3700 1 --2- 172.21.15.57:0/956000305 >> [v2:172.21.15.57:3300/0,v1:172.21.15.57:6789/0] conn(0x7fc2bc07be40 0x7fc2bc07a2f0 secure :-1 s=READY pgs=63 cs=0 l=1 rev1=1 crypto rx=0x7fc2b80098a0 tx=0x7fc2b8009bb0 comp rx=0 tx=0).stop
2024-05-15T16:17:18.926 INFO:teuthology.orchestra.run.smithi057.stdout:/usr/bin/ceph: stderr
2024-05-15T16:17:18.147+0000 7fc2c44c3700 1 -- 172.21.15.57:0/956000305 shutdown_connections
2024-05-15T16:17:18.926 INFO:teuthology.orchestra.run.smithi057.stdout:/usr/bin/ceph: stderr
2024-05-15T16:17:18.147+0000 7fc2c44c3700 1 --2- 172.21.15.57:0/956000305 >> [v2:172.21.15.57:3300/0,v1:172.21.15.57:6789/0] conn(0x7fc2bc07be40 0x7fc2bc07a2f0 unknown :-1 s=CLOSED pgs=63 cs=0 l=1 rev1=1 crypto rx=0 tx=0 comp rx=0 tx=0).stop
2024-05-15T16:17:18.926 INFO:teuthology.orchestra.run.smithi057.stdout:/usr/bin/ceph: stderr
2024-05-15T16:17:18.147+0000 7fc2c44c3700 1 -- 172.21.15.57:0/956000305 >> 172.21.15.57:0/956000305 conn(0x7fc2bc101ce0 msgr2=0x7fc2bc104100 unknown :-1 s=STATE_NONE l=0).mark_down
2024-05-15T16:17:18.926 INFO:teuthology.orchestra.run.smithi057.stdout:/usr/bin/ceph: stderr
2024-05-15T16:17:18.147+0000 7fc2c44c3700 1 -- 172.21.15.57:0/956000305 shutdown_connections
2024-05-15T16:17:18.927 INFO:teuthology.orchestra.run.smithi057.stdout:/usr/bin/ceph: stderr
2024-05-15T16:17:18.147+0000 7fc2c44c3700 1 -- 172.21.15.57:0/956000305 wait complete.
2024-05-15T16:17:18.927 INFO:teuthology.orchestra.run.smithi057.stdout:/usr/bin/ceph: stderr
2024-05-15T16:17:18.148+0000 7fc2c44c3700 1 Processor -- start
2024-05-15T16:17:18.927 INFO:teuthology.orchestra.run.smithi057.stdout:/usr/bin/ceph: stderr
2024-05-15T16:17:18.148+0000 7fc2c44c3700 1 -- start start
2024-05-15T16:17:18.927 INFO:teuthology.orchestra.run.smithi057.stdout:/usr/bin/ceph: stderr
2024-05-15T16:17:18.148+0000 7fc2c44c3700 1 --2- >> [v2:172.21.15.57:3300/0,v1:172.21.15.57:6789/0] conn(0x7fc2bc07be40 0x7fc2bc19c530 unknown :-1 s=NONE pgs=0 cs=0 l=1 rev1=0 crypto rx=0 tx=0 comp rx=0 tx=0).connect
2024-05-15T16:17:18.927 INFO:teuthology.orchestra.run.smithi057.stdout:/usr/bin/ceph: stderr
2024-05-15T16:17:18.148+0000 7fc2c44c3700 1 -- --> [v2:172.21.15.57:3300/0,v1:172.21.15.57:6789/0] -- mon_getmap magic: 0 v1 -- 0x7fc2bc19ca70 con 0x7fc2bc07be40
2024-05-15T16:17:18.927 INFO:teuthology.orchestra.run.smithi057.stdout:/usr/bin/ceph: stderr
2024-05-15T16:17:18.148+0000 7fc2c225f700 1 --2- >> [v2:172.21.15.57:3300/0,v1:172.21.15.57:6789/0] conn(0x7fc2bc07be40 0x7fc2bc19c530 unknown :-1 s=BANNER_CONNECTING pgs=0 cs=0 l=1 rev1=0 crypto rx=0 tx=0 comp rx=0 tx=0)._handle_peer_banner_payload supported=3 required=0
2024-05-15T16:17:18.927 INFO:teuthology.orchestra.run.smithi057.stdout:/usr/bin/ceph: stderr
2024-05-15T16:17:18.148+0000 7fc2c225f700 1 --2- >> [v2:172.21.15.57:3300/0,v1:172.21.15.57:6789/0] conn(0x7fc2bc07be40 0x7fc2bc19c530 unknown :-1 s=HELLO_CONNECTING pgs=0 cs=0 l=1 rev1=1 crypto rx=0 tx=0 comp rx=0 tx=0).handle_hello peer v2:172.21.15.57:3300/0 says I am v2:172.21.15.57:35900/0 (socket says 172.21.15.57:35900)
2024-05-15T16:17:18.927 INFO:teuthology.orchestra.run.smithi057.stdout:/usr/bin/ceph: stderr
2024-05-15T16:17:18.148+0000 7fc2c225f700 1 -- 172.21.15.57:0/2028176122 learned_addr learned my addr 172.21.15.57:0/2028176122 (peer_addr_for_me v2:172.21.15.57:0/0)
2024-05-15T16:17:18.927 INFO:teuthology.orchestra.run.smithi057.stdout:/usr/bin/ceph: stderr
2024-05-15T16:17:18.149+0000 7fc2c225f700 1 -- 172.21.15.57:0/2028176122 --> [v2:172.21.15.57:3300/0,v1:172.21.15.57:6789/0] -- mon_subscribe({config=0+,monmap=0+}) v3 -- 0x7fc2b8009550 con 0x7fc2bc07be40
2024-05-15T16:17:18.927 INFO:teuthology.orchestra.run.smithi057.stdout:/usr/bin/ceph: stderr
2024-05-15T16:17:18.149+0000 7fc2c225f700 1 --2- 172.21.15.57:0/2028176122 >> [v2:172.21.15.57:3300/0,v1:172.21.15.57:6789/0] conn(0x7fc2bc07be40 0x7fc2bc19c530 secure :-1 s=READY pgs=64 cs=0 l=1 rev1=1 crypto rx=0x7fc2b80117b0 tx=0x7fc2b8011890 comp rx=0 tx=0).ready entity=mon.0 client_cookie=0 server_cookie=0 in_seq=0 out_seq=0
2024-05-15T16:17:18.927 INFO:teuthology.orchestra.run.smithi057.stdout:/usr/bin/ceph: stderr
2024-05-15T16:17:18.149+0000 7fc2b37fe700 1 -- 172.21.15.57:0/2028176122 <== mon.0 v2:172.21.15.57:3300/0 1 ==== mon_map magic: 0 v1 ==== 229+0+0 (secure 0 0 0) 0x7fc2b80038b0 con 0x7fc2bc07be40
2024-05-15T16:17:18.927 INFO:teuthology.orchestra.run.smithi057.stdout:/usr/bin/ceph: stderr
2024-05-15T16:17:18.149+0000 7fc2b37fe700 1 -- 172.21.15.57:0/2028176122 <== mon.0 v2:172.21.15.57:3300/0 2 ==== config(27 keys) v1 ==== 1109+0+0 (secure 0 0 0) 0x7fc2b8003a10 con 0x7fc2bc07be40
2024-05-15T16:17:18.928 INFO:teuthology.orchestra.run.smithi057.stdout:/usr/bin/ceph: stderr
2024-05-15T16:17:18.149+0000 7fc2c44c3700 1 -- 172.21.15.57:0/2028176122 --> [v2:172.21.15.57:3300/0,v1:172.21.15.57:6789/0] -- mon_subscribe({mgrmap=0+}) v3 -- 0x7fc2bc19cc70 con 0x7fc2bc07be40
2024-05-15T16:17:18.928 INFO:teuthology.orchestra.run.smithi057.stdout:/usr/bin/ceph: stderr
2024-05-15T16:17:18.149+0000 7fc2b37fe700 1 -- 172.21.15.57:0/2028176122 <== mon.0 v2:172.21.15.57:3300/0 3 ==== mon_map magic: 0 v1 ==== 229+0+0 (secure 0 0 0) 0x7fc2b8024780 con 0x7fc2bc07be40
2024-05-15T16:17:18.928 INFO:teuthology.orchestra.run.smithi057.stdout:/usr/bin/ceph: stderr
2024-05-15T16:17:18.149+0000 7fc2c44c3700 1 -- 172.21.15.57:0/2028176122 --> [v2:172.21.15.57:3300/0,v1:172.21.15.57:6789/0] -- mon_subscribe({osdmap=0}) v3 -- 0x7fc2bc19d110 con 0x7fc2bc07be40
2024-05-15T16:17:18.928 INFO:teuthology.orchestra.run.smithi057.stdout:/usr/bin/ceph: stderr
2024-05-15T16:17:18.150+0000 7fc2b37fe700 1 -- 172.21.15.57:0/2028176122 <== mon.0 v2:172.21.15.57:3300/0 4 ==== mgrmap(e 8) v1 ==== 45556+0+0 (secure 0 0 0) 0x7fc2b80248e0 con 0x7fc2bc07be40
2024-05-15T16:17:18.928 INFO:teuthology.orchestra.run.smithi057.stdout:/usr/bin/ceph: stderr
2024-05-15T16:17:18.150+0000 7fc2c44c3700 1 -- 172.21.15.57:0/2028176122 --> [v2:172.21.15.57:3300/0,v1:172.21.15.57:6789/0] -- mon_command({"prefix": "get_command_descriptions"} v 0) v1 -- 0x7fc2bc10ca40 con 0x7fc2bc07be40
2024-05-15T16:17:18.928 INFO:teuthology.orchestra.run.smithi057.stdout:/usr/bin/ceph: stderr
2024-05-15T16:17:18.150+0000 7fc2b37fe700 1 --2- 172.21.15.57:0/2028176122 >> [v2:172.21.15.57:6800/3492049361,v1:172.21.15.57:6801/3492049361] conn(0x7fc2a8038830 0x7fc2a803acf0 unknown :-1 s=NONE pgs=0 cs=0 l=1 rev1=0 crypto rx=0 tx=0 comp rx=0 tx=0).connect
2024-05-15T16:17:18.928 INFO:teuthology.orchestra.run.smithi057.stdout:/usr/bin/ceph: stderr
2024-05-15T16:17:18.150+0000 7fc2b37fe700 1 -- 172.21.15.57:0/2028176122 <== mon.0 v2:172.21.15.57:3300/0 5 ==== osd_map(2..2 src has 1..2) v4 ==== 940+0+0 (secure 0 0 0) 0x7fc2b804c8b0 con 0x7fc2bc07be40
2024-05-15T16:17:18.928 INFO:teuthology.orchestra.run.smithi057.stdout:/usr/bin/ceph: stderr
2024-05-15T16:17:18.150+0000 7fc2c1a5e700 1 --2- 172.21.15.57:0/2028176122 >> [v2:172.21.15.57:6800/3492049361,v1:172.21.15.57:6801/3492049361] conn(0x7fc2a8038830 0x7fc2a803acf0 unknown :-1 s=BANNER_CONNECTING pgs=0 cs=0 l=1 rev1=0 crypto rx=0 tx=0 comp rx=0 tx=0)._handle_peer_banner_payload supported=3 required=0
2024-05-15T16:17:18.928 INFO:teuthology.orchestra.run.smithi057.stdout:/usr/bin/ceph: stderr
2024-05-15T16:17:18.151+0000 7fc2c1a5e700 1 --2- 172.21.15.57:0/2028176122 >> [v2:172.21.15.57:6800/3492049361,v1:172.21.15.57:6801/3492049361] conn(0x7fc2a8038830 0x7fc2a803acf0 secure :-1 s=READY pgs=20 cs=0 l=1 rev1=1 crypto rx=0x7fc2ac006fd0 tx=0x7fc2ac006e40 comp rx=0 tx=0).ready entity=mgr.14120 client_cookie=0 server_cookie=0 in_seq=0 out_seq=0
2024-05-15T16:17:18.928 INFO:teuthology.orchestra.run.smithi057.stdout:/usr/bin/ceph: stderr
2024-05-15T16:17:18.155+0000 7fc2b37fe700 1 -- 172.21.15.57:0/2028176122 <== mon.0 v2:172.21.15.57:3300/0 6 ==== mon_command_ack([{"prefix": "get_command_descriptions"}]=0 v0) v1 ==== 72+0+183622 (secure 0 0 0) 0x7fc2b8024b90 con 0x7fc2bc07be40
2024-05-15T16:17:18.928 INFO:teuthology.orchestra.run.smithi057.stdout:/usr/bin/ceph: stderr
2024-05-15T16:17:18.356+0000 7fc2c44c3700 1 -- 172.21.15.57:0/2028176122 --> [v2:172.21.15.57:3300/0,v1:172.21.15.57:6789/0] -- mon_command([{prefix=config set, name=mgr/cephadm/container_init}] v 0) v1 -- 0x7fc2bc10cc80 con 0x7fc2bc07be40
2024-05-15T16:17:18.928 INFO:teuthology.orchestra.run.smithi057.stdout:/usr/bin/ceph: stderr
2024-05-15T16:17:18.360+0000 7fc2b37fe700 1 -- 172.21.15.57:0/2028176122 <== mon.0 v2:172.21.15.57:3300/0 7 ==== mon_command_ack([{prefix=config set, name=mgr/cephadm/container_init}]=0 v7)=0 v7) v1 ==== 142+0+0 (secure 0 0 0) 0x7fc2b8018350 con 0x7fc2bc07be40
2024-05-15T16:17:18.928 INFO:teuthology.orchestra.run.smithi057.stdout:/usr/bin/ceph: stderr
2024-05-15T16:17:18.362+0000 7fc2c44c3700 1 -- 172.21.15.57:0/2028176122 >> [v2:172.21.15.57:6800/3492049361,v1:172.21.15.57:6801/3492049361] conn(0x7fc2a8038830 msgr2=0x7fc2a803acf0 secure :-1 s=STATE_CONNECTION_ESTABLISHED l=1).mark_down
2024-05-15T16:17:18.928 INFO:teuthology.orchestra.run.smithi057.stdout:/usr/bin/ceph: stderr
2024-05-15T16:17:18.362+0000 7fc2c44c3700 1 --2- 172.21.15.57:0/2028176122 >> [v2:172.21.15.57:6800/3492049361,v1:172.21.15.57:6801/3492049361] conn(0x7fc2a8038830 0x7fc2a803acf0 secure :-1 s=READY pgs=20 cs=0 l=1 rev1=1 crypto rx=0x7fc2ac006fd0 tx=0x7fc2ac006e40 comp rx=0 tx=0).stop
2024-05-15T16:17:18.928 INFO:teuthology.orchestra.run.smithi057.stdout:/usr/bin/ceph: stderr
2024-05-15T16:17:18.362+0000 7fc2c44c3700 1 -- 172.21.15.57:0/2028176122 >> [v2:172.21.15.57:3300/0,v1:172.21.15.57:6789/0] conn(0x7fc2bc07be40 msgr2=0x7fc2bc19c530 secure :-1 s=STATE_CONNECTION_ESTABLISHED l=1).mark_down
2024-05-15T16:17:18.929 INFO:teuthology.orchestra.run.smithi057.stdout:/usr/bin/ceph: stderr
2024-05-15T16:17:18.362+0000 7fc2c44c3700 1 --2- 172.21.15.57:0/2028176122 >> [v2:172.21.15.57:3300/0,v1:172.21.15.57:6789/0] conn(0x7fc2bc07be40 0x7fc2bc19c530 secure :-1 s=READY pgs=64 cs=0 l=1 rev1=1 crypto rx=0x7fc2b80117b0 tx=0x7fc2b8011890 comp rx=0 tx=0).stop
2024-05-15T16:17:18.929 INFO:teuthology.orchestra.run.smithi057.stdout:/usr/bin/ceph: stderr
2024-05-15T16:17:18.362+0000 7fc2c44c3700 1 -- 172.21.15.57:0/2028176122 shutdown_connections
2024-05-15T16:17:18.929 INFO:teuthology.orchestra.run.smithi057.stdout:/usr/bin/ceph: stderr
2024-05-15T16:17:18.362+0000 7fc2c44c3700 1 --2- 172.21.15.57:0/2028176122 >> [v2:172.21.15.57:6800/3492049361,v1:172.21.15.57:6801/3492049361] conn(0x7fc2a8038830 0x7fc2a803acf0 unknown :-1 s=CLOSED pgs=20 cs=0 l=1 rev1=1 crypto rx=0 tx=0 comp rx=0 tx=0).stop
2024-05-15T16:17:18.929 INFO:teuthology.orchestra.run.smithi057.stdout:/usr/bin/ceph: stderr
2024-05-15T16:17:18.362+0000 7fc2c44c3700 1 --2- 172.21.15.57:0/2028176122 >> [v2:172.21.15.57:3300/0,v1:172.21.15.57:6789/0] conn(0x7fc2bc07be40 0x7fc2bc19c530 unknown :-1 s=CLOSED pgs=64 cs=0 l=1 rev1=1 crypto rx=0 tx=0 comp rx=0 tx=0).stop
2024-05-15T16:17:18.929 INFO:teuthology.orchestra.run.smithi057.stdout:/usr/bin/ceph: stderr
2024-05-15T16:17:18.362+0000 7fc2c44c3700 1 -- 172.21.15.57:0/2028176122 >> 172.21.15.57:0/2028176122 conn(0x7fc2bc101ce0 msgr2=0x7fc2bc1027d0 unknown :-1 s=STATE_NONE l=0).mark_down
2024-05-15T16:17:18.929 INFO:teuthology.orchestra.run.smithi057.stdout:/usr/bin/ceph: stderr
2024-05-15T16:17:18.362+0000 7fc2c44c3700 1 -- 172.21.15.57:0/2028176122 shutdown_connections
2024-05-15T16:17:18.929 INFO:teuthology.orchestra.run.smithi057.stdout:/usr/bin/ceph: stderr
2024-05-15T16:17:18.362+0000 7fc2c44c3700 1 -- 172.21.15.57:0/2028176122 wait complete.
2024-05-15T16:17:19.048 INFO:journalctl@ceph.mon.smithi057.smithi057.stdout:May 15 16:17:18 smithi057 ceph-mon[28484]: from='client.14156 -' entity='client.admin' cmd=[{"prefix": "orch apply", "service_type": "alertmanager", "target": ["mon-mgr", ""]}]: dispatch
2024-05-15T16:17:19.048 INFO:journalctl@ceph.mon.smithi057.smithi057.stdout:May 15 16:17:18 smithi057 ceph-mon[28484]: Saving service alertmanager spec with placement count:1
2024-05-15T16:17:19.048 INFO:journalctl@ceph.mon.smithi057.smithi057.stdout:May 15 16:17:18 smithi057 ceph-mon[28484]: from='client.? 172.21.15.57:0/2028176122' entity='client.admin'
2024-05-15T16:17:19.956 INFO:journalctl@ceph.mon.smithi057.smithi057.stdout:May 15 16:17:19 smithi057 ceph-mon[28484]: pgmap v4: 0 pgs: ; 0 B data, 0 B used, 0 B / 0 B avail
2024-05-15T16:17:19.957 INFO:journalctl@ceph.mon.smithi057.smithi057.stdout:May 15 16:17:19 smithi057 ceph-mon[28484]: from='client.? 172.21.15.57:0/4165593496' entity='client.admin'
2024-05-15T16:17:20.140 INFO:teuthology.orchestra.run.smithi057.stdout:/usr/bin/ceph: stderr
2024-05-15T16:17:19.367+0000 7fca2d2ef700 1 Processor -- start
2024-05-15T16:17:20.141 INFO:teuthology.orchestra.run.smithi057.stdout:/usr/bin/ceph: stderr
2024-05-15T16:17:19.367+0000 7fca2d2ef700 1 -- start start
2024-05-15T16:17:20.141 INFO:teuthology.orchestra.run.smithi057.stdout:/usr/bin/ceph: stderr
2024-05-15T16:17:19.368+0000 7fca2d2ef700 1 --2- >> [v2:172.21.15.57:3300/0,v1:172.21.15.57:6789/0] conn(0x7fca28105590 0x7fca281059b0 unknown :-1 s=NONE pgs=0 cs=0 l=0 rev1=0 crypto rx=0 tx=0 comp rx=0 tx=0).connect
2024-05-15T16:17:20.141 INFO:teuthology.orchestra.run.smithi057.stdout:/usr/bin/ceph: stderr
2024-05-15T16:17:19.368+0000 7fca2d2ef700 1 -- --> [v2:172.21.15.57:3300/0,v1:172.21.15.57:6789/0] -- mon_getmap magic: 0 v1 -- 0x7fca28105f80 con 0x7fca28105590
2024-05-15T16:17:20.141 INFO:teuthology.orchestra.run.smithi057.stdout:/usr/bin/ceph: stderr
2024-05-15T16:17:19.368+0000 7fca26ffd700 1 --2- >> [v2:172.21.15.57:3300/0,v1:172.21.15.57:6789/0] conn(0x7fca28105590 0x7fca281059b0 unknown :-1 s=BANNER_CONNECTING pgs=0 cs=0 l=0 rev1=0 crypto rx=0 tx=0 comp rx=0 tx=0)._handle_peer_banner_payload supported=3 required=0
2024-05-15T16:17:20.141 INFO:teuthology.orchestra.run.smithi057.stdout:/usr/bin/ceph: stderr
2024-05-15T16:17:19.368+0000 7fca26ffd700 1 --2- >> [v2:172.21.15.57:3300/0,v1:172.21.15.57:6789/0] conn(0x7fca28105590 0x7fca281059b0 unknown :-1 s=HELLO_CONNECTING pgs=0 cs=0 l=0 rev1=1 crypto rx=0 tx=0 comp rx=0 tx=0).handle_hello peer v2:172.21.15.57:3300/0 says I am v2:172.21.15.57:35910/0 (socket says 172.21.15.57:35910)
2024-05-15T16:17:20.141 INFO:teuthology.orchestra.run.smithi057.stdout:/usr/bin/ceph: stderr
2024-05-15T16:17:19.368+0000 7fca26ffd700 1 -- 172.21.15.57:0/835894315 learned_addr learned my addr 172.21.15.57:0/835894315 (peer_addr_for_me v2:172.21.15.57:0/0)
2024-05-15T16:17:20.141 INFO:teuthology.orchestra.run.smithi057.stdout:/usr/bin/ceph: stderr
2024-05-15T16:17:19.368+0000 7fca26ffd700 1 -- 172.21.15.57:0/835894315 --> [v2:172.21.15.57:3300/0,v1:172.21.15.57:6789/0] -- mon_subscribe({config=0+,monmap=0+}) v3 -- 0x7fca28106790 con 0x7fca28105590
2024-05-15T16:17:20.141 INFO:teuthology.orchestra.run.smithi057.stdout:/usr/bin/ceph: stderr
2024-05-15T16:17:19.368+0000 7fca26ffd700 1 --2- 172.21.15.57:0/835894315 >> [v2:172.21.15.57:3300/0,v1:172.21.15.57:6789/0] conn(0x7fca28105590 0x7fca281059b0 secure :-1 s=READY pgs=65 cs=0 l=1 rev1=1 crypto rx=0x7fca2000bb40 tx=0x7fca2000be50 comp rx=0 tx=0).ready entity=mon.0 client_cookie=57c646add57cd8ee server_cookie=0 in_seq=0 out_seq=0
2024-05-15T16:17:20.141 INFO:teuthology.orchestra.run.smithi057.stdout:/usr/bin/ceph: stderr
2024-05-15T16:17:19.368+0000 7fca25ffb700 1 -- 172.21.15.57:0/835894315 <== mon.0 v2:172.21.15.57:3300/0 1 ==== mon_map magic: 0 v1 ==== 229+0+0 (secure 0 0 0) 0x7fca2000dc00 con 0x7fca28105590
2024-05-15T16:17:20.141 INFO:teuthology.orchestra.run.smithi057.stdout:/usr/bin/ceph: stderr
2024-05-15T16:17:19.369+0000 7fca25ffb700 1 -- 172.21.15.57:0/835894315 <== mon.0 v2:172.21.15.57:3300/0 2 ==== config(27 keys) v1 ==== 1109+0+0 (secure 0 0 0) 0x7fca200044f0 con 0x7fca28105590
2024-05-15T16:17:20.141 INFO:teuthology.orchestra.run.smithi057.stdout:/usr/bin/ceph: stderr
2024-05-15T16:17:19.369+0000 7fca25ffb700 1 -- 172.21.15.57:0/835894315 <== mon.0 v2:172.21.15.57:3300/0 3 ==== mon_map magic: 0 v1 ==== 229+0+0 (secure 0 0 0) 0x7fca20010470 con 0x7fca28105590
2024-05-15T16:17:20.141 INFO:teuthology.orchestra.run.smithi057.stdout:/usr/bin/ceph: stderr
2024-05-15T16:17:19.369+0000 7fca2d2ef700 1 -- 172.21.15.57:0/835894315 >> [v2:172.21.15.57:3300/0,v1:172.21.15.57:6789/0] conn(0x7fca28105590 msgr2=0x7fca281059b0 secure :-1 s=STATE_CONNECTION_ESTABLISHED l=1).mark_down
2024-05-15T16:17:20.142 INFO:teuthology.orchestra.run.smithi057.stdout:/usr/bin/ceph: stderr
2024-05-15T16:17:19.369+0000 7fca2d2ef700 1 --2- 172.21.15.57:0/835894315 >> [v2:172.21.15.57:3300/0,v1:172.21.15.57:6789/0] conn(0x7fca28105590 0x7fca281059b0 secure :-1 s=READY pgs=65 cs=0 l=1 rev1=1 crypto rx=0x7fca2000bb40 tx=0x7fca2000be50 comp rx=0 tx=0).stop
2024-05-15T16:17:20.142 INFO:teuthology.orchestra.run.smithi057.stdout:/usr/bin/ceph: stderr
2024-05-15T16:17:19.369+0000 7fca2d2ef700 1 -- 172.21.15.57:0/835894315 shutdown_connections
2024-05-15T16:17:20.142 INFO:teuthology.orchestra.run.smithi057.stdout:/usr/bin/ceph: stderr
2024-05-15T16:17:19.369+0000 7fca2d2ef700 1 --2- 172.21.15.57:0/835894315 >> [v2:172.21.15.57:3300/0,v1:172.21.15.57:6789/0] conn(0x7fca28105590 0x7fca281059b0 unknown :-1 s=CLOSED pgs=65 cs=0 l=1 rev1=1 crypto rx=0 tx=0 comp rx=0 tx=0).stop
2024-05-15T16:17:20.142 INFO:teuthology.orchestra.run.smithi057.stdout:/usr/bin/ceph: stderr
2024-05-15T16:17:19.369+0000 7fca2d2ef700 1 -- 172.21.15.57:0/835894315 >> 172.21.15.57:0/835894315 conn(0x7fca28100af0 msgr2=0x7fca28102f70 unknown :-1 s=STATE_NONE l=0).mark_down
2024-05-15T16:17:20.142 INFO:teuthology.orchestra.run.smithi057.stdout:/usr/bin/ceph: stderr
2024-05-15T16:17:19.369+0000 7fca2d2ef700 1 -- 172.21.15.57:0/835894315 shutdown_connections
2024-05-15T16:17:20.142 INFO:teuthology.orchestra.run.smithi057.stdout:/usr/bin/ceph: stderr
2024-05-15T16:17:19.369+0000 7fca2d2ef700 1 -- 172.21.15.57:0/835894315 wait complete.
2024-05-15T16:17:20.142 INFO:teuthology.orchestra.run.smithi057.stdout:/usr/bin/ceph: stderr
2024-05-15T16:17:19.370+0000 7fca2d2ef700 1 Processor -- start
2024-05-15T16:17:20.142 INFO:teuthology.orchestra.run.smithi057.stdout:/usr/bin/ceph: stderr
2024-05-15T16:17:19.370+0000 7fca2d2ef700 1 -- start start
2024-05-15T16:17:20.142 INFO:teuthology.orchestra.run.smithi057.stdout:/usr/bin/ceph: stderr
2024-05-15T16:17:19.370+0000 7fca2d2ef700 1 --2- >> [v2:172.21.15.57:3300/0,v1:172.21.15.57:6789/0] conn(0x7fca28105590 0x7fca2819c680 unknown :-1 s=NONE pgs=0 cs=0 l=1 rev1=0 crypto rx=0 tx=0 comp rx=0 tx=0).connect
2024-05-15T16:17:20.142 INFO:teuthology.orchestra.run.smithi057.stdout:/usr/bin/ceph: stderr
2024-05-15T16:17:19.370+0000 7fca2d2ef700 1 -- --> [v2:172.21.15.57:3300/0,v1:172.21.15.57:6789/0] -- mon_getmap magic: 0 v1 -- 0x7fca2819cbc0 con 0x7fca28105590
2024-05-15T16:17:20.142 INFO:teuthology.orchestra.run.smithi057.stdout:/usr/bin/ceph: stderr
2024-05-15T16:17:19.370+0000 7fca26ffd700 1 --2- >> [v2:172.21.15.57:3300/0,v1:172.21.15.57:6789/0] conn(0x7fca28105590 0x7fca2819c680 unknown :-1 s=BANNER_CONNECTING pgs=0 cs=0 l=1 rev1=0 crypto rx=0 tx=0 comp rx=0 tx=0)._handle_peer_banner_payload supported=3 required=0
2024-05-15T16:17:20.142 INFO:teuthology.orchestra.run.smithi057.stdout:/usr/bin/ceph: stderr
2024-05-15T16:17:19.370+0000 7fca26ffd700 1 --2- >> [v2:172.21.15.57:3300/0,v1:172.21.15.57:6789/0] conn(0x7fca28105590 0x7fca2819c680 unknown :-1 s=HELLO_CONNECTING pgs=0 cs=0 l=1 rev1=1 crypto rx=0 tx=0 comp rx=0 tx=0).handle_hello peer v2:172.21.15.57:3300/0 says I am v2:172.21.15.57:35924/0 (socket says 172.21.15.57:35924)
2024-05-15T16:17:20.142 INFO:teuthology.orchestra.run.smithi057.stdout:/usr/bin/ceph: stderr
2024-05-15T16:17:19.370+0000 7fca26ffd700 1 -- 172.21.15.57:0/4165593496 learned_addr learned my addr 172.21.15.57:0/4165593496 (peer_addr_for_me v2:172.21.15.57:0/0)
2024-05-15T16:17:20.142 INFO:teuthology.orchestra.run.smithi057.stdout:/usr/bin/ceph: stderr
2024-05-15T16:17:19.371+0000 7fca26ffd700 1 -- 172.21.15.57:0/4165593496 --> [v2:172.21.15.57:3300/0,v1:172.21.15.57:6789/0] -- mon_subscribe({config=0+,monmap=0+}) v3 -- 0x7fca2000b7f0 con 0x7fca28105590
2024-05-15T16:17:20.143 INFO:teuthology.orchestra.run.smithi057.stdout:/usr/bin/ceph: stderr
2024-05-15T16:17:19.371+0000 7fca26ffd700 1 --2- 172.21.15.57:0/4165593496 >> [v2:172.21.15.57:3300/0,v1:172.21.15.57:6789/0] conn(0x7fca28105590 0x7fca2819c680 secure :-1 s=READY pgs=66 cs=0 l=1 rev1=1 crypto rx=0x7fca2000b340 tx=0x7fca20004070 comp rx=0 tx=0).ready entity=mon.0 client_cookie=0 server_cookie=0 in_seq=0 out_seq=0
2024-05-15T16:17:20.143 INFO:teuthology.orchestra.run.smithi057.stdout:/usr/bin/ceph: stderr
2024-05-15T16:17:19.371+0000 7fca1ffff700 1 -- 172.21.15.57:0/4165593496 <== mon.0 v2:172.21.15.57:3300/0 1 ==== mon_map magic: 0 v1 ==== 229+0+0 (secure 0 0 0) 0x7fca2000de20 con 0x7fca28105590
2024-05-15T16:17:20.143 INFO:teuthology.orchestra.run.smithi057.stdout:/usr/bin/ceph: stderr
2024-05-15T16:17:19.371+0000 7fca1ffff700 1 -- 172.21.15.57:0/4165593496 <== mon.0 v2:172.21.15.57:3300/0 2 ==== config(27 keys) v1 ==== 1109+0+0 (secure 0 0 0) 0x7fca20010bb0 con 0x7fca28105590
2024-05-15T16:17:20.143 INFO:teuthology.orchestra.run.smithi057.stdout:/usr/bin/ceph: stderr
2024-05-15T16:17:19.371+0000 7fca2d2ef700 1 -- 172.21.15.57:0/4165593496 --> [v2:172.21.15.57:3300/0,v1:172.21.15.57:6789/0] -- mon_subscribe({mgrmap=0+}) v3 -- 0x7fca2819cdc0 con 0x7fca28105590
2024-05-15T16:17:20.143 INFO:teuthology.orchestra.run.smithi057.stdout:/usr/bin/ceph: stderr
2024-05-15T16:17:19.371+0000 7fca1ffff700 1 -- 172.21.15.57:0/4165593496 <== mon.0 v2:172.21.15.57:3300/0 3 ==== mon_map magic: 0 v1 ==== 229+0+0 (secure 0 0 0) 0x7fca20021b30 con 0x7fca28105590
2024-05-15T16:17:20.143 INFO:teuthology.orchestra.run.smithi057.stdout:/usr/bin/ceph: stderr
2024-05-15T16:17:19.371+0000 7fca2d2ef700 1 -- 172.21.15.57:0/4165593496 --> [v2:172.21.15.57:3300/0,v1:172.21.15.57:6789/0] -- mon_subscribe({osdmap=0}) v3 -- 0x7fca2819d200 con 0x7fca28105590
2024-05-15T16:17:20.143 INFO:teuthology.orchestra.run.smithi057.stdout:/usr/bin/ceph: stderr
2024-05-15T16:17:19.372+0000 7fca1ffff700 1 -- 172.21.15.57:0/4165593496 <== mon.0 v2:172.21.15.57:3300/0 4 ==== mgrmap(e 8) v1 ==== 45556+0+0 (secure 0 0 0) 0x7fca200193f0 con 0x7fca28105590
2024-05-15T16:17:20.143 INFO:teuthology.orchestra.run.smithi057.stdout:/usr/bin/ceph: stderr
2024-05-15T16:17:19.372+0000 7fca2d2ef700 1 -- 172.21.15.57:0/4165593496 --> [v2:172.21.15.57:3300/0,v1:172.21.15.57:6789/0] -- mon_command({"prefix": "get_command_descriptions"} v 0) v1 -- 0x7fca280613e0 con 0x7fca28105590
2024-05-15T16:17:20.143 INFO:teuthology.orchestra.run.smithi057.stdout:/usr/bin/ceph: stderr
2024-05-15T16:17:19.372+0000 7fca1ffff700 1 --2- 172.21.15.57:0/4165593496 >> [v2:172.21.15.57:6800/3492049361,v1:172.21.15.57:6801/3492049361] conn(0x7fca14038730 0x7fca1403abf0 unknown :-1 s=NONE pgs=0 cs=0 l=1 rev1=0 crypto rx=0 tx=0 comp rx=0 tx=0).connect
2024-05-15T16:17:20.143 INFO:teuthology.orchestra.run.smithi057.stdout:/usr/bin/ceph: stderr
2024-05-15T16:17:19.372+0000 7fca1ffff700 1 -- 172.21.15.57:0/4165593496 <== mon.0 v2:172.21.15.57:3300/0 5 ==== osd_map(2..2 src has 1..2) v4 ==== 940+0+0 (secure 0 0 0) 0x7fca2004ca70 con 0x7fca28105590
2024-05-15T16:17:20.143 INFO:teuthology.orchestra.run.smithi057.stdout:/usr/bin/ceph: stderr
2024-05-15T16:17:19.372+0000 7fca267fc700 1 --2- 172.21.15.57:0/4165593496 >> [v2:172.21.15.57:6800/3492049361,v1:172.21.15.57:6801/3492049361] conn(0x7fca14038730 0x7fca1403abf0 unknown :-1 s=BANNER_CONNECTING pgs=0 cs=0 l=1 rev1=0 crypto rx=0 tx=0 comp rx=0 tx=0)._handle_peer_banner_payload supported=3 required=0
