2024-05-15T16:17:00.379+0000 7f9a73fff700 1 -- 172.21.15.57:0/3599204523 <== mon.0 v2:172.21.15.57:3300/0 3 ==== mon_map magic: 0 v1 ==== 229+0+0 (secure 0 0 0) 0x7f9a7c023770 con 0x7f9a8c106680
2024-05-15T16:17:01.162 INFO:teuthology.orchestra.run.smithi057.stdout:/usr/bin/ceph: stderr
2024-05-15T16:17:00.379+0000 7f9a91308700 1 -- 172.21.15.57:0/3599204523 --> [v2:172.21.15.57:3300/0,v1:172.21.15.57:6789/0] -- mon_subscribe({osdmap=0}) v3 -- 0x7f9a8c19af40 con 0x7f9a8c106680
2024-05-15T16:17:01.162 INFO:teuthology.orchestra.run.smithi057.stdout:/usr/bin/ceph: stderr
2024-05-15T16:17:00.380+0000 7f9a73fff700 1 -- 172.21.15.57:0/3599204523 <== mon.0 v2:172.21.15.57:3300/0 4 ==== mgrmap(e 8) v1 ==== 45556+0+0 (secure 0 0 0) 0x7f9a7c02c3f0 con 0x7f9a8c106680
2024-05-15T16:17:01.162 INFO:teuthology.orchestra.run.smithi057.stdout:/usr/bin/ceph: stderr
2024-05-15T16:17:00.380+0000 7f9a91308700 1 -- 172.21.15.57:0/3599204523 --> [v2:172.21.15.57:3300/0,v1:172.21.15.57:6789/0] -- mon_command({"prefix": "get_command_descriptions"} v 0) v1 -- 0x7f9a8c10aa60 con 0x7f9a8c106680
2024-05-15T16:17:01.162 INFO:teuthology.orchestra.run.smithi057.stdout:/usr/bin/ceph: stderr
2024-05-15T16:17:00.381+0000 7f9a73fff700 1 --2- 172.21.15.57:0/3599204523 >> [v2:172.21.15.57:6800/3492049361,v1:172.21.15.57:6801/3492049361] conn(0x7f9a740387a0 0x7f9a7403ac60 unknown :-1 s=NONE pgs=0 cs=0 l=1 rev1=0 crypto rx=0 tx=0 comp rx=0 tx=0).connect
2024-05-15T16:17:01.162 INFO:teuthology.orchestra.run.smithi057.stdout:/usr/bin/ceph: stderr
2024-05-15T16:17:00.381+0000 7f9a73fff700 1 -- 172.21.15.57:0/3599204523 <== mon.0 v2:172.21.15.57:3300/0 5 ==== osd_map(2..2 src has 1..2) v4 ==== 940+0+0 (secure 0 0 0) 0x7f9a7c04cae0 con 0x7f9a8c106680
2024-05-15T16:17:01.162 INFO:teuthology.orchestra.run.smithi057.stdout:/usr/bin/ceph: stderr
2024-05-15T16:17:00.381+0000 7f9a8a7fc700 1 --2- 172.21.15.57:0/3599204523 >> [v2:172.21.15.57:6800/3492049361,v1:172.21.15.57:6801/3492049361] conn(0x7f9a740387a0 0x7f9a7403ac60 unknown :-1 s=BANNER_CONNECTING pgs=0 cs=0 l=1 rev1=0 crypto rx=0 tx=0 comp rx=0 tx=0)._handle_peer_banner_payload supported=3 required=0
2024-05-15T16:17:01.162 INFO:teuthology.orchestra.run.smithi057.stdout:/usr/bin/ceph: stderr
2024-05-15T16:17:00.381+0000 7f9a8a7fc700 1 --2- 172.21.15.57:0/3599204523 >> [v2:172.21.15.57:6800/3492049361,v1:172.21.15.57:6801/3492049361] conn(0x7f9a740387a0 0x7f9a7403ac60 secure :-1 s=READY pgs=9 cs=0 l=1 rev1=1 crypto rx=0x7f9a80006fd0 tx=0x7f9a80006e40 comp rx=0 tx=0).ready entity=mgr.14120 client_cookie=0 server_cookie=0 in_seq=0 out_seq=0
2024-05-15T16:17:01.163 INFO:teuthology.orchestra.run.smithi057.stdout:/usr/bin/ceph: stderr
2024-05-15T16:17:00.386+0000 7f9a73fff700 1 -- 172.21.15.57:0/3599204523 <== mon.0 v2:172.21.15.57:3300/0 6 ==== mon_command_ack([{"prefix": "get_command_descriptions"}]=0 v0) v1 ==== 72+0+183622 (secure 0 0 0) 0x7f9a7c01b950 con 0x7f9a8c106680
2024-05-15T16:17:01.163 INFO:teuthology.orchestra.run.smithi057.stdout:/usr/bin/ceph: stderr
2024-05-15T16:17:00.589+0000 7f9a91308700 1 -- 172.21.15.57:0/3599204523 --> [v2:172.21.15.57:6800/3492049361,v1:172.21.15.57:6801/3492049361] -- mgr_command(tid 0: {"prefix": "cephadm generate-key", "target": ["mon-mgr", ""]}) v1 -- 0x7f9a8c19d830 con 0x7f9a740387a0
2024-05-15T16:17:01.163 INFO:teuthology.orchestra.run.smithi057.stdout:/usr/bin/ceph: stderr
2024-05-15T16:17:00.655+0000 7f9a73fff700 1 -- 172.21.15.57:0/3599204523 <== mgr.14120 v2:172.21.15.57:6800/3492049361 1 ==== mgr_command_reply(tid 0: 0 ) v1 ==== 8+0+0 (secure 0 0 0) 0x7f9a8c19d830 con 0x7f9a740387a0
2024-05-15T16:17:01.163 INFO:teuthology.orchestra.run.smithi057.stdout:/usr/bin/ceph: stderr
2024-05-15T16:17:00.657+0000 7f9a91308700 1 -- 172.21.15.57:0/3599204523 >> [v2:172.21.15.57:6800/3492049361,v1:172.21.15.57:6801/3492049361] conn(0x7f9a740387a0 msgr2=0x7f9a7403ac60 secure :-1 s=STATE_CONNECTION_ESTABLISHED l=1).mark_down
2024-05-15T16:17:01.163 INFO:teuthology.orchestra.run.smithi057.stdout:/usr/bin/ceph: stderr
2024-05-15T16:17:00.657+0000 7f9a91308700 1 --2- 172.21.15.57:0/3599204523 >> [v2:172.21.15.57:6800/3492049361,v1:172.21.15.57:6801/3492049361] conn(0x7f9a740387a0 0x7f9a7403ac60 secure :-1 s=READY pgs=9 cs=0 l=1 rev1=1 crypto rx=0x7f9a80006fd0 tx=0x7f9a80006e40 comp rx=0 tx=0).stop
2024-05-15T16:17:01.163 INFO:teuthology.orchestra.run.smithi057.stdout:/usr/bin/ceph: stderr
2024-05-15T16:17:00.657+0000 7f9a91308700 1 -- 172.21.15.57:0/3599204523 >> [v2:172.21.15.57:3300/0,v1:172.21.15.57:6789/0] conn(0x7f9a8c106680 msgr2=0x7f9a8c19a360 secure :-1 s=STATE_CONNECTION_ESTABLISHED l=1).mark_down
2024-05-15T16:17:01.163 INFO:teuthology.orchestra.run.smithi057.stdout:/usr/bin/ceph: stderr
2024-05-15T16:17:00.657+0000 7f9a91308700 1 --2- 172.21.15.57:0/3599204523 >> [v2:172.21.15.57:3300/0,v1:172.21.15.57:6789/0] conn(0x7f9a8c106680 0x7f9a8c19a360 secure :-1 s=READY pgs=42 cs=0 l=1 rev1=1 crypto rx=0x7f9a7c003df0 tx=0x7f9a7c0047c0 comp rx=0 tx=0).stop
2024-05-15T16:17:01.163 INFO:teuthology.orchestra.run.smithi057.stdout:/usr/bin/ceph: stderr
2024-05-15T16:17:00.658+0000 7f9a91308700 1 -- 172.21.15.57:0/3599204523 shutdown_connections
2024-05-15T16:17:01.163 INFO:teuthology.orchestra.run.smithi057.stdout:/usr/bin/ceph: stderr
2024-05-15T16:17:00.658+0000 7f9a91308700 1 --2- 172.21.15.57:0/3599204523 >> [v2:172.21.15.57:6800/3492049361,v1:172.21.15.57:6801/3492049361] conn(0x7f9a740387a0 0x7f9a7403ac60 unknown :-1 s=CLOSED pgs=9 cs=0 l=1 rev1=1 crypto rx=0 tx=0 comp rx=0 tx=0).stop
2024-05-15T16:17:01.163 INFO:teuthology.orchestra.run.smithi057.stdout:/usr/bin/ceph: stderr
2024-05-15T16:17:00.658+0000 7f9a91308700 1 --2- 172.21.15.57:0/3599204523 >> [v2:172.21.15.57:3300/0,v1:172.21.15.57:6789/0] conn(0x7f9a8c106680 0x7f9a8c19a360 unknown :-1 s=CLOSED pgs=42 cs=0 l=1 rev1=1 crypto rx=0 tx=0 comp rx=0 tx=0).stop
2024-05-15T16:17:01.163 INFO:teuthology.orchestra.run.smithi057.stdout:/usr/bin/ceph: stderr
2024-05-15T16:17:00.658+0000 7f9a91308700 1 -- 172.21.15.57:0/3599204523 >> 172.21.15.57:0/3599204523 conn(0x7f9a8c101c40 msgr2=0x7f9a8c102790 unknown :-1 s=STATE_NONE l=0).mark_down
2024-05-15T16:17:01.163 INFO:teuthology.orchestra.run.smithi057.stdout:/usr/bin/ceph: stderr
2024-05-15T16:17:00.658+0000 7f9a91308700 1 -- 172.21.15.57:0/3599204523 shutdown_connections
2024-05-15T16:17:01.163 INFO:teuthology.orchestra.run.smithi057.stdout:/usr/bin/ceph: stderr
2024-05-15T16:17:00.658+0000 7f9a91308700 1 -- 172.21.15.57:0/3599204523 wait complete.
2024-05-15T16:17:01.848 INFO:journalctl@ceph.mon.smithi057.smithi057.stdout:May 15 16:17:01 smithi057 ceph-mon[28484]: from='client.14136 -' entity='client.admin' cmd=[{"prefix": "cephadm generate-key", "target": ["mon-mgr", ""]}]: dispatch
2024-05-15T16:17:01.848 INFO:journalctl@ceph.mon.smithi057.smithi057.stdout:May 15 16:17:01 smithi057 ceph-mon[28484]: Generating ssh key...
2024-05-15T16:17:01.848 INFO:journalctl@ceph.mon.smithi057.smithi057.stdout:May 15 16:17:01 smithi057 ceph-mon[28484]: from='mgr.14120 172.21.15.57:0/258860523' entity='mgr.smithi057.txnkkr'
2024-05-15T16:17:01.848 INFO:journalctl@ceph.mon.smithi057.smithi057.stdout:May 15 16:17:01 smithi057 ceph-mon[28484]: from='mgr.14120 172.21.15.57:0/258860523' entity='mgr.smithi057.txnkkr'
2024-05-15T16:17:02.418 INFO:teuthology.orchestra.run.smithi057.stdout:/usr/bin/ceph: stdout ssh-rsa AAAAB3NzaC1yc2EAAAADAQABAAABgQDha7wXpUTRhdYuk48CvSOvzkJLo+yn4XirQyZ8SSFyUFX2kxLi9Et56YXSfFpF03ahnPYDHRVDwt2iH1MO7gq92UqdagHE9PUn+jEiw/aPo/+kaW6JVFpfO7Z69gwSwsqPqVuPCexaLkQYyIBQRro7NI+iBGqSaozkNMOT2n0TV1pQcbmRnGDxEnIyhKHTJTWEIOP/kUfcnz/CuST9iuXMSNVS3rs444FvTEzxaz69Zp5uGFtLEzQa5BV7XeU3mT+dI/+WnTSPYo56FuxM8D97dRx/276LXueMMv6TBXEvRUogC4UCeTkXFn+Hd2QUY1KTu9Y+2gH+ED74C0v0lUtEjbW6oBQ4EBQkCVvkJHn9UGrMPeIXWXuzP1fDmL2hppRyYH4lNB+oeOENHO0PSW19A5uMAAbMrahyleCQtU19m6cPMlldRN6s5ef4PHZM37TW7Uo06D6WBU70Qyk3QWNG9O/TNlKEmfGLfj2HQxIK4f3X1gbbKFKkWgmkiEfF5u0= ceph-5d143e58-12d6-11ef-bc98-c7b262605968
2024-05-15T16:17:02.418 INFO:teuthology.orchestra.run.smithi057.stdout:/usr/bin/ceph: stderr
2024-05-15T16:17:01.619+0000 7fe2b542f700 1 Processor -- start
2024-05-15T16:17:02.419 INFO:teuthology.orchestra.run.smithi057.stdout:/usr/bin/ceph: stderr
2024-05-15T16:17:01.619+0000 7fe2b542f700 1 -- start start
2024-05-15T16:17:02.419 INFO:teuthology.orchestra.run.smithi057.stdout:/usr/bin/ceph: stderr
2024-05-15T16:17:01.619+0000 7fe2b542f700 1 --2- >> [v2:172.21.15.57:3300/0,v1:172.21.15.57:6789/0] conn(0x7fe2b0105570 0x7fe2b0105990 unknown :-1 s=NONE pgs=0 cs=0 l=0 rev1=0 crypto rx=0 tx=0 comp rx=0 tx=0).connect
2024-05-15T16:17:02.419 INFO:teuthology.orchestra.run.smithi057.stdout:/usr/bin/ceph: stderr
2024-05-15T16:17:01.619+0000 7fe2b542f700 1 -- --> [v2:172.21.15.57:3300/0,v1:172.21.15.57:6789/0] -- mon_getmap magic: 0 v1 -- 0x7fe2b0105f60 con 0x7fe2b0105570
2024-05-15T16:17:02.419 INFO:teuthology.orchestra.run.smithi057.stdout:/usr/bin/ceph: stderr
2024-05-15T16:17:01.619+0000 7fe2aeffd700 1 --2- >> [v2:172.21.15.57:3300/0,v1:172.21.15.57:6789/0] conn(0x7fe2b0105570 0x7fe2b0105990 unknown :-1 s=BANNER_CONNECTING pgs=0 cs=0 l=0 rev1=0 crypto rx=0 tx=0 comp rx=0 tx=0)._handle_peer_banner_payload supported=3 required=0
2024-05-15T16:17:02.419 INFO:teuthology.orchestra.run.smithi057.stdout:/usr/bin/ceph: stderr
2024-05-15T16:17:01.619+0000 7fe2aeffd700 1 --2- >> [v2:172.21.15.57:3300/0,v1:172.21.15.57:6789/0] conn(0x7fe2b0105570 0x7fe2b0105990 unknown :-1 s=HELLO_CONNECTING pgs=0 cs=0 l=0 rev1=1 crypto rx=0 tx=0 comp rx=0 tx=0).handle_hello peer v2:172.21.15.57:3300/0 says I am v2:172.21.15.57:38850/0 (socket says 172.21.15.57:38850)
2024-05-15T16:17:02.419 INFO:teuthology.orchestra.run.smithi057.stdout:/usr/bin/ceph: stderr
2024-05-15T16:17:01.619+0000 7fe2aeffd700 1 -- 172.21.15.57:0/1146499389 learned_addr learned my addr 172.21.15.57:0/1146499389 (peer_addr_for_me v2:172.21.15.57:0/0)
2024-05-15T16:17:02.419 INFO:teuthology.orchestra.run.smithi057.stdout:/usr/bin/ceph: stderr
2024-05-15T16:17:01.620+0000 7fe2aeffd700 1 -- 172.21.15.57:0/1146499389 --> [v2:172.21.15.57:3300/0,v1:172.21.15.57:6789/0] -- mon_subscribe({config=0+,monmap=0+}) v3 -- 0x7fe2b0106770 con 0x7fe2b0105570
2024-05-15T16:17:02.419 INFO:teuthology.orchestra.run.smithi057.stdout:/usr/bin/ceph: stderr
2024-05-15T16:17:01.620+0000 7fe2aeffd700 1 --2- 172.21.15.57:0/1146499389 >> [v2:172.21.15.57:3300/0,v1:172.21.15.57:6789/0] conn(0x7fe2b0105570 0x7fe2b0105990 secure :-1 s=READY pgs=43 cs=0 l=1 rev1=1 crypto rx=0x7fe2a0009e80 tx=0x7fe2a000b330 comp rx=0 tx=0).ready entity=mon.0 client_cookie=19e73961cf34188d server_cookie=0 in_seq=0 out_seq=0
2024-05-15T16:17:02.419 INFO:teuthology.orchestra.run.smithi057.stdout:/usr/bin/ceph: stderr
2024-05-15T16:17:01.620+0000 7fe2ae7fc700 1 -- 172.21.15.57:0/1146499389 <== mon.0 v2:172.21.15.57:3300/0 1 ==== mon_map magic: 0 v1 ==== 229+0+0 (secure 0 0 0) 0x7fe2a000e070 con 0x7fe2b0105570
2024-05-15T16:17:02.419 INFO:teuthology.orchestra.run.smithi057.stdout:/usr/bin/ceph: stderr
2024-05-15T16:17:01.620+0000 7fe2ae7fc700 1 -- 172.21.15.57:0/1146499389 <== mon.0 v2:172.21.15.57:3300/0 2 ==== config(27 keys) v1 ==== 1042+0+0 (secure 0 0 0) 0x7fe2a000b8c0 con 0x7fe2b0105570
2024-05-15T16:17:02.419 INFO:teuthology.orchestra.run.smithi057.stdout:/usr/bin/ceph: stderr
2024-05-15T16:17:01.620+0000 7fe2ae7fc700 1 -- 172.21.15.57:0/1146499389 <== mon.0 v2:172.21.15.57:3300/0 3 ==== mon_map magic: 0 v1 ==== 229+0+0 (secure 0 0 0) 0x7fe2a0004440 con 0x7fe2b0105570
2024-05-15T16:17:02.419 INFO:teuthology.orchestra.run.smithi057.stdout:/usr/bin/ceph: stderr
2024-05-15T16:17:01.621+0000 7fe2b542f700 1 -- 172.21.15.57:0/1146499389 >> [v2:172.21.15.57:3300/0,v1:172.21.15.57:6789/0] conn(0x7fe2b0105570 msgr2=0x7fe2b0105990 secure :-1 s=STATE_CONNECTION_ESTABLISHED l=1).mark_down
2024-05-15T16:17:02.420 INFO:teuthology.orchestra.run.smithi057.stdout:/usr/bin/ceph: stderr
2024-05-15T16:17:01.621+0000 7fe2b542f700 1 --2- 172.21.15.57:0/1146499389 >> [v2:172.21.15.57:3300/0,v1:172.21.15.57:6789/0] conn(0x7fe2b0105570 0x7fe2b0105990 secure :-1 s=READY pgs=43 cs=0 l=1 rev1=1 crypto rx=0x7fe2a0009e80 tx=0x7fe2a000b330 comp rx=0 tx=0).stop
2024-05-15T16:17:02.420 INFO:teuthology.orchestra.run.smithi057.stdout:/usr/bin/ceph: stderr
2024-05-15T16:17:01.621+0000 7fe2b542f700 1 -- 172.21.15.57:0/1146499389 shutdown_connections
2024-05-15T16:17:02.420 INFO:teuthology.orchestra.run.smithi057.stdout:/usr/bin/ceph: stderr
2024-05-15T16:17:01.621+0000 7fe2b542f700 1 --2- 172.21.15.57:0/1146499389 >> [v2:172.21.15.57:3300/0,v1:172.21.15.57:6789/0] conn(0x7fe2b0105570 0x7fe2b0105990 unknown :-1 s=CLOSED pgs=43 cs=0 l=1 rev1=1 crypto rx=0 tx=0 comp rx=0 tx=0).stop
2024-05-15T16:17:02.420 INFO:teuthology.orchestra.run.smithi057.stdout:/usr/bin/ceph: stderr
2024-05-15T16:17:01.621+0000 7fe2b542f700 1 -- 172.21.15.57:0/1146499389 >> 172.21.15.57:0/1146499389 conn(0x7fe2b0100b10 msgr2=0x7fe2b0102f50 unknown :-1 s=STATE_NONE l=0).mark_down
2024-05-15T16:17:02.420 INFO:teuthology.orchestra.run.smithi057.stdout:/usr/bin/ceph: stderr
2024-05-15T16:17:01.621+0000 7fe2b542f700 1 -- 172.21.15.57:0/1146499389 shutdown_connections
2024-05-15T16:17:02.420 INFO:teuthology.orchestra.run.smithi057.stdout:/usr/bin/ceph: stderr
2024-05-15T16:17:01.621+0000 7fe2b542f700 1 -- 172.21.15.57:0/1146499389 wait complete.
2024-05-15T16:17:02.420 INFO:teuthology.orchestra.run.smithi057.stdout:/usr/bin/ceph: stderr
2024-05-15T16:17:01.621+0000 7fe2b542f700 1 Processor -- start
2024-05-15T16:17:02.420 INFO:teuthology.orchestra.run.smithi057.stdout:/usr/bin/ceph: stderr
2024-05-15T16:17:01.622+0000 7fe2b542f700 1 -- start start
2024-05-15T16:17:02.420 INFO:teuthology.orchestra.run.smithi057.stdout:/usr/bin/ceph: stderr
2024-05-15T16:17:01.622+0000 7fe2b542f700 1 --2- >> [v2:172.21.15.57:3300/0,v1:172.21.15.57:6789/0] conn(0x7fe2b0105570 0x7fe2b019a2b0 unknown :-1 s=NONE pgs=0 cs=0 l=1 rev1=0 crypto rx=0 tx=0 comp rx=0 tx=0).connect
2024-05-15T16:17:02.420 INFO:teuthology.orchestra.run.smithi057.stdout:/usr/bin/ceph: stderr
2024-05-15T16:17:01.622+0000 7fe2b542f700 1 -- --> [v2:172.21.15.57:3300/0,v1:172.21.15.57:6789/0] -- mon_getmap magic: 0 v1 -- 0x7fe2b019a7f0 con 0x7fe2b0105570
2024-05-15T16:17:02.420 INFO:teuthology.orchestra.run.smithi057.stdout:/usr/bin/ceph: stderr
2024-05-15T16:17:01.622+0000 7fe2aeffd700 1 --2- >> [v2:172.21.15.57:3300/0,v1:172.21.15.57:6789/0] conn(0x7fe2b0105570 0x7fe2b019a2b0 unknown :-1 s=BANNER_CONNECTING pgs=0 cs=0 l=1 rev1=0 crypto rx=0 tx=0 comp rx=0 tx=0)._handle_peer_banner_payload supported=3 required=0
2024-05-15T16:17:02.421 INFO:teuthology.orchestra.run.smithi057.stdout:/usr/bin/ceph: stderr
2024-05-15T16:17:01.622+0000 7fe2aeffd700 1 --2- >> [v2:172.21.15.57:3300/0,v1:172.21.15.57:6789/0] conn(0x7fe2b0105570 0x7fe2b019a2b0 unknown :-1 s=HELLO_CONNECTING pgs=0 cs=0 l=1 rev1=1 crypto rx=0 tx=0 comp rx=0 tx=0).handle_hello peer v2:172.21.15.57:3300/0 says I am v2:172.21.15.57:38856/0 (socket says 172.21.15.57:38856)
2024-05-15T16:17:02.421 INFO:teuthology.orchestra.run.smithi057.stdout:/usr/bin/ceph: stderr
2024-05-15T16:17:01.622+0000 7fe2aeffd700 1 -- 172.21.15.57:0/3625213963 learned_addr learned my addr 172.21.15.57:0/3625213963 (peer_addr_for_me v2:172.21.15.57:0/0)
2024-05-15T16:17:02.421 INFO:teuthology.orchestra.run.smithi057.stdout:/usr/bin/ceph: stderr
2024-05-15T16:17:01.622+0000 7fe2aeffd700 1 -- 172.21.15.57:0/3625213963 --> [v2:172.21.15.57:3300/0,v1:172.21.15.57:6789/0] -- mon_subscribe({config=0+,monmap=0+}) v3 -- 0x7fe2a0009b30 con 0x7fe2b0105570
2024-05-15T16:17:02.421 INFO:teuthology.orchestra.run.smithi057.stdout:/usr/bin/ceph: stderr
2024-05-15T16:17:01.622+0000 7fe2aeffd700 1 --2- 172.21.15.57:0/3625213963 >> [v2:172.21.15.57:3300/0,v1:172.21.15.57:6789/0] conn(0x7fe2b0105570 0x7fe2b019a2b0 secure :-1 s=READY pgs=44 cs=0 l=1 rev1=1 crypto rx=0x7fe2a00099e0 tx=0x7fe2a0003d00 comp rx=0 tx=0).ready entity=mon.0 client_cookie=0 server_cookie=0 in_seq=0 out_seq=0
2024-05-15T16:17:02.421 INFO:teuthology.orchestra.run.smithi057.stdout:/usr/bin/ceph: stderr
2024-05-15T16:17:01.622+0000 7fe2acff9700 1 -- 172.21.15.57:0/3625213963 <== mon.0 v2:172.21.15.57:3300/0 1 ==== mon_map magic: 0 v1 ==== 229+0+0 (secure 0 0 0) 0x7fe2a000e040 con 0x7fe2b0105570
2024-05-15T16:17:02.421 INFO:teuthology.orchestra.run.smithi057.stdout:/usr/bin/ceph: stderr
2024-05-15T16:17:01.622+0000 7fe2acff9700 1 -- 172.21.15.57:0/3625213963 <== mon.0 v2:172.21.15.57:3300/0 2 ==== config(27 keys) v1 ==== 1042+0+0 (secure 0 0 0) 0x7fe2a000bc40 con 0x7fe2b0105570
2024-05-15T16:17:02.421 INFO:teuthology.orchestra.run.smithi057.stdout:/usr/bin/ceph: stderr
2024-05-15T16:17:01.623+0000 7fe2b542f700 1 -- 172.21.15.57:0/3625213963 --> [v2:172.21.15.57:3300/0,v1:172.21.15.57:6789/0] -- mon_subscribe({mgrmap=0+}) v3 -- 0x7fe2b019a9f0 con 0x7fe2b0105570
2024-05-15T16:17:02.421 INFO:teuthology.orchestra.run.smithi057.stdout:/usr/bin/ceph: stderr
2024-05-15T16:17:01.623+0000 7fe2acff9700 1 -- 172.21.15.57:0/3625213963 <== mon.0 v2:172.21.15.57:3300/0 3 ==== mon_map magic: 0 v1 ==== 229+0+0 (secure 0 0 0) 0x7fe2a00125e0 con 0x7fe2b0105570
2024-05-15T16:17:02.421 INFO:teuthology.orchestra.run.smithi057.stdout:/usr/bin/ceph: stderr
2024-05-15T16:17:01.623+0000 7fe2b542f700 1 -- 172.21.15.57:0/3625213963 --> [v2:172.21.15.57:3300/0,v1:172.21.15.57:6789/0] -- mon_subscribe({osdmap=0}) v3 -- 0x7fe2b019aef0 con 0x7fe2b0105570
2024-05-15T16:17:02.421 INFO:teuthology.orchestra.run.smithi057.stdout:/usr/bin/ceph: stderr
2024-05-15T16:17:01.623+0000 7fe2acff9700 1 -- 172.21.15.57:0/3625213963 <== mon.0 v2:172.21.15.57:3300/0 4 ==== mgrmap(e 8) v1 ==== 45556+0+0 (secure 0 0 0) 0x7fe2a0019040 con 0x7fe2b0105570
2024-05-15T16:17:02.421 INFO:teuthology.orchestra.run.smithi057.stdout:/usr/bin/ceph: stderr
2024-05-15T16:17:01.624+0000 7fe2b542f700 1 -- 172.21.15.57:0/3625213963 --> [v2:172.21.15.57:3300/0,v1:172.21.15.57:6789/0] -- mon_command({"prefix": "get_command_descriptions"} v 0) v1 -- 0x7fe2b0194590 con 0x7fe2b0105570
2024-05-15T16:17:02.421 INFO:teuthology.orchestra.run.smithi057.stdout:/usr/bin/ceph: stderr
2024-05-15T16:17:01.624+0000 7fe2acff9700 1 --2- 172.21.15.57:0/3625213963 >> [v2:172.21.15.57:6800/3492049361,v1:172.21.15.57:6801/3492049361] conn(0x7fe290038810 0x7fe29003acd0 unknown :-1 s=NONE pgs=0 cs=0 l=1 rev1=0 crypto rx=0 tx=0 comp rx=0 tx=0).connect
2024-05-15T16:17:02.422 INFO:teuthology.orchestra.run.smithi057.stdout:/usr/bin/ceph: stderr
2024-05-15T16:17:01.624+0000 7fe2acff9700 1 -- 172.21.15.57:0/3625213963 <== mon.0 v2:172.21.15.57:3300/0 5 ==== osd_map(2..2 src has 1..2) v4 ==== 940+0+0 (secure 0 0 0) 0x7fe2a004c1c0 con 0x7fe2b0105570
2024-05-15T16:17:02.422 INFO:teuthology.orchestra.run.smithi057.stdout:/usr/bin/ceph: stderr
2024-05-15T16:17:01.624+0000 7fe29e7fc700 1 --2- 172.21.15.57:0/3625213963 >> [v2:172.21.15.57:6800/3492049361,v1:172.21.15.57:6801/3492049361] conn(0x7fe290038810 0x7fe29003acd0 unknown :-1 s=BANNER_CONNECTING pgs=0 cs=0 l=1 rev1=0 crypto rx=0 tx=0 comp rx=0 tx=0)._handle_peer_banner_payload supported=3 required=0
2024-05-15T16:17:02.422 INFO:teuthology.orchestra.run.smithi057.stdout:/usr/bin/ceph: stderr
2024-05-15T16:17:01.624+0000 7fe29e7fc700 1 --2- 172.21.15.57:0/3625213963 >> [v2:172.21.15.57:6800/3492049361,v1:172.21.15.57:6801/3492049361] conn(0x7fe290038810 0x7fe29003acd0 secure :-1 s=READY pgs=10 cs=0 l=1 rev1=1 crypto rx=0x7fe298006fd0 tx=0x7fe298006e40 comp rx=0 tx=0).ready entity=mgr.14120 client_cookie=0 server_cookie=0 in_seq=0 out_seq=0
2024-05-15T16:17:02.422 INFO:teuthology.orchestra.run.smithi057.stdout:/usr/bin/ceph: stderr
2024-05-15T16:17:01.629+0000 7fe2acff9700 1 -- 172.21.15.57:0/3625213963 <== mon.0 v2:172.21.15.57:3300/0 6 ==== mon_command_ack([{"prefix": "get_command_descriptions"}]=0 v0) v1 ==== 72+0+183622 (secure 0 0 0) 0x7fe2a0011750 con 0x7fe2b0105570
2024-05-15T16:17:02.422 INFO:teuthology.orchestra.run.smithi057.stdout:/usr/bin/ceph: stderr
2024-05-15T16:17:01.833+0000 7fe2b542f700 1 -- 172.21.15.57:0/3625213963 --> [v2:172.21.15.57:6800/3492049361,v1:172.21.15.57:6801/3492049361] -- mgr_command(tid 0: {"prefix": "cephadm get-pub-key", "target": ["mon-mgr", ""]}) v1 -- 0x7fe2b002cf90 con 0x7fe290038810
2024-05-15T16:17:02.422 INFO:teuthology.orchestra.run.smithi057.stdout:/usr/bin/ceph: stderr
2024-05-15T16:17:01.833+0000 7fe2acff9700 1 -- 172.21.15.57:0/3625213963 <== mgr.14120 v2:172.21.15.57:6800/3492049361 1 ==== mgr_command_reply(tid 0: 0 ) v1 ==== 8+0+595 (secure 0 0 0) 0x7fe2b002cf90 con 0x7fe290038810
2024-05-15T16:17:02.422 INFO:teuthology.orchestra.run.smithi057.stdout:/usr/bin/ceph: stderr
2024-05-15T16:17:01.835+0000 7fe2b542f700 1 -- 172.21.15.57:0/3625213963 >> [v2:172.21.15.57:6800/3492049361,v1:172.21.15.57:6801/3492049361] conn(0x7fe290038810 msgr2=0x7fe29003acd0 secure :-1 s=STATE_CONNECTION_ESTABLISHED l=1).mark_down
2024-05-15T16:17:02.422 INFO:teuthology.orchestra.run.smithi057.stdout:/usr/bin/ceph: stderr
2024-05-15T16:17:01.835+0000 7fe2b542f700 1 --2- 172.21.15.57:0/3625213963 >> [v2:172.21.15.57:6800/3492049361,v1:172.21.15.57:6801/3492049361] conn(0x7fe290038810 0x7fe29003acd0 secure :-1 s=READY pgs=10 cs=0 l=1 rev1=1 crypto rx=0x7fe298006fd0 tx=0x7fe298006e40 comp rx=0 tx=0).stop
2024-05-15T16:17:02.422 INFO:teuthology.orchestra.run.smithi057.stdout:/usr/bin/ceph: stderr
2024-05-15T16:17:01.835+0000 7fe2b542f700 1 -- 172.21.15.57:0/3625213963 >> [v2:172.21.15.57:3300/0,v1:172.21.15.57:6789/0] conn(0x7fe2b0105570 msgr2=0x7fe2b019a2b0 secure :-1 s=STATE_CONNECTION_ESTABLISHED l=1).mark_down
2024-05-15T16:17:02.422 INFO:teuthology.orchestra.run.smithi057.stdout:/usr/bin/ceph: stderr
2024-05-15T16:17:01.835+0000 7fe2b542f700 1 --2- 172.21.15.57:0/3625213963 >> [v2:172.21.15.57:3300/0,v1:172.21.15.57:6789/0] conn(0x7fe2b0105570 0x7fe2b019a2b0 secure :-1 s=READY pgs=44 cs=0 l=1 rev1=1 crypto rx=0x7fe2a00099e0 tx=0x7fe2a0003d00 comp rx=0 tx=0).stop
2024-05-15T16:17:02.422 INFO:teuthology.orchestra.run.smithi057.stdout:/usr/bin/ceph: stderr
2024-05-15T16:17:01.836+0000 7fe2b542f700 1 -- 172.21.15.57:0/3625213963 shutdown_connections
2024-05-15T16:17:02.423 INFO:teuthology.orchestra.run.smithi057.stdout:/usr/bin/ceph: stderr
2024-05-15T16:17:01.836+0000 7fe2b542f700 1 --2- 172.21.15.57:0/3625213963 >> [v2:172.21.15.57:6800/3492049361,v1:172.21.15.57:6801/3492049361] conn(0x7fe290038810 0x7fe29003acd0 unknown :-1 s=CLOSED pgs=10 cs=0 l=1 rev1=1 crypto rx=0 tx=0 comp rx=0 tx=0).stop
2024-05-15T16:17:02.423 INFO:teuthology.orchestra.run.smithi057.stdout:/usr/bin/ceph: stderr
2024-05-15T16:17:01.836+0000 7fe2b542f700 1 --2- 172.21.15.57:0/3625213963 >> [v2:172.21.15.57:3300/0,v1:172.21.15.57:6789/0] conn(0x7fe2b0105570 0x7fe2b019a2b0 unknown :-1 s=CLOSED pgs=44 cs=0 l=1 rev1=1 crypto rx=0 tx=0 comp rx=0 tx=0).stop
2024-05-15T16:17:02.423 INFO:teuthology.orchestra.run.smithi057.stdout:/usr/bin/ceph: stderr
2024-05-15T16:17:01.836+0000 7fe2b542f700 1 -- 172.21.15.57:0/3625213963 >> 172.21.15.57:0/3625213963 conn(0x7fe2b0100b10 msgr2=0x7fe2b01018f0 unknown :-1 s=STATE_NONE l=0).mark_down
2024-05-15T16:17:02.423 INFO:teuthology.orchestra.run.smithi057.stdout:/usr/bin/ceph: stderr
2024-05-15T16:17:01.836+0000 7fe2b542f700 1 -- 172.21.15.57:0/3625213963 shutdown_connections
2024-05-15T16:17:02.423 INFO:teuthology.orchestra.run.smithi057.stdout:/usr/bin/ceph: stderr
2024-05-15T16:17:01.836+0000 7fe2b542f700 1 -- 172.21.15.57:0/3625213963 wait complete.
2024-05-15T16:17:02.423 INFO:teuthology.orchestra.run.smithi057.stdout:Wrote public SSH key to /home/ubuntu/cephtest/ceph.pub
2024-05-15T16:17:02.423 INFO:teuthology.orchestra.run.smithi057.stdout:Adding key to root@localhost authorized_keys...
2024-05-15T16:17:02.423 INFO:teuthology.orchestra.run.smithi057.stdout:Adding host smithi057...
2024-05-15T16:17:02.812 INFO:journalctl@ceph.mon.smithi057.smithi057.stdout:May 15 16:17:02 smithi057 ceph-mon[28484]: from='client.14138 -' entity='client.admin' cmd=[{"prefix": "cephadm get-pub-key", "target": ["mon-mgr", ""]}]: dispatch
2024-05-15T16:17:04.460 INFO:journalctl@ceph.mon.smithi057.smithi057.stdout:May 15 16:17:03 smithi057 ceph-mon[28484]: from='client.14140 -' entity='client.admin' cmd=[{"prefix": "orch host add", "hostname": "smithi057", "addr": "172.21.15.57", "target": ["mon-mgr", ""]}]: dispatch
2024-05-15T16:17:04.460 INFO:journalctl@ceph.mon.smithi057.smithi057.stdout:May 15 16:17:03 smithi057 ceph-mon[28484]: Deploying cephadm binary to smithi057
2024-05-15T16:17:06.160 INFO:teuthology.orchestra.run.smithi057.stdout:/usr/bin/ceph: stdout Added host 'smithi057' with addr '172.21.15.57'
2024-05-15T16:17:06.160 INFO:teuthology.orchestra.run.smithi057.stdout:/usr/bin/ceph: stderr
2024-05-15T16:17:02.849+0000 7f7d405fe700 1 Processor -- start
2024-05-15T16:17:06.161 INFO:teuthology.orchestra.run.smithi057.stdout:/usr/bin/ceph: stderr
2024-05-15T16:17:02.849+0000 7f7d405fe700 1 -- start start
2024-05-15T16:17:06.161 INFO:teuthology.orchestra.run.smithi057.stdout:/usr/bin/ceph: stderr
2024-05-15T16:17:02.849+0000 7f7d405fe700 1 --2- >> [v2:172.21.15.57:3300/0,v1:172.21.15.57:6789/0] conn(0x7f7d38104980 0x7f7d38104da0 unknown :-1 s=NONE pgs=0 cs=0 l=0 rev1=0 crypto rx=0 tx=0 comp rx=0 tx=0).connect
2024-05-15T16:17:06.161 INFO:teuthology.orchestra.run.smithi057.stdout:/usr/bin/ceph: stderr
2024-05-15T16:17:02.849+0000 7f7d405fe700 1 -- --> [v2:172.21.15.57:3300/0,v1:172.21.15.57:6789/0] -- mon_getmap magic: 0 v1 -- 0x7f7d38105370 con 0x7f7d38104980
2024-05-15T16:17:06.161 INFO:teuthology.orchestra.run.smithi057.stdout:/usr/bin/ceph: stderr
2024-05-15T16:17:02.849+0000 7f7d3e39a700 1 --2- >> [v2:172.21.15.57:3300/0,v1:172.21.15.57:6789/0] conn(0x7f7d38104980 0x7f7d38104da0 unknown :-1 s=BANNER_CONNECTING pgs=0 cs=0 l=0 rev1=0 crypto rx=0 tx=0 comp rx=0 tx=0)._handle_peer_banner_payload supported=3 required=0
2024-05-15T16:17:06.161 INFO:teuthology.orchestra.run.smithi057.stdout:/usr/bin/ceph: stderr
2024-05-15T16:17:02.849+0000 7f7d3e39a700 1 --2- >> [v2:172.21.15.57:3300/0,v1:172.21.15.57:6789/0] conn(0x7f7d38104980 0x7f7d38104da0 unknown :-1 s=HELLO_CONNECTING pgs=0 cs=0 l=0 rev1=1 crypto rx=0 tx=0 comp rx=0 tx=0).handle_hello peer v2:172.21.15.57:3300/0 says I am v2:172.21.15.57:38872/0 (socket says 172.21.15.57:38872)
2024-05-15T16:17:06.161 INFO:teuthology.orchestra.run.smithi057.stdout:/usr/bin/ceph: stderr
2024-05-15T16:17:02.849+0000 7f7d3e39a700 1 -- 172.21.15.57:0/739970367 learned_addr learned my addr 172.21.15.57:0/739970367 (peer_addr_for_me v2:172.21.15.57:0/0)
2024-05-15T16:17:06.161 INFO:teuthology.orchestra.run.smithi057.stdout:/usr/bin/ceph: stderr
2024-05-15T16:17:02.850+0000 7f7d3e39a700 1 -- 172.21.15.57:0/739970367 --> [v2:172.21.15.57:3300/0,v1:172.21.15.57:6789/0] -- mon_subscribe({config=0+,monmap=0+}) v3 -- 0x7f7d381054b0 con 0x7f7d38104980
2024-05-15T16:17:06.161 INFO:teuthology.orchestra.run.smithi057.stdout:/usr/bin/ceph: stderr
2024-05-15T16:17:02.850+0000 7f7d3e39a700 1 --2- 172.21.15.57:0/739970367 >> [v2:172.21.15.57:3300/0,v1:172.21.15.57:6789/0] conn(0x7f7d38104980 0x7f7d38104da0 secure :-1 s=READY pgs=45 cs=0 l=1 rev1=1 crypto rx=0x7f7d340098a0 tx=0x7f7d34009bb0 comp rx=0 tx=0).ready entity=mon.0 client_cookie=547dfe2065777429 server_cookie=0 in_seq=0 out_seq=0
2024-05-15T16:17:06.161 INFO:teuthology.orchestra.run.smithi057.stdout:/usr/bin/ceph: stderr
2024-05-15T16:17:02.850+0000 7f7d3d398700 1 -- 172.21.15.57:0/739970367 <== mon.0 v2:172.21.15.57:3300/0 1 ==== mon_map magic: 0 v1 ==== 229+0+0 (secure 0 0 0) 0x7f7d34004180 con 0x7f7d38104980
2024-05-15T16:17:06.161 INFO:teuthology.orchestra.run.smithi057.stdout:/usr/bin/ceph: stderr
2024-05-15T16:17:02.850+0000 7f7d3d398700 1 -- 172.21.15.57:0/739970367 <== mon.0 v2:172.21.15.57:3300/0 2 ==== config(27 keys) v1 ==== 1042+0+0 (secure 0 0 0) 0x7f7d340042e0 con 0x7f7d38104980
2024-05-15T16:17:06.162 INFO:teuthology.orchestra.run.smithi057.stdout:/usr/bin/ceph: stderr
2024-05-15T16:17:02.850+0000 7f7d3d398700 1 -- 172.21.15.57:0/739970367 <== mon.0 v2:172.21.15.57:3300/0 3 ==== mon_map magic: 0 v1 ==== 229+0+0 (secure 0 0 0) 0x7f7d34011a70 con 0x7f7d38104980
2024-05-15T16:17:06.162 INFO:teuthology.orchestra.run.smithi057.stdout:/usr/bin/ceph: stderr
2024-05-15T16:17:02.851+0000 7f7d405fe700 1 -- 172.21.15.57:0/739970367 >> [v2:172.21.15.57:3300/0,v1:172.21.15.57:6789/0] conn(0x7f7d38104980 msgr2=0x7f7d38104da0 secure :-1 s=STATE_CONNECTION_ESTABLISHED l=1).mark_down
2024-05-15T16:17:06.162 INFO:teuthology.orchestra.run.smithi057.stdout:/usr/bin/ceph: stderr
2024-05-15T16:17:02.851+0000 7f7d405fe700 1 --2- 172.21.15.57:0/739970367 >> [v2:172.21.15.57:3300/0,v1:172.21.15.57:6789/0] conn(0x7f7d38104980 0x7f7d38104da0 secure :-1 s=READY pgs=45 cs=0 l=1 rev1=1 crypto rx=0x7f7d340098a0 tx=0x7f7d34009bb0 comp rx=0 tx=0).stop
2024-05-15T16:17:06.162 INFO:teuthology.orchestra.run.smithi057.stdout:/usr/bin/ceph: stderr
2024-05-15T16:17:02.851+0000 7f7d405fe700 1 -- 172.21.15.57:0/739970367 shutdown_connections
2024-05-15T16:17:06.162 INFO:teuthology.orchestra.run.smithi057.stdout:/usr/bin/ceph: stderr
2024-05-15T16:17:02.851+0000 7f7d405fe700 1 --2- 172.21.15.57:0/739970367 >> [v2:172.21.15.57:3300/0,v1:172.21.15.57:6789/0] conn(0x7f7d38104980 0x7f7d38104da0 unknown :-1 s=CLOSED pgs=45 cs=0 l=1 rev1=1 crypto rx=0 tx=0 comp rx=0 tx=0).stop
2024-05-15T16:17:06.162 INFO:teuthology.orchestra.run.smithi057.stdout:/usr/bin/ceph: stderr
2024-05-15T16:17:02.851+0000 7f7d405fe700 1 -- 172.21.15.57:0/739970367 >> 172.21.15.57:0/739970367 conn(0x7f7d381002a0 msgr2=0x7f7d38102720 unknown :-1 s=STATE_NONE l=0).mark_down
2024-05-15T16:17:06.162 INFO:teuthology.orchestra.run.smithi057.stdout:/usr/bin/ceph: stderr
2024-05-15T16:17:02.851+0000 7f7d405fe700 1 -- 172.21.15.57:0/739970367 shutdown_connections
2024-05-15T16:17:06.162 INFO:teuthology.orchestra.run.smithi057.stdout:/usr/bin/ceph: stderr
2024-05-15T16:17:02.851+0000 7f7d405fe700 1 -- 172.21.15.57:0/739970367 wait complete.
2024-05-15T16:17:06.162 INFO:teuthology.orchestra.run.smithi057.stdout:/usr/bin/ceph: stderr
2024-05-15T16:17:02.851+0000 7f7d405fe700 1 Processor -- start
2024-05-15T16:17:06.162 INFO:teuthology.orchestra.run.smithi057.stdout:/usr/bin/ceph: stderr
2024-05-15T16:17:02.852+0000 7f7d405fe700 1 -- start start
2024-05-15T16:17:06.162 INFO:teuthology.orchestra.run.smithi057.stdout:/usr/bin/ceph: stderr
2024-05-15T16:17:02.852+0000 7f7d405fe700 1 --2- >> [v2:172.21.15.57:3300/0,v1:172.21.15.57:6789/0] conn(0x7f7d38104980 0x7f7d3819a360 unknown :-1 s=NONE pgs=0 cs=0 l=1 rev1=0 crypto rx=0 tx=0 comp rx=0 tx=0).connect
2024-05-15T16:17:06.163 INFO:teuthology.orchestra.run.smithi057.stdout:/usr/bin/ceph: stderr
2024-05-15T16:17:02.852+0000 7f7d405fe700 1 -- --> [v2:172.21.15.57:3300/0,v1:172.21.15.57:6789/0] -- mon_getmap magic: 0 v1 -- 0x7f7d3819a8a0 con 0x7f7d38104980
2024-05-15T16:17:06.163 INFO:teuthology.orchestra.run.smithi057.stdout:/usr/bin/ceph: stderr
2024-05-15T16:17:02.852+0000 7f7d3e39a700 1 --2- >> [v2:172.21.15.57:3300/0,v1:172.21.15.57:6789/0] conn(0x7f7d38104980 0x7f7d3819a360 unknown :-1 s=BANNER_CONNECTING pgs=0 cs=0 l=1 rev1=0 crypto rx=0 tx=0 comp rx=0 tx=0)._handle_peer_banner_payload supported=3 required=0
2024-05-15T16:17:06.163 INFO:teuthology.orchestra.run.smithi057.stdout:/usr/bin/ceph: stderr
2024-05-15T16:17:02.852+0000 7f7d3e39a700 1 --2- >> [v2:172.21.15.57:3300/0,v1:172.21.15.57:6789/0] conn(0x7f7d38104980 0x7f7d3819a360 unknown :-1 s=HELLO_CONNECTING pgs=0 cs=0 l=1 rev1=1 crypto rx=0 tx=0 comp rx=0 tx=0).handle_hello peer v2:172.21.15.57:3300/0 says I am v2:172.21.15.57:38874/0 (socket says 172.21.15.57:38874)
2024-05-15T16:17:06.163 INFO:teuthology.orchestra.run.smithi057.stdout:/usr/bin/ceph: stderr
2024-05-15T16:17:02.852+0000 7f7d3e39a700 1 -- 172.21.15.57:0/1656491756 learned_addr learned my addr 172.21.15.57:0/1656491756 (peer_addr_for_me v2:172.21.15.57:0/0)
2024-05-15T16:17:06.163 INFO:teuthology.orchestra.run.smithi057.stdout:/usr/bin/ceph: stderr
2024-05-15T16:17:02.852+0000 7f7d3e39a700 1 -- 172.21.15.57:0/1656491756 --> [v2:172.21.15.57:3300/0,v1:172.21.15.57:6789/0] -- mon_subscribe({config=0+,monmap=0+}) v3 -- 0x7f7d34009550 con 0x7f7d38104980
2024-05-15T16:17:06.163 INFO:teuthology.orchestra.run.smithi057.stdout:/usr/bin/ceph: stderr
2024-05-15T16:17:02.852+0000 7f7d3e39a700 1 --2- 172.21.15.57:0/1656491756 >> [v2:172.21.15.57:3300/0,v1:172.21.15.57:6789/0] conn(0x7f7d38104980 0x7f7d3819a360 secure :-1 s=READY pgs=46 cs=0 l=1 rev1=1 crypto rx=0x7f7d34011710 tx=0x7f7d340047c0 comp rx=0 tx=0).ready entity=mon.0 client_cookie=0 server_cookie=0 in_seq=0 out_seq=0
2024-05-15T16:17:06.163 INFO:teuthology.orchestra.run.smithi057.stdout:/usr/bin/ceph: stderr
2024-05-15T16:17:02.852+0000 7f7d2f7fe700 1 -- 172.21.15.57:0/1656491756 <== mon.0 v2:172.21.15.57:3300/0 1 ==== mon_map magic: 0 v1 ==== 229+0+0 (secure 0 0 0) 0x7f7d34003b10 con 0x7f7d38104980
2024-05-15T16:17:06.163 INFO:teuthology.orchestra.run.smithi057.stdout:/usr/bin/ceph: stderr
2024-05-15T16:17:02.853+0000 7f7d2f7fe700 1 -- 172.21.15.57:0/1656491756 <== mon.0 v2:172.21.15.57:3300/0 2 ==== config(27 keys) v1 ==== 1042+0+0 (secure 0 0 0) 0x7f7d3401b8c0 con 0x7f7d38104980
2024-05-15T16:17:06.163 INFO:teuthology.orchestra.run.smithi057.stdout:/usr/bin/ceph: stderr
2024-05-15T16:17:02.853+0000 7f7d405fe700 1 -- 172.21.15.57:0/1656491756 --> [v2:172.21.15.57:3300/0,v1:172.21.15.57:6789/0] -- mon_subscribe({mgrmap=0+}) v3 -- 0x7f7d3819aaa0 con 0x7f7d38104980
2024-05-15T16:17:06.163 INFO:teuthology.orchestra.run.smithi057.stdout:/usr/bin/ceph: stderr
2024-05-15T16:17:02.853+0000 7f7d2f7fe700 1 -- 172.21.15.57:0/1656491756 <== mon.0 v2:172.21.15.57:3300/0 3 ==== mon_map magic: 0 v1 ==== 229+0+0 (secure 0 0 0) 0x7f7d34019770 con 0x7f7d38104980
2024-05-15T16:17:06.163 INFO:teuthology.orchestra.run.smithi057.stdout:/usr/bin/ceph: stderr
2024-05-15T16:17:02.853+0000 7f7d405fe700 1 -- 172.21.15.57:0/1656491756 --> [v2:172.21.15.57:3300/0,v1:172.21.15.57:6789/0] -- mon_subscribe({osdmap=0}) v3 -- 0x7f7d3819af40 con 0x7f7d38104980
2024-05-15T16:17:06.164 INFO:teuthology.orchestra.run.smithi057.stdout:/usr/bin/ceph: stderr
2024-05-15T16:17:02.853+0000 7f7d2f7fe700 1 -- 172.21.15.57:0/1656491756 <== mon.0 v2:172.21.15.57:3300/0 4 ==== mgrmap(e 8) v1 ==== 45556+0+0 (secure 0 0 0) 0x7f7d340199f0 con 0x7f7d38104980
2024-05-15T16:17:06.164 INFO:teuthology.orchestra.run.smithi057.stdout:/usr/bin/ceph: stderr
2024-05-15T16:17:02.854+0000 7f7d405fe700 1 -- 172.21.15.57:0/1656491756 --> [v2:172.21.15.57:3300/0,v1:172.21.15.57:6789/0] -- mon_command({"prefix": "get_command_descriptions"} v 0) v1 -- 0x7f7d38108630 con 0x7f7d38104980
2024-05-15T16:17:06.164 INFO:teuthology.orchestra.run.smithi057.stdout:/usr/bin/ceph: stderr
2024-05-15T16:17:02.854+0000 7f7d2f7fe700 1 --2- 172.21.15.57:0/1656491756 >> [v2:172.21.15.57:6800/3492049361,v1:172.21.15.57:6801/3492049361] conn(0x7f7d240387e0 0x7f7d2403aca0 unknown :-1 s=NONE pgs=0 cs=0 l=1 rev1=0 crypto rx=0 tx=0 comp rx=0 tx=0).connect
2024-05-15T16:17:06.164 INFO:teuthology.orchestra.run.smithi057.stdout:/usr/bin/ceph: stderr
2024-05-15T16:17:02.854+0000 7f7d2f7fe700 1 -- 172.21.15.57:0/1656491756 <== mon.0 v2:172.21.15.57:3300/0 5 ==== osd_map(2..2 src has 1..2) v4 ==== 940+0+0 (secure 0 0 0) 0x7f7d3404ca60 con 0x7f7d38104980
2024-05-15T16:17:06.164 INFO:teuthology.orchestra.run.smithi057.stdout:/usr/bin/ceph: stderr
2024-05-15T16:17:02.854+0000 7f7d3db99700 1 --2- 172.21.15.57:0/1656491756 >> [v2:172.21.15.57:6800/3492049361,v1:172.21.15.57:6801/3492049361] conn(0x7f7d240387e0 0x7f7d2403aca0 unknown :-1 s=BANNER_CONNECTING pgs=0 cs=0 l=1 rev1=0 crypto rx=0 tx=0 comp rx=0 tx=0)._handle_peer_banner_payload supported=3 required=0
2024-05-15T16:17:06.164 INFO:teuthology.orchestra.run.smithi057.stdout:/usr/bin/ceph: stderr
2024-05-15T16:17:02.854+0000 7f7d3db99700 1 --2- 172.21.15.57:0/1656491756 >> [v2:172.21.15.57:6800/3492049361,v1:172.21.15.57:6801/3492049361] conn(0x7f7d240387e0 0x7f7d2403aca0 secure :-1 s=READY pgs=11 cs=0 l=1 rev1=1 crypto rx=0x7f7d28006fd0 tx=0x7f7d28006e40 comp rx=0 tx=0).ready entity=mgr.14120 client_cookie=0 server_cookie=0 in_seq=0 out_seq=0
2024-05-15T16:17:06.164 INFO:teuthology.orchestra.run.smithi057.stdout:/usr/bin/ceph: stderr
2024-05-15T16:17:02.859+0000 7f7d2f7fe700 1 -- 172.21.15.57:0/1656491756 <== mon.0 v2:172.21.15.57:3300/0 6 ==== mon_command_ack([{"prefix": "get_command_descriptions"}]=0 v0) v1 ==== 72+0+183622 (secure 0 0 0) 0x7f7d34018530 con 0x7f7d38104980
2024-05-15T16:17:06.164 INFO:teuthology.orchestra.run.smithi057.stdout:/usr/bin/ceph: stderr
2024-05-15T16:17:03.066+0000 7f7d405fe700 1 -- 172.21.15.57:0/1656491756 --> [v2:172.21.15.57:6800/3492049361,v1:172.21.15.57:6801/3492049361] -- mgr_command(tid 0: {"prefix": "orch host add", "hostname": "smithi057", "addr": "172.21.15.57", "target": ["mon-mgr", ""]}) v1 -- 0x7f7d3819d890 con 0x7f7d240387e0
2024-05-15T16:17:06.164 INFO:teuthology.orchestra.run.smithi057.stdout:/usr/bin/ceph: stderr
2024-05-15T16:17:05.608+0000 7f7d2f7fe700 1 -- 172.21.15.57:0/1656491756 <== mgr.14120 v2:172.21.15.57:6800/3492049361 1 ==== mgr_command_reply(tid 0: 0 ) v1 ==== 8+0+48 (secure 0 0 0) 0x7f7d3819d890 con 0x7f7d240387e0
2024-05-15T16:17:06.164 INFO:teuthology.orchestra.run.smithi057.stdout:/usr/bin/ceph: stderr
2024-05-15T16:17:05.611+0000 7f7d405fe700 1 -- 172.21.15.57:0/1656491756 >> [v2:172.21.15.57:6800/3492049361,v1:172.21.15.57:6801/3492049361] conn(0x7f7d240387e0 msgr2=0x7f7d2403aca0 secure :-1 s=STATE_CONNECTION_ESTABLISHED l=1).mark_down
2024-05-15T16:17:06.164 INFO:teuthology.orchestra.run.smithi057.stdout:/usr/bin/ceph: stderr
2024-05-15T16:17:05.611+0000 7f7d405fe700 1 --2- 172.21.15.57:0/1656491756 >> [v2:172.21.15.57:6800/3492049361,v1:172.21.15.57:6801/3492049361] conn(0x7f7d240387e0 0x7f7d2403aca0 secure :-1 s=READY pgs=11 cs=0 l=1 rev1=1 crypto rx=0x7f7d28006fd0 tx=0x7f7d28006e40 comp rx=0 tx=0).stop
2024-05-15T16:17:06.165 INFO:teuthology.orchestra.run.smithi057.stdout:/usr/bin/ceph: stderr
2024-05-15T16:17:05.611+0000 7f7d405fe700 1 -- 172.21.15.57:0/1656491756 >> [v2:172.21.15.57:3300/0,v1:172.21.15.57:6789/0] conn(0x7f7d38104980 msgr2=0x7f7d3819a360 secure :-1 s=STATE_CONNECTION_ESTABLISHED l=1).mark_down
2024-05-15T16:17:06.165 INFO:teuthology.orchestra.run.smithi057.stdout:/usr/bin/ceph: stderr
2024-05-15T16:17:05.611+0000 7f7d405fe700 1 --2- 172.21.15.57:0/1656491756 >> [v2:172.21.15.57:3300/0,v1:172.21.15.57:6789/0] conn(0x7f7d38104980 0x7f7d3819a360 secure :-1 s=READY pgs=46 cs=0 l=1 rev1=1 crypto rx=0x7f7d34011710 tx=0x7f7d340047c0 comp rx=0 tx=0).stop
2024-05-15T16:17:06.165 INFO:teuthology.orchestra.run.smithi057.stdout:/usr/bin/ceph: stderr
2024-05-15T16:17:05.611+0000 7f7d405fe700 1 -- 172.21.15.57:0/1656491756 shutdown_connections
2024-05-15T16:17:06.165 INFO:teuthology.orchestra.run.smithi057.stdout:/usr/bin/ceph: stderr
2024-05-15T16:17:05.611+0000 7f7d405fe700 1 --2- 172.21.15.57:0/1656491756 >> [v2:172.21.15.57:6800/3492049361,v1:172.21.15.57:6801/3492049361] conn(0x7f7d240387e0 0x7f7d2403aca0 unknown :-1 s=CLOSED pgs=11 cs=0 l=1 rev1=1 crypto rx=0 tx=0 comp rx=0 tx=0).stop
2024-05-15T16:17:06.165 INFO:teuthology.orchestra.run.smithi057.stdout:/usr/bin/ceph: stderr
2024-05-15T16:17:05.611+0000 7f7d405fe700 1 --2- 172.21.15.57:0/1656491756 >> [v2:172.21.15.57:3300/0,v1:172.21.15.57:6789/0] conn(0x7f7d38104980 0x7f7d3819a360 unknown :-1 s=CLOSED pgs=46 cs=0 l=1 rev1=1 crypto rx=0 tx=0 comp rx=0 tx=0).stop
2024-05-15T16:17:06.165 INFO:teuthology.orchestra.run.smithi057.stdout:/usr/bin/ceph: stderr
2024-05-15T16:17:05.611+0000 7f7d405fe700 1 -- 172.21.15.57:0/1656491756 >> 172.21.15.57:0/1656491756 conn(0x7f7d381002a0 msgr2=0x7f7d38100de0 unknown :-1 s=STATE_NONE l=0).mark_down
2024-05-15T16:17:06.165 INFO:teuthology.orchestra.run.smithi057.stdout:/usr/bin/ceph: stderr
2024-05-15T16:17:05.611+0000 7f7d405fe700 1 -- 172.21.15.57:0/1656491756 shutdown_connections
2024-05-15T16:17:06.165 INFO:teuthology.orchestra.run.smithi057.stdout:/usr/bin/ceph: stderr
2024-05-15T16:17:05.611+0000 7f7d405fe700 1 -- 172.21.15.57:0/1656491756 wait complete.
2024-05-15T16:17:06.165 INFO:teuthology.orchestra.run.smithi057.stdout:Deploying mon service with default placement...
2024-05-15T16:17:06.811 INFO:journalctl@ceph.mon.smithi057.smithi057.stdout:May 15 16:17:06 smithi057 ceph-mon[28484]: from='mgr.14120 172.21.15.57:0/258860523' entity='mgr.smithi057.txnkkr'
2024-05-15T16:17:06.811 INFO:journalctl@ceph.mon.smithi057.smithi057.stdout:May 15 16:17:06 smithi057 ceph-mon[28484]: Added host smithi057
2024-05-15T16:17:06.811 INFO:journalctl@ceph.mon.smithi057.smithi057.stdout:May 15 16:17:06 smithi057 ceph-mon[28484]: from='mgr.14120 172.21.15.57:0/258860523' entity='mgr.smithi057.txnkkr' cmd=[{"prefix": "config dump", "format": "json"}]: dispatch
2024-05-15T16:17:07.871 INFO:journalctl@ceph.mon.smithi057.smithi057.stdout:May 15 16:17:07 smithi057 ceph-mon[28484]: from='client.14142 -' entity='client.admin' cmd=[{"prefix": "orch apply", "service_type": "mon", "target": ["mon-mgr", ""]}]: dispatch
2024-05-15T16:17:07.871 INFO:journalctl@ceph.mon.smithi057.smithi057.stdout:May 15 16:17:07 smithi057 ceph-mon[28484]: Saving service mon spec with placement count:5
2024-05-15T16:17:07.871 INFO:journalctl@ceph.mon.smithi057.smithi057.stdout:May 15 16:17:07 smithi057 ceph-mon[28484]: from='mgr.14120 172.21.15.57:0/258860523' entity='mgr.smithi057.txnkkr'
2024-05-15T16:17:08.323 INFO:teuthology.orchestra.run.smithi057.stdout:/usr/bin/ceph: stdout Scheduled mon update...
2024-05-15T16:17:08.323 INFO:teuthology.orchestra.run.smithi057.stdout:/usr/bin/ceph: stderr
2024-05-15T16:17:06.603+0000 7fa932ae5700 1 Processor -- start
2024-05-15T16:17:08.323 INFO:teuthology.orchestra.run.smithi057.stdout:/usr/bin/ceph: stderr
2024-05-15T16:17:06.603+0000 7fa932ae5700 1 -- start start
2024-05-15T16:17:08.323 INFO:teuthology.orchestra.run.smithi057.stdout:/usr/bin/ceph: stderr
2024-05-15T16:17:06.603+0000 7fa932ae5700 1 --2- >> [v2:172.21.15.57:3300/0,v1:172.21.15.57:6789/0] conn(0x7fa92c107170 0x7fa92c109560 unknown :-1 s=NONE pgs=0 cs=0 l=0 rev1=0 crypto rx=0 tx=0 comp rx=0 tx=0).connect
2024-05-15T16:17:08.323 INFO:teuthology.orchestra.run.smithi057.stdout:/usr/bin/ceph: stderr
2024-05-15T16:17:06.603+0000 7fa932ae5700 1 -- --> [v2:172.21.15.57:3300/0,v1:172.21.15.57:6789/0] -- mon_getmap magic: 0 v1 -- 0x7fa92c079e40 con 0x7fa92c107170
2024-05-15T16:17:08.323 INFO:teuthology.orchestra.run.smithi057.stdout:/usr/bin/ceph: stderr
2024-05-15T16:17:06.603+0000 7fa930881700 1 --2- >> [v2:172.21.15.57:3300/0,v1:172.21.15.57:6789/0] conn(0x7fa92c107170 0x7fa92c109560 unknown :-1 s=BANNER_CONNECTING pgs=0 cs=0 l=0 rev1=0 crypto rx=0 tx=0 comp rx=0 tx=0)._handle_peer_banner_payload supported=3 required=0
2024-05-15T16:17:08.324 INFO:teuthology.orchestra.run.smithi057.stdout:/usr/bin/ceph: stderr
2024-05-15T16:17:06.603+0000 7fa930881700 1 --2- >> [v2:172.21.15.57:3300/0,v1:172.21.15.57:6789/0] conn(0x7fa92c107170 0x7fa92c109560 unknown :-1 s=HELLO_CONNECTING pgs=0 cs=0 l=0 rev1=1 crypto rx=0 tx=0 comp rx=0 tx=0).handle_hello peer v2:172.21.15.57:3300/0 says I am v2:172.21.15.57:38878/0 (socket says 172.21.15.57:38878)
2024-05-15T16:17:08.324 INFO:teuthology.orchestra.run.smithi057.stdout:/usr/bin/ceph: stderr
2024-05-15T16:17:06.603+0000 7fa930881700 1 -- 172.21.15.57:0/1338043040 learned_addr learned my addr 172.21.15.57:0/1338043040 (peer_addr_for_me v2:172.21.15.57:0/0)
2024-05-15T16:17:08.324 INFO:teuthology.orchestra.run.smithi057.stdout:/usr/bin/ceph: stderr
2024-05-15T16:17:06.604+0000 7fa930881700 1 -- 172.21.15.57:0/1338043040 --> [v2:172.21.15.57:3300/0,v1:172.21.15.57:6789/0] -- mon_subscribe({config=0+,monmap=0+}) v3 -- 0x7fa92c109aa0 con 0x7fa92c107170
2024-05-15T16:17:08.324 INFO:teuthology.orchestra.run.smithi057.stdout:/usr/bin/ceph: stderr
2024-05-15T16:17:06.604+0000 7fa930881700 1 --2- 172.21.15.57:0/1338043040 >> [v2:172.21.15.57:3300/0,v1:172.21.15.57:6789/0] conn(0x7fa92c107170 0x7fa92c109560 secure :-1 s=READY pgs=47 cs=0 l=1 rev1=1 crypto rx=0x7fa9200098a0 tx=0x7fa920009bb0 comp rx=0 tx=0).ready entity=mon.0 client_cookie=7b4b3e8924c236f6 server_cookie=0 in_seq=0 out_seq=0
2024-05-15T16:17:08.324 INFO:teuthology.orchestra.run.smithi057.stdout:/usr/bin/ceph: stderr
2024-05-15T16:17:06.604+0000 7fa92b7fe700 1 -- 172.21.15.57:0/1338043040 <== mon.0 v2:172.21.15.57:3300/0 1 ==== mon_map magic: 0 v1 ==== 229+0+0 (secure 0 0 0) 0x7fa920004180 con 0x7fa92c107170
2024-05-15T16:17:08.324 INFO:teuthology.orchestra.run.smithi057.stdout:/usr/bin/ceph: stderr
2024-05-15T16:17:06.604+0000 7fa92b7fe700 1 -- 172.21.15.57:0/1338043040 <== mon.0 v2:172.21.15.57:3300/0 2 ==== config(27 keys) v1 ==== 1042+0+0 (secure 0 0 0) 0x7fa9200042e0 con 0x7fa92c107170
2024-05-15T16:17:08.324 INFO:teuthology.orchestra.run.smithi057.stdout:/usr/bin/ceph: stderr
2024-05-15T16:17:06.604+0000 7fa92b7fe700 1 -- 172.21.15.57:0/1338043040 <== mon.0 v2:172.21.15.57:3300/0 3 ==== mon_map magic: 0 v1 ==== 229+0+0 (secure 0 0 0) 0x7fa920011a70 con 0x7fa92c107170
2024-05-15T16:17:08.324 INFO:teuthology.orchestra.run.smithi057.stdout:/usr/bin/ceph: stderr
2024-05-15T16:17:06.605+0000 7fa932ae5700 1 -- 172.21.15.57:0/1338043040 >> [v2:172.21.15.57:3300/0,v1:172.21.15.57:6789/0] conn(0x7fa92c107170 msgr2=0x7fa92c109560 secure :-1 s=STATE_CONNECTION_ESTABLISHED l=1).mark_down
2024-05-15T16:17:08.324 INFO:teuthology.orchestra.run.smithi057.stdout:/usr/bin/ceph: stderr
2024-05-15T16:17:06.605+0000 7fa932ae5700 1 --2- 172.21.15.57:0/1338043040 >> [v2:172.21.15.57:3300/0,v1:172.21.15.57:6789/0] conn(0x7fa92c107170 0x7fa92c109560 secure :-1 s=READY pgs=47 cs=0 l=1 rev1=1 crypto rx=0x7fa9200098a0 tx=0x7fa920009bb0 comp rx=0 tx=0).stop
2024-05-15T16:17:08.324 INFO:teuthology.orchestra.run.smithi057.stdout:/usr/bin/ceph: stderr
2024-05-15T16:17:06.605+0000 7fa932ae5700 1 -- 172.21.15.57:0/1338043040 shutdown_connections
2024-05-15T16:17:08.324 INFO:teuthology.orchestra.run.smithi057.stdout:/usr/bin/ceph: stderr
2024-05-15T16:17:06.605+0000 7fa932ae5700 1 --2- 172.21.15.57:0/1338043040 >> [v2:172.21.15.57:3300/0,v1:172.21.15.57:6789/0] conn(0x7fa92c107170 0x7fa92c109560 unknown :-1 s=CLOSED pgs=47 cs=0 l=1 rev1=1 crypto rx=0 tx=0 comp rx=0 tx=0).stop
2024-05-15T16:17:08.324 INFO:teuthology.orchestra.run.smithi057.stdout:/usr/bin/ceph: stderr
2024-05-15T16:17:06.605+0000 7fa932ae5700 1 -- 172.21.15.57:0/1338043040 >> 172.21.15.57:0/1338043040 conn(0x7fa92c100b60 msgr2=0x7fa92c102f80 unknown :-1 s=STATE_NONE l=0).mark_down
2024-05-15T16:17:08.324 INFO:teuthology.orchestra.run.smithi057.stdout:/usr/bin/ceph: stderr
2024-05-15T16:17:06.605+0000 7fa932ae5700 1 -- 172.21.15.57:0/1338043040 shutdown_connections
2024-05-15T16:17:08.324 INFO:teuthology.orchestra.run.smithi057.stdout:/usr/bin/ceph: stderr
2024-05-15T16:17:06.605+0000 7fa932ae5700 1 -- 172.21.15.57:0/1338043040 wait complete.
2024-05-15T16:17:08.325 INFO:teuthology.orchestra.run.smithi057.stdout:/usr/bin/ceph: stderr
2024-05-15T16:17:06.605+0000 7fa932ae5700 1 Processor -- start
2024-05-15T16:17:08.325 INFO:teuthology.orchestra.run.smithi057.stdout:/usr/bin/ceph: stderr
2024-05-15T16:17:06.605+0000 7fa932ae5700 1 -- start start
2024-05-15T16:17:08.325 INFO:teuthology.orchestra.run.smithi057.stdout:/usr/bin/ceph: stderr
2024-05-15T16:17:06.606+0000 7fa932ae5700 1 --2- >> [v2:172.21.15.57:3300/0,v1:172.21.15.57:6789/0] conn(0x7fa92c107170 0x7fa92c19a2e0 unknown :-1 s=NONE pgs=0 cs=0 l=1 rev1=0 crypto rx=0 tx=0 comp rx=0 tx=0).connect
2024-05-15T16:17:08.325 INFO:teuthology.orchestra.run.smithi057.stdout:/usr/bin/ceph: stderr
2024-05-15T16:17:06.606+0000 7fa932ae5700 1 -- --> [v2:172.21.15.57:3300/0,v1:172.21.15.57:6789/0] -- mon_getmap magic: 0 v1 -- 0x7fa92c19a820 con 0x7fa92c107170
2024-05-15T16:17:08.325 INFO:teuthology.orchestra.run.smithi057.stdout:/usr/bin/ceph: stderr
2024-05-15T16:17:06.606+0000 7fa930881700 1 --2- >> [v2:172.21.15.57:3300/0,v1:172.21.15.57:6789/0] conn(0x7fa92c107170 0x7fa92c19a2e0 unknown :-1 s=BANNER_CONNECTING pgs=0 cs=0 l=1 rev1=0 crypto rx=0 tx=0 comp rx=0 tx=0)._handle_peer_banner_payload supported=3 required=0
2024-05-15T16:17:08.325 INFO:teuthology.orchestra.run.smithi057.stdout:/usr/bin/ceph: stderr
2024-05-15T16:17:06.606+0000 7fa930881700 1 --2- >> [v2:172.21.15.57:3300/0,v1:172.21.15.57:6789/0] conn(0x7fa92c107170 0x7fa92c19a2e0 unknown :-1 s=HELLO_CONNECTING pgs=0 cs=0 l=1 rev1=1 crypto rx=0 tx=0 comp rx=0 tx=0).handle_hello peer v2:172.21.15.57:3300/0 says I am v2:172.21.15.57:38884/0 (socket says 172.21.15.57:38884)
2024-05-15T16:17:08.325 INFO:teuthology.orchestra.run.smithi057.stdout:/usr/bin/ceph: stderr
2024-05-15T16:17:06.606+0000 7fa930881700 1 -- 172.21.15.57:0/34234982 learned_addr learned my addr 172.21.15.57:0/34234982 (peer_addr_for_me v2:172.21.15.57:0/0)
2024-05-15T16:17:08.325 INFO:teuthology.orchestra.run.smithi057.stdout:/usr/bin/ceph: stderr
2024-05-15T16:17:06.606+0000 7fa930881700 1 -- 172.21.15.57:0/34234982 --> [v2:172.21.15.57:3300/0,v1:172.21.15.57:6789/0] -- mon_subscribe({config=0+,monmap=0+}) v3 -- 0x7fa920009550 con 0x7fa92c107170
2024-05-15T16:17:08.325 INFO:teuthology.orchestra.run.smithi057.stdout:/usr/bin/ceph: stderr
2024-05-15T16:17:06.606+0000 7fa930881700 1 --2- 172.21.15.57:0/34234982 >> [v2:172.21.15.57:3300/0,v1:172.21.15.57:6789/0] conn(0x7fa92c107170 0x7fa92c19a2e0 secure :-1 s=READY pgs=48 cs=0 l=1 rev1=1 crypto rx=0x7fa920011a20 tx=0x7fa9200047c0 comp rx=0 tx=0).ready entity=mon.0 client_cookie=0 server_cookie=0 in_seq=0 out_seq=0
2024-05-15T16:17:08.325 INFO:teuthology.orchestra.run.smithi057.stdout:/usr/bin/ceph: stderr
2024-05-15T16:17:06.610+0000 7fa929ffb700 1 -- 172.21.15.57:0/34234982 <== mon.0 v2:172.21.15.57:3300/0 1 ==== mon_map magic: 0 v1 ==== 229+0+0 (secure 0 0 0) 0x7fa920003b10 con 0x7fa92c107170
2024-05-15T16:17:08.325 INFO:teuthology.orchestra.run.smithi057.stdout:/usr/bin/ceph: stderr
