2024-07-03T15:35:15.977 INFO:teuthology.orchestra.run.smithi028.stdout:/usr/bin/ceph: stderr
2024-07-03T15:35:15.153+0000 7f7191ffb640 1 --2- 172.21.15.28:0/1548356589 >> [v2:172.21.15.28:6800/1358048352,v1:172.21.15.28:6801/1358048352] conn(0x7f7188035730 0x7f7188037be0 unknown :-1 s=NONE pgs=0 cs=0 l=1 rev1=0 crypto rx=0 tx=0 comp rx=0 tx=0).connect
2024-07-03T15:35:15.978 INFO:teuthology.orchestra.run.smithi028.stdout:/usr/bin/ceph: stderr
2024-07-03T15:35:15.153+0000 7f71a3792640 1 -- 172.21.15.28:0/1548356589 --> [v2:172.21.15.28:3300/0,v1:172.21.15.28:6789/0] -- mon_command({"prefix": "get_command_descriptions"} v 0) v1 -- 0x7f719c04b530 con 0x7f719c075c00
2024-07-03T15:35:15.978 INFO:teuthology.orchestra.run.smithi028.stdout:/usr/bin/ceph: stderr
2024-07-03T15:35:15.153+0000 7f7191ffb640 1 -- 172.21.15.28:0/1548356589 <== mon.0 v2:172.21.15.28:3300/0 5 ==== osd_map(1..1 src has 1..1) v4 ==== 721+0+0 (secure 0 0 0) 0x7f71980685e0 con 0x7f719c075c00
2024-07-03T15:35:15.978 INFO:teuthology.orchestra.run.smithi028.stdout:/usr/bin/ceph: stderr
2024-07-03T15:35:15.153+0000 7f71a0d2d640 1 --2- 172.21.15.28:0/1548356589 >> [v2:172.21.15.28:6800/1358048352,v1:172.21.15.28:6801/1358048352] conn(0x7f7188035730 0x7f7188037be0 unknown :-1 s=BANNER_CONNECTING pgs=0 cs=0 l=1 rev1=0 crypto rx=0 tx=0 comp rx=0 tx=0)._handle_peer_banner_payload supported=3 required=0
2024-07-03T15:35:15.978 INFO:teuthology.orchestra.run.smithi028.stdout:/usr/bin/ceph: stderr
2024-07-03T15:35:15.154+0000 7f71a0d2d640 1 --2- 172.21.15.28:0/1548356589 >> [v2:172.21.15.28:6800/1358048352,v1:172.21.15.28:6801/1358048352] conn(0x7f7188035730 0x7f7188037be0 secure :-1 s=READY pgs=6 cs=0 l=1 rev1=1 crypto rx=0x7f718c006fd0 tx=0x7f718c006db0 comp rx=0 tx=0).ready entity=mgr.14100 client_cookie=0 server_cookie=0 in_seq=0 out_seq=0
2024-07-03T15:35:15.978 INFO:teuthology.orchestra.run.smithi028.stdout:/usr/bin/ceph: stderr
2024-07-03T15:35:15.158+0000 7f7191ffb640 1 -- 172.21.15.28:0/1548356589 <== mon.0 v2:172.21.15.28:3300/0 6 ==== mon_command_ack([{"prefix": "get_command_descriptions"}]=0 v0) v1 ==== 72+0+176702 (secure 0 0 0) 0x7f7198046400 con 0x7f719c075c00
2024-07-03T15:35:15.978 INFO:teuthology.orchestra.run.smithi028.stdout:/usr/bin/ceph: stderr
2024-07-03T15:35:15.398+0000 7f71a3792640 1 -- 172.21.15.28:0/1548356589 --> [v2:172.21.15.28:3300/0,v1:172.21.15.28:6789/0] -- mon_command({"prefix": "status", "format": "json-pretty"} v 0) v1 -- 0x7f719c105dd0 con 0x7f719c075c00
2024-07-03T15:35:15.978 INFO:teuthology.orchestra.run.smithi028.stdout:/usr/bin/ceph: stderr
2024-07-03T15:35:15.398+0000 7f7191ffb640 1 -- 172.21.15.28:0/1548356589 <== mon.0 v2:172.21.15.28:3300/0 7 ==== mon_command_ack([{"prefix": "status", "format": "json-pretty"}]=0 v0) v1 ==== 79+0+1248 (secure 0 0 0) 0x7f7198041030 con 0x7f719c075c00
2024-07-03T15:35:15.978 INFO:teuthology.orchestra.run.smithi028.stdout:/usr/bin/ceph: stderr
2024-07-03T15:35:15.401+0000 7f71a3792640 1 -- 172.21.15.28:0/1548356589 >> [v2:172.21.15.28:6800/1358048352,v1:172.21.15.28:6801/1358048352] conn(0x7f7188035730 msgr2=0x7f7188037be0 secure :-1 s=STATE_CONNECTION_ESTABLISHED l=1).mark_down
2024-07-03T15:35:15.978 INFO:teuthology.orchestra.run.smithi028.stdout:/usr/bin/ceph: stderr
2024-07-03T15:35:15.401+0000 7f71a3792640 1 --2- 172.21.15.28:0/1548356589 >> [v2:172.21.15.28:6800/1358048352,v1:172.21.15.28:6801/1358048352] conn(0x7f7188035730 0x7f7188037be0 secure :-1 s=READY pgs=6 cs=0 l=1 rev1=1 crypto rx=0x7f718c006fd0 tx=0x7f718c006db0 comp rx=0 tx=0).stop
2024-07-03T15:35:15.978 INFO:teuthology.orchestra.run.smithi028.stdout:/usr/bin/ceph: stderr
2024-07-03T15:35:15.401+0000 7f71a3792640 1 -- 172.21.15.28:0/1548356589 >> [v2:172.21.15.28:3300/0,v1:172.21.15.28:6789/0] conn(0x7f719c075c00 msgr2=0x7f719c102300 secure :-1 s=STATE_CONNECTION_ESTABLISHED l=1).mark_down
2024-07-03T15:35:15.978 INFO:teuthology.orchestra.run.smithi028.stdout:/usr/bin/ceph: stderr
2024-07-03T15:35:15.401+0000 7f71a3792640 1 --2- 172.21.15.28:0/1548356589 >> [v2:172.21.15.28:3300/0,v1:172.21.15.28:6789/0] conn(0x7f719c075c00 0x7f719c102300 secure :-1 s=READY pgs=17 cs=0 l=1 rev1=1 crypto rx=0x7f7198031b90 tx=0x7f7198008040 comp rx=0 tx=0).stop
2024-07-03T15:35:15.978 INFO:teuthology.orchestra.run.smithi028.stdout:/usr/bin/ceph: stderr
2024-07-03T15:35:15.401+0000 7f71a3792640 1 -- 172.21.15.28:0/1548356589 shutdown_connections
2024-07-03T15:35:15.979 INFO:teuthology.orchestra.run.smithi028.stdout:/usr/bin/ceph: stderr
2024-07-03T15:35:15.401+0000 7f71a3792640 1 --2- 172.21.15.28:0/1548356589 >> [v2:172.21.15.28:6800/1358048352,v1:172.21.15.28:6801/1358048352] conn(0x7f7188035730 0x7f7188037be0 unknown :-1 s=CLOSED pgs=6 cs=0 l=1 rev1=1 crypto rx=0 tx=0 comp rx=0 tx=0).stop
2024-07-03T15:35:15.979 INFO:teuthology.orchestra.run.smithi028.stdout:/usr/bin/ceph: stderr
2024-07-03T15:35:15.401+0000 7f71a3792640 1 --2- 172.21.15.28:0/1548356589 >> [v2:172.21.15.28:3300/0,v1:172.21.15.28:6789/0] conn(0x7f719c075c00 0x7f719c102300 unknown :-1 s=CLOSED pgs=17 cs=0 l=1 rev1=1 crypto rx=0 tx=0 comp rx=0 tx=0).stop
2024-07-03T15:35:15.979 INFO:teuthology.orchestra.run.smithi028.stdout:/usr/bin/ceph: stderr
2024-07-03T15:35:15.401+0000 7f71a3792640 1 -- 172.21.15.28:0/1548356589 >> 172.21.15.28:0/1548356589 conn(0x7f719c0fc520 msgr2=0x7f719c0fcf50 unknown :-1 s=STATE_NONE l=0).mark_down
2024-07-03T15:35:15.979 INFO:teuthology.orchestra.run.smithi028.stdout:/usr/bin/ceph: stderr
2024-07-03T15:35:15.401+0000 7f71a3792640 1 -- 172.21.15.28:0/1548356589 shutdown_connections
2024-07-03T15:35:15.979 INFO:teuthology.orchestra.run.smithi028.stdout:/usr/bin/ceph: stderr
2024-07-03T15:35:15.401+0000 7f71a3792640 1 -- 172.21.15.28:0/1548356589 wait complete.
2024-07-03T15:35:15.979 INFO:teuthology.orchestra.run.smithi028.stdout:mgr is available
2024-07-03T15:35:16.870 INFO:journalctl@ceph.mon.smithi028.smithi028.stdout:Jul 03 15:35:16 smithi028 ceph-mon[29148]: from='client.? 172.21.15.28:0/4231324912' entity='client.admin' cmd=[{"prefix": "config assimilate-conf"}]: dispatch
2024-07-03T15:35:17.189 INFO:teuthology.orchestra.run.smithi028.stdout:/usr/bin/ceph: stdout
2024-07-03T15:35:17.189 INFO:teuthology.orchestra.run.smithi028.stdout:/usr/bin/ceph: stdout [global]
2024-07-03T15:35:17.189 INFO:teuthology.orchestra.run.smithi028.stdout:/usr/bin/ceph: stdout fsid = a85e4be6-3951-11ef-bcab-c7b262605968
2024-07-03T15:35:17.189 INFO:teuthology.orchestra.run.smithi028.stdout:/usr/bin/ceph: stdout mon_osd_allow_pg_remap = true
2024-07-03T15:35:17.189 INFO:teuthology.orchestra.run.smithi028.stdout:/usr/bin/ceph: stdout mon_osd_allow_primary_affinity = true
2024-07-03T15:35:17.189 INFO:teuthology.orchestra.run.smithi028.stdout:/usr/bin/ceph: stdout mon_warn_on_no_sortbitwise = false
2024-07-03T15:35:17.189 INFO:teuthology.orchestra.run.smithi028.stdout:/usr/bin/ceph: stdout osd_crush_chooseleaf_type = 0
2024-07-03T15:35:17.190 INFO:teuthology.orchestra.run.smithi028.stdout:/usr/bin/ceph: stdout
2024-07-03T15:35:17.190 INFO:teuthology.orchestra.run.smithi028.stdout:/usr/bin/ceph: stdout [mgr]
2024-07-03T15:35:17.190 INFO:teuthology.orchestra.run.smithi028.stdout:/usr/bin/ceph: stdout mgr/telemetry/nag = false
2024-07-03T15:35:17.190 INFO:teuthology.orchestra.run.smithi028.stdout:/usr/bin/ceph: stdout
2024-07-03T15:35:17.190 INFO:teuthology.orchestra.run.smithi028.stdout:/usr/bin/ceph: stdout [osd]
2024-07-03T15:35:17.190 INFO:teuthology.orchestra.run.smithi028.stdout:/usr/bin/ceph: stdout mon_osd_backfillfull_ratio = 0.85
2024-07-03T15:35:17.190 INFO:teuthology.orchestra.run.smithi028.stdout:/usr/bin/ceph: stdout mon_osd_full_ratio = 0.9
2024-07-03T15:35:17.190 INFO:teuthology.orchestra.run.smithi028.stdout:/usr/bin/ceph: stdout mon_osd_nearfull_ratio = 0.8
2024-07-03T15:35:17.190 INFO:teuthology.orchestra.run.smithi028.stdout:/usr/bin/ceph: stdout osd_map_max_advance = 10
2024-07-03T15:35:17.190 INFO:teuthology.orchestra.run.smithi028.stdout:/usr/bin/ceph: stdout osd_sloppy_crc = true
2024-07-03T15:35:17.190 INFO:teuthology.orchestra.run.smithi028.stdout:/usr/bin/ceph: stderr
2024-07-03T15:35:16.338+0000 7f42b5812640 1 Processor -- start
2024-07-03T15:35:17.190 INFO:teuthology.orchestra.run.smithi028.stdout:/usr/bin/ceph: stderr
2024-07-03T15:35:16.338+0000 7f42b5812640 1 -- start start
2024-07-03T15:35:17.190 INFO:teuthology.orchestra.run.smithi028.stdout:/usr/bin/ceph: stderr
2024-07-03T15:35:16.338+0000 7f42b5812640 1 --2- >> [v2:172.21.15.28:3300/0,v1:172.21.15.28:6789/0] conn(0x7f42b0101e00 0x7f42b0102210 unknown :-1 s=NONE pgs=0 cs=0 l=0 rev1=0 crypto rx=0 tx=0 comp rx=0 tx=0).connect
2024-07-03T15:35:17.190 INFO:teuthology.orchestra.run.smithi028.stdout:/usr/bin/ceph: stderr
2024-07-03T15:35:16.338+0000 7f42b5812640 1 -- --> [v2:172.21.15.28:3300/0,v1:172.21.15.28:6789/0] -- mon_getmap magic: 0 v1 -- 0x7f42b0102750 con 0x7f42b0101e00
2024-07-03T15:35:17.191 INFO:teuthology.orchestra.run.smithi028.stdout:/usr/bin/ceph: stderr
2024-07-03T15:35:16.338+0000 7f42aeffd640 1 --2- >> [v2:172.21.15.28:3300/0,v1:172.21.15.28:6789/0] conn(0x7f42b0101e00 0x7f42b0102210 unknown :-1 s=BANNER_CONNECTING pgs=0 cs=0 l=0 rev1=0 crypto rx=0 tx=0 comp rx=0 tx=0)._handle_peer_banner_payload supported=3 required=0
2024-07-03T15:35:17.191 INFO:teuthology.orchestra.run.smithi028.stdout:/usr/bin/ceph: stderr
2024-07-03T15:35:16.338+0000 7f42aeffd640 1 --2- >> [v2:172.21.15.28:3300/0,v1:172.21.15.28:6789/0] conn(0x7f42b0101e00 0x7f42b0102210 unknown :-1 s=HELLO_CONNECTING pgs=0 cs=0 l=0 rev1=1 crypto rx=0 tx=0 comp rx=0 tx=0).handle_hello peer v2:172.21.15.28:3300/0 says I am v2:172.21.15.28:51824/0 (socket says 172.21.15.28:51824)
2024-07-03T15:35:17.191 INFO:teuthology.orchestra.run.smithi028.stdout:/usr/bin/ceph: stderr
2024-07-03T15:35:16.338+0000 7f42aeffd640 1 -- 172.21.15.28:0/3883508571 learned_addr learned my addr 172.21.15.28:0/3883508571 (peer_addr_for_me v2:172.21.15.28:0/0)
2024-07-03T15:35:17.191 INFO:teuthology.orchestra.run.smithi028.stdout:/usr/bin/ceph: stderr
2024-07-03T15:35:16.338+0000 7f42aeffd640 1 -- 172.21.15.28:0/3883508571 --> [v2:172.21.15.28:3300/0,v1:172.21.15.28:6789/0] -- mon_subscribe({config=0+,monmap=0+}) v3 -- 0x7f42b0102890 con 0x7f42b0101e00
2024-07-03T15:35:17.191 INFO:teuthology.orchestra.run.smithi028.stdout:/usr/bin/ceph: stderr
2024-07-03T15:35:16.339+0000 7f42aeffd640 1 --2- 172.21.15.28:0/3883508571 >> [v2:172.21.15.28:3300/0,v1:172.21.15.28:6789/0] conn(0x7f42b0101e00 0x7f42b0102210 secure :-1 s=READY pgs=18 cs=0 l=1 rev1=1 crypto rx=0x7f42a0009840 tx=0x7f42a00091d0 comp rx=0 tx=0).ready entity=mon.0 client_cookie=da37c0419b834cc server_cookie=0 in_seq=0 out_seq=0
2024-07-03T15:35:17.191 INFO:teuthology.orchestra.run.smithi028.stdout:/usr/bin/ceph: stderr
2024-07-03T15:35:16.339+0000 7f42ae7fc640 1 -- 172.21.15.28:0/3883508571 <== mon.0 v2:172.21.15.28:3300/0 1 ==== mon_map magic: 0 v1 ==== 229+0+0 (secure 0 0 0) 0x7f42a0032440 con 0x7f42b0101e00
2024-07-03T15:35:17.191 INFO:teuthology.orchestra.run.smithi028.stdout:/usr/bin/ceph: stderr
2024-07-03T15:35:16.339+0000 7f42ae7fc640 1 -- 172.21.15.28:0/3883508571 <== mon.0 v2:172.21.15.28:3300/0 2 ==== config(27 keys) v1 ==== 1044+0+0 (secure 0 0 0) 0x7f42a0032a30 con 0x7f42b0101e00
2024-07-03T15:35:17.191 INFO:teuthology.orchestra.run.smithi028.stdout:/usr/bin/ceph: stderr
2024-07-03T15:35:16.339+0000 7f42ae7fc640 1 -- 172.21.15.28:0/3883508571 <== mon.0 v2:172.21.15.28:3300/0 3 ==== mon_map magic: 0 v1 ==== 229+0+0 (secure 0 0 0) 0x7f42a0031ad0 con 0x7f42b0101e00
2024-07-03T15:35:17.191 INFO:teuthology.orchestra.run.smithi028.stdout:/usr/bin/ceph: stderr
2024-07-03T15:35:16.340+0000 7f42b5812640 1 -- 172.21.15.28:0/3883508571 >> [v2:172.21.15.28:3300/0,v1:172.21.15.28:6789/0] conn(0x7f42b0101e00 msgr2=0x7f42b0102210 secure :-1 s=STATE_CONNECTION_ESTABLISHED l=1).mark_down
2024-07-03T15:35:17.191 INFO:teuthology.orchestra.run.smithi028.stdout:/usr/bin/ceph: stderr
2024-07-03T15:35:16.340+0000 7f42b5812640 1 --2- 172.21.15.28:0/3883508571 >> [v2:172.21.15.28:3300/0,v1:172.21.15.28:6789/0] conn(0x7f42b0101e00 0x7f42b0102210 secure :-1 s=READY pgs=18 cs=0 l=1 rev1=1 crypto rx=0x7f42a0009840 tx=0x7f42a00091d0 comp rx=0 tx=0).stop
2024-07-03T15:35:17.191 INFO:teuthology.orchestra.run.smithi028.stdout:/usr/bin/ceph: stderr
2024-07-03T15:35:16.340+0000 7f42b5812640 1 -- 172.21.15.28:0/3883508571 shutdown_connections
2024-07-03T15:35:17.191 INFO:teuthology.orchestra.run.smithi028.stdout:/usr/bin/ceph: stderr
2024-07-03T15:35:16.340+0000 7f42b5812640 1 --2- 172.21.15.28:0/3883508571 >> [v2:172.21.15.28:3300/0,v1:172.21.15.28:6789/0] conn(0x7f42b0101e00 0x7f42b0102210 unknown :-1 s=CLOSED pgs=18 cs=0 l=1 rev1=1 crypto rx=0 tx=0 comp rx=0 tx=0).stop
2024-07-03T15:35:17.191 INFO:teuthology.orchestra.run.smithi028.stdout:/usr/bin/ceph: stderr
2024-07-03T15:35:16.340+0000 7f42b5812640 1 -- 172.21.15.28:0/3883508571 >> 172.21.15.28:0/3883508571 conn(0x7f42b00fd5a0 msgr2=0x7f42b00ff9b0 unknown :-1 s=STATE_NONE l=0).mark_down
2024-07-03T15:35:17.191 INFO:teuthology.orchestra.run.smithi028.stdout:/usr/bin/ceph: stderr
2024-07-03T15:35:16.340+0000 7f42b5812640 1 -- 172.21.15.28:0/3883508571 shutdown_connections
2024-07-03T15:35:17.192 INFO:teuthology.orchestra.run.smithi028.stdout:/usr/bin/ceph: stderr
2024-07-03T15:35:16.340+0000 7f42b5812640 1 -- 172.21.15.28:0/3883508571 wait complete.
2024-07-03T15:35:17.192 INFO:teuthology.orchestra.run.smithi028.stdout:/usr/bin/ceph: stderr
2024-07-03T15:35:16.340+0000 7f42b5812640 1 Processor -- start
2024-07-03T15:35:17.192 INFO:teuthology.orchestra.run.smithi028.stdout:/usr/bin/ceph: stderr
2024-07-03T15:35:16.340+0000 7f42b5812640 1 -- start start
2024-07-03T15:35:17.192 INFO:teuthology.orchestra.run.smithi028.stdout:/usr/bin/ceph: stderr
2024-07-03T15:35:16.341+0000 7f42b5812640 1 --2- >> [v2:172.21.15.28:3300/0,v1:172.21.15.28:6789/0] conn(0x7f42b0101e00 0x7f42b0077c20 unknown :-1 s=NONE pgs=0 cs=0 l=1 rev1=0 crypto rx=0 tx=0 comp rx=0 tx=0).connect
2024-07-03T15:35:17.192 INFO:teuthology.orchestra.run.smithi028.stdout:/usr/bin/ceph: stderr
2024-07-03T15:35:16.341+0000 7f42b5812640 1 -- --> [v2:172.21.15.28:3300/0,v1:172.21.15.28:6789/0] -- mon_getmap magic: 0 v1 -- 0x7f42b0078160 con 0x7f42b0101e00
2024-07-03T15:35:17.192 INFO:teuthology.orchestra.run.smithi028.stdout:/usr/bin/ceph: stderr
2024-07-03T15:35:16.341+0000 7f42aeffd640 1 --2- >> [v2:172.21.15.28:3300/0,v1:172.21.15.28:6789/0] conn(0x7f42b0101e00 0x7f42b0077c20 unknown :-1 s=BANNER_CONNECTING pgs=0 cs=0 l=1 rev1=0 crypto rx=0 tx=0 comp rx=0 tx=0)._handle_peer_banner_payload supported=3 required=0
2024-07-03T15:35:17.192 INFO:teuthology.orchestra.run.smithi028.stdout:/usr/bin/ceph: stderr
2024-07-03T15:35:16.341+0000 7f42aeffd640 1 --2- >> [v2:172.21.15.28:3300/0,v1:172.21.15.28:6789/0] conn(0x7f42b0101e00 0x7f42b0077c20 unknown :-1 s=HELLO_CONNECTING pgs=0 cs=0 l=1 rev1=1 crypto rx=0 tx=0 comp rx=0 tx=0).handle_hello peer v2:172.21.15.28:3300/0 says I am v2:172.21.15.28:51840/0 (socket says 172.21.15.28:51840)
2024-07-03T15:35:17.192 INFO:teuthology.orchestra.run.smithi028.stdout:/usr/bin/ceph: stderr
2024-07-03T15:35:16.341+0000 7f42aeffd640 1 -- 172.21.15.28:0/4231324912 learned_addr learned my addr 172.21.15.28:0/4231324912 (peer_addr_for_me v2:172.21.15.28:0/0)
2024-07-03T15:35:17.192 INFO:teuthology.orchestra.run.smithi028.stdout:/usr/bin/ceph: stderr
2024-07-03T15:35:16.341+0000 7f42aeffd640 1 -- 172.21.15.28:0/4231324912 --> [v2:172.21.15.28:3300/0,v1:172.21.15.28:6789/0] -- mon_subscribe({config=0+,monmap=0+}) v3 -- 0x7f42a0009450 con 0x7f42b0101e00
2024-07-03T15:35:17.192 INFO:teuthology.orchestra.run.smithi028.stdout:/usr/bin/ceph: stderr
2024-07-03T15:35:16.341+0000 7f42aeffd640 1 --2- 172.21.15.28:0/4231324912 >> [v2:172.21.15.28:3300/0,v1:172.21.15.28:6789/0] conn(0x7f42b0101e00 0x7f42b0077c20 secure :-1 s=READY pgs=19 cs=0 l=1 rev1=1 crypto rx=0x7f42a00317b0 tx=0x7f42a0008040 comp rx=0 tx=0).ready entity=mon.0 client_cookie=0 server_cookie=0 in_seq=0 out_seq=0
2024-07-03T15:35:17.192 INFO:teuthology.orchestra.run.smithi028.stdout:/usr/bin/ceph: stderr
2024-07-03T15:35:16.341+0000 7f42a77fe640 1 -- 172.21.15.28:0/4231324912 <== mon.0 v2:172.21.15.28:3300/0 1 ==== mon_map magic: 0 v1 ==== 229+0+0 (secure 0 0 0) 0x7f42a0031e90 con 0x7f42b0101e00
2024-07-03T15:35:17.192 INFO:teuthology.orchestra.run.smithi028.stdout:/usr/bin/ceph: stderr
2024-07-03T15:35:16.341+0000 7f42a77fe640 1 -- 172.21.15.28:0/4231324912 <== mon.0 v2:172.21.15.28:3300/0 2 ==== config(27 keys) v1 ==== 1044+0+0 (secure 0 0 0) 0x7f42a003daf0 con 0x7f42b0101e00
2024-07-03T15:35:17.192 INFO:teuthology.orchestra.run.smithi028.stdout:/usr/bin/ceph: stderr
2024-07-03T15:35:16.341+0000 7f42b5812640 1 -- 172.21.15.28:0/4231324912 --> [v2:172.21.15.28:3300/0,v1:172.21.15.28:6789/0] -- mon_subscribe({mgrmap=0+}) v3 -- 0x7f42b00761f0 con 0x7f42b0101e00
2024-07-03T15:35:17.192 INFO:teuthology.orchestra.run.smithi028.stdout:/usr/bin/ceph: stderr
2024-07-03T15:35:16.341+0000 7f42a77fe640 1 -- 172.21.15.28:0/4231324912 <== mon.0 v2:172.21.15.28:3300/0 3 ==== mon_map magic: 0 v1 ==== 229+0+0 (secure 0 0 0) 0x7f42a003baa0 con 0x7f42b0101e00
2024-07-03T15:35:17.192 INFO:teuthology.orchestra.run.smithi028.stdout:/usr/bin/ceph: stderr
2024-07-03T15:35:16.342+0000 7f42b5812640 1 -- 172.21.15.28:0/4231324912 --> [v2:172.21.15.28:3300/0,v1:172.21.15.28:6789/0] -- mon_subscribe({osdmap=0}) v3 -- 0x7f42b0076660 con 0x7f42b0101e00
2024-07-03T15:35:17.193 INFO:teuthology.orchestra.run.smithi028.stdout:/usr/bin/ceph: stderr
2024-07-03T15:35:16.342+0000 7f42a77fe640 1 -- 172.21.15.28:0/4231324912 <== mon.0 v2:172.21.15.28:3300/0 4 ==== mgrmap(e 4) v1 ==== 42625+0+0 (secure 0 0 0) 0x7f42a0039070 con 0x7f42b0101e00
2024-07-03T15:35:17.193 INFO:teuthology.orchestra.run.smithi028.stdout:/usr/bin/ceph: stderr
2024-07-03T15:35:16.343+0000 7f42a77fe640 1 --2- 172.21.15.28:0/4231324912 >> [v2:172.21.15.28:6800/1358048352,v1:172.21.15.28:6801/1358048352] conn(0x7f429c035730 0x7f429c037be0 unknown :-1 s=NONE pgs=0 cs=0 l=1 rev1=0 crypto rx=0 tx=0 comp rx=0 tx=0).connect
2024-07-03T15:35:17.193 INFO:teuthology.orchestra.run.smithi028.stdout:/usr/bin/ceph: stderr
2024-07-03T15:35:16.343+0000 7f42b5812640 1 -- 172.21.15.28:0/4231324912 --> [v2:172.21.15.28:3300/0,v1:172.21.15.28:6789/0] -- mon_command({"prefix": "get_command_descriptions"} v 0) v1 -- 0x7f42b004b530 con 0x7f42b0101e00
2024-07-03T15:35:17.193 INFO:teuthology.orchestra.run.smithi028.stdout:/usr/bin/ceph: stderr
2024-07-03T15:35:16.343+0000 7f42a77fe640 1 -- 172.21.15.28:0/4231324912 <== mon.0 v2:172.21.15.28:3300/0 5 ==== osd_map(1..1 src has 1..1) v4 ==== 721+0+0 (secure 0 0 0) 0x7f42a0068950 con 0x7f42b0101e00
2024-07-03T15:35:17.193 INFO:teuthology.orchestra.run.smithi028.stdout:/usr/bin/ceph: stderr
2024-07-03T15:35:16.343+0000 7f42a7fff640 1 --2- 172.21.15.28:0/4231324912 >> [v2:172.21.15.28:6800/1358048352,v1:172.21.15.28:6801/1358048352] conn(0x7f429c035730 0x7f429c037be0 unknown :-1 s=BANNER_CONNECTING pgs=0 cs=0 l=1 rev1=0 crypto rx=0 tx=0 comp rx=0 tx=0)._handle_peer_banner_payload supported=3 required=0
2024-07-03T15:35:17.193 INFO:teuthology.orchestra.run.smithi028.stdout:/usr/bin/ceph: stderr
2024-07-03T15:35:16.343+0000 7f42a7fff640 1 --2- 172.21.15.28:0/4231324912 >> [v2:172.21.15.28:6800/1358048352,v1:172.21.15.28:6801/1358048352] conn(0x7f429c035730 0x7f429c037be0 secure :-1 s=READY pgs=7 cs=0 l=1 rev1=1 crypto rx=0x7f4298006fd0 tx=0x7f4298006db0 comp rx=0 tx=0).ready entity=mgr.14100 client_cookie=0 server_cookie=0 in_seq=0 out_seq=0
2024-07-03T15:35:17.193 INFO:teuthology.orchestra.run.smithi028.stdout:/usr/bin/ceph: stderr
2024-07-03T15:35:16.347+0000 7f42a77fe640 1 -- 172.21.15.28:0/4231324912 <== mon.0 v2:172.21.15.28:3300/0 6 ==== mon_command_ack([{"prefix": "get_command_descriptions"}]=0 v0) v1 ==== 72+0+176702 (secure 0 0 0) 0x7f42a0039320 con 0x7f42b0101e00
2024-07-03T15:35:17.193 INFO:teuthology.orchestra.run.smithi028.stdout:/usr/bin/ceph: stderr
2024-07-03T15:35:16.523+0000 7f42b5812640 1 -- 172.21.15.28:0/4231324912 --> [v2:172.21.15.28:3300/0,v1:172.21.15.28:6789/0] -- mon_command({"prefix": "config assimilate-conf"} v 0) v1 -- 0x7f42b0076960 con 0x7f42b0101e00
2024-07-03T15:35:17.193 INFO:teuthology.orchestra.run.smithi028.stdout:/usr/bin/ceph: stderr
2024-07-03T15:35:16.524+0000 7f42a77fe640 1 -- 172.21.15.28:0/4231324912 <== mon.0 v2:172.21.15.28:3300/0 7 ==== mon_command_ack([{"prefix": "config assimilate-conf"}]=0 v3) v1 ==== 70+0+373 (secure 0 0 0) 0x7f42a0041030 con 0x7f42b0101e00
2024-07-03T15:35:17.193 INFO:teuthology.orchestra.run.smithi028.stdout:/usr/bin/ceph: stderr
2024-07-03T15:35:16.525+0000 7f42b5812640 1 -- 172.21.15.28:0/4231324912 >> [v2:172.21.15.28:6800/1358048352,v1:172.21.15.28:6801/1358048352] conn(0x7f429c035730 msgr2=0x7f429c037be0 secure :-1 s=STATE_CONNECTION_ESTABLISHED l=1).mark_down
2024-07-03T15:35:17.193 INFO:teuthology.orchestra.run.smithi028.stdout:/usr/bin/ceph: stderr
2024-07-03T15:35:16.525+0000 7f42b5812640 1 --2- 172.21.15.28:0/4231324912 >> [v2:172.21.15.28:6800/1358048352,v1:172.21.15.28:6801/1358048352] conn(0x7f429c035730 0x7f429c037be0 secure :-1 s=READY pgs=7 cs=0 l=1 rev1=1 crypto rx=0x7f4298006fd0 tx=0x7f4298006db0 comp rx=0 tx=0).stop
2024-07-03T15:35:17.193 INFO:teuthology.orchestra.run.smithi028.stdout:/usr/bin/ceph: stderr
2024-07-03T15:35:16.525+0000 7f42b5812640 1 -- 172.21.15.28:0/4231324912 >> [v2:172.21.15.28:3300/0,v1:172.21.15.28:6789/0] conn(0x7f42b0101e00 msgr2=0x7f42b0077c20 secure :-1 s=STATE_CONNECTION_ESTABLISHED l=1).mark_down
2024-07-03T15:35:17.193 INFO:teuthology.orchestra.run.smithi028.stdout:/usr/bin/ceph: stderr
2024-07-03T15:35:16.525+0000 7f42b5812640 1 --2- 172.21.15.28:0/4231324912 >> [v2:172.21.15.28:3300/0,v1:172.21.15.28:6789/0] conn(0x7f42b0101e00 0x7f42b0077c20 secure :-1 s=READY pgs=19 cs=0 l=1 rev1=1 crypto rx=0x7f42a00317b0 tx=0x7f42a0008040 comp rx=0 tx=0).stop
2024-07-03T15:35:17.193 INFO:teuthology.orchestra.run.smithi028.stdout:/usr/bin/ceph: stderr
2024-07-03T15:35:16.526+0000 7f42b5812640 1 -- 172.21.15.28:0/4231324912 shutdown_connections
2024-07-03T15:35:17.194 INFO:teuthology.orchestra.run.smithi028.stdout:/usr/bin/ceph: stderr
2024-07-03T15:35:16.526+0000 7f42b5812640 1 --2- 172.21.15.28:0/4231324912 >> [v2:172.21.15.28:6800/1358048352,v1:172.21.15.28:6801/1358048352] conn(0x7f429c035730 0x7f429c037be0 unknown :-1 s=CLOSED pgs=7 cs=0 l=1 rev1=1 crypto rx=0 tx=0 comp rx=0 tx=0).stop
2024-07-03T15:35:17.194 INFO:teuthology.orchestra.run.smithi028.stdout:/usr/bin/ceph: stderr
2024-07-03T15:35:16.526+0000 7f42b5812640 1 --2- 172.21.15.28:0/4231324912 >> [v2:172.21.15.28:3300/0,v1:172.21.15.28:6789/0] conn(0x7f42b0101e00 0x7f42b0077c20 unknown :-1 s=CLOSED pgs=19 cs=0 l=1 rev1=1 crypto rx=0 tx=0 comp rx=0 tx=0).stop
2024-07-03T15:35:17.194 INFO:teuthology.orchestra.run.smithi028.stdout:/usr/bin/ceph: stderr
2024-07-03T15:35:16.526+0000 7f42b5812640 1 -- 172.21.15.28:0/4231324912 >> 172.21.15.28:0/4231324912 conn(0x7f42b00fd5a0 msgr2=0x7f42b00fdfe0 unknown :-1 s=STATE_NONE l=0).mark_down
2024-07-03T15:35:17.194 INFO:teuthology.orchestra.run.smithi028.stdout:/usr/bin/ceph: stderr
2024-07-03T15:35:16.526+0000 7f42b5812640 1 -- 172.21.15.28:0/4231324912 shutdown_connections
2024-07-03T15:35:17.194 INFO:teuthology.orchestra.run.smithi028.stdout:/usr/bin/ceph: stderr
2024-07-03T15:35:16.526+0000 7f42b5812640 1 -- 172.21.15.28:0/4231324912 wait complete.
2024-07-03T15:35:17.194 INFO:teuthology.orchestra.run.smithi028.stdout:Enabling cephadm module...
2024-07-03T15:35:18.212 INFO:journalctl@ceph.mon.smithi028.smithi028.stdout:Jul 03 15:35:17 smithi028 ceph-mon[29148]: from='client.? 172.21.15.28:0/2174994004' entity='client.admin' cmd=[{"prefix": "mgr module enable", "module": "cephadm"}]: dispatch
2024-07-03T15:35:19.370 INFO:journalctl@ceph.mon.smithi028.smithi028.stdout:Jul 03 15:35:18 smithi028 ceph-mon[29148]: from='client.? 172.21.15.28:0/2174994004' entity='client.admin' cmd='[{"prefix": "mgr module enable", "module": "cephadm"}]': finished
2024-07-03T15:35:19.370 INFO:journalctl@ceph.mon.smithi028.smithi028.stdout:Jul 03 15:35:18 smithi028 ceph-mon[29148]: mgrmap e5: smithi028.vtqrtz(active, since 10s)
2024-07-03T15:35:21.554 INFO:teuthology.orchestra.run.smithi028.stdout:/usr/bin/ceph: stderr
2024-07-03T15:35:17.618+0000 7f3453c2b640 1 Processor -- start
2024-07-03T15:35:21.554 INFO:teuthology.orchestra.run.smithi028.stdout:/usr/bin/ceph: stderr
2024-07-03T15:35:17.618+0000 7f3453c2b640 1 -- start start
2024-07-03T15:35:21.554 INFO:teuthology.orchestra.run.smithi028.stdout:/usr/bin/ceph: stderr
2024-07-03T15:35:17.619+0000 7f3453c2b640 1 --2- >> [v2:172.21.15.28:3300/0,v1:172.21.15.28:6789/0] conn(0x7f344c075ba0 0x7f344c106e30 unknown :-1 s=NONE pgs=0 cs=0 l=0 rev1=0 crypto rx=0 tx=0 comp rx=0 tx=0).connect
2024-07-03T15:35:21.554 INFO:teuthology.orchestra.run.smithi028.stdout:/usr/bin/ceph: stderr
2024-07-03T15:35:17.619+0000 7f3453c2b640 1 -- --> [v2:172.21.15.28:3300/0,v1:172.21.15.28:6789/0] -- mon_getmap magic: 0 v1 -- 0x7f344c102820 con 0x7f344c075ba0
2024-07-03T15:35:21.554 INFO:teuthology.orchestra.run.smithi028.stdout:/usr/bin/ceph: stderr
2024-07-03T15:35:17.619+0000 7f34519c7640 1 --2- >> [v2:172.21.15.28:3300/0,v1:172.21.15.28:6789/0] conn(0x7f344c075ba0 0x7f344c106e30 unknown :-1 s=BANNER_CONNECTING pgs=0 cs=0 l=0 rev1=0 crypto rx=0 tx=0 comp rx=0 tx=0)._handle_peer_banner_payload supported=3 required=0
2024-07-03T15:35:21.554 INFO:teuthology.orchestra.run.smithi028.stdout:/usr/bin/ceph: stderr
2024-07-03T15:35:17.619+0000 7f34519c7640 1 --2- >> [v2:172.21.15.28:3300/0,v1:172.21.15.28:6789/0] conn(0x7f344c075ba0 0x7f344c106e30 unknown :-1 s=HELLO_CONNECTING pgs=0 cs=0 l=0 rev1=1 crypto rx=0 tx=0 comp rx=0 tx=0).handle_hello peer v2:172.21.15.28:3300/0 says I am v2:172.21.15.28:51844/0 (socket says 172.21.15.28:51844)
2024-07-03T15:35:21.554 INFO:teuthology.orchestra.run.smithi028.stdout:/usr/bin/ceph: stderr
2024-07-03T15:35:17.619+0000 7f34519c7640 1 -- 172.21.15.28:0/833286715 learned_addr learned my addr 172.21.15.28:0/833286715 (peer_addr_for_me v2:172.21.15.28:0/0)
2024-07-03T15:35:21.554 INFO:teuthology.orchestra.run.smithi028.stdout:/usr/bin/ceph: stderr
2024-07-03T15:35:17.619+0000 7f34519c7640 1 -- 172.21.15.28:0/833286715 --> [v2:172.21.15.28:3300/0,v1:172.21.15.28:6789/0] -- mon_subscribe({config=0+,monmap=0+}) v3 -- 0x7f344c107370 con 0x7f344c075ba0
2024-07-03T15:35:21.554 INFO:teuthology.orchestra.run.smithi028.stdout:/usr/bin/ceph: stderr
2024-07-03T15:35:17.620+0000 7f34519c7640 1 --2- 172.21.15.28:0/833286715 >> [v2:172.21.15.28:3300/0,v1:172.21.15.28:6789/0] conn(0x7f344c075ba0 0x7f344c106e30 secure :-1 s=READY pgs=20 cs=0 l=1 rev1=1 crypto rx=0x7f3448009840 tx=0x7f34480091d0 comp rx=0 tx=0).ready entity=mon.0 client_cookie=625c57ba2f9736e7 server_cookie=0 in_seq=0 out_seq=0
2024-07-03T15:35:21.554 INFO:teuthology.orchestra.run.smithi028.stdout:/usr/bin/ceph: stderr
2024-07-03T15:35:17.620+0000 7f34509c5640 1 -- 172.21.15.28:0/833286715 <== mon.0 v2:172.21.15.28:3300/0 1 ==== mon_map magic: 0 v1 ==== 229+0+0 (secure 0 0 0) 0x7f3448032440 con 0x7f344c075ba0
2024-07-03T15:35:21.555 INFO:teuthology.orchestra.run.smithi028.stdout:/usr/bin/ceph: stderr
2024-07-03T15:35:17.620+0000 7f34509c5640 1 -- 172.21.15.28:0/833286715 <== mon.0 v2:172.21.15.28:3300/0 2 ==== config(27 keys) v1 ==== 1044+0+0 (secure 0 0 0) 0x7f3448032a30 con 0x7f344c075ba0
2024-07-03T15:35:21.555 INFO:teuthology.orchestra.run.smithi028.stdout:/usr/bin/ceph: stderr
2024-07-03T15:35:17.620+0000 7f34509c5640 1 -- 172.21.15.28:0/833286715 <== mon.0 v2:172.21.15.28:3300/0 3 ==== mon_map magic: 0 v1 ==== 229+0+0 (secure 0 0 0) 0x7f3448031ad0 con 0x7f344c075ba0
2024-07-03T15:35:21.555 INFO:teuthology.orchestra.run.smithi028.stdout:/usr/bin/ceph: stderr
2024-07-03T15:35:17.621+0000 7f3453c2b640 1 -- 172.21.15.28:0/833286715 >> [v2:172.21.15.28:3300/0,v1:172.21.15.28:6789/0] conn(0x7f344c075ba0 msgr2=0x7f344c106e30 secure :-1 s=STATE_CONNECTION_ESTABLISHED l=1).mark_down
2024-07-03T15:35:21.555 INFO:teuthology.orchestra.run.smithi028.stdout:/usr/bin/ceph: stderr
2024-07-03T15:35:17.621+0000 7f3453c2b640 1 --2- 172.21.15.28:0/833286715 >> [v2:172.21.15.28:3300/0,v1:172.21.15.28:6789/0] conn(0x7f344c075ba0 0x7f344c106e30 secure :-1 s=READY pgs=20 cs=0 l=1 rev1=1 crypto rx=0x7f3448009840 tx=0x7f34480091d0 comp rx=0 tx=0).stop
2024-07-03T15:35:21.555 INFO:teuthology.orchestra.run.smithi028.stdout:/usr/bin/ceph: stderr
2024-07-03T15:35:17.621+0000 7f3453c2b640 1 -- 172.21.15.28:0/833286715 shutdown_connections
2024-07-03T15:35:21.555 INFO:teuthology.orchestra.run.smithi028.stdout:/usr/bin/ceph: stderr
2024-07-03T15:35:17.621+0000 7f3453c2b640 1 --2- 172.21.15.28:0/833286715 >> [v2:172.21.15.28:3300/0,v1:172.21.15.28:6789/0] conn(0x7f344c075ba0 0x7f344c106e30 unknown :-1 s=CLOSED pgs=20 cs=0 l=1 rev1=1 crypto rx=0 tx=0 comp rx=0 tx=0).stop
2024-07-03T15:35:21.555 INFO:teuthology.orchestra.run.smithi028.stdout:/usr/bin/ceph: stderr
2024-07-03T15:35:17.621+0000 7f3453c2b640 1 -- 172.21.15.28:0/833286715 >> 172.21.15.28:0/833286715 conn(0x7f344c0fc520 msgr2=0x7f344c0fe930 unknown :-1 s=STATE_NONE l=0).mark_down
2024-07-03T15:35:21.555 INFO:teuthology.orchestra.run.smithi028.stdout:/usr/bin/ceph: stderr
2024-07-03T15:35:17.621+0000 7f3453c2b640 1 -- 172.21.15.28:0/833286715 shutdown_connections
2024-07-03T15:35:21.555 INFO:teuthology.orchestra.run.smithi028.stdout:/usr/bin/ceph: stderr
2024-07-03T15:35:17.621+0000 7f3453c2b640 1 -- 172.21.15.28:0/833286715 wait complete.
2024-07-03T15:35:21.555 INFO:teuthology.orchestra.run.smithi028.stdout:/usr/bin/ceph: stderr
2024-07-03T15:35:17.622+0000 7f3453c2b640 1 Processor -- start
2024-07-03T15:35:21.555 INFO:teuthology.orchestra.run.smithi028.stdout:/usr/bin/ceph: stderr
2024-07-03T15:35:17.622+0000 7f3453c2b640 1 -- start start
2024-07-03T15:35:21.555 INFO:teuthology.orchestra.run.smithi028.stdout:/usr/bin/ceph: stderr
2024-07-03T15:35:17.622+0000 7f3453c2b640 1 --2- >> [v2:172.21.15.28:3300/0,v1:172.21.15.28:6789/0] conn(0x7f344c075ba0 0x7f344c112c70 unknown :-1 s=NONE pgs=0 cs=0 l=1 rev1=0 crypto rx=0 tx=0 comp rx=0 tx=0).connect
2024-07-03T15:35:21.555 INFO:teuthology.orchestra.run.smithi028.stdout:/usr/bin/ceph: stderr
2024-07-03T15:35:17.622+0000 7f3453c2b640 1 -- --> [v2:172.21.15.28:3300/0,v1:172.21.15.28:6789/0] -- mon_getmap magic: 0 v1 -- 0x7f344c1131b0 con 0x7f344c075ba0
2024-07-03T15:35:21.555 INFO:teuthology.orchestra.run.smithi028.stdout:/usr/bin/ceph: stderr
2024-07-03T15:35:17.622+0000 7f34519c7640 1 --2- >> [v2:172.21.15.28:3300/0,v1:172.21.15.28:6789/0] conn(0x7f344c075ba0 0x7f344c112c70 unknown :-1 s=BANNER_CONNECTING pgs=0 cs=0 l=1 rev1=0 crypto rx=0 tx=0 comp rx=0 tx=0)._handle_peer_banner_payload supported=3 required=0
2024-07-03T15:35:21.556 INFO:teuthology.orchestra.run.smithi028.stdout:/usr/bin/ceph: stderr
2024-07-03T15:35:17.622+0000 7f34519c7640 1 --2- >> [v2:172.21.15.28:3300/0,v1:172.21.15.28:6789/0] conn(0x7f344c075ba0 0x7f344c112c70 unknown :-1 s=HELLO_CONNECTING pgs=0 cs=0 l=1 rev1=1 crypto rx=0 tx=0 comp rx=0 tx=0).handle_hello peer v2:172.21.15.28:3300/0 says I am v2:172.21.15.28:51852/0 (socket says 172.21.15.28:51852)
2024-07-03T15:35:21.556 INFO:teuthology.orchestra.run.smithi028.stdout:/usr/bin/ceph: stderr
2024-07-03T15:35:17.622+0000 7f34519c7640 1 -- 172.21.15.28:0/2174994004 learned_addr learned my addr 172.21.15.28:0/2174994004 (peer_addr_for_me v2:172.21.15.28:0/0)
2024-07-03T15:35:21.556 INFO:teuthology.orchestra.run.smithi028.stdout:/usr/bin/ceph: stderr
2024-07-03T15:35:17.622+0000 7f34519c7640 1 -- 172.21.15.28:0/2174994004 --> [v2:172.21.15.28:3300/0,v1:172.21.15.28:6789/0] -- mon_subscribe({config=0+,monmap=0+}) v3 -- 0x7f3448009450 con 0x7f344c075ba0
2024-07-03T15:35:21.556 INFO:teuthology.orchestra.run.smithi028.stdout:/usr/bin/ceph: stderr
2024-07-03T15:35:17.623+0000 7f34519c7640 1 --2- 172.21.15.28:0/2174994004 >> [v2:172.21.15.28:3300/0,v1:172.21.15.28:6789/0] conn(0x7f344c075ba0 0x7f344c112c70 secure :-1 s=READY pgs=21 cs=0 l=1 rev1=1 crypto rx=0x7f3448031b90 tx=0x7f3448008040 comp rx=0 tx=0).ready entity=mon.0 client_cookie=0 server_cookie=0 in_seq=0 out_seq=0
2024-07-03T15:35:21.556 INFO:teuthology.orchestra.run.smithi028.stdout:/usr/bin/ceph: stderr
2024-07-03T15:35:17.623+0000 7f343e7fc640 1 -- 172.21.15.28:0/2174994004 <== mon.0 v2:172.21.15.28:3300/0 1 ==== mon_map magic: 0 v1 ==== 229+0+0 (secure 0 0 0) 0x7f34480328b0 con 0x7f344c075ba0
2024-07-03T15:35:21.556 INFO:teuthology.orchestra.run.smithi028.stdout:/usr/bin/ceph: stderr
2024-07-03T15:35:17.623+0000 7f343e7fc640 1 -- 172.21.15.28:0/2174994004 <== mon.0 v2:172.21.15.28:3300/0 2 ==== config(27 keys) v1 ==== 1044+0+0 (secure 0 0 0) 0x7f344803d8e0 con 0x7f344c075ba0
2024-07-03T15:35:21.556 INFO:teuthology.orchestra.run.smithi028.stdout:/usr/bin/ceph: stderr
2024-07-03T15:35:17.623+0000 7f3453c2b640 1 -- 172.21.15.28:0/2174994004 --> [v2:172.21.15.28:3300/0,v1:172.21.15.28:6789/0] -- mon_subscribe({mgrmap=0+}) v3 -- 0x7f344c1133b0 con 0x7f344c075ba0
2024-07-03T15:35:21.556 INFO:teuthology.orchestra.run.smithi028.stdout:/usr/bin/ceph: stderr
2024-07-03T15:35:17.623+0000 7f343e7fc640 1 -- 172.21.15.28:0/2174994004 <== mon.0 v2:172.21.15.28:3300/0 3 ==== mon_map magic: 0 v1 ==== 229+0+0 (secure 0 0 0) 0x7f344803ba20 con 0x7f344c075ba0
2024-07-03T15:35:21.556 INFO:teuthology.orchestra.run.smithi028.stdout:/usr/bin/ceph: stderr
2024-07-03T15:35:17.623+0000 7f3453c2b640 1 -- 172.21.15.28:0/2174994004 --> [v2:172.21.15.28:3300/0,v1:172.21.15.28:6789/0] -- mon_subscribe({osdmap=0}) v3 -- 0x7f344c113820 con 0x7f344c075ba0
2024-07-03T15:35:21.556 INFO:teuthology.orchestra.run.smithi028.stdout:/usr/bin/ceph: stderr
2024-07-03T15:35:17.624+0000 7f343e7fc640 1 -- 172.21.15.28:0/2174994004 <== mon.0 v2:172.21.15.28:3300/0 4 ==== mgrmap(e 4) v1 ==== 42625+0+0 (secure 0 0 0) 0x7f3448039070 con 0x7f344c075ba0
2024-07-03T15:35:21.556 INFO:teuthology.orchestra.run.smithi028.stdout:/usr/bin/ceph: stderr
2024-07-03T15:35:17.624+0000 7f3453c2b640 1 -- 172.21.15.28:0/2174994004 --> [v2:172.21.15.28:3300/0,v1:172.21.15.28:6789/0] -- mon_command({"prefix": "get_command_descriptions"} v 0) v1 -- 0x7f344c04b530 con 0x7f344c075ba0
2024-07-03T15:35:21.556 INFO:teuthology.orchestra.run.smithi028.stdout:/usr/bin/ceph: stderr
2024-07-03T15:35:17.624+0000 7f343e7fc640 1 --2- 172.21.15.28:0/2174994004 >> [v2:172.21.15.28:6800/1358048352,v1:172.21.15.28:6801/1358048352] conn(0x7f3438035780 0x7f3438037c30 unknown :-1 s=NONE pgs=0 cs=0 l=1 rev1=0 crypto rx=0 tx=0 comp rx=0 tx=0).connect
2024-07-03T15:35:21.556 INFO:teuthology.orchestra.run.smithi028.stdout:/usr/bin/ceph: stderr
2024-07-03T15:35:17.624+0000 7f343e7fc640 1 -- 172.21.15.28:0/2174994004 <== mon.0 v2:172.21.15.28:3300/0 5 ==== osd_map(1..1 src has 1..1) v4 ==== 721+0+0 (secure 0 0 0) 0x7f3448068440 con 0x7f344c075ba0
2024-07-03T15:35:21.557 INFO:teuthology.orchestra.run.smithi028.stdout:/usr/bin/ceph: stderr
2024-07-03T15:35:17.624+0000 7f34511c6640 1 --2- 172.21.15.28:0/2174994004 >> [v2:172.21.15.28:6800/1358048352,v1:172.21.15.28:6801/1358048352] conn(0x7f3438035780 0x7f3438037c30 unknown :-1 s=BANNER_CONNECTING pgs=0 cs=0 l=1 rev1=0 crypto rx=0 tx=0 comp rx=0 tx=0)._handle_peer_banner_payload supported=3 required=0
2024-07-03T15:35:21.557 INFO:teuthology.orchestra.run.smithi028.stdout:/usr/bin/ceph: stderr
2024-07-03T15:35:17.625+0000 7f34511c6640 1 --2- 172.21.15.28:0/2174994004 >> [v2:172.21.15.28:6800/1358048352,v1:172.21.15.28:6801/1358048352] conn(0x7f3438035780 0x7f3438037c30 secure :-1 s=READY pgs=8 cs=0 l=1 rev1=1 crypto rx=0x7f3440006fd0 tx=0x7f3440006db0 comp rx=0 tx=0).ready entity=mgr.14100 client_cookie=0 server_cookie=0 in_seq=0 out_seq=0
2024-07-03T15:35:21.557 INFO:teuthology.orchestra.run.smithi028.stdout:/usr/bin/ceph: stderr
2024-07-03T15:35:17.629+0000 7f343e7fc640 1 -- 172.21.15.28:0/2174994004 <== mon.0 v2:172.21.15.28:3300/0 6 ==== mon_command_ack([{"prefix": "get_command_descriptions"}]=0 v0) v1 ==== 72+0+176702 (secure 0 0 0) 0x7f344804e940 con 0x7f344c075ba0
2024-07-03T15:35:21.557 INFO:teuthology.orchestra.run.smithi028.stdout:/usr/bin/ceph: stderr
2024-07-03T15:35:17.849+0000 7f3453c2b640 1 -- 172.21.15.28:0/2174994004 --> [v2:172.21.15.28:3300/0,v1:172.21.15.28:6789/0] -- mon_command({"prefix": "mgr module enable", "module": "cephadm"} v 0) v1 -- 0x7f344c107fa0 con 0x7f344c075ba0
2024-07-03T15:35:21.557 INFO:teuthology.orchestra.run.smithi028.stdout:/usr/bin/ceph: stderr
2024-07-03T15:35:17.902+0000 7f343e7fc640 1 -- 172.21.15.28:0/2174994004 <== mon.0 v2:172.21.15.28:3300/0 7 ==== mgrmap(e 5) v1 ==== 42636+0+0 (secure 0 0 0) 0x7f34480464f0 con 0x7f344c075ba0
2024-07-03T15:35:21.557 INFO:teuthology.orchestra.run.smithi028.stdout:/usr/bin/ceph: stderr
2024-07-03T15:35:17.903+0000 7f343e7fc640 1 -- 172.21.15.28:0/2174994004 <== mon.0 v2:172.21.15.28:3300/0 8 ==== mon_command_ack([{"prefix": "mgr module enable", "module": "cephadm"}]=0 v5) v1 ==== 86+0+0 (secure 0 0 0) 0x7f34480681a0 con 0x7f344c075ba0
2024-07-03T15:35:21.557 INFO:teuthology.orchestra.run.smithi028.stdout:/usr/bin/ceph: stderr
2024-07-03T15:35:17.906+0000 7f3453c2b640 1 -- 172.21.15.28:0/2174994004 >> [v2:172.21.15.28:6800/1358048352,v1:172.21.15.28:6801/1358048352] conn(0x7f3438035780 msgr2=0x7f3438037c30 secure :-1 s=STATE_CONNECTION_ESTABLISHED l=1).mark_down
2024-07-03T15:35:21.557 INFO:teuthology.orchestra.run.smithi028.stdout:/usr/bin/ceph: stderr
2024-07-03T15:35:17.906+0000 7f3453c2b640 1 --2- 172.21.15.28:0/2174994004 >> [v2:172.21.15.28:6800/1358048352,v1:172.21.15.28:6801/1358048352] conn(0x7f3438035780 0x7f3438037c30 secure :-1 s=READY pgs=8 cs=0 l=1 rev1=1 crypto rx=0x7f3440006fd0 tx=0x7f3440006db0 comp rx=0 tx=0).stop
2024-07-03T15:35:21.557 INFO:teuthology.orchestra.run.smithi028.stdout:/usr/bin/ceph: stderr
2024-07-03T15:35:17.907+0000 7f3453c2b640 1 -- 172.21.15.28:0/2174994004 >> [v2:172.21.15.28:3300/0,v1:172.21.15.28:6789/0] conn(0x7f344c075ba0 msgr2=0x7f344c112c70 secure :-1 s=STATE_CONNECTION_ESTABLISHED l=1).mark_down
2024-07-03T15:35:21.557 INFO:teuthology.orchestra.run.smithi028.stdout:/usr/bin/ceph: stderr
2024-07-03T15:35:17.907+0000 7f3453c2b640 1 --2- 172.21.15.28:0/2174994004 >> [v2:172.21.15.28:3300/0,v1:172.21.15.28:6789/0] conn(0x7f344c075ba0 0x7f344c112c70 secure :-1 s=READY pgs=21 cs=0 l=1 rev1=1 crypto rx=0x7f3448031b90 tx=0x7f3448008040 comp rx=0 tx=0).stop
2024-07-03T15:35:21.557 INFO:teuthology.orchestra.run.smithi028.stdout:/usr/bin/ceph: stderr
2024-07-03T15:35:17.907+0000 7f3453c2b640 1 -- 172.21.15.28:0/2174994004 shutdown_connections
2024-07-03T15:35:21.557 INFO:teuthology.orchestra.run.smithi028.stdout:/usr/bin/ceph: stderr
2024-07-03T15:35:17.907+0000 7f3453c2b640 1 --2- 172.21.15.28:0/2174994004 >> [v2:172.21.15.28:6800/1358048352,v1:172.21.15.28:6801/1358048352] conn(0x7f3438035780 0x7f3438037c30 unknown :-1 s=CLOSED pgs=8 cs=0 l=1 rev1=1 crypto rx=0 tx=0 comp rx=0 tx=0).stop
2024-07-03T15:35:21.557 INFO:teuthology.orchestra.run.smithi028.stdout:/usr/bin/ceph: stderr
2024-07-03T15:35:17.907+0000 7f3453c2b640 1 --2- 172.21.15.28:0/2174994004 >> [v2:172.21.15.28:3300/0,v1:172.21.15.28:6789/0] conn(0x7f344c075ba0 0x7f344c112c70 unknown :-1 s=CLOSED pgs=21 cs=0 l=1 rev1=1 crypto rx=0 tx=0 comp rx=0 tx=0).stop
2024-07-03T15:35:21.557 INFO:teuthology.orchestra.run.smithi028.stdout:/usr/bin/ceph: stderr
2024-07-03T15:35:17.907+0000 7f3453c2b640 1 -- 172.21.15.28:0/2174994004 >> 172.21.15.28:0/2174994004 conn(0x7f344c0fc520 msgr2=0x7f344c0fcfa0 unknown :-1 s=STATE_NONE l=0).mark_down
2024-07-03T15:35:21.558 INFO:teuthology.orchestra.run.smithi028.stdout:/usr/bin/ceph: stderr
2024-07-03T15:35:17.907+0000 7f3453c2b640 1 -- 172.21.15.28:0/2174994004 shutdown_connections
2024-07-03T15:35:21.558 INFO:teuthology.orchestra.run.smithi028.stdout:/usr/bin/ceph: stderr
2024-07-03T15:35:17.907+0000 7f3453c2b640 1 -- 172.21.15.28:0/2174994004 wait complete.
2024-07-03T15:35:22.457 INFO:journalctl@ceph.mon.smithi028.smithi028.stdout:Jul 03 15:35:22 smithi028 ceph-mon[29148]: from='client.? 172.21.15.28:0/2639297760' entity='client.admin' cmd=[{"prefix": "mgr stat"}]: dispatch
2024-07-03T15:35:22.777 INFO:teuthology.orchestra.run.smithi028.stdout:/usr/bin/ceph: stdout {
2024-07-03T15:35:22.777 INFO:teuthology.orchestra.run.smithi028.stdout:/usr/bin/ceph: stdout "epoch": 5,
2024-07-03T15:35:22.778 INFO:teuthology.orchestra.run.smithi028.stdout:/usr/bin/ceph: stdout "available": true,
2024-07-03T15:35:22.778 INFO:teuthology.orchestra.run.smithi028.stdout:/usr/bin/ceph: stdout "active_name": "smithi028.vtqrtz",
2024-07-03T15:35:22.778 INFO:teuthology.orchestra.run.smithi028.stdout:/usr/bin/ceph: stdout "num_standby": 0
2024-07-03T15:35:22.778 INFO:teuthology.orchestra.run.smithi028.stdout:/usr/bin/ceph: stdout }
2024-07-03T15:35:22.778 INFO:teuthology.orchestra.run.smithi028.stdout:/usr/bin/ceph: stderr
2024-07-03T15:35:21.959+0000 7f63d904c640 1 Processor -- start
2024-07-03T15:35:22.778 INFO:teuthology.orchestra.run.smithi028.stdout:/usr/bin/ceph: stderr
2024-07-03T15:35:21.960+0000 7f63d904c640 1 -- start start
2024-07-03T15:35:22.778 INFO:teuthology.orchestra.run.smithi028.stdout:/usr/bin/ceph: stderr
2024-07-03T15:35:21.960+0000 7f63d904c640 1 --2- >> [v2:172.21.15.28:3300/0,v1:172.21.15.28:6789/0] conn(0x7f63d4101e00 0x7f63d4102210 unknown :-1 s=NONE pgs=0 cs=0 l=0 rev1=0 crypto rx=0 tx=0 comp rx=0 tx=0).connect
2024-07-03T15:35:22.778 INFO:teuthology.orchestra.run.smithi028.stdout:/usr/bin/ceph: stderr
2024-07-03T15:35:21.960+0000 7f63d904c640 1 -- --> [v2:172.21.15.28:3300/0,v1:172.21.15.28:6789/0] -- mon_getmap magic: 0 v1 -- 0x7f63d4102750 con 0x7f63d4101e00
2024-07-03T15:35:22.778 INFO:teuthology.orchestra.run.smithi028.stdout:/usr/bin/ceph: stderr
2024-07-03T15:35:21.960+0000 7f63d2d9d640 1 --2- >> [v2:172.21.15.28:3300/0,v1:172.21.15.28:6789/0] conn(0x7f63d4101e00 0x7f63d4102210 unknown :-1 s=BANNER_CONNECTING pgs=0 cs=0 l=0 rev1=0 crypto rx=0 tx=0 comp rx=0 tx=0)._handle_peer_banner_payload supported=3 required=0
2024-07-03T15:35:22.778 INFO:teuthology.orchestra.run.smithi028.stdout:/usr/bin/ceph: stderr
2024-07-03T15:35:21.960+0000 7f63d2d9d640 1 --2- >> [v2:172.21.15.28:3300/0,v1:172.21.15.28:6789/0] conn(0x7f63d4101e00 0x7f63d4102210 unknown :-1 s=HELLO_CONNECTING pgs=0 cs=0 l=0 rev1=1 crypto rx=0 tx=0 comp rx=0 tx=0).handle_hello peer v2:172.21.15.28:3300/0 says I am v2:172.21.15.28:48610/0 (socket says 172.21.15.28:48610)
2024-07-03T15:35:22.778 INFO:teuthology.orchestra.run.smithi028.stdout:/usr/bin/ceph: stderr
2024-07-03T15:35:21.960+0000 7f63d2d9d640 1 -- 172.21.15.28:0/2555257176 learned_addr learned my addr 172.21.15.28:0/2555257176 (peer_addr_for_me v2:172.21.15.28:0/0)
2024-07-03T15:35:22.778 INFO:teuthology.orchestra.run.smithi028.stdout:/usr/bin/ceph: stderr
2024-07-03T15:35:21.961+0000 7f63d2d9d640 1 -- 172.21.15.28:0/2555257176 --> [v2:172.21.15.28:3300/0,v1:172.21.15.28:6789/0] -- mon_subscribe({config=0+,monmap=0+}) v3 -- 0x7f63d4102890 con 0x7f63d4101e00
2024-07-03T15:35:22.779 INFO:teuthology.orchestra.run.smithi028.stdout:/usr/bin/ceph: stderr
2024-07-03T15:35:21.961+0000 7f63d2d9d640 1 --2- 172.21.15.28:0/2555257176 >> [v2:172.21.15.28:3300/0,v1:172.21.15.28:6789/0] conn(0x7f63d4101e00 0x7f63d4102210 secure :-1 s=READY pgs=24 cs=0 l=1 rev1=1 crypto rx=0x7f63c4009840 tx=0x7f63c40091d0 comp rx=0 tx=0).ready entity=mon.0 client_cookie=ba7cdec9ce1c90df server_cookie=0 in_seq=0 out_seq=0
2024-07-03T15:35:22.779 INFO:teuthology.orchestra.run.smithi028.stdout:/usr/bin/ceph: stderr
2024-07-03T15:35:21.961+0000 7f63d259c640 1 -- 172.21.15.28:0/2555257176 <== mon.0 v2:172.21.15.28:3300/0 1 ==== mon_map magic: 0 v1 ==== 229+0+0 (secure 0 0 0) 0x7f63c4032440 con 0x7f63d4101e00
2024-07-03T15:35:22.779 INFO:teuthology.orchestra.run.smithi028.stdout:/usr/bin/ceph: stderr
2024-07-03T15:35:21.961+0000 7f63d259c640 1 -- 172.21.15.28:0/2555257176 <== mon.0 v2:172.21.15.28:3300/0 2 ==== config(27 keys) v1 ==== 1044+0+0 (secure 0 0 0) 0x7f63c4032a30 con 0x7f63d4101e00
2024-07-03T15:35:22.779 INFO:teuthology.orchestra.run.smithi028.stdout:/usr/bin/ceph: stderr
2024-07-03T15:35:21.961+0000 7f63d259c640 1 -- 172.21.15.28:0/2555257176 <== mon.0 v2:172.21.15.28:3300/0 3 ==== mon_map magic: 0 v1 ==== 229+0+0 (secure 0 0 0) 0x7f63c4031ad0 con 0x7f63d4101e00
2024-07-03T15:35:22.779 INFO:teuthology.orchestra.run.smithi028.stdout:/usr/bin/ceph: stderr
2024-07-03T15:35:21.962+0000 7f63d904c640 1 -- 172.21.15.28:0/2555257176 >> [v2:172.21.15.28:3300/0,v1:172.21.15.28:6789/0] conn(0x7f63d4101e00 msgr2=0x7f63d4102210 secure :-1 s=STATE_CONNECTION_ESTABLISHED l=1).mark_down
2024-07-03T15:35:22.779 INFO:teuthology.orchestra.run.smithi028.stdout:/usr/bin/ceph: stderr
2024-07-03T15:35:21.962+0000 7f63d904c640 1 --2- 172.21.15.28:0/2555257176 >> [v2:172.21.15.28:3300/0,v1:172.21.15.28:6789/0] conn(0x7f63d4101e00 0x7f63d4102210 secure :-1 s=READY pgs=24 cs=0 l=1 rev1=1 crypto rx=0x7f63c4009840 tx=0x7f63c40091d0 comp rx=0 tx=0).stop
2024-07-03T15:35:22.779 INFO:teuthology.orchestra.run.smithi028.stdout:/usr/bin/ceph: stderr
2024-07-03T15:35:21.962+0000 7f63d904c640 1 -- 172.21.15.28:0/2555257176 shutdown_connections
2024-07-03T15:35:22.779 INFO:teuthology.orchestra.run.smithi028.stdout:/usr/bin/ceph: stderr
2024-07-03T15:35:21.962+0000 7f63d904c640 1 --2- 172.21.15.28:0/2555257176 >> [v2:172.21.15.28:3300/0,v1:172.21.15.28:6789/0] conn(0x7f63d4101e00 0x7f63d4102210 unknown :-1 s=CLOSED pgs=24 cs=0 l=1 rev1=1 crypto rx=0 tx=0 comp rx=0 tx=0).stop
2024-07-03T15:35:22.779 INFO:teuthology.orchestra.run.smithi028.stdout:/usr/bin/ceph: stderr
2024-07-03T15:35:21.962+0000 7f63d904c640 1 -- 172.21.15.28:0/2555257176 >> 172.21.15.28:0/2555257176 conn(0x7f63d40fd5a0 msgr2=0x7f63d40ff9b0 unknown :-1 s=STATE_NONE l=0).mark_down
2024-07-03T15:35:22.779 INFO:teuthology.orchestra.run.smithi028.stdout:/usr/bin/ceph: stderr
2024-07-03T15:35:21.962+0000 7f63d904c640 1 -- 172.21.15.28:0/2555257176 shutdown_connections
2024-07-03T15:35:22.779 INFO:teuthology.orchestra.run.smithi028.stdout:/usr/bin/ceph: stderr
2024-07-03T15:35:21.962+0000 7f63d904c640 1 -- 172.21.15.28:0/2555257176 wait complete.
2024-07-03T15:35:22.779 INFO:teuthology.orchestra.run.smithi028.stdout:/usr/bin/ceph: stderr
2024-07-03T15:35:21.963+0000 7f63d904c640 1 Processor -- start
2024-07-03T15:35:22.779 INFO:teuthology.orchestra.run.smithi028.stdout:/usr/bin/ceph: stderr
2024-07-03T15:35:21.963+0000 7f63d904c640 1 -- start start
2024-07-03T15:35:22.779 INFO:teuthology.orchestra.run.smithi028.stdout:/usr/bin/ceph: stderr
2024-07-03T15:35:21.963+0000 7f63d904c640 1 --2- >> [v2:172.21.15.28:3300/0,v1:172.21.15.28:6789/0] conn(0x7f63d4101e00 0x7f63d4077c20 unknown :-1 s=NONE pgs=0 cs=0 l=1 rev1=0 crypto rx=0 tx=0 comp rx=0 tx=0).connect
2024-07-03T15:35:22.780 INFO:teuthology.orchestra.run.smithi028.stdout:/usr/bin/ceph: stderr
2024-07-03T15:35:21.963+0000 7f63d904c640 1 -- --> [v2:172.21.15.28:3300/0,v1:172.21.15.28:6789/0] -- mon_getmap magic: 0 v1 -- 0x7f63d4078160 con 0x7f63d4101e00
2024-07-03T15:35:22.780 INFO:teuthology.orchestra.run.smithi028.stdout:/usr/bin/ceph: stderr
2024-07-03T15:35:21.963+0000 7f63d2d9d640 1 --2- >> [v2:172.21.15.28:3300/0,v1:172.21.15.28:6789/0] conn(0x7f63d4101e00 0x7f63d4077c20 unknown :-1 s=BANNER_CONNECTING pgs=0 cs=0 l=1 rev1=0 crypto rx=0 tx=0 comp rx=0 tx=0)._handle_peer_banner_payload supported=3 required=0
2024-07-03T15:35:22.780 INFO:teuthology.orchestra.run.smithi028.stdout:/usr/bin/ceph: stderr
2024-07-03T15:35:21.963+0000 7f63d2d9d640 1 --2- >> [v2:172.21.15.28:3300/0,v1:172.21.15.28:6789/0] conn(0x7f63d4101e00 0x7f63d4077c20 unknown :-1 s=HELLO_CONNECTING pgs=0 cs=0 l=1 rev1=1 crypto rx=0 tx=0 comp rx=0 tx=0).handle_hello peer v2:172.21.15.28:3300/0 says I am v2:172.21.15.28:48624/0 (socket says 172.21.15.28:48624)
2024-07-03T15:35:22.780 INFO:teuthology.orchestra.run.smithi028.stdout:/usr/bin/ceph: stderr
2024-07-03T15:35:21.963+0000 7f63d2d9d640 1 -- 172.21.15.28:0/2639297760 learned_addr learned my addr 172.21.15.28:0/2639297760 (peer_addr_for_me v2:172.21.15.28:0/0)
2024-07-03T15:35:22.780 INFO:teuthology.orchestra.run.smithi028.stdout:/usr/bin/ceph: stderr
2024-07-03T15:35:21.963+0000 7f63d2d9d640 1 -- 172.21.15.28:0/2639297760 --> [v2:172.21.15.28:3300/0,v1:172.21.15.28:6789/0] -- mon_subscribe({config=0+,monmap=0+}) v3 -- 0x7f63c4009450 con 0x7f63d4101e00
2024-07-03T15:35:22.780 INFO:teuthology.orchestra.run.smithi028.stdout:/usr/bin/ceph: stderr
2024-07-03T15:35:21.964+0000 7f63d2d9d640 1 --2- 172.21.15.28:0/2639297760 >> [v2:172.21.15.28:3300/0,v1:172.21.15.28:6789/0] conn(0x7f63d4101e00 0x7f63d4077c20 secure :-1 s=READY pgs=25 cs=0 l=1 rev1=1 crypto rx=0x7f63c4009420 tx=0x7f63c4008040 comp rx=0 tx=0).ready entity=mon.0 client_cookie=0 server_cookie=0 in_seq=0 out_seq=0
2024-07-03T15:35:22.780 INFO:teuthology.orchestra.run.smithi028.stdout:/usr/bin/ceph: stderr
2024-07-03T15:35:21.964+0000 7f63cb7fe640 1 -- 172.21.15.28:0/2639297760 <== mon.0 v2:172.21.15.28:3300/0 1 ==== mon_map magic: 0 v1 ==== 229+0+0 (secure 0 0 0) 0x7f63c403d5b0 con 0x7f63d4101e00
2024-07-03T15:35:22.780 INFO:teuthology.orchestra.run.smithi028.stdout:/usr/bin/ceph: stderr
2024-07-03T15:35:21.964+0000 7f63cb7fe640 1 -- 172.21.15.28:0/2639297760 <== mon.0 v2:172.21.15.28:3300/0 2 ==== config(27 keys) v1 ==== 1044+0+0 (secure 0 0 0) 0x7f63c403dba0 con 0x7f63d4101e00
2024-07-03T15:35:22.780 INFO:teuthology.orchestra.run.smithi028.stdout:/usr/bin/ceph: stderr
2024-07-03T15:35:21.964+0000 7f63d904c640 1 -- 172.21.15.28:0/2639297760 --> [v2:172.21.15.28:3300/0,v1:172.21.15.28:6789/0] -- mon_subscribe({mgrmap=0+}) v3 -- 0x7f63d40761f0 con 0x7f63d4101e00
2024-07-03T15:35:22.780 INFO:teuthology.orchestra.run.smithi028.stdout:/usr/bin/ceph: stderr
2024-07-03T15:35:21.964+0000 7f63cb7fe640 1 -- 172.21.15.28:0/2639297760 <== mon.0 v2:172.21.15.28:3300/0 3 ==== mon_map magic: 0 v1 ==== 229+0+0 (secure 0 0 0) 0x7f63c403bb40 con 0x7f63d4101e00
