2024-07-03T15:35:25.780+0000 7f95b873b640 1 -- 172.21.15.28:0/211598213 shutdown_connections
2024-07-03T15:35:26.514 INFO:teuthology.orchestra.run.smithi028.stdout:/usr/bin/ceph: stderr
2024-07-03T15:35:25.780+0000 7f95b873b640 1 -- 172.21.15.28:0/211598213 wait complete.
2024-07-03T15:35:26.514 INFO:teuthology.orchestra.run.smithi028.stdout:/usr/bin/ceph: stderr
2024-07-03T15:35:25.780+0000 7f95b873b640 1 Processor -- start
2024-07-03T15:35:26.514 INFO:teuthology.orchestra.run.smithi028.stdout:/usr/bin/ceph: stderr
2024-07-03T15:35:25.780+0000 7f95b873b640 1 -- start start
2024-07-03T15:35:26.514 INFO:teuthology.orchestra.run.smithi028.stdout:/usr/bin/ceph: stderr
2024-07-03T15:35:25.780+0000 7f95b873b640 1 --2- >> [v2:172.21.15.28:3300/0,v1:172.21.15.28:6789/0] conn(0x7f95b0075bc0 0x7f95b0110aa0 unknown :-1 s=NONE pgs=0 cs=0 l=1 rev1=0 crypto rx=0 tx=0 comp rx=0 tx=0).connect
2024-07-03T15:35:26.514 INFO:teuthology.orchestra.run.smithi028.stdout:/usr/bin/ceph: stderr
2024-07-03T15:35:25.780+0000 7f95b873b640 1 -- --> [v2:172.21.15.28:3300/0,v1:172.21.15.28:6789/0] -- mon_getmap magic: 0 v1 -- 0x7f95b0110fe0 con 0x7f95b0075bc0
2024-07-03T15:35:26.514 INFO:teuthology.orchestra.run.smithi028.stdout:/usr/bin/ceph: stderr
2024-07-03T15:35:25.780+0000 7f95b64d7640 1 --2- >> [v2:172.21.15.28:3300/0,v1:172.21.15.28:6789/0] conn(0x7f95b0075bc0 0x7f95b0110aa0 unknown :-1 s=BANNER_CONNECTING pgs=0 cs=0 l=1 rev1=0 crypto rx=0 tx=0 comp rx=0 tx=0)._handle_peer_banner_payload supported=3 required=0
2024-07-03T15:35:26.514 INFO:teuthology.orchestra.run.smithi028.stdout:/usr/bin/ceph: stderr
2024-07-03T15:35:25.781+0000 7f95b64d7640 1 --2- >> [v2:172.21.15.28:3300/0,v1:172.21.15.28:6789/0] conn(0x7f95b0075bc0 0x7f95b0110aa0 unknown :-1 s=HELLO_CONNECTING pgs=0 cs=0 l=1 rev1=1 crypto rx=0 tx=0 comp rx=0 tx=0).handle_hello peer v2:172.21.15.28:3300/0 says I am v2:172.21.15.28:48720/0 (socket says 172.21.15.28:48720)
2024-07-03T15:35:26.514 INFO:teuthology.orchestra.run.smithi028.stdout:/usr/bin/ceph: stderr
2024-07-03T15:35:25.781+0000 7f95b64d7640 1 -- 172.21.15.28:0/1822342845 learned_addr learned my addr 172.21.15.28:0/1822342845 (peer_addr_for_me v2:172.21.15.28:0/0)
2024-07-03T15:35:26.514 INFO:teuthology.orchestra.run.smithi028.stdout:/usr/bin/ceph: stderr
2024-07-03T15:35:25.781+0000 7f95b64d7640 1 -- 172.21.15.28:0/1822342845 --> [v2:172.21.15.28:3300/0,v1:172.21.15.28:6789/0] -- mon_subscribe({config=0+,monmap=0+}) v3 -- 0x7f95ac009450 con 0x7f95b0075bc0
2024-07-03T15:35:26.514 INFO:teuthology.orchestra.run.smithi028.stdout:/usr/bin/ceph: stderr
2024-07-03T15:35:25.781+0000 7f95b64d7640 1 --2- 172.21.15.28:0/1822342845 >> [v2:172.21.15.28:3300/0,v1:172.21.15.28:6789/0] conn(0x7f95b0075bc0 0x7f95b0110aa0 secure :-1 s=READY pgs=38 cs=0 l=1 rev1=1 crypto rx=0x7f95ac031b90 tx=0x7f95ac008040 comp rx=0 tx=0).ready entity=mon.0 client_cookie=0 server_cookie=0 in_seq=0 out_seq=0
2024-07-03T15:35:26.515 INFO:teuthology.orchestra.run.smithi028.stdout:/usr/bin/ceph: stderr
2024-07-03T15:35:25.781+0000 7f95a6ffd640 1 -- 172.21.15.28:0/1822342845 <== mon.0 v2:172.21.15.28:3300/0 1 ==== mon_map magic: 0 v1 ==== 229+0+0 (secure 0 0 0) 0x7f95ac0328b0 con 0x7f95b0075bc0
2024-07-03T15:35:26.515 INFO:teuthology.orchestra.run.smithi028.stdout:/usr/bin/ceph: stderr
2024-07-03T15:35:25.781+0000 7f95a6ffd640 1 -- 172.21.15.28:0/1822342845 <== mon.0 v2:172.21.15.28:3300/0 2 ==== config(27 keys) v1 ==== 1044+0+0 (secure 0 0 0) 0x7f95ac03d8e0 con 0x7f95b0075bc0
2024-07-03T15:35:26.515 INFO:teuthology.orchestra.run.smithi028.stdout:/usr/bin/ceph: stderr
2024-07-03T15:35:25.781+0000 7f95b873b640 1 -- 172.21.15.28:0/1822342845 --> [v2:172.21.15.28:3300/0,v1:172.21.15.28:6789/0] -- mon_subscribe({mgrmap=0+}) v3 -- 0x7f95b01111e0 con 0x7f95b0075bc0
2024-07-03T15:35:26.515 INFO:teuthology.orchestra.run.smithi028.stdout:/usr/bin/ceph: stderr
2024-07-03T15:35:25.781+0000 7f95a6ffd640 1 -- 172.21.15.28:0/1822342845 <== mon.0 v2:172.21.15.28:3300/0 3 ==== mon_map magic: 0 v1 ==== 229+0+0 (secure 0 0 0) 0x7f95ac03ba20 con 0x7f95b0075bc0
2024-07-03T15:35:26.515 INFO:teuthology.orchestra.run.smithi028.stdout:/usr/bin/ceph: stderr
2024-07-03T15:35:25.781+0000 7f95b873b640 1 -- 172.21.15.28:0/1822342845 --> [v2:172.21.15.28:3300/0,v1:172.21.15.28:6789/0] -- mon_subscribe({osdmap=0}) v3 -- 0x7f95b0111650 con 0x7f95b0075bc0
2024-07-03T15:35:26.515 INFO:teuthology.orchestra.run.smithi028.stdout:/usr/bin/ceph: stderr
2024-07-03T15:35:25.782+0000 7f95a6ffd640 1 -- 172.21.15.28:0/1822342845 <== mon.0 v2:172.21.15.28:3300/0 4 ==== mgrmap(e 8) v1 ==== 42636+0+0 (secure 0 0 0) 0x7f95ac039070 con 0x7f95b0075bc0
2024-07-03T15:35:26.515 INFO:teuthology.orchestra.run.smithi028.stdout:/usr/bin/ceph: stderr
2024-07-03T15:35:25.782+0000 7f95a6ffd640 1 --2- 172.21.15.28:0/1822342845 >> [v2:172.21.15.28:6800/1434683766,v1:172.21.15.28:6801/1434683766] conn(0x7f959c035780 0x7f959c037c30 unknown :-1 s=NONE pgs=0 cs=0 l=1 rev1=0 crypto rx=0 tx=0 comp rx=0 tx=0).connect
2024-07-03T15:35:26.515 INFO:teuthology.orchestra.run.smithi028.stdout:/usr/bin/ceph: stderr
2024-07-03T15:35:25.782+0000 7f95b873b640 1 -- 172.21.15.28:0/1822342845 --> [v2:172.21.15.28:3300/0,v1:172.21.15.28:6789/0] -- mon_command({"prefix": "get_command_descriptions"} v 0) v1 -- 0x7f95b004b530 con 0x7f95b0075bc0
2024-07-03T15:35:26.515 INFO:teuthology.orchestra.run.smithi028.stdout:/usr/bin/ceph: stderr
2024-07-03T15:35:25.782+0000 7f95a6ffd640 1 -- 172.21.15.28:0/1822342845 <== mon.0 v2:172.21.15.28:3300/0 5 ==== osd_map(2..2 src has 1..2) v4 ==== 936+0+0 (secure 0 0 0) 0x7f95ac068880 con 0x7f95b0075bc0
2024-07-03T15:35:26.515 INFO:teuthology.orchestra.run.smithi028.stdout:/usr/bin/ceph: stderr
2024-07-03T15:35:25.782+0000 7f95b5cd6640 1 --2- 172.21.15.28:0/1822342845 >> [v2:172.21.15.28:6800/1434683766,v1:172.21.15.28:6801/1434683766] conn(0x7f959c035780 0x7f959c037c30 unknown :-1 s=BANNER_CONNECTING pgs=0 cs=0 l=1 rev1=0 crypto rx=0 tx=0 comp rx=0 tx=0)._handle_peer_banner_payload supported=3 required=0
2024-07-03T15:35:26.515 INFO:teuthology.orchestra.run.smithi028.stdout:/usr/bin/ceph: stderr
2024-07-03T15:35:25.783+0000 7f95b5cd6640 1 --2- 172.21.15.28:0/1822342845 >> [v2:172.21.15.28:6800/1434683766,v1:172.21.15.28:6801/1434683766] conn(0x7f959c035780 0x7f959c037c30 secure :-1 s=READY pgs=8 cs=0 l=1 rev1=1 crypto rx=0x7f95a0006fd0 tx=0x7f95a0006db0 comp rx=0 tx=0).ready entity=mgr.14118 client_cookie=0 server_cookie=0 in_seq=0 out_seq=0
2024-07-03T15:35:26.515 INFO:teuthology.orchestra.run.smithi028.stdout:/usr/bin/ceph: stderr
2024-07-03T15:35:25.787+0000 7f95a6ffd640 1 -- 172.21.15.28:0/1822342845 <== mon.0 v2:172.21.15.28:3300/0 6 ==== mon_command_ack([{"prefix": "get_command_descriptions"}]=0 v0) v1 ==== 72+0+176702 (secure 0 0 0) 0x7f95ac03ca00 con 0x7f95b0075bc0
2024-07-03T15:35:26.515 INFO:teuthology.orchestra.run.smithi028.stdout:/usr/bin/ceph: stderr
2024-07-03T15:35:25.961+0000 7f95b873b640 1 -- 172.21.15.28:0/1822342845 --> [v2:172.21.15.28:6800/1434683766,v1:172.21.15.28:6801/1434683766] -- mgr_command(tid 0: {"prefix": "cephadm set-user", "user": "root", "target": ["mon-mgr", ""]}) v1 -- 0x7f95b0111650 con 0x7f959c035780
2024-07-03T15:35:26.516 INFO:teuthology.orchestra.run.smithi028.stdout:/usr/bin/ceph: stderr
2024-07-03T15:35:25.962+0000 7f95a6ffd640 1 -- 172.21.15.28:0/1822342845 <== mgr.14118 v2:172.21.15.28:6800/1434683766 1 ==== mgr_command_reply(tid 0: 0 ) v1 ==== 8+0+16 (secure 0 0 0) 0x7f95b0111650 con 0x7f959c035780
2024-07-03T15:35:26.516 INFO:teuthology.orchestra.run.smithi028.stdout:/usr/bin/ceph: stderr
2024-07-03T15:35:25.964+0000 7f95b873b640 1 -- 172.21.15.28:0/1822342845 >> [v2:172.21.15.28:6800/1434683766,v1:172.21.15.28:6801/1434683766] conn(0x7f959c035780 msgr2=0x7f959c037c30 secure :-1 s=STATE_CONNECTION_ESTABLISHED l=1).mark_down
2024-07-03T15:35:26.516 INFO:teuthology.orchestra.run.smithi028.stdout:/usr/bin/ceph: stderr
2024-07-03T15:35:25.964+0000 7f95b873b640 1 --2- 172.21.15.28:0/1822342845 >> [v2:172.21.15.28:6800/1434683766,v1:172.21.15.28:6801/1434683766] conn(0x7f959c035780 0x7f959c037c30 secure :-1 s=READY pgs=8 cs=0 l=1 rev1=1 crypto rx=0x7f95a0006fd0 tx=0x7f95a0006db0 comp rx=0 tx=0).stop
2024-07-03T15:35:26.516 INFO:teuthology.orchestra.run.smithi028.stdout:/usr/bin/ceph: stderr
2024-07-03T15:35:25.964+0000 7f95b873b640 1 -- 172.21.15.28:0/1822342845 >> [v2:172.21.15.28:3300/0,v1:172.21.15.28:6789/0] conn(0x7f95b0075bc0 msgr2=0x7f95b0110aa0 secure :-1 s=STATE_CONNECTION_ESTABLISHED l=1).mark_down
2024-07-03T15:35:26.516 INFO:teuthology.orchestra.run.smithi028.stdout:/usr/bin/ceph: stderr
2024-07-03T15:35:25.964+0000 7f95b873b640 1 --2- 172.21.15.28:0/1822342845 >> [v2:172.21.15.28:3300/0,v1:172.21.15.28:6789/0] conn(0x7f95b0075bc0 0x7f95b0110aa0 secure :-1 s=READY pgs=38 cs=0 l=1 rev1=1 crypto rx=0x7f95ac031b90 tx=0x7f95ac008040 comp rx=0 tx=0).stop
2024-07-03T15:35:26.516 INFO:teuthology.orchestra.run.smithi028.stdout:/usr/bin/ceph: stderr
2024-07-03T15:35:25.964+0000 7f95b873b640 1 -- 172.21.15.28:0/1822342845 shutdown_connections
2024-07-03T15:35:26.516 INFO:teuthology.orchestra.run.smithi028.stdout:/usr/bin/ceph: stderr
2024-07-03T15:35:25.964+0000 7f95b873b640 1 --2- 172.21.15.28:0/1822342845 >> [v2:172.21.15.28:6800/1434683766,v1:172.21.15.28:6801/1434683766] conn(0x7f959c035780 0x7f959c037c30 unknown :-1 s=CLOSED pgs=8 cs=0 l=1 rev1=1 crypto rx=0 tx=0 comp rx=0 tx=0).stop
2024-07-03T15:35:26.516 INFO:teuthology.orchestra.run.smithi028.stdout:/usr/bin/ceph: stderr
2024-07-03T15:35:25.964+0000 7f95b873b640 1 --2- 172.21.15.28:0/1822342845 >> [v2:172.21.15.28:3300/0,v1:172.21.15.28:6789/0] conn(0x7f95b0075bc0 0x7f95b0110aa0 unknown :-1 s=CLOSED pgs=38 cs=0 l=1 rev1=1 crypto rx=0 tx=0 comp rx=0 tx=0).stop
2024-07-03T15:35:26.516 INFO:teuthology.orchestra.run.smithi028.stdout:/usr/bin/ceph: stderr
2024-07-03T15:35:25.964+0000 7f95b873b640 1 -- 172.21.15.28:0/1822342845 >> 172.21.15.28:0/1822342845 conn(0x7f95b00fc4c0 msgr2=0x7f95b00fcf20 unknown :-1 s=STATE_NONE l=0).mark_down
2024-07-03T15:35:26.516 INFO:teuthology.orchestra.run.smithi028.stdout:/usr/bin/ceph: stderr
2024-07-03T15:35:25.964+0000 7f95b873b640 1 -- 172.21.15.28:0/1822342845 shutdown_connections
2024-07-03T15:35:26.516 INFO:teuthology.orchestra.run.smithi028.stdout:/usr/bin/ceph: stderr
2024-07-03T15:35:25.964+0000 7f95b873b640 1 -- 172.21.15.28:0/1822342845 wait complete.
2024-07-03T15:35:26.516 INFO:teuthology.orchestra.run.smithi028.stdout:Generating ssh key...
2024-07-03T15:35:26.870 INFO:journalctl@ceph.mon.smithi028.smithi028.stdout:Jul 03 15:35:26 smithi028 ceph-mon[29148]: [03/Jul/2024:15:35:25] ENGINE Bus STARTING
2024-07-03T15:35:26.870 INFO:journalctl@ceph.mon.smithi028.smithi028.stdout:Jul 03 15:35:26 smithi028 ceph-mon[29148]: [03/Jul/2024:15:35:25] ENGINE Serving on https://172.21.15.28:7150
2024-07-03T15:35:26.871 INFO:journalctl@ceph.mon.smithi028.smithi028.stdout:Jul 03 15:35:26 smithi028 ceph-mon[29148]: [03/Jul/2024:15:35:25] ENGINE Bus STARTED
2024-07-03T15:35:26.871 INFO:journalctl@ceph.mon.smithi028.smithi028.stdout:Jul 03 15:35:26 smithi028 ceph-mon[29148]: [03/Jul/2024:15:35:25] ENGINE Error in HTTPServer.serve
2024-07-03T15:35:26.871 INFO:journalctl@ceph.mon.smithi028.smithi028.stdout: Traceback (most recent call last):
2024-07-03T15:35:26.871 INFO:journalctl@ceph.mon.smithi028.smithi028.stdout: File "/lib/python3.9/site-packages/cheroot/server.py", line 1823, in serve
2024-07-03T15:35:26.871 INFO:journalctl@ceph.mon.smithi028.smithi028.stdout: self._connections.run(self.expiration_interval)
2024-07-03T15:35:26.871 INFO:journalctl@ceph.mon.smithi028.smithi028.stdout: File "/lib/python3.9/site-packages/cheroot/connections.py", line 203, in run
2024-07-03T15:35:26.871 INFO:journalctl@ceph.mon.smithi028.smithi028.stdout: self._run(expiration_interval)
2024-07-03T15:35:26.871 INFO:journalctl@ceph.mon.smithi028.smithi028.stdout: File "/lib/python3.9/site-packages/cheroot/connections.py", line 246, in _run
2024-07-03T15:35:26.871 INFO:journalctl@ceph.mon.smithi028.smithi028.stdout: new_conn = self._from_server_socket(self.server.socket)
2024-07-03T15:35:26.872 INFO:journalctl@ceph.mon.smithi028.smithi028.stdout: File "/lib/python3.9/site-packages/cheroot/connections.py", line 300, in _from_server_socket
2024-07-03T15:35:26.872 INFO:journalctl@ceph.mon.smithi028.smithi028.stdout: s, ssl_env = self.server.ssl_adapter.wrap(s)
2024-07-03T15:35:26.872 INFO:journalctl@ceph.mon.smithi028.smithi028.stdout: File "/lib/python3.9/site-packages/cheroot/ssl/builtin.py", line 277, in wrap
2024-07-03T15:35:26.872 INFO:journalctl@ceph.mon.smithi028.smithi028.stdout: s = self.context.wrap_socket(
2024-07-03T15:35:26.872 INFO:journalctl@ceph.mon.smithi028.smithi028.stdout: File "/lib64/python3.9/ssl.py", line 501, in wrap_socket
2024-07-03T15:35:26.872 INFO:journalctl@ceph.mon.smithi028.smithi028.stdout: return self.sslsocket_class._create(
2024-07-03T15:35:26.872 INFO:journalctl@ceph.mon.smithi028.smithi028.stdout: File "/lib64/python3.9/ssl.py", line 1074, in _create
2024-07-03T15:35:26.872 INFO:journalctl@ceph.mon.smithi028.smithi028.stdout: self.do_handshake()
2024-07-03T15:35:26.872 INFO:journalctl@ceph.mon.smithi028.smithi028.stdout: File "/lib64/python3.9/ssl.py", line 1343, in do_handshake
2024-07-03T15:35:26.872 INFO:journalctl@ceph.mon.smithi028.smithi028.stdout: self._sslobj.do_handshake()
2024-07-03T15:35:26.872 INFO:journalctl@ceph.mon.smithi028.smithi028.stdout: ssl.SSLZeroReturnError: TLS/SSL connection has been closed (EOF) (_ssl.c:1133)
2024-07-03T15:35:27.827 INFO:journalctl@ceph.mon.smithi028.smithi028.stdout:Jul 03 15:35:27 smithi028 ceph-mon[29148]: from='client.14132 -' entity='client.admin' cmd=[{"prefix": "cephadm set-user", "user": "root", "target": ["mon-mgr", ""]}]: dispatch
2024-07-03T15:35:27.827 INFO:journalctl@ceph.mon.smithi028.smithi028.stdout:Jul 03 15:35:27 smithi028 ceph-mon[29148]: from='mgr.14118 172.21.15.28:0/1044821505' entity='mgr.smithi028.vtqrtz'
2024-07-03T15:35:27.828 INFO:journalctl@ceph.mon.smithi028.smithi028.stdout:Jul 03 15:35:27 smithi028 ceph-mon[29148]: from='mgr.14118 172.21.15.28:0/1044821505' entity='mgr.smithi028.vtqrtz'
2024-07-03T15:35:27.835 INFO:teuthology.orchestra.run.smithi028.stdout:/usr/bin/ceph: stderr
2024-07-03T15:35:26.886+0000 7f8cbfc69640 1 Processor -- start
2024-07-03T15:35:27.835 INFO:teuthology.orchestra.run.smithi028.stdout:/usr/bin/ceph: stderr
2024-07-03T15:35:26.886+0000 7f8cbfc69640 1 -- start start
2024-07-03T15:35:27.835 INFO:teuthology.orchestra.run.smithi028.stdout:/usr/bin/ceph: stderr
2024-07-03T15:35:26.887+0000 7f8cbfc69640 1 --2- >> [v2:172.21.15.28:3300/0,v1:172.21.15.28:6789/0] conn(0x7f8cb8101e00 0x7f8cb8102210 unknown :-1 s=NONE pgs=0 cs=0 l=0 rev1=0 crypto rx=0 tx=0 comp rx=0 tx=0).connect
2024-07-03T15:35:27.835 INFO:teuthology.orchestra.run.smithi028.stdout:/usr/bin/ceph: stderr
2024-07-03T15:35:26.887+0000 7f8cbfc69640 1 -- --> [v2:172.21.15.28:3300/0,v1:172.21.15.28:6789/0] -- mon_getmap magic: 0 v1 -- 0x7f8cb8102750 con 0x7f8cb8101e00
2024-07-03T15:35:27.835 INFO:teuthology.orchestra.run.smithi028.stdout:/usr/bin/ceph: stderr
2024-07-03T15:35:26.887+0000 7f8cbda05640 1 --2- >> [v2:172.21.15.28:3300/0,v1:172.21.15.28:6789/0] conn(0x7f8cb8101e00 0x7f8cb8102210 unknown :-1 s=BANNER_CONNECTING pgs=0 cs=0 l=0 rev1=0 crypto rx=0 tx=0 comp rx=0 tx=0)._handle_peer_banner_payload supported=3 required=0
2024-07-03T15:35:27.835 INFO:teuthology.orchestra.run.smithi028.stdout:/usr/bin/ceph: stderr
2024-07-03T15:35:26.887+0000 7f8cbda05640 1 --2- >> [v2:172.21.15.28:3300/0,v1:172.21.15.28:6789/0] conn(0x7f8cb8101e00 0x7f8cb8102210 unknown :-1 s=HELLO_CONNECTING pgs=0 cs=0 l=0 rev1=1 crypto rx=0 tx=0 comp rx=0 tx=0).handle_hello peer v2:172.21.15.28:3300/0 says I am v2:172.21.15.28:48728/0 (socket says 172.21.15.28:48728)
2024-07-03T15:35:27.836 INFO:teuthology.orchestra.run.smithi028.stdout:/usr/bin/ceph: stderr
2024-07-03T15:35:26.887+0000 7f8cbda05640 1 -- 172.21.15.28:0/679522723 learned_addr learned my addr 172.21.15.28:0/679522723 (peer_addr_for_me v2:172.21.15.28:0/0)
2024-07-03T15:35:27.836 INFO:teuthology.orchestra.run.smithi028.stdout:/usr/bin/ceph: stderr
2024-07-03T15:35:26.887+0000 7f8cbda05640 1 -- 172.21.15.28:0/679522723 --> [v2:172.21.15.28:3300/0,v1:172.21.15.28:6789/0] -- mon_subscribe({config=0+,monmap=0+}) v3 -- 0x7f8cb8102890 con 0x7f8cb8101e00
2024-07-03T15:35:27.836 INFO:teuthology.orchestra.run.smithi028.stdout:/usr/bin/ceph: stderr
2024-07-03T15:35:26.888+0000 7f8cbda05640 1 --2- 172.21.15.28:0/679522723 >> [v2:172.21.15.28:3300/0,v1:172.21.15.28:6789/0] conn(0x7f8cb8101e00 0x7f8cb8102210 secure :-1 s=READY pgs=39 cs=0 l=1 rev1=1 crypto rx=0x7f8ca8009e50 tx=0x7f8ca8009840 comp rx=0 tx=0).ready entity=mon.0 client_cookie=5a00612735d4aed6 server_cookie=0 in_seq=0 out_seq=0
2024-07-03T15:35:27.836 INFO:teuthology.orchestra.run.smithi028.stdout:/usr/bin/ceph: stderr
2024-07-03T15:35:26.888+0000 7f8cbca03640 1 -- 172.21.15.28:0/679522723 <== mon.0 v2:172.21.15.28:3300/0 1 ==== mon_map magic: 0 v1 ==== 229+0+0 (secure 0 0 0) 0x7f8ca8031560 con 0x7f8cb8101e00
2024-07-03T15:35:27.836 INFO:teuthology.orchestra.run.smithi028.stdout:/usr/bin/ceph: stderr
2024-07-03T15:35:26.888+0000 7f8cbca03640 1 -- 172.21.15.28:0/679522723 <== mon.0 v2:172.21.15.28:3300/0 2 ==== config(27 keys) v1 ==== 1044+0+0 (secure 0 0 0) 0x7f8ca802d050 con 0x7f8cb8101e00
2024-07-03T15:35:27.836 INFO:teuthology.orchestra.run.smithi028.stdout:/usr/bin/ceph: stderr
2024-07-03T15:35:26.888+0000 7f8cbca03640 1 -- 172.21.15.28:0/679522723 <== mon.0 v2:172.21.15.28:3300/0 3 ==== mon_map magic: 0 v1 ==== 229+0+0 (secure 0 0 0) 0x7f8ca8007a50 con 0x7f8cb8101e00
2024-07-03T15:35:27.836 INFO:teuthology.orchestra.run.smithi028.stdout:/usr/bin/ceph: stderr
2024-07-03T15:35:26.889+0000 7f8cbfc69640 1 -- 172.21.15.28:0/679522723 >> [v2:172.21.15.28:3300/0,v1:172.21.15.28:6789/0] conn(0x7f8cb8101e00 msgr2=0x7f8cb8102210 secure :-1 s=STATE_CONNECTION_ESTABLISHED l=1).mark_down
2024-07-03T15:35:27.836 INFO:teuthology.orchestra.run.smithi028.stdout:/usr/bin/ceph: stderr
2024-07-03T15:35:26.889+0000 7f8cbfc69640 1 --2- 172.21.15.28:0/679522723 >> [v2:172.21.15.28:3300/0,v1:172.21.15.28:6789/0] conn(0x7f8cb8101e00 0x7f8cb8102210 secure :-1 s=READY pgs=39 cs=0 l=1 rev1=1 crypto rx=0x7f8ca8009e50 tx=0x7f8ca8009840 comp rx=0 tx=0).stop
2024-07-03T15:35:27.836 INFO:teuthology.orchestra.run.smithi028.stdout:/usr/bin/ceph: stderr
2024-07-03T15:35:26.889+0000 7f8cbfc69640 1 -- 172.21.15.28:0/679522723 shutdown_connections
2024-07-03T15:35:27.836 INFO:teuthology.orchestra.run.smithi028.stdout:/usr/bin/ceph: stderr
2024-07-03T15:35:26.889+0000 7f8cbfc69640 1 --2- 172.21.15.28:0/679522723 >> [v2:172.21.15.28:3300/0,v1:172.21.15.28:6789/0] conn(0x7f8cb8101e00 0x7f8cb8102210 unknown :-1 s=CLOSED pgs=39 cs=0 l=1 rev1=1 crypto rx=0 tx=0 comp rx=0 tx=0).stop
2024-07-03T15:35:27.836 INFO:teuthology.orchestra.run.smithi028.stdout:/usr/bin/ceph: stderr
2024-07-03T15:35:26.889+0000 7f8cbfc69640 1 -- 172.21.15.28:0/679522723 >> 172.21.15.28:0/679522723 conn(0x7f8cb80fd5a0 msgr2=0x7f8cb80ff9b0 unknown :-1 s=STATE_NONE l=0).mark_down
2024-07-03T15:35:27.836 INFO:teuthology.orchestra.run.smithi028.stdout:/usr/bin/ceph: stderr
2024-07-03T15:35:26.889+0000 7f8cbfc69640 1 -- 172.21.15.28:0/679522723 shutdown_connections
2024-07-03T15:35:27.836 INFO:teuthology.orchestra.run.smithi028.stdout:/usr/bin/ceph: stderr
2024-07-03T15:35:26.889+0000 7f8cbfc69640 1 -- 172.21.15.28:0/679522723 wait complete.
2024-07-03T15:35:27.837 INFO:teuthology.orchestra.run.smithi028.stdout:/usr/bin/ceph: stderr
2024-07-03T15:35:26.889+0000 7f8cbfc69640 1 Processor -- start
2024-07-03T15:35:27.837 INFO:teuthology.orchestra.run.smithi028.stdout:/usr/bin/ceph: stderr
2024-07-03T15:35:26.889+0000 7f8cbfc69640 1 -- start start
2024-07-03T15:35:27.837 INFO:teuthology.orchestra.run.smithi028.stdout:/usr/bin/ceph: stderr
2024-07-03T15:35:26.890+0000 7f8cbfc69640 1 --2- >> [v2:172.21.15.28:3300/0,v1:172.21.15.28:6789/0] conn(0x7f8cb8101e00 0x7f8cb8110b10 unknown :-1 s=NONE pgs=0 cs=0 l=1 rev1=0 crypto rx=0 tx=0 comp rx=0 tx=0).connect
2024-07-03T15:35:27.837 INFO:teuthology.orchestra.run.smithi028.stdout:/usr/bin/ceph: stderr
2024-07-03T15:35:26.890+0000 7f8cbfc69640 1 -- --> [v2:172.21.15.28:3300/0,v1:172.21.15.28:6789/0] -- mon_getmap magic: 0 v1 -- 0x7f8cb8111050 con 0x7f8cb8101e00
2024-07-03T15:35:27.837 INFO:teuthology.orchestra.run.smithi028.stdout:/usr/bin/ceph: stderr
2024-07-03T15:35:26.890+0000 7f8cbda05640 1 --2- >> [v2:172.21.15.28:3300/0,v1:172.21.15.28:6789/0] conn(0x7f8cb8101e00 0x7f8cb8110b10 unknown :-1 s=BANNER_CONNECTING pgs=0 cs=0 l=1 rev1=0 crypto rx=0 tx=0 comp rx=0 tx=0)._handle_peer_banner_payload supported=3 required=0
2024-07-03T15:35:27.837 INFO:teuthology.orchestra.run.smithi028.stdout:/usr/bin/ceph: stderr
2024-07-03T15:35:26.890+0000 7f8cbda05640 1 --2- >> [v2:172.21.15.28:3300/0,v1:172.21.15.28:6789/0] conn(0x7f8cb8101e00 0x7f8cb8110b10 unknown :-1 s=HELLO_CONNECTING pgs=0 cs=0 l=1 rev1=1 crypto rx=0 tx=0 comp rx=0 tx=0).handle_hello peer v2:172.21.15.28:3300/0 says I am v2:172.21.15.28:48730/0 (socket says 172.21.15.28:48730)
2024-07-03T15:35:27.837 INFO:teuthology.orchestra.run.smithi028.stdout:/usr/bin/ceph: stderr
2024-07-03T15:35:26.890+0000 7f8cbda05640 1 -- 172.21.15.28:0/3210934936 learned_addr learned my addr 172.21.15.28:0/3210934936 (peer_addr_for_me v2:172.21.15.28:0/0)
2024-07-03T15:35:27.837 INFO:teuthology.orchestra.run.smithi028.stdout:/usr/bin/ceph: stderr
2024-07-03T15:35:26.890+0000 7f8cbda05640 1 -- 172.21.15.28:0/3210934936 --> [v2:172.21.15.28:3300/0,v1:172.21.15.28:6789/0] -- mon_subscribe({config=0+,monmap=0+}) v3 -- 0x7f8ca8009ae0 con 0x7f8cb8101e00
2024-07-03T15:35:27.837 INFO:teuthology.orchestra.run.smithi028.stdout:/usr/bin/ceph: stderr
2024-07-03T15:35:26.890+0000 7f8cbda05640 1 --2- 172.21.15.28:0/3210934936 >> [v2:172.21.15.28:3300/0,v1:172.21.15.28:6789/0] conn(0x7f8cb8101e00 0x7f8cb8110b10 secure :-1 s=READY pgs=40 cs=0 l=1 rev1=1 crypto rx=0x7f8ca80319b0 tx=0x7f8ca8009840 comp rx=0 tx=0).ready entity=mon.0 client_cookie=0 server_cookie=0 in_seq=0 out_seq=0
2024-07-03T15:35:27.837 INFO:teuthology.orchestra.run.smithi028.stdout:/usr/bin/ceph: stderr
2024-07-03T15:35:26.890+0000 7f8cb67fc640 1 -- 172.21.15.28:0/3210934936 <== mon.0 v2:172.21.15.28:3300/0 1 ==== mon_map magic: 0 v1 ==== 229+0+0 (secure 0 0 0) 0x7f8ca8031df0 con 0x7f8cb8101e00
2024-07-03T15:35:27.837 INFO:teuthology.orchestra.run.smithi028.stdout:/usr/bin/ceph: stderr
2024-07-03T15:35:26.890+0000 7f8cb67fc640 1 -- 172.21.15.28:0/3210934936 <== mon.0 v2:172.21.15.28:3300/0 2 ==== config(27 keys) v1 ==== 1044+0+0 (secure 0 0 0) 0x7f8ca80458c0 con 0x7f8cb8101e00
2024-07-03T15:35:27.837 INFO:teuthology.orchestra.run.smithi028.stdout:/usr/bin/ceph: stderr
2024-07-03T15:35:26.890+0000 7f8cbfc69640 1 -- 172.21.15.28:0/3210934936 --> [v2:172.21.15.28:3300/0,v1:172.21.15.28:6789/0] -- mon_subscribe({mgrmap=0+}) v3 -- 0x7f8cb8111250 con 0x7f8cb8101e00
2024-07-03T15:35:27.837 INFO:teuthology.orchestra.run.smithi028.stdout:/usr/bin/ceph: stderr
2024-07-03T15:35:26.890+0000 7f8cb67fc640 1 -- 172.21.15.28:0/3210934936 <== mon.0 v2:172.21.15.28:3300/0 3 ==== mon_map magic: 0 v1 ==== 229+0+0 (secure 0 0 0) 0x7f8ca803a8c0 con 0x7f8cb8101e00
2024-07-03T15:35:27.837 INFO:teuthology.orchestra.run.smithi028.stdout:/usr/bin/ceph: stderr
2024-07-03T15:35:26.890+0000 7f8cbfc69640 1 -- 172.21.15.28:0/3210934936 --> [v2:172.21.15.28:3300/0,v1:172.21.15.28:6789/0] -- mon_subscribe({osdmap=0}) v3 -- 0x7f8cb81116c0 con 0x7f8cb8101e00
2024-07-03T15:35:27.837 INFO:teuthology.orchestra.run.smithi028.stdout:/usr/bin/ceph: stderr
2024-07-03T15:35:26.891+0000 7f8cb67fc640 1 -- 172.21.15.28:0/3210934936 <== mon.0 v2:172.21.15.28:3300/0 4 ==== mgrmap(e 8) v1 ==== 42636+0+0 (secure 0 0 0) 0x7f8ca8038040 con 0x7f8cb8101e00
2024-07-03T15:35:27.838 INFO:teuthology.orchestra.run.smithi028.stdout:/usr/bin/ceph: stderr
2024-07-03T15:35:26.892+0000 7f8cb67fc640 1 --2- 172.21.15.28:0/3210934936 >> [v2:172.21.15.28:6800/1434683766,v1:172.21.15.28:6801/1434683766] conn(0x7f8ca00357d0 0x7f8ca0037c80 unknown :-1 s=NONE pgs=0 cs=0 l=1 rev1=0 crypto rx=0 tx=0 comp rx=0 tx=0).connect
2024-07-03T15:35:27.838 INFO:teuthology.orchestra.run.smithi028.stdout:/usr/bin/ceph: stderr
2024-07-03T15:35:26.892+0000 7f8cbfc69640 1 -- 172.21.15.28:0/3210934936 --> [v2:172.21.15.28:3300/0,v1:172.21.15.28:6789/0] -- mon_command({"prefix": "get_command_descriptions"} v 0) v1 -- 0x7f8cb804b530 con 0x7f8cb8101e00
2024-07-03T15:35:27.838 INFO:teuthology.orchestra.run.smithi028.stdout:/usr/bin/ceph: stderr
2024-07-03T15:35:26.892+0000 7f8cb67fc640 1 -- 172.21.15.28:0/3210934936 <== mon.0 v2:172.21.15.28:3300/0 5 ==== osd_map(2..2 src has 1..2) v4 ==== 936+0+0 (secure 0 0 0) 0x7f8ca8040030 con 0x7f8cb8101e00
2024-07-03T15:35:27.838 INFO:teuthology.orchestra.run.smithi028.stdout:/usr/bin/ceph: stderr
2024-07-03T15:35:26.892+0000 7f8cbd204640 1 --2- 172.21.15.28:0/3210934936 >> [v2:172.21.15.28:6800/1434683766,v1:172.21.15.28:6801/1434683766] conn(0x7f8ca00357d0 0x7f8ca0037c80 unknown :-1 s=BANNER_CONNECTING pgs=0 cs=0 l=1 rev1=0 crypto rx=0 tx=0 comp rx=0 tx=0)._handle_peer_banner_payload supported=3 required=0
2024-07-03T15:35:27.838 INFO:teuthology.orchestra.run.smithi028.stdout:/usr/bin/ceph: stderr
2024-07-03T15:35:26.892+0000 7f8cbd204640 1 --2- 172.21.15.28:0/3210934936 >> [v2:172.21.15.28:6800/1434683766,v1:172.21.15.28:6801/1434683766] conn(0x7f8ca00357d0 0x7f8ca0037c80 secure :-1 s=READY pgs=9 cs=0 l=1 rev1=1 crypto rx=0x7f8cac006fd0 tx=0x7f8cac006db0 comp rx=0 tx=0).ready entity=mgr.14118 client_cookie=0 server_cookie=0 in_seq=0 out_seq=0
2024-07-03T15:35:27.838 INFO:teuthology.orchestra.run.smithi028.stdout:/usr/bin/ceph: stderr
2024-07-03T15:35:26.896+0000 7f8cb67fc640 1 -- 172.21.15.28:0/3210934936 <== mon.0 v2:172.21.15.28:3300/0 6 ==== mon_command_ack([{"prefix": "get_command_descriptions"}]=0 v0) v1 ==== 72+0+176702 (secure 0 0 0) 0x7f8ca8036070 con 0x7f8cb8101e00
2024-07-03T15:35:27.838 INFO:teuthology.orchestra.run.smithi028.stdout:/usr/bin/ceph: stderr
2024-07-03T15:35:27.072+0000 7f8cbfc69640 1 -- 172.21.15.28:0/3210934936 --> [v2:172.21.15.28:6800/1434683766,v1:172.21.15.28:6801/1434683766] -- mgr_command(tid 0: {"prefix": "cephadm generate-key", "target": ["mon-mgr", ""]}) v1 -- 0x7f8cb80fe790 con 0x7f8ca00357d0
2024-07-03T15:35:27.838 INFO:teuthology.orchestra.run.smithi028.stdout:/usr/bin/ceph: stderr
2024-07-03T15:35:27.208+0000 7f8cb67fc640 1 -- 172.21.15.28:0/3210934936 <== mgr.14118 v2:172.21.15.28:6800/1434683766 1 ==== mgr_command_reply(tid 0: 0 ) v1 ==== 8+0+0 (secure 0 0 0) 0x7f8cb80fe790 con 0x7f8ca00357d0
2024-07-03T15:35:27.838 INFO:teuthology.orchestra.run.smithi028.stdout:/usr/bin/ceph: stderr
2024-07-03T15:35:27.210+0000 7f8cbfc69640 1 -- 172.21.15.28:0/3210934936 >> [v2:172.21.15.28:6800/1434683766,v1:172.21.15.28:6801/1434683766] conn(0x7f8ca00357d0 msgr2=0x7f8ca0037c80 secure :-1 s=STATE_CONNECTION_ESTABLISHED l=1).mark_down
2024-07-03T15:35:27.838 INFO:teuthology.orchestra.run.smithi028.stdout:/usr/bin/ceph: stderr
2024-07-03T15:35:27.210+0000 7f8cbfc69640 1 --2- 172.21.15.28:0/3210934936 >> [v2:172.21.15.28:6800/1434683766,v1:172.21.15.28:6801/1434683766] conn(0x7f8ca00357d0 0x7f8ca0037c80 secure :-1 s=READY pgs=9 cs=0 l=1 rev1=1 crypto rx=0x7f8cac006fd0 tx=0x7f8cac006db0 comp rx=0 tx=0).stop
2024-07-03T15:35:27.838 INFO:teuthology.orchestra.run.smithi028.stdout:/usr/bin/ceph: stderr
2024-07-03T15:35:27.210+0000 7f8cbfc69640 1 -- 172.21.15.28:0/3210934936 >> [v2:172.21.15.28:3300/0,v1:172.21.15.28:6789/0] conn(0x7f8cb8101e00 msgr2=0x7f8cb8110b10 secure :-1 s=STATE_CONNECTION_ESTABLISHED l=1).mark_down
2024-07-03T15:35:27.838 INFO:teuthology.orchestra.run.smithi028.stdout:/usr/bin/ceph: stderr
2024-07-03T15:35:27.210+0000 7f8cbfc69640 1 --2- 172.21.15.28:0/3210934936 >> [v2:172.21.15.28:3300/0,v1:172.21.15.28:6789/0] conn(0x7f8cb8101e00 0x7f8cb8110b10 secure :-1 s=READY pgs=40 cs=0 l=1 rev1=1 crypto rx=0x7f8ca80319b0 tx=0x7f8ca8009840 comp rx=0 tx=0).stop
2024-07-03T15:35:27.839 INFO:teuthology.orchestra.run.smithi028.stdout:/usr/bin/ceph: stderr
2024-07-03T15:35:27.210+0000 7f8cbfc69640 1 -- 172.21.15.28:0/3210934936 shutdown_connections
2024-07-03T15:35:27.839 INFO:teuthology.orchestra.run.smithi028.stdout:/usr/bin/ceph: stderr
2024-07-03T15:35:27.210+0000 7f8cbfc69640 1 --2- 172.21.15.28:0/3210934936 >> [v2:172.21.15.28:6800/1434683766,v1:172.21.15.28:6801/1434683766] conn(0x7f8ca00357d0 0x7f8ca0037c80 unknown :-1 s=CLOSED pgs=9 cs=0 l=1 rev1=1 crypto rx=0 tx=0 comp rx=0 tx=0).stop
2024-07-03T15:35:27.839 INFO:teuthology.orchestra.run.smithi028.stdout:/usr/bin/ceph: stderr
2024-07-03T15:35:27.210+0000 7f8cbfc69640 1 --2- 172.21.15.28:0/3210934936 >> [v2:172.21.15.28:3300/0,v1:172.21.15.28:6789/0] conn(0x7f8cb8101e00 0x7f8cb8110b10 unknown :-1 s=CLOSED pgs=40 cs=0 l=1 rev1=1 crypto rx=0 tx=0 comp rx=0 tx=0).stop
2024-07-03T15:35:27.839 INFO:teuthology.orchestra.run.smithi028.stdout:/usr/bin/ceph: stderr
2024-07-03T15:35:27.210+0000 7f8cbfc69640 1 -- 172.21.15.28:0/3210934936 >> 172.21.15.28:0/3210934936 conn(0x7f8cb80fd5a0 msgr2=0x7f8cb80fe080 unknown :-1 s=STATE_NONE l=0).mark_down
2024-07-03T15:35:27.839 INFO:teuthology.orchestra.run.smithi028.stdout:/usr/bin/ceph: stderr
2024-07-03T15:35:27.210+0000 7f8cbfc69640 1 -- 172.21.15.28:0/3210934936 shutdown_connections
2024-07-03T15:35:27.839 INFO:teuthology.orchestra.run.smithi028.stdout:/usr/bin/ceph: stderr
2024-07-03T15:35:27.210+0000 7f8cbfc69640 1 -- 172.21.15.28:0/3210934936 wait complete.
2024-07-03T15:35:28.725 INFO:journalctl@ceph.mon.smithi028.smithi028.stdout:Jul 03 15:35:28 smithi028 ceph-mon[29148]: from='client.14134 -' entity='client.admin' cmd=[{"prefix": "cephadm generate-key", "target": ["mon-mgr", ""]}]: dispatch
2024-07-03T15:35:28.725 INFO:journalctl@ceph.mon.smithi028.smithi028.stdout:Jul 03 15:35:28 smithi028 ceph-mon[29148]: Generating ssh key...
2024-07-03T15:35:28.960 INFO:teuthology.orchestra.run.smithi028.stdout:/usr/bin/ceph: stdout ssh-rsa AAAAB3NzaC1yc2EAAAADAQABAAABgQC24c+XU+Lshmz+j874Ll8PTloFWBz8f0ABEbHIdykRz/iEUS4PW+lmBvDfVTjpORnMQtrvUURCCXuMG1isTWUX/0oZpHFq9Zw/W60bUSAWT4x0Jn/rGaHpToLFVpPnVkFgM2CtlTnYAKAlzQf4TKyRUX2fpxewU21sh12iizjpZ26ccGsUOvy4WbldyfuLo67Fghs04dA3bd4AwrcDlgWzzRxrnxuzpQTkTAa5Bi4jKVJrMgK7SZFD/AoAWgyMCYPHUpGHJ1nwTbNSuBoxPg+z4fH2qnRk+N6mWNykT1VK+NU1rGOqqmB8hHHhWazIHrTrhDu06ApWgrHfzVfv+YFF+cLD37L9Twx9T4wjFncJSiXTnPLnFYN3Wx7ejwsDqf+CBFqsknQIfiBlOYPDt2Vum7UzL+sCUjUIC629QxVzbGr7j8vzBw3Zl9oxZ3TJaWjinK5H+w5vufhIJ1/puk/bDN/MQdN/phfcrsRXmdpYLRqnaGywBQytVe39diTldAE= ceph-a85e4be6-3951-11ef-bcab-c7b262605968
2024-07-03T15:35:28.961 INFO:teuthology.orchestra.run.smithi028.stdout:/usr/bin/ceph: stderr
2024-07-03T15:35:28.224+0000 7f9ba4186640 1 Processor -- start
2024-07-03T15:35:28.961 INFO:teuthology.orchestra.run.smithi028.stdout:/usr/bin/ceph: stderr
2024-07-03T15:35:28.224+0000 7f9ba4186640 1 -- start start
2024-07-03T15:35:28.961 INFO:teuthology.orchestra.run.smithi028.stdout:/usr/bin/ceph: stderr
2024-07-03T15:35:28.224+0000 7f9ba4186640 1 --2- >> [v2:172.21.15.28:3300/0,v1:172.21.15.28:6789/0] conn(0x7f9b9c101e00 0x7f9b9c102210 unknown :-1 s=NONE pgs=0 cs=0 l=0 rev1=0 crypto rx=0 tx=0 comp rx=0 tx=0).connect
2024-07-03T15:35:28.961 INFO:teuthology.orchestra.run.smithi028.stdout:/usr/bin/ceph: stderr
2024-07-03T15:35:28.224+0000 7f9ba4186640 1 -- --> [v2:172.21.15.28:3300/0,v1:172.21.15.28:6789/0] -- mon_getmap magic: 0 v1 -- 0x7f9b9c102750 con 0x7f9b9c101e00
2024-07-03T15:35:28.961 INFO:teuthology.orchestra.run.smithi028.stdout:/usr/bin/ceph: stderr
2024-07-03T15:35:28.225+0000 7f9ba1f22640 1 --2- >> [v2:172.21.15.28:3300/0,v1:172.21.15.28:6789/0] conn(0x7f9b9c101e00 0x7f9b9c102210 unknown :-1 s=BANNER_CONNECTING pgs=0 cs=0 l=0 rev1=0 crypto rx=0 tx=0 comp rx=0 tx=0)._handle_peer_banner_payload supported=3 required=0
2024-07-03T15:35:28.961 INFO:teuthology.orchestra.run.smithi028.stdout:/usr/bin/ceph: stderr
2024-07-03T15:35:28.225+0000 7f9ba1f22640 1 --2- >> [v2:172.21.15.28:3300/0,v1:172.21.15.28:6789/0] conn(0x7f9b9c101e00 0x7f9b9c102210 unknown :-1 s=HELLO_CONNECTING pgs=0 cs=0 l=0 rev1=1 crypto rx=0 tx=0 comp rx=0 tx=0).handle_hello peer v2:172.21.15.28:3300/0 says I am v2:172.21.15.28:48744/0 (socket says 172.21.15.28:48744)
2024-07-03T15:35:28.961 INFO:teuthology.orchestra.run.smithi028.stdout:/usr/bin/ceph: stderr
2024-07-03T15:35:28.225+0000 7f9ba1f22640 1 -- 172.21.15.28:0/314056914 learned_addr learned my addr 172.21.15.28:0/314056914 (peer_addr_for_me v2:172.21.15.28:0/0)
2024-07-03T15:35:28.961 INFO:teuthology.orchestra.run.smithi028.stdout:/usr/bin/ceph: stderr
2024-07-03T15:35:28.225+0000 7f9ba1f22640 1 -- 172.21.15.28:0/314056914 --> [v2:172.21.15.28:3300/0,v1:172.21.15.28:6789/0] -- mon_subscribe({config=0+,monmap=0+}) v3 -- 0x7f9b9c102890 con 0x7f9b9c101e00
2024-07-03T15:35:28.961 INFO:teuthology.orchestra.run.smithi028.stdout:/usr/bin/ceph: stderr
2024-07-03T15:35:28.226+0000 7f9ba1f22640 1 --2- 172.21.15.28:0/314056914 >> [v2:172.21.15.28:3300/0,v1:172.21.15.28:6789/0] conn(0x7f9b9c101e00 0x7f9b9c102210 secure :-1 s=READY pgs=41 cs=0 l=1 rev1=1 crypto rx=0x7f9b94009840 tx=0x7f9b940091d0 comp rx=0 tx=0).ready entity=mon.0 client_cookie=86afb8ffda788e0d server_cookie=0 in_seq=0 out_seq=0
2024-07-03T15:35:28.961 INFO:teuthology.orchestra.run.smithi028.stdout:/usr/bin/ceph: stderr
2024-07-03T15:35:28.226+0000 7f9ba0f20640 1 -- 172.21.15.28:0/314056914 <== mon.0 v2:172.21.15.28:3300/0 1 ==== mon_map magic: 0 v1 ==== 229+0+0 (secure 0 0 0) 0x7f9b94032440 con 0x7f9b9c101e00
2024-07-03T15:35:28.961 INFO:teuthology.orchestra.run.smithi028.stdout:/usr/bin/ceph: stderr
2024-07-03T15:35:28.226+0000 7f9ba0f20640 1 -- 172.21.15.28:0/314056914 <== mon.0 v2:172.21.15.28:3300/0 2 ==== config(27 keys) v1 ==== 1044+0+0 (secure 0 0 0) 0x7f9b94032a30 con 0x7f9b9c101e00
2024-07-03T15:35:28.961 INFO:teuthology.orchestra.run.smithi028.stdout:/usr/bin/ceph: stderr
2024-07-03T15:35:28.226+0000 7f9ba0f20640 1 -- 172.21.15.28:0/314056914 <== mon.0 v2:172.21.15.28:3300/0 3 ==== mon_map magic: 0 v1 ==== 229+0+0 (secure 0 0 0) 0x7f9b94031ad0 con 0x7f9b9c101e00
2024-07-03T15:35:28.961 INFO:teuthology.orchestra.run.smithi028.stdout:/usr/bin/ceph: stderr
2024-07-03T15:35:28.226+0000 7f9ba4186640 1 -- 172.21.15.28:0/314056914 >> [v2:172.21.15.28:3300/0,v1:172.21.15.28:6789/0] conn(0x7f9b9c101e00 msgr2=0x7f9b9c102210 secure :-1 s=STATE_CONNECTION_ESTABLISHED l=1).mark_down
2024-07-03T15:35:28.962 INFO:teuthology.orchestra.run.smithi028.stdout:/usr/bin/ceph: stderr
2024-07-03T15:35:28.226+0000 7f9ba4186640 1 --2- 172.21.15.28:0/314056914 >> [v2:172.21.15.28:3300/0,v1:172.21.15.28:6789/0] conn(0x7f9b9c101e00 0x7f9b9c102210 secure :-1 s=READY pgs=41 cs=0 l=1 rev1=1 crypto rx=0x7f9b94009840 tx=0x7f9b940091d0 comp rx=0 tx=0).stop
2024-07-03T15:35:28.962 INFO:teuthology.orchestra.run.smithi028.stdout:/usr/bin/ceph: stderr
2024-07-03T15:35:28.226+0000 7f9ba4186640 1 -- 172.21.15.28:0/314056914 shutdown_connections
2024-07-03T15:35:28.962 INFO:teuthology.orchestra.run.smithi028.stdout:/usr/bin/ceph: stderr
2024-07-03T15:35:28.226+0000 7f9ba4186640 1 --2- 172.21.15.28:0/314056914 >> [v2:172.21.15.28:3300/0,v1:172.21.15.28:6789/0] conn(0x7f9b9c101e00 0x7f9b9c102210 unknown :-1 s=CLOSED pgs=41 cs=0 l=1 rev1=1 crypto rx=0 tx=0 comp rx=0 tx=0).stop
2024-07-03T15:35:28.962 INFO:teuthology.orchestra.run.smithi028.stdout:/usr/bin/ceph: stderr
2024-07-03T15:35:28.226+0000 7f9ba4186640 1 -- 172.21.15.28:0/314056914 >> 172.21.15.28:0/314056914 conn(0x7f9b9c0fd5a0 msgr2=0x7f9b9c0ff9b0 unknown :-1 s=STATE_NONE l=0).mark_down
2024-07-03T15:35:28.962 INFO:teuthology.orchestra.run.smithi028.stdout:/usr/bin/ceph: stderr
2024-07-03T15:35:28.227+0000 7f9ba4186640 1 -- 172.21.15.28:0/314056914 shutdown_connections
2024-07-03T15:35:28.962 INFO:teuthology.orchestra.run.smithi028.stdout:/usr/bin/ceph: stderr
2024-07-03T15:35:28.227+0000 7f9ba4186640 1 -- 172.21.15.28:0/314056914 wait complete.
2024-07-03T15:35:28.962 INFO:teuthology.orchestra.run.smithi028.stdout:/usr/bin/ceph: stderr
2024-07-03T15:35:28.227+0000 7f9ba4186640 1 Processor -- start
2024-07-03T15:35:28.962 INFO:teuthology.orchestra.run.smithi028.stdout:/usr/bin/ceph: stderr
2024-07-03T15:35:28.227+0000 7f9ba4186640 1 -- start start
2024-07-03T15:35:28.962 INFO:teuthology.orchestra.run.smithi028.stdout:/usr/bin/ceph: stderr
2024-07-03T15:35:28.227+0000 7f9ba4186640 1 --2- >> [v2:172.21.15.28:3300/0,v1:172.21.15.28:6789/0] conn(0x7f9b9c101e00 0x7f9b9c110a90 unknown :-1 s=NONE pgs=0 cs=0 l=1 rev1=0 crypto rx=0 tx=0 comp rx=0 tx=0).connect
2024-07-03T15:35:28.962 INFO:teuthology.orchestra.run.smithi028.stdout:/usr/bin/ceph: stderr
2024-07-03T15:35:28.227+0000 7f9ba4186640 1 -- --> [v2:172.21.15.28:3300/0,v1:172.21.15.28:6789/0] -- mon_getmap magic: 0 v1 -- 0x7f9b9c110fd0 con 0x7f9b9c101e00
2024-07-03T15:35:28.962 INFO:teuthology.orchestra.run.smithi028.stdout:/usr/bin/ceph: stderr
2024-07-03T15:35:28.227+0000 7f9ba1f22640 1 --2- >> [v2:172.21.15.28:3300/0,v1:172.21.15.28:6789/0] conn(0x7f9b9c101e00 0x7f9b9c110a90 unknown :-1 s=BANNER_CONNECTING pgs=0 cs=0 l=1 rev1=0 crypto rx=0 tx=0 comp rx=0 tx=0)._handle_peer_banner_payload supported=3 required=0
2024-07-03T15:35:28.962 INFO:teuthology.orchestra.run.smithi028.stdout:/usr/bin/ceph: stderr
2024-07-03T15:35:28.227+0000 7f9ba1f22640 1 --2- >> [v2:172.21.15.28:3300/0,v1:172.21.15.28:6789/0] conn(0x7f9b9c101e00 0x7f9b9c110a90 unknown :-1 s=HELLO_CONNECTING pgs=0 cs=0 l=1 rev1=1 crypto rx=0 tx=0 comp rx=0 tx=0).handle_hello peer v2:172.21.15.28:3300/0 says I am v2:172.21.15.28:48758/0 (socket says 172.21.15.28:48758)
2024-07-03T15:35:28.962 INFO:teuthology.orchestra.run.smithi028.stdout:/usr/bin/ceph: stderr
2024-07-03T15:35:28.227+0000 7f9ba1f22640 1 -- 172.21.15.28:0/1911475075 learned_addr learned my addr 172.21.15.28:0/1911475075 (peer_addr_for_me v2:172.21.15.28:0/0)
2024-07-03T15:35:28.963 INFO:teuthology.orchestra.run.smithi028.stdout:/usr/bin/ceph: stderr
2024-07-03T15:35:28.228+0000 7f9ba1f22640 1 -- 172.21.15.28:0/1911475075 --> [v2:172.21.15.28:3300/0,v1:172.21.15.28:6789/0] -- mon_subscribe({config=0+,monmap=0+}) v3 -- 0x7f9b94009450 con 0x7f9b9c101e00
2024-07-03T15:35:28.963 INFO:teuthology.orchestra.run.smithi028.stdout:/usr/bin/ceph: stderr
2024-07-03T15:35:28.228+0000 7f9ba1f22640 1 --2- 172.21.15.28:0/1911475075 >> [v2:172.21.15.28:3300/0,v1:172.21.15.28:6789/0] conn(0x7f9b9c101e00 0x7f9b9c110a90 secure :-1 s=READY pgs=42 cs=0 l=1 rev1=1 crypto rx=0x7f9b94009420 tx=0x7f9b94008040 comp rx=0 tx=0).ready entity=mon.0 client_cookie=0 server_cookie=0 in_seq=0 out_seq=0
2024-07-03T15:35:28.963 INFO:teuthology.orchestra.run.smithi028.stdout:/usr/bin/ceph: stderr
2024-07-03T15:35:28.228+0000 7f9b9a7fc640 1 -- 172.21.15.28:0/1911475075 <== mon.0 v2:172.21.15.28:3300/0 1 ==== mon_map magic: 0 v1 ==== 229+0+0 (secure 0 0 0) 0x7f9b9403d5b0 con 0x7f9b9c101e00
2024-07-03T15:35:28.963 INFO:teuthology.orchestra.run.smithi028.stdout:/usr/bin/ceph: stderr
2024-07-03T15:35:28.228+0000 7f9b9a7fc640 1 -- 172.21.15.28:0/1911475075 <== mon.0 v2:172.21.15.28:3300/0 2 ==== config(27 keys) v1 ==== 1044+0+0 (secure 0 0 0) 0x7f9b9403dba0 con 0x7f9b9c101e00
2024-07-03T15:35:28.963 INFO:teuthology.orchestra.run.smithi028.stdout:/usr/bin/ceph: stderr
2024-07-03T15:35:28.228+0000 7f9ba4186640 1 -- 172.21.15.28:0/1911475075 --> [v2:172.21.15.28:3300/0,v1:172.21.15.28:6789/0] -- mon_subscribe({mgrmap=0+}) v3 -- 0x7f9b9c1111d0 con 0x7f9b9c101e00
2024-07-03T15:35:28.963 INFO:teuthology.orchestra.run.smithi028.stdout:/usr/bin/ceph: stderr
2024-07-03T15:35:28.228+0000 7f9b9a7fc640 1 -- 172.21.15.28:0/1911475075 <== mon.0 v2:172.21.15.28:3300/0 3 ==== mon_map magic: 0 v1 ==== 229+0+0 (secure 0 0 0) 0x7f9b9403bb40 con 0x7f9b9c101e00
2024-07-03T15:35:28.963 INFO:teuthology.orchestra.run.smithi028.stdout:/usr/bin/ceph: stderr
2024-07-03T15:35:28.228+0000 7f9ba4186640 1 -- 172.21.15.28:0/1911475075 --> [v2:172.21.15.28:3300/0,v1:172.21.15.28:6789/0] -- mon_subscribe({osdmap=0}) v3 -- 0x7f9b9c111640 con 0x7f9b9c101e00
2024-07-03T15:35:28.963 INFO:teuthology.orchestra.run.smithi028.stdout:/usr/bin/ceph: stderr
2024-07-03T15:35:28.229+0000 7f9b9a7fc640 1 -- 172.21.15.28:0/1911475075 <== mon.0 v2:172.21.15.28:3300/0 4 ==== mgrmap(e 8) v1 ==== 42636+0+0 (secure 0 0 0) 0x7f9b94039070 con 0x7f9b9c101e00
2024-07-03T15:35:28.963 INFO:teuthology.orchestra.run.smithi028.stdout:/usr/bin/ceph: stderr
2024-07-03T15:35:28.229+0000 7f9ba4186640 1 -- 172.21.15.28:0/1911475075 --> [v2:172.21.15.28:3300/0,v1:172.21.15.28:6789/0] -- mon_command({"prefix": "get_command_descriptions"} v 0) v1 -- 0x7f9b9c04b530 con 0x7f9b9c101e00
2024-07-03T15:35:28.963 INFO:teuthology.orchestra.run.smithi028.stdout:/usr/bin/ceph: stderr
2024-07-03T15:35:28.229+0000 7f9b9a7fc640 1 --2- 172.21.15.28:0/1911475075 >> [v2:172.21.15.28:6800/1434683766,v1:172.21.15.28:6801/1434683766] conn(0x7f9b84035780 0x7f9b84037c30 unknown :-1 s=NONE pgs=0 cs=0 l=1 rev1=0 crypto rx=0 tx=0 comp rx=0 tx=0).connect
2024-07-03T15:35:28.963 INFO:teuthology.orchestra.run.smithi028.stdout:/usr/bin/ceph: stderr
2024-07-03T15:35:28.229+0000 7f9b9a7fc640 1 -- 172.21.15.28:0/1911475075 <== mon.0 v2:172.21.15.28:3300/0 5 ==== osd_map(2..2 src has 1..2) v4 ==== 936+0+0 (secure 0 0 0) 0x7f9b940687e0 con 0x7f9b9c101e00
2024-07-03T15:35:28.963 INFO:teuthology.orchestra.run.smithi028.stdout:/usr/bin/ceph: stderr
2024-07-03T15:35:28.229+0000 7f9ba1721640 1 --2- 172.21.15.28:0/1911475075 >> [v2:172.21.15.28:6800/1434683766,v1:172.21.15.28:6801/1434683766] conn(0x7f9b84035780 0x7f9b84037c30 unknown :-1 s=BANNER_CONNECTING pgs=0 cs=0 l=1 rev1=0 crypto rx=0 tx=0 comp rx=0 tx=0)._handle_peer_banner_payload supported=3 required=0
2024-07-03T15:35:28.963 INFO:teuthology.orchestra.run.smithi028.stdout:/usr/bin/ceph: stderr
2024-07-03T15:35:28.230+0000 7f9ba1721640 1 --2- 172.21.15.28:0/1911475075 >> [v2:172.21.15.28:6800/1434683766,v1:172.21.15.28:6801/1434683766] conn(0x7f9b84035780 0x7f9b84037c30 secure :-1 s=READY pgs=10 cs=0 l=1 rev1=1 crypto rx=0x7f9b90006fd0 tx=0x7f9b90006db0 comp rx=0 tx=0).ready entity=mgr.14118 client_cookie=0 server_cookie=0 in_seq=0 out_seq=0
2024-07-03T15:35:28.964 INFO:teuthology.orchestra.run.smithi028.stdout:/usr/bin/ceph: stderr
2024-07-03T15:35:28.234+0000 7f9b9a7fc640 1 -- 172.21.15.28:0/1911475075 <== mon.0 v2:172.21.15.28:3300/0 6 ==== mon_command_ack([{"prefix": "get_command_descriptions"}]=0 v0) v1 ==== 72+0+176702 (secure 0 0 0) 0x7f9b9403cdf0 con 0x7f9b9c101e00
2024-07-03T15:35:28.964 INFO:teuthology.orchestra.run.smithi028.stdout:/usr/bin/ceph: stderr
2024-07-03T15:35:28.409+0000 7f9ba4186640 1 -- 172.21.15.28:0/1911475075 --> [v2:172.21.15.28:6800/1434683766,v1:172.21.15.28:6801/1434683766] -- mgr_command(tid 0: {"prefix": "cephadm get-pub-key", "target": ["mon-mgr", ""]}) v1 -- 0x7f9b9c111640 con 0x7f9b84035780
2024-07-03T15:35:28.964 INFO:teuthology.orchestra.run.smithi028.stdout:/usr/bin/ceph: stderr
2024-07-03T15:35:28.410+0000 7f9b9a7fc640 1 -- 172.21.15.28:0/1911475075 <== mgr.14118 v2:172.21.15.28:6800/1434683766 1 ==== mgr_command_reply(tid 0: 0 ) v1 ==== 8+0+595 (secure 0 0 0) 0x7f9b9c111640 con 0x7f9b84035780
2024-07-03T15:35:28.964 INFO:teuthology.orchestra.run.smithi028.stdout:/usr/bin/ceph: stderr
2024-07-03T15:35:28.412+0000 7f9ba4186640 1 -- 172.21.15.28:0/1911475075 >> [v2:172.21.15.28:6800/1434683766,v1:172.21.15.28:6801/1434683766] conn(0x7f9b84035780 msgr2=0x7f9b84037c30 secure :-1 s=STATE_CONNECTION_ESTABLISHED l=1).mark_down
2024-07-03T15:35:28.964 INFO:teuthology.orchestra.run.smithi028.stdout:/usr/bin/ceph: stderr
2024-07-03T15:35:28.412+0000 7f9ba4186640 1 --2- 172.21.15.28:0/1911475075 >> [v2:172.21.15.28:6800/1434683766,v1:172.21.15.28:6801/1434683766] conn(0x7f9b84035780 0x7f9b84037c30 secure :-1 s=READY pgs=10 cs=0 l=1 rev1=1 crypto rx=0x7f9b90006fd0 tx=0x7f9b90006db0 comp rx=0 tx=0).stop
2024-07-03T15:35:28.964 INFO:teuthology.orchestra.run.smithi028.stdout:/usr/bin/ceph: stderr
2024-07-03T15:35:28.412+0000 7f9ba4186640 1 -- 172.21.15.28:0/1911475075 >> [v2:172.21.15.28:3300/0,v1:172.21.15.28:6789/0] conn(0x7f9b9c101e00 msgr2=0x7f9b9c110a90 secure :-1 s=STATE_CONNECTION_ESTABLISHED l=1).mark_down
2024-07-03T15:35:28.964 INFO:teuthology.orchestra.run.smithi028.stdout:/usr/bin/ceph: stderr
2024-07-03T15:35:28.412+0000 7f9ba4186640 1 --2- 172.21.15.28:0/1911475075 >> [v2:172.21.15.28:3300/0,v1:172.21.15.28:6789/0] conn(0x7f9b9c101e00 0x7f9b9c110a90 secure :-1 s=READY pgs=42 cs=0 l=1 rev1=1 crypto rx=0x7f9b94009420 tx=0x7f9b94008040 comp rx=0 tx=0).stop
2024-07-03T15:35:28.964 INFO:teuthology.orchestra.run.smithi028.stdout:/usr/bin/ceph: stderr
2024-07-03T15:35:28.412+0000 7f9ba4186640 1 -- 172.21.15.28:0/1911475075 shutdown_connections
2024-07-03T15:35:28.964 INFO:teuthology.orchestra.run.smithi028.stdout:/usr/bin/ceph: stderr
2024-07-03T15:35:28.412+0000 7f9ba4186640 1 --2- 172.21.15.28:0/1911475075 >> [v2:172.21.15.28:6800/1434683766,v1:172.21.15.28:6801/1434683766] conn(0x7f9b84035780 0x7f9b84037c30 unknown :-1 s=CLOSED pgs=10 cs=0 l=1 rev1=1 crypto rx=0 tx=0 comp rx=0 tx=0).stop
2024-07-03T15:35:28.964 INFO:teuthology.orchestra.run.smithi028.stdout:/usr/bin/ceph: stderr
2024-07-03T15:35:28.412+0000 7f9ba4186640 1 --2- 172.21.15.28:0/1911475075 >> [v2:172.21.15.28:3300/0,v1:172.21.15.28:6789/0] conn(0x7f9b9c101e00 0x7f9b9c110a90 unknown :-1 s=CLOSED pgs=42 cs=0 l=1 rev1=1 crypto rx=0 tx=0 comp rx=0 tx=0).stop
2024-07-03T15:35:28.964 INFO:teuthology.orchestra.run.smithi028.stdout:/usr/bin/ceph: stderr
2024-07-03T15:35:28.412+0000 7f9ba4186640 1 -- 172.21.15.28:0/1911475075 >> 172.21.15.28:0/1911475075 conn(0x7f9b9c0fd5a0 msgr2=0x7f9b9c0fdfe0 unknown :-1 s=STATE_NONE l=0).mark_down
2024-07-03T15:35:28.964 INFO:teuthology.orchestra.run.smithi028.stdout:/usr/bin/ceph: stderr
2024-07-03T15:35:28.412+0000 7f9ba4186640 1 -- 172.21.15.28:0/1911475075 shutdown_connections
2024-07-03T15:35:28.964 INFO:teuthology.orchestra.run.smithi028.stdout:/usr/bin/ceph: stderr
2024-07-03T15:35:28.412+0000 7f9ba4186640 1 -- 172.21.15.28:0/1911475075 wait complete.
2024-07-03T15:35:28.964 INFO:teuthology.orchestra.run.smithi028.stdout:Wrote public SSH key to /home/ubuntu/cephtest/ceph.pub
2024-07-03T15:35:28.965 INFO:teuthology.orchestra.run.smithi028.stdout:Adding key to root@localhost authorized_keys...
2024-07-03T15:35:28.965 INFO:teuthology.orchestra.run.smithi028.stdout:Adding host smithi028...
2024-07-03T15:35:29.620 INFO:journalctl@ceph.mon.smithi028.smithi028.stdout:Jul 03 15:35:29 smithi028 ceph-mon[29148]: from='client.14136 -' entity='client.admin' cmd=[{"prefix": "cephadm get-pub-key", "target": ["mon-mgr", ""]}]: dispatch
2024-07-03T15:35:30.870 INFO:journalctl@ceph.mon.smithi028.smithi028.stdout:Jul 03 15:35:30 smithi028 ceph-mon[29148]: from='client.14138 -' entity='client.admin' cmd=[{"prefix": "orch host add", "hostname": "smithi028", "addr": "172.21.15.28", "target": ["mon-mgr", ""]}]: dispatch
2024-07-03T15:35:31.822 INFO:journalctl@ceph.mon.smithi028.smithi028.stdout:Jul 03 15:35:31 smithi028 ceph-mon[29148]: Deploying cephadm binary to smithi028
2024-07-03T15:35:33.600 INFO:teuthology.orchestra.run.smithi028.stdout:/usr/bin/ceph: stdout Added host 'smithi028' with addr '172.21.15.28'
2024-07-03T15:35:33.600 INFO:teuthology.orchestra.run.smithi028.stdout:/usr/bin/ceph: stderr
2024-07-03T15:35:29.361+0000 7ff740e46640 1 Processor -- start
2024-07-03T15:35:33.601 INFO:teuthology.orchestra.run.smithi028.stdout:/usr/bin/ceph: stderr
2024-07-03T15:35:29.361+0000 7ff740e46640 1 -- start start
2024-07-03T15:35:33.601 INFO:teuthology.orchestra.run.smithi028.stdout:/usr/bin/ceph: stderr
2024-07-03T15:35:29.361+0000 7ff740e46640 1 --2- >> [v2:172.21.15.28:3300/0,v1:172.21.15.28:6789/0] conn(0x7ff73c101e00 0x7ff73c102210 unknown :-1 s=NONE pgs=0 cs=0 l=0 rev1=0 crypto rx=0 tx=0 comp rx=0 tx=0).connect
2024-07-03T15:35:33.601 INFO:teuthology.orchestra.run.smithi028.stdout:/usr/bin/ceph: stderr
2024-07-03T15:35:29.361+0000 7ff740e46640 1 -- --> [v2:172.21.15.28:3300/0,v1:172.21.15.28:6789/0] -- mon_getmap magic: 0 v1 -- 0x7ff73c102750 con 0x7ff73c101e00
2024-07-03T15:35:33.601 INFO:teuthology.orchestra.run.smithi028.stdout:/usr/bin/ceph: stderr
2024-07-03T15:35:29.362+0000 7ff73a59c640 1 --2- >> [v2:172.21.15.28:3300/0,v1:172.21.15.28:6789/0] conn(0x7ff73c101e00 0x7ff73c102210 unknown :-1 s=BANNER_CONNECTING pgs=0 cs=0 l=0 rev1=0 crypto rx=0 tx=0 comp rx=0 tx=0)._handle_peer_banner_payload supported=3 required=0
2024-07-03T15:35:33.601 INFO:teuthology.orchestra.run.smithi028.stdout:/usr/bin/ceph: stderr
2024-07-03T15:35:29.362+0000 7ff73a59c640 1 --2- >> [v2:172.21.15.28:3300/0,v1:172.21.15.28:6789/0] conn(0x7ff73c101e00 0x7ff73c102210 unknown :-1 s=HELLO_CONNECTING pgs=0 cs=0 l=0 rev1=1 crypto rx=0 tx=0 comp rx=0 tx=0).handle_hello peer v2:172.21.15.28:3300/0 says I am v2:172.21.15.28:48774/0 (socket says 172.21.15.28:48774)
2024-07-03T15:35:33.601 INFO:teuthology.orchestra.run.smithi028.stdout:/usr/bin/ceph: stderr
2024-07-03T15:35:29.362+0000 7ff73a59c640 1 -- 172.21.15.28:0/1391043543 learned_addr learned my addr 172.21.15.28:0/1391043543 (peer_addr_for_me v2:172.21.15.28:0/0)
2024-07-03T15:35:33.601 INFO:teuthology.orchestra.run.smithi028.stdout:/usr/bin/ceph: stderr
2024-07-03T15:35:29.362+0000 7ff73a59c640 1 -- 172.21.15.28:0/1391043543 --> [v2:172.21.15.28:3300/0,v1:172.21.15.28:6789/0] -- mon_subscribe({config=0+,monmap=0+}) v3 -- 0x7ff73c102890 con 0x7ff73c101e00
2024-07-03T15:35:33.601 INFO:teuthology.orchestra.run.smithi028.stdout:/usr/bin/ceph: stderr
2024-07-03T15:35:29.363+0000 7ff73a59c640 1 --2- 172.21.15.28:0/1391043543 >> [v2:172.21.15.28:3300/0,v1:172.21.15.28:6789/0] conn(0x7ff73c101e00 0x7ff73c102210 secure :-1 s=READY pgs=43 cs=0 l=1 rev1=1 crypto rx=0x7ff72c009840 tx=0x7ff72c0091d0 comp rx=0 tx=0).ready entity=mon.0 client_cookie=adaeabd89670356d server_cookie=0 in_seq=0 out_seq=0
