2024-07-03T15:35:33.601 INFO:teuthology.orchestra.run.smithi028.stdout:/usr/bin/ceph: stderr
2024-07-03T15:35:29.363+0000 7ff739d9b640 1 -- 172.21.15.28:0/1391043543 <== mon.0 v2:172.21.15.28:3300/0 1 ==== mon_map magic: 0 v1 ==== 229+0+0 (secure 0 0 0) 0x7ff72c032440 con 0x7ff73c101e00
2024-07-03T15:35:33.601 INFO:teuthology.orchestra.run.smithi028.stdout:/usr/bin/ceph: stderr
2024-07-03T15:35:29.363+0000 7ff739d9b640 1 -- 172.21.15.28:0/1391043543 <== mon.0 v2:172.21.15.28:3300/0 2 ==== config(27 keys) v1 ==== 1044+0+0 (secure 0 0 0) 0x7ff72c032a30 con 0x7ff73c101e00
2024-07-03T15:35:33.601 INFO:teuthology.orchestra.run.smithi028.stdout:/usr/bin/ceph: stderr
2024-07-03T15:35:29.363+0000 7ff739d9b640 1 -- 172.21.15.28:0/1391043543 <== mon.0 v2:172.21.15.28:3300/0 3 ==== mon_map magic: 0 v1 ==== 229+0+0 (secure 0 0 0) 0x7ff72c031ad0 con 0x7ff73c101e00
2024-07-03T15:35:33.601 INFO:teuthology.orchestra.run.smithi028.stdout:/usr/bin/ceph: stderr
2024-07-03T15:35:29.364+0000 7ff740e46640 1 -- 172.21.15.28:0/1391043543 >> [v2:172.21.15.28:3300/0,v1:172.21.15.28:6789/0] conn(0x7ff73c101e00 msgr2=0x7ff73c102210 secure :-1 s=STATE_CONNECTION_ESTABLISHED l=1).mark_down
2024-07-03T15:35:33.601 INFO:teuthology.orchestra.run.smithi028.stdout:/usr/bin/ceph: stderr
2024-07-03T15:35:29.364+0000 7ff740e46640 1 --2- 172.21.15.28:0/1391043543 >> [v2:172.21.15.28:3300/0,v1:172.21.15.28:6789/0] conn(0x7ff73c101e00 0x7ff73c102210 secure :-1 s=READY pgs=43 cs=0 l=1 rev1=1 crypto rx=0x7ff72c009840 tx=0x7ff72c0091d0 comp rx=0 tx=0).stop
2024-07-03T15:35:33.601 INFO:teuthology.orchestra.run.smithi028.stdout:/usr/bin/ceph: stderr
2024-07-03T15:35:29.364+0000 7ff740e46640 1 -- 172.21.15.28:0/1391043543 shutdown_connections
2024-07-03T15:35:33.602 INFO:teuthology.orchestra.run.smithi028.stdout:/usr/bin/ceph: stderr
2024-07-03T15:35:29.364+0000 7ff740e46640 1 --2- 172.21.15.28:0/1391043543 >> [v2:172.21.15.28:3300/0,v1:172.21.15.28:6789/0] conn(0x7ff73c101e00 0x7ff73c102210 unknown :-1 s=CLOSED pgs=43 cs=0 l=1 rev1=1 crypto rx=0 tx=0 comp rx=0 tx=0).stop
2024-07-03T15:35:33.602 INFO:teuthology.orchestra.run.smithi028.stdout:/usr/bin/ceph: stderr
2024-07-03T15:35:29.364+0000 7ff740e46640 1 -- 172.21.15.28:0/1391043543 >> 172.21.15.28:0/1391043543 conn(0x7ff73c0fd5a0 msgr2=0x7ff73c0ff9b0 unknown :-1 s=STATE_NONE l=0).mark_down
2024-07-03T15:35:33.602 INFO:teuthology.orchestra.run.smithi028.stdout:/usr/bin/ceph: stderr
2024-07-03T15:35:29.364+0000 7ff740e46640 1 -- 172.21.15.28:0/1391043543 shutdown_connections
2024-07-03T15:35:33.602 INFO:teuthology.orchestra.run.smithi028.stdout:/usr/bin/ceph: stderr
2024-07-03T15:35:29.364+0000 7ff740e46640 1 -- 172.21.15.28:0/1391043543 wait complete.
2024-07-03T15:35:33.602 INFO:teuthology.orchestra.run.smithi028.stdout:/usr/bin/ceph: stderr
2024-07-03T15:35:29.364+0000 7ff740e46640 1 Processor -- start
2024-07-03T15:35:33.602 INFO:teuthology.orchestra.run.smithi028.stdout:/usr/bin/ceph: stderr
2024-07-03T15:35:29.364+0000 7ff740e46640 1 -- start start
2024-07-03T15:35:33.602 INFO:teuthology.orchestra.run.smithi028.stdout:/usr/bin/ceph: stderr
2024-07-03T15:35:29.365+0000 7ff740e46640 1 --2- >> [v2:172.21.15.28:3300/0,v1:172.21.15.28:6789/0] conn(0x7ff73c101e00 0x7ff73c110a90 unknown :-1 s=NONE pgs=0 cs=0 l=1 rev1=0 crypto rx=0 tx=0 comp rx=0 tx=0).connect
2024-07-03T15:35:33.602 INFO:teuthology.orchestra.run.smithi028.stdout:/usr/bin/ceph: stderr
2024-07-03T15:35:29.365+0000 7ff740e46640 1 -- --> [v2:172.21.15.28:3300/0,v1:172.21.15.28:6789/0] -- mon_getmap magic: 0 v1 -- 0x7ff73c110fd0 con 0x7ff73c101e00
2024-07-03T15:35:33.602 INFO:teuthology.orchestra.run.smithi028.stdout:/usr/bin/ceph: stderr
2024-07-03T15:35:29.365+0000 7ff73a59c640 1 --2- >> [v2:172.21.15.28:3300/0,v1:172.21.15.28:6789/0] conn(0x7ff73c101e00 0x7ff73c110a90 unknown :-1 s=BANNER_CONNECTING pgs=0 cs=0 l=1 rev1=0 crypto rx=0 tx=0 comp rx=0 tx=0)._handle_peer_banner_payload supported=3 required=0
2024-07-03T15:35:33.603 INFO:teuthology.orchestra.run.smithi028.stdout:/usr/bin/ceph: stderr
2024-07-03T15:35:29.365+0000 7ff73a59c640 1 --2- >> [v2:172.21.15.28:3300/0,v1:172.21.15.28:6789/0] conn(0x7ff73c101e00 0x7ff73c110a90 unknown :-1 s=HELLO_CONNECTING pgs=0 cs=0 l=1 rev1=1 crypto rx=0 tx=0 comp rx=0 tx=0).handle_hello peer v2:172.21.15.28:3300/0 says I am v2:172.21.15.28:48788/0 (socket says 172.21.15.28:48788)
2024-07-03T15:35:33.603 INFO:teuthology.orchestra.run.smithi028.stdout:/usr/bin/ceph: stderr
2024-07-03T15:35:29.365+0000 7ff73a59c640 1 -- 172.21.15.28:0/4117501501 learned_addr learned my addr 172.21.15.28:0/4117501501 (peer_addr_for_me v2:172.21.15.28:0/0)
2024-07-03T15:35:33.603 INFO:teuthology.orchestra.run.smithi028.stdout:/usr/bin/ceph: stderr
2024-07-03T15:35:29.365+0000 7ff73a59c640 1 -- 172.21.15.28:0/4117501501 --> [v2:172.21.15.28:3300/0,v1:172.21.15.28:6789/0] -- mon_subscribe({config=0+,monmap=0+}) v3 -- 0x7ff72c009450 con 0x7ff73c101e00
2024-07-03T15:35:33.603 INFO:teuthology.orchestra.run.smithi028.stdout:/usr/bin/ceph: stderr
2024-07-03T15:35:29.365+0000 7ff73a59c640 1 --2- 172.21.15.28:0/4117501501 >> [v2:172.21.15.28:3300/0,v1:172.21.15.28:6789/0] conn(0x7ff73c101e00 0x7ff73c110a90 secure :-1 s=READY pgs=44 cs=0 l=1 rev1=1 crypto rx=0x7ff72c0317b0 tx=0x7ff72c008040 comp rx=0 tx=0).ready entity=mon.0 client_cookie=0 server_cookie=0 in_seq=0 out_seq=0
2024-07-03T15:35:33.603 INFO:teuthology.orchestra.run.smithi028.stdout:/usr/bin/ceph: stderr
2024-07-03T15:35:29.365+0000 7ff732ffd640 1 -- 172.21.15.28:0/4117501501 <== mon.0 v2:172.21.15.28:3300/0 1 ==== mon_map magic: 0 v1 ==== 229+0+0 (secure 0 0 0) 0x7ff72c031e90 con 0x7ff73c101e00
2024-07-03T15:35:33.603 INFO:teuthology.orchestra.run.smithi028.stdout:/usr/bin/ceph: stderr
2024-07-03T15:35:29.365+0000 7ff732ffd640 1 -- 172.21.15.28:0/4117501501 <== mon.0 v2:172.21.15.28:3300/0 2 ==== config(27 keys) v1 ==== 1044+0+0 (secure 0 0 0) 0x7ff72c03daf0 con 0x7ff73c101e00
2024-07-03T15:35:33.603 INFO:teuthology.orchestra.run.smithi028.stdout:/usr/bin/ceph: stderr
2024-07-03T15:35:29.365+0000 7ff740e46640 1 -- 172.21.15.28:0/4117501501 --> [v2:172.21.15.28:3300/0,v1:172.21.15.28:6789/0] -- mon_subscribe({mgrmap=0+}) v3 -- 0x7ff73c1111d0 con 0x7ff73c101e00
2024-07-03T15:35:33.603 INFO:teuthology.orchestra.run.smithi028.stdout:/usr/bin/ceph: stderr
2024-07-03T15:35:29.365+0000 7ff732ffd640 1 -- 172.21.15.28:0/4117501501 <== mon.0 v2:172.21.15.28:3300/0 3 ==== mon_map magic: 0 v1 ==== 229+0+0 (secure 0 0 0) 0x7ff72c03baa0 con 0x7ff73c101e00
2024-07-03T15:35:33.603 INFO:teuthology.orchestra.run.smithi028.stdout:/usr/bin/ceph: stderr
2024-07-03T15:35:29.365+0000 7ff740e46640 1 -- 172.21.15.28:0/4117501501 --> [v2:172.21.15.28:3300/0,v1:172.21.15.28:6789/0] -- mon_subscribe({osdmap=0}) v3 -- 0x7ff73c111640 con 0x7ff73c101e00
2024-07-03T15:35:33.603 INFO:teuthology.orchestra.run.smithi028.stdout:/usr/bin/ceph: stderr
2024-07-03T15:35:29.366+0000 7ff732ffd640 1 -- 172.21.15.28:0/4117501501 <== mon.0 v2:172.21.15.28:3300/0 4 ==== mgrmap(e 8) v1 ==== 42636+0+0 (secure 0 0 0) 0x7ff72c039070 con 0x7ff73c101e00
2024-07-03T15:35:33.603 INFO:teuthology.orchestra.run.smithi028.stdout:/usr/bin/ceph: stderr
2024-07-03T15:35:29.366+0000 7ff732ffd640 1 --2- 172.21.15.28:0/4117501501 >> [v2:172.21.15.28:6800/1434683766,v1:172.21.15.28:6801/1434683766] conn(0x7ff7280357d0 0x7ff728037c80 unknown :-1 s=NONE pgs=0 cs=0 l=1 rev1=0 crypto rx=0 tx=0 comp rx=0 tx=0).connect
2024-07-03T15:35:33.603 INFO:teuthology.orchestra.run.smithi028.stdout:/usr/bin/ceph: stderr
2024-07-03T15:35:29.366+0000 7ff740e46640 1 -- 172.21.15.28:0/4117501501 --> [v2:172.21.15.28:3300/0,v1:172.21.15.28:6789/0] -- mon_command({"prefix": "get_command_descriptions"} v 0) v1 -- 0x7ff73c04b530 con 0x7ff73c101e00
2024-07-03T15:35:33.603 INFO:teuthology.orchestra.run.smithi028.stdout:/usr/bin/ceph: stderr
2024-07-03T15:35:29.366+0000 7ff732ffd640 1 -- 172.21.15.28:0/4117501501 <== mon.0 v2:172.21.15.28:3300/0 5 ==== osd_map(2..2 src has 1..2) v4 ==== 936+0+0 (secure 0 0 0) 0x7ff72c0689b0 con 0x7ff73c101e00
2024-07-03T15:35:33.604 INFO:teuthology.orchestra.run.smithi028.stdout:/usr/bin/ceph: stderr
2024-07-03T15:35:29.366+0000 7ff733fff640 1 --2- 172.21.15.28:0/4117501501 >> [v2:172.21.15.28:6800/1434683766,v1:172.21.15.28:6801/1434683766] conn(0x7ff7280357d0 0x7ff728037c80 unknown :-1 s=BANNER_CONNECTING pgs=0 cs=0 l=1 rev1=0 crypto rx=0 tx=0 comp rx=0 tx=0)._handle_peer_banner_payload supported=3 required=0
2024-07-03T15:35:33.604 INFO:teuthology.orchestra.run.smithi028.stdout:/usr/bin/ceph: stderr
2024-07-03T15:35:29.367+0000 7ff733fff640 1 --2- 172.21.15.28:0/4117501501 >> [v2:172.21.15.28:6800/1434683766,v1:172.21.15.28:6801/1434683766] conn(0x7ff7280357d0 0x7ff728037c80 secure :-1 s=READY pgs=11 cs=0 l=1 rev1=1 crypto rx=0x7ff724006fd0 tx=0x7ff724006db0 comp rx=0 tx=0).ready entity=mgr.14118 client_cookie=0 server_cookie=0 in_seq=0 out_seq=0
2024-07-03T15:35:33.604 INFO:teuthology.orchestra.run.smithi028.stdout:/usr/bin/ceph: stderr
2024-07-03T15:35:29.371+0000 7ff732ffd640 1 -- 172.21.15.28:0/4117501501 <== mon.0 v2:172.21.15.28:3300/0 6 ==== mon_command_ack([{"prefix": "get_command_descriptions"}]=0 v0) v1 ==== 72+0+176702 (secure 0 0 0) 0x7ff72c04e940 con 0x7ff73c101e00
2024-07-03T15:35:33.604 INFO:teuthology.orchestra.run.smithi028.stdout:/usr/bin/ceph: stderr
2024-07-03T15:35:29.553+0000 7ff740e46640 1 -- 172.21.15.28:0/4117501501 --> [v2:172.21.15.28:6800/1434683766,v1:172.21.15.28:6801/1434683766] -- mgr_command(tid 0: {"prefix": "orch host add", "hostname": "smithi028", "addr": "172.21.15.28", "target": ["mon-mgr", ""]}) v1 -- 0x7ff73c0fe6f0 con 0x7ff7280357d0
2024-07-03T15:35:33.604 INFO:teuthology.orchestra.run.smithi028.stdout:/usr/bin/ceph: stderr
2024-07-03T15:35:32.982+0000 7ff732ffd640 1 -- 172.21.15.28:0/4117501501 <== mgr.14118 v2:172.21.15.28:6800/1434683766 1 ==== mgr_command_reply(tid 0: 0 ) v1 ==== 8+0+48 (secure 0 0 0) 0x7ff73c0fe6f0 con 0x7ff7280357d0
2024-07-03T15:35:33.604 INFO:teuthology.orchestra.run.smithi028.stdout:/usr/bin/ceph: stderr
2024-07-03T15:35:32.985+0000 7ff740e46640 1 -- 172.21.15.28:0/4117501501 >> [v2:172.21.15.28:6800/1434683766,v1:172.21.15.28:6801/1434683766] conn(0x7ff7280357d0 msgr2=0x7ff728037c80 secure :-1 s=STATE_CONNECTION_ESTABLISHED l=1).mark_down
2024-07-03T15:35:33.604 INFO:teuthology.orchestra.run.smithi028.stdout:/usr/bin/ceph: stderr
2024-07-03T15:35:32.985+0000 7ff740e46640 1 --2- 172.21.15.28:0/4117501501 >> [v2:172.21.15.28:6800/1434683766,v1:172.21.15.28:6801/1434683766] conn(0x7ff7280357d0 0x7ff728037c80 secure :-1 s=READY pgs=11 cs=0 l=1 rev1=1 crypto rx=0x7ff724006fd0 tx=0x7ff724006db0 comp rx=0 tx=0).stop
2024-07-03T15:35:33.604 INFO:teuthology.orchestra.run.smithi028.stdout:/usr/bin/ceph: stderr
2024-07-03T15:35:32.985+0000 7ff740e46640 1 -- 172.21.15.28:0/4117501501 >> [v2:172.21.15.28:3300/0,v1:172.21.15.28:6789/0] conn(0x7ff73c101e00 msgr2=0x7ff73c110a90 secure :-1 s=STATE_CONNECTION_ESTABLISHED l=1).mark_down
2024-07-03T15:35:33.604 INFO:teuthology.orchestra.run.smithi028.stdout:/usr/bin/ceph: stderr
2024-07-03T15:35:32.985+0000 7ff740e46640 1 --2- 172.21.15.28:0/4117501501 >> [v2:172.21.15.28:3300/0,v1:172.21.15.28:6789/0] conn(0x7ff73c101e00 0x7ff73c110a90 secure :-1 s=READY pgs=44 cs=0 l=1 rev1=1 crypto rx=0x7ff72c0317b0 tx=0x7ff72c008040 comp rx=0 tx=0).stop
2024-07-03T15:35:33.604 INFO:teuthology.orchestra.run.smithi028.stdout:/usr/bin/ceph: stderr
2024-07-03T15:35:32.985+0000 7ff740e46640 1 -- 172.21.15.28:0/4117501501 shutdown_connections
2024-07-03T15:35:33.604 INFO:teuthology.orchestra.run.smithi028.stdout:/usr/bin/ceph: stderr
2024-07-03T15:35:32.985+0000 7ff740e46640 1 --2- 172.21.15.28:0/4117501501 >> [v2:172.21.15.28:6800/1434683766,v1:172.21.15.28:6801/1434683766] conn(0x7ff7280357d0 0x7ff728037c80 unknown :-1 s=CLOSED pgs=11 cs=0 l=1 rev1=1 crypto rx=0 tx=0 comp rx=0 tx=0).stop
2024-07-03T15:35:33.604 INFO:teuthology.orchestra.run.smithi028.stdout:/usr/bin/ceph: stderr
2024-07-03T15:35:32.985+0000 7ff740e46640 1 --2- 172.21.15.28:0/4117501501 >> [v2:172.21.15.28:3300/0,v1:172.21.15.28:6789/0] conn(0x7ff73c101e00 0x7ff73c110a90 unknown :-1 s=CLOSED pgs=44 cs=0 l=1 rev1=1 crypto rx=0 tx=0 comp rx=0 tx=0).stop
2024-07-03T15:35:33.605 INFO:teuthology.orchestra.run.smithi028.stdout:/usr/bin/ceph: stderr
2024-07-03T15:35:32.985+0000 7ff740e46640 1 -- 172.21.15.28:0/4117501501 >> 172.21.15.28:0/4117501501 conn(0x7ff73c0fd5a0 msgr2=0x7ff73c0fdfe0 unknown :-1 s=STATE_NONE l=0).mark_down
2024-07-03T15:35:33.605 INFO:teuthology.orchestra.run.smithi028.stdout:/usr/bin/ceph: stderr
2024-07-03T15:35:32.986+0000 7ff740e46640 1 -- 172.21.15.28:0/4117501501 shutdown_connections
2024-07-03T15:35:33.605 INFO:teuthology.orchestra.run.smithi028.stdout:/usr/bin/ceph: stderr
2024-07-03T15:35:32.986+0000 7ff740e46640 1 -- 172.21.15.28:0/4117501501 wait complete.
2024-07-03T15:35:33.605 INFO:teuthology.orchestra.run.smithi028.stdout:Deploying mon service with default placement...
2024-07-03T15:35:34.203 INFO:journalctl@ceph.mon.smithi028.smithi028.stdout:Jul 03 15:35:33 smithi028 ceph-mon[29148]: from='mgr.14118 172.21.15.28:0/1044821505' entity='mgr.smithi028.vtqrtz'
2024-07-03T15:35:34.203 INFO:journalctl@ceph.mon.smithi028.smithi028.stdout:Jul 03 15:35:33 smithi028 ceph-mon[29148]: Added host smithi028
2024-07-03T15:35:34.203 INFO:journalctl@ceph.mon.smithi028.smithi028.stdout:Jul 03 15:35:33 smithi028 ceph-mon[29148]: from='mgr.14118 172.21.15.28:0/1044821505' entity='mgr.smithi028.vtqrtz' cmd=[{"prefix": "config dump", "format": "json"}]: dispatch
2024-07-03T15:35:34.967 INFO:teuthology.orchestra.run.smithi028.stdout:/usr/bin/ceph: stdout Scheduled mon update...
2024-07-03T15:35:34.967 INFO:teuthology.orchestra.run.smithi028.stdout:/usr/bin/ceph: stderr
2024-07-03T15:35:33.985+0000 7f4d06c9c640 1 Processor -- start
2024-07-03T15:35:34.968 INFO:teuthology.orchestra.run.smithi028.stdout:/usr/bin/ceph: stderr
2024-07-03T15:35:33.985+0000 7f4d06c9c640 1 -- start start
2024-07-03T15:35:34.968 INFO:teuthology.orchestra.run.smithi028.stdout:/usr/bin/ceph: stderr
2024-07-03T15:35:33.985+0000 7f4d06c9c640 1 --2- >> [v2:172.21.15.28:3300/0,v1:172.21.15.28:6789/0] conn(0x7f4d00075b80 0x7f4d00104a50 unknown :-1 s=NONE pgs=0 cs=0 l=0 rev1=0 crypto rx=0 tx=0 comp rx=0 tx=0).connect
2024-07-03T15:35:34.968 INFO:teuthology.orchestra.run.smithi028.stdout:/usr/bin/ceph: stderr
2024-07-03T15:35:33.985+0000 7f4d06c9c640 1 -- --> [v2:172.21.15.28:3300/0,v1:172.21.15.28:6789/0] -- mon_getmap magic: 0 v1 -- 0x7f4d00075f90 con 0x7f4d00075b80
2024-07-03T15:35:34.968 INFO:teuthology.orchestra.run.smithi028.stdout:/usr/bin/ceph: stderr
2024-07-03T15:35:33.985+0000 7f4d04a38640 1 --2- >> [v2:172.21.15.28:3300/0,v1:172.21.15.28:6789/0] conn(0x7f4d00075b80 0x7f4d00104a50 unknown :-1 s=BANNER_CONNECTING pgs=0 cs=0 l=0 rev1=0 crypto rx=0 tx=0 comp rx=0 tx=0)._handle_peer_banner_payload supported=3 required=0
2024-07-03T15:35:34.968 INFO:teuthology.orchestra.run.smithi028.stdout:/usr/bin/ceph: stderr
2024-07-03T15:35:33.985+0000 7f4d04a38640 1 --2- >> [v2:172.21.15.28:3300/0,v1:172.21.15.28:6789/0] conn(0x7f4d00075b80 0x7f4d00104a50 unknown :-1 s=HELLO_CONNECTING pgs=0 cs=0 l=0 rev1=1 crypto rx=0 tx=0 comp rx=0 tx=0).handle_hello peer v2:172.21.15.28:3300/0 says I am v2:172.21.15.28:35030/0 (socket says 172.21.15.28:35030)
2024-07-03T15:35:34.968 INFO:teuthology.orchestra.run.smithi028.stdout:/usr/bin/ceph: stderr
2024-07-03T15:35:33.985+0000 7f4d04a38640 1 -- 172.21.15.28:0/4118366498 learned_addr learned my addr 172.21.15.28:0/4118366498 (peer_addr_for_me v2:172.21.15.28:0/0)
2024-07-03T15:35:34.968 INFO:teuthology.orchestra.run.smithi028.stdout:/usr/bin/ceph: stderr
2024-07-03T15:35:33.986+0000 7f4d04a38640 1 -- 172.21.15.28:0/4118366498 --> [v2:172.21.15.28:3300/0,v1:172.21.15.28:6789/0] -- mon_subscribe({config=0+,monmap=0+}) v3 -- 0x7f4d00104f90 con 0x7f4d00075b80
2024-07-03T15:35:34.968 INFO:teuthology.orchestra.run.smithi028.stdout:/usr/bin/ceph: stderr
2024-07-03T15:35:33.986+0000 7f4d04a38640 1 --2- 172.21.15.28:0/4118366498 >> [v2:172.21.15.28:3300/0,v1:172.21.15.28:6789/0] conn(0x7f4d00075b80 0x7f4d00104a50 secure :-1 s=READY pgs=45 cs=0 l=1 rev1=1 crypto rx=0x7f4cfc009840 tx=0x7f4cfc0091d0 comp rx=0 tx=0).ready entity=mon.0 client_cookie=33aa4b9293e68824 server_cookie=0 in_seq=0 out_seq=0
2024-07-03T15:35:34.968 INFO:teuthology.orchestra.run.smithi028.stdout:/usr/bin/ceph: stderr
2024-07-03T15:35:33.987+0000 7f4cf77fe640 1 -- 172.21.15.28:0/4118366498 <== mon.0 v2:172.21.15.28:3300/0 1 ==== mon_map magic: 0 v1 ==== 229+0+0 (secure 0 0 0) 0x7f4cfc032440 con 0x7f4d00075b80
2024-07-03T15:35:34.968 INFO:teuthology.orchestra.run.smithi028.stdout:/usr/bin/ceph: stderr
2024-07-03T15:35:33.987+0000 7f4cf77fe640 1 -- 172.21.15.28:0/4118366498 <== mon.0 v2:172.21.15.28:3300/0 2 ==== config(27 keys) v1 ==== 1044+0+0 (secure 0 0 0) 0x7f4cfc032a30 con 0x7f4d00075b80
2024-07-03T15:35:34.968 INFO:teuthology.orchestra.run.smithi028.stdout:/usr/bin/ceph: stderr
2024-07-03T15:35:33.987+0000 7f4cf77fe640 1 -- 172.21.15.28:0/4118366498 <== mon.0 v2:172.21.15.28:3300/0 3 ==== mon_map magic: 0 v1 ==== 229+0+0 (secure 0 0 0) 0x7f4cfc031ad0 con 0x7f4d00075b80
2024-07-03T15:35:34.968 INFO:teuthology.orchestra.run.smithi028.stdout:/usr/bin/ceph: stderr
2024-07-03T15:35:33.987+0000 7f4d06c9c640 1 -- 172.21.15.28:0/4118366498 >> [v2:172.21.15.28:3300/0,v1:172.21.15.28:6789/0] conn(0x7f4d00075b80 msgr2=0x7f4d00104a50 secure :-1 s=STATE_CONNECTION_ESTABLISHED l=1).mark_down
2024-07-03T15:35:34.968 INFO:teuthology.orchestra.run.smithi028.stdout:/usr/bin/ceph: stderr
2024-07-03T15:35:33.987+0000 7f4d06c9c640 1 --2- 172.21.15.28:0/4118366498 >> [v2:172.21.15.28:3300/0,v1:172.21.15.28:6789/0] conn(0x7f4d00075b80 0x7f4d00104a50 secure :-1 s=READY pgs=45 cs=0 l=1 rev1=1 crypto rx=0x7f4cfc009840 tx=0x7f4cfc0091d0 comp rx=0 tx=0).stop
2024-07-03T15:35:34.969 INFO:teuthology.orchestra.run.smithi028.stdout:/usr/bin/ceph: stderr
2024-07-03T15:35:33.987+0000 7f4d06c9c640 1 -- 172.21.15.28:0/4118366498 shutdown_connections
2024-07-03T15:35:34.969 INFO:teuthology.orchestra.run.smithi028.stdout:/usr/bin/ceph: stderr
2024-07-03T15:35:33.987+0000 7f4d06c9c640 1 --2- 172.21.15.28:0/4118366498 >> [v2:172.21.15.28:3300/0,v1:172.21.15.28:6789/0] conn(0x7f4d00075b80 0x7f4d00104a50 unknown :-1 s=CLOSED pgs=45 cs=0 l=1 rev1=1 crypto rx=0 tx=0 comp rx=0 tx=0).stop
2024-07-03T15:35:34.969 INFO:teuthology.orchestra.run.smithi028.stdout:/usr/bin/ceph: stderr
2024-07-03T15:35:33.987+0000 7f4d06c9c640 1 -- 172.21.15.28:0/4118366498 >> 172.21.15.28:0/4118366498 conn(0x7f4d000fc4c0 msgr2=0x7f4d000fe8d0 unknown :-1 s=STATE_NONE l=0).mark_down
2024-07-03T15:35:34.969 INFO:teuthology.orchestra.run.smithi028.stdout:/usr/bin/ceph: stderr
2024-07-03T15:35:33.987+0000 7f4d06c9c640 1 -- 172.21.15.28:0/4118366498 shutdown_connections
2024-07-03T15:35:34.969 INFO:teuthology.orchestra.run.smithi028.stdout:/usr/bin/ceph: stderr
2024-07-03T15:35:33.987+0000 7f4d06c9c640 1 -- 172.21.15.28:0/4118366498 wait complete.
2024-07-03T15:35:34.969 INFO:teuthology.orchestra.run.smithi028.stdout:/usr/bin/ceph: stderr
2024-07-03T15:35:33.988+0000 7f4d06c9c640 1 Processor -- start
2024-07-03T15:35:34.969 INFO:teuthology.orchestra.run.smithi028.stdout:/usr/bin/ceph: stderr
2024-07-03T15:35:33.988+0000 7f4d06c9c640 1 -- start start
2024-07-03T15:35:34.969 INFO:teuthology.orchestra.run.smithi028.stdout:/usr/bin/ceph: stderr
2024-07-03T15:35:33.988+0000 7f4d06c9c640 1 --2- >> [v2:172.21.15.28:3300/0,v1:172.21.15.28:6789/0] conn(0x7f4d00075b80 0x7f4d00110aa0 unknown :-1 s=NONE pgs=0 cs=0 l=1 rev1=0 crypto rx=0 tx=0 comp rx=0 tx=0).connect
2024-07-03T15:35:34.969 INFO:teuthology.orchestra.run.smithi028.stdout:/usr/bin/ceph: stderr
2024-07-03T15:35:33.988+0000 7f4d06c9c640 1 -- --> [v2:172.21.15.28:3300/0,v1:172.21.15.28:6789/0] -- mon_getmap magic: 0 v1 -- 0x7f4d00110fe0 con 0x7f4d00075b80
2024-07-03T15:35:34.969 INFO:teuthology.orchestra.run.smithi028.stdout:/usr/bin/ceph: stderr
2024-07-03T15:35:33.988+0000 7f4d04a38640 1 --2- >> [v2:172.21.15.28:3300/0,v1:172.21.15.28:6789/0] conn(0x7f4d00075b80 0x7f4d00110aa0 unknown :-1 s=BANNER_CONNECTING pgs=0 cs=0 l=1 rev1=0 crypto rx=0 tx=0 comp rx=0 tx=0)._handle_peer_banner_payload supported=3 required=0
2024-07-03T15:35:34.969 INFO:teuthology.orchestra.run.smithi028.stdout:/usr/bin/ceph: stderr
2024-07-03T15:35:33.988+0000 7f4d04a38640 1 --2- >> [v2:172.21.15.28:3300/0,v1:172.21.15.28:6789/0] conn(0x7f4d00075b80 0x7f4d00110aa0 unknown :-1 s=HELLO_CONNECTING pgs=0 cs=0 l=1 rev1=1 crypto rx=0 tx=0 comp rx=0 tx=0).handle_hello peer v2:172.21.15.28:3300/0 says I am v2:172.21.15.28:35036/0 (socket says 172.21.15.28:35036)
2024-07-03T15:35:34.969 INFO:teuthology.orchestra.run.smithi028.stdout:/usr/bin/ceph: stderr
2024-07-03T15:35:33.988+0000 7f4d04a38640 1 -- 172.21.15.28:0/2897564059 learned_addr learned my addr 172.21.15.28:0/2897564059 (peer_addr_for_me v2:172.21.15.28:0/0)
2024-07-03T15:35:34.970 INFO:teuthology.orchestra.run.smithi028.stdout:/usr/bin/ceph: stderr
2024-07-03T15:35:33.988+0000 7f4d04a38640 1 -- 172.21.15.28:0/2897564059 --> [v2:172.21.15.28:3300/0,v1:172.21.15.28:6789/0] -- mon_subscribe({config=0+,monmap=0+}) v3 -- 0x7f4cfc009450 con 0x7f4d00075b80
2024-07-03T15:35:34.970 INFO:teuthology.orchestra.run.smithi028.stdout:/usr/bin/ceph: stderr
2024-07-03T15:35:33.989+0000 7f4d04a38640 1 --2- 172.21.15.28:0/2897564059 >> [v2:172.21.15.28:3300/0,v1:172.21.15.28:6789/0] conn(0x7f4d00075b80 0x7f4d00110aa0 secure :-1 s=READY pgs=46 cs=0 l=1 rev1=1 crypto rx=0x7f4cfc006f00 tx=0x7f4cfc008040 comp rx=0 tx=0).ready entity=mon.0 client_cookie=0 server_cookie=0 in_seq=0 out_seq=0
2024-07-03T15:35:34.970 INFO:teuthology.orchestra.run.smithi028.stdout:/usr/bin/ceph: stderr
2024-07-03T15:35:33.989+0000 7f4cf57fa640 1 -- 172.21.15.28:0/2897564059 <== mon.0 v2:172.21.15.28:3300/0 1 ==== mon_map magic: 0 v1 ==== 229+0+0 (secure 0 0 0) 0x7f4cfc03d450 con 0x7f4d00075b80
2024-07-03T15:35:34.970 INFO:teuthology.orchestra.run.smithi028.stdout:/usr/bin/ceph: stderr
2024-07-03T15:35:33.989+0000 7f4d06c9c640 1 -- 172.21.15.28:0/2897564059 --> [v2:172.21.15.28:3300/0,v1:172.21.15.28:6789/0] -- mon_subscribe({mgrmap=0+}) v3 -- 0x7f4d001111e0 con 0x7f4d00075b80
2024-07-03T15:35:34.970 INFO:teuthology.orchestra.run.smithi028.stdout:/usr/bin/ceph: stderr
2024-07-03T15:35:33.989+0000 7f4cf57fa640 1 -- 172.21.15.28:0/2897564059 <== mon.0 v2:172.21.15.28:3300/0 2 ==== config(27 keys) v1 ==== 1044+0+0 (secure 0 0 0) 0x7f4cfc03da40 con 0x7f4d00075b80
2024-07-03T15:35:34.970 INFO:teuthology.orchestra.run.smithi028.stdout:/usr/bin/ceph: stderr
2024-07-03T15:35:33.989+0000 7f4cf57fa640 1 -- 172.21.15.28:0/2897564059 <== mon.0 v2:172.21.15.28:3300/0 3 ==== mon_map magic: 0 v1 ==== 229+0+0 (secure 0 0 0) 0x7f4cfc03bb10 con 0x7f4d00075b80
2024-07-03T15:35:34.970 INFO:teuthology.orchestra.run.smithi028.stdout:/usr/bin/ceph: stderr
2024-07-03T15:35:33.989+0000 7f4d06c9c640 1 -- 172.21.15.28:0/2897564059 --> [v2:172.21.15.28:3300/0,v1:172.21.15.28:6789/0] -- mon_subscribe({osdmap=0}) v3 -- 0x7f4d00111650 con 0x7f4d00075b80
2024-07-03T15:35:34.970 INFO:teuthology.orchestra.run.smithi028.stdout:/usr/bin/ceph: stderr
2024-07-03T15:35:33.990+0000 7f4cf57fa640 1 -- 172.21.15.28:0/2897564059 <== mon.0 v2:172.21.15.28:3300/0 4 ==== mgrmap(e 8) v1 ==== 42636+0+0 (secure 0 0 0) 0x7f4cfc039070 con 0x7f4d00075b80
2024-07-03T15:35:34.970 INFO:teuthology.orchestra.run.smithi028.stdout:/usr/bin/ceph: stderr
2024-07-03T15:35:33.990+0000 7f4cf57fa640 1 --2- 172.21.15.28:0/2897564059 >> [v2:172.21.15.28:6800/1434683766,v1:172.21.15.28:6801/1434683766] conn(0x7f4ce80357d0 0x7f4ce8037c80 unknown :-1 s=NONE pgs=0 cs=0 l=1 rev1=0 crypto rx=0 tx=0 comp rx=0 tx=0).connect
2024-07-03T15:35:34.970 INFO:teuthology.orchestra.run.smithi028.stdout:/usr/bin/ceph: stderr
2024-07-03T15:35:33.990+0000 7f4cf57fa640 1 -- 172.21.15.28:0/2897564059 <== mon.0 v2:172.21.15.28:3300/0 5 ==== osd_map(2..2 src has 1..2) v4 ==== 936+0+0 (secure 0 0 0) 0x7f4cfc0688c0 con 0x7f4d00075b80
2024-07-03T15:35:34.970 INFO:teuthology.orchestra.run.smithi028.stdout:/usr/bin/ceph: stderr
2024-07-03T15:35:33.990+0000 7f4d06c9c640 1 -- 172.21.15.28:0/2897564059 --> [v2:172.21.15.28:3300/0,v1:172.21.15.28:6789/0] -- mon_command({"prefix": "get_command_descriptions"} v 0) v1 -- 0x7f4d0005eb80 con 0x7f4d00075b80
2024-07-03T15:35:34.971 INFO:teuthology.orchestra.run.smithi028.stdout:/usr/bin/ceph: stderr
2024-07-03T15:35:33.990+0000 7f4cf7fff640 1 --2- 172.21.15.28:0/2897564059 >> [v2:172.21.15.28:6800/1434683766,v1:172.21.15.28:6801/1434683766] conn(0x7f4ce80357d0 0x7f4ce8037c80 unknown :-1 s=BANNER_CONNECTING pgs=0 cs=0 l=1 rev1=0 crypto rx=0 tx=0 comp rx=0 tx=0)._handle_peer_banner_payload supported=3 required=0
2024-07-03T15:35:34.971 INFO:teuthology.orchestra.run.smithi028.stdout:/usr/bin/ceph: stderr
2024-07-03T15:35:33.991+0000 7f4cf7fff640 1 --2- 172.21.15.28:0/2897564059 >> [v2:172.21.15.28:6800/1434683766,v1:172.21.15.28:6801/1434683766] conn(0x7f4ce80357d0 0x7f4ce8037c80 secure :-1 s=READY pgs=12 cs=0 l=1 rev1=1 crypto rx=0x7f4cf0006fd0 tx=0x7f4cf0006db0 comp rx=0 tx=0).ready entity=mgr.14118 client_cookie=0 server_cookie=0 in_seq=0 out_seq=0
2024-07-03T15:35:34.971 INFO:teuthology.orchestra.run.smithi028.stdout:/usr/bin/ceph: stderr
2024-07-03T15:35:33.995+0000 7f4cf57fa640 1 -- 172.21.15.28:0/2897564059 <== mon.0 v2:172.21.15.28:3300/0 6 ==== mon_command_ack([{"prefix": "get_command_descriptions"}]=0 v0) v1 ==== 72+0+176702 (secure 0 0 0) 0x7f4cfc041020 con 0x7f4d00075b80
2024-07-03T15:35:34.971 INFO:teuthology.orchestra.run.smithi028.stdout:/usr/bin/ceph: stderr
2024-07-03T15:35:34.201+0000 7f4d06c9c640 1 -- 172.21.15.28:0/2897564059 --> [v2:172.21.15.28:6800/1434683766,v1:172.21.15.28:6801/1434683766] -- mgr_command(tid 0: {"prefix": "orch apply", "service_type": "mon", "target": ["mon-mgr", ""]}) v1 -- 0x7f4d000fd600 con 0x7f4ce80357d0
2024-07-03T15:35:34.971 INFO:teuthology.orchestra.run.smithi028.stdout:/usr/bin/ceph: stderr
2024-07-03T15:35:34.206+0000 7f4cf57fa640 1 -- 172.21.15.28:0/2897564059 <== mgr.14118 v2:172.21.15.28:6800/1434683766 1 ==== mgr_command_reply(tid 0: 0 ) v1 ==== 8+0+24 (secure 0 0 0) 0x7f4d000fd600 con 0x7f4ce80357d0
2024-07-03T15:35:34.971 INFO:teuthology.orchestra.run.smithi028.stdout:/usr/bin/ceph: stderr
2024-07-03T15:35:34.208+0000 7f4d06c9c640 1 -- 172.21.15.28:0/2897564059 >> [v2:172.21.15.28:6800/1434683766,v1:172.21.15.28:6801/1434683766] conn(0x7f4ce80357d0 msgr2=0x7f4ce8037c80 secure :-1 s=STATE_CONNECTION_ESTABLISHED l=1).mark_down
2024-07-03T15:35:34.971 INFO:teuthology.orchestra.run.smithi028.stdout:/usr/bin/ceph: stderr
2024-07-03T15:35:34.208+0000 7f4d06c9c640 1 --2- 172.21.15.28:0/2897564059 >> [v2:172.21.15.28:6800/1434683766,v1:172.21.15.28:6801/1434683766] conn(0x7f4ce80357d0 0x7f4ce8037c80 secure :-1 s=READY pgs=12 cs=0 l=1 rev1=1 crypto rx=0x7f4cf0006fd0 tx=0x7f4cf0006db0 comp rx=0 tx=0).stop
2024-07-03T15:35:34.971 INFO:teuthology.orchestra.run.smithi028.stdout:/usr/bin/ceph: stderr
2024-07-03T15:35:34.208+0000 7f4d06c9c640 1 -- 172.21.15.28:0/2897564059 >> [v2:172.21.15.28:3300/0,v1:172.21.15.28:6789/0] conn(0x7f4d00075b80 msgr2=0x7f4d00110aa0 secure :-1 s=STATE_CONNECTION_ESTABLISHED l=1).mark_down
2024-07-03T15:35:34.971 INFO:teuthology.orchestra.run.smithi028.stdout:/usr/bin/ceph: stderr
2024-07-03T15:35:34.208+0000 7f4d06c9c640 1 --2- 172.21.15.28:0/2897564059 >> [v2:172.21.15.28:3300/0,v1:172.21.15.28:6789/0] conn(0x7f4d00075b80 0x7f4d00110aa0 secure :-1 s=READY pgs=46 cs=0 l=1 rev1=1 crypto rx=0x7f4cfc006f00 tx=0x7f4cfc008040 comp rx=0 tx=0).stop
2024-07-03T15:35:34.971 INFO:teuthology.orchestra.run.smithi028.stdout:/usr/bin/ceph: stderr
2024-07-03T15:35:34.208+0000 7f4d06c9c640 1 -- 172.21.15.28:0/2897564059 shutdown_connections
2024-07-03T15:35:34.971 INFO:teuthology.orchestra.run.smithi028.stdout:/usr/bin/ceph: stderr
2024-07-03T15:35:34.208+0000 7f4d06c9c640 1 --2- 172.21.15.28:0/2897564059 >> [v2:172.21.15.28:6800/1434683766,v1:172.21.15.28:6801/1434683766] conn(0x7f4ce80357d0 0x7f4ce8037c80 unknown :-1 s=CLOSED pgs=12 cs=0 l=1 rev1=1 crypto rx=0 tx=0 comp rx=0 tx=0).stop
2024-07-03T15:35:34.971 INFO:teuthology.orchestra.run.smithi028.stdout:/usr/bin/ceph: stderr
2024-07-03T15:35:34.208+0000 7f4d06c9c640 1 --2- 172.21.15.28:0/2897564059 >> [v2:172.21.15.28:3300/0,v1:172.21.15.28:6789/0] conn(0x7f4d00075b80 0x7f4d00110aa0 unknown :-1 s=CLOSED pgs=46 cs=0 l=1 rev1=1 crypto rx=0 tx=0 comp rx=0 tx=0).stop
2024-07-03T15:35:34.972 INFO:teuthology.orchestra.run.smithi028.stdout:/usr/bin/ceph: stderr
2024-07-03T15:35:34.208+0000 7f4d06c9c640 1 -- 172.21.15.28:0/2897564059 >> 172.21.15.28:0/2897564059 conn(0x7f4d000fc4c0 msgr2=0x7f4d000fcef0 unknown :-1 s=STATE_NONE l=0).mark_down
2024-07-03T15:35:34.972 INFO:teuthology.orchestra.run.smithi028.stdout:/usr/bin/ceph: stderr
2024-07-03T15:35:34.208+0000 7f4d06c9c640 1 -- 172.21.15.28:0/2897564059 shutdown_connections
2024-07-03T15:35:34.972 INFO:teuthology.orchestra.run.smithi028.stdout:/usr/bin/ceph: stderr
2024-07-03T15:35:34.208+0000 7f4d06c9c640 1 -- 172.21.15.28:0/2897564059 wait complete.
2024-07-03T15:35:34.972 INFO:teuthology.orchestra.run.smithi028.stdout:Deploying mgr service with default placement...
2024-07-03T15:35:35.296 INFO:journalctl@ceph.mon.smithi028.smithi028.stdout:Jul 03 15:35:35 smithi028 ceph-mon[29148]: from='client.14140 -' entity='client.admin' cmd=[{"prefix": "orch apply", "service_type": "mon", "target": ["mon-mgr", ""]}]: dispatch
2024-07-03T15:35:35.296 INFO:journalctl@ceph.mon.smithi028.smithi028.stdout:Jul 03 15:35:35 smithi028 ceph-mon[29148]: Saving service mon spec with placement count:5
2024-07-03T15:35:35.296 INFO:journalctl@ceph.mon.smithi028.smithi028.stdout:Jul 03 15:35:35 smithi028 ceph-mon[29148]: from='mgr.14118 172.21.15.28:0/1044821505' entity='mgr.smithi028.vtqrtz'
2024-07-03T15:35:36.870 INFO:journalctl@ceph.mon.smithi028.smithi028.stdout:Jul 03 15:35:36 smithi028 ceph-mon[29148]: from='client.14142 -' entity='client.admin' cmd=[{"prefix": "orch apply", "service_type": "mgr", "target": ["mon-mgr", ""]}]: dispatch
2024-07-03T15:35:36.870 INFO:journalctl@ceph.mon.smithi028.smithi028.stdout:Jul 03 15:35:36 smithi028 ceph-mon[29148]: Saving service mgr spec with placement count:2
2024-07-03T15:35:36.870 INFO:journalctl@ceph.mon.smithi028.smithi028.stdout:Jul 03 15:35:36 smithi028 ceph-mon[29148]: from='mgr.14118 172.21.15.28:0/1044821505' entity='mgr.smithi028.vtqrtz'
2024-07-03T15:35:36.870 INFO:journalctl@ceph.mon.smithi028.smithi028.stdout:Jul 03 15:35:36 smithi028 ceph-mon[29148]: from='mgr.14118 172.21.15.28:0/1044821505' entity='mgr.smithi028.vtqrtz'
2024-07-03T15:35:36.904 INFO:teuthology.orchestra.run.smithi028.stdout:/usr/bin/ceph: stdout Scheduled mgr update...
2024-07-03T15:35:36.904 INFO:teuthology.orchestra.run.smithi028.stdout:/usr/bin/ceph: stderr
2024-07-03T15:35:35.375+0000 7f782823b640 1 Processor -- start
2024-07-03T15:35:36.905 INFO:teuthology.orchestra.run.smithi028.stdout:/usr/bin/ceph: stderr
2024-07-03T15:35:35.375+0000 7f782823b640 1 -- start start
2024-07-03T15:35:36.905 INFO:teuthology.orchestra.run.smithi028.stdout:/usr/bin/ceph: stderr
2024-07-03T15:35:35.375+0000 7f782823b640 1 --2- >> [v2:172.21.15.28:3300/0,v1:172.21.15.28:6789/0] conn(0x7f78201021a0 0x7f78201025b0 unknown :-1 s=NONE pgs=0 cs=0 l=0 rev1=0 crypto rx=0 tx=0 comp rx=0 tx=0).connect
2024-07-03T15:35:36.905 INFO:teuthology.orchestra.run.smithi028.stdout:/usr/bin/ceph: stderr
2024-07-03T15:35:35.375+0000 7f782823b640 1 -- --> [v2:172.21.15.28:3300/0,v1:172.21.15.28:6789/0] -- mon_getmap magic: 0 v1 -- 0x7f7820102b80 con 0x7f78201021a0
2024-07-03T15:35:36.905 INFO:teuthology.orchestra.run.smithi028.stdout:/usr/bin/ceph: stderr
2024-07-03T15:35:35.376+0000 7f7825fd7640 1 --2- >> [v2:172.21.15.28:3300/0,v1:172.21.15.28:6789/0] conn(0x7f78201021a0 0x7f78201025b0 unknown :-1 s=BANNER_CONNECTING pgs=0 cs=0 l=0 rev1=0 crypto rx=0 tx=0 comp rx=0 tx=0)._handle_peer_banner_payload supported=3 required=0
2024-07-03T15:35:36.905 INFO:teuthology.orchestra.run.smithi028.stdout:/usr/bin/ceph: stderr
2024-07-03T15:35:35.376+0000 7f7825fd7640 1 --2- >> [v2:172.21.15.28:3300/0,v1:172.21.15.28:6789/0] conn(0x7f78201021a0 0x7f78201025b0 unknown :-1 s=HELLO_CONNECTING pgs=0 cs=0 l=0 rev1=1 crypto rx=0 tx=0 comp rx=0 tx=0).handle_hello peer v2:172.21.15.28:3300/0 says I am v2:172.21.15.28:35046/0 (socket says 172.21.15.28:35046)
2024-07-03T15:35:36.905 INFO:teuthology.orchestra.run.smithi028.stdout:/usr/bin/ceph: stderr
2024-07-03T15:35:35.376+0000 7f7825fd7640 1 -- 172.21.15.28:0/757469183 learned_addr learned my addr 172.21.15.28:0/757469183 (peer_addr_for_me v2:172.21.15.28:0/0)
2024-07-03T15:35:36.905 INFO:teuthology.orchestra.run.smithi028.stdout:/usr/bin/ceph: stderr
2024-07-03T15:35:35.376+0000 7f7825fd7640 1 -- 172.21.15.28:0/757469183 --> [v2:172.21.15.28:3300/0,v1:172.21.15.28:6789/0] -- mon_subscribe({config=0+,monmap=0+}) v3 -- 0x7f7820102cc0 con 0x7f78201021a0
2024-07-03T15:35:36.905 INFO:teuthology.orchestra.run.smithi028.stdout:/usr/bin/ceph: stderr
2024-07-03T15:35:35.377+0000 7f7825fd7640 1 --2- 172.21.15.28:0/757469183 >> [v2:172.21.15.28:3300/0,v1:172.21.15.28:6789/0] conn(0x7f78201021a0 0x7f78201025b0 secure :-1 s=READY pgs=47 cs=0 l=1 rev1=1 crypto rx=0x7f781c009840 tx=0x7f781c0091d0 comp rx=0 tx=0).ready entity=mon.0 client_cookie=98c91bad134def45 server_cookie=0 in_seq=0 out_seq=0
2024-07-03T15:35:36.905 INFO:teuthology.orchestra.run.smithi028.stdout:/usr/bin/ceph: stderr
2024-07-03T15:35:35.377+0000 7f7824fd5640 1 -- 172.21.15.28:0/757469183 <== mon.0 v2:172.21.15.28:3300/0 1 ==== mon_map magic: 0 v1 ==== 229+0+0 (secure 0 0 0) 0x7f781c032440 con 0x7f78201021a0
2024-07-03T15:35:36.905 INFO:teuthology.orchestra.run.smithi028.stdout:/usr/bin/ceph: stderr
2024-07-03T15:35:35.377+0000 7f7824fd5640 1 -- 172.21.15.28:0/757469183 <== mon.0 v2:172.21.15.28:3300/0 2 ==== config(27 keys) v1 ==== 1044+0+0 (secure 0 0 0) 0x7f781c032a30 con 0x7f78201021a0
2024-07-03T15:35:36.905 INFO:teuthology.orchestra.run.smithi028.stdout:/usr/bin/ceph: stderr
2024-07-03T15:35:35.377+0000 7f7824fd5640 1 -- 172.21.15.28:0/757469183 <== mon.0 v2:172.21.15.28:3300/0 3 ==== mon_map magic: 0 v1 ==== 229+0+0 (secure 0 0 0) 0x7f781c031ad0 con 0x7f78201021a0
2024-07-03T15:35:36.905 INFO:teuthology.orchestra.run.smithi028.stdout:/usr/bin/ceph: stderr
2024-07-03T15:35:35.377+0000 7f782823b640 1 -- 172.21.15.28:0/757469183 >> [v2:172.21.15.28:3300/0,v1:172.21.15.28:6789/0] conn(0x7f78201021a0 msgr2=0x7f78201025b0 secure :-1 s=STATE_CONNECTION_ESTABLISHED l=1).mark_down
2024-07-03T15:35:36.906 INFO:teuthology.orchestra.run.smithi028.stdout:/usr/bin/ceph: stderr
2024-07-03T15:35:35.377+0000 7f782823b640 1 --2- 172.21.15.28:0/757469183 >> [v2:172.21.15.28:3300/0,v1:172.21.15.28:6789/0] conn(0x7f78201021a0 0x7f78201025b0 secure :-1 s=READY pgs=47 cs=0 l=1 rev1=1 crypto rx=0x7f781c009840 tx=0x7f781c0091d0 comp rx=0 tx=0).stop
2024-07-03T15:35:36.906 INFO:teuthology.orchestra.run.smithi028.stdout:/usr/bin/ceph: stderr
2024-07-03T15:35:35.378+0000 7f782823b640 1 -- 172.21.15.28:0/757469183 shutdown_connections
2024-07-03T15:35:36.906 INFO:teuthology.orchestra.run.smithi028.stdout:/usr/bin/ceph: stderr
2024-07-03T15:35:35.378+0000 7f782823b640 1 --2- 172.21.15.28:0/757469183 >> [v2:172.21.15.28:3300/0,v1:172.21.15.28:6789/0] conn(0x7f78201021a0 0x7f78201025b0 unknown :-1 s=CLOSED pgs=47 cs=0 l=1 rev1=1 crypto rx=0 tx=0 comp rx=0 tx=0).stop
2024-07-03T15:35:36.906 INFO:teuthology.orchestra.run.smithi028.stdout:/usr/bin/ceph: stderr
2024-07-03T15:35:35.378+0000 7f782823b640 1 -- 172.21.15.28:0/757469183 >> 172.21.15.28:0/757469183 conn(0x7f78200fbc20 msgr2=0x7f78200fe030 unknown :-1 s=STATE_NONE l=0).mark_down
2024-07-03T15:35:36.906 INFO:teuthology.orchestra.run.smithi028.stdout:/usr/bin/ceph: stderr
2024-07-03T15:35:35.378+0000 7f782823b640 1 -- 172.21.15.28:0/757469183 shutdown_connections
2024-07-03T15:35:36.906 INFO:teuthology.orchestra.run.smithi028.stdout:/usr/bin/ceph: stderr
2024-07-03T15:35:35.378+0000 7f782823b640 1 -- 172.21.15.28:0/757469183 wait complete.
2024-07-03T15:35:36.906 INFO:teuthology.orchestra.run.smithi028.stdout:/usr/bin/ceph: stderr
2024-07-03T15:35:35.378+0000 7f782823b640 1 Processor -- start
2024-07-03T15:35:36.906 INFO:teuthology.orchestra.run.smithi028.stdout:/usr/bin/ceph: stderr
2024-07-03T15:35:35.378+0000 7f782823b640 1 -- start start
2024-07-03T15:35:36.906 INFO:teuthology.orchestra.run.smithi028.stdout:/usr/bin/ceph: stderr
2024-07-03T15:35:35.378+0000 7f782823b640 1 --2- >> [v2:172.21.15.28:3300/0,v1:172.21.15.28:6789/0] conn(0x7f78201021a0 0x7f7820112c60 unknown :-1 s=NONE pgs=0 cs=0 l=1 rev1=0 crypto rx=0 tx=0 comp rx=0 tx=0).connect
2024-07-03T15:35:36.906 INFO:teuthology.orchestra.run.smithi028.stdout:/usr/bin/ceph: stderr
2024-07-03T15:35:35.378+0000 7f782823b640 1 -- --> [v2:172.21.15.28:3300/0,v1:172.21.15.28:6789/0] -- mon_getmap magic: 0 v1 -- 0x7f78201131a0 con 0x7f78201021a0
2024-07-03T15:35:36.906 INFO:teuthology.orchestra.run.smithi028.stdout:/usr/bin/ceph: stderr
2024-07-03T15:35:35.379+0000 7f7825fd7640 1 --2- >> [v2:172.21.15.28:3300/0,v1:172.21.15.28:6789/0] conn(0x7f78201021a0 0x7f7820112c60 unknown :-1 s=BANNER_CONNECTING pgs=0 cs=0 l=1 rev1=0 crypto rx=0 tx=0 comp rx=0 tx=0)._handle_peer_banner_payload supported=3 required=0
2024-07-03T15:35:36.906 INFO:teuthology.orchestra.run.smithi028.stdout:/usr/bin/ceph: stderr
2024-07-03T15:35:35.379+0000 7f7825fd7640 1 --2- >> [v2:172.21.15.28:3300/0,v1:172.21.15.28:6789/0] conn(0x7f78201021a0 0x7f7820112c60 unknown :-1 s=HELLO_CONNECTING pgs=0 cs=0 l=1 rev1=1 crypto rx=0 tx=0 comp rx=0 tx=0).handle_hello peer v2:172.21.15.28:3300/0 says I am v2:172.21.15.28:35052/0 (socket says 172.21.15.28:35052)
2024-07-03T15:35:36.906 INFO:teuthology.orchestra.run.smithi028.stdout:/usr/bin/ceph: stderr
2024-07-03T15:35:35.379+0000 7f7825fd7640 1 -- 172.21.15.28:0/3831725730 learned_addr learned my addr 172.21.15.28:0/3831725730 (peer_addr_for_me v2:172.21.15.28:0/0)
2024-07-03T15:35:36.907 INFO:teuthology.orchestra.run.smithi028.stdout:/usr/bin/ceph: stderr
2024-07-03T15:35:35.379+0000 7f7825fd7640 1 -- 172.21.15.28:0/3831725730 --> [v2:172.21.15.28:3300/0,v1:172.21.15.28:6789/0] -- mon_subscribe({config=0+,monmap=0+}) v3 -- 0x7f781c009450 con 0x7f78201021a0
2024-07-03T15:35:36.907 INFO:teuthology.orchestra.run.smithi028.stdout:/usr/bin/ceph: stderr
2024-07-03T15:35:35.379+0000 7f7825fd7640 1 --2- 172.21.15.28:0/3831725730 >> [v2:172.21.15.28:3300/0,v1:172.21.15.28:6789/0] conn(0x7f78201021a0 0x7f7820112c60 secure :-1 s=READY pgs=48 cs=0 l=1 rev1=1 crypto rx=0x7f781c031b90 tx=0x7f781c008040 comp rx=0 tx=0).ready entity=mon.0 client_cookie=0 server_cookie=0 in_seq=0 out_seq=0
2024-07-03T15:35:36.907 INFO:teuthology.orchestra.run.smithi028.stdout:/usr/bin/ceph: stderr
2024-07-03T15:35:35.379+0000 7f78167fc640 1 -- 172.21.15.28:0/3831725730 <== mon.0 v2:172.21.15.28:3300/0 1 ==== mon_map magic: 0 v1 ==== 229+0+0 (secure 0 0 0) 0x7f781c0328b0 con 0x7f78201021a0
2024-07-03T15:35:36.907 INFO:teuthology.orchestra.run.smithi028.stdout:/usr/bin/ceph: stderr
2024-07-03T15:35:35.379+0000 7f782823b640 1 -- 172.21.15.28:0/3831725730 --> [v2:172.21.15.28:3300/0,v1:172.21.15.28:6789/0] -- mon_subscribe({mgrmap=0+}) v3 -- 0x7f78201133a0 con 0x7f78201021a0
2024-07-03T15:35:36.907 INFO:teuthology.orchestra.run.smithi028.stdout:/usr/bin/ceph: stderr
2024-07-03T15:35:35.379+0000 7f78167fc640 1 -- 172.21.15.28:0/3831725730 <== mon.0 v2:172.21.15.28:3300/0 2 ==== config(27 keys) v1 ==== 1044+0+0 (secure 0 0 0) 0x7f781c03d8e0 con 0x7f78201021a0
2024-07-03T15:35:36.907 INFO:teuthology.orchestra.run.smithi028.stdout:/usr/bin/ceph: stderr
2024-07-03T15:35:35.379+0000 7f78167fc640 1 -- 172.21.15.28:0/3831725730 <== mon.0 v2:172.21.15.28:3300/0 3 ==== mon_map magic: 0 v1 ==== 229+0+0 (secure 0 0 0) 0x7f781c03ba20 con 0x7f78201021a0
2024-07-03T15:35:36.907 INFO:teuthology.orchestra.run.smithi028.stdout:/usr/bin/ceph: stderr
2024-07-03T15:35:35.379+0000 7f782823b640 1 -- 172.21.15.28:0/3831725730 --> [v2:172.21.15.28:3300/0,v1:172.21.15.28:6789/0] -- mon_subscribe({osdmap=0}) v3 -- 0x7f7820113810 con 0x7f78201021a0
2024-07-03T15:35:36.907 INFO:teuthology.orchestra.run.smithi028.stdout:/usr/bin/ceph: stderr
2024-07-03T15:35:35.380+0000 7f78167fc640 1 -- 172.21.15.28:0/3831725730 <== mon.0 v2:172.21.15.28:3300/0 4 ==== mgrmap(e 8) v1 ==== 42636+0+0 (secure 0 0 0) 0x7f781c039070 con 0x7f78201021a0
2024-07-03T15:35:36.907 INFO:teuthology.orchestra.run.smithi028.stdout:/usr/bin/ceph: stderr
2024-07-03T15:35:35.380+0000 7f78167fc640 1 --2- 172.21.15.28:0/3831725730 >> [v2:172.21.15.28:6800/1434683766,v1:172.21.15.28:6801/1434683766] conn(0x7f780c035780 0x7f780c037c30 unknown :-1 s=NONE pgs=0 cs=0 l=1 rev1=0 crypto rx=0 tx=0 comp rx=0 tx=0).connect
2024-07-03T15:35:36.907 INFO:teuthology.orchestra.run.smithi028.stdout:/usr/bin/ceph: stderr
2024-07-03T15:35:35.380+0000 7f782823b640 1 -- 172.21.15.28:0/3831725730 --> [v2:172.21.15.28:3300/0,v1:172.21.15.28:6789/0] -- mon_command({"prefix": "get_command_descriptions"} v 0) v1 -- 0x7f782004b530 con 0x7f78201021a0
2024-07-03T15:35:36.907 INFO:teuthology.orchestra.run.smithi028.stdout:/usr/bin/ceph: stderr
2024-07-03T15:35:35.380+0000 7f78167fc640 1 -- 172.21.15.28:0/3831725730 <== mon.0 v2:172.21.15.28:3300/0 5 ==== osd_map(2..2 src has 1..2) v4 ==== 936+0+0 (secure 0 0 0) 0x7f781c068970 con 0x7f78201021a0
2024-07-03T15:35:36.907 INFO:teuthology.orchestra.run.smithi028.stdout:/usr/bin/ceph: stderr
2024-07-03T15:35:35.380+0000 7f78257d6640 1 --2- 172.21.15.28:0/3831725730 >> [v2:172.21.15.28:6800/1434683766,v1:172.21.15.28:6801/1434683766] conn(0x7f780c035780 0x7f780c037c30 unknown :-1 s=BANNER_CONNECTING pgs=0 cs=0 l=1 rev1=0 crypto rx=0 tx=0 comp rx=0 tx=0)._handle_peer_banner_payload supported=3 required=0
2024-07-03T15:35:36.907 INFO:teuthology.orchestra.run.smithi028.stdout:/usr/bin/ceph: stderr
2024-07-03T15:35:35.381+0000 7f78257d6640 1 --2- 172.21.15.28:0/3831725730 >> [v2:172.21.15.28:6800/1434683766,v1:172.21.15.28:6801/1434683766] conn(0x7f780c035780 0x7f780c037c30 secure :-1 s=READY pgs=13 cs=0 l=1 rev1=1 crypto rx=0x7f7810006fd0 tx=0x7f7810006db0 comp rx=0 tx=0).ready entity=mgr.14118 client_cookie=0 server_cookie=0 in_seq=0 out_seq=0
2024-07-03T15:35:36.908 INFO:teuthology.orchestra.run.smithi028.stdout:/usr/bin/ceph: stderr
2024-07-03T15:35:35.385+0000 7f78167fc640 1 -- 172.21.15.28:0/3831725730 <== mon.0 v2:172.21.15.28:3300/0 6 ==== mon_command_ack([{"prefix": "get_command_descriptions"}]=0 v0) v1 ==== 72+0+176702 (secure 0 0 0) 0x7f781c041020 con 0x7f78201021a0
2024-07-03T15:35:36.908 INFO:teuthology.orchestra.run.smithi028.stdout:/usr/bin/ceph: stderr
2024-07-03T15:35:35.572+0000 7f782823b640 1 -- 172.21.15.28:0/3831725730 --> [v2:172.21.15.28:6800/1434683766,v1:172.21.15.28:6801/1434683766] -- mgr_command(tid 0: {"prefix": "orch apply", "service_type": "mgr", "target": ["mon-mgr", ""]}) v1 -- 0x7f78200fcdd0 con 0x7f780c035780
2024-07-03T15:35:36.908 INFO:teuthology.orchestra.run.smithi028.stdout:/usr/bin/ceph: stderr
2024-07-03T15:35:35.576+0000 7f78167fc640 1 -- 172.21.15.28:0/3831725730 <== mgr.14118 v2:172.21.15.28:6800/1434683766 1 ==== mgr_command_reply(tid 0: 0 ) v1 ==== 8+0+24 (secure 0 0 0) 0x7f78200fcdd0 con 0x7f780c035780
2024-07-03T15:35:36.908 INFO:teuthology.orchestra.run.smithi028.stdout:/usr/bin/ceph: stderr
2024-07-03T15:35:35.578+0000 7f782823b640 1 -- 172.21.15.28:0/3831725730 >> [v2:172.21.15.28:6800/1434683766,v1:172.21.15.28:6801/1434683766] conn(0x7f780c035780 msgr2=0x7f780c037c30 secure :-1 s=STATE_CONNECTION_ESTABLISHED l=1).mark_down
2024-07-03T15:35:36.908 INFO:teuthology.orchestra.run.smithi028.stdout:/usr/bin/ceph: stderr
2024-07-03T15:35:35.578+0000 7f782823b640 1 --2- 172.21.15.28:0/3831725730 >> [v2:172.21.15.28:6800/1434683766,v1:172.21.15.28:6801/1434683766] conn(0x7f780c035780 0x7f780c037c30 secure :-1 s=READY pgs=13 cs=0 l=1 rev1=1 crypto rx=0x7f7810006fd0 tx=0x7f7810006db0 comp rx=0 tx=0).stop
2024-07-03T15:35:36.908 INFO:teuthology.orchestra.run.smithi028.stdout:/usr/bin/ceph: stderr
2024-07-03T15:35:35.578+0000 7f782823b640 1 -- 172.21.15.28:0/3831725730 >> [v2:172.21.15.28:3300/0,v1:172.21.15.28:6789/0] conn(0x7f78201021a0 msgr2=0x7f7820112c60 secure :-1 s=STATE_CONNECTION_ESTABLISHED l=1).mark_down
2024-07-03T15:35:36.908 INFO:teuthology.orchestra.run.smithi028.stdout:/usr/bin/ceph: stderr
2024-07-03T15:35:35.578+0000 7f782823b640 1 --2- 172.21.15.28:0/3831725730 >> [v2:172.21.15.28:3300/0,v1:172.21.15.28:6789/0] conn(0x7f78201021a0 0x7f7820112c60 secure :-1 s=READY pgs=48 cs=0 l=1 rev1=1 crypto rx=0x7f781c031b90 tx=0x7f781c008040 comp rx=0 tx=0).stop
2024-07-03T15:35:36.908 INFO:teuthology.orchestra.run.smithi028.stdout:/usr/bin/ceph: stderr
2024-07-03T15:35:35.578+0000 7f782823b640 1 -- 172.21.15.28:0/3831725730 shutdown_connections
2024-07-03T15:35:36.908 INFO:teuthology.orchestra.run.smithi028.stdout:/usr/bin/ceph: stderr
2024-07-03T15:35:35.578+0000 7f782823b640 1 --2- 172.21.15.28:0/3831725730 >> [v2:172.21.15.28:6800/1434683766,v1:172.21.15.28:6801/1434683766] conn(0x7f780c035780 0x7f780c037c30 unknown :-1 s=CLOSED pgs=13 cs=0 l=1 rev1=1 crypto rx=0 tx=0 comp rx=0 tx=0).stop
2024-07-03T15:35:36.908 INFO:teuthology.orchestra.run.smithi028.stdout:/usr/bin/ceph: stderr
2024-07-03T15:35:35.578+0000 7f782823b640 1 --2- 172.21.15.28:0/3831725730 >> [v2:172.21.15.28:3300/0,v1:172.21.15.28:6789/0] conn(0x7f78201021a0 0x7f7820112c60 unknown :-1 s=CLOSED pgs=48 cs=0 l=1 rev1=1 crypto rx=0 tx=0 comp rx=0 tx=0).stop
2024-07-03T15:35:36.908 INFO:teuthology.orchestra.run.smithi028.stdout:/usr/bin/ceph: stderr
2024-07-03T15:35:35.578+0000 7f782823b640 1 -- 172.21.15.28:0/3831725730 >> 172.21.15.28:0/3831725730 conn(0x7f78200fbc20 msgr2=0x7f78200fc6c0 unknown :-1 s=STATE_NONE l=0).mark_down
2024-07-03T15:35:36.908 INFO:teuthology.orchestra.run.smithi028.stdout:/usr/bin/ceph: stderr
2024-07-03T15:35:35.578+0000 7f782823b640 1 -- 172.21.15.28:0/3831725730 shutdown_connections
2024-07-03T15:35:36.909 INFO:teuthology.orchestra.run.smithi028.stdout:/usr/bin/ceph: stderr
2024-07-03T15:35:35.578+0000 7f782823b640 1 -- 172.21.15.28:0/3831725730 wait complete.
2024-07-03T15:35:36.909 INFO:teuthology.orchestra.run.smithi028.stdout:Deploying crash service with default placement...
2024-07-03T15:35:37.773 INFO:journalctl@ceph.mon.smithi028.smithi028.stdout:Jul 03 15:35:37 smithi028 ceph-mon[29148]: from='mgr.14118 172.21.15.28:0/1044821505' entity='mgr.smithi028.vtqrtz'
2024-07-03T15:35:37.774 INFO:journalctl@ceph.mon.smithi028.smithi028.stdout:Jul 03 15:35:37 smithi028 ceph-mon[29148]: from='mgr.14118 172.21.15.28:0/1044821505' entity='mgr.smithi028.vtqrtz'
2024-07-03T15:35:38.613 INFO:teuthology.orchestra.run.smithi028.stdout:/usr/bin/ceph: stdout Scheduled crash update...
2024-07-03T15:35:38.613 INFO:teuthology.orchestra.run.smithi028.stdout:/usr/bin/ceph: stderr
2024-07-03T15:35:37.282+0000 7f811f264640 1 Processor -- start
2024-07-03T15:35:38.613 INFO:teuthology.orchestra.run.smithi028.stdout:/usr/bin/ceph: stderr
2024-07-03T15:35:37.282+0000 7f811f264640 1 -- start start
2024-07-03T15:35:38.613 INFO:teuthology.orchestra.run.smithi028.stdout:/usr/bin/ceph: stderr
2024-07-03T15:35:37.283+0000 7f811f264640 1 --2- >> [v2:172.21.15.28:3300/0,v1:172.21.15.28:6789/0] conn(0x7f8118075ba0 0x7f8118106e30 unknown :-1 s=NONE pgs=0 cs=0 l=0 rev1=0 crypto rx=0 tx=0 comp rx=0 tx=0).connect
2024-07-03T15:35:38.613 INFO:teuthology.orchestra.run.smithi028.stdout:/usr/bin/ceph: stderr
2024-07-03T15:35:37.283+0000 7f811f264640 1 -- --> [v2:172.21.15.28:3300/0,v1:172.21.15.28:6789/0] -- mon_getmap magic: 0 v1 -- 0x7f8118102820 con 0x7f8118075ba0
2024-07-03T15:35:38.613 INFO:teuthology.orchestra.run.smithi028.stdout:/usr/bin/ceph: stderr
2024-07-03T15:35:37.283+0000 7f811d000640 1 --2- >> [v2:172.21.15.28:3300/0,v1:172.21.15.28:6789/0] conn(0x7f8118075ba0 0x7f8118106e30 unknown :-1 s=BANNER_CONNECTING pgs=0 cs=0 l=0 rev1=0 crypto rx=0 tx=0 comp rx=0 tx=0)._handle_peer_banner_payload supported=3 required=0
2024-07-03T15:35:38.613 INFO:teuthology.orchestra.run.smithi028.stdout:/usr/bin/ceph: stderr
2024-07-03T15:35:37.283+0000 7f811d000640 1 --2- >> [v2:172.21.15.28:3300/0,v1:172.21.15.28:6789/0] conn(0x7f8118075ba0 0x7f8118106e30 unknown :-1 s=HELLO_CONNECTING pgs=0 cs=0 l=0 rev1=1 crypto rx=0 tx=0 comp rx=0 tx=0).handle_hello peer v2:172.21.15.28:3300/0 says I am v2:172.21.15.28:35054/0 (socket says 172.21.15.28:35054)
2024-07-03T15:35:38.613 INFO:teuthology.orchestra.run.smithi028.stdout:/usr/bin/ceph: stderr
2024-07-03T15:35:37.283+0000 7f811d000640 1 -- 172.21.15.28:0/2895879824 learned_addr learned my addr 172.21.15.28:0/2895879824 (peer_addr_for_me v2:172.21.15.28:0/0)
2024-07-03T15:35:38.614 INFO:teuthology.orchestra.run.smithi028.stdout:/usr/bin/ceph: stderr
2024-07-03T15:35:37.283+0000 7f811d000640 1 -- 172.21.15.28:0/2895879824 --> [v2:172.21.15.28:3300/0,v1:172.21.15.28:6789/0] -- mon_subscribe({config=0+,monmap=0+}) v3 -- 0x7f8118107370 con 0x7f8118075ba0
2024-07-03T15:35:38.614 INFO:teuthology.orchestra.run.smithi028.stdout:/usr/bin/ceph: stderr
2024-07-03T15:35:37.284+0000 7f811d000640 1 --2- 172.21.15.28:0/2895879824 >> [v2:172.21.15.28:3300/0,v1:172.21.15.28:6789/0] conn(0x7f8118075ba0 0x7f8118106e30 secure :-1 s=READY pgs=49 cs=0 l=1 rev1=1 crypto rx=0x7f8110009e50 tx=0x7f8110009840 comp rx=0 tx=0).ready entity=mon.0 client_cookie=395eb80a8d8f50ae server_cookie=0 in_seq=0 out_seq=0
2024-07-03T15:35:38.614 INFO:teuthology.orchestra.run.smithi028.stdout:/usr/bin/ceph: stderr
2024-07-03T15:35:37.284+0000 7f81177fe640 1 -- 172.21.15.28:0/2895879824 <== mon.0 v2:172.21.15.28:3300/0 1 ==== mon_map magic: 0 v1 ==== 229+0+0 (secure 0 0 0) 0x7f8110031560 con 0x7f8118075ba0
2024-07-03T15:35:38.614 INFO:teuthology.orchestra.run.smithi028.stdout:/usr/bin/ceph: stderr
