2024-09-10T18:49:09.036+0000 7fc7ac408640 1 --2- >> [v2:172.21.15.107:3300/0,v1:172.21.15.107:6789/0] conn(0x7fc7a4075cd0 0x7fc7a4074250 unknown :-1 s=NONE pgs=0 cs=0 l=0 rev1=0 crypto rx=0 tx=0 comp rx=0 tx=0).connect
2024-09-10T18:49:09.730 INFO:teuthology.orchestra.run.smithi107.stdout:/usr/bin/ceph: stderr
2024-09-10T18:49:09.036+0000 7fc7ac408640 1 -- --> [v2:172.21.15.107:3300/0,v1:172.21.15.107:6789/0] -- mon_getmap magic: 0 v1 -- 0x7fc7a40760e0 con 0x7fc7a4075cd0
2024-09-10T18:49:09.730 INFO:teuthology.orchestra.run.smithi107.stdout:/usr/bin/ceph: stderr
2024-09-10T18:49:09.036+0000 7fc7aa1a4640 1 --2- >> [v2:172.21.15.107:3300/0,v1:172.21.15.107:6789/0] conn(0x7fc7a4075cd0 0x7fc7a4074250 unknown :-1 s=BANNER_CONNECTING pgs=0 cs=0 l=0 rev1=0 crypto rx=0 tx=0 comp rx=0 tx=0)._handle_peer_banner_payload supported=3 required=0
2024-09-10T18:49:09.730 INFO:teuthology.orchestra.run.smithi107.stdout:/usr/bin/ceph: stderr
2024-09-10T18:49:09.036+0000 7fc7aa1a4640 1 --2- >> [v2:172.21.15.107:3300/0,v1:172.21.15.107:6789/0] conn(0x7fc7a4075cd0 0x7fc7a4074250 unknown :-1 s=HELLO_CONNECTING pgs=0 cs=0 l=0 rev1=1 crypto rx=0 tx=0 comp rx=0 tx=0).handle_hello peer v2:172.21.15.107:3300/0 says I am v2:172.21.15.107:43294/0 (socket says 172.21.15.107:43294)
2024-09-10T18:49:09.730 INFO:teuthology.orchestra.run.smithi107.stdout:/usr/bin/ceph: stderr
2024-09-10T18:49:09.036+0000 7fc7aa1a4640 1 -- 172.21.15.107:0/3682311798 learned_addr learned my addr 172.21.15.107:0/3682311798 (peer_addr_for_me v2:172.21.15.107:0/0)
2024-09-10T18:49:09.730 INFO:teuthology.orchestra.run.smithi107.stdout:/usr/bin/ceph: stderr
2024-09-10T18:49:09.036+0000 7fc7aa1a4640 1 -- 172.21.15.107:0/3682311798 --> [v2:172.21.15.107:3300/0,v1:172.21.15.107:6789/0] -- mon_subscribe({config=0+,monmap=0+}) v3 -- 0x7fc7a4074790 con 0x7fc7a4075cd0
2024-09-10T18:49:09.730 INFO:teuthology.orchestra.run.smithi107.stdout:/usr/bin/ceph: stderr
2024-09-10T18:49:09.037+0000 7fc7aa1a4640 1 --2- 172.21.15.107:0/3682311798 >> [v2:172.21.15.107:3300/0,v1:172.21.15.107:6789/0] conn(0x7fc7a4075cd0 0x7fc7a4074250 secure :-1 s=READY pgs=70 cs=0 l=1 rev1=1 crypto rx=0x7fc794009e50 tx=0x7fc794009840 comp rx=0 tx=0).ready entity=mon.0 client_cookie=5fe33ed480d89187 server_cookie=0 in_seq=0 out_seq=0
2024-09-10T18:49:09.730 INFO:teuthology.orchestra.run.smithi107.stdout:/usr/bin/ceph: stderr
2024-09-10T18:49:09.037+0000 7fc7a91a2640 1 -- 172.21.15.107:0/3682311798 <== mon.0 v2:172.21.15.107:3300/0 1 ==== mon_map magic: 0 v1 ==== 205+0+0 (secure 0 0 0) 0x7fc794031400 con 0x7fc7a4075cd0
2024-09-10T18:49:09.730 INFO:teuthology.orchestra.run.smithi107.stdout:/usr/bin/ceph: stderr
2024-09-10T18:49:09.037+0000 7fc7a91a2640 1 -- 172.21.15.107:0/3682311798 <== mon.0 v2:172.21.15.107:3300/0 2 ==== config(22 keys) v1 ==== 968+0+0 (secure 0 0 0) 0x7fc79402d050 con 0x7fc7a4075cd0
2024-09-10T18:49:09.731 INFO:teuthology.orchestra.run.smithi107.stdout:/usr/bin/ceph: stderr
2024-09-10T18:49:09.037+0000 7fc7a91a2640 1 -- 172.21.15.107:0/3682311798 <== mon.0 v2:172.21.15.107:3300/0 3 ==== mon_map magic: 0 v1 ==== 205+0+0 (secure 0 0 0) 0x7fc794007580 con 0x7fc7a4075cd0
2024-09-10T18:49:09.731 INFO:teuthology.orchestra.run.smithi107.stdout:/usr/bin/ceph: stderr
2024-09-10T18:49:09.038+0000 7fc7ac408640 1 -- 172.21.15.107:0/3682311798 >> [v2:172.21.15.107:3300/0,v1:172.21.15.107:6789/0] conn(0x7fc7a4075cd0 msgr2=0x7fc7a4074250 secure :-1 s=STATE_CONNECTION_ESTABLISHED l=1).mark_down
2024-09-10T18:49:09.731 INFO:teuthology.orchestra.run.smithi107.stdout:/usr/bin/ceph: stderr
2024-09-10T18:49:09.038+0000 7fc7ac408640 1 --2- 172.21.15.107:0/3682311798 >> [v2:172.21.15.107:3300/0,v1:172.21.15.107:6789/0] conn(0x7fc7a4075cd0 0x7fc7a4074250 secure :-1 s=READY pgs=70 cs=0 l=1 rev1=1 crypto rx=0x7fc794009e50 tx=0x7fc794009840 comp rx=0 tx=0).stop
2024-09-10T18:49:09.731 INFO:teuthology.orchestra.run.smithi107.stdout:/usr/bin/ceph: stderr
2024-09-10T18:49:09.038+0000 7fc7ac408640 1 -- 172.21.15.107:0/3682311798 shutdown_connections
2024-09-10T18:49:09.731 INFO:teuthology.orchestra.run.smithi107.stdout:/usr/bin/ceph: stderr
2024-09-10T18:49:09.038+0000 7fc7ac408640 1 --2- 172.21.15.107:0/3682311798 >> [v2:172.21.15.107:3300/0,v1:172.21.15.107:6789/0] conn(0x7fc7a4075cd0 0x7fc7a4074250 unknown :-1 s=CLOSED pgs=70 cs=0 l=1 rev1=1 crypto rx=0 tx=0 comp rx=0 tx=0).stop
2024-09-10T18:49:09.731 INFO:teuthology.orchestra.run.smithi107.stdout:/usr/bin/ceph: stderr
2024-09-10T18:49:09.038+0000 7fc7ac408640 1 -- 172.21.15.107:0/3682311798 >> 172.21.15.107:0/3682311798 conn(0x7fc7a40fbb20 msgr2=0x7fc7a40fdf50 unknown :-1 s=STATE_NONE l=0).mark_down
2024-09-10T18:49:09.731 INFO:teuthology.orchestra.run.smithi107.stdout:/usr/bin/ceph: stderr
2024-09-10T18:49:09.038+0000 7fc7ac408640 1 -- 172.21.15.107:0/3682311798 shutdown_connections
2024-09-10T18:49:09.731 INFO:teuthology.orchestra.run.smithi107.stdout:/usr/bin/ceph: stderr
2024-09-10T18:49:09.038+0000 7fc7ac408640 1 -- 172.21.15.107:0/3682311798 wait complete.
2024-09-10T18:49:09.731 INFO:teuthology.orchestra.run.smithi107.stdout:/usr/bin/ceph: stderr
2024-09-10T18:49:09.038+0000 7fc7ac408640 1 Processor -- start
2024-09-10T18:49:09.731 INFO:teuthology.orchestra.run.smithi107.stdout:/usr/bin/ceph: stderr
2024-09-10T18:49:09.038+0000 7fc7ac408640 1 -- start start
2024-09-10T18:49:09.731 INFO:teuthology.orchestra.run.smithi107.stdout:/usr/bin/ceph: stderr
2024-09-10T18:49:09.038+0000 7fc7ac408640 1 --2- >> [v2:172.21.15.107:3300/0,v1:172.21.15.107:6789/0] conn(0x7fc7a4075cd0 0x7fc7a4111140 unknown :-1 s=NONE pgs=0 cs=0 l=1 rev1=0 crypto rx=0 tx=0 comp rx=0 tx=0).connect
2024-09-10T18:49:09.732 INFO:teuthology.orchestra.run.smithi107.stdout:/usr/bin/ceph: stderr
2024-09-10T18:49:09.038+0000 7fc7ac408640 1 -- --> [v2:172.21.15.107:3300/0,v1:172.21.15.107:6789/0] -- mon_getmap magic: 0 v1 -- 0x7fc7a4111680 con 0x7fc7a4075cd0
2024-09-10T18:49:09.732 INFO:teuthology.orchestra.run.smithi107.stdout:/usr/bin/ceph: stderr
2024-09-10T18:49:09.038+0000 7fc7aa1a4640 1 --2- >> [v2:172.21.15.107:3300/0,v1:172.21.15.107:6789/0] conn(0x7fc7a4075cd0 0x7fc7a4111140 unknown :-1 s=BANNER_CONNECTING pgs=0 cs=0 l=1 rev1=0 crypto rx=0 tx=0 comp rx=0 tx=0)._handle_peer_banner_payload supported=3 required=0
2024-09-10T18:49:09.732 INFO:teuthology.orchestra.run.smithi107.stdout:/usr/bin/ceph: stderr
2024-09-10T18:49:09.039+0000 7fc7aa1a4640 1 --2- >> [v2:172.21.15.107:3300/0,v1:172.21.15.107:6789/0] conn(0x7fc7a4075cd0 0x7fc7a4111140 unknown :-1 s=HELLO_CONNECTING pgs=0 cs=0 l=1 rev1=1 crypto rx=0 tx=0 comp rx=0 tx=0).handle_hello peer v2:172.21.15.107:3300/0 says I am v2:172.21.15.107:43306/0 (socket says 172.21.15.107:43306)
2024-09-10T18:49:09.732 INFO:teuthology.orchestra.run.smithi107.stdout:/usr/bin/ceph: stderr
2024-09-10T18:49:09.039+0000 7fc7aa1a4640 1 -- 172.21.15.107:0/3821723668 learned_addr learned my addr 172.21.15.107:0/3821723668 (peer_addr_for_me v2:172.21.15.107:0/0)
2024-09-10T18:49:09.732 INFO:teuthology.orchestra.run.smithi107.stdout:/usr/bin/ceph: stderr
2024-09-10T18:49:09.039+0000 7fc7aa1a4640 1 -- 172.21.15.107:0/3821723668 --> [v2:172.21.15.107:3300/0,v1:172.21.15.107:6789/0] -- mon_subscribe({config=0+,monmap=0+}) v3 -- 0x7fc794009ae0 con 0x7fc7a4075cd0
2024-09-10T18:49:09.732 INFO:teuthology.orchestra.run.smithi107.stdout:/usr/bin/ceph: stderr
2024-09-10T18:49:09.039+0000 7fc7aa1a4640 1 --2- 172.21.15.107:0/3821723668 >> [v2:172.21.15.107:3300/0,v1:172.21.15.107:6789/0] conn(0x7fc7a4075cd0 0x7fc7a4111140 secure :-1 s=READY pgs=71 cs=0 l=1 rev1=1 crypto rx=0x7fc794007030 tx=0x7fc794009840 comp rx=0 tx=0).ready entity=mon.0 client_cookie=0 server_cookie=0 in_seq=0 out_seq=0
2024-09-10T18:49:09.732 INFO:teuthology.orchestra.run.smithi107.stdout:/usr/bin/ceph: stderr
2024-09-10T18:49:09.039+0000 7fc7a2ffd640 1 -- 172.21.15.107:0/3821723668 <== mon.0 v2:172.21.15.107:3300/0 1 ==== mon_map magic: 0 v1 ==== 205+0+0 (secure 0 0 0) 0x7fc794007ad0 con 0x7fc7a4075cd0
2024-09-10T18:49:09.732 INFO:teuthology.orchestra.run.smithi107.stdout:/usr/bin/ceph: stderr
2024-09-10T18:49:09.039+0000 7fc7a2ffd640 1 -- 172.21.15.107:0/3821723668 <== mon.0 v2:172.21.15.107:3300/0 2 ==== config(22 keys) v1 ==== 968+0+0 (secure 0 0 0) 0x7fc794007c30 con 0x7fc7a4075cd0
2024-09-10T18:49:09.732 INFO:teuthology.orchestra.run.smithi107.stdout:/usr/bin/ceph: stderr
2024-09-10T18:49:09.039+0000 7fc7ac408640 1 -- 172.21.15.107:0/3821723668 --> [v2:172.21.15.107:3300/0,v1:172.21.15.107:6789/0] -- mon_subscribe({mgrmap=0+}) v3 -- 0x7fc7a4111880 con 0x7fc7a4075cd0
2024-09-10T18:49:09.732 INFO:teuthology.orchestra.run.smithi107.stdout:/usr/bin/ceph: stderr
2024-09-10T18:49:09.039+0000 7fc7a2ffd640 1 -- 172.21.15.107:0/3821723668 <== mon.0 v2:172.21.15.107:3300/0 3 ==== mon_map magic: 0 v1 ==== 205+0+0 (secure 0 0 0) 0x7fc794044d70 con 0x7fc7a4075cd0
2024-09-10T18:49:09.732 INFO:teuthology.orchestra.run.smithi107.stdout:/usr/bin/ceph: stderr
2024-09-10T18:49:09.039+0000 7fc7ac408640 1 -- 172.21.15.107:0/3821723668 --> [v2:172.21.15.107:3300/0,v1:172.21.15.107:6789/0] -- mon_subscribe({osdmap=0}) v3 -- 0x7fc7a4111cf0 con 0x7fc7a4075cd0
2024-09-10T18:49:09.732 INFO:teuthology.orchestra.run.smithi107.stdout:/usr/bin/ceph: stderr
2024-09-10T18:49:09.040+0000 7fc7a2ffd640 1 -- 172.21.15.107:0/3821723668 <== mon.0 v2:172.21.15.107:3300/0 4 ==== mgrmap(e 12) v1 ==== 45505+0+0 (secure 0 0 0) 0x7fc794038070 con 0x7fc7a4075cd0
2024-09-10T18:49:09.733 INFO:teuthology.orchestra.run.smithi107.stdout:/usr/bin/ceph: stderr
2024-09-10T18:49:09.040+0000 7fc7ac408640 1 -- 172.21.15.107:0/3821723668 --> [v2:172.21.15.107:3300/0,v1:172.21.15.107:6789/0] -- mon_command({"prefix": "get_command_descriptions"} v 0) v1 -- 0x7fc7a404b720 con 0x7fc7a4075cd0
2024-09-10T18:49:09.733 INFO:teuthology.orchestra.run.smithi107.stdout:/usr/bin/ceph: stderr
2024-09-10T18:49:09.040+0000 7fc7a2ffd640 1 --2- 172.21.15.107:0/3821723668 >> [v2:172.21.15.107:6800/383804209,v1:172.21.15.107:6801/383804209] conn(0x7fc78c0394b0 0x7fc78c03b960 unknown :-1 s=NONE pgs=0 cs=0 l=1 rev1=0 crypto rx=0 tx=0 comp rx=0 tx=0).connect
2024-09-10T18:49:09.733 INFO:teuthology.orchestra.run.smithi107.stdout:/usr/bin/ceph: stderr
2024-09-10T18:49:09.040+0000 7fc7a2ffd640 1 -- 172.21.15.107:0/3821723668 <== mon.0 v2:172.21.15.107:3300/0 5 ==== osd_map(3..3 src has 1..3) v4 ==== 1151+0+0 (secure 0 0 0) 0x7fc79406cde0 con 0x7fc7a4075cd0
2024-09-10T18:49:09.733 INFO:teuthology.orchestra.run.smithi107.stdout:/usr/bin/ceph: stderr
2024-09-10T18:49:09.040+0000 7fc7a99a3640 1 --2- 172.21.15.107:0/3821723668 >> [v2:172.21.15.107:6800/383804209,v1:172.21.15.107:6801/383804209] conn(0x7fc78c0394b0 0x7fc78c03b960 unknown :-1 s=BANNER_CONNECTING pgs=0 cs=0 l=1 rev1=0 crypto rx=0 tx=0 comp rx=0 tx=0)._handle_peer_banner_payload supported=3 required=0
2024-09-10T18:49:09.733 INFO:teuthology.orchestra.run.smithi107.stdout:/usr/bin/ceph: stderr
2024-09-10T18:49:09.041+0000 7fc7a99a3640 1 --2- 172.21.15.107:0/3821723668 >> [v2:172.21.15.107:6800/383804209,v1:172.21.15.107:6801/383804209] conn(0x7fc78c0394b0 0x7fc78c03b960 secure :-1 s=READY pgs=9 cs=0 l=1 rev1=1 crypto rx=0x7fc798006fd0 tx=0x7fc798006db0 comp rx=0 tx=0).ready entity=mgr.14148 client_cookie=0 server_cookie=0 in_seq=0 out_seq=0
2024-09-10T18:49:09.733 INFO:teuthology.orchestra.run.smithi107.stdout:/usr/bin/ceph: stderr
2024-09-10T18:49:09.045+0000 7fc7a2ffd640 1 -- 172.21.15.107:0/3821723668 <== mon.0 v2:172.21.15.107:3300/0 6 ==== mon_command_ack([{"prefix": "get_command_descriptions"}]=0 v0) v1 ==== 72+0+176781 (secure 0 0 0) 0x7fc794044410 con 0x7fc7a4075cd0
2024-09-10T18:49:09.733 INFO:teuthology.orchestra.run.smithi107.stdout:/usr/bin/ceph: stderr
2024-09-10T18:49:09.120+0000 7fc7a2ffd640 1 -- 172.21.15.107:0/3821723668 <== mon.0 v2:172.21.15.107:3300/0 7 ==== mgrmap(e 13) v1 ==== 45549+0+0 (secure 0 0 0) 0x7fc79403b460 con 0x7fc7a4075cd0
2024-09-10T18:49:09.733 INFO:teuthology.orchestra.run.smithi107.stdout:/usr/bin/ceph: stderr
2024-09-10T18:49:09.201+0000 7fc7ac408640 1 -- 172.21.15.107:0/3821723668 --> [v2:172.21.15.107:3300/0,v1:172.21.15.107:6789/0] -- mon_command({"prefix": "config get", "who": "mgr", "key": "mgr/dashboard/ssl_server_port"} v 0) v1 -- 0x7fc7a4111cf0 con 0x7fc7a4075cd0
2024-09-10T18:49:09.733 INFO:teuthology.orchestra.run.smithi107.stdout:/usr/bin/ceph: stderr
2024-09-10T18:49:09.202+0000 7fc7a2ffd640 1 -- 172.21.15.107:0/3821723668 <== mon.0 v2:172.21.15.107:3300/0 8 ==== mon_command_ack([{"prefix": "config get", "who": "mgr", "key": "mgr/dashboard/ssl_server_port"}]=0 v8) v1 ==== 112+0+5 (secure 0 0 0) 0x7fc794036020 con 0x7fc7a4075cd0
2024-09-10T18:49:09.733 INFO:teuthology.orchestra.run.smithi107.stdout:/usr/bin/ceph: stderr
2024-09-10T18:49:09.203+0000 7fc7ac408640 1 -- 172.21.15.107:0/3821723668 >> [v2:172.21.15.107:6800/383804209,v1:172.21.15.107:6801/383804209] conn(0x7fc78c0394b0 msgr2=0x7fc78c03b960 secure :-1 s=STATE_CONNECTION_ESTABLISHED l=1).mark_down
2024-09-10T18:49:09.733 INFO:teuthology.orchestra.run.smithi107.stdout:/usr/bin/ceph: stderr
2024-09-10T18:49:09.203+0000 7fc7ac408640 1 --2- 172.21.15.107:0/3821723668 >> [v2:172.21.15.107:6800/383804209,v1:172.21.15.107:6801/383804209] conn(0x7fc78c0394b0 0x7fc78c03b960 secure :-1 s=READY pgs=9 cs=0 l=1 rev1=1 crypto rx=0x7fc798006fd0 tx=0x7fc798006db0 comp rx=0 tx=0).stop
2024-09-10T18:49:09.733 INFO:teuthology.orchestra.run.smithi107.stdout:/usr/bin/ceph: stderr
2024-09-10T18:49:09.203+0000 7fc7ac408640 1 -- 172.21.15.107:0/3821723668 >> [v2:172.21.15.107:3300/0,v1:172.21.15.107:6789/0] conn(0x7fc7a4075cd0 msgr2=0x7fc7a4111140 secure :-1 s=STATE_CONNECTION_ESTABLISHED l=1).mark_down
2024-09-10T18:49:09.734 INFO:teuthology.orchestra.run.smithi107.stdout:/usr/bin/ceph: stderr
2024-09-10T18:49:09.203+0000 7fc7ac408640 1 --2- 172.21.15.107:0/3821723668 >> [v2:172.21.15.107:3300/0,v1:172.21.15.107:6789/0] conn(0x7fc7a4075cd0 0x7fc7a4111140 secure :-1 s=READY pgs=71 cs=0 l=1 rev1=1 crypto rx=0x7fc794007030 tx=0x7fc794009840 comp rx=0 tx=0).stop
2024-09-10T18:49:09.734 INFO:teuthology.orchestra.run.smithi107.stdout:/usr/bin/ceph: stderr
2024-09-10T18:49:09.204+0000 7fc7ac408640 1 -- 172.21.15.107:0/3821723668 shutdown_connections
2024-09-10T18:49:09.734 INFO:teuthology.orchestra.run.smithi107.stdout:/usr/bin/ceph: stderr
2024-09-10T18:49:09.204+0000 7fc7ac408640 1 --2- 172.21.15.107:0/3821723668 >> [v2:172.21.15.107:6800/383804209,v1:172.21.15.107:6801/383804209] conn(0x7fc78c0394b0 0x7fc78c03b960 unknown :-1 s=CLOSED pgs=9 cs=0 l=1 rev1=1 crypto rx=0 tx=0 comp rx=0 tx=0).stop
2024-09-10T18:49:09.734 INFO:teuthology.orchestra.run.smithi107.stdout:/usr/bin/ceph: stderr
2024-09-10T18:49:09.204+0000 7fc7ac408640 1 --2- 172.21.15.107:0/3821723668 >> [v2:172.21.15.107:3300/0,v1:172.21.15.107:6789/0] conn(0x7fc7a4075cd0 0x7fc7a4111140 unknown :-1 s=CLOSED pgs=71 cs=0 l=1 rev1=1 crypto rx=0 tx=0 comp rx=0 tx=0).stop
2024-09-10T18:49:09.734 INFO:teuthology.orchestra.run.smithi107.stdout:/usr/bin/ceph: stderr
2024-09-10T18:49:09.204+0000 7fc7ac408640 1 -- 172.21.15.107:0/3821723668 >> 172.21.15.107:0/3821723668 conn(0x7fc7a40fbb20 msgr2=0x7fc7a40fc600 unknown :-1 s=STATE_NONE l=0).mark_down
2024-09-10T18:49:09.734 INFO:teuthology.orchestra.run.smithi107.stdout:/usr/bin/ceph: stderr
2024-09-10T18:49:09.204+0000 7fc7ac408640 1 -- 172.21.15.107:0/3821723668 shutdown_connections
2024-09-10T18:49:09.734 INFO:teuthology.orchestra.run.smithi107.stdout:/usr/bin/ceph: stderr
2024-09-10T18:49:09.204+0000 7fc7ac408640 1 -- 172.21.15.107:0/3821723668 wait complete.
2024-09-10T18:49:09.736 INFO:teuthology.orchestra.run.smithi107.stdout:Non-zero exit code 1 from systemctl is-enabled firewalld.service
2024-09-10T18:49:09.737 INFO:teuthology.orchestra.run.smithi107.stdout:systemctl: stdout disabled
2024-09-10T18:49:09.743 INFO:teuthology.orchestra.run.smithi107.stdout:Non-zero exit code 3 from systemctl is-active firewalld.service
2024-09-10T18:49:09.743 INFO:teuthology.orchestra.run.smithi107.stdout:systemctl: stdout inactive
2024-09-10T18:49:09.744 INFO:teuthology.orchestra.run.smithi107.stdout:firewalld.service is not enabled
2024-09-10T18:49:09.744 INFO:teuthology.orchestra.run.smithi107.stdout:Not possible to open ports <[8443]>. firewalld.service is not available
2024-09-10T18:49:09.746 INFO:teuthology.orchestra.run.smithi107.stdout:Ceph Dashboard is now available at:
2024-09-10T18:49:09.746 INFO:teuthology.orchestra.run.smithi107.stdout:
2024-09-10T18:49:09.746 INFO:teuthology.orchestra.run.smithi107.stdout: URL: https://smithi107.front.sepia.ceph.com:8443/
2024-09-10T18:49:09.746 INFO:teuthology.orchestra.run.smithi107.stdout: User: admin
2024-09-10T18:49:09.746 INFO:teuthology.orchestra.run.smithi107.stdout: Password: x8cklpi23r
2024-09-10T18:49:09.746 INFO:teuthology.orchestra.run.smithi107.stdout:
2024-09-10T18:49:09.747 INFO:teuthology.orchestra.run.smithi107.stdout:Saving cluster configuration to /var/lib/ceph/d7c9fa7c-6fa4-11ef-bcea-c7b262605968/config directory
2024-09-10T18:49:09.747 INFO:teuthology.orchestra.run.smithi107.stdout:Enabling autotune for osd_memory_target
2024-09-10T18:49:10.465 INFO:journalctl@ceph.mon.a.smithi107.stdout:Sep 10 18:49:10 smithi107 ceph-mon[29404]: mgrmap e13: y(active, since 6s)
2024-09-10T18:49:10.465 INFO:journalctl@ceph.mon.a.smithi107.stdout:Sep 10 18:49:10 smithi107 ceph-mon[29404]: from='client.? 172.21.15.107:0/3821723668' entity='client.admin' cmd=[{"prefix": "config get", "who": "mgr", "key": "mgr/dashboard/ssl_server_port"}]: dispatch
2024-09-10T18:49:10.905 INFO:teuthology.orchestra.run.smithi107.stdout:/usr/bin/ceph: stderr
2024-09-10T18:49:10.176+0000 7f1dd3f74640 1 Processor -- start
2024-09-10T18:49:10.910 INFO:teuthology.orchestra.run.smithi107.stdout:/usr/bin/ceph: stderr
2024-09-10T18:49:10.176+0000 7f1dd3f74640 1 -- start start
2024-09-10T18:49:10.910 INFO:teuthology.orchestra.run.smithi107.stdout:/usr/bin/ceph: stderr
2024-09-10T18:49:10.176+0000 7f1dd3f74640 1 --2- >> [v2:172.21.15.107:3300/0,v1:172.21.15.107:6789/0] conn(0x7f1dcc073c20 0x7f1dcc105330 unknown :-1 s=NONE pgs=0 cs=0 l=0 rev1=0 crypto rx=0 tx=0 comp rx=0 tx=0).connect
2024-09-10T18:49:10.910 INFO:teuthology.orchestra.run.smithi107.stdout:/usr/bin/ceph: stderr
2024-09-10T18:49:10.176+0000 7f1dd3f74640 1 -- --> [v2:172.21.15.107:3300/0,v1:172.21.15.107:6789/0] -- mon_getmap magic: 0 v1 -- 0x7f1dcc100d20 con 0x7f1dcc073c20
2024-09-10T18:49:10.910 INFO:teuthology.orchestra.run.smithi107.stdout:/usr/bin/ceph: stderr
2024-09-10T18:49:10.177+0000 7f1dd1d10640 1 --2- >> [v2:172.21.15.107:3300/0,v1:172.21.15.107:6789/0] conn(0x7f1dcc073c20 0x7f1dcc105330 unknown :-1 s=BANNER_CONNECTING pgs=0 cs=0 l=0 rev1=0 crypto rx=0 tx=0 comp rx=0 tx=0)._handle_peer_banner_payload supported=3 required=0
2024-09-10T18:49:10.910 INFO:teuthology.orchestra.run.smithi107.stdout:/usr/bin/ceph: stderr
2024-09-10T18:49:10.177+0000 7f1dd1d10640 1 --2- >> [v2:172.21.15.107:3300/0,v1:172.21.15.107:6789/0] conn(0x7f1dcc073c20 0x7f1dcc105330 unknown :-1 s=HELLO_CONNECTING pgs=0 cs=0 l=0 rev1=1 crypto rx=0 tx=0 comp rx=0 tx=0).handle_hello peer v2:172.21.15.107:3300/0 says I am v2:172.21.15.107:43312/0 (socket says 172.21.15.107:43312)
2024-09-10T18:49:10.911 INFO:teuthology.orchestra.run.smithi107.stdout:/usr/bin/ceph: stderr
2024-09-10T18:49:10.177+0000 7f1dd1d10640 1 -- 172.21.15.107:0/1366490918 learned_addr learned my addr 172.21.15.107:0/1366490918 (peer_addr_for_me v2:172.21.15.107:0/0)
2024-09-10T18:49:10.911 INFO:teuthology.orchestra.run.smithi107.stdout:/usr/bin/ceph: stderr
2024-09-10T18:49:10.177+0000 7f1dd1d10640 1 -- 172.21.15.107:0/1366490918 --> [v2:172.21.15.107:3300/0,v1:172.21.15.107:6789/0] -- mon_subscribe({config=0+,monmap=0+}) v3 -- 0x7f1dcc105870 con 0x7f1dcc073c20
2024-09-10T18:49:10.911 INFO:teuthology.orchestra.run.smithi107.stdout:/usr/bin/ceph: stderr
2024-09-10T18:49:10.178+0000 7f1dd1d10640 1 --2- 172.21.15.107:0/1366490918 >> [v2:172.21.15.107:3300/0,v1:172.21.15.107:6789/0] conn(0x7f1dcc073c20 0x7f1dcc105330 secure :-1 s=READY pgs=72 cs=0 l=1 rev1=1 crypto rx=0x7f1dbc009e50 tx=0x7f1dbc009840 comp rx=0 tx=0).ready entity=mon.0 client_cookie=4a9d47e60d42cd9e server_cookie=0 in_seq=0 out_seq=0
2024-09-10T18:49:10.911 INFO:teuthology.orchestra.run.smithi107.stdout:/usr/bin/ceph: stderr
2024-09-10T18:49:10.178+0000 7f1dd0d0e640 1 -- 172.21.15.107:0/1366490918 <== mon.0 v2:172.21.15.107:3300/0 1 ==== mon_map magic: 0 v1 ==== 205+0+0 (secure 0 0 0) 0x7f1dbc031400 con 0x7f1dcc073c20
2024-09-10T18:49:10.911 INFO:teuthology.orchestra.run.smithi107.stdout:/usr/bin/ceph: stderr
2024-09-10T18:49:10.178+0000 7f1dd0d0e640 1 -- 172.21.15.107:0/1366490918 <== mon.0 v2:172.21.15.107:3300/0 2 ==== config(22 keys) v1 ==== 968+0+0 (secure 0 0 0) 0x7f1dbc02d050 con 0x7f1dcc073c20
2024-09-10T18:49:10.911 INFO:teuthology.orchestra.run.smithi107.stdout:/usr/bin/ceph: stderr
2024-09-10T18:49:10.178+0000 7f1dd0d0e640 1 -- 172.21.15.107:0/1366490918 <== mon.0 v2:172.21.15.107:3300/0 3 ==== mon_map magic: 0 v1 ==== 205+0+0 (secure 0 0 0) 0x7f1dbc007580 con 0x7f1dcc073c20
2024-09-10T18:49:10.911 INFO:teuthology.orchestra.run.smithi107.stdout:/usr/bin/ceph: stderr
2024-09-10T18:49:10.178+0000 7f1dd3f74640 1 -- 172.21.15.107:0/1366490918 >> [v2:172.21.15.107:3300/0,v1:172.21.15.107:6789/0] conn(0x7f1dcc073c20 msgr2=0x7f1dcc105330 secure :-1 s=STATE_CONNECTION_ESTABLISHED l=1).mark_down
2024-09-10T18:49:10.911 INFO:teuthology.orchestra.run.smithi107.stdout:/usr/bin/ceph: stderr
2024-09-10T18:49:10.178+0000 7f1dd3f74640 1 --2- 172.21.15.107:0/1366490918 >> [v2:172.21.15.107:3300/0,v1:172.21.15.107:6789/0] conn(0x7f1dcc073c20 0x7f1dcc105330 secure :-1 s=READY pgs=72 cs=0 l=1 rev1=1 crypto rx=0x7f1dbc009e50 tx=0x7f1dbc009840 comp rx=0 tx=0).stop
2024-09-10T18:49:10.911 INFO:teuthology.orchestra.run.smithi107.stdout:/usr/bin/ceph: stderr
2024-09-10T18:49:10.178+0000 7f1dd3f74640 1 -- 172.21.15.107:0/1366490918 shutdown_connections
2024-09-10T18:49:10.911 INFO:teuthology.orchestra.run.smithi107.stdout:/usr/bin/ceph: stderr
2024-09-10T18:49:10.178+0000 7f1dd3f74640 1 --2- 172.21.15.107:0/1366490918 >> [v2:172.21.15.107:3300/0,v1:172.21.15.107:6789/0] conn(0x7f1dcc073c20 0x7f1dcc105330 unknown :-1 s=CLOSED pgs=72 cs=0 l=1 rev1=1 crypto rx=0 tx=0 comp rx=0 tx=0).stop
2024-09-10T18:49:10.911 INFO:teuthology.orchestra.run.smithi107.stdout:/usr/bin/ceph: stderr
2024-09-10T18:49:10.178+0000 7f1dd3f74640 1 -- 172.21.15.107:0/1366490918 >> 172.21.15.107:0/1366490918 conn(0x7f1dcc0faa00 msgr2=0x7f1dcc0fce10 unknown :-1 s=STATE_NONE l=0).mark_down
2024-09-10T18:49:10.911 INFO:teuthology.orchestra.run.smithi107.stdout:/usr/bin/ceph: stderr
2024-09-10T18:49:10.179+0000 7f1dd3f74640 1 -- 172.21.15.107:0/1366490918 shutdown_connections
2024-09-10T18:49:10.911 INFO:teuthology.orchestra.run.smithi107.stdout:/usr/bin/ceph: stderr
2024-09-10T18:49:10.179+0000 7f1dd3f74640 1 -- 172.21.15.107:0/1366490918 wait complete.
2024-09-10T18:49:10.912 INFO:teuthology.orchestra.run.smithi107.stdout:/usr/bin/ceph: stderr
2024-09-10T18:49:10.179+0000 7f1dd3f74640 1 Processor -- start
2024-09-10T18:49:10.912 INFO:teuthology.orchestra.run.smithi107.stdout:/usr/bin/ceph: stderr
2024-09-10T18:49:10.179+0000 7f1dd3f74640 1 -- start start
2024-09-10T18:49:10.912 INFO:teuthology.orchestra.run.smithi107.stdout:/usr/bin/ceph: stderr
2024-09-10T18:49:10.179+0000 7f1dd3f74640 1 --2- >> [v2:172.21.15.107:3300/0,v1:172.21.15.107:6789/0] conn(0x7f1dcc073c20 0x7f1dcc1110c0 unknown :-1 s=NONE pgs=0 cs=0 l=1 rev1=0 crypto rx=0 tx=0 comp rx=0 tx=0).connect
2024-09-10T18:49:10.912 INFO:teuthology.orchestra.run.smithi107.stdout:/usr/bin/ceph: stderr
2024-09-10T18:49:10.179+0000 7f1dd3f74640 1 -- --> [v2:172.21.15.107:3300/0,v1:172.21.15.107:6789/0] -- mon_getmap magic: 0 v1 -- 0x7f1dcc111600 con 0x7f1dcc073c20
2024-09-10T18:49:10.912 INFO:teuthology.orchestra.run.smithi107.stdout:/usr/bin/ceph: stderr
2024-09-10T18:49:10.179+0000 7f1dd1d10640 1 --2- >> [v2:172.21.15.107:3300/0,v1:172.21.15.107:6789/0] conn(0x7f1dcc073c20 0x7f1dcc1110c0 unknown :-1 s=BANNER_CONNECTING pgs=0 cs=0 l=1 rev1=0 crypto rx=0 tx=0 comp rx=0 tx=0)._handle_peer_banner_payload supported=3 required=0
2024-09-10T18:49:10.912 INFO:teuthology.orchestra.run.smithi107.stdout:/usr/bin/ceph: stderr
2024-09-10T18:49:10.179+0000 7f1dd1d10640 1 --2- >> [v2:172.21.15.107:3300/0,v1:172.21.15.107:6789/0] conn(0x7f1dcc073c20 0x7f1dcc1110c0 unknown :-1 s=HELLO_CONNECTING pgs=0 cs=0 l=1 rev1=1 crypto rx=0 tx=0 comp rx=0 tx=0).handle_hello peer v2:172.21.15.107:3300/0 says I am v2:172.21.15.107:43318/0 (socket says 172.21.15.107:43318)
2024-09-10T18:49:10.912 INFO:teuthology.orchestra.run.smithi107.stdout:/usr/bin/ceph: stderr
2024-09-10T18:49:10.179+0000 7f1dd1d10640 1 -- 172.21.15.107:0/3947815396 learned_addr learned my addr 172.21.15.107:0/3947815396 (peer_addr_for_me v2:172.21.15.107:0/0)
2024-09-10T18:49:10.912 INFO:teuthology.orchestra.run.smithi107.stdout:/usr/bin/ceph: stderr
2024-09-10T18:49:10.180+0000 7f1dd1d10640 1 -- 172.21.15.107:0/3947815396 --> [v2:172.21.15.107:3300/0,v1:172.21.15.107:6789/0] -- mon_subscribe({config=0+,monmap=0+}) v3 -- 0x7f1dbc009ae0 con 0x7f1dcc073c20
2024-09-10T18:49:10.912 INFO:teuthology.orchestra.run.smithi107.stdout:/usr/bin/ceph: stderr
2024-09-10T18:49:10.180+0000 7f1dd1d10640 1 --2- 172.21.15.107:0/3947815396 >> [v2:172.21.15.107:3300/0,v1:172.21.15.107:6789/0] conn(0x7f1dcc073c20 0x7f1dcc1110c0 secure :-1 s=READY pgs=73 cs=0 l=1 rev1=1 crypto rx=0x7f1dbc007030 tx=0x7f1dbc009840 comp rx=0 tx=0).ready entity=mon.0 client_cookie=0 server_cookie=0 in_seq=0 out_seq=0
2024-09-10T18:49:10.912 INFO:teuthology.orchestra.run.smithi107.stdout:/usr/bin/ceph: stderr
2024-09-10T18:49:10.180+0000 7f1dca7fc640 1 -- 172.21.15.107:0/3947815396 <== mon.0 v2:172.21.15.107:3300/0 1 ==== mon_map magic: 0 v1 ==== 205+0+0 (secure 0 0 0) 0x7f1dbc007ad0 con 0x7f1dcc073c20
2024-09-10T18:49:10.912 INFO:teuthology.orchestra.run.smithi107.stdout:/usr/bin/ceph: stderr
2024-09-10T18:49:10.180+0000 7f1dd3f74640 1 -- 172.21.15.107:0/3947815396 --> [v2:172.21.15.107:3300/0,v1:172.21.15.107:6789/0] -- mon_subscribe({mgrmap=0+}) v3 -- 0x7f1dcc111800 con 0x7f1dcc073c20
2024-09-10T18:49:10.912 INFO:teuthology.orchestra.run.smithi107.stdout:/usr/bin/ceph: stderr
2024-09-10T18:49:10.180+0000 7f1dca7fc640 1 -- 172.21.15.107:0/3947815396 <== mon.0 v2:172.21.15.107:3300/0 2 ==== config(22 keys) v1 ==== 968+0+0 (secure 0 0 0) 0x7f1dbc007c30 con 0x7f1dcc073c20
2024-09-10T18:49:10.913 INFO:teuthology.orchestra.run.smithi107.stdout:/usr/bin/ceph: stderr
2024-09-10T18:49:10.180+0000 7f1dca7fc640 1 -- 172.21.15.107:0/3947815396 <== mon.0 v2:172.21.15.107:3300/0 3 ==== mon_map magic: 0 v1 ==== 205+0+0 (secure 0 0 0) 0x7f1dbc044d70 con 0x7f1dcc073c20
2024-09-10T18:49:10.913 INFO:teuthology.orchestra.run.smithi107.stdout:/usr/bin/ceph: stderr
2024-09-10T18:49:10.180+0000 7f1dd3f74640 1 -- 172.21.15.107:0/3947815396 --> [v2:172.21.15.107:3300/0,v1:172.21.15.107:6789/0] -- mon_subscribe({osdmap=0}) v3 -- 0x7f1dcc111c70 con 0x7f1dcc073c20
2024-09-10T18:49:10.913 INFO:teuthology.orchestra.run.smithi107.stdout:/usr/bin/ceph: stderr
2024-09-10T18:49:10.181+0000 7f1dd3f74640 1 -- 172.21.15.107:0/3947815396 --> [v2:172.21.15.107:3300/0,v1:172.21.15.107:6789/0] -- mon_command({"prefix": "get_command_descriptions"} v 0) v1 -- 0x7f1dcc04b720 con 0x7f1dcc073c20
2024-09-10T18:49:10.913 INFO:teuthology.orchestra.run.smithi107.stdout:/usr/bin/ceph: stderr
2024-09-10T18:49:10.181+0000 7f1dca7fc640 1 -- 172.21.15.107:0/3947815396 <== mon.0 v2:172.21.15.107:3300/0 4 ==== mgrmap(e 13) v1 ==== 45549+0+0 (secure 0 0 0) 0x7f1dbc038070 con 0x7f1dcc073c20
2024-09-10T18:49:10.913 INFO:teuthology.orchestra.run.smithi107.stdout:/usr/bin/ceph: stderr
2024-09-10T18:49:10.181+0000 7f1dca7fc640 1 --2- 172.21.15.107:0/3947815396 >> [v2:172.21.15.107:6800/383804209,v1:172.21.15.107:6801/383804209] conn(0x7f1db4039550 0x7f1db403ba00 unknown :-1 s=NONE pgs=0 cs=0 l=1 rev1=0 crypto rx=0 tx=0 comp rx=0 tx=0).connect
2024-09-10T18:49:10.913 INFO:teuthology.orchestra.run.smithi107.stdout:/usr/bin/ceph: stderr
2024-09-10T18:49:10.181+0000 7f1dca7fc640 1 -- 172.21.15.107:0/3947815396 <== mon.0 v2:172.21.15.107:3300/0 5 ==== osd_map(3..3 src has 1..3) v4 ==== 1151+0+0 (secure 0 0 0) 0x7f1dbc06cef0 con 0x7f1dcc073c20
2024-09-10T18:49:10.913 INFO:teuthology.orchestra.run.smithi107.stdout:/usr/bin/ceph: stderr
2024-09-10T18:49:10.181+0000 7f1dd150f640 1 --2- 172.21.15.107:0/3947815396 >> [v2:172.21.15.107:6800/383804209,v1:172.21.15.107:6801/383804209] conn(0x7f1db4039550 0x7f1db403ba00 unknown :-1 s=BANNER_CONNECTING pgs=0 cs=0 l=1 rev1=0 crypto rx=0 tx=0 comp rx=0 tx=0)._handle_peer_banner_payload supported=3 required=0
2024-09-10T18:49:10.913 INFO:teuthology.orchestra.run.smithi107.stdout:/usr/bin/ceph: stderr
2024-09-10T18:49:10.182+0000 7f1dd150f640 1 --2- 172.21.15.107:0/3947815396 >> [v2:172.21.15.107:6800/383804209,v1:172.21.15.107:6801/383804209] conn(0x7f1db4039550 0x7f1db403ba00 secure :-1 s=READY pgs=10 cs=0 l=1 rev1=1 crypto rx=0x7f1dc0006fd0 tx=0x7f1dc0006db0 comp rx=0 tx=0).ready entity=mgr.14148 client_cookie=0 server_cookie=0 in_seq=0 out_seq=0
2024-09-10T18:49:10.913 INFO:teuthology.orchestra.run.smithi107.stdout:/usr/bin/ceph: stderr
2024-09-10T18:49:10.185+0000 7f1dca7fc640 1 -- 172.21.15.107:0/3947815396 <== mon.0 v2:172.21.15.107:3300/0 6 ==== mon_command_ack([{"prefix": "get_command_descriptions"}]=0 v0) v1 ==== 72+0+176781 (secure 0 0 0) 0x7f1dbc044410 con 0x7f1dcc073c20
2024-09-10T18:49:10.913 INFO:teuthology.orchestra.run.smithi107.stdout:/usr/bin/ceph: stderr
2024-09-10T18:49:10.343+0000 7f1dd3f74640 1 -- 172.21.15.107:0/3947815396 --> [v2:172.21.15.107:3300/0,v1:172.21.15.107:6789/0] -- mon_command([{prefix=config set, name=osd_memory_target_autotune}] v 0) v1 -- 0x7f1dcc106470 con 0x7f1dcc073c20
2024-09-10T18:49:10.913 INFO:teuthology.orchestra.run.smithi107.stdout:/usr/bin/ceph: stderr
2024-09-10T18:49:10.344+0000 7f1dca7fc640 1 -- 172.21.15.107:0/3947815396 <== mon.0 v2:172.21.15.107:3300/0 7 ==== mon_command_ack([{prefix=config set, name=osd_memory_target_autotune}]=0 v8)=0 v8) v1 ==== 127+0+0 (secure 0 0 0) 0x7f1dbc036070 con 0x7f1dcc073c20
2024-09-10T18:49:10.913 INFO:teuthology.orchestra.run.smithi107.stdout:/usr/bin/ceph: stderr
2024-09-10T18:49:10.346+0000 7f1dd3f74640 1 -- 172.21.15.107:0/3947815396 >> [v2:172.21.15.107:6800/383804209,v1:172.21.15.107:6801/383804209] conn(0x7f1db4039550 msgr2=0x7f1db403ba00 secure :-1 s=STATE_CONNECTION_ESTABLISHED l=1).mark_down
2024-09-10T18:49:10.913 INFO:teuthology.orchestra.run.smithi107.stdout:/usr/bin/ceph: stderr
2024-09-10T18:49:10.346+0000 7f1dd3f74640 1 --2- 172.21.15.107:0/3947815396 >> [v2:172.21.15.107:6800/383804209,v1:172.21.15.107:6801/383804209] conn(0x7f1db4039550 0x7f1db403ba00 secure :-1 s=READY pgs=10 cs=0 l=1 rev1=1 crypto rx=0x7f1dc0006fd0 tx=0x7f1dc0006db0 comp rx=0 tx=0).stop
2024-09-10T18:49:10.914 INFO:teuthology.orchestra.run.smithi107.stdout:/usr/bin/ceph: stderr
2024-09-10T18:49:10.346+0000 7f1dd3f74640 1 -- 172.21.15.107:0/3947815396 >> [v2:172.21.15.107:3300/0,v1:172.21.15.107:6789/0] conn(0x7f1dcc073c20 msgr2=0x7f1dcc1110c0 secure :-1 s=STATE_CONNECTION_ESTABLISHED l=1).mark_down
2024-09-10T18:49:10.914 INFO:teuthology.orchestra.run.smithi107.stdout:/usr/bin/ceph: stderr
2024-09-10T18:49:10.346+0000 7f1dd3f74640 1 --2- 172.21.15.107:0/3947815396 >> [v2:172.21.15.107:3300/0,v1:172.21.15.107:6789/0] conn(0x7f1dcc073c20 0x7f1dcc1110c0 secure :-1 s=READY pgs=73 cs=0 l=1 rev1=1 crypto rx=0x7f1dbc007030 tx=0x7f1dbc009840 comp rx=0 tx=0).stop
2024-09-10T18:49:10.914 INFO:teuthology.orchestra.run.smithi107.stdout:/usr/bin/ceph: stderr
2024-09-10T18:49:10.346+0000 7f1dd3f74640 1 -- 172.21.15.107:0/3947815396 shutdown_connections
2024-09-10T18:49:10.914 INFO:teuthology.orchestra.run.smithi107.stdout:/usr/bin/ceph: stderr
2024-09-10T18:49:10.346+0000 7f1dd3f74640 1 --2- 172.21.15.107:0/3947815396 >> [v2:172.21.15.107:6800/383804209,v1:172.21.15.107:6801/383804209] conn(0x7f1db4039550 0x7f1db403ba00 unknown :-1 s=CLOSED pgs=10 cs=0 l=1 rev1=1 crypto rx=0 tx=0 comp rx=0 tx=0).stop
2024-09-10T18:49:10.914 INFO:teuthology.orchestra.run.smithi107.stdout:/usr/bin/ceph: stderr
2024-09-10T18:49:10.346+0000 7f1dd3f74640 1 --2- 172.21.15.107:0/3947815396 >> [v2:172.21.15.107:3300/0,v1:172.21.15.107:6789/0] conn(0x7f1dcc073c20 0x7f1dcc1110c0 unknown :-1 s=CLOSED pgs=73 cs=0 l=1 rev1=1 crypto rx=0 tx=0 comp rx=0 tx=0).stop
2024-09-10T18:49:10.914 INFO:teuthology.orchestra.run.smithi107.stdout:/usr/bin/ceph: stderr
2024-09-10T18:49:10.346+0000 7f1dd3f74640 1 -- 172.21.15.107:0/3947815396 >> 172.21.15.107:0/3947815396 conn(0x7f1dcc0faa00 msgr2=0x7f1dcc0fb470 unknown :-1 s=STATE_NONE l=0).mark_down
2024-09-10T18:49:10.914 INFO:teuthology.orchestra.run.smithi107.stdout:/usr/bin/ceph: stderr
2024-09-10T18:49:10.346+0000 7f1dd3f74640 1 -- 172.21.15.107:0/3947815396 shutdown_connections
2024-09-10T18:49:10.914 INFO:teuthology.orchestra.run.smithi107.stdout:/usr/bin/ceph: stderr
2024-09-10T18:49:10.346+0000 7f1dd3f74640 1 -- 172.21.15.107:0/3947815396 wait complete.
2024-09-10T18:49:12.150 INFO:teuthology.orchestra.run.smithi107.stdout:/usr/bin/ceph: stderr
2024-09-10T18:49:11.298+0000 7f25c46b8640 1 Processor -- start
2024-09-10T18:49:12.150 INFO:teuthology.orchestra.run.smithi107.stdout:/usr/bin/ceph: stderr
2024-09-10T18:49:11.298+0000 7f25c46b8640 1 -- start start
2024-09-10T18:49:12.150 INFO:teuthology.orchestra.run.smithi107.stdout:/usr/bin/ceph: stderr
2024-09-10T18:49:11.298+0000 7f25c46b8640 1 --2- >> [v2:172.21.15.107:3300/0,v1:172.21.15.107:6789/0] conn(0x7f25bc076560 0x7f25bc074ae0 unknown :-1 s=NONE pgs=0 cs=0 l=0 rev1=0 crypto rx=0 tx=0 comp rx=0 tx=0).connect
2024-09-10T18:49:12.150 INFO:teuthology.orchestra.run.smithi107.stdout:/usr/bin/ceph: stderr
2024-09-10T18:49:11.298+0000 7f25c46b8640 1 -- --> [v2:172.21.15.107:3300/0,v1:172.21.15.107:6789/0] -- mon_getmap magic: 0 v1 -- 0x7f25bc076970 con 0x7f25bc076560
2024-09-10T18:49:12.150 INFO:teuthology.orchestra.run.smithi107.stdout:/usr/bin/ceph: stderr
2024-09-10T18:49:11.298+0000 7f25c2454640 1 --2- >> [v2:172.21.15.107:3300/0,v1:172.21.15.107:6789/0] conn(0x7f25bc076560 0x7f25bc074ae0 unknown :-1 s=BANNER_CONNECTING pgs=0 cs=0 l=0 rev1=0 crypto rx=0 tx=0 comp rx=0 tx=0)._handle_peer_banner_payload supported=3 required=0
2024-09-10T18:49:12.150 INFO:teuthology.orchestra.run.smithi107.stdout:/usr/bin/ceph: stderr
2024-09-10T18:49:11.298+0000 7f25c2454640 1 --2- >> [v2:172.21.15.107:3300/0,v1:172.21.15.107:6789/0] conn(0x7f25bc076560 0x7f25bc074ae0 unknown :-1 s=HELLO_CONNECTING pgs=0 cs=0 l=0 rev1=1 crypto rx=0 tx=0 comp rx=0 tx=0).handle_hello peer v2:172.21.15.107:3300/0 says I am v2:172.21.15.107:43320/0 (socket says 172.21.15.107:43320)
2024-09-10T18:49:12.150 INFO:teuthology.orchestra.run.smithi107.stdout:/usr/bin/ceph: stderr
2024-09-10T18:49:11.298+0000 7f25c2454640 1 -- 172.21.15.107:0/2637645890 learned_addr learned my addr 172.21.15.107:0/2637645890 (peer_addr_for_me v2:172.21.15.107:0/0)
2024-09-10T18:49:12.150 INFO:teuthology.orchestra.run.smithi107.stdout:/usr/bin/ceph: stderr
2024-09-10T18:49:11.299+0000 7f25c2454640 1 -- 172.21.15.107:0/2637645890 --> [v2:172.21.15.107:3300/0,v1:172.21.15.107:6789/0] -- mon_subscribe({config=0+,monmap=0+}) v3 -- 0x7f25bc075020 con 0x7f25bc076560
2024-09-10T18:49:12.150 INFO:teuthology.orchestra.run.smithi107.stdout:/usr/bin/ceph: stderr
2024-09-10T18:49:11.299+0000 7f25c2454640 1 --2- 172.21.15.107:0/2637645890 >> [v2:172.21.15.107:3300/0,v1:172.21.15.107:6789/0] conn(0x7f25bc076560 0x7f25bc074ae0 secure :-1 s=READY pgs=74 cs=0 l=1 rev1=1 crypto rx=0x7f25b8009840 tx=0x7f25b80091d0 comp rx=0 tx=0).ready entity=mon.0 client_cookie=f3987529ee0a2825 server_cookie=0 in_seq=0 out_seq=0
2024-09-10T18:49:12.150 INFO:teuthology.orchestra.run.smithi107.stdout:/usr/bin/ceph: stderr
2024-09-10T18:49:11.299+0000 7f25c1452640 1 -- 172.21.15.107:0/2637645890 <== mon.0 v2:172.21.15.107:3300/0 1 ==== mon_map magic: 0 v1 ==== 205+0+0 (secure 0 0 0) 0x7f25b802add0 con 0x7f25bc076560
2024-09-10T18:49:12.150 INFO:teuthology.orchestra.run.smithi107.stdout:/usr/bin/ceph: stderr
2024-09-10T18:49:11.299+0000 7f25c1452640 1 -- 172.21.15.107:0/2637645890 <== mon.0 v2:172.21.15.107:3300/0 2 ==== config(22 keys) v1 ==== 968+0+0 (secure 0 0 0) 0x7f25b8032880 con 0x7f25bc076560
2024-09-10T18:49:12.151 INFO:teuthology.orchestra.run.smithi107.stdout:/usr/bin/ceph: stderr
2024-09-10T18:49:11.299+0000 7f25c1452640 1 -- 172.21.15.107:0/2637645890 <== mon.0 v2:172.21.15.107:3300/0 3 ==== mon_map magic: 0 v1 ==== 205+0+0 (secure 0 0 0) 0x7f25b8031630 con 0x7f25bc076560
2024-09-10T18:49:12.151 INFO:teuthology.orchestra.run.smithi107.stdout:/usr/bin/ceph: stderr
2024-09-10T18:49:11.300+0000 7f25c46b8640 1 -- 172.21.15.107:0/2637645890 >> [v2:172.21.15.107:3300/0,v1:172.21.15.107:6789/0] conn(0x7f25bc076560 msgr2=0x7f25bc074ae0 secure :-1 s=STATE_CONNECTION_ESTABLISHED l=1).mark_down
2024-09-10T18:49:12.151 INFO:teuthology.orchestra.run.smithi107.stdout:/usr/bin/ceph: stderr
2024-09-10T18:49:11.300+0000 7f25c46b8640 1 --2- 172.21.15.107:0/2637645890 >> [v2:172.21.15.107:3300/0,v1:172.21.15.107:6789/0] conn(0x7f25bc076560 0x7f25bc074ae0 secure :-1 s=READY pgs=74 cs=0 l=1 rev1=1 crypto rx=0x7f25b8009840 tx=0x7f25b80091d0 comp rx=0 tx=0).stop
2024-09-10T18:49:12.151 INFO:teuthology.orchestra.run.smithi107.stdout:/usr/bin/ceph: stderr
2024-09-10T18:49:11.300+0000 7f25c46b8640 1 -- 172.21.15.107:0/2637645890 shutdown_connections
2024-09-10T18:49:12.151 INFO:teuthology.orchestra.run.smithi107.stdout:/usr/bin/ceph: stderr
2024-09-10T18:49:11.300+0000 7f25c46b8640 1 --2- 172.21.15.107:0/2637645890 >> [v2:172.21.15.107:3300/0,v1:172.21.15.107:6789/0] conn(0x7f25bc076560 0x7f25bc074ae0 unknown :-1 s=CLOSED pgs=74 cs=0 l=1 rev1=1 crypto rx=0 tx=0 comp rx=0 tx=0).stop
2024-09-10T18:49:12.151 INFO:teuthology.orchestra.run.smithi107.stdout:/usr/bin/ceph: stderr
2024-09-10T18:49:11.300+0000 7f25c46b8640 1 -- 172.21.15.107:0/2637645890 >> 172.21.15.107:0/2637645890 conn(0x7f25bc0fbb50 msgr2=0x7f25bc0fdf60 unknown :-1 s=STATE_NONE l=0).mark_down
2024-09-10T18:49:12.151 INFO:teuthology.orchestra.run.smithi107.stdout:/usr/bin/ceph: stderr
2024-09-10T18:49:11.300+0000 7f25c46b8640 1 -- 172.21.15.107:0/2637645890 shutdown_connections
2024-09-10T18:49:12.151 INFO:teuthology.orchestra.run.smithi107.stdout:/usr/bin/ceph: stderr
2024-09-10T18:49:11.300+0000 7f25c46b8640 1 -- 172.21.15.107:0/2637645890 wait complete.
2024-09-10T18:49:12.151 INFO:teuthology.orchestra.run.smithi107.stdout:/usr/bin/ceph: stderr
2024-09-10T18:49:11.300+0000 7f25c46b8640 1 Processor -- start
2024-09-10T18:49:12.151 INFO:teuthology.orchestra.run.smithi107.stdout:/usr/bin/ceph: stderr
2024-09-10T18:49:11.301+0000 7f25c46b8640 1 -- start start
2024-09-10T18:49:12.151 INFO:teuthology.orchestra.run.smithi107.stdout:/usr/bin/ceph: stderr
2024-09-10T18:49:11.301+0000 7f25c46b8640 1 --2- >> [v2:172.21.15.107:3300/0,v1:172.21.15.107:6789/0] conn(0x7f25bc076560 0x7f25bc1110e0 unknown :-1 s=NONE pgs=0 cs=0 l=1 rev1=0 crypto rx=0 tx=0 comp rx=0 tx=0).connect
2024-09-10T18:49:12.151 INFO:teuthology.orchestra.run.smithi107.stdout:/usr/bin/ceph: stderr
2024-09-10T18:49:11.301+0000 7f25c46b8640 1 -- --> [v2:172.21.15.107:3300/0,v1:172.21.15.107:6789/0] -- mon_getmap magic: 0 v1 -- 0x7f25bc111620 con 0x7f25bc076560
2024-09-10T18:49:12.152 INFO:teuthology.orchestra.run.smithi107.stdout:/usr/bin/ceph: stderr
2024-09-10T18:49:11.301+0000 7f25c2454640 1 --2- >> [v2:172.21.15.107:3300/0,v1:172.21.15.107:6789/0] conn(0x7f25bc076560 0x7f25bc1110e0 unknown :-1 s=BANNER_CONNECTING pgs=0 cs=0 l=1 rev1=0 crypto rx=0 tx=0 comp rx=0 tx=0)._handle_peer_banner_payload supported=3 required=0
2024-09-10T18:49:12.152 INFO:teuthology.orchestra.run.smithi107.stdout:/usr/bin/ceph: stderr
2024-09-10T18:49:11.301+0000 7f25c2454640 1 --2- >> [v2:172.21.15.107:3300/0,v1:172.21.15.107:6789/0] conn(0x7f25bc076560 0x7f25bc1110e0 unknown :-1 s=HELLO_CONNECTING pgs=0 cs=0 l=1 rev1=1 crypto rx=0 tx=0 comp rx=0 tx=0).handle_hello peer v2:172.21.15.107:3300/0 says I am v2:172.21.15.107:43330/0 (socket says 172.21.15.107:43330)
2024-09-10T18:49:12.152 INFO:teuthology.orchestra.run.smithi107.stdout:/usr/bin/ceph: stderr
2024-09-10T18:49:11.301+0000 7f25c2454640 1 -- 172.21.15.107:0/1630348125 learned_addr learned my addr 172.21.15.107:0/1630348125 (peer_addr_for_me v2:172.21.15.107:0/0)
2024-09-10T18:49:12.152 INFO:teuthology.orchestra.run.smithi107.stdout:/usr/bin/ceph: stderr
2024-09-10T18:49:11.301+0000 7f25c2454640 1 -- 172.21.15.107:0/1630348125 --> [v2:172.21.15.107:3300/0,v1:172.21.15.107:6789/0] -- mon_subscribe({config=0+,monmap=0+}) v3 -- 0x7f25b8009450 con 0x7f25bc076560
2024-09-10T18:49:12.152 INFO:teuthology.orchestra.run.smithi107.stdout:/usr/bin/ceph: stderr
2024-09-10T18:49:11.301+0000 7f25c2454640 1 --2- 172.21.15.107:0/1630348125 >> [v2:172.21.15.107:3300/0,v1:172.21.15.107:6789/0] conn(0x7f25bc076560 0x7f25bc1110e0 secure :-1 s=READY pgs=75 cs=0 l=1 rev1=1 crypto rx=0x7f25b80319c0 tx=0x7f25b8008040 comp rx=0 tx=0).ready entity=mon.0 client_cookie=0 server_cookie=0 in_seq=0 out_seq=0
2024-09-10T18:49:12.152 INFO:teuthology.orchestra.run.smithi107.stdout:/usr/bin/ceph: stderr
2024-09-10T18:49:11.301+0000 7f25b2ffd640 1 -- 172.21.15.107:0/1630348125 <== mon.0 v2:172.21.15.107:3300/0 1 ==== mon_map magic: 0 v1 ==== 205+0+0 (secure 0 0 0) 0x7f25b8031e50 con 0x7f25bc076560
2024-09-10T18:49:12.152 INFO:teuthology.orchestra.run.smithi107.stdout:/usr/bin/ceph: stderr
2024-09-10T18:49:11.301+0000 7f25c46b8640 1 -- 172.21.15.107:0/1630348125 --> [v2:172.21.15.107:3300/0,v1:172.21.15.107:6789/0] -- mon_subscribe({mgrmap=0+}) v3 -- 0x7f25bc111820 con 0x7f25bc076560
2024-09-10T18:49:12.152 INFO:teuthology.orchestra.run.smithi107.stdout:/usr/bin/ceph: stderr
2024-09-10T18:49:11.301+0000 7f25b2ffd640 1 -- 172.21.15.107:0/1630348125 <== mon.0 v2:172.21.15.107:3300/0 2 ==== config(22 keys) v1 ==== 968+0+0 (secure 0 0 0) 0x7f25b803d890 con 0x7f25bc076560
2024-09-10T18:49:12.152 INFO:teuthology.orchestra.run.smithi107.stdout:/usr/bin/ceph: stderr
2024-09-10T18:49:11.301+0000 7f25b2ffd640 1 -- 172.21.15.107:0/1630348125 <== mon.0 v2:172.21.15.107:3300/0 3 ==== mon_map magic: 0 v1 ==== 205+0+0 (secure 0 0 0) 0x7f25b803b5a0 con 0x7f25bc076560
2024-09-10T18:49:12.152 INFO:teuthology.orchestra.run.smithi107.stdout:/usr/bin/ceph: stderr
2024-09-10T18:49:11.301+0000 7f25c46b8640 1 -- 172.21.15.107:0/1630348125 --> [v2:172.21.15.107:3300/0,v1:172.21.15.107:6789/0] -- mon_subscribe({osdmap=0}) v3 -- 0x7f25bc111c90 con 0x7f25bc076560
2024-09-10T18:49:12.152 INFO:teuthology.orchestra.run.smithi107.stdout:/usr/bin/ceph: stderr
2024-09-10T18:49:11.302+0000 7f25b2ffd640 1 -- 172.21.15.107:0/1630348125 <== mon.0 v2:172.21.15.107:3300/0 4 ==== mgrmap(e 13) v1 ==== 45549+0+0 (secure 0 0 0) 0x7f25b8039070 con 0x7f25bc076560
2024-09-10T18:49:12.153 INFO:teuthology.orchestra.run.smithi107.stdout:/usr/bin/ceph: stderr
2024-09-10T18:49:11.302+0000 7f25b2ffd640 1 --2- 172.21.15.107:0/1630348125 >> [v2:172.21.15.107:6800/383804209,v1:172.21.15.107:6801/383804209] conn(0x7f25a8039500 0x7f25a803b9b0 unknown :-1 s=NONE pgs=0 cs=0 l=1 rev1=0 crypto rx=0 tx=0 comp rx=0 tx=0).connect
2024-09-10T18:49:12.153 INFO:teuthology.orchestra.run.smithi107.stdout:/usr/bin/ceph: stderr
2024-09-10T18:49:11.302+0000 7f25c46b8640 1 -- 172.21.15.107:0/1630348125 --> [v2:172.21.15.107:3300/0,v1:172.21.15.107:6789/0] -- mon_command({"prefix": "get_command_descriptions"} v 0) v1 -- 0x7f25bc04b720 con 0x7f25bc076560
2024-09-10T18:49:12.153 INFO:teuthology.orchestra.run.smithi107.stdout:/usr/bin/ceph: stderr
2024-09-10T18:49:11.302+0000 7f25b2ffd640 1 -- 172.21.15.107:0/1630348125 <== mon.0 v2:172.21.15.107:3300/0 5 ==== osd_map(3..3 src has 1..3) v4 ==== 1151+0+0 (secure 0 0 0) 0x7f25b806d2f0 con 0x7f25bc076560
2024-09-10T18:49:12.153 INFO:teuthology.orchestra.run.smithi107.stdout:/usr/bin/ceph: stderr
2024-09-10T18:49:11.303+0000 7f25c1c53640 1 --2- 172.21.15.107:0/1630348125 >> [v2:172.21.15.107:6800/383804209,v1:172.21.15.107:6801/383804209] conn(0x7f25a8039500 0x7f25a803b9b0 unknown :-1 s=BANNER_CONNECTING pgs=0 cs=0 l=1 rev1=0 crypto rx=0 tx=0 comp rx=0 tx=0)._handle_peer_banner_payload supported=3 required=0
2024-09-10T18:49:12.153 INFO:teuthology.orchestra.run.smithi107.stdout:/usr/bin/ceph: stderr
2024-09-10T18:49:11.303+0000 7f25c1c53640 1 --2- 172.21.15.107:0/1630348125 >> [v2:172.21.15.107:6800/383804209,v1:172.21.15.107:6801/383804209] conn(0x7f25a8039500 0x7f25a803b9b0 secure :-1 s=READY pgs=11 cs=0 l=1 rev1=1 crypto rx=0x7f25ac006fd0 tx=0x7f25ac006db0 comp rx=0 tx=0).ready entity=mgr.14148 client_cookie=0 server_cookie=0 in_seq=0 out_seq=0
2024-09-10T18:49:12.153 INFO:teuthology.orchestra.run.smithi107.stdout:/usr/bin/ceph: stderr
2024-09-10T18:49:11.307+0000 7f25b2ffd640 1 -- 172.21.15.107:0/1630348125 <== mon.0 v2:172.21.15.107:3300/0 6 ==== mon_command_ack([{"prefix": "get_command_descriptions"}]=0 v0) v1 ==== 72+0+176781 (secure 0 0 0) 0x7f25b803dbe0 con 0x7f25bc076560
2024-09-10T18:49:12.153 INFO:teuthology.orchestra.run.smithi107.stdout:/usr/bin/ceph: stderr
2024-09-10T18:49:11.545+0000 7f25c46b8640 1 -- 172.21.15.107:0/1630348125 --> [v2:172.21.15.107:3300/0,v1:172.21.15.107:6789/0] -- mon_command([{prefix=config-key set, key=mgr/dashboard/cluster/status}] v 0) v1 -- 0x7f25bc111c90 con 0x7f25bc076560
2024-09-10T18:49:12.153 INFO:teuthology.orchestra.run.smithi107.stdout:/usr/bin/ceph: stderr
2024-09-10T18:49:11.548+0000 7f25b2ffd640 1 -- 172.21.15.107:0/1630348125 <== mon.0 v2:172.21.15.107:3300/0 7 ==== mon_command_ack([{prefix=config-key set, key=mgr/dashboard/cluster/status}]=0 set mgr/dashboard/cluster/status v28)=0 set mgr/dashboard/cluster/status v28) v1 ==== 153+0+0 (secure 0 0 0) 0x7f25b8041070 con 0x7f25bc076560
2024-09-10T18:49:12.153 INFO:teuthology.orchestra.run.smithi107.stdout:/usr/bin/ceph: stderr set mgr/dashboard/cluster/status
2024-09-10T18:49:12.153 INFO:teuthology.orchestra.run.smithi107.stdout:/usr/bin/ceph: stderr
2024-09-10T18:49:11.550+0000 7f25c46b8640 1 -- 172.21.15.107:0/1630348125 >> [v2:172.21.15.107:6800/383804209,v1:172.21.15.107:6801/383804209] conn(0x7f25a8039500 msgr2=0x7f25a803b9b0 secure :-1 s=STATE_CONNECTION_ESTABLISHED l=1).mark_down
2024-09-10T18:49:12.153 INFO:teuthology.orchestra.run.smithi107.stdout:/usr/bin/ceph: stderr
2024-09-10T18:49:11.550+0000 7f25c46b8640 1 --2- 172.21.15.107:0/1630348125 >> [v2:172.21.15.107:6800/383804209,v1:172.21.15.107:6801/383804209] conn(0x7f25a8039500 0x7f25a803b9b0 secure :-1 s=READY pgs=11 cs=0 l=1 rev1=1 crypto rx=0x7f25ac006fd0 tx=0x7f25ac006db0 comp rx=0 tx=0).stop
2024-09-10T18:49:12.153 INFO:teuthology.orchestra.run.smithi107.stdout:/usr/bin/ceph: stderr
2024-09-10T18:49:11.550+0000 7f25c46b8640 1 -- 172.21.15.107:0/1630348125 >> [v2:172.21.15.107:3300/0,v1:172.21.15.107:6789/0] conn(0x7f25bc076560 msgr2=0x7f25bc1110e0 secure :-1 s=STATE_CONNECTION_ESTABLISHED l=1).mark_down
2024-09-10T18:49:12.153 INFO:teuthology.orchestra.run.smithi107.stdout:/usr/bin/ceph: stderr
2024-09-10T18:49:11.550+0000 7f25c46b8640 1 --2- 172.21.15.107:0/1630348125 >> [v2:172.21.15.107:3300/0,v1:172.21.15.107:6789/0] conn(0x7f25bc076560 0x7f25bc1110e0 secure :-1 s=READY pgs=75 cs=0 l=1 rev1=1 crypto rx=0x7f25b80319c0 tx=0x7f25b8008040 comp rx=0 tx=0).stop
2024-09-10T18:49:12.154 INFO:teuthology.orchestra.run.smithi107.stdout:/usr/bin/ceph: stderr
2024-09-10T18:49:11.550+0000 7f25c46b8640 1 -- 172.21.15.107:0/1630348125 shutdown_connections
2024-09-10T18:49:12.154 INFO:teuthology.orchestra.run.smithi107.stdout:/usr/bin/ceph: stderr
2024-09-10T18:49:11.550+0000 7f25c46b8640 1 --2- 172.21.15.107:0/1630348125 >> [v2:172.21.15.107:6800/383804209,v1:172.21.15.107:6801/383804209] conn(0x7f25a8039500 0x7f25a803b9b0 unknown :-1 s=CLOSED pgs=11 cs=0 l=1 rev1=1 crypto rx=0 tx=0 comp rx=0 tx=0).stop
2024-09-10T18:49:12.154 INFO:teuthology.orchestra.run.smithi107.stdout:/usr/bin/ceph: stderr
2024-09-10T18:49:11.550+0000 7f25c46b8640 1 --2- 172.21.15.107:0/1630348125 >> [v2:172.21.15.107:3300/0,v1:172.21.15.107:6789/0] conn(0x7f25bc076560 0x7f25bc1110e0 unknown :-1 s=CLOSED pgs=75 cs=0 l=1 rev1=1 crypto rx=0 tx=0 comp rx=0 tx=0).stop
2024-09-10T18:49:12.154 INFO:teuthology.orchestra.run.smithi107.stdout:/usr/bin/ceph: stderr
2024-09-10T18:49:11.550+0000 7f25c46b8640 1 -- 172.21.15.107:0/1630348125 >> 172.21.15.107:0/1630348125 conn(0x7f25bc0fbb50 msgr2=0x7f25bc0fc5c0 unknown :-1 s=STATE_NONE l=0).mark_down
2024-09-10T18:49:12.154 INFO:teuthology.orchestra.run.smithi107.stdout:/usr/bin/ceph: stderr
2024-09-10T18:49:11.550+0000 7f25c46b8640 1 -- 172.21.15.107:0/1630348125 shutdown_connections
2024-09-10T18:49:12.154 INFO:teuthology.orchestra.run.smithi107.stdout:/usr/bin/ceph: stderr
2024-09-10T18:49:11.550+0000 7f25c46b8640 1 -- 172.21.15.107:0/1630348125 wait complete.
2024-09-10T18:49:12.154 INFO:teuthology.orchestra.run.smithi107.stdout:You can access the Ceph CLI as following in case of multi-cluster or non-default config:
2024-09-10T18:49:12.154 INFO:teuthology.orchestra.run.smithi107.stdout:
2024-09-10T18:49:12.154 INFO:teuthology.orchestra.run.smithi107.stdout: sudo /home/ubuntu/cephtest/cephadm shell --fsid d7c9fa7c-6fa4-11ef-bcea-c7b262605968 -c /etc/ceph/ceph.conf -k /etc/ceph/ceph.client.admin.keyring
2024-09-10T18:49:12.154 INFO:teuthology.orchestra.run.smithi107.stdout:
2024-09-10T18:49:12.154 INFO:teuthology.orchestra.run.smithi107.stdout:Or, if you are only running a single cluster on this host:
2024-09-10T18:49:12.154 INFO:teuthology.orchestra.run.smithi107.stdout:
2024-09-10T18:49:12.154 INFO:teuthology.orchestra.run.smithi107.stdout: sudo /home/ubuntu/cephtest/cephadm shell
2024-09-10T18:49:12.154 INFO:teuthology.orchestra.run.smithi107.stdout:
2024-09-10T18:49:12.155 INFO:teuthology.orchestra.run.smithi107.stdout:Please consider enabling telemetry to help improve Ceph:
2024-09-10T18:49:12.155 INFO:teuthology.orchestra.run.smithi107.stdout:
