2024-09-10T18:49:01.645+0000 7f9767e69640 1 -- 172.21.15.107:0/3201432044 --> [v2:172.21.15.107:3300/0,v1:172.21.15.107:6789/0] -- mon_subscribe({mgrmap=0+}) v3 -- 0x7f976010f660 con 0x7f97600ff1d0
2024-09-10T18:49:04.983 INFO:teuthology.orchestra.run.smithi107.stdout:/usr/bin/ceph: stderr
2024-09-10T18:49:01.645+0000 7f97567fc640 1 -- 172.21.15.107:0/3201432044 <== mon.0 v2:172.21.15.107:3300/0 3 ==== mon_map magic: 0 v1 ==== 205+0+0 (secure 0 0 0) 0x7f975003b5c0 con 0x7f97600ff1d0
2024-09-10T18:49:04.983 INFO:teuthology.orchestra.run.smithi107.stdout:/usr/bin/ceph: stderr
2024-09-10T18:49:01.645+0000 7f9767e69640 1 -- 172.21.15.107:0/3201432044 --> [v2:172.21.15.107:3300/0,v1:172.21.15.107:6789/0] -- mon_subscribe({osdmap=0}) v3 -- 0x7f976010fad0 con 0x7f97600ff1d0
2024-09-10T18:49:04.983 INFO:teuthology.orchestra.run.smithi107.stdout:/usr/bin/ceph: stderr
2024-09-10T18:49:01.646+0000 7f97567fc640 1 -- 172.21.15.107:0/3201432044 <== mon.0 v2:172.21.15.107:3300/0 4 ==== mgrmap(e 9) v1 ==== 45505+0+0 (secure 0 0 0) 0x7f9750039070 con 0x7f97600ff1d0
2024-09-10T18:49:04.983 INFO:teuthology.orchestra.run.smithi107.stdout:/usr/bin/ceph: stderr
2024-09-10T18:49:01.646+0000 7f97567fc640 1 --2- 172.21.15.107:0/3201432044 >> [v2:172.21.15.107:6800/2559986261,v1:172.21.15.107:6801/2559986261] conn(0x7f974c039520 0x7f974c03b9d0 unknown :-1 s=NONE pgs=0 cs=0 l=1 rev1=0 crypto rx=0 tx=0 comp rx=0 tx=0).connect
2024-09-10T18:49:04.983 INFO:teuthology.orchestra.run.smithi107.stdout:/usr/bin/ceph: stderr
2024-09-10T18:49:01.646+0000 7f97567fc640 1 -- 172.21.15.107:0/3201432044 --> [v2:172.21.15.107:6800/2559986261,v1:172.21.15.107:6801/2559986261] -- command(tid 0: {"prefix": "get_command_descriptions"}) v1 -- 0x7f974c03c0e0 con 0x7f974c039520
2024-09-10T18:49:04.983 INFO:teuthology.orchestra.run.smithi107.stdout:/usr/bin/ceph: stderr
2024-09-10T18:49:01.647+0000 7f97567fc640 1 -- 172.21.15.107:0/3201432044 <== mon.0 v2:172.21.15.107:3300/0 5 ==== osd_map(2..2 src has 1..2) v4 ==== 936+0+0 (secure 0 0 0) 0x7f975006d040 con 0x7f97600ff1d0
2024-09-10T18:49:04.983 INFO:teuthology.orchestra.run.smithi107.stdout:/usr/bin/ceph: stderr
2024-09-10T18:49:01.647+0000 7f9765404640 1 -- 172.21.15.107:0/3201432044 >> [v2:172.21.15.107:6800/2559986261,v1:172.21.15.107:6801/2559986261] conn(0x7f974c039520 msgr2=0x7f974c03b9d0 unknown :-1 s=STATE_CONNECTING_RE l=1).process reconnect failed to v2:172.21.15.107:6800/2559986261
2024-09-10T18:49:04.983 INFO:teuthology.orchestra.run.smithi107.stdout:/usr/bin/ceph: stderr
2024-09-10T18:49:01.647+0000 7f9765404640 1 --2- 172.21.15.107:0/3201432044 >> [v2:172.21.15.107:6800/2559986261,v1:172.21.15.107:6801/2559986261] conn(0x7f974c039520 0x7f974c03b9d0 unknown :-1 s=START_CONNECT pgs=0 cs=0 l=1 rev1=0 crypto rx=0 tx=0 comp rx=0 tx=0)._fault waiting 0.200000
2024-09-10T18:49:04.983 INFO:teuthology.orchestra.run.smithi107.stdout:/usr/bin/ceph: stderr
2024-09-10T18:49:01.848+0000 7f9765404640 1 -- 172.21.15.107:0/3201432044 >> [v2:172.21.15.107:6800/2559986261,v1:172.21.15.107:6801/2559986261] conn(0x7f974c039520 msgr2=0x7f974c03b9d0 unknown :-1 s=STATE_CONNECTING_RE l=1).process reconnect failed to v2:172.21.15.107:6800/2559986261
2024-09-10T18:49:04.983 INFO:teuthology.orchestra.run.smithi107.stdout:/usr/bin/ceph: stderr
2024-09-10T18:49:01.848+0000 7f9765404640 1 --2- 172.21.15.107:0/3201432044 >> [v2:172.21.15.107:6800/2559986261,v1:172.21.15.107:6801/2559986261] conn(0x7f974c039520 0x7f974c03b9d0 unknown :-1 s=START_CONNECT pgs=0 cs=0 l=1 rev1=0 crypto rx=0 tx=0 comp rx=0 tx=0)._fault waiting 0.400000
2024-09-10T18:49:04.983 INFO:teuthology.orchestra.run.smithi107.stdout:/usr/bin/ceph: stderr
2024-09-10T18:49:02.249+0000 7f9765404640 1 -- 172.21.15.107:0/3201432044 >> [v2:172.21.15.107:6800/2559986261,v1:172.21.15.107:6801/2559986261] conn(0x7f974c039520 msgr2=0x7f974c03b9d0 unknown :-1 s=STATE_CONNECTING_RE l=1).process reconnect failed to v2:172.21.15.107:6800/2559986261
2024-09-10T18:49:04.983 INFO:teuthology.orchestra.run.smithi107.stdout:/usr/bin/ceph: stderr
2024-09-10T18:49:02.249+0000 7f9765404640 1 --2- 172.21.15.107:0/3201432044 >> [v2:172.21.15.107:6800/2559986261,v1:172.21.15.107:6801/2559986261] conn(0x7f974c039520 0x7f974c03b9d0 unknown :-1 s=START_CONNECT pgs=0 cs=0 l=1 rev1=0 crypto rx=0 tx=0 comp rx=0 tx=0)._fault waiting 0.800000
2024-09-10T18:49:04.983 INFO:teuthology.orchestra.run.smithi107.stdout:/usr/bin/ceph: stderr
2024-09-10T18:49:03.050+0000 7f9765404640 1 -- 172.21.15.107:0/3201432044 >> [v2:172.21.15.107:6800/2559986261,v1:172.21.15.107:6801/2559986261] conn(0x7f974c039520 msgr2=0x7f974c03b9d0 unknown :-1 s=STATE_CONNECTING_RE l=1).process reconnect failed to v2:172.21.15.107:6800/2559986261
2024-09-10T18:49:04.983 INFO:teuthology.orchestra.run.smithi107.stdout:/usr/bin/ceph: stderr
2024-09-10T18:49:03.050+0000 7f9765404640 1 --2- 172.21.15.107:0/3201432044 >> [v2:172.21.15.107:6800/2559986261,v1:172.21.15.107:6801/2559986261] conn(0x7f974c039520 0x7f974c03b9d0 unknown :-1 s=START_CONNECT pgs=0 cs=0 l=1 rev1=0 crypto rx=0 tx=0 comp rx=0 tx=0)._fault waiting 1.600000
2024-09-10T18:49:04.984 INFO:teuthology.orchestra.run.smithi107.stdout:/usr/bin/ceph: stderr
2024-09-10T18:49:03.111+0000 7f97567fc640 1 -- 172.21.15.107:0/3201432044 <== mon.0 v2:172.21.15.107:3300/0 6 ==== mgrmap(e 10) v1 ==== 45272+0+0 (secure 0 0 0) 0x7f975006c1e0 con 0x7f97600ff1d0
2024-09-10T18:49:04.984 INFO:teuthology.orchestra.run.smithi107.stdout:/usr/bin/ceph: stderr
2024-09-10T18:49:03.111+0000 7f97567fc640 1 -- 172.21.15.107:0/3201432044 >> [v2:172.21.15.107:6800/2559986261,v1:172.21.15.107:6801/2559986261] conn(0x7f974c039520 msgr2=0x7f974c03b9d0 unknown :-1 s=STATE_CONNECTING l=1).mark_down
2024-09-10T18:49:04.984 INFO:teuthology.orchestra.run.smithi107.stdout:/usr/bin/ceph: stderr
2024-09-10T18:49:03.111+0000 7f97567fc640 1 --2- 172.21.15.107:0/3201432044 >> [v2:172.21.15.107:6800/2559986261,v1:172.21.15.107:6801/2559986261] conn(0x7f974c039520 0x7f974c03b9d0 unknown :-1 s=START_CONNECT pgs=0 cs=0 l=1 rev1=0 crypto rx=0 tx=0 comp rx=0 tx=0).stop
2024-09-10T18:49:04.984 INFO:teuthology.orchestra.run.smithi107.stdout:/usr/bin/ceph: stderr
2024-09-10T18:49:04.113+0000 7f97567fc640 1 -- 172.21.15.107:0/3201432044 <== mon.0 v2:172.21.15.107:3300/0 7 ==== mgrmap(e 11) v1 ==== 45399+0+0 (secure 0 0 0) 0x7f975006ca40 con 0x7f97600ff1d0
2024-09-10T18:49:04.984 INFO:teuthology.orchestra.run.smithi107.stdout:/usr/bin/ceph: stderr
2024-09-10T18:49:04.113+0000 7f97567fc640 1 --2- 172.21.15.107:0/3201432044 >> [v2:172.21.15.107:6800/383804209,v1:172.21.15.107:6801/383804209] conn(0x7f974c03cfc0 0x7f974c03f3a0 unknown :-1 s=NONE pgs=0 cs=0 l=1 rev1=0 crypto rx=0 tx=0 comp rx=0 tx=0).connect
2024-09-10T18:49:04.984 INFO:teuthology.orchestra.run.smithi107.stdout:/usr/bin/ceph: stderr
2024-09-10T18:49:04.113+0000 7f97567fc640 1 -- 172.21.15.107:0/3201432044 --> [v2:172.21.15.107:6800/383804209,v1:172.21.15.107:6801/383804209] -- command(tid 0: {"prefix": "get_command_descriptions"}) v1 -- 0x7f974c03c0e0 con 0x7f974c03cfc0
2024-09-10T18:49:04.984 INFO:teuthology.orchestra.run.smithi107.stdout:/usr/bin/ceph: stderr
2024-09-10T18:49:04.114+0000 7f9765404640 1 --2- 172.21.15.107:0/3201432044 >> [v2:172.21.15.107:6800/383804209,v1:172.21.15.107:6801/383804209] conn(0x7f974c03cfc0 0x7f974c03f3a0 unknown :-1 s=BANNER_CONNECTING pgs=0 cs=0 l=1 rev1=0 crypto rx=0 tx=0 comp rx=0 tx=0)._handle_peer_banner_payload supported=3 required=0
2024-09-10T18:49:04.984 INFO:teuthology.orchestra.run.smithi107.stdout:/usr/bin/ceph: stderr
2024-09-10T18:49:04.114+0000 7f9765404640 1 --2- 172.21.15.107:0/3201432044 >> [v2:172.21.15.107:6800/383804209,v1:172.21.15.107:6801/383804209] conn(0x7f974c03cfc0 0x7f974c03f3a0 secure :-1 s=READY pgs=3 cs=0 l=1 rev1=1 crypto rx=0x7f975c003940 tx=0x7f975c009350 comp rx=0 tx=0).ready entity=mgr.14148 client_cookie=0 server_cookie=0 in_seq=0 out_seq=0
2024-09-10T18:49:04.984 INFO:teuthology.orchestra.run.smithi107.stdout:/usr/bin/ceph: stderr
2024-09-10T18:49:04.115+0000 7f97567fc640 1 -- 172.21.15.107:0/3201432044 <== mgr.14148 v2:172.21.15.107:6800/383804209 1 ==== command_reply(tid 0: 0 ) v1 ==== 8+0+6549 (secure 0 0 0) 0x7f974c03c0e0 con 0x7f974c03cfc0
2024-09-10T18:49:04.985 INFO:teuthology.orchestra.run.smithi107.stdout:/usr/bin/ceph: stderr
2024-09-10T18:49:04.119+0000 7f9767e69640 1 -- 172.21.15.107:0/3201432044 --> [v2:172.21.15.107:6800/383804209,v1:172.21.15.107:6801/383804209] -- command(tid 1: {"prefix": "mgr_status"}) v1 -- 0x7f976010fad0 con 0x7f974c03cfc0
2024-09-10T18:49:04.985 INFO:teuthology.orchestra.run.smithi107.stdout:/usr/bin/ceph: stderr
2024-09-10T18:49:04.120+0000 7f97567fc640 1 -- 172.21.15.107:0/3201432044 <== mgr.14148 v2:172.21.15.107:6800/383804209 2 ==== command_reply(tid 1: 0 ) v1 ==== 8+0+52 (secure 0 0 0) 0x7f976010fad0 con 0x7f974c03cfc0
2024-09-10T18:49:04.985 INFO:teuthology.orchestra.run.smithi107.stdout:/usr/bin/ceph: stderr
2024-09-10T18:49:04.120+0000 7f9767e69640 1 -- 172.21.15.107:0/3201432044 >> [v2:172.21.15.107:6800/383804209,v1:172.21.15.107:6801/383804209] conn(0x7f974c03cfc0 msgr2=0x7f974c03f3a0 secure :-1 s=STATE_CONNECTION_ESTABLISHED l=1).mark_down
2024-09-10T18:49:04.985 INFO:teuthology.orchestra.run.smithi107.stdout:/usr/bin/ceph: stderr
2024-09-10T18:49:04.120+0000 7f9767e69640 1 --2- 172.21.15.107:0/3201432044 >> [v2:172.21.15.107:6800/383804209,v1:172.21.15.107:6801/383804209] conn(0x7f974c03cfc0 0x7f974c03f3a0 secure :-1 s=READY pgs=3 cs=0 l=1 rev1=1 crypto rx=0x7f975c003940 tx=0x7f975c009350 comp rx=0 tx=0).stop
2024-09-10T18:49:04.985 INFO:teuthology.orchestra.run.smithi107.stdout:/usr/bin/ceph: stderr
2024-09-10T18:49:04.120+0000 7f9767e69640 1 -- 172.21.15.107:0/3201432044 >> [v2:172.21.15.107:3300/0,v1:172.21.15.107:6789/0] conn(0x7f97600ff1d0 msgr2=0x7f976010ef20 secure :-1 s=STATE_CONNECTION_ESTABLISHED l=1).mark_down
2024-09-10T18:49:04.985 INFO:teuthology.orchestra.run.smithi107.stdout:/usr/bin/ceph: stderr
2024-09-10T18:49:04.120+0000 7f9767e69640 1 --2- 172.21.15.107:0/3201432044 >> [v2:172.21.15.107:3300/0,v1:172.21.15.107:6789/0] conn(0x7f97600ff1d0 0x7f976010ef20 secure :-1 s=READY pgs=58 cs=0 l=1 rev1=1 crypto rx=0x7f9750006a70 tx=0x7f9750008040 comp rx=0 tx=0).stop
2024-09-10T18:49:04.985 INFO:teuthology.orchestra.run.smithi107.stdout:/usr/bin/ceph: stderr
2024-09-10T18:49:04.120+0000 7f9767e69640 1 -- 172.21.15.107:0/3201432044 shutdown_connections
2024-09-10T18:49:04.985 INFO:teuthology.orchestra.run.smithi107.stdout:/usr/bin/ceph: stderr
2024-09-10T18:49:04.120+0000 7f9767e69640 1 --2- 172.21.15.107:0/3201432044 >> [v2:172.21.15.107:6800/383804209,v1:172.21.15.107:6801/383804209] conn(0x7f974c03cfc0 0x7f974c03f3a0 unknown :-1 s=CLOSED pgs=3 cs=0 l=1 rev1=1 crypto rx=0 tx=0 comp rx=0 tx=0).stop
2024-09-10T18:49:04.985 INFO:teuthology.orchestra.run.smithi107.stdout:/usr/bin/ceph: stderr
2024-09-10T18:49:04.120+0000 7f9767e69640 1 --2- 172.21.15.107:0/3201432044 >> [v2:172.21.15.107:6800/2559986261,v1:172.21.15.107:6801/2559986261] conn(0x7f974c039520 0x7f974c03b9d0 unknown :-1 s=CLOSED pgs=0 cs=0 l=1 rev1=0 crypto rx=0 tx=0 comp rx=0 tx=0).stop
2024-09-10T18:49:04.985 INFO:teuthology.orchestra.run.smithi107.stdout:/usr/bin/ceph: stderr
2024-09-10T18:49:04.120+0000 7f9767e69640 1 --2- 172.21.15.107:0/3201432044 >> [v2:172.21.15.107:3300/0,v1:172.21.15.107:6789/0] conn(0x7f97600ff1d0 0x7f976010ef20 unknown :-1 s=CLOSED pgs=58 cs=0 l=1 rev1=1 crypto rx=0 tx=0 comp rx=0 tx=0).stop
2024-09-10T18:49:04.985 INFO:teuthology.orchestra.run.smithi107.stdout:/usr/bin/ceph: stderr
2024-09-10T18:49:04.120+0000 7f9767e69640 1 -- 172.21.15.107:0/3201432044 >> 172.21.15.107:0/3201432044 conn(0x7f97600fa9d0 msgr2=0x7f97600fb800 unknown :-1 s=STATE_NONE l=0).mark_down
2024-09-10T18:49:04.985 INFO:teuthology.orchestra.run.smithi107.stdout:/usr/bin/ceph: stderr
2024-09-10T18:49:04.120+0000 7f9767e69640 1 -- 172.21.15.107:0/3201432044 shutdown_connections
2024-09-10T18:49:04.985 INFO:teuthology.orchestra.run.smithi107.stdout:/usr/bin/ceph: stderr
2024-09-10T18:49:04.120+0000 7f9767e69640 1 -- 172.21.15.107:0/3201432044 wait complete.
2024-09-10T18:49:04.985 INFO:teuthology.orchestra.run.smithi107.stdout:mgr epoch 9 is available
2024-09-10T18:49:04.986 INFO:teuthology.orchestra.run.smithi107.stdout:Generating a dashboard self-signed certificate...
2024-09-10T18:49:05.224 INFO:journalctl@ceph.mon.a.smithi107.stdout:Sep 10 18:49:05 smithi107 ceph-mon[29404]: mgrmap e11: y(active, since 1.00555s)
2024-09-10T18:49:05.225 INFO:journalctl@ceph.mon.a.smithi107.stdout:Sep 10 18:49:05 smithi107 ceph-mon[29404]: [10/Sep/2024:18:49:04] ENGINE Bus STARTING
2024-09-10T18:49:05.225 INFO:journalctl@ceph.mon.a.smithi107.stdout:Sep 10 18:49:05 smithi107 ceph-mon[29404]: [10/Sep/2024:18:49:04] ENGINE Serving on https://172.21.15.107:7150
2024-09-10T18:49:05.225 INFO:journalctl@ceph.mon.a.smithi107.stdout:Sep 10 18:49:05 smithi107 ceph-mon[29404]: [10/Sep/2024:18:49:04] ENGINE Bus STARTED
2024-09-10T18:49:05.225 INFO:journalctl@ceph.mon.a.smithi107.stdout:Sep 10 18:49:05 smithi107 ceph-mon[29404]: [10/Sep/2024:18:49:04] ENGINE Error in HTTPServer.serve
2024-09-10T18:49:05.225 INFO:journalctl@ceph.mon.a.smithi107.stdout: Traceback (most recent call last):
2024-09-10T18:49:05.225 INFO:journalctl@ceph.mon.a.smithi107.stdout: File "/lib/python3.9/site-packages/cheroot/server.py", line 1823, in serve
2024-09-10T18:49:05.225 INFO:journalctl@ceph.mon.a.smithi107.stdout: self._connections.run(self.expiration_interval)
2024-09-10T18:49:05.225 INFO:journalctl@ceph.mon.a.smithi107.stdout: File "/lib/python3.9/site-packages/cheroot/connections.py", line 203, in run
2024-09-10T18:49:05.225 INFO:journalctl@ceph.mon.a.smithi107.stdout: self._run(expiration_interval)
2024-09-10T18:49:05.225 INFO:journalctl@ceph.mon.a.smithi107.stdout: File "/lib/python3.9/site-packages/cheroot/connections.py", line 246, in _run
2024-09-10T18:49:05.225 INFO:journalctl@ceph.mon.a.smithi107.stdout: new_conn = self._from_server_socket(self.server.socket)
2024-09-10T18:49:05.225 INFO:journalctl@ceph.mon.a.smithi107.stdout: File "/lib/python3.9/site-packages/cheroot/connections.py", line 300, in _from_server_socket
2024-09-10T18:49:05.226 INFO:journalctl@ceph.mon.a.smithi107.stdout: s, ssl_env = self.server.ssl_adapter.wrap(s)
2024-09-10T18:49:05.226 INFO:journalctl@ceph.mon.a.smithi107.stdout: File "/lib/python3.9/site-packages/cheroot/ssl/builtin.py", line 277, in wrap
2024-09-10T18:49:05.226 INFO:journalctl@ceph.mon.a.smithi107.stdout: s = self.context.wrap_socket(
2024-09-10T18:49:05.226 INFO:journalctl@ceph.mon.a.smithi107.stdout: File "/lib64/python3.9/ssl.py", line 501, in wrap_socket
2024-09-10T18:49:05.226 INFO:journalctl@ceph.mon.a.smithi107.stdout: return self.sslsocket_class._create(
2024-09-10T18:49:05.226 INFO:journalctl@ceph.mon.a.smithi107.stdout: File "/lib64/python3.9/ssl.py", line 1074, in _create
2024-09-10T18:49:05.226 INFO:journalctl@ceph.mon.a.smithi107.stdout: self.do_handshake()
2024-09-10T18:49:05.226 INFO:journalctl@ceph.mon.a.smithi107.stdout: File "/lib64/python3.9/ssl.py", line 1343, in do_handshake
2024-09-10T18:49:05.226 INFO:journalctl@ceph.mon.a.smithi107.stdout: self._sslobj.do_handshake()
2024-09-10T18:49:05.226 INFO:journalctl@ceph.mon.a.smithi107.stdout: ssl.SSLZeroReturnError: TLS/SSL connection has been closed (EOF) (_ssl.c:1133)
2024-09-10T18:49:05.226 INFO:journalctl@ceph.mon.a.smithi107.stdout:Sep 10 18:49:05 smithi107 ceph-mon[29404]: from='mgr.14148 172.21.15.107:0/214390358' entity='mgr.y'
2024-09-10T18:49:05.226 INFO:journalctl@ceph.mon.a.smithi107.stdout:Sep 10 18:49:05 smithi107 ceph-mon[29404]: from='mgr.14148 172.21.15.107:0/214390358' entity='mgr.y'
2024-09-10T18:49:06.260 INFO:teuthology.orchestra.run.smithi107.stdout:/usr/bin/ceph: stdout Self-signed certificate created
2024-09-10T18:49:06.260 INFO:teuthology.orchestra.run.smithi107.stdout:/usr/bin/ceph: stderr
2024-09-10T18:49:05.431+0000 7ffa2177f640 1 Processor -- start
2024-09-10T18:49:06.260 INFO:teuthology.orchestra.run.smithi107.stdout:/usr/bin/ceph: stderr
2024-09-10T18:49:05.431+0000 7ffa2177f640 1 -- start start
2024-09-10T18:49:06.260 INFO:teuthology.orchestra.run.smithi107.stdout:/usr/bin/ceph: stderr
2024-09-10T18:49:05.432+0000 7ffa2177f640 1 --2- >> [v2:172.21.15.107:3300/0,v1:172.21.15.107:6789/0] conn(0x7ffa1c0744d0 0x7ffa1c102f40 unknown :-1 s=NONE pgs=0 cs=0 l=0 rev1=0 crypto rx=0 tx=0 comp rx=0 tx=0).connect
2024-09-10T18:49:06.261 INFO:teuthology.orchestra.run.smithi107.stdout:/usr/bin/ceph: stderr
2024-09-10T18:49:05.432+0000 7ffa2177f640 1 -- --> [v2:172.21.15.107:3300/0,v1:172.21.15.107:6789/0] -- mon_getmap magic: 0 v1 -- 0x7ffa1c103480 con 0x7ffa1c0744d0
2024-09-10T18:49:06.261 INFO:teuthology.orchestra.run.smithi107.stdout:/usr/bin/ceph: stderr
2024-09-10T18:49:05.432+0000 7ffa1affd640 1 --2- >> [v2:172.21.15.107:3300/0,v1:172.21.15.107:6789/0] conn(0x7ffa1c0744d0 0x7ffa1c102f40 unknown :-1 s=BANNER_CONNECTING pgs=0 cs=0 l=0 rev1=0 crypto rx=0 tx=0 comp rx=0 tx=0)._handle_peer_banner_payload supported=3 required=0
2024-09-10T18:49:06.261 INFO:teuthology.orchestra.run.smithi107.stdout:/usr/bin/ceph: stderr
2024-09-10T18:49:05.432+0000 7ffa1affd640 1 --2- >> [v2:172.21.15.107:3300/0,v1:172.21.15.107:6789/0] conn(0x7ffa1c0744d0 0x7ffa1c102f40 unknown :-1 s=HELLO_CONNECTING pgs=0 cs=0 l=0 rev1=1 crypto rx=0 tx=0 comp rx=0 tx=0).handle_hello peer v2:172.21.15.107:3300/0 says I am v2:172.21.15.107:43270/0 (socket says 172.21.15.107:43270)
2024-09-10T18:49:06.261 INFO:teuthology.orchestra.run.smithi107.stdout:/usr/bin/ceph: stderr
2024-09-10T18:49:05.432+0000 7ffa1affd640 1 -- 172.21.15.107:0/2267902636 learned_addr learned my addr 172.21.15.107:0/2267902636 (peer_addr_for_me v2:172.21.15.107:0/0)
2024-09-10T18:49:06.261 INFO:teuthology.orchestra.run.smithi107.stdout:/usr/bin/ceph: stderr
2024-09-10T18:49:05.432+0000 7ffa1affd640 1 -- 172.21.15.107:0/2267902636 --> [v2:172.21.15.107:3300/0,v1:172.21.15.107:6789/0] -- mon_subscribe({config=0+,monmap=0+}) v3 -- 0x7ffa1c1035c0 con 0x7ffa1c0744d0
2024-09-10T18:49:06.261 INFO:teuthology.orchestra.run.smithi107.stdout:/usr/bin/ceph: stderr
2024-09-10T18:49:05.433+0000 7ffa1affd640 1 --2- 172.21.15.107:0/2267902636 >> [v2:172.21.15.107:3300/0,v1:172.21.15.107:6789/0] conn(0x7ffa1c0744d0 0x7ffa1c102f40 secure :-1 s=READY pgs=66 cs=0 l=1 rev1=1 crypto rx=0x7ffa0c009e50 tx=0x7ffa0c009840 comp rx=0 tx=0).ready entity=mon.0 client_cookie=3a803ae48734b2db server_cookie=0 in_seq=0 out_seq=0
2024-09-10T18:49:06.261 INFO:teuthology.orchestra.run.smithi107.stdout:/usr/bin/ceph: stderr
2024-09-10T18:49:05.433+0000 7ffa19ffb640 1 -- 172.21.15.107:0/2267902636 <== mon.0 v2:172.21.15.107:3300/0 1 ==== mon_map magic: 0 v1 ==== 205+0+0 (secure 0 0 0) 0x7ffa0c031400 con 0x7ffa1c0744d0
2024-09-10T18:49:06.261 INFO:teuthology.orchestra.run.smithi107.stdout:/usr/bin/ceph: stderr
2024-09-10T18:49:05.433+0000 7ffa19ffb640 1 -- 172.21.15.107:0/2267902636 <== mon.0 v2:172.21.15.107:3300/0 2 ==== config(22 keys) v1 ==== 968+0+0 (secure 0 0 0) 0x7ffa0c02d050 con 0x7ffa1c0744d0
2024-09-10T18:49:06.261 INFO:teuthology.orchestra.run.smithi107.stdout:/usr/bin/ceph: stderr
2024-09-10T18:49:05.433+0000 7ffa19ffb640 1 -- 172.21.15.107:0/2267902636 <== mon.0 v2:172.21.15.107:3300/0 3 ==== mon_map magic: 0 v1 ==== 205+0+0 (secure 0 0 0) 0x7ffa0c007580 con 0x7ffa1c0744d0
2024-09-10T18:49:06.261 INFO:teuthology.orchestra.run.smithi107.stdout:/usr/bin/ceph: stderr
2024-09-10T18:49:05.434+0000 7ffa2177f640 1 -- 172.21.15.107:0/2267902636 >> [v2:172.21.15.107:3300/0,v1:172.21.15.107:6789/0] conn(0x7ffa1c0744d0 msgr2=0x7ffa1c102f40 secure :-1 s=STATE_CONNECTION_ESTABLISHED l=1).mark_down
2024-09-10T18:49:06.261 INFO:teuthology.orchestra.run.smithi107.stdout:/usr/bin/ceph: stderr
2024-09-10T18:49:05.434+0000 7ffa2177f640 1 --2- 172.21.15.107:0/2267902636 >> [v2:172.21.15.107:3300/0,v1:172.21.15.107:6789/0] conn(0x7ffa1c0744d0 0x7ffa1c102f40 secure :-1 s=READY pgs=66 cs=0 l=1 rev1=1 crypto rx=0x7ffa0c009e50 tx=0x7ffa0c009840 comp rx=0 tx=0).stop
2024-09-10T18:49:06.261 INFO:teuthology.orchestra.run.smithi107.stdout:/usr/bin/ceph: stderr
2024-09-10T18:49:05.434+0000 7ffa2177f640 1 -- 172.21.15.107:0/2267902636 shutdown_connections
2024-09-10T18:49:06.262 INFO:teuthology.orchestra.run.smithi107.stdout:/usr/bin/ceph: stderr
2024-09-10T18:49:05.434+0000 7ffa2177f640 1 --2- 172.21.15.107:0/2267902636 >> [v2:172.21.15.107:3300/0,v1:172.21.15.107:6789/0] conn(0x7ffa1c0744d0 0x7ffa1c102f40 unknown :-1 s=CLOSED pgs=66 cs=0 l=1 rev1=1 crypto rx=0 tx=0 comp rx=0 tx=0).stop
2024-09-10T18:49:06.262 INFO:teuthology.orchestra.run.smithi107.stdout:/usr/bin/ceph: stderr
2024-09-10T18:49:05.434+0000 7ffa2177f640 1 -- 172.21.15.107:0/2267902636 >> 172.21.15.107:0/2267902636 conn(0x7ffa1c0faa10 msgr2=0x7ffa1c0fce20 unknown :-1 s=STATE_NONE l=0).mark_down
2024-09-10T18:49:06.262 INFO:teuthology.orchestra.run.smithi107.stdout:/usr/bin/ceph: stderr
2024-09-10T18:49:05.434+0000 7ffa2177f640 1 -- 172.21.15.107:0/2267902636 shutdown_connections
2024-09-10T18:49:06.262 INFO:teuthology.orchestra.run.smithi107.stdout:/usr/bin/ceph: stderr
2024-09-10T18:49:05.434+0000 7ffa2177f640 1 -- 172.21.15.107:0/2267902636 wait complete.
2024-09-10T18:49:06.262 INFO:teuthology.orchestra.run.smithi107.stdout:/usr/bin/ceph: stderr
2024-09-10T18:49:05.434+0000 7ffa2177f640 1 Processor -- start
2024-09-10T18:49:06.262 INFO:teuthology.orchestra.run.smithi107.stdout:/usr/bin/ceph: stderr
2024-09-10T18:49:05.434+0000 7ffa2177f640 1 -- start start
2024-09-10T18:49:06.262 INFO:teuthology.orchestra.run.smithi107.stdout:/usr/bin/ceph: stderr
2024-09-10T18:49:05.435+0000 7ffa2177f640 1 --2- >> [v2:172.21.15.107:3300/0,v1:172.21.15.107:6789/0] conn(0x7ffa1c0744d0 0x7ffa1c10eef0 unknown :-1 s=NONE pgs=0 cs=0 l=1 rev1=0 crypto rx=0 tx=0 comp rx=0 tx=0).connect
2024-09-10T18:49:06.262 INFO:teuthology.orchestra.run.smithi107.stdout:/usr/bin/ceph: stderr
2024-09-10T18:49:05.435+0000 7ffa2177f640 1 -- --> [v2:172.21.15.107:3300/0,v1:172.21.15.107:6789/0] -- mon_getmap magic: 0 v1 -- 0x7ffa1c10f430 con 0x7ffa1c0744d0
2024-09-10T18:49:06.262 INFO:teuthology.orchestra.run.smithi107.stdout:/usr/bin/ceph: stderr
2024-09-10T18:49:05.435+0000 7ffa1affd640 1 --2- >> [v2:172.21.15.107:3300/0,v1:172.21.15.107:6789/0] conn(0x7ffa1c0744d0 0x7ffa1c10eef0 unknown :-1 s=BANNER_CONNECTING pgs=0 cs=0 l=1 rev1=0 crypto rx=0 tx=0 comp rx=0 tx=0)._handle_peer_banner_payload supported=3 required=0
2024-09-10T18:49:06.262 INFO:teuthology.orchestra.run.smithi107.stdout:/usr/bin/ceph: stderr
2024-09-10T18:49:05.435+0000 7ffa1affd640 1 --2- >> [v2:172.21.15.107:3300/0,v1:172.21.15.107:6789/0] conn(0x7ffa1c0744d0 0x7ffa1c10eef0 unknown :-1 s=HELLO_CONNECTING pgs=0 cs=0 l=1 rev1=1 crypto rx=0 tx=0 comp rx=0 tx=0).handle_hello peer v2:172.21.15.107:3300/0 says I am v2:172.21.15.107:43282/0 (socket says 172.21.15.107:43282)
2024-09-10T18:49:06.262 INFO:teuthology.orchestra.run.smithi107.stdout:/usr/bin/ceph: stderr
2024-09-10T18:49:05.435+0000 7ffa1affd640 1 -- 172.21.15.107:0/962315841 learned_addr learned my addr 172.21.15.107:0/962315841 (peer_addr_for_me v2:172.21.15.107:0/0)
2024-09-10T18:49:06.262 INFO:teuthology.orchestra.run.smithi107.stdout:/usr/bin/ceph: stderr
2024-09-10T18:49:05.435+0000 7ffa1affd640 1 -- 172.21.15.107:0/962315841 --> [v2:172.21.15.107:3300/0,v1:172.21.15.107:6789/0] -- mon_subscribe({config=0+,monmap=0+}) v3 -- 0x7ffa0c009ae0 con 0x7ffa1c0744d0
2024-09-10T18:49:06.262 INFO:teuthology.orchestra.run.smithi107.stdout:/usr/bin/ceph: stderr
2024-09-10T18:49:05.435+0000 7ffa1affd640 1 --2- 172.21.15.107:0/962315841 >> [v2:172.21.15.107:3300/0,v1:172.21.15.107:6789/0] conn(0x7ffa1c0744d0 0x7ffa1c10eef0 secure :-1 s=READY pgs=67 cs=0 l=1 rev1=1 crypto rx=0x7ffa0c007030 tx=0x7ffa0c009840 comp rx=0 tx=0).ready entity=mon.0 client_cookie=0 server_cookie=0 in_seq=0 out_seq=0
2024-09-10T18:49:06.263 INFO:teuthology.orchestra.run.smithi107.stdout:/usr/bin/ceph: stderr
2024-09-10T18:49:05.435+0000 7ffa137fe640 1 -- 172.21.15.107:0/962315841 <== mon.0 v2:172.21.15.107:3300/0 1 ==== mon_map magic: 0 v1 ==== 205+0+0 (secure 0 0 0) 0x7ffa0c007ad0 con 0x7ffa1c0744d0
2024-09-10T18:49:06.263 INFO:teuthology.orchestra.run.smithi107.stdout:/usr/bin/ceph: stderr
2024-09-10T18:49:05.435+0000 7ffa137fe640 1 -- 172.21.15.107:0/962315841 <== mon.0 v2:172.21.15.107:3300/0 2 ==== config(22 keys) v1 ==== 968+0+0 (secure 0 0 0) 0x7ffa0c007c30 con 0x7ffa1c0744d0
2024-09-10T18:49:06.263 INFO:teuthology.orchestra.run.smithi107.stdout:/usr/bin/ceph: stderr
2024-09-10T18:49:05.435+0000 7ffa2177f640 1 -- 172.21.15.107:0/962315841 --> [v2:172.21.15.107:3300/0,v1:172.21.15.107:6789/0] -- mon_subscribe({mgrmap=0+}) v3 -- 0x7ffa1c10f630 con 0x7ffa1c0744d0
2024-09-10T18:49:06.263 INFO:teuthology.orchestra.run.smithi107.stdout:/usr/bin/ceph: stderr
2024-09-10T18:49:05.435+0000 7ffa137fe640 1 -- 172.21.15.107:0/962315841 <== mon.0 v2:172.21.15.107:3300/0 3 ==== mon_map magic: 0 v1 ==== 205+0+0 (secure 0 0 0) 0x7ffa0c044d70 con 0x7ffa1c0744d0
2024-09-10T18:49:06.263 INFO:teuthology.orchestra.run.smithi107.stdout:/usr/bin/ceph: stderr
2024-09-10T18:49:05.435+0000 7ffa2177f640 1 -- 172.21.15.107:0/962315841 --> [v2:172.21.15.107:3300/0,v1:172.21.15.107:6789/0] -- mon_subscribe({osdmap=0}) v3 -- 0x7ffa1c10faa0 con 0x7ffa1c0744d0
2024-09-10T18:49:06.263 INFO:teuthology.orchestra.run.smithi107.stdout:/usr/bin/ceph: stderr
2024-09-10T18:49:05.436+0000 7ffa137fe640 1 -- 172.21.15.107:0/962315841 <== mon.0 v2:172.21.15.107:3300/0 4 ==== mgrmap(e 11) v1 ==== 45399+0+0 (secure 0 0 0) 0x7ffa0c038070 con 0x7ffa1c0744d0
2024-09-10T18:49:06.263 INFO:teuthology.orchestra.run.smithi107.stdout:/usr/bin/ceph: stderr
2024-09-10T18:49:05.436+0000 7ffa137fe640 1 --2- 172.21.15.107:0/962315841 >> [v2:172.21.15.107:6800/383804209,v1:172.21.15.107:6801/383804209] conn(0x7ffa08039390 0x7ffa0803b840 unknown :-1 s=NONE pgs=0 cs=0 l=1 rev1=0 crypto rx=0 tx=0 comp rx=0 tx=0).connect
2024-09-10T18:49:06.263 INFO:teuthology.orchestra.run.smithi107.stdout:/usr/bin/ceph: stderr
2024-09-10T18:49:05.436+0000 7ffa137fe640 1 -- 172.21.15.107:0/962315841 <== mon.0 v2:172.21.15.107:3300/0 5 ==== osd_map(3..3 src has 1..3) v4 ==== 1151+0+0 (secure 0 0 0) 0x7ffa0c06cc80 con 0x7ffa1c0744d0
2024-09-10T18:49:06.263 INFO:teuthology.orchestra.run.smithi107.stdout:/usr/bin/ceph: stderr
2024-09-10T18:49:05.436+0000 7ffa2177f640 1 -- 172.21.15.107:0/962315841 --> [v2:172.21.15.107:3300/0,v1:172.21.15.107:6789/0] -- mon_command({"prefix": "get_command_descriptions"} v 0) v1 -- 0x7ffa1c05ed70 con 0x7ffa1c0744d0
2024-09-10T18:49:06.263 INFO:teuthology.orchestra.run.smithi107.stdout:/usr/bin/ceph: stderr
2024-09-10T18:49:05.436+0000 7ffa1a7fc640 1 --2- 172.21.15.107:0/962315841 >> [v2:172.21.15.107:6800/383804209,v1:172.21.15.107:6801/383804209] conn(0x7ffa08039390 0x7ffa0803b840 unknown :-1 s=BANNER_CONNECTING pgs=0 cs=0 l=1 rev1=0 crypto rx=0 tx=0 comp rx=0 tx=0)._handle_peer_banner_payload supported=3 required=0
2024-09-10T18:49:06.263 INFO:teuthology.orchestra.run.smithi107.stdout:/usr/bin/ceph: stderr
2024-09-10T18:49:05.437+0000 7ffa1a7fc640 1 --2- 172.21.15.107:0/962315841 >> [v2:172.21.15.107:6800/383804209,v1:172.21.15.107:6801/383804209] conn(0x7ffa08039390 0x7ffa0803b840 secure :-1 s=READY pgs=7 cs=0 l=1 rev1=1 crypto rx=0x7ffa04006fd0 tx=0x7ffa04006db0 comp rx=0 tx=0).ready entity=mgr.14148 client_cookie=0 server_cookie=0 in_seq=0 out_seq=0
2024-09-10T18:49:06.263 INFO:teuthology.orchestra.run.smithi107.stdout:/usr/bin/ceph: stderr
2024-09-10T18:49:05.441+0000 7ffa137fe640 1 -- 172.21.15.107:0/962315841 <== mon.0 v2:172.21.15.107:3300/0 6 ==== mon_command_ack([{"prefix": "get_command_descriptions"}]=0 v0) v1 ==== 72+0+176781 (secure 0 0 0) 0x7ffa0c036070 con 0x7ffa1c0744d0
2024-09-10T18:49:06.264 INFO:teuthology.orchestra.run.smithi107.stdout:/usr/bin/ceph: stderr
2024-09-10T18:49:05.586+0000 7ffa137fe640 1 -- 172.21.15.107:0/962315841 <== mon.0 v2:172.21.15.107:3300/0 7 ==== mgrmap(e 12) v1 ==== 45505+0+0 (secure 0 0 0) 0x7ffa0c03b460 con 0x7ffa1c0744d0
2024-09-10T18:49:06.264 INFO:teuthology.orchestra.run.smithi107.stdout:/usr/bin/ceph: stderr
2024-09-10T18:49:05.629+0000 7ffa2177f640 1 -- 172.21.15.107:0/962315841 --> [v2:172.21.15.107:6800/383804209,v1:172.21.15.107:6801/383804209] -- mgr_command(tid 0: {"prefix": "dashboard create-self-signed-cert", "target": ["mon-mgr", ""]}) v1 -- 0x7ffa1c104400 con 0x7ffa08039390
2024-09-10T18:49:06.264 INFO:teuthology.orchestra.run.smithi107.stdout:/usr/bin/ceph: stderr
2024-09-10T18:49:05.689+0000 7ffa137fe640 1 -- 172.21.15.107:0/962315841 <== mgr.14148 v2:172.21.15.107:6800/383804209 1 ==== mgr_command_reply(tid 0: 0 ) v1 ==== 8+0+32 (secure 0 0 0) 0x7ffa1c104400 con 0x7ffa08039390
2024-09-10T18:49:06.264 INFO:teuthology.orchestra.run.smithi107.stdout:/usr/bin/ceph: stderr
2024-09-10T18:49:05.691+0000 7ffa2177f640 1 -- 172.21.15.107:0/962315841 >> [v2:172.21.15.107:6800/383804209,v1:172.21.15.107:6801/383804209] conn(0x7ffa08039390 msgr2=0x7ffa0803b840 secure :-1 s=STATE_CONNECTION_ESTABLISHED l=1).mark_down
2024-09-10T18:49:06.264 INFO:teuthology.orchestra.run.smithi107.stdout:/usr/bin/ceph: stderr
2024-09-10T18:49:05.691+0000 7ffa2177f640 1 --2- 172.21.15.107:0/962315841 >> [v2:172.21.15.107:6800/383804209,v1:172.21.15.107:6801/383804209] conn(0x7ffa08039390 0x7ffa0803b840 secure :-1 s=READY pgs=7 cs=0 l=1 rev1=1 crypto rx=0x7ffa04006fd0 tx=0x7ffa04006db0 comp rx=0 tx=0).stop
2024-09-10T18:49:06.264 INFO:teuthology.orchestra.run.smithi107.stdout:/usr/bin/ceph: stderr
2024-09-10T18:49:05.691+0000 7ffa2177f640 1 -- 172.21.15.107:0/962315841 >> [v2:172.21.15.107:3300/0,v1:172.21.15.107:6789/0] conn(0x7ffa1c0744d0 msgr2=0x7ffa1c10eef0 secure :-1 s=STATE_CONNECTION_ESTABLISHED l=1).mark_down
2024-09-10T18:49:06.264 INFO:teuthology.orchestra.run.smithi107.stdout:/usr/bin/ceph: stderr
2024-09-10T18:49:05.691+0000 7ffa2177f640 1 --2- 172.21.15.107:0/962315841 >> [v2:172.21.15.107:3300/0,v1:172.21.15.107:6789/0] conn(0x7ffa1c0744d0 0x7ffa1c10eef0 secure :-1 s=READY pgs=67 cs=0 l=1 rev1=1 crypto rx=0x7ffa0c007030 tx=0x7ffa0c009840 comp rx=0 tx=0).stop
2024-09-10T18:49:06.264 INFO:teuthology.orchestra.run.smithi107.stdout:/usr/bin/ceph: stderr
2024-09-10T18:49:05.691+0000 7ffa2177f640 1 -- 172.21.15.107:0/962315841 shutdown_connections
2024-09-10T18:49:06.264 INFO:teuthology.orchestra.run.smithi107.stdout:/usr/bin/ceph: stderr
2024-09-10T18:49:05.691+0000 7ffa2177f640 1 --2- 172.21.15.107:0/962315841 >> [v2:172.21.15.107:6800/383804209,v1:172.21.15.107:6801/383804209] conn(0x7ffa08039390 0x7ffa0803b840 unknown :-1 s=CLOSED pgs=7 cs=0 l=1 rev1=1 crypto rx=0 tx=0 comp rx=0 tx=0).stop
2024-09-10T18:49:06.264 INFO:teuthology.orchestra.run.smithi107.stdout:/usr/bin/ceph: stderr
2024-09-10T18:49:05.691+0000 7ffa2177f640 1 --2- 172.21.15.107:0/962315841 >> [v2:172.21.15.107:3300/0,v1:172.21.15.107:6789/0] conn(0x7ffa1c0744d0 0x7ffa1c10eef0 unknown :-1 s=CLOSED pgs=67 cs=0 l=1 rev1=1 crypto rx=0 tx=0 comp rx=0 tx=0).stop
2024-09-10T18:49:06.264 INFO:teuthology.orchestra.run.smithi107.stdout:/usr/bin/ceph: stderr
2024-09-10T18:49:05.691+0000 7ffa2177f640 1 -- 172.21.15.107:0/962315841 >> 172.21.15.107:0/962315841 conn(0x7ffa1c0faa10 msgr2=0x7ffa1c0fb470 unknown :-1 s=STATE_NONE l=0).mark_down
2024-09-10T18:49:06.265 INFO:teuthology.orchestra.run.smithi107.stdout:/usr/bin/ceph: stderr
2024-09-10T18:49:05.692+0000 7ffa2177f640 1 -- 172.21.15.107:0/962315841 shutdown_connections
2024-09-10T18:49:06.265 INFO:teuthology.orchestra.run.smithi107.stdout:/usr/bin/ceph: stderr
2024-09-10T18:49:05.692+0000 7ffa2177f640 1 -- 172.21.15.107:0/962315841 wait complete.
2024-09-10T18:49:06.265 INFO:teuthology.orchestra.run.smithi107.stdout:Creating initial admin user...
2024-09-10T18:49:06.788 INFO:journalctl@ceph.mon.a.smithi107.stdout:Sep 10 18:49:06 smithi107 ceph-mon[29404]: from='mgr.14148 172.21.15.107:0/214390358' entity='mgr.y'
2024-09-10T18:49:06.788 INFO:journalctl@ceph.mon.a.smithi107.stdout:Sep 10 18:49:06 smithi107 ceph-mon[29404]: mgrmap e12: y(active, since 2s)
2024-09-10T18:49:06.788 INFO:journalctl@ceph.mon.a.smithi107.stdout:Sep 10 18:49:06 smithi107 ceph-mon[29404]: from='client.14160 -' entity='client.admin' cmd=[{"prefix": "dashboard create-self-signed-cert", "target": ["mon-mgr", ""]}]: dispatch
2024-09-10T18:49:06.789 INFO:journalctl@ceph.mon.a.smithi107.stdout:Sep 10 18:49:06 smithi107 ceph-mon[29404]: from='mgr.14148 172.21.15.107:0/214390358' entity='mgr.y'
2024-09-10T18:49:06.789 INFO:journalctl@ceph.mon.a.smithi107.stdout:Sep 10 18:49:06 smithi107 ceph-mon[29404]: from='mgr.14148 172.21.15.107:0/214390358' entity='mgr.y'
2024-09-10T18:49:08.465 INFO:journalctl@ceph.mon.a.smithi107.stdout:Sep 10 18:49:08 smithi107 ceph-mon[29404]: from='client.14162 -' entity='client.admin' cmd=[{"prefix": "dashboard ac-user-create", "username": "admin", "rolename": "administrator", "force_password": true, "pwd_update_required": true, "target": ["mon-mgr", ""]}]: dispatch
2024-09-10T18:49:08.465 INFO:journalctl@ceph.mon.a.smithi107.stdout:Sep 10 18:49:08 smithi107 ceph-mon[29404]: from='mgr.14148 172.21.15.107:0/214390358' entity='mgr.y'
2024-09-10T18:49:08.572 INFO:teuthology.orchestra.run.smithi107.stdout:/usr/bin/ceph: stdout {"username": "admin", "password": "$2b$12$Q8bb7q7iHAPASqP78AdulOMZQJ8czKD1lJ8OCctXuZ5VXoFx/V6Rm", "roles": ["administrator"], "name": null, "email": null, "lastUpdate": 1725994147, "enabled": true, "pwdExpirationDate": null, "pwdUpdateRequired": true}
2024-09-10T18:49:08.573 INFO:teuthology.orchestra.run.smithi107.stdout:/usr/bin/ceph: stderr
2024-09-10T18:49:06.701+0000 7fa408463640 1 Processor -- start
2024-09-10T18:49:08.573 INFO:teuthology.orchestra.run.smithi107.stdout:/usr/bin/ceph: stderr
2024-09-10T18:49:06.701+0000 7fa408463640 1 -- start start
2024-09-10T18:49:08.573 INFO:teuthology.orchestra.run.smithi107.stdout:/usr/bin/ceph: stderr
2024-09-10T18:49:06.702+0000 7fa408463640 1 --2- >> [v2:172.21.15.107:3300/0,v1:172.21.15.107:6789/0] conn(0x7fa4001007c0 0x7fa400100bd0 unknown :-1 s=NONE pgs=0 cs=0 l=0 rev1=0 crypto rx=0 tx=0 comp rx=0 tx=0).connect
2024-09-10T18:49:08.573 INFO:teuthology.orchestra.run.smithi107.stdout:/usr/bin/ceph: stderr
2024-09-10T18:49:06.702+0000 7fa408463640 1 -- --> [v2:172.21.15.107:3300/0,v1:172.21.15.107:6789/0] -- mon_getmap magic: 0 v1 -- 0x7fa400101110 con 0x7fa4001007c0
2024-09-10T18:49:08.573 INFO:teuthology.orchestra.run.smithi107.stdout:/usr/bin/ceph: stderr
2024-09-10T18:49:06.702+0000 7fa4061ff640 1 --2- >> [v2:172.21.15.107:3300/0,v1:172.21.15.107:6789/0] conn(0x7fa4001007c0 0x7fa400100bd0 unknown :-1 s=BANNER_CONNECTING pgs=0 cs=0 l=0 rev1=0 crypto rx=0 tx=0 comp rx=0 tx=0)._handle_peer_banner_payload supported=3 required=0
2024-09-10T18:49:08.573 INFO:teuthology.orchestra.run.smithi107.stdout:/usr/bin/ceph: stderr
2024-09-10T18:49:06.702+0000 7fa4061ff640 1 --2- >> [v2:172.21.15.107:3300/0,v1:172.21.15.107:6789/0] conn(0x7fa4001007c0 0x7fa400100bd0 unknown :-1 s=HELLO_CONNECTING pgs=0 cs=0 l=0 rev1=1 crypto rx=0 tx=0 comp rx=0 tx=0).handle_hello peer v2:172.21.15.107:3300/0 says I am v2:172.21.15.107:43284/0 (socket says 172.21.15.107:43284)
2024-09-10T18:49:08.573 INFO:teuthology.orchestra.run.smithi107.stdout:/usr/bin/ceph: stderr
2024-09-10T18:49:06.702+0000 7fa4061ff640 1 -- 172.21.15.107:0/1949503299 learned_addr learned my addr 172.21.15.107:0/1949503299 (peer_addr_for_me v2:172.21.15.107:0/0)
2024-09-10T18:49:08.573 INFO:teuthology.orchestra.run.smithi107.stdout:/usr/bin/ceph: stderr
2024-09-10T18:49:06.702+0000 7fa4061ff640 1 -- 172.21.15.107:0/1949503299 --> [v2:172.21.15.107:3300/0,v1:172.21.15.107:6789/0] -- mon_subscribe({config=0+,monmap=0+}) v3 -- 0x7fa400101250 con 0x7fa4001007c0
2024-09-10T18:49:08.573 INFO:teuthology.orchestra.run.smithi107.stdout:/usr/bin/ceph: stderr
2024-09-10T18:49:06.703+0000 7fa4061ff640 1 --2- 172.21.15.107:0/1949503299 >> [v2:172.21.15.107:3300/0,v1:172.21.15.107:6789/0] conn(0x7fa4001007c0 0x7fa400100bd0 secure :-1 s=READY pgs=68 cs=0 l=1 rev1=1 crypto rx=0x7fa3fc00baf0 tx=0x7fa3fc00b460 comp rx=0 tx=0).ready entity=mon.0 client_cookie=164fb3723bddcf23 server_cookie=0 in_seq=0 out_seq=0
2024-09-10T18:49:08.573 INFO:teuthology.orchestra.run.smithi107.stdout:/usr/bin/ceph: stderr
2024-09-10T18:49:06.703+0000 7fa4051fd640 1 -- 172.21.15.107:0/1949503299 <== mon.0 v2:172.21.15.107:3300/0 1 ==== mon_map magic: 0 v1 ==== 205+0+0 (secure 0 0 0) 0x7fa3fc032640 con 0x7fa4001007c0
2024-09-10T18:49:08.573 INFO:teuthology.orchestra.run.smithi107.stdout:/usr/bin/ceph: stderr
2024-09-10T18:49:06.703+0000 7fa4051fd640 1 -- 172.21.15.107:0/1949503299 <== mon.0 v2:172.21.15.107:3300/0 2 ==== config(22 keys) v1 ==== 968+0+0 (secure 0 0 0) 0x7fa3fc032be0 con 0x7fa4001007c0
2024-09-10T18:49:08.573 INFO:teuthology.orchestra.run.smithi107.stdout:/usr/bin/ceph: stderr
2024-09-10T18:49:06.703+0000 7fa4051fd640 1 -- 172.21.15.107:0/1949503299 <== mon.0 v2:172.21.15.107:3300/0 3 ==== mon_map magic: 0 v1 ==== 205+0+0 (secure 0 0 0) 0x7fa3fc031a00 con 0x7fa4001007c0
2024-09-10T18:49:08.574 INFO:teuthology.orchestra.run.smithi107.stdout:/usr/bin/ceph: stderr
2024-09-10T18:49:06.704+0000 7fa408463640 1 -- 172.21.15.107:0/1949503299 >> [v2:172.21.15.107:3300/0,v1:172.21.15.107:6789/0] conn(0x7fa4001007c0 msgr2=0x7fa400100bd0 secure :-1 s=STATE_CONNECTION_ESTABLISHED l=1).mark_down
2024-09-10T18:49:08.574 INFO:teuthology.orchestra.run.smithi107.stdout:/usr/bin/ceph: stderr
2024-09-10T18:49:06.704+0000 7fa408463640 1 --2- 172.21.15.107:0/1949503299 >> [v2:172.21.15.107:3300/0,v1:172.21.15.107:6789/0] conn(0x7fa4001007c0 0x7fa400100bd0 secure :-1 s=READY pgs=68 cs=0 l=1 rev1=1 crypto rx=0x7fa3fc00baf0 tx=0x7fa3fc00b460 comp rx=0 tx=0).stop
2024-09-10T18:49:08.574 INFO:teuthology.orchestra.run.smithi107.stdout:/usr/bin/ceph: stderr
2024-09-10T18:49:06.704+0000 7fa408463640 1 -- 172.21.15.107:0/1949503299 shutdown_connections
2024-09-10T18:49:08.574 INFO:teuthology.orchestra.run.smithi107.stdout:/usr/bin/ceph: stderr
2024-09-10T18:49:06.704+0000 7fa408463640 1 --2- 172.21.15.107:0/1949503299 >> [v2:172.21.15.107:3300/0,v1:172.21.15.107:6789/0] conn(0x7fa4001007c0 0x7fa400100bd0 unknown :-1 s=CLOSED pgs=68 cs=0 l=1 rev1=1 crypto rx=0 tx=0 comp rx=0 tx=0).stop
2024-09-10T18:49:08.574 INFO:teuthology.orchestra.run.smithi107.stdout:/usr/bin/ceph: stderr
2024-09-10T18:49:06.704+0000 7fa408463640 1 -- 172.21.15.107:0/1949503299 >> 172.21.15.107:0/1949503299 conn(0x7fa4000fa180 msgr2=0x7fa4000fc590 unknown :-1 s=STATE_NONE l=0).mark_down
2024-09-10T18:49:08.574 INFO:teuthology.orchestra.run.smithi107.stdout:/usr/bin/ceph: stderr
2024-09-10T18:49:06.704+0000 7fa408463640 1 -- 172.21.15.107:0/1949503299 shutdown_connections
2024-09-10T18:49:08.574 INFO:teuthology.orchestra.run.smithi107.stdout:/usr/bin/ceph: stderr
2024-09-10T18:49:06.704+0000 7fa408463640 1 -- 172.21.15.107:0/1949503299 wait complete.
2024-09-10T18:49:08.574 INFO:teuthology.orchestra.run.smithi107.stdout:/usr/bin/ceph: stderr
2024-09-10T18:49:06.705+0000 7fa408463640 1 Processor -- start
2024-09-10T18:49:08.574 INFO:teuthology.orchestra.run.smithi107.stdout:/usr/bin/ceph: stderr
2024-09-10T18:49:06.705+0000 7fa408463640 1 -- start start
2024-09-10T18:49:08.574 INFO:teuthology.orchestra.run.smithi107.stdout:/usr/bin/ceph: stderr
2024-09-10T18:49:06.705+0000 7fa408463640 1 --2- >> [v2:172.21.15.107:3300/0,v1:172.21.15.107:6789/0] conn(0x7fa4001007c0 0x7fa40010cdd0 unknown :-1 s=NONE pgs=0 cs=0 l=1 rev1=0 crypto rx=0 tx=0 comp rx=0 tx=0).connect
2024-09-10T18:49:08.574 INFO:teuthology.orchestra.run.smithi107.stdout:/usr/bin/ceph: stderr
2024-09-10T18:49:06.705+0000 7fa408463640 1 -- --> [v2:172.21.15.107:3300/0,v1:172.21.15.107:6789/0] -- mon_getmap magic: 0 v1 -- 0x7fa40010d310 con 0x7fa4001007c0
2024-09-10T18:49:08.574 INFO:teuthology.orchestra.run.smithi107.stdout:/usr/bin/ceph: stderr
2024-09-10T18:49:06.705+0000 7fa4061ff640 1 --2- >> [v2:172.21.15.107:3300/0,v1:172.21.15.107:6789/0] conn(0x7fa4001007c0 0x7fa40010cdd0 unknown :-1 s=BANNER_CONNECTING pgs=0 cs=0 l=1 rev1=0 crypto rx=0 tx=0 comp rx=0 tx=0)._handle_peer_banner_payload supported=3 required=0
2024-09-10T18:49:08.574 INFO:teuthology.orchestra.run.smithi107.stdout:/usr/bin/ceph: stderr
2024-09-10T18:49:06.705+0000 7fa4061ff640 1 --2- >> [v2:172.21.15.107:3300/0,v1:172.21.15.107:6789/0] conn(0x7fa4001007c0 0x7fa40010cdd0 unknown :-1 s=HELLO_CONNECTING pgs=0 cs=0 l=1 rev1=1 crypto rx=0 tx=0 comp rx=0 tx=0).handle_hello peer v2:172.21.15.107:3300/0 says I am v2:172.21.15.107:43290/0 (socket says 172.21.15.107:43290)
2024-09-10T18:49:08.575 INFO:teuthology.orchestra.run.smithi107.stdout:/usr/bin/ceph: stderr
2024-09-10T18:49:06.705+0000 7fa4061ff640 1 -- 172.21.15.107:0/4171769512 learned_addr learned my addr 172.21.15.107:0/4171769512 (peer_addr_for_me v2:172.21.15.107:0/0)
2024-09-10T18:49:08.575 INFO:teuthology.orchestra.run.smithi107.stdout:/usr/bin/ceph: stderr
2024-09-10T18:49:06.706+0000 7fa4061ff640 1 -- 172.21.15.107:0/4171769512 --> [v2:172.21.15.107:3300/0,v1:172.21.15.107:6789/0] -- mon_subscribe({config=0+,monmap=0+}) v3 -- 0x7fa3fc00b700 con 0x7fa4001007c0
2024-09-10T18:49:08.575 INFO:teuthology.orchestra.run.smithi107.stdout:/usr/bin/ceph: stderr
2024-09-10T18:49:06.706+0000 7fa4061ff640 1 --2- 172.21.15.107:0/4171769512 >> [v2:172.21.15.107:3300/0,v1:172.21.15.107:6789/0] conn(0x7fa4001007c0 0x7fa40010cdd0 secure :-1 s=READY pgs=69 cs=0 l=1 rev1=1 crypto rx=0x7fa3fc003080 tx=0x7fa3fc00b460 comp rx=0 tx=0).ready entity=mon.0 client_cookie=0 server_cookie=0 in_seq=0 out_seq=0
2024-09-10T18:49:08.575 INFO:teuthology.orchestra.run.smithi107.stdout:/usr/bin/ceph: stderr
2024-09-10T18:49:06.706+0000 7fa3f2ffd640 1 -- 172.21.15.107:0/4171769512 <== mon.0 v2:172.21.15.107:3300/0 1 ==== mon_map magic: 0 v1 ==== 205+0+0 (secure 0 0 0) 0x7fa3fc032950 con 0x7fa4001007c0
2024-09-10T18:49:08.575 INFO:teuthology.orchestra.run.smithi107.stdout:/usr/bin/ceph: stderr
2024-09-10T18:49:06.706+0000 7fa3f2ffd640 1 -- 172.21.15.107:0/4171769512 <== mon.0 v2:172.21.15.107:3300/0 2 ==== config(22 keys) v1 ==== 968+0+0 (secure 0 0 0) 0x7fa3fc03b860 con 0x7fa4001007c0
2024-09-10T18:49:08.575 INFO:teuthology.orchestra.run.smithi107.stdout:/usr/bin/ceph: stderr
2024-09-10T18:49:06.706+0000 7fa408463640 1 -- 172.21.15.107:0/4171769512 --> [v2:172.21.15.107:3300/0,v1:172.21.15.107:6789/0] -- mon_subscribe({mgrmap=0+}) v3 -- 0x7fa40010d510 con 0x7fa4001007c0
2024-09-10T18:49:08.575 INFO:teuthology.orchestra.run.smithi107.stdout:/usr/bin/ceph: stderr
2024-09-10T18:49:06.706+0000 7fa3f2ffd640 1 -- 172.21.15.107:0/4171769512 <== mon.0 v2:172.21.15.107:3300/0 3 ==== mon_map magic: 0 v1 ==== 205+0+0 (secure 0 0 0) 0x7fa3fc03a530 con 0x7fa4001007c0
2024-09-10T18:49:08.575 INFO:teuthology.orchestra.run.smithi107.stdout:/usr/bin/ceph: stderr
2024-09-10T18:49:06.706+0000 7fa408463640 1 -- 172.21.15.107:0/4171769512 --> [v2:172.21.15.107:3300/0,v1:172.21.15.107:6789/0] -- mon_subscribe({osdmap=0}) v3 -- 0x7fa40010df60 con 0x7fa4001007c0
2024-09-10T18:49:08.575 INFO:teuthology.orchestra.run.smithi107.stdout:/usr/bin/ceph: stderr
2024-09-10T18:49:06.707+0000 7fa3f2ffd640 1 -- 172.21.15.107:0/4171769512 <== mon.0 v2:172.21.15.107:3300/0 4 ==== mgrmap(e 12) v1 ==== 45505+0+0 (secure 0 0 0) 0x7fa3fc03a760 con 0x7fa4001007c0
2024-09-10T18:49:08.575 INFO:teuthology.orchestra.run.smithi107.stdout:/usr/bin/ceph: stderr
2024-09-10T18:49:06.707+0000 7fa3f2ffd640 1 --2- 172.21.15.107:0/4171769512 >> [v2:172.21.15.107:6800/383804209,v1:172.21.15.107:6801/383804209] conn(0x7fa3ec039520 0x7fa3ec03b9d0 unknown :-1 s=NONE pgs=0 cs=0 l=1 rev1=0 crypto rx=0 tx=0 comp rx=0 tx=0).connect
2024-09-10T18:49:08.575 INFO:teuthology.orchestra.run.smithi107.stdout:/usr/bin/ceph: stderr
2024-09-10T18:49:06.707+0000 7fa408463640 1 -- 172.21.15.107:0/4171769512 --> [v2:172.21.15.107:3300/0,v1:172.21.15.107:6789/0] -- mon_command({"prefix": "get_command_descriptions"} v 0) v1 -- 0x7fa40010d920 con 0x7fa4001007c0
2024-09-10T18:49:08.575 INFO:teuthology.orchestra.run.smithi107.stdout:/usr/bin/ceph: stderr
2024-09-10T18:49:06.707+0000 7fa3f2ffd640 1 -- 172.21.15.107:0/4171769512 <== mon.0 v2:172.21.15.107:3300/0 5 ==== osd_map(3..3 src has 1..3) v4 ==== 1151+0+0 (secure 0 0 0) 0x7fa3fc06f640 con 0x7fa4001007c0
2024-09-10T18:49:08.575 INFO:teuthology.orchestra.run.smithi107.stdout:/usr/bin/ceph: stderr
2024-09-10T18:49:06.707+0000 7fa4059fe640 1 --2- 172.21.15.107:0/4171769512 >> [v2:172.21.15.107:6800/383804209,v1:172.21.15.107:6801/383804209] conn(0x7fa3ec039520 0x7fa3ec03b9d0 unknown :-1 s=BANNER_CONNECTING pgs=0 cs=0 l=1 rev1=0 crypto rx=0 tx=0 comp rx=0 tx=0)._handle_peer_banner_payload supported=3 required=0
2024-09-10T18:49:08.575 INFO:teuthology.orchestra.run.smithi107.stdout:/usr/bin/ceph: stderr
2024-09-10T18:49:06.708+0000 7fa4059fe640 1 --2- 172.21.15.107:0/4171769512 >> [v2:172.21.15.107:6800/383804209,v1:172.21.15.107:6801/383804209] conn(0x7fa3ec039520 0x7fa3ec03b9d0 secure :-1 s=READY pgs=8 cs=0 l=1 rev1=1 crypto rx=0x7fa3f4006fd0 tx=0x7fa3f4006db0 comp rx=0 tx=0).ready entity=mgr.14148 client_cookie=0 server_cookie=0 in_seq=0 out_seq=0
2024-09-10T18:49:08.576 INFO:teuthology.orchestra.run.smithi107.stdout:/usr/bin/ceph: stderr
2024-09-10T18:49:06.712+0000 7fa3f2ffd640 1 -- 172.21.15.107:0/4171769512 <== mon.0 v2:172.21.15.107:3300/0 6 ==== mon_command_ack([{"prefix": "get_command_descriptions"}]=0 v0) v1 ==== 72+0+176781 (secure 0 0 0) 0x7fa3fc036030 con 0x7fa4001007c0
2024-09-10T18:49:08.576 INFO:teuthology.orchestra.run.smithi107.stdout:/usr/bin/ceph: stderr
2024-09-10T18:49:06.889+0000 7fa408463640 1 -- 172.21.15.107:0/4171769512 --> [v2:172.21.15.107:6800/383804209,v1:172.21.15.107:6801/383804209] -- mgr_command(tid 0: {"prefix": "dashboard ac-user-create", "username": "admin", "rolename": "administrator", "force_password": true, "pwd_update_required": true, "target": ["mon-mgr", ""]}) v1 -- 0x7fa40005eb60 con 0x7fa3ec039520
2024-09-10T18:49:08.576 INFO:teuthology.orchestra.run.smithi107.stdout:/usr/bin/ceph: stderr
2024-09-10T18:49:07.119+0000 7fa3f2ffd640 1 -- 172.21.15.107:0/4171769512 <== mgr.14148 v2:172.21.15.107:6800/383804209 1 ==== mgr_command_reply(tid 0: 0 ) v1 ==== 8+0+252 (secure 0 0 0) 0x7fa40005eb60 con 0x7fa3ec039520
2024-09-10T18:49:08.576 INFO:teuthology.orchestra.run.smithi107.stdout:/usr/bin/ceph: stderr
2024-09-10T18:49:07.121+0000 7fa408463640 1 -- 172.21.15.107:0/4171769512 >> [v2:172.21.15.107:6800/383804209,v1:172.21.15.107:6801/383804209] conn(0x7fa3ec039520 msgr2=0x7fa3ec03b9d0 secure :-1 s=STATE_CONNECTION_ESTABLISHED l=1).mark_down
2024-09-10T18:49:08.576 INFO:teuthology.orchestra.run.smithi107.stdout:/usr/bin/ceph: stderr
2024-09-10T18:49:07.121+0000 7fa408463640 1 --2- 172.21.15.107:0/4171769512 >> [v2:172.21.15.107:6800/383804209,v1:172.21.15.107:6801/383804209] conn(0x7fa3ec039520 0x7fa3ec03b9d0 secure :-1 s=READY pgs=8 cs=0 l=1 rev1=1 crypto rx=0x7fa3f4006fd0 tx=0x7fa3f4006db0 comp rx=0 tx=0).stop
2024-09-10T18:49:08.576 INFO:teuthology.orchestra.run.smithi107.stdout:/usr/bin/ceph: stderr
2024-09-10T18:49:07.121+0000 7fa408463640 1 -- 172.21.15.107:0/4171769512 >> [v2:172.21.15.107:3300/0,v1:172.21.15.107:6789/0] conn(0x7fa4001007c0 msgr2=0x7fa40010cdd0 secure :-1 s=STATE_CONNECTION_ESTABLISHED l=1).mark_down
2024-09-10T18:49:08.576 INFO:teuthology.orchestra.run.smithi107.stdout:/usr/bin/ceph: stderr
2024-09-10T18:49:07.121+0000 7fa408463640 1 --2- 172.21.15.107:0/4171769512 >> [v2:172.21.15.107:3300/0,v1:172.21.15.107:6789/0] conn(0x7fa4001007c0 0x7fa40010cdd0 secure :-1 s=READY pgs=69 cs=0 l=1 rev1=1 crypto rx=0x7fa3fc003080 tx=0x7fa3fc00b460 comp rx=0 tx=0).stop
2024-09-10T18:49:08.576 INFO:teuthology.orchestra.run.smithi107.stdout:/usr/bin/ceph: stderr
2024-09-10T18:49:07.121+0000 7fa408463640 1 -- 172.21.15.107:0/4171769512 shutdown_connections
2024-09-10T18:49:08.576 INFO:teuthology.orchestra.run.smithi107.stdout:/usr/bin/ceph: stderr
2024-09-10T18:49:07.121+0000 7fa408463640 1 --2- 172.21.15.107:0/4171769512 >> [v2:172.21.15.107:6800/383804209,v1:172.21.15.107:6801/383804209] conn(0x7fa3ec039520 0x7fa3ec03b9d0 unknown :-1 s=CLOSED pgs=8 cs=0 l=1 rev1=1 crypto rx=0 tx=0 comp rx=0 tx=0).stop
2024-09-10T18:49:08.576 INFO:teuthology.orchestra.run.smithi107.stdout:/usr/bin/ceph: stderr
2024-09-10T18:49:07.121+0000 7fa408463640 1 --2- 172.21.15.107:0/4171769512 >> [v2:172.21.15.107:3300/0,v1:172.21.15.107:6789/0] conn(0x7fa4001007c0 0x7fa40010cdd0 unknown :-1 s=CLOSED pgs=69 cs=0 l=1 rev1=1 crypto rx=0 tx=0 comp rx=0 tx=0).stop
2024-09-10T18:49:08.576 INFO:teuthology.orchestra.run.smithi107.stdout:/usr/bin/ceph: stderr
2024-09-10T18:49:07.121+0000 7fa408463640 1 -- 172.21.15.107:0/4171769512 >> 172.21.15.107:0/4171769512 conn(0x7fa4000fa180 msgr2=0x7fa400103b70 unknown :-1 s=STATE_NONE l=0).mark_down
2024-09-10T18:49:08.576 INFO:teuthology.orchestra.run.smithi107.stdout:/usr/bin/ceph: stderr
2024-09-10T18:49:07.121+0000 7fa408463640 1 -- 172.21.15.107:0/4171769512 shutdown_connections
2024-09-10T18:49:08.576 INFO:teuthology.orchestra.run.smithi107.stdout:/usr/bin/ceph: stderr
2024-09-10T18:49:07.121+0000 7fa408463640 1 -- 172.21.15.107:0/4171769512 wait complete.
2024-09-10T18:49:08.577 INFO:teuthology.orchestra.run.smithi107.stdout:Fetching dashboard port number...
2024-09-10T18:49:09.729 INFO:teuthology.orchestra.run.smithi107.stdout:/usr/bin/ceph: stdout 8443
2024-09-10T18:49:09.730 INFO:teuthology.orchestra.run.smithi107.stdout:/usr/bin/ceph: stderr
2024-09-10T18:49:09.035+0000 7fc7ac408640 1 Processor -- start
2024-09-10T18:49:09.730 INFO:teuthology.orchestra.run.smithi107.stdout:/usr/bin/ceph: stderr
2024-09-10T18:49:09.035+0000 7fc7ac408640 1 -- start start
2024-09-10T18:49:09.730 INFO:teuthology.orchestra.run.smithi107.stdout:/usr/bin/ceph: stderr
