2024-09-11T08:25:20.632 INFO:journalctl@ceph.mgr.y.smithi043.stdout:Sep 11 08:25:20 smithi043 ceph-327ee848-7017-11ef-bcea-c7b262605968-mgr-y[29609]: | ++.. |
2024-09-11T08:25:20.632 INFO:journalctl@ceph.mgr.y.smithi043.stdout:Sep 11 08:25:20 smithi043 ceph-327ee848-7017-11ef-bcea-c7b262605968-mgr-y[29609]: | .o+ . |
2024-09-11T08:25:20.632 INFO:journalctl@ceph.mgr.y.smithi043.stdout:Sep 11 08:25:20 smithi043 ceph-327ee848-7017-11ef-bcea-c7b262605968-mgr-y[29609]: | . o + o |
2024-09-11T08:25:20.632 INFO:journalctl@ceph.mgr.y.smithi043.stdout:Sep 11 08:25:20 smithi043 ceph-327ee848-7017-11ef-bcea-c7b262605968-mgr-y[29609]: | . = . X.|
2024-09-11T08:25:20.632 INFO:journalctl@ceph.mgr.y.smithi043.stdout:Sep 11 08:25:20 smithi043 ceph-327ee848-7017-11ef-bcea-c7b262605968-mgr-y[29609]: | S = & X|
2024-09-11T08:25:20.632 INFO:journalctl@ceph.mgr.y.smithi043.stdout:Sep 11 08:25:20 smithi043 ceph-327ee848-7017-11ef-bcea-c7b262605968-mgr-y[29609]: | o . = + ^=|
2024-09-11T08:25:20.632 INFO:journalctl@ceph.mgr.y.smithi043.stdout:Sep 11 08:25:20 smithi043 ceph-327ee848-7017-11ef-bcea-c7b262605968-mgr-y[29609]: | . . . + =.B|
2024-09-11T08:25:20.632 INFO:journalctl@ceph.mgr.y.smithi043.stdout:Sep 11 08:25:20 smithi043 ceph-327ee848-7017-11ef-bcea-c7b262605968-mgr-y[29609]: | . . oooo|
2024-09-11T08:25:20.632 INFO:journalctl@ceph.mgr.y.smithi043.stdout:Sep 11 08:25:20 smithi043 ceph-327ee848-7017-11ef-bcea-c7b262605968-mgr-y[29609]: | . .oEo.|
2024-09-11T08:25:20.632 INFO:journalctl@ceph.mgr.y.smithi043.stdout:Sep 11 08:25:20 smithi043 ceph-327ee848-7017-11ef-bcea-c7b262605968-mgr-y[29609]: +----[SHA256]-----+
2024-09-11T08:25:20.914 INFO:teuthology.orchestra.run.smithi043.stdout:/usr/bin/ceph: stderr
2024-09-11T08:25:19.890+0000 7ff37805a640 1 Processor -- start
2024-09-11T08:25:20.914 INFO:teuthology.orchestra.run.smithi043.stdout:/usr/bin/ceph: stderr
2024-09-11T08:25:19.890+0000 7ff37805a640 1 -- start start
2024-09-11T08:25:20.914 INFO:teuthology.orchestra.run.smithi043.stdout:/usr/bin/ceph: stderr
2024-09-11T08:25:19.890+0000 7ff37805a640 1 --2- >> [v2:172.21.15.43:3300/0,v1:172.21.15.43:6789/0] conn(0x7ff3701000b0 0x7ff3701004c0 unknown :-1 s=NONE pgs=0 cs=0 l=0 rev1=0 crypto rx=0 tx=0 comp rx=0 tx=0).connect
2024-09-11T08:25:20.914 INFO:teuthology.orchestra.run.smithi043.stdout:/usr/bin/ceph: stderr
2024-09-11T08:25:19.890+0000 7ff37805a640 1 -- --> [v2:172.21.15.43:3300/0,v1:172.21.15.43:6789/0] -- mon_getmap magic: 0 v1 -- 0x7ff370100a90 con 0x7ff3701000b0
2024-09-11T08:25:20.914 INFO:teuthology.orchestra.run.smithi043.stdout:/usr/bin/ceph: stderr
2024-09-11T08:25:19.890+0000 7ff375df6640 1 --2- >> [v2:172.21.15.43:3300/0,v1:172.21.15.43:6789/0] conn(0x7ff3701000b0 0x7ff3701004c0 unknown :-1 s=BANNER_CONNECTING pgs=0 cs=0 l=0 rev1=0 crypto rx=0 tx=0 comp rx=0 tx=0)._handle_peer_banner_payload supported=3 required=0
2024-09-11T08:25:20.914 INFO:teuthology.orchestra.run.smithi043.stdout:/usr/bin/ceph: stderr
2024-09-11T08:25:19.890+0000 7ff375df6640 1 --2- >> [v2:172.21.15.43:3300/0,v1:172.21.15.43:6789/0] conn(0x7ff3701000b0 0x7ff3701004c0 unknown :-1 s=HELLO_CONNECTING pgs=0 cs=0 l=0 rev1=1 crypto rx=0 tx=0 comp rx=0 tx=0).handle_hello peer v2:172.21.15.43:3300/0 says I am v2:172.21.15.43:36436/0 (socket says 172.21.15.43:36436)
2024-09-11T08:25:20.914 INFO:teuthology.orchestra.run.smithi043.stdout:/usr/bin/ceph: stderr
2024-09-11T08:25:19.890+0000 7ff375df6640 1 -- 172.21.15.43:0/993300150 learned_addr learned my addr 172.21.15.43:0/993300150 (peer_addr_for_me v2:172.21.15.43:0/0)
2024-09-11T08:25:20.914 INFO:teuthology.orchestra.run.smithi043.stdout:/usr/bin/ceph: stderr
2024-09-11T08:25:19.891+0000 7ff375df6640 1 -- 172.21.15.43:0/993300150 --> [v2:172.21.15.43:3300/0,v1:172.21.15.43:6789/0] -- mon_subscribe({config=0+,monmap=0+}) v3 -- 0x7ff370100bd0 con 0x7ff3701000b0
2024-09-11T08:25:20.914 INFO:teuthology.orchestra.run.smithi043.stdout:/usr/bin/ceph: stderr
2024-09-11T08:25:19.891+0000 7ff375df6640 1 --2- 172.21.15.43:0/993300150 >> [v2:172.21.15.43:3300/0,v1:172.21.15.43:6789/0] conn(0x7ff3701000b0 0x7ff3701004c0 secure :-1 s=READY pgs=39 cs=0 l=1 rev1=1 crypto rx=0x7ff36c00a9f0 tx=0x7ff36c00a360 comp rx=0 tx=0).ready entity=mon.0 client_cookie=eda77992e5a32367 server_cookie=0 in_seq=0 out_seq=0
2024-09-11T08:25:20.915 INFO:teuthology.orchestra.run.smithi043.stdout:/usr/bin/ceph: stderr
2024-09-11T08:25:19.892+0000 7ff374df4640 1 -- 172.21.15.43:0/993300150 <== mon.0 v2:172.21.15.43:3300/0 1 ==== mon_map magic: 0 v1 ==== 205+0+0 (secure 0 0 0) 0x7ff36c030510 con 0x7ff3701000b0
2024-09-11T08:25:20.915 INFO:teuthology.orchestra.run.smithi043.stdout:/usr/bin/ceph: stderr
2024-09-11T08:25:19.892+0000 7ff374df4640 1 -- 172.21.15.43:0/993300150 <== mon.0 v2:172.21.15.43:3300/0 2 ==== config(24 keys) v1 ==== 988+0+0 (secure 0 0 0) 0x7ff36c02e050 con 0x7ff3701000b0
2024-09-11T08:25:20.915 INFO:teuthology.orchestra.run.smithi043.stdout:/usr/bin/ceph: stderr
2024-09-11T08:25:19.892+0000 7ff374df4640 1 -- 172.21.15.43:0/993300150 <== mon.0 v2:172.21.15.43:3300/0 3 ==== mon_map magic: 0 v1 ==== 205+0+0 (secure 0 0 0) 0x7ff36c0328e0 con 0x7ff3701000b0
2024-09-11T08:25:20.915 INFO:teuthology.orchestra.run.smithi043.stdout:/usr/bin/ceph: stderr
2024-09-11T08:25:19.892+0000 7ff37805a640 1 -- 172.21.15.43:0/993300150 >> [v2:172.21.15.43:3300/0,v1:172.21.15.43:6789/0] conn(0x7ff3701000b0 msgr2=0x7ff3701004c0 secure :-1 s=STATE_CONNECTION_ESTABLISHED l=1).mark_down
2024-09-11T08:25:20.915 INFO:teuthology.orchestra.run.smithi043.stdout:/usr/bin/ceph: stderr
2024-09-11T08:25:19.892+0000 7ff37805a640 1 --2- 172.21.15.43:0/993300150 >> [v2:172.21.15.43:3300/0,v1:172.21.15.43:6789/0] conn(0x7ff3701000b0 0x7ff3701004c0 secure :-1 s=READY pgs=39 cs=0 l=1 rev1=1 crypto rx=0x7ff36c00a9f0 tx=0x7ff36c00a360 comp rx=0 tx=0).stop
2024-09-11T08:25:20.915 INFO:teuthology.orchestra.run.smithi043.stdout:/usr/bin/ceph: stderr
2024-09-11T08:25:19.892+0000 7ff37805a640 1 -- 172.21.15.43:0/993300150 shutdown_connections
2024-09-11T08:25:20.915 INFO:teuthology.orchestra.run.smithi043.stdout:/usr/bin/ceph: stderr
2024-09-11T08:25:19.892+0000 7ff37805a640 1 --2- 172.21.15.43:0/993300150 >> [v2:172.21.15.43:3300/0,v1:172.21.15.43:6789/0] conn(0x7ff3701000b0 0x7ff3701004c0 unknown :-1 s=CLOSED pgs=39 cs=0 l=1 rev1=1 crypto rx=0 tx=0 comp rx=0 tx=0).stop
2024-09-11T08:25:20.915 INFO:teuthology.orchestra.run.smithi043.stdout:/usr/bin/ceph: stderr
2024-09-11T08:25:19.892+0000 7ff37805a640 1 -- 172.21.15.43:0/993300150 >> 172.21.15.43:0/993300150 conn(0x7ff3700f9fa0 msgr2=0x7ff3700fc3b0 unknown :-1 s=STATE_NONE l=0).mark_down
2024-09-11T08:25:20.915 INFO:teuthology.orchestra.run.smithi043.stdout:/usr/bin/ceph: stderr
2024-09-11T08:25:19.892+0000 7ff37805a640 1 -- 172.21.15.43:0/993300150 shutdown_connections
2024-09-11T08:25:20.915 INFO:teuthology.orchestra.run.smithi043.stdout:/usr/bin/ceph: stderr
2024-09-11T08:25:19.892+0000 7ff37805a640 1 -- 172.21.15.43:0/993300150 wait complete.
2024-09-11T08:25:20.915 INFO:teuthology.orchestra.run.smithi043.stdout:/usr/bin/ceph: stderr
2024-09-11T08:25:19.893+0000 7ff37805a640 1 Processor -- start
2024-09-11T08:25:20.915 INFO:teuthology.orchestra.run.smithi043.stdout:/usr/bin/ceph: stderr
2024-09-11T08:25:19.893+0000 7ff37805a640 1 -- start start
2024-09-11T08:25:20.915 INFO:teuthology.orchestra.run.smithi043.stdout:/usr/bin/ceph: stderr
2024-09-11T08:25:19.893+0000 7ff37805a640 1 --2- >> [v2:172.21.15.43:3300/0,v1:172.21.15.43:6789/0] conn(0x7ff3701000b0 0x7ff37010f290 unknown :-1 s=NONE pgs=0 cs=0 l=1 rev1=0 crypto rx=0 tx=0 comp rx=0 tx=0).connect
2024-09-11T08:25:20.915 INFO:teuthology.orchestra.run.smithi043.stdout:/usr/bin/ceph: stderr
2024-09-11T08:25:19.893+0000 7ff37805a640 1 -- --> [v2:172.21.15.43:3300/0,v1:172.21.15.43:6789/0] -- mon_getmap magic: 0 v1 -- 0x7ff37010f7d0 con 0x7ff3701000b0
2024-09-11T08:25:20.915 INFO:teuthology.orchestra.run.smithi043.stdout:/usr/bin/ceph: stderr
2024-09-11T08:25:19.894+0000 7ff375df6640 1 --2- >> [v2:172.21.15.43:3300/0,v1:172.21.15.43:6789/0] conn(0x7ff3701000b0 0x7ff37010f290 unknown :-1 s=BANNER_CONNECTING pgs=0 cs=0 l=1 rev1=0 crypto rx=0 tx=0 comp rx=0 tx=0)._handle_peer_banner_payload supported=3 required=0
2024-09-11T08:25:20.916 INFO:teuthology.orchestra.run.smithi043.stdout:/usr/bin/ceph: stderr
2024-09-11T08:25:19.894+0000 7ff375df6640 1 --2- >> [v2:172.21.15.43:3300/0,v1:172.21.15.43:6789/0] conn(0x7ff3701000b0 0x7ff37010f290 unknown :-1 s=HELLO_CONNECTING pgs=0 cs=0 l=1 rev1=1 crypto rx=0 tx=0 comp rx=0 tx=0).handle_hello peer v2:172.21.15.43:3300/0 says I am v2:172.21.15.43:36444/0 (socket says 172.21.15.43:36444)
2024-09-11T08:25:20.916 INFO:teuthology.orchestra.run.smithi043.stdout:/usr/bin/ceph: stderr
2024-09-11T08:25:19.894+0000 7ff375df6640 1 -- 172.21.15.43:0/164662467 learned_addr learned my addr 172.21.15.43:0/164662467 (peer_addr_for_me v2:172.21.15.43:0/0)
2024-09-11T08:25:20.916 INFO:teuthology.orchestra.run.smithi043.stdout:/usr/bin/ceph: stderr
2024-09-11T08:25:19.894+0000 7ff375df6640 1 -- 172.21.15.43:0/164662467 --> [v2:172.21.15.43:3300/0,v1:172.21.15.43:6789/0] -- mon_subscribe({config=0+,monmap=0+}) v3 -- 0x7ff36c00a600 con 0x7ff3701000b0
2024-09-11T08:25:20.916 INFO:teuthology.orchestra.run.smithi043.stdout:/usr/bin/ceph: stderr
2024-09-11T08:25:19.894+0000 7ff375df6640 1 --2- 172.21.15.43:0/164662467 >> [v2:172.21.15.43:3300/0,v1:172.21.15.43:6789/0] conn(0x7ff3701000b0 0x7ff37010f290 secure :-1 s=READY pgs=40 cs=0 l=1 rev1=1 crypto rx=0x7ff36c032620 tx=0x7ff36c00a360 comp rx=0 tx=0).ready entity=mon.0 client_cookie=0 server_cookie=0 in_seq=0 out_seq=0
2024-09-11T08:25:20.916 INFO:teuthology.orchestra.run.smithi043.stdout:/usr/bin/ceph: stderr
2024-09-11T08:25:19.894+0000 7ff3667fc640 1 -- 172.21.15.43:0/164662467 <== mon.0 v2:172.21.15.43:3300/0 1 ==== mon_map magic: 0 v1 ==== 205+0+0 (secure 0 0 0) 0x7ff36c03b430 con 0x7ff3701000b0
2024-09-11T08:25:20.916 INFO:teuthology.orchestra.run.smithi043.stdout:/usr/bin/ceph: stderr
2024-09-11T08:25:19.894+0000 7ff3667fc640 1 -- 172.21.15.43:0/164662467 <== mon.0 v2:172.21.15.43:3300/0 2 ==== config(24 keys) v1 ==== 988+0+0 (secure 0 0 0) 0x7ff36c03b9e0 con 0x7ff3701000b0
2024-09-11T08:25:20.916 INFO:teuthology.orchestra.run.smithi043.stdout:/usr/bin/ceph: stderr
2024-09-11T08:25:19.894+0000 7ff37805a640 1 -- 172.21.15.43:0/164662467 --> [v2:172.21.15.43:3300/0,v1:172.21.15.43:6789/0] -- mon_subscribe({mgrmap=0+}) v3 -- 0x7ff37010f9d0 con 0x7ff3701000b0
2024-09-11T08:25:20.916 INFO:teuthology.orchestra.run.smithi043.stdout:/usr/bin/ceph: stderr
2024-09-11T08:25:19.894+0000 7ff3667fc640 1 -- 172.21.15.43:0/164662467 <== mon.0 v2:172.21.15.43:3300/0 3 ==== mon_map magic: 0 v1 ==== 205+0+0 (secure 0 0 0) 0x7ff36c03a4d0 con 0x7ff3701000b0
2024-09-11T08:25:20.916 INFO:teuthology.orchestra.run.smithi043.stdout:/usr/bin/ceph: stderr
2024-09-11T08:25:19.894+0000 7ff37805a640 1 -- 172.21.15.43:0/164662467 --> [v2:172.21.15.43:3300/0,v1:172.21.15.43:6789/0] -- mon_subscribe({osdmap=0}) v3 -- 0x7ff37010fe40 con 0x7ff3701000b0
2024-09-11T08:25:20.916 INFO:teuthology.orchestra.run.smithi043.stdout:/usr/bin/ceph: stderr
2024-09-11T08:25:19.895+0000 7ff3667fc640 1 -- 172.21.15.43:0/164662467 <== mon.0 v2:172.21.15.43:3300/0 4 ==== mgrmap(e 8) v1 ==== 45457+0+0 (secure 0 0 0) 0x7ff36c03a630 con 0x7ff3701000b0
2024-09-11T08:25:20.916 INFO:teuthology.orchestra.run.smithi043.stdout:/usr/bin/ceph: stderr
2024-09-11T08:25:19.895+0000 7ff3667fc640 1 --2- 172.21.15.43:0/164662467 >> v2:172.21.15.43:6800/225101565 conn(0x7ff35c039470 0x7ff35c03b920 unknown :-1 s=NONE pgs=0 cs=0 l=1 rev1=0 crypto rx=0 tx=0 comp rx=0 tx=0).connect
2024-09-11T08:25:20.916 INFO:teuthology.orchestra.run.smithi043.stdout:/usr/bin/ceph: stderr
2024-09-11T08:25:19.895+0000 7ff3667fc640 1 -- 172.21.15.43:0/164662467 <== mon.0 v2:172.21.15.43:3300/0 5 ==== osd_map(2..2 src has 1..2) v4 ==== 893+0+0 (secure 0 0 0) 0x7ff36c06dbb0 con 0x7ff3701000b0
2024-09-11T08:25:20.916 INFO:teuthology.orchestra.run.smithi043.stdout:/usr/bin/ceph: stderr
2024-09-11T08:25:19.896+0000 7ff3755f5640 1 --2- 172.21.15.43:0/164662467 >> v2:172.21.15.43:6800/225101565 conn(0x7ff35c039470 0x7ff35c03b920 unknown :-1 s=BANNER_CONNECTING pgs=0 cs=0 l=1 rev1=0 crypto rx=0 tx=0 comp rx=0 tx=0)._handle_peer_banner_payload supported=3 required=0
2024-09-11T08:25:20.916 INFO:teuthology.orchestra.run.smithi043.stdout:/usr/bin/ceph: stderr
2024-09-11T08:25:19.896+0000 7ff37805a640 1 -- 172.21.15.43:0/164662467 --> [v2:172.21.15.43:3300/0,v1:172.21.15.43:6789/0] -- mon_command({"prefix": "get_command_descriptions"} v 0) v1 -- 0x7ff37005ed70 con 0x7ff3701000b0
2024-09-11T08:25:20.917 INFO:teuthology.orchestra.run.smithi043.stdout:/usr/bin/ceph: stderr
2024-09-11T08:25:19.896+0000 7ff3755f5640 1 --2- 172.21.15.43:0/164662467 >> v2:172.21.15.43:6800/225101565 conn(0x7ff35c039470 0x7ff35c03b920 secure :-1 s=READY pgs=9 cs=0 l=1 rev1=1 crypto rx=0x7ff360006fd0 tx=0x7ff360006db0 comp rx=0 tx=0).ready entity=mgr.14118 client_cookie=0 server_cookie=0 in_seq=0 out_seq=0
2024-09-11T08:25:20.917 INFO:teuthology.orchestra.run.smithi043.stdout:/usr/bin/ceph: stderr
2024-09-11T08:25:19.900+0000 7ff3667fc640 1 -- 172.21.15.43:0/164662467 <== mon.0 v2:172.21.15.43:3300/0 6 ==== mon_command_ack([{"prefix": "get_command_descriptions"}]=0 v0) v1 ==== 72+0+176781 (secure 0 0 0) 0x7ff36c039ad0 con 0x7ff3701000b0
2024-09-11T08:25:20.917 INFO:teuthology.orchestra.run.smithi043.stdout:/usr/bin/ceph: stderr
2024-09-11T08:25:20.065+0000 7ff37805a640 1 -- 172.21.15.43:0/164662467 --> v2:172.21.15.43:6800/225101565 -- mgr_command(tid 0: {"prefix": "cephadm generate-key", "target": ["mon-mgr", ""]}) v1 -- 0x7ff3700008d0 con 0x7ff35c039470
2024-09-11T08:25:20.917 INFO:teuthology.orchestra.run.smithi043.stdout:/usr/bin/ceph: stderr
2024-09-11T08:25:20.326+0000 7ff3667fc640 1 -- 172.21.15.43:0/164662467 <== mgr.14118 v2:172.21.15.43:6800/225101565 1 ==== mgr_command_reply(tid 0: 0 ) v1 ==== 8+0+0 (secure 0 0 0) 0x7ff3700008d0 con 0x7ff35c039470
2024-09-11T08:25:20.917 INFO:teuthology.orchestra.run.smithi043.stdout:/usr/bin/ceph: stderr
2024-09-11T08:25:20.328+0000 7ff37805a640 1 -- 172.21.15.43:0/164662467 >> v2:172.21.15.43:6800/225101565 conn(0x7ff35c039470 msgr2=0x7ff35c03b920 secure :-1 s=STATE_CONNECTION_ESTABLISHED l=1).mark_down
2024-09-11T08:25:20.917 INFO:teuthology.orchestra.run.smithi043.stdout:/usr/bin/ceph: stderr
2024-09-11T08:25:20.328+0000 7ff37805a640 1 --2- 172.21.15.43:0/164662467 >> v2:172.21.15.43:6800/225101565 conn(0x7ff35c039470 0x7ff35c03b920 secure :-1 s=READY pgs=9 cs=0 l=1 rev1=1 crypto rx=0x7ff360006fd0 tx=0x7ff360006db0 comp rx=0 tx=0).stop
2024-09-11T08:25:20.917 INFO:teuthology.orchestra.run.smithi043.stdout:/usr/bin/ceph: stderr
2024-09-11T08:25:20.328+0000 7ff37805a640 1 -- 172.21.15.43:0/164662467 >> [v2:172.21.15.43:3300/0,v1:172.21.15.43:6789/0] conn(0x7ff3701000b0 msgr2=0x7ff37010f290 secure :-1 s=STATE_CONNECTION_ESTABLISHED l=1).mark_down
2024-09-11T08:25:20.917 INFO:teuthology.orchestra.run.smithi043.stdout:/usr/bin/ceph: stderr
2024-09-11T08:25:20.328+0000 7ff37805a640 1 --2- 172.21.15.43:0/164662467 >> [v2:172.21.15.43:3300/0,v1:172.21.15.43:6789/0] conn(0x7ff3701000b0 0x7ff37010f290 secure :-1 s=READY pgs=40 cs=0 l=1 rev1=1 crypto rx=0x7ff36c032620 tx=0x7ff36c00a360 comp rx=0 tx=0).stop
2024-09-11T08:25:20.917 INFO:teuthology.orchestra.run.smithi043.stdout:/usr/bin/ceph: stderr
2024-09-11T08:25:20.328+0000 7ff37805a640 1 -- 172.21.15.43:0/164662467 shutdown_connections
2024-09-11T08:25:20.917 INFO:teuthology.orchestra.run.smithi043.stdout:/usr/bin/ceph: stderr
2024-09-11T08:25:20.328+0000 7ff37805a640 1 --2- 172.21.15.43:0/164662467 >> v2:172.21.15.43:6800/225101565 conn(0x7ff35c039470 0x7ff35c03b920 unknown :-1 s=CLOSED pgs=9 cs=0 l=1 rev1=1 crypto rx=0 tx=0 comp rx=0 tx=0).stop
2024-09-11T08:25:20.917 INFO:teuthology.orchestra.run.smithi043.stdout:/usr/bin/ceph: stderr
2024-09-11T08:25:20.328+0000 7ff37805a640 1 --2- 172.21.15.43:0/164662467 >> [v2:172.21.15.43:3300/0,v1:172.21.15.43:6789/0] conn(0x7ff3701000b0 0x7ff37010f290 unknown :-1 s=CLOSED pgs=40 cs=0 l=1 rev1=1 crypto rx=0 tx=0 comp rx=0 tx=0).stop
2024-09-11T08:25:20.917 INFO:teuthology.orchestra.run.smithi043.stdout:/usr/bin/ceph: stderr
2024-09-11T08:25:20.328+0000 7ff37805a640 1 -- 172.21.15.43:0/164662467 >> 172.21.15.43:0/164662467 conn(0x7ff3700f9fa0 msgr2=0x7ff370103940 unknown :-1 s=STATE_NONE l=0).mark_down
2024-09-11T08:25:20.918 INFO:teuthology.orchestra.run.smithi043.stdout:/usr/bin/ceph: stderr
2024-09-11T08:25:20.328+0000 7ff37805a640 1 -- 172.21.15.43:0/164662467 shutdown_connections
2024-09-11T08:25:20.918 INFO:teuthology.orchestra.run.smithi043.stdout:/usr/bin/ceph: stderr
2024-09-11T08:25:20.328+0000 7ff37805a640 1 -- 172.21.15.43:0/164662467 wait complete.
2024-09-11T08:25:21.568 INFO:journalctl@ceph.mon.a.smithi043.stdout:Sep 11 08:25:21 smithi043 ceph-mon[29355]: from='client.14134 -' entity='client.admin' cmd=[{"prefix": "cephadm generate-key", "target": ["mon-mgr", ""]}]: dispatch
2024-09-11T08:25:21.568 INFO:journalctl@ceph.mon.a.smithi043.stdout:Sep 11 08:25:21 smithi043 ceph-mon[29355]: Generating ssh key...
2024-09-11T08:25:21.568 INFO:journalctl@ceph.mon.a.smithi043.stdout:Sep 11 08:25:21 smithi043 ceph-mon[29355]: from='mgr.14118 172.21.15.43:0/3176390738' entity='mgr.y'
2024-09-11T08:25:21.568 INFO:journalctl@ceph.mon.a.smithi043.stdout:Sep 11 08:25:21 smithi043 ceph-mon[29355]: from='mgr.14118 172.21.15.43:0/3176390738' entity='mgr.y'
2024-09-11T08:25:22.121 INFO:teuthology.orchestra.run.smithi043.stdout:/usr/bin/ceph: stdout ssh-rsa AAAAB3NzaC1yc2EAAAADAQABAAABgQC52znb6C5Dyya2KXz/qcQiTztSIK7rrdWaIDAqiKqNukZ4xG6UPMGKq6TPON4YGQJNr9D2/T3ukTsLyZvDtU5FQ851DILdgDFC+hD6E/R/cGQqAt/WNiHd5VIDACu7jQJjnOtQAqYSCkcPGlI8nCh9MW/Nc465XweufMRRvZnmwvYbSYiu/3bfX9Czof5RnGmlINSE9rdqNwy9Jt5YwKdfMFYGtToEYzRBguLaVGThw4sGnOKeNCRZQ8wmwqmuS6pnaMcrveOb9wgB8HbwX8RoadGaRtFogU0YV9l7aUKb57ZjJwzoJCZIyrQ8CR+eyIJXmHTWD48AqFFl8MYYa6GDZHp7UzOvrWOdH9ld9HWLm0aXgtMeD853LgQwcm5SAZTAKLNBk5xHm4ALKnkXp/MXOaaqBv+K+W3CN4WnF0DtkoYXmdwfK73/UpiMyelBZO4WFIHgoHXLqq/Fy/GOvzA6OYnHgLYqSLGBLwncP5Z5H7ETQmBX0kLu7yMWXOIMCts= ceph-327ee848-7017-11ef-bcea-c7b262605968
2024-09-11T08:25:22.121 INFO:teuthology.orchestra.run.smithi043.stdout:/usr/bin/ceph: stderr
2024-09-11T08:25:21.387+0000 7ff64ec36640 1 Processor -- start
2024-09-11T08:25:22.121 INFO:teuthology.orchestra.run.smithi043.stdout:/usr/bin/ceph: stderr
2024-09-11T08:25:21.387+0000 7ff64ec36640 1 -- start start
2024-09-11T08:25:22.121 INFO:teuthology.orchestra.run.smithi043.stdout:/usr/bin/ceph: stderr
2024-09-11T08:25:21.388+0000 7ff64ec36640 1 --2- >> [v2:172.21.15.43:3300/0,v1:172.21.15.43:6789/0] conn(0x7ff6481006c0 0x7ff648100ad0 unknown :-1 s=NONE pgs=0 cs=0 l=0 rev1=0 crypto rx=0 tx=0 comp rx=0 tx=0).connect
2024-09-11T08:25:22.121 INFO:teuthology.orchestra.run.smithi043.stdout:/usr/bin/ceph: stderr
2024-09-11T08:25:21.388+0000 7ff64ec36640 1 -- --> [v2:172.21.15.43:3300/0,v1:172.21.15.43:6789/0] -- mon_getmap magic: 0 v1 -- 0x7ff648101010 con 0x7ff6481006c0
2024-09-11T08:25:22.121 INFO:teuthology.orchestra.run.smithi043.stdout:/usr/bin/ceph: stderr
2024-09-11T08:25:21.388+0000 7ff64c9d2640 1 --2- >> [v2:172.21.15.43:3300/0,v1:172.21.15.43:6789/0] conn(0x7ff6481006c0 0x7ff648100ad0 unknown :-1 s=BANNER_CONNECTING pgs=0 cs=0 l=0 rev1=0 crypto rx=0 tx=0 comp rx=0 tx=0)._handle_peer_banner_payload supported=3 required=0
2024-09-11T08:25:22.121 INFO:teuthology.orchestra.run.smithi043.stdout:/usr/bin/ceph: stderr
2024-09-11T08:25:21.388+0000 7ff64c9d2640 1 --2- >> [v2:172.21.15.43:3300/0,v1:172.21.15.43:6789/0] conn(0x7ff6481006c0 0x7ff648100ad0 unknown :-1 s=HELLO_CONNECTING pgs=0 cs=0 l=0 rev1=1 crypto rx=0 tx=0 comp rx=0 tx=0).handle_hello peer v2:172.21.15.43:3300/0 says I am v2:172.21.15.43:36454/0 (socket says 172.21.15.43:36454)
2024-09-11T08:25:22.121 INFO:teuthology.orchestra.run.smithi043.stdout:/usr/bin/ceph: stderr
2024-09-11T08:25:21.388+0000 7ff64c9d2640 1 -- 172.21.15.43:0/101046634 learned_addr learned my addr 172.21.15.43:0/101046634 (peer_addr_for_me v2:172.21.15.43:0/0)
2024-09-11T08:25:22.121 INFO:teuthology.orchestra.run.smithi043.stdout:/usr/bin/ceph: stderr
2024-09-11T08:25:21.388+0000 7ff64c9d2640 1 -- 172.21.15.43:0/101046634 --> [v2:172.21.15.43:3300/0,v1:172.21.15.43:6789/0] -- mon_subscribe({config=0+,monmap=0+}) v3 -- 0x7ff648101150 con 0x7ff6481006c0
2024-09-11T08:25:22.121 INFO:teuthology.orchestra.run.smithi043.stdout:/usr/bin/ceph: stderr
2024-09-11T08:25:21.389+0000 7ff64c9d2640 1 --2- 172.21.15.43:0/101046634 >> [v2:172.21.15.43:3300/0,v1:172.21.15.43:6789/0] conn(0x7ff6481006c0 0x7ff648100ad0 secure :-1 s=READY pgs=41 cs=0 l=1 rev1=1 crypto rx=0x7ff640009840 tx=0x7ff6400091d0 comp rx=0 tx=0).ready entity=mon.0 client_cookie=10b87d0d3d526135 server_cookie=0 in_seq=0 out_seq=0
2024-09-11T08:25:22.122 INFO:teuthology.orchestra.run.smithi043.stdout:/usr/bin/ceph: stderr
2024-09-11T08:25:21.389+0000 7ff6477fe640 1 -- 172.21.15.43:0/101046634 <== mon.0 v2:172.21.15.43:3300/0 1 ==== mon_map magic: 0 v1 ==== 205+0+0 (secure 0 0 0) 0x7ff64002ae60 con 0x7ff6481006c0
2024-09-11T08:25:22.122 INFO:teuthology.orchestra.run.smithi043.stdout:/usr/bin/ceph: stderr
2024-09-11T08:25:21.389+0000 7ff6477fe640 1 -- 172.21.15.43:0/101046634 <== mon.0 v2:172.21.15.43:3300/0 2 ==== config(24 keys) v1 ==== 988+0+0 (secure 0 0 0) 0x7ff640032890 con 0x7ff6481006c0
2024-09-11T08:25:22.122 INFO:teuthology.orchestra.run.smithi043.stdout:/usr/bin/ceph: stderr
2024-09-11T08:25:21.389+0000 7ff6477fe640 1 -- 172.21.15.43:0/101046634 <== mon.0 v2:172.21.15.43:3300/0 3 ==== mon_map magic: 0 v1 ==== 205+0+0 (secure 0 0 0) 0x7ff6400317a0 con 0x7ff6481006c0
2024-09-11T08:25:22.122 INFO:teuthology.orchestra.run.smithi043.stdout:/usr/bin/ceph: stderr
2024-09-11T08:25:21.389+0000 7ff64ec36640 1 -- 172.21.15.43:0/101046634 >> [v2:172.21.15.43:3300/0,v1:172.21.15.43:6789/0] conn(0x7ff6481006c0 msgr2=0x7ff648100ad0 secure :-1 s=STATE_CONNECTION_ESTABLISHED l=1).mark_down
2024-09-11T08:25:22.122 INFO:teuthology.orchestra.run.smithi043.stdout:/usr/bin/ceph: stderr
2024-09-11T08:25:21.389+0000 7ff64ec36640 1 --2- 172.21.15.43:0/101046634 >> [v2:172.21.15.43:3300/0,v1:172.21.15.43:6789/0] conn(0x7ff6481006c0 0x7ff648100ad0 secure :-1 s=READY pgs=41 cs=0 l=1 rev1=1 crypto rx=0x7ff640009840 tx=0x7ff6400091d0 comp rx=0 tx=0).stop
2024-09-11T08:25:22.122 INFO:teuthology.orchestra.run.smithi043.stdout:/usr/bin/ceph: stderr
2024-09-11T08:25:21.390+0000 7ff64ec36640 1 -- 172.21.15.43:0/101046634 shutdown_connections
2024-09-11T08:25:22.122 INFO:teuthology.orchestra.run.smithi043.stdout:/usr/bin/ceph: stderr
2024-09-11T08:25:21.390+0000 7ff64ec36640 1 --2- 172.21.15.43:0/101046634 >> [v2:172.21.15.43:3300/0,v1:172.21.15.43:6789/0] conn(0x7ff6481006c0 0x7ff648100ad0 unknown :-1 s=CLOSED pgs=41 cs=0 l=1 rev1=1 crypto rx=0 tx=0 comp rx=0 tx=0).stop
2024-09-11T08:25:22.122 INFO:teuthology.orchestra.run.smithi043.stdout:/usr/bin/ceph: stderr
2024-09-11T08:25:21.390+0000 7ff64ec36640 1 -- 172.21.15.43:0/101046634 >> 172.21.15.43:0/101046634 conn(0x7ff6480fbea0 msgr2=0x7ff6480fe2b0 unknown :-1 s=STATE_NONE l=0).mark_down
2024-09-11T08:25:22.122 INFO:teuthology.orchestra.run.smithi043.stdout:/usr/bin/ceph: stderr
2024-09-11T08:25:21.390+0000 7ff64ec36640 1 -- 172.21.15.43:0/101046634 shutdown_connections
2024-09-11T08:25:22.122 INFO:teuthology.orchestra.run.smithi043.stdout:/usr/bin/ceph: stderr
2024-09-11T08:25:21.390+0000 7ff64ec36640 1 -- 172.21.15.43:0/101046634 wait complete.
2024-09-11T08:25:22.122 INFO:teuthology.orchestra.run.smithi043.stdout:/usr/bin/ceph: stderr
2024-09-11T08:25:21.390+0000 7ff64ec36640 1 Processor -- start
2024-09-11T08:25:22.122 INFO:teuthology.orchestra.run.smithi043.stdout:/usr/bin/ceph: stderr
2024-09-11T08:25:21.390+0000 7ff64ec36640 1 -- start start
2024-09-11T08:25:22.122 INFO:teuthology.orchestra.run.smithi043.stdout:/usr/bin/ceph: stderr
2024-09-11T08:25:21.391+0000 7ff64ec36640 1 --2- >> [v2:172.21.15.43:3300/0,v1:172.21.15.43:6789/0] conn(0x7ff6481006c0 0x7ff64810f290 unknown :-1 s=NONE pgs=0 cs=0 l=1 rev1=0 crypto rx=0 tx=0 comp rx=0 tx=0).connect
2024-09-11T08:25:22.123 INFO:teuthology.orchestra.run.smithi043.stdout:/usr/bin/ceph: stderr
2024-09-11T08:25:21.391+0000 7ff64ec36640 1 -- --> [v2:172.21.15.43:3300/0,v1:172.21.15.43:6789/0] -- mon_getmap magic: 0 v1 -- 0x7ff64810f7d0 con 0x7ff6481006c0
2024-09-11T08:25:22.123 INFO:teuthology.orchestra.run.smithi043.stdout:/usr/bin/ceph: stderr
2024-09-11T08:25:21.391+0000 7ff64c9d2640 1 --2- >> [v2:172.21.15.43:3300/0,v1:172.21.15.43:6789/0] conn(0x7ff6481006c0 0x7ff64810f290 unknown :-1 s=BANNER_CONNECTING pgs=0 cs=0 l=1 rev1=0 crypto rx=0 tx=0 comp rx=0 tx=0)._handle_peer_banner_payload supported=3 required=0
2024-09-11T08:25:22.123 INFO:teuthology.orchestra.run.smithi043.stdout:/usr/bin/ceph: stderr
2024-09-11T08:25:21.391+0000 7ff64c9d2640 1 --2- >> [v2:172.21.15.43:3300/0,v1:172.21.15.43:6789/0] conn(0x7ff6481006c0 0x7ff64810f290 unknown :-1 s=HELLO_CONNECTING pgs=0 cs=0 l=1 rev1=1 crypto rx=0 tx=0 comp rx=0 tx=0).handle_hello peer v2:172.21.15.43:3300/0 says I am v2:172.21.15.43:36460/0 (socket says 172.21.15.43:36460)
2024-09-11T08:25:22.123 INFO:teuthology.orchestra.run.smithi043.stdout:/usr/bin/ceph: stderr
2024-09-11T08:25:21.391+0000 7ff64c9d2640 1 -- 172.21.15.43:0/1470356881 learned_addr learned my addr 172.21.15.43:0/1470356881 (peer_addr_for_me v2:172.21.15.43:0/0)
2024-09-11T08:25:22.123 INFO:teuthology.orchestra.run.smithi043.stdout:/usr/bin/ceph: stderr
2024-09-11T08:25:21.391+0000 7ff64c9d2640 1 -- 172.21.15.43:0/1470356881 --> [v2:172.21.15.43:3300/0,v1:172.21.15.43:6789/0] -- mon_subscribe({config=0+,monmap=0+}) v3 -- 0x7ff640009450 con 0x7ff6481006c0
2024-09-11T08:25:22.123 INFO:teuthology.orchestra.run.smithi043.stdout:/usr/bin/ceph: stderr
2024-09-11T08:25:21.391+0000 7ff64c9d2640 1 --2- 172.21.15.43:0/1470356881 >> [v2:172.21.15.43:3300/0,v1:172.21.15.43:6789/0] conn(0x7ff6481006c0 0x7ff64810f290 secure :-1 s=READY pgs=42 cs=0 l=1 rev1=1 crypto rx=0x7ff6400313e0 tx=0x7ff6400091d0 comp rx=0 tx=0).ready entity=mon.0 client_cookie=0 server_cookie=0 in_seq=0 out_seq=0
2024-09-11T08:25:22.123 INFO:teuthology.orchestra.run.smithi043.stdout:/usr/bin/ceph: stderr
2024-09-11T08:25:21.391+0000 7ff6457fa640 1 -- 172.21.15.43:0/1470356881 <== mon.0 v2:172.21.15.43:3300/0 1 ==== mon_map magic: 0 v1 ==== 205+0+0 (secure 0 0 0) 0x7ff640031c20 con 0x7ff6481006c0
2024-09-11T08:25:22.123 INFO:teuthology.orchestra.run.smithi043.stdout:/usr/bin/ceph: stderr
2024-09-11T08:25:21.391+0000 7ff6457fa640 1 -- 172.21.15.43:0/1470356881 <== mon.0 v2:172.21.15.43:3300/0 2 ==== config(24 keys) v1 ==== 988+0+0 (secure 0 0 0) 0x7ff640031d80 con 0x7ff6481006c0
2024-09-11T08:25:22.123 INFO:teuthology.orchestra.run.smithi043.stdout:/usr/bin/ceph: stderr
2024-09-11T08:25:21.391+0000 7ff64ec36640 1 -- 172.21.15.43:0/1470356881 --> [v2:172.21.15.43:3300/0,v1:172.21.15.43:6789/0] -- mon_subscribe({mgrmap=0+}) v3 -- 0x7ff64810f9d0 con 0x7ff6481006c0
2024-09-11T08:25:22.123 INFO:teuthology.orchestra.run.smithi043.stdout:/usr/bin/ceph: stderr
2024-09-11T08:25:21.391+0000 7ff6457fa640 1 -- 172.21.15.43:0/1470356881 <== mon.0 v2:172.21.15.43:3300/0 3 ==== mon_map magic: 0 v1 ==== 205+0+0 (secure 0 0 0) 0x7ff64003a390 con 0x7ff6481006c0
2024-09-11T08:25:22.123 INFO:teuthology.orchestra.run.smithi043.stdout:/usr/bin/ceph: stderr
2024-09-11T08:25:21.391+0000 7ff64ec36640 1 -- 172.21.15.43:0/1470356881 --> [v2:172.21.15.43:3300/0,v1:172.21.15.43:6789/0] -- mon_subscribe({osdmap=0}) v3 -- 0x7ff64810fe40 con 0x7ff6481006c0
2024-09-11T08:25:22.123 INFO:teuthology.orchestra.run.smithi043.stdout:/usr/bin/ceph: stderr
2024-09-11T08:25:21.392+0000 7ff6457fa640 1 -- 172.21.15.43:0/1470356881 <== mon.0 v2:172.21.15.43:3300/0 4 ==== mgrmap(e 8) v1 ==== 45457+0+0 (secure 0 0 0) 0x7ff640039040 con 0x7ff6481006c0
2024-09-11T08:25:22.123 INFO:teuthology.orchestra.run.smithi043.stdout:/usr/bin/ceph: stderr
2024-09-11T08:25:21.392+0000 7ff6457fa640 1 --2- 172.21.15.43:0/1470356881 >> v2:172.21.15.43:6800/225101565 conn(0x7ff634039430 0x7ff63403b8e0 unknown :-1 s=NONE pgs=0 cs=0 l=1 rev1=0 crypto rx=0 tx=0 comp rx=0 tx=0).connect
2024-09-11T08:25:22.123 INFO:teuthology.orchestra.run.smithi043.stdout:/usr/bin/ceph: stderr
2024-09-11T08:25:21.392+0000 7ff6457fa640 1 -- 172.21.15.43:0/1470356881 <== mon.0 v2:172.21.15.43:3300/0 5 ==== osd_map(2..2 src has 1..2) v4 ==== 893+0+0 (secure 0 0 0) 0x7ff64006d180 con 0x7ff6481006c0
2024-09-11T08:25:22.124 INFO:teuthology.orchestra.run.smithi043.stdout:/usr/bin/ceph: stderr
2024-09-11T08:25:21.393+0000 7ff647fff640 1 --2- 172.21.15.43:0/1470356881 >> v2:172.21.15.43:6800/225101565 conn(0x7ff634039430 0x7ff63403b8e0 unknown :-1 s=BANNER_CONNECTING pgs=0 cs=0 l=1 rev1=0 crypto rx=0 tx=0 comp rx=0 tx=0)._handle_peer_banner_payload supported=3 required=0
2024-09-11T08:25:22.124 INFO:teuthology.orchestra.run.smithi043.stdout:/usr/bin/ceph: stderr
2024-09-11T08:25:21.393+0000 7ff64ec36640 1 -- 172.21.15.43:0/1470356881 --> [v2:172.21.15.43:3300/0,v1:172.21.15.43:6789/0] -- mon_command({"prefix": "get_command_descriptions"} v 0) v1 -- 0x7ff64805ed70 con 0x7ff6481006c0
2024-09-11T08:25:22.124 INFO:teuthology.orchestra.run.smithi043.stdout:/usr/bin/ceph: stderr
2024-09-11T08:25:21.393+0000 7ff647fff640 1 --2- 172.21.15.43:0/1470356881 >> v2:172.21.15.43:6800/225101565 conn(0x7ff634039430 0x7ff63403b8e0 secure :-1 s=READY pgs=10 cs=0 l=1 rev1=1 crypto rx=0x7ff63800ad90 tx=0x7ff638009410 comp rx=0 tx=0).ready entity=mgr.14118 client_cookie=0 server_cookie=0 in_seq=0 out_seq=0
2024-09-11T08:25:22.124 INFO:teuthology.orchestra.run.smithi043.stdout:/usr/bin/ceph: stderr
2024-09-11T08:25:21.397+0000 7ff6457fa640 1 -- 172.21.15.43:0/1470356881 <== mon.0 v2:172.21.15.43:3300/0 6 ==== mon_command_ack([{"prefix": "get_command_descriptions"}]=0 v0) v1 ==== 72+0+176781 (secure 0 0 0) 0x7ff64003f080 con 0x7ff6481006c0
2024-09-11T08:25:22.124 INFO:teuthology.orchestra.run.smithi043.stdout:/usr/bin/ceph: stderr
2024-09-11T08:25:21.566+0000 7ff64ec36640 1 -- 172.21.15.43:0/1470356881 --> v2:172.21.15.43:6800/225101565 -- mgr_command(tid 0: {"prefix": "cephadm get-pub-key", "target": ["mon-mgr", ""]}) v1 -- 0x7ff6481024a0 con 0x7ff634039430
2024-09-11T08:25:22.124 INFO:teuthology.orchestra.run.smithi043.stdout:/usr/bin/ceph: stderr
2024-09-11T08:25:21.567+0000 7ff6457fa640 1 -- 172.21.15.43:0/1470356881 <== mgr.14118 v2:172.21.15.43:6800/225101565 1 ==== mgr_command_reply(tid 0: 0 ) v1 ==== 8+0+595 (secure 0 0 0) 0x7ff6481024a0 con 0x7ff634039430
2024-09-11T08:25:22.124 INFO:teuthology.orchestra.run.smithi043.stdout:/usr/bin/ceph: stderr
2024-09-11T08:25:21.569+0000 7ff64ec36640 1 -- 172.21.15.43:0/1470356881 >> v2:172.21.15.43:6800/225101565 conn(0x7ff634039430 msgr2=0x7ff63403b8e0 secure :-1 s=STATE_CONNECTION_ESTABLISHED l=1).mark_down
2024-09-11T08:25:22.124 INFO:teuthology.orchestra.run.smithi043.stdout:/usr/bin/ceph: stderr
2024-09-11T08:25:21.569+0000 7ff64ec36640 1 --2- 172.21.15.43:0/1470356881 >> v2:172.21.15.43:6800/225101565 conn(0x7ff634039430 0x7ff63403b8e0 secure :-1 s=READY pgs=10 cs=0 l=1 rev1=1 crypto rx=0x7ff63800ad90 tx=0x7ff638009410 comp rx=0 tx=0).stop
2024-09-11T08:25:22.124 INFO:teuthology.orchestra.run.smithi043.stdout:/usr/bin/ceph: stderr
2024-09-11T08:25:21.569+0000 7ff64ec36640 1 -- 172.21.15.43:0/1470356881 >> [v2:172.21.15.43:3300/0,v1:172.21.15.43:6789/0] conn(0x7ff6481006c0 msgr2=0x7ff64810f290 secure :-1 s=STATE_CONNECTION_ESTABLISHED l=1).mark_down
2024-09-11T08:25:22.124 INFO:teuthology.orchestra.run.smithi043.stdout:/usr/bin/ceph: stderr
2024-09-11T08:25:21.569+0000 7ff64ec36640 1 --2- 172.21.15.43:0/1470356881 >> [v2:172.21.15.43:3300/0,v1:172.21.15.43:6789/0] conn(0x7ff6481006c0 0x7ff64810f290 secure :-1 s=READY pgs=42 cs=0 l=1 rev1=1 crypto rx=0x7ff6400313e0 tx=0x7ff6400091d0 comp rx=0 tx=0).stop
2024-09-11T08:25:22.124 INFO:teuthology.orchestra.run.smithi043.stdout:/usr/bin/ceph: stderr
2024-09-11T08:25:21.569+0000 7ff64ec36640 1 -- 172.21.15.43:0/1470356881 shutdown_connections
2024-09-11T08:25:22.124 INFO:teuthology.orchestra.run.smithi043.stdout:/usr/bin/ceph: stderr
2024-09-11T08:25:21.569+0000 7ff64ec36640 1 --2- 172.21.15.43:0/1470356881 >> v2:172.21.15.43:6800/225101565 conn(0x7ff634039430 0x7ff63403b8e0 unknown :-1 s=CLOSED pgs=10 cs=0 l=1 rev1=1 crypto rx=0 tx=0 comp rx=0 tx=0).stop
2024-09-11T08:25:22.125 INFO:teuthology.orchestra.run.smithi043.stdout:/usr/bin/ceph: stderr
2024-09-11T08:25:21.569+0000 7ff64ec36640 1 --2- 172.21.15.43:0/1470356881 >> [v2:172.21.15.43:3300/0,v1:172.21.15.43:6789/0] conn(0x7ff6481006c0 0x7ff64810f290 unknown :-1 s=CLOSED pgs=42 cs=0 l=1 rev1=1 crypto rx=0 tx=0 comp rx=0 tx=0).stop
2024-09-11T08:25:22.125 INFO:teuthology.orchestra.run.smithi043.stdout:/usr/bin/ceph: stderr
2024-09-11T08:25:21.569+0000 7ff64ec36640 1 -- 172.21.15.43:0/1470356881 >> 172.21.15.43:0/1470356881 conn(0x7ff6480fbea0 msgr2=0x7ff6480fc9f0 unknown :-1 s=STATE_NONE l=0).mark_down
2024-09-11T08:25:22.125 INFO:teuthology.orchestra.run.smithi043.stdout:/usr/bin/ceph: stderr
2024-09-11T08:25:21.569+0000 7ff64ec36640 1 -- 172.21.15.43:0/1470356881 shutdown_connections
2024-09-11T08:25:22.125 INFO:teuthology.orchestra.run.smithi043.stdout:/usr/bin/ceph: stderr
2024-09-11T08:25:21.569+0000 7ff64ec36640 1 -- 172.21.15.43:0/1470356881 wait complete.
2024-09-11T08:25:22.125 INFO:teuthology.orchestra.run.smithi043.stdout:Wrote public SSH key to /home/ubuntu/cephtest/ceph.pub
2024-09-11T08:25:22.125 INFO:teuthology.orchestra.run.smithi043.stdout:Adding key to root@localhost authorized_keys...
2024-09-11T08:25:22.127 INFO:teuthology.orchestra.run.smithi043.stdout:Adding host smithi043...
2024-09-11T08:25:22.382 INFO:journalctl@ceph.mon.a.smithi043.stdout:Sep 11 08:25:22 smithi043 ceph-mon[29355]: from='client.14136 -' entity='client.admin' cmd=[{"prefix": "cephadm get-pub-key", "target": ["mon-mgr", ""]}]: dispatch
2024-09-11T08:25:23.644 INFO:journalctl@ceph.mon.a.smithi043.stdout:Sep 11 08:25:23 smithi043 ceph-mon[29355]: from='client.14138 -' entity='client.admin' cmd=[{"prefix": "orch host add", "hostname": "smithi043", "addr": "172.21.15.43", "target": ["mon-mgr", ""]}]: dispatch
2024-09-11T08:25:24.394 INFO:journalctl@ceph.mon.a.smithi043.stdout:Sep 11 08:25:24 smithi043 ceph-mon[29355]: Deploying cephadm binary to smithi043
2024-09-11T08:25:26.788 INFO:teuthology.orchestra.run.smithi043.stdout:/usr/bin/ceph: stdout Added host 'smithi043' with addr '172.21.15.43'
2024-09-11T08:25:26.788 INFO:teuthology.orchestra.run.smithi043.stdout:/usr/bin/ceph: stderr
2024-09-11T08:25:22.618+0000 7f9d49e4c640 1 Processor -- start
2024-09-11T08:25:26.788 INFO:teuthology.orchestra.run.smithi043.stdout:/usr/bin/ceph: stderr
2024-09-11T08:25:22.618+0000 7f9d49e4c640 1 -- start start
2024-09-11T08:25:26.788 INFO:teuthology.orchestra.run.smithi043.stdout:/usr/bin/ceph: stderr
2024-09-11T08:25:22.618+0000 7f9d49e4c640 1 --2- >> [v2:172.21.15.43:3300/0,v1:172.21.15.43:6789/0] conn(0x7f9d441005b0 0x7f9d441009c0 unknown :-1 s=NONE pgs=0 cs=0 l=0 rev1=0 crypto rx=0 tx=0 comp rx=0 tx=0).connect
2024-09-11T08:25:26.788 INFO:teuthology.orchestra.run.smithi043.stdout:/usr/bin/ceph: stderr
2024-09-11T08:25:22.618+0000 7f9d49e4c640 1 -- --> [v2:172.21.15.43:3300/0,v1:172.21.15.43:6789/0] -- mon_getmap magic: 0 v1 -- 0x7f9d44100f00 con 0x7f9d441005b0
2024-09-11T08:25:26.788 INFO:teuthology.orchestra.run.smithi043.stdout:/usr/bin/ceph: stderr
2024-09-11T08:25:22.618+0000 7f9d437fe640 1 --2- >> [v2:172.21.15.43:3300/0,v1:172.21.15.43:6789/0] conn(0x7f9d441005b0 0x7f9d441009c0 unknown :-1 s=BANNER_CONNECTING pgs=0 cs=0 l=0 rev1=0 crypto rx=0 tx=0 comp rx=0 tx=0)._handle_peer_banner_payload supported=3 required=0
2024-09-11T08:25:26.788 INFO:teuthology.orchestra.run.smithi043.stdout:/usr/bin/ceph: stderr
2024-09-11T08:25:22.618+0000 7f9d437fe640 1 --2- >> [v2:172.21.15.43:3300/0,v1:172.21.15.43:6789/0] conn(0x7f9d441005b0 0x7f9d441009c0 unknown :-1 s=HELLO_CONNECTING pgs=0 cs=0 l=0 rev1=1 crypto rx=0 tx=0 comp rx=0 tx=0).handle_hello peer v2:172.21.15.43:3300/0 says I am v2:172.21.15.43:46354/0 (socket says 172.21.15.43:46354)
2024-09-11T08:25:26.789 INFO:teuthology.orchestra.run.smithi043.stdout:/usr/bin/ceph: stderr
2024-09-11T08:25:22.618+0000 7f9d437fe640 1 -- 172.21.15.43:0/3139907697 learned_addr learned my addr 172.21.15.43:0/3139907697 (peer_addr_for_me v2:172.21.15.43:0/0)
2024-09-11T08:25:26.789 INFO:teuthology.orchestra.run.smithi043.stdout:/usr/bin/ceph: stderr
2024-09-11T08:25:22.619+0000 7f9d437fe640 1 -- 172.21.15.43:0/3139907697 --> [v2:172.21.15.43:3300/0,v1:172.21.15.43:6789/0] -- mon_subscribe({config=0+,monmap=0+}) v3 -- 0x7f9d44101040 con 0x7f9d441005b0
2024-09-11T08:25:26.789 INFO:teuthology.orchestra.run.smithi043.stdout:/usr/bin/ceph: stderr
2024-09-11T08:25:22.619+0000 7f9d437fe640 1 --2- 172.21.15.43:0/3139907697 >> [v2:172.21.15.43:3300/0,v1:172.21.15.43:6789/0] conn(0x7f9d441005b0 0x7f9d441009c0 secure :-1 s=READY pgs=43 cs=0 l=1 rev1=1 crypto rx=0x7f9d34009840 tx=0x7f9d340091d0 comp rx=0 tx=0).ready entity=mon.0 client_cookie=9920c40287c858d6 server_cookie=0 in_seq=0 out_seq=0
2024-09-11T08:25:26.789 INFO:teuthology.orchestra.run.smithi043.stdout:/usr/bin/ceph: stderr
2024-09-11T08:25:22.620+0000 7f9d427fc640 1 -- 172.21.15.43:0/3139907697 <== mon.0 v2:172.21.15.43:3300/0 1 ==== mon_map magic: 0 v1 ==== 205+0+0 (secure 0 0 0) 0x7f9d3402add0 con 0x7f9d441005b0
2024-09-11T08:25:26.789 INFO:teuthology.orchestra.run.smithi043.stdout:/usr/bin/ceph: stderr
2024-09-11T08:25:22.620+0000 7f9d427fc640 1 -- 172.21.15.43:0/3139907697 <== mon.0 v2:172.21.15.43:3300/0 2 ==== config(24 keys) v1 ==== 988+0+0 (secure 0 0 0) 0x7f9d34032890 con 0x7f9d441005b0
2024-09-11T08:25:26.789 INFO:teuthology.orchestra.run.smithi043.stdout:/usr/bin/ceph: stderr
2024-09-11T08:25:22.620+0000 7f9d427fc640 1 -- 172.21.15.43:0/3139907697 <== mon.0 v2:172.21.15.43:3300/0 3 ==== mon_map magic: 0 v1 ==== 205+0+0 (secure 0 0 0) 0x7f9d340317a0 con 0x7f9d441005b0
2024-09-11T08:25:26.789 INFO:teuthology.orchestra.run.smithi043.stdout:/usr/bin/ceph: stderr
2024-09-11T08:25:22.620+0000 7f9d49e4c640 1 -- 172.21.15.43:0/3139907697 >> [v2:172.21.15.43:3300/0,v1:172.21.15.43:6789/0] conn(0x7f9d441005b0 msgr2=0x7f9d441009c0 secure :-1 s=STATE_CONNECTION_ESTABLISHED l=1).mark_down
2024-09-11T08:25:26.789 INFO:teuthology.orchestra.run.smithi043.stdout:/usr/bin/ceph: stderr
2024-09-11T08:25:22.620+0000 7f9d49e4c640 1 --2- 172.21.15.43:0/3139907697 >> [v2:172.21.15.43:3300/0,v1:172.21.15.43:6789/0] conn(0x7f9d441005b0 0x7f9d441009c0 secure :-1 s=READY pgs=43 cs=0 l=1 rev1=1 crypto rx=0x7f9d34009840 tx=0x7f9d340091d0 comp rx=0 tx=0).stop
2024-09-11T08:25:26.789 INFO:teuthology.orchestra.run.smithi043.stdout:/usr/bin/ceph: stderr
2024-09-11T08:25:22.620+0000 7f9d49e4c640 1 -- 172.21.15.43:0/3139907697 shutdown_connections
2024-09-11T08:25:26.789 INFO:teuthology.orchestra.run.smithi043.stdout:/usr/bin/ceph: stderr
2024-09-11T08:25:22.620+0000 7f9d49e4c640 1 --2- 172.21.15.43:0/3139907697 >> [v2:172.21.15.43:3300/0,v1:172.21.15.43:6789/0] conn(0x7f9d441005b0 0x7f9d441009c0 unknown :-1 s=CLOSED pgs=43 cs=0 l=1 rev1=1 crypto rx=0 tx=0 comp rx=0 tx=0).stop
2024-09-11T08:25:26.789 INFO:teuthology.orchestra.run.smithi043.stdout:/usr/bin/ceph: stderr
2024-09-11T08:25:22.620+0000 7f9d49e4c640 1 -- 172.21.15.43:0/3139907697 >> 172.21.15.43:0/3139907697 conn(0x7f9d440fbe10 msgr2=0x7f9d440fe1f0 unknown :-1 s=STATE_NONE l=0).mark_down
2024-09-11T08:25:26.789 INFO:teuthology.orchestra.run.smithi043.stdout:/usr/bin/ceph: stderr
2024-09-11T08:25:22.620+0000 7f9d49e4c640 1 -- 172.21.15.43:0/3139907697 shutdown_connections
2024-09-11T08:25:26.790 INFO:teuthology.orchestra.run.smithi043.stdout:/usr/bin/ceph: stderr
2024-09-11T08:25:22.620+0000 7f9d49e4c640 1 -- 172.21.15.43:0/3139907697 wait complete.
2024-09-11T08:25:26.790 INFO:teuthology.orchestra.run.smithi043.stdout:/usr/bin/ceph: stderr
2024-09-11T08:25:22.621+0000 7f9d49e4c640 1 Processor -- start
2024-09-11T08:25:26.790 INFO:teuthology.orchestra.run.smithi043.stdout:/usr/bin/ceph: stderr
2024-09-11T08:25:22.621+0000 7f9d49e4c640 1 -- start start
2024-09-11T08:25:26.790 INFO:teuthology.orchestra.run.smithi043.stdout:/usr/bin/ceph: stderr
2024-09-11T08:25:22.621+0000 7f9d49e4c640 1 --2- >> [v2:172.21.15.43:3300/0,v1:172.21.15.43:6789/0] conn(0x7f9d441005b0 0x7f9d4410f240 unknown :-1 s=NONE pgs=0 cs=0 l=1 rev1=0 crypto rx=0 tx=0 comp rx=0 tx=0).connect
2024-09-11T08:25:26.790 INFO:teuthology.orchestra.run.smithi043.stdout:/usr/bin/ceph: stderr
2024-09-11T08:25:22.621+0000 7f9d49e4c640 1 -- --> [v2:172.21.15.43:3300/0,v1:172.21.15.43:6789/0] -- mon_getmap magic: 0 v1 -- 0x7f9d4410f780 con 0x7f9d441005b0
2024-09-11T08:25:26.790 INFO:teuthology.orchestra.run.smithi043.stdout:/usr/bin/ceph: stderr
2024-09-11T08:25:22.621+0000 7f9d437fe640 1 --2- >> [v2:172.21.15.43:3300/0,v1:172.21.15.43:6789/0] conn(0x7f9d441005b0 0x7f9d4410f240 unknown :-1 s=BANNER_CONNECTING pgs=0 cs=0 l=1 rev1=0 crypto rx=0 tx=0 comp rx=0 tx=0)._handle_peer_banner_payload supported=3 required=0
2024-09-11T08:25:26.790 INFO:teuthology.orchestra.run.smithi043.stdout:/usr/bin/ceph: stderr
2024-09-11T08:25:22.621+0000 7f9d437fe640 1 --2- >> [v2:172.21.15.43:3300/0,v1:172.21.15.43:6789/0] conn(0x7f9d441005b0 0x7f9d4410f240 unknown :-1 s=HELLO_CONNECTING pgs=0 cs=0 l=1 rev1=1 crypto rx=0 tx=0 comp rx=0 tx=0).handle_hello peer v2:172.21.15.43:3300/0 says I am v2:172.21.15.43:46362/0 (socket says 172.21.15.43:46362)
2024-09-11T08:25:26.790 INFO:teuthology.orchestra.run.smithi043.stdout:/usr/bin/ceph: stderr
2024-09-11T08:25:22.621+0000 7f9d437fe640 1 -- 172.21.15.43:0/3742400914 learned_addr learned my addr 172.21.15.43:0/3742400914 (peer_addr_for_me v2:172.21.15.43:0/0)
2024-09-11T08:25:26.790 INFO:teuthology.orchestra.run.smithi043.stdout:/usr/bin/ceph: stderr
2024-09-11T08:25:22.622+0000 7f9d437fe640 1 -- 172.21.15.43:0/3742400914 --> [v2:172.21.15.43:3300/0,v1:172.21.15.43:6789/0] -- mon_subscribe({config=0+,monmap=0+}) v3 -- 0x7f9d34009450 con 0x7f9d441005b0
2024-09-11T08:25:26.790 INFO:teuthology.orchestra.run.smithi043.stdout:/usr/bin/ceph: stderr
2024-09-11T08:25:22.622+0000 7f9d437fe640 1 --2- 172.21.15.43:0/3742400914 >> [v2:172.21.15.43:3300/0,v1:172.21.15.43:6789/0] conn(0x7f9d441005b0 0x7f9d4410f240 secure :-1 s=READY pgs=44 cs=0 l=1 rev1=1 crypto rx=0x7f9d340313e0 tx=0x7f9d340091d0 comp rx=0 tx=0).ready entity=mon.0 client_cookie=0 server_cookie=0 in_seq=0 out_seq=0
2024-09-11T08:25:26.790 INFO:teuthology.orchestra.run.smithi043.stdout:/usr/bin/ceph: stderr
2024-09-11T08:25:22.622+0000 7f9d3bfff640 1 -- 172.21.15.43:0/3742400914 <== mon.0 v2:172.21.15.43:3300/0 1 ==== mon_map magic: 0 v1 ==== 205+0+0 (secure 0 0 0) 0x7f9d34031e70 con 0x7f9d441005b0
2024-09-11T08:25:26.790 INFO:teuthology.orchestra.run.smithi043.stdout:/usr/bin/ceph: stderr
2024-09-11T08:25:22.622+0000 7f9d3bfff640 1 -- 172.21.15.43:0/3742400914 <== mon.0 v2:172.21.15.43:3300/0 2 ==== config(24 keys) v1 ==== 988+0+0 (secure 0 0 0) 0x7f9d3403c850 con 0x7f9d441005b0
2024-09-11T08:25:26.790 INFO:teuthology.orchestra.run.smithi043.stdout:/usr/bin/ceph: stderr
2024-09-11T08:25:22.622+0000 7f9d49e4c640 1 -- 172.21.15.43:0/3742400914 --> [v2:172.21.15.43:3300/0,v1:172.21.15.43:6789/0] -- mon_subscribe({mgrmap=0+}) v3 -- 0x7f9d4410f980 con 0x7f9d441005b0
2024-09-11T08:25:26.791 INFO:teuthology.orchestra.run.smithi043.stdout:/usr/bin/ceph: stderr
2024-09-11T08:25:22.622+0000 7f9d3bfff640 1 -- 172.21.15.43:0/3742400914 <== mon.0 v2:172.21.15.43:3300/0 3 ==== mon_map magic: 0 v1 ==== 205+0+0 (secure 0 0 0) 0x7f9d3403a540 con 0x7f9d441005b0
2024-09-11T08:25:26.791 INFO:teuthology.orchestra.run.smithi043.stdout:/usr/bin/ceph: stderr
2024-09-11T08:25:22.622+0000 7f9d49e4c640 1 -- 172.21.15.43:0/3742400914 --> [v2:172.21.15.43:3300/0,v1:172.21.15.43:6789/0] -- mon_subscribe({osdmap=0}) v3 -- 0x7f9d4410fdf0 con 0x7f9d441005b0
2024-09-11T08:25:26.791 INFO:teuthology.orchestra.run.smithi043.stdout:/usr/bin/ceph: stderr
2024-09-11T08:25:22.623+0000 7f9d3bfff640 1 -- 172.21.15.43:0/3742400914 <== mon.0 v2:172.21.15.43:3300/0 4 ==== mgrmap(e 8) v1 ==== 45457+0+0 (secure 0 0 0) 0x7f9d3403a7c0 con 0x7f9d441005b0
2024-09-11T08:25:26.791 INFO:teuthology.orchestra.run.smithi043.stdout:/usr/bin/ceph: stderr
2024-09-11T08:25:22.623+0000 7f9d49e4c640 1 -- 172.21.15.43:0/3742400914 --> [v2:172.21.15.43:3300/0,v1:172.21.15.43:6789/0] -- mon_command({"prefix": "get_command_descriptions"} v 0) v1 -- 0x7f9d4404b720 con 0x7f9d441005b0
2024-09-11T08:25:26.791 INFO:teuthology.orchestra.run.smithi043.stdout:/usr/bin/ceph: stderr
2024-09-11T08:25:22.623+0000 7f9d3bfff640 1 --2- 172.21.15.43:0/3742400914 >> v2:172.21.15.43:6800/225101565 conn(0x7f9d30039430 0x7f9d3003b8e0 unknown :-1 s=NONE pgs=0 cs=0 l=1 rev1=0 crypto rx=0 tx=0 comp rx=0 tx=0).connect
2024-09-11T08:25:26.791 INFO:teuthology.orchestra.run.smithi043.stdout:/usr/bin/ceph: stderr
2024-09-11T08:25:22.623+0000 7f9d3bfff640 1 -- 172.21.15.43:0/3742400914 <== mon.0 v2:172.21.15.43:3300/0 5 ==== osd_map(2..2 src has 1..2) v4 ==== 893+0+0 (secure 0 0 0) 0x7f9d3406c690 con 0x7f9d441005b0
2024-09-11T08:25:26.791 INFO:teuthology.orchestra.run.smithi043.stdout:/usr/bin/ceph: stderr
2024-09-11T08:25:22.623+0000 7f9d42ffd640 1 --2- 172.21.15.43:0/3742400914 >> v2:172.21.15.43:6800/225101565 conn(0x7f9d30039430 0x7f9d3003b8e0 unknown :-1 s=BANNER_CONNECTING pgs=0 cs=0 l=1 rev1=0 crypto rx=0 tx=0 comp rx=0 tx=0)._handle_peer_banner_payload supported=3 required=0
2024-09-11T08:25:26.791 INFO:teuthology.orchestra.run.smithi043.stdout:/usr/bin/ceph: stderr
2024-09-11T08:25:22.624+0000 7f9d42ffd640 1 --2- 172.21.15.43:0/3742400914 >> v2:172.21.15.43:6800/225101565 conn(0x7f9d30039430 0x7f9d3003b8e0 secure :-1 s=READY pgs=11 cs=0 l=1 rev1=1 crypto rx=0x7f9d2c006fd0 tx=0x7f9d2c006db0 comp rx=0 tx=0).ready entity=mgr.14118 client_cookie=0 server_cookie=0 in_seq=0 out_seq=0
2024-09-11T08:25:26.791 INFO:teuthology.orchestra.run.smithi043.stdout:/usr/bin/ceph: stderr
2024-09-11T08:25:22.628+0000 7f9d3bfff640 1 -- 172.21.15.43:0/3742400914 <== mon.0 v2:172.21.15.43:3300/0 6 ==== mon_command_ack([{"prefix": "get_command_descriptions"}]=0 v0) v1 ==== 72+0+176781 (secure 0 0 0) 0x7f9d34039d80 con 0x7f9d441005b0
2024-09-11T08:25:26.791 INFO:teuthology.orchestra.run.smithi043.stdout:/usr/bin/ceph: stderr
2024-09-11T08:25:22.800+0000 7f9d49e4c640 1 -- 172.21.15.43:0/3742400914 --> v2:172.21.15.43:6800/225101565 -- mgr_command(tid 0: {"prefix": "orch host add", "hostname": "smithi043", "addr": "172.21.15.43", "target": ["mon-mgr", ""]}) v1 -- 0x7f9d4410fdf0 con 0x7f9d30039430
2024-09-11T08:25:26.791 INFO:teuthology.orchestra.run.smithi043.stdout:/usr/bin/ceph: stderr
2024-09-11T08:25:26.207+0000 7f9d3bfff640 1 -- 172.21.15.43:0/3742400914 <== mgr.14118 v2:172.21.15.43:6800/225101565 1 ==== mgr_command_reply(tid 0: 0 ) v1 ==== 8+0+48 (secure 0 0 0) 0x7f9d4410fdf0 con 0x7f9d30039430
2024-09-11T08:25:26.791 INFO:teuthology.orchestra.run.smithi043.stdout:/usr/bin/ceph: stderr
2024-09-11T08:25:26.210+0000 7f9d49e4c640 1 -- 172.21.15.43:0/3742400914 >> v2:172.21.15.43:6800/225101565 conn(0x7f9d30039430 msgr2=0x7f9d3003b8e0 secure :-1 s=STATE_CONNECTION_ESTABLISHED l=1).mark_down
2024-09-11T08:25:26.791 INFO:teuthology.orchestra.run.smithi043.stdout:/usr/bin/ceph: stderr
2024-09-11T08:25:26.210+0000 7f9d49e4c640 1 --2- 172.21.15.43:0/3742400914 >> v2:172.21.15.43:6800/225101565 conn(0x7f9d30039430 0x7f9d3003b8e0 secure :-1 s=READY pgs=11 cs=0 l=1 rev1=1 crypto rx=0x7f9d2c006fd0 tx=0x7f9d2c006db0 comp rx=0 tx=0).stop
2024-09-11T08:25:26.792 INFO:teuthology.orchestra.run.smithi043.stdout:/usr/bin/ceph: stderr
2024-09-11T08:25:26.210+0000 7f9d49e4c640 1 -- 172.21.15.43:0/3742400914 >> [v2:172.21.15.43:3300/0,v1:172.21.15.43:6789/0] conn(0x7f9d441005b0 msgr2=0x7f9d4410f240 secure :-1 s=STATE_CONNECTION_ESTABLISHED l=1).mark_down
2024-09-11T08:25:26.792 INFO:teuthology.orchestra.run.smithi043.stdout:/usr/bin/ceph: stderr
2024-09-11T08:25:26.210+0000 7f9d49e4c640 1 --2- 172.21.15.43:0/3742400914 >> [v2:172.21.15.43:3300/0,v1:172.21.15.43:6789/0] conn(0x7f9d441005b0 0x7f9d4410f240 secure :-1 s=READY pgs=44 cs=0 l=1 rev1=1 crypto rx=0x7f9d340313e0 tx=0x7f9d340091d0 comp rx=0 tx=0).stop
2024-09-11T08:25:26.792 INFO:teuthology.orchestra.run.smithi043.stdout:/usr/bin/ceph: stderr
2024-09-11T08:25:26.210+0000 7f9d49e4c640 1 -- 172.21.15.43:0/3742400914 shutdown_connections
2024-09-11T08:25:26.792 INFO:teuthology.orchestra.run.smithi043.stdout:/usr/bin/ceph: stderr
2024-09-11T08:25:26.210+0000 7f9d49e4c640 1 --2- 172.21.15.43:0/3742400914 >> v2:172.21.15.43:6800/225101565 conn(0x7f9d30039430 0x7f9d3003b8e0 unknown :-1 s=CLOSED pgs=11 cs=0 l=1 rev1=1 crypto rx=0 tx=0 comp rx=0 tx=0).stop
2024-09-11T08:25:26.792 INFO:teuthology.orchestra.run.smithi043.stdout:/usr/bin/ceph: stderr
2024-09-11T08:25:26.210+0000 7f9d49e4c640 1 --2- 172.21.15.43:0/3742400914 >> [v2:172.21.15.43:3300/0,v1:172.21.15.43:6789/0] conn(0x7f9d441005b0 0x7f9d4410f240 unknown :-1 s=CLOSED pgs=44 cs=0 l=1 rev1=1 crypto rx=0 tx=0 comp rx=0 tx=0).stop
2024-09-11T08:25:26.792 INFO:teuthology.orchestra.run.smithi043.stdout:/usr/bin/ceph: stderr
2024-09-11T08:25:26.210+0000 7f9d49e4c640 1 -- 172.21.15.43:0/3742400914 >> 172.21.15.43:0/3742400914 conn(0x7f9d440fbe10 msgr2=0x7f9d440fc870 unknown :-1 s=STATE_NONE l=0).mark_down
2024-09-11T08:25:26.792 INFO:teuthology.orchestra.run.smithi043.stdout:/usr/bin/ceph: stderr
2024-09-11T08:25:26.210+0000 7f9d49e4c640 1 -- 172.21.15.43:0/3742400914 shutdown_connections
2024-09-11T08:25:26.792 INFO:teuthology.orchestra.run.smithi043.stdout:/usr/bin/ceph: stderr
2024-09-11T08:25:26.210+0000 7f9d49e4c640 1 -- 172.21.15.43:0/3742400914 wait complete.
2024-09-11T08:25:26.792 INFO:teuthology.orchestra.run.smithi043.stdout:Deploying unmanaged mon service...
