2024-09-11T08:25:42.646 INFO:journalctl@ceph.mon.a.smithi043.stdout: return self.sslsocket_class._create(
2024-09-11T08:25:42.646 INFO:journalctl@ceph.mon.a.smithi043.stdout: File "/lib64/python3.9/ssl.py", line 1074, in _create
2024-09-11T08:25:42.646 INFO:journalctl@ceph.mon.a.smithi043.stdout: self.do_handshake()
2024-09-11T08:25:42.646 INFO:journalctl@ceph.mon.a.smithi043.stdout: File "/lib64/python3.9/ssl.py", line 1343, in do_handshake
2024-09-11T08:25:42.646 INFO:journalctl@ceph.mon.a.smithi043.stdout: self._sslobj.do_handshake()
2024-09-11T08:25:42.646 INFO:journalctl@ceph.mon.a.smithi043.stdout: ssl.SSLZeroReturnError: TLS/SSL connection has been closed (EOF) (_ssl.c:1133)
2024-09-11T08:25:42.646 INFO:journalctl@ceph.mon.a.smithi043.stdout:Sep 11 08:25:42 smithi043 ceph-mon[29355]: from='mgr.14150 172.21.15.43:0/1409784313' entity='mgr.y'
2024-09-11T08:25:42.646 INFO:journalctl@ceph.mon.a.smithi043.stdout:Sep 11 08:25:42 smithi043 ceph-mon[29355]: mgrmap e12: y(active, since 2s)
2024-09-11T08:25:42.646 INFO:journalctl@ceph.mon.a.smithi043.stdout:Sep 11 08:25:42 smithi043 ceph-mon[29355]: from='mgr.14150 172.21.15.43:0/1409784313' entity='mgr.y'
2024-09-11T08:25:42.646 INFO:journalctl@ceph.mon.a.smithi043.stdout:Sep 11 08:25:42 smithi043 ceph-mon[29355]: from='mgr.14150 172.21.15.43:0/1409784313' entity='mgr.y'
2024-09-11T08:25:42.646 INFO:journalctl@ceph.mon.a.smithi043.stdout:Sep 11 08:25:42 smithi043 ceph-mon[29355]: from='mgr.14150 172.21.15.43:0/1409784313' entity='mgr.y'
2024-09-11T08:25:43.605 INFO:journalctl@ceph.mon.a.smithi043.stdout:Sep 11 08:25:43 smithi043 ceph-mon[29355]: from='client.14162 -' entity='client.admin' cmd=[{"prefix": "dashboard create-self-signed-cert", "target": ["mon-mgr", ""]}]: dispatch
2024-09-11T08:25:43.605 INFO:journalctl@ceph.mon.a.smithi043.stdout:Sep 11 08:25:43 smithi043 ceph-mon[29355]: from='mgr.14150 172.21.15.43:0/1409784313' entity='mgr.y'
2024-09-11T08:25:44.492 INFO:journalctl@ceph.mon.a.smithi043.stdout:Sep 11 08:25:44 smithi043 ceph-mon[29355]: from='client.14164 -' entity='client.admin' cmd=[{"prefix": "dashboard ac-user-create", "username": "admin", "rolename": "administrator", "force_password": true, "pwd_update_required": true, "target": ["mon-mgr", ""]}]: dispatch
2024-09-11T08:25:44.499 INFO:teuthology.orchestra.run.smithi043.stdout:/usr/bin/ceph: stdout {"username": "admin", "password": "$2b$12$C.21TkgTyhzzSQz89TD/ZefwChqTpzMYeAZ2ItQrdVAkiYVOyG4OC", "roles": ["administrator"], "name": null, "email": null, "lastUpdate": 1726043143, "enabled": true, "pwdExpirationDate": null, "pwdUpdateRequired": true}
2024-09-11T08:25:44.499 INFO:teuthology.orchestra.run.smithi043.stdout:/usr/bin/ceph: stderr
2024-09-11T08:25:42.814+0000 7fc2da482640 1 Processor -- start
2024-09-11T08:25:44.499 INFO:teuthology.orchestra.run.smithi043.stdout:/usr/bin/ceph: stderr
2024-09-11T08:25:42.814+0000 7fc2da482640 1 -- start start
2024-09-11T08:25:44.499 INFO:teuthology.orchestra.run.smithi043.stdout:/usr/bin/ceph: stderr
2024-09-11T08:25:42.815+0000 7fc2da482640 1 --2- >> [v2:172.21.15.43:3300/0,v1:172.21.15.43:6789/0] conn(0x7fc2d41005b0 0x7fc2d41009c0 unknown :-1 s=NONE pgs=0 cs=0 l=0 rev1=0 crypto rx=0 tx=0 comp rx=0 tx=0).connect
2024-09-11T08:25:44.500 INFO:teuthology.orchestra.run.smithi043.stdout:/usr/bin/ceph: stderr
2024-09-11T08:25:42.815+0000 7fc2da482640 1 -- --> [v2:172.21.15.43:3300/0,v1:172.21.15.43:6789/0] -- mon_getmap magic: 0 v1 -- 0x7fc2d4100f00 con 0x7fc2d41005b0
2024-09-11T08:25:44.500 INFO:teuthology.orchestra.run.smithi043.stdout:/usr/bin/ceph: stderr
2024-09-11T08:25:42.815+0000 7fc2d3fff640 1 --2- >> [v2:172.21.15.43:3300/0,v1:172.21.15.43:6789/0] conn(0x7fc2d41005b0 0x7fc2d41009c0 unknown :-1 s=BANNER_CONNECTING pgs=0 cs=0 l=0 rev1=0 crypto rx=0 tx=0 comp rx=0 tx=0)._handle_peer_banner_payload supported=3 required=0
2024-09-11T08:25:44.500 INFO:teuthology.orchestra.run.smithi043.stdout:/usr/bin/ceph: stderr
2024-09-11T08:25:42.815+0000 7fc2d3fff640 1 --2- >> [v2:172.21.15.43:3300/0,v1:172.21.15.43:6789/0] conn(0x7fc2d41005b0 0x7fc2d41009c0 unknown :-1 s=HELLO_CONNECTING pgs=0 cs=0 l=0 rev1=1 crypto rx=0 tx=0 comp rx=0 tx=0).handle_hello peer v2:172.21.15.43:3300/0 says I am v2:172.21.15.43:37870/0 (socket says 172.21.15.43:37870)
2024-09-11T08:25:44.500 INFO:teuthology.orchestra.run.smithi043.stdout:/usr/bin/ceph: stderr
2024-09-11T08:25:42.815+0000 7fc2d3fff640 1 -- 172.21.15.43:0/302963150 learned_addr learned my addr 172.21.15.43:0/302963150 (peer_addr_for_me v2:172.21.15.43:0/0)
2024-09-11T08:25:44.500 INFO:teuthology.orchestra.run.smithi043.stdout:/usr/bin/ceph: stderr
2024-09-11T08:25:42.815+0000 7fc2d3fff640 1 -- 172.21.15.43:0/302963150 --> [v2:172.21.15.43:3300/0,v1:172.21.15.43:6789/0] -- mon_subscribe({config=0+,monmap=0+}) v3 -- 0x7fc2d4101040 con 0x7fc2d41005b0
2024-09-11T08:25:44.500 INFO:teuthology.orchestra.run.smithi043.stdout:/usr/bin/ceph: stderr
2024-09-11T08:25:42.816+0000 7fc2d3fff640 1 --2- 172.21.15.43:0/302963150 >> [v2:172.21.15.43:3300/0,v1:172.21.15.43:6789/0] conn(0x7fc2d41005b0 0x7fc2d41009c0 secure :-1 s=READY pgs=70 cs=0 l=1 rev1=1 crypto rx=0x7fc2c4009840 tx=0x7fc2c40091d0 comp rx=0 tx=0).ready entity=mon.0 client_cookie=52ead5f4a35f51d3 server_cookie=0 in_seq=0 out_seq=0
2024-09-11T08:25:44.500 INFO:teuthology.orchestra.run.smithi043.stdout:/usr/bin/ceph: stderr
2024-09-11T08:25:42.816+0000 7fc2d2ffd640 1 -- 172.21.15.43:0/302963150 <== mon.0 v2:172.21.15.43:3300/0 1 ==== mon_map magic: 0 v1 ==== 205+0+0 (secure 0 0 0) 0x7fc2c402add0 con 0x7fc2d41005b0
2024-09-11T08:25:44.500 INFO:teuthology.orchestra.run.smithi043.stdout:/usr/bin/ceph: stderr
2024-09-11T08:25:42.816+0000 7fc2d2ffd640 1 -- 172.21.15.43:0/302963150 <== mon.0 v2:172.21.15.43:3300/0 2 ==== config(24 keys) v1 ==== 1019+0+0 (secure 0 0 0) 0x7fc2c40328b0 con 0x7fc2d41005b0
2024-09-11T08:25:44.500 INFO:teuthology.orchestra.run.smithi043.stdout:/usr/bin/ceph: stderr
2024-09-11T08:25:42.816+0000 7fc2d2ffd640 1 -- 172.21.15.43:0/302963150 <== mon.0 v2:172.21.15.43:3300/0 3 ==== mon_map magic: 0 v1 ==== 205+0+0 (secure 0 0 0) 0x7fc2c4031690 con 0x7fc2d41005b0
2024-09-11T08:25:44.500 INFO:teuthology.orchestra.run.smithi043.stdout:/usr/bin/ceph: stderr
2024-09-11T08:25:42.817+0000 7fc2da482640 1 -- 172.21.15.43:0/302963150 >> [v2:172.21.15.43:3300/0,v1:172.21.15.43:6789/0] conn(0x7fc2d41005b0 msgr2=0x7fc2d41009c0 secure :-1 s=STATE_CONNECTION_ESTABLISHED l=1).mark_down
2024-09-11T08:25:44.500 INFO:teuthology.orchestra.run.smithi043.stdout:/usr/bin/ceph: stderr
2024-09-11T08:25:42.817+0000 7fc2da482640 1 --2- 172.21.15.43:0/302963150 >> [v2:172.21.15.43:3300/0,v1:172.21.15.43:6789/0] conn(0x7fc2d41005b0 0x7fc2d41009c0 secure :-1 s=READY pgs=70 cs=0 l=1 rev1=1 crypto rx=0x7fc2c4009840 tx=0x7fc2c40091d0 comp rx=0 tx=0).stop
2024-09-11T08:25:44.500 INFO:teuthology.orchestra.run.smithi043.stdout:/usr/bin/ceph: stderr
2024-09-11T08:25:42.817+0000 7fc2da482640 1 -- 172.21.15.43:0/302963150 shutdown_connections
2024-09-11T08:25:44.501 INFO:teuthology.orchestra.run.smithi043.stdout:/usr/bin/ceph: stderr
2024-09-11T08:25:42.817+0000 7fc2da482640 1 --2- 172.21.15.43:0/302963150 >> [v2:172.21.15.43:3300/0,v1:172.21.15.43:6789/0] conn(0x7fc2d41005b0 0x7fc2d41009c0 unknown :-1 s=CLOSED pgs=70 cs=0 l=1 rev1=1 crypto rx=0 tx=0 comp rx=0 tx=0).stop
2024-09-11T08:25:44.501 INFO:teuthology.orchestra.run.smithi043.stdout:/usr/bin/ceph: stderr
2024-09-11T08:25:42.817+0000 7fc2da482640 1 -- 172.21.15.43:0/302963150 >> 172.21.15.43:0/302963150 conn(0x7fc2d40fbe10 msgr2=0x7fc2d40fe1f0 unknown :-1 s=STATE_NONE l=0).mark_down
2024-09-11T08:25:44.501 INFO:teuthology.orchestra.run.smithi043.stdout:/usr/bin/ceph: stderr
2024-09-11T08:25:42.817+0000 7fc2da482640 1 -- 172.21.15.43:0/302963150 shutdown_connections
2024-09-11T08:25:44.501 INFO:teuthology.orchestra.run.smithi043.stdout:/usr/bin/ceph: stderr
2024-09-11T08:25:42.817+0000 7fc2da482640 1 -- 172.21.15.43:0/302963150 wait complete.
2024-09-11T08:25:44.501 INFO:teuthology.orchestra.run.smithi043.stdout:/usr/bin/ceph: stderr
2024-09-11T08:25:42.817+0000 7fc2da482640 1 Processor -- start
2024-09-11T08:25:44.501 INFO:teuthology.orchestra.run.smithi043.stdout:/usr/bin/ceph: stderr
2024-09-11T08:25:42.817+0000 7fc2da482640 1 -- start start
2024-09-11T08:25:44.501 INFO:teuthology.orchestra.run.smithi043.stdout:/usr/bin/ceph: stderr
2024-09-11T08:25:42.818+0000 7fc2da482640 1 --2- >> [v2:172.21.15.43:3300/0,v1:172.21.15.43:6789/0] conn(0x7fc2d41005b0 0x7fc2d410f260 unknown :-1 s=NONE pgs=0 cs=0 l=1 rev1=0 crypto rx=0 tx=0 comp rx=0 tx=0).connect
2024-09-11T08:25:44.501 INFO:teuthology.orchestra.run.smithi043.stdout:/usr/bin/ceph: stderr
2024-09-11T08:25:42.818+0000 7fc2da482640 1 -- --> [v2:172.21.15.43:3300/0,v1:172.21.15.43:6789/0] -- mon_getmap magic: 0 v1 -- 0x7fc2d410f7a0 con 0x7fc2d41005b0
2024-09-11T08:25:44.501 INFO:teuthology.orchestra.run.smithi043.stdout:/usr/bin/ceph: stderr
2024-09-11T08:25:42.818+0000 7fc2d3fff640 1 --2- >> [v2:172.21.15.43:3300/0,v1:172.21.15.43:6789/0] conn(0x7fc2d41005b0 0x7fc2d410f260 unknown :-1 s=BANNER_CONNECTING pgs=0 cs=0 l=1 rev1=0 crypto rx=0 tx=0 comp rx=0 tx=0)._handle_peer_banner_payload supported=3 required=0
2024-09-11T08:25:44.501 INFO:teuthology.orchestra.run.smithi043.stdout:/usr/bin/ceph: stderr
2024-09-11T08:25:42.818+0000 7fc2d3fff640 1 --2- >> [v2:172.21.15.43:3300/0,v1:172.21.15.43:6789/0] conn(0x7fc2d41005b0 0x7fc2d410f260 unknown :-1 s=HELLO_CONNECTING pgs=0 cs=0 l=1 rev1=1 crypto rx=0 tx=0 comp rx=0 tx=0).handle_hello peer v2:172.21.15.43:3300/0 says I am v2:172.21.15.43:37886/0 (socket says 172.21.15.43:37886)
2024-09-11T08:25:44.501 INFO:teuthology.orchestra.run.smithi043.stdout:/usr/bin/ceph: stderr
2024-09-11T08:25:42.818+0000 7fc2d3fff640 1 -- 172.21.15.43:0/1650393341 learned_addr learned my addr 172.21.15.43:0/1650393341 (peer_addr_for_me v2:172.21.15.43:0/0)
2024-09-11T08:25:44.501 INFO:teuthology.orchestra.run.smithi043.stdout:/usr/bin/ceph: stderr
2024-09-11T08:25:42.818+0000 7fc2d3fff640 1 -- 172.21.15.43:0/1650393341 --> [v2:172.21.15.43:3300/0,v1:172.21.15.43:6789/0] -- mon_subscribe({config=0+,monmap=0+}) v3 -- 0x7fc2c4009450 con 0x7fc2d41005b0
2024-09-11T08:25:44.501 INFO:teuthology.orchestra.run.smithi043.stdout:/usr/bin/ceph: stderr
2024-09-11T08:25:42.818+0000 7fc2d3fff640 1 --2- 172.21.15.43:0/1650393341 >> [v2:172.21.15.43:3300/0,v1:172.21.15.43:6789/0] conn(0x7fc2d41005b0 0x7fc2d410f260 secure :-1 s=READY pgs=71 cs=0 l=1 rev1=1 crypto rx=0x7fc2c4031450 tx=0x7fc2c4008040 comp rx=0 tx=0).ready entity=mon.0 client_cookie=0 server_cookie=0 in_seq=0 out_seq=0
2024-09-11T08:25:44.501 INFO:teuthology.orchestra.run.smithi043.stdout:/usr/bin/ceph: stderr
2024-09-11T08:25:42.818+0000 7fc2d0ff9640 1 -- 172.21.15.43:0/1650393341 <== mon.0 v2:172.21.15.43:3300/0 1 ==== mon_map magic: 0 v1 ==== 205+0+0 (secure 0 0 0) 0x7fc2c4031ca0 con 0x7fc2d41005b0
2024-09-11T08:25:44.502 INFO:teuthology.orchestra.run.smithi043.stdout:/usr/bin/ceph: stderr
2024-09-11T08:25:42.818+0000 7fc2d0ff9640 1 -- 172.21.15.43:0/1650393341 <== mon.0 v2:172.21.15.43:3300/0 2 ==== config(24 keys) v1 ==== 1019+0+0 (secure 0 0 0) 0x7fc2c4031e00 con 0x7fc2d41005b0
2024-09-11T08:25:44.502 INFO:teuthology.orchestra.run.smithi043.stdout:/usr/bin/ceph: stderr
2024-09-11T08:25:42.818+0000 7fc2da482640 1 -- 172.21.15.43:0/1650393341 --> [v2:172.21.15.43:3300/0,v1:172.21.15.43:6789/0] -- mon_subscribe({mgrmap=0+}) v3 -- 0x7fc2d410f9a0 con 0x7fc2d41005b0
2024-09-11T08:25:44.502 INFO:teuthology.orchestra.run.smithi043.stdout:/usr/bin/ceph: stderr
2024-09-11T08:25:42.818+0000 7fc2d0ff9640 1 -- 172.21.15.43:0/1650393341 <== mon.0 v2:172.21.15.43:3300/0 3 ==== mon_map magic: 0 v1 ==== 205+0+0 (secure 0 0 0) 0x7fc2c403a540 con 0x7fc2d41005b0
2024-09-11T08:25:44.502 INFO:teuthology.orchestra.run.smithi043.stdout:/usr/bin/ceph: stderr
2024-09-11T08:25:42.818+0000 7fc2da482640 1 -- 172.21.15.43:0/1650393341 --> [v2:172.21.15.43:3300/0,v1:172.21.15.43:6789/0] -- mon_subscribe({osdmap=0}) v3 -- 0x7fc2d410fe10 con 0x7fc2d41005b0
2024-09-11T08:25:44.502 INFO:teuthology.orchestra.run.smithi043.stdout:/usr/bin/ceph: stderr
2024-09-11T08:25:42.819+0000 7fc2d0ff9640 1 -- 172.21.15.43:0/1650393341 <== mon.0 v2:172.21.15.43:3300/0 4 ==== mgrmap(e 12) v1 ==== 45470+0+0 (secure 0 0 0) 0x7fc2c4039070 con 0x7fc2d41005b0
2024-09-11T08:25:44.502 INFO:teuthology.orchestra.run.smithi043.stdout:/usr/bin/ceph: stderr
2024-09-11T08:25:42.819+0000 7fc2d0ff9640 1 --2- 172.21.15.43:0/1650393341 >> v2:172.21.15.43:6800/1424089977 conn(0x7fc2bc0394c0 0x7fc2bc03b970 unknown :-1 s=NONE pgs=0 cs=0 l=1 rev1=0 crypto rx=0 tx=0 comp rx=0 tx=0).connect
2024-09-11T08:25:44.502 INFO:teuthology.orchestra.run.smithi043.stdout:/usr/bin/ceph: stderr
2024-09-11T08:25:42.819+0000 7fc2da482640 1 -- 172.21.15.43:0/1650393341 --> [v2:172.21.15.43:3300/0,v1:172.21.15.43:6789/0] -- mon_command({"prefix": "get_command_descriptions"} v 0) v1 -- 0x7fc2d404b720 con 0x7fc2d41005b0
2024-09-11T08:25:44.502 INFO:teuthology.orchestra.run.smithi043.stdout:/usr/bin/ceph: stderr
2024-09-11T08:25:42.819+0000 7fc2d0ff9640 1 -- 172.21.15.43:0/1650393341 <== mon.0 v2:172.21.15.43:3300/0 5 ==== osd_map(3..3 src has 1..3) v4 ==== 1065+0+0 (secure 0 0 0) 0x7fc2c406c940 con 0x7fc2d41005b0
2024-09-11T08:25:44.502 INFO:teuthology.orchestra.run.smithi043.stdout:/usr/bin/ceph: stderr
2024-09-11T08:25:42.820+0000 7fc2d37fe640 1 --2- 172.21.15.43:0/1650393341 >> v2:172.21.15.43:6800/1424089977 conn(0x7fc2bc0394c0 0x7fc2bc03b970 unknown :-1 s=BANNER_CONNECTING pgs=0 cs=0 l=1 rev1=0 crypto rx=0 tx=0 comp rx=0 tx=0)._handle_peer_banner_payload supported=3 required=0
2024-09-11T08:25:44.502 INFO:teuthology.orchestra.run.smithi043.stdout:/usr/bin/ceph: stderr
2024-09-11T08:25:42.820+0000 7fc2d37fe640 1 --2- 172.21.15.43:0/1650393341 >> v2:172.21.15.43:6800/1424089977 conn(0x7fc2bc0394c0 0x7fc2bc03b970 secure :-1 s=READY pgs=8 cs=0 l=1 rev1=1 crypto rx=0x7fc2c8006fd0 tx=0x7fc2c8006db0 comp rx=0 tx=0).ready entity=mgr.14150 client_cookie=0 server_cookie=0 in_seq=0 out_seq=0
2024-09-11T08:25:44.502 INFO:teuthology.orchestra.run.smithi043.stdout:/usr/bin/ceph: stderr
2024-09-11T08:25:42.824+0000 7fc2d0ff9640 1 -- 172.21.15.43:0/1650393341 <== mon.0 v2:172.21.15.43:3300/0 6 ==== mon_command_ack([{"prefix": "get_command_descriptions"}]=0 v0) v1 ==== 72+0+176781 (secure 0 0 0) 0x7fc2c403a740 con 0x7fc2d41005b0
2024-09-11T08:25:44.502 INFO:teuthology.orchestra.run.smithi043.stdout:/usr/bin/ceph: stderr
2024-09-11T08:25:43.005+0000 7fc2da482640 1 -- 172.21.15.43:0/1650393341 --> v2:172.21.15.43:6800/1424089977 -- mgr_command(tid 0: {"prefix": "dashboard ac-user-create", "username": "admin", "rolename": "administrator", "force_password": true, "pwd_update_required": true, "target": ["mon-mgr", ""]}) v1 -- 0x7fc2d405eb60 con 0x7fc2bc0394c0
2024-09-11T08:25:44.502 INFO:teuthology.orchestra.run.smithi043.stdout:/usr/bin/ceph: stderr
2024-09-11T08:25:43.253+0000 7fc2d0ff9640 1 -- 172.21.15.43:0/1650393341 <== mgr.14150 v2:172.21.15.43:6800/1424089977 1 ==== mgr_command_reply(tid 0: 0 ) v1 ==== 8+0+252 (secure 0 0 0) 0x7fc2d405eb60 con 0x7fc2bc0394c0
2024-09-11T08:25:44.503 INFO:teuthology.orchestra.run.smithi043.stdout:/usr/bin/ceph: stderr
2024-09-11T08:25:43.255+0000 7fc2da482640 1 -- 172.21.15.43:0/1650393341 >> v2:172.21.15.43:6800/1424089977 conn(0x7fc2bc0394c0 msgr2=0x7fc2bc03b970 secure :-1 s=STATE_CONNECTION_ESTABLISHED l=1).mark_down
2024-09-11T08:25:44.503 INFO:teuthology.orchestra.run.smithi043.stdout:/usr/bin/ceph: stderr
2024-09-11T08:25:43.255+0000 7fc2da482640 1 --2- 172.21.15.43:0/1650393341 >> v2:172.21.15.43:6800/1424089977 conn(0x7fc2bc0394c0 0x7fc2bc03b970 secure :-1 s=READY pgs=8 cs=0 l=1 rev1=1 crypto rx=0x7fc2c8006fd0 tx=0x7fc2c8006db0 comp rx=0 tx=0).stop
2024-09-11T08:25:44.503 INFO:teuthology.orchestra.run.smithi043.stdout:/usr/bin/ceph: stderr
2024-09-11T08:25:43.255+0000 7fc2da482640 1 -- 172.21.15.43:0/1650393341 >> [v2:172.21.15.43:3300/0,v1:172.21.15.43:6789/0] conn(0x7fc2d41005b0 msgr2=0x7fc2d410f260 secure :-1 s=STATE_CONNECTION_ESTABLISHED l=1).mark_down
2024-09-11T08:25:44.503 INFO:teuthology.orchestra.run.smithi043.stdout:/usr/bin/ceph: stderr
2024-09-11T08:25:43.255+0000 7fc2da482640 1 --2- 172.21.15.43:0/1650393341 >> [v2:172.21.15.43:3300/0,v1:172.21.15.43:6789/0] conn(0x7fc2d41005b0 0x7fc2d410f260 secure :-1 s=READY pgs=71 cs=0 l=1 rev1=1 crypto rx=0x7fc2c4031450 tx=0x7fc2c4008040 comp rx=0 tx=0).stop
2024-09-11T08:25:44.503 INFO:teuthology.orchestra.run.smithi043.stdout:/usr/bin/ceph: stderr
2024-09-11T08:25:43.255+0000 7fc2da482640 1 -- 172.21.15.43:0/1650393341 shutdown_connections
2024-09-11T08:25:44.503 INFO:teuthology.orchestra.run.smithi043.stdout:/usr/bin/ceph: stderr
2024-09-11T08:25:43.255+0000 7fc2da482640 1 --2- 172.21.15.43:0/1650393341 >> v2:172.21.15.43:6800/1424089977 conn(0x7fc2bc0394c0 0x7fc2bc03b970 unknown :-1 s=CLOSED pgs=8 cs=0 l=1 rev1=1 crypto rx=0 tx=0 comp rx=0 tx=0).stop
2024-09-11T08:25:44.503 INFO:teuthology.orchestra.run.smithi043.stdout:/usr/bin/ceph: stderr
2024-09-11T08:25:43.255+0000 7fc2da482640 1 --2- 172.21.15.43:0/1650393341 >> [v2:172.21.15.43:3300/0,v1:172.21.15.43:6789/0] conn(0x7fc2d41005b0 0x7fc2d410f260 unknown :-1 s=CLOSED pgs=71 cs=0 l=1 rev1=1 crypto rx=0 tx=0 comp rx=0 tx=0).stop
2024-09-11T08:25:44.503 INFO:teuthology.orchestra.run.smithi043.stdout:/usr/bin/ceph: stderr
2024-09-11T08:25:43.255+0000 7fc2da482640 1 -- 172.21.15.43:0/1650393341 >> 172.21.15.43:0/1650393341 conn(0x7fc2d40fbe10 msgr2=0x7fc2d40fc870 unknown :-1 s=STATE_NONE l=0).mark_down
2024-09-11T08:25:44.503 INFO:teuthology.orchestra.run.smithi043.stdout:/usr/bin/ceph: stderr
2024-09-11T08:25:43.256+0000 7fc2da482640 1 -- 172.21.15.43:0/1650393341 shutdown_connections
2024-09-11T08:25:44.503 INFO:teuthology.orchestra.run.smithi043.stdout:/usr/bin/ceph: stderr
2024-09-11T08:25:43.256+0000 7fc2da482640 1 -- 172.21.15.43:0/1650393341 wait complete.
2024-09-11T08:25:44.503 INFO:teuthology.orchestra.run.smithi043.stdout:Fetching dashboard port number...
2024-09-11T08:25:45.641 INFO:journalctl@ceph.mon.a.smithi043.stdout:Sep 11 08:25:45 smithi043 ceph-mon[29355]: from='client.? 172.21.15.43:0/964054933' entity='client.admin' cmd=[{"prefix": "config get", "who": "mgr", "key": "mgr/dashboard/ssl_server_port"}]: dispatch
2024-09-11T08:25:45.649 INFO:teuthology.orchestra.run.smithi043.stdout:/usr/bin/ceph: stdout 8443
2024-09-11T08:25:45.649 INFO:teuthology.orchestra.run.smithi043.stdout:/usr/bin/ceph: stderr
2024-09-11T08:25:44.958+0000 7f816f7bb640 1 Processor -- start
2024-09-11T08:25:45.649 INFO:teuthology.orchestra.run.smithi043.stdout:/usr/bin/ceph: stderr
2024-09-11T08:25:44.959+0000 7f816f7bb640 1 -- start start
2024-09-11T08:25:45.650 INFO:teuthology.orchestra.run.smithi043.stdout:/usr/bin/ceph: stderr
2024-09-11T08:25:44.959+0000 7f816f7bb640 1 --2- >> [v2:172.21.15.43:3300/0,v1:172.21.15.43:6789/0] conn(0x7f81681005b0 0x7f81681009c0 unknown :-1 s=NONE pgs=0 cs=0 l=0 rev1=0 crypto rx=0 tx=0 comp rx=0 tx=0).connect
2024-09-11T08:25:45.650 INFO:teuthology.orchestra.run.smithi043.stdout:/usr/bin/ceph: stderr
2024-09-11T08:25:44.959+0000 7f816f7bb640 1 -- --> [v2:172.21.15.43:3300/0,v1:172.21.15.43:6789/0] -- mon_getmap magic: 0 v1 -- 0x7f8168100f00 con 0x7f81681005b0
2024-09-11T08:25:45.650 INFO:teuthology.orchestra.run.smithi043.stdout:/usr/bin/ceph: stderr
2024-09-11T08:25:44.959+0000 7f816d557640 1 --2- >> [v2:172.21.15.43:3300/0,v1:172.21.15.43:6789/0] conn(0x7f81681005b0 0x7f81681009c0 unknown :-1 s=BANNER_CONNECTING pgs=0 cs=0 l=0 rev1=0 crypto rx=0 tx=0 comp rx=0 tx=0)._handle_peer_banner_payload supported=3 required=0
2024-09-11T08:25:45.650 INFO:teuthology.orchestra.run.smithi043.stdout:/usr/bin/ceph: stderr
2024-09-11T08:25:44.959+0000 7f816d557640 1 --2- >> [v2:172.21.15.43:3300/0,v1:172.21.15.43:6789/0] conn(0x7f81681005b0 0x7f81681009c0 unknown :-1 s=HELLO_CONNECTING pgs=0 cs=0 l=0 rev1=1 crypto rx=0 tx=0 comp rx=0 tx=0).handle_hello peer v2:172.21.15.43:3300/0 says I am v2:172.21.15.43:37892/0 (socket says 172.21.15.43:37892)
2024-09-11T08:25:45.650 INFO:teuthology.orchestra.run.smithi043.stdout:/usr/bin/ceph: stderr
2024-09-11T08:25:44.959+0000 7f816d557640 1 -- 172.21.15.43:0/28849859 learned_addr learned my addr 172.21.15.43:0/28849859 (peer_addr_for_me v2:172.21.15.43:0/0)
2024-09-11T08:25:45.650 INFO:teuthology.orchestra.run.smithi043.stdout:/usr/bin/ceph: stderr
2024-09-11T08:25:44.959+0000 7f816d557640 1 -- 172.21.15.43:0/28849859 --> [v2:172.21.15.43:3300/0,v1:172.21.15.43:6789/0] -- mon_subscribe({config=0+,monmap=0+}) v3 -- 0x7f8168101040 con 0x7f81681005b0
2024-09-11T08:25:45.650 INFO:teuthology.orchestra.run.smithi043.stdout:/usr/bin/ceph: stderr
2024-09-11T08:25:44.960+0000 7f816d557640 1 --2- 172.21.15.43:0/28849859 >> [v2:172.21.15.43:3300/0,v1:172.21.15.43:6789/0] conn(0x7f81681005b0 0x7f81681009c0 secure :-1 s=READY pgs=72 cs=0 l=1 rev1=1 crypto rx=0x7f8164009840 tx=0x7f81640091d0 comp rx=0 tx=0).ready entity=mon.0 client_cookie=22ef8512aa57e4e server_cookie=0 in_seq=0 out_seq=0
2024-09-11T08:25:45.650 INFO:teuthology.orchestra.run.smithi043.stdout:/usr/bin/ceph: stderr
2024-09-11T08:25:44.960+0000 7f815ffff640 1 -- 172.21.15.43:0/28849859 <== mon.0 v2:172.21.15.43:3300/0 1 ==== mon_map magic: 0 v1 ==== 205+0+0 (secure 0 0 0) 0x7f816402add0 con 0x7f81681005b0
2024-09-11T08:25:45.650 INFO:teuthology.orchestra.run.smithi043.stdout:/usr/bin/ceph: stderr
2024-09-11T08:25:44.960+0000 7f815ffff640 1 -- 172.21.15.43:0/28849859 <== mon.0 v2:172.21.15.43:3300/0 2 ==== config(24 keys) v1 ==== 1019+0+0 (secure 0 0 0) 0x7f81640328b0 con 0x7f81681005b0
2024-09-11T08:25:45.650 INFO:teuthology.orchestra.run.smithi043.stdout:/usr/bin/ceph: stderr
2024-09-11T08:25:44.960+0000 7f815ffff640 1 -- 172.21.15.43:0/28849859 <== mon.0 v2:172.21.15.43:3300/0 3 ==== mon_map magic: 0 v1 ==== 205+0+0 (secure 0 0 0) 0x7f8164031690 con 0x7f81681005b0
2024-09-11T08:25:45.650 INFO:teuthology.orchestra.run.smithi043.stdout:/usr/bin/ceph: stderr
2024-09-11T08:25:44.961+0000 7f816f7bb640 1 -- 172.21.15.43:0/28849859 >> [v2:172.21.15.43:3300/0,v1:172.21.15.43:6789/0] conn(0x7f81681005b0 msgr2=0x7f81681009c0 secure :-1 s=STATE_CONNECTION_ESTABLISHED l=1).mark_down
2024-09-11T08:25:45.650 INFO:teuthology.orchestra.run.smithi043.stdout:/usr/bin/ceph: stderr
2024-09-11T08:25:44.961+0000 7f816f7bb640 1 --2- 172.21.15.43:0/28849859 >> [v2:172.21.15.43:3300/0,v1:172.21.15.43:6789/0] conn(0x7f81681005b0 0x7f81681009c0 secure :-1 s=READY pgs=72 cs=0 l=1 rev1=1 crypto rx=0x7f8164009840 tx=0x7f81640091d0 comp rx=0 tx=0).stop
2024-09-11T08:25:45.650 INFO:teuthology.orchestra.run.smithi043.stdout:/usr/bin/ceph: stderr
2024-09-11T08:25:44.961+0000 7f816f7bb640 1 -- 172.21.15.43:0/28849859 shutdown_connections
2024-09-11T08:25:45.651 INFO:teuthology.orchestra.run.smithi043.stdout:/usr/bin/ceph: stderr
2024-09-11T08:25:44.961+0000 7f816f7bb640 1 --2- 172.21.15.43:0/28849859 >> [v2:172.21.15.43:3300/0,v1:172.21.15.43:6789/0] conn(0x7f81681005b0 0x7f81681009c0 unknown :-1 s=CLOSED pgs=72 cs=0 l=1 rev1=1 crypto rx=0 tx=0 comp rx=0 tx=0).stop
2024-09-11T08:25:45.651 INFO:teuthology.orchestra.run.smithi043.stdout:/usr/bin/ceph: stderr
2024-09-11T08:25:44.961+0000 7f816f7bb640 1 -- 172.21.15.43:0/28849859 >> 172.21.15.43:0/28849859 conn(0x7f81680fbe10 msgr2=0x7f81680fe1f0 unknown :-1 s=STATE_NONE l=0).mark_down
2024-09-11T08:25:45.651 INFO:teuthology.orchestra.run.smithi043.stdout:/usr/bin/ceph: stderr
2024-09-11T08:25:44.961+0000 7f816f7bb640 1 -- 172.21.15.43:0/28849859 shutdown_connections
2024-09-11T08:25:45.651 INFO:teuthology.orchestra.run.smithi043.stdout:/usr/bin/ceph: stderr
2024-09-11T08:25:44.961+0000 7f816f7bb640 1 -- 172.21.15.43:0/28849859 wait complete.
2024-09-11T08:25:45.651 INFO:teuthology.orchestra.run.smithi043.stdout:/usr/bin/ceph: stderr
2024-09-11T08:25:44.961+0000 7f816f7bb640 1 Processor -- start
2024-09-11T08:25:45.651 INFO:teuthology.orchestra.run.smithi043.stdout:/usr/bin/ceph: stderr
2024-09-11T08:25:44.962+0000 7f816f7bb640 1 -- start start
2024-09-11T08:25:45.651 INFO:teuthology.orchestra.run.smithi043.stdout:/usr/bin/ceph: stderr
2024-09-11T08:25:44.962+0000 7f816f7bb640 1 --2- >> [v2:172.21.15.43:3300/0,v1:172.21.15.43:6789/0] conn(0x7f81681005b0 0x7f816810f280 unknown :-1 s=NONE pgs=0 cs=0 l=1 rev1=0 crypto rx=0 tx=0 comp rx=0 tx=0).connect
2024-09-11T08:25:45.651 INFO:teuthology.orchestra.run.smithi043.stdout:/usr/bin/ceph: stderr
2024-09-11T08:25:44.962+0000 7f816f7bb640 1 -- --> [v2:172.21.15.43:3300/0,v1:172.21.15.43:6789/0] -- mon_getmap magic: 0 v1 -- 0x7f816810f7c0 con 0x7f81681005b0
2024-09-11T08:25:45.651 INFO:teuthology.orchestra.run.smithi043.stdout:/usr/bin/ceph: stderr
2024-09-11T08:25:44.962+0000 7f816d557640 1 --2- >> [v2:172.21.15.43:3300/0,v1:172.21.15.43:6789/0] conn(0x7f81681005b0 0x7f816810f280 unknown :-1 s=BANNER_CONNECTING pgs=0 cs=0 l=1 rev1=0 crypto rx=0 tx=0 comp rx=0 tx=0)._handle_peer_banner_payload supported=3 required=0
2024-09-11T08:25:45.651 INFO:teuthology.orchestra.run.smithi043.stdout:/usr/bin/ceph: stderr
2024-09-11T08:25:44.962+0000 7f816d557640 1 --2- >> [v2:172.21.15.43:3300/0,v1:172.21.15.43:6789/0] conn(0x7f81681005b0 0x7f816810f280 unknown :-1 s=HELLO_CONNECTING pgs=0 cs=0 l=1 rev1=1 crypto rx=0 tx=0 comp rx=0 tx=0).handle_hello peer v2:172.21.15.43:3300/0 says I am v2:172.21.15.43:37900/0 (socket says 172.21.15.43:37900)
2024-09-11T08:25:45.651 INFO:teuthology.orchestra.run.smithi043.stdout:/usr/bin/ceph: stderr
2024-09-11T08:25:44.962+0000 7f816d557640 1 -- 172.21.15.43:0/964054933 learned_addr learned my addr 172.21.15.43:0/964054933 (peer_addr_for_me v2:172.21.15.43:0/0)
2024-09-11T08:25:45.651 INFO:teuthology.orchestra.run.smithi043.stdout:/usr/bin/ceph: stderr
2024-09-11T08:25:44.962+0000 7f816d557640 1 -- 172.21.15.43:0/964054933 --> [v2:172.21.15.43:3300/0,v1:172.21.15.43:6789/0] -- mon_subscribe({config=0+,monmap=0+}) v3 -- 0x7f8164009450 con 0x7f81681005b0
2024-09-11T08:25:45.651 INFO:teuthology.orchestra.run.smithi043.stdout:/usr/bin/ceph: stderr
2024-09-11T08:25:44.962+0000 7f816d557640 1 --2- 172.21.15.43:0/964054933 >> [v2:172.21.15.43:3300/0,v1:172.21.15.43:6789/0] conn(0x7f81681005b0 0x7f816810f280 secure :-1 s=READY pgs=73 cs=0 l=1 rev1=1 crypto rx=0x7f8164006f00 tx=0x7f8164008040 comp rx=0 tx=0).ready entity=mon.0 client_cookie=0 server_cookie=0 in_seq=0 out_seq=0
2024-09-11T08:25:45.651 INFO:teuthology.orchestra.run.smithi043.stdout:/usr/bin/ceph: stderr
2024-09-11T08:25:44.962+0000 7f815dffb640 1 -- 172.21.15.43:0/964054933 <== mon.0 v2:172.21.15.43:3300/0 1 ==== mon_map magic: 0 v1 ==== 205+0+0 (secure 0 0 0) 0x7f8164031c60 con 0x7f81681005b0
2024-09-11T08:25:45.652 INFO:teuthology.orchestra.run.smithi043.stdout:/usr/bin/ceph: stderr
2024-09-11T08:25:44.962+0000 7f815dffb640 1 -- 172.21.15.43:0/964054933 <== mon.0 v2:172.21.15.43:3300/0 2 ==== config(24 keys) v1 ==== 1019+0+0 (secure 0 0 0) 0x7f8164031dc0 con 0x7f81681005b0
2024-09-11T08:25:45.652 INFO:teuthology.orchestra.run.smithi043.stdout:/usr/bin/ceph: stderr
2024-09-11T08:25:44.962+0000 7f816f7bb640 1 -- 172.21.15.43:0/964054933 --> [v2:172.21.15.43:3300/0,v1:172.21.15.43:6789/0] -- mon_subscribe({mgrmap=0+}) v3 -- 0x7f816810f9c0 con 0x7f81681005b0
2024-09-11T08:25:45.652 INFO:teuthology.orchestra.run.smithi043.stdout:/usr/bin/ceph: stderr
2024-09-11T08:25:44.962+0000 7f815dffb640 1 -- 172.21.15.43:0/964054933 <== mon.0 v2:172.21.15.43:3300/0 3 ==== mon_map magic: 0 v1 ==== 205+0+0 (secure 0 0 0) 0x7f816403a540 con 0x7f81681005b0
2024-09-11T08:25:45.652 INFO:teuthology.orchestra.run.smithi043.stdout:/usr/bin/ceph: stderr
2024-09-11T08:25:44.963+0000 7f816f7bb640 1 -- 172.21.15.43:0/964054933 --> [v2:172.21.15.43:3300/0,v1:172.21.15.43:6789/0] -- mon_subscribe({osdmap=0}) v3 -- 0x7f816810fe30 con 0x7f81681005b0
2024-09-11T08:25:45.652 INFO:teuthology.orchestra.run.smithi043.stdout:/usr/bin/ceph: stderr
2024-09-11T08:25:44.964+0000 7f815dffb640 1 -- 172.21.15.43:0/964054933 <== mon.0 v2:172.21.15.43:3300/0 4 ==== mgrmap(e 12) v1 ==== 45470+0+0 (secure 0 0 0) 0x7f8164039070 con 0x7f81681005b0
2024-09-11T08:25:45.652 INFO:teuthology.orchestra.run.smithi043.stdout:/usr/bin/ceph: stderr
2024-09-11T08:25:44.964+0000 7f816f7bb640 1 -- 172.21.15.43:0/964054933 --> [v2:172.21.15.43:3300/0,v1:172.21.15.43:6789/0] -- mon_command({"prefix": "get_command_descriptions"} v 0) v1 -- 0x7f816804b720 con 0x7f81681005b0
2024-09-11T08:25:45.652 INFO:teuthology.orchestra.run.smithi043.stdout:/usr/bin/ceph: stderr
2024-09-11T08:25:44.964+0000 7f815dffb640 1 --2- 172.21.15.43:0/964054933 >> v2:172.21.15.43:6800/1424089977 conn(0x7f81540394c0 0x7f815403b970 unknown :-1 s=NONE pgs=0 cs=0 l=1 rev1=0 crypto rx=0 tx=0 comp rx=0 tx=0).connect
2024-09-11T08:25:45.652 INFO:teuthology.orchestra.run.smithi043.stdout:/usr/bin/ceph: stderr
2024-09-11T08:25:44.964+0000 7f815dffb640 1 -- 172.21.15.43:0/964054933 <== mon.0 v2:172.21.15.43:3300/0 5 ==== osd_map(3..3 src has 1..3) v4 ==== 1065+0+0 (secure 0 0 0) 0x7f816406c870 con 0x7f81681005b0
2024-09-11T08:25:45.652 INFO:teuthology.orchestra.run.smithi043.stdout:/usr/bin/ceph: stderr
2024-09-11T08:25:44.964+0000 7f816cd56640 1 --2- 172.21.15.43:0/964054933 >> v2:172.21.15.43:6800/1424089977 conn(0x7f81540394c0 0x7f815403b970 unknown :-1 s=BANNER_CONNECTING pgs=0 cs=0 l=1 rev1=0 crypto rx=0 tx=0 comp rx=0 tx=0)._handle_peer_banner_payload supported=3 required=0
2024-09-11T08:25:45.652 INFO:teuthology.orchestra.run.smithi043.stdout:/usr/bin/ceph: stderr
2024-09-11T08:25:44.964+0000 7f816cd56640 1 --2- 172.21.15.43:0/964054933 >> v2:172.21.15.43:6800/1424089977 conn(0x7f81540394c0 0x7f815403b970 secure :-1 s=READY pgs=9 cs=0 l=1 rev1=1 crypto rx=0x7f8158006fd0 tx=0x7f8158006db0 comp rx=0 tx=0).ready entity=mgr.14150 client_cookie=0 server_cookie=0 in_seq=0 out_seq=0
2024-09-11T08:25:45.652 INFO:teuthology.orchestra.run.smithi043.stdout:/usr/bin/ceph: stderr
2024-09-11T08:25:44.969+0000 7f815dffb640 1 -- 172.21.15.43:0/964054933 <== mon.0 v2:172.21.15.43:3300/0 6 ==== mon_command_ack([{"prefix": "get_command_descriptions"}]=0 v0) v1 ==== 72+0+176781 (secure 0 0 0) 0x7f816403b440 con 0x7f81681005b0
2024-09-11T08:25:45.652 INFO:teuthology.orchestra.run.smithi043.stdout:/usr/bin/ceph: stderr
2024-09-11T08:25:45.132+0000 7f816f7bb640 1 -- 172.21.15.43:0/964054933 --> [v2:172.21.15.43:3300/0,v1:172.21.15.43:6789/0] -- mon_command({"prefix": "config get", "who": "mgr", "key": "mgr/dashboard/ssl_server_port"} v 0) v1 -- 0x7f81681023c0 con 0x7f81681005b0
2024-09-11T08:25:45.652 INFO:teuthology.orchestra.run.smithi043.stdout:/usr/bin/ceph: stderr
2024-09-11T08:25:45.132+0000 7f815dffb640 1 -- 172.21.15.43:0/964054933 <== mon.0 v2:172.21.15.43:3300/0 7 ==== mon_command_ack([{"prefix": "config get", "who": "mgr", "key": "mgr/dashboard/ssl_server_port"}]=0 v8) v1 ==== 112+0+5 (secure 0 0 0) 0x7f816403f020 con 0x7f81681005b0
2024-09-11T08:25:45.653 INFO:teuthology.orchestra.run.smithi043.stdout:/usr/bin/ceph: stderr
2024-09-11T08:25:45.134+0000 7f816f7bb640 1 -- 172.21.15.43:0/964054933 >> v2:172.21.15.43:6800/1424089977 conn(0x7f81540394c0 msgr2=0x7f815403b970 secure :-1 s=STATE_CONNECTION_ESTABLISHED l=1).mark_down
2024-09-11T08:25:45.653 INFO:teuthology.orchestra.run.smithi043.stdout:/usr/bin/ceph: stderr
2024-09-11T08:25:45.134+0000 7f816f7bb640 1 --2- 172.21.15.43:0/964054933 >> v2:172.21.15.43:6800/1424089977 conn(0x7f81540394c0 0x7f815403b970 secure :-1 s=READY pgs=9 cs=0 l=1 rev1=1 crypto rx=0x7f8158006fd0 tx=0x7f8158006db0 comp rx=0 tx=0).stop
2024-09-11T08:25:45.653 INFO:teuthology.orchestra.run.smithi043.stdout:/usr/bin/ceph: stderr
2024-09-11T08:25:45.134+0000 7f816f7bb640 1 -- 172.21.15.43:0/964054933 >> [v2:172.21.15.43:3300/0,v1:172.21.15.43:6789/0] conn(0x7f81681005b0 msgr2=0x7f816810f280 secure :-1 s=STATE_CONNECTION_ESTABLISHED l=1).mark_down
2024-09-11T08:25:45.653 INFO:teuthology.orchestra.run.smithi043.stdout:/usr/bin/ceph: stderr
2024-09-11T08:25:45.134+0000 7f816f7bb640 1 --2- 172.21.15.43:0/964054933 >> [v2:172.21.15.43:3300/0,v1:172.21.15.43:6789/0] conn(0x7f81681005b0 0x7f816810f280 secure :-1 s=READY pgs=73 cs=0 l=1 rev1=1 crypto rx=0x7f8164006f00 tx=0x7f8164008040 comp rx=0 tx=0).stop
2024-09-11T08:25:45.653 INFO:teuthology.orchestra.run.smithi043.stdout:/usr/bin/ceph: stderr
2024-09-11T08:25:45.134+0000 7f816f7bb640 1 -- 172.21.15.43:0/964054933 shutdown_connections
2024-09-11T08:25:45.653 INFO:teuthology.orchestra.run.smithi043.stdout:/usr/bin/ceph: stderr
2024-09-11T08:25:45.134+0000 7f816f7bb640 1 --2- 172.21.15.43:0/964054933 >> v2:172.21.15.43:6800/1424089977 conn(0x7f81540394c0 0x7f815403b970 unknown :-1 s=CLOSED pgs=9 cs=0 l=1 rev1=1 crypto rx=0 tx=0 comp rx=0 tx=0).stop
2024-09-11T08:25:45.653 INFO:teuthology.orchestra.run.smithi043.stdout:/usr/bin/ceph: stderr
2024-09-11T08:25:45.134+0000 7f816f7bb640 1 --2- 172.21.15.43:0/964054933 >> [v2:172.21.15.43:3300/0,v1:172.21.15.43:6789/0] conn(0x7f81681005b0 0x7f816810f280 unknown :-1 s=CLOSED pgs=73 cs=0 l=1 rev1=1 crypto rx=0 tx=0 comp rx=0 tx=0).stop
2024-09-11T08:25:45.653 INFO:teuthology.orchestra.run.smithi043.stdout:/usr/bin/ceph: stderr
2024-09-11T08:25:45.134+0000 7f816f7bb640 1 -- 172.21.15.43:0/964054933 >> 172.21.15.43:0/964054933 conn(0x7f81680fbe10 msgr2=0x7f81680fc8a0 unknown :-1 s=STATE_NONE l=0).mark_down
2024-09-11T08:25:45.653 INFO:teuthology.orchestra.run.smithi043.stdout:/usr/bin/ceph: stderr
2024-09-11T08:25:45.134+0000 7f816f7bb640 1 -- 172.21.15.43:0/964054933 shutdown_connections
2024-09-11T08:25:45.653 INFO:teuthology.orchestra.run.smithi043.stdout:/usr/bin/ceph: stderr
2024-09-11T08:25:45.134+0000 7f816f7bb640 1 -- 172.21.15.43:0/964054933 wait complete.
2024-09-11T08:25:45.657 INFO:teuthology.orchestra.run.smithi043.stdout:Non-zero exit code 1 from systemctl is-enabled firewalld.service
2024-09-11T08:25:45.657 INFO:teuthology.orchestra.run.smithi043.stdout:systemctl: stdout disabled
2024-09-11T08:25:45.666 INFO:teuthology.orchestra.run.smithi043.stdout:Non-zero exit code 3 from systemctl is-active firewalld.service
2024-09-11T08:25:45.666 INFO:teuthology.orchestra.run.smithi043.stdout:systemctl: stdout inactive
2024-09-11T08:25:45.666 INFO:teuthology.orchestra.run.smithi043.stdout:firewalld.service is not enabled
2024-09-11T08:25:45.666 INFO:teuthology.orchestra.run.smithi043.stdout:Not possible to open ports <[8443]>. firewalld.service is not available
2024-09-11T08:25:45.668 INFO:teuthology.orchestra.run.smithi043.stdout:Ceph Dashboard is now available at:
2024-09-11T08:25:45.668 INFO:teuthology.orchestra.run.smithi043.stdout:
2024-09-11T08:25:45.668 INFO:teuthology.orchestra.run.smithi043.stdout: URL: https://smithi043.front.sepia.ceph.com:8443/
2024-09-11T08:25:45.668 INFO:teuthology.orchestra.run.smithi043.stdout: User: admin
2024-09-11T08:25:45.669 INFO:teuthology.orchestra.run.smithi043.stdout: Password: 1s0nyu3pc8
2024-09-11T08:25:45.669 INFO:teuthology.orchestra.run.smithi043.stdout:
2024-09-11T08:25:45.669 INFO:teuthology.orchestra.run.smithi043.stdout:Saving cluster configuration to /var/lib/ceph/327ee848-7017-11ef-bcea-c7b262605968/config directory
2024-09-11T08:25:45.669 INFO:teuthology.orchestra.run.smithi043.stdout:Enabling autotune for osd_memory_target
2024-09-11T08:25:46.564 INFO:journalctl@ceph.mon.a.smithi043.stdout:Sep 11 08:25:46 smithi043 ceph-mon[29355]: mgrmap e13: y(active, since 6s)
2024-09-11T08:25:46.821 INFO:teuthology.orchestra.run.smithi043.stdout:/usr/bin/ceph: stderr
2024-09-11T08:25:46.093+0000 7f93fb0f2640 1 Processor -- start
2024-09-11T08:25:46.821 INFO:teuthology.orchestra.run.smithi043.stdout:/usr/bin/ceph: stderr
2024-09-11T08:25:46.093+0000 7f93fb0f2640 1 -- start start
2024-09-11T08:25:46.822 INFO:teuthology.orchestra.run.smithi043.stdout:/usr/bin/ceph: stderr
2024-09-11T08:25:46.093+0000 7f93fb0f2640 1 --2- >> [v2:172.21.15.43:3300/0,v1:172.21.15.43:6789/0] conn(0x7f93f4077440 0x7f93f4075b00 unknown :-1 s=NONE pgs=0 cs=0 l=0 rev1=0 crypto rx=0 tx=0 comp rx=0 tx=0).connect
2024-09-11T08:25:46.822 INFO:teuthology.orchestra.run.smithi043.stdout:/usr/bin/ceph: stderr
2024-09-11T08:25:46.093+0000 7f93fb0f2640 1 -- --> [v2:172.21.15.43:3300/0,v1:172.21.15.43:6789/0] -- mon_getmap magic: 0 v1 -- 0x7f93f4077850 con 0x7f93f4077440
2024-09-11T08:25:46.822 INFO:teuthology.orchestra.run.smithi043.stdout:/usr/bin/ceph: stderr
2024-09-11T08:25:46.093+0000 7f93f8e8e640 1 --2- >> [v2:172.21.15.43:3300/0,v1:172.21.15.43:6789/0] conn(0x7f93f4077440 0x7f93f4075b00 unknown :-1 s=BANNER_CONNECTING pgs=0 cs=0 l=0 rev1=0 crypto rx=0 tx=0 comp rx=0 tx=0)._handle_peer_banner_payload supported=3 required=0
2024-09-11T08:25:46.822 INFO:teuthology.orchestra.run.smithi043.stdout:/usr/bin/ceph: stderr
2024-09-11T08:25:46.093+0000 7f93f8e8e640 1 --2- >> [v2:172.21.15.43:3300/0,v1:172.21.15.43:6789/0] conn(0x7f93f4077440 0x7f93f4075b00 unknown :-1 s=HELLO_CONNECTING pgs=0 cs=0 l=0 rev1=1 crypto rx=0 tx=0 comp rx=0 tx=0).handle_hello peer v2:172.21.15.43:3300/0 says I am v2:172.21.15.43:37908/0 (socket says 172.21.15.43:37908)
2024-09-11T08:25:46.822 INFO:teuthology.orchestra.run.smithi043.stdout:/usr/bin/ceph: stderr
2024-09-11T08:25:46.093+0000 7f93f8e8e640 1 -- 172.21.15.43:0/2701137330 learned_addr learned my addr 172.21.15.43:0/2701137330 (peer_addr_for_me v2:172.21.15.43:0/0)
2024-09-11T08:25:46.822 INFO:teuthology.orchestra.run.smithi043.stdout:/usr/bin/ceph: stderr
2024-09-11T08:25:46.094+0000 7f93f8e8e640 1 -- 172.21.15.43:0/2701137330 --> [v2:172.21.15.43:3300/0,v1:172.21.15.43:6789/0] -- mon_subscribe({config=0+,monmap=0+}) v3 -- 0x7f93f4077990 con 0x7f93f4077440
2024-09-11T08:25:46.822 INFO:teuthology.orchestra.run.smithi043.stdout:/usr/bin/ceph: stderr
2024-09-11T08:25:46.094+0000 7f93f8e8e640 1 --2- 172.21.15.43:0/2701137330 >> [v2:172.21.15.43:3300/0,v1:172.21.15.43:6789/0] conn(0x7f93f4077440 0x7f93f4075b00 secure :-1 s=READY pgs=74 cs=0 l=1 rev1=1 crypto rx=0x7f93e8009840 tx=0x7f93e80091d0 comp rx=0 tx=0).ready entity=mon.0 client_cookie=7fa5cd143de0909b server_cookie=0 in_seq=0 out_seq=0
2024-09-11T08:25:46.822 INFO:teuthology.orchestra.run.smithi043.stdout:/usr/bin/ceph: stderr
2024-09-11T08:25:46.095+0000 7f93f37fe640 1 -- 172.21.15.43:0/2701137330 <== mon.0 v2:172.21.15.43:3300/0 1 ==== mon_map magic: 0 v1 ==== 205+0+0 (secure 0 0 0) 0x7f93e802ae60 con 0x7f93f4077440
2024-09-11T08:25:46.822 INFO:teuthology.orchestra.run.smithi043.stdout:/usr/bin/ceph: stderr
2024-09-11T08:25:46.095+0000 7f93f37fe640 1 -- 172.21.15.43:0/2701137330 <== mon.0 v2:172.21.15.43:3300/0 2 ==== config(24 keys) v1 ==== 1019+0+0 (secure 0 0 0) 0x7f93e80328b0 con 0x7f93f4077440
2024-09-11T08:25:46.822 INFO:teuthology.orchestra.run.smithi043.stdout:/usr/bin/ceph: stderr
2024-09-11T08:25:46.095+0000 7f93f37fe640 1 -- 172.21.15.43:0/2701137330 <== mon.0 v2:172.21.15.43:3300/0 3 ==== mon_map magic: 0 v1 ==== 205+0+0 (secure 0 0 0) 0x7f93e8031740 con 0x7f93f4077440
2024-09-11T08:25:46.822 INFO:teuthology.orchestra.run.smithi043.stdout:/usr/bin/ceph: stderr
2024-09-11T08:25:46.095+0000 7f93fb0f2640 1 -- 172.21.15.43:0/2701137330 >> [v2:172.21.15.43:3300/0,v1:172.21.15.43:6789/0] conn(0x7f93f4077440 msgr2=0x7f93f4075b00 secure :-1 s=STATE_CONNECTION_ESTABLISHED l=1).mark_down
2024-09-11T08:25:46.822 INFO:teuthology.orchestra.run.smithi043.stdout:/usr/bin/ceph: stderr
2024-09-11T08:25:46.095+0000 7f93fb0f2640 1 --2- 172.21.15.43:0/2701137330 >> [v2:172.21.15.43:3300/0,v1:172.21.15.43:6789/0] conn(0x7f93f4077440 0x7f93f4075b00 secure :-1 s=READY pgs=74 cs=0 l=1 rev1=1 crypto rx=0x7f93e8009840 tx=0x7f93e80091d0 comp rx=0 tx=0).stop
2024-09-11T08:25:46.823 INFO:teuthology.orchestra.run.smithi043.stdout:/usr/bin/ceph: stderr
2024-09-11T08:25:46.095+0000 7f93fb0f2640 1 -- 172.21.15.43:0/2701137330 shutdown_connections
2024-09-11T08:25:46.823 INFO:teuthology.orchestra.run.smithi043.stdout:/usr/bin/ceph: stderr
2024-09-11T08:25:46.095+0000 7f93fb0f2640 1 --2- 172.21.15.43:0/2701137330 >> [v2:172.21.15.43:3300/0,v1:172.21.15.43:6789/0] conn(0x7f93f4077440 0x7f93f4075b00 unknown :-1 s=CLOSED pgs=74 cs=0 l=1 rev1=1 crypto rx=0 tx=0 comp rx=0 tx=0).stop
2024-09-11T08:25:46.823 INFO:teuthology.orchestra.run.smithi043.stdout:/usr/bin/ceph: stderr
2024-09-11T08:25:46.095+0000 7f93fb0f2640 1 -- 172.21.15.43:0/2701137330 >> 172.21.15.43:0/2701137330 conn(0x7f93f40fbe10 msgr2=0x7f93f40fe280 unknown :-1 s=STATE_NONE l=0).mark_down
2024-09-11T08:25:46.823 INFO:teuthology.orchestra.run.smithi043.stdout:/usr/bin/ceph: stderr
2024-09-11T08:25:46.095+0000 7f93fb0f2640 1 -- 172.21.15.43:0/2701137330 shutdown_connections
2024-09-11T08:25:46.823 INFO:teuthology.orchestra.run.smithi043.stdout:/usr/bin/ceph: stderr
2024-09-11T08:25:46.095+0000 7f93fb0f2640 1 -- 172.21.15.43:0/2701137330 wait complete.
2024-09-11T08:25:46.823 INFO:teuthology.orchestra.run.smithi043.stdout:/usr/bin/ceph: stderr
2024-09-11T08:25:46.096+0000 7f93fb0f2640 1 Processor -- start
2024-09-11T08:25:46.823 INFO:teuthology.orchestra.run.smithi043.stdout:/usr/bin/ceph: stderr
2024-09-11T08:25:46.096+0000 7f93fb0f2640 1 -- start start
2024-09-11T08:25:46.823 INFO:teuthology.orchestra.run.smithi043.stdout:/usr/bin/ceph: stderr
2024-09-11T08:25:46.096+0000 7f93fb0f2640 1 --2- >> [v2:172.21.15.43:3300/0,v1:172.21.15.43:6789/0] conn(0x7f93f4077440 0x7f93f4111430 unknown :-1 s=NONE pgs=0 cs=0 l=1 rev1=0 crypto rx=0 tx=0 comp rx=0 tx=0).connect
2024-09-11T08:25:46.823 INFO:teuthology.orchestra.run.smithi043.stdout:/usr/bin/ceph: stderr
2024-09-11T08:25:46.096+0000 7f93fb0f2640 1 -- --> [v2:172.21.15.43:3300/0,v1:172.21.15.43:6789/0] -- mon_getmap magic: 0 v1 -- 0x7f93f4111970 con 0x7f93f4077440
2024-09-11T08:25:46.823 INFO:teuthology.orchestra.run.smithi043.stdout:/usr/bin/ceph: stderr
2024-09-11T08:25:46.096+0000 7f93f8e8e640 1 --2- >> [v2:172.21.15.43:3300/0,v1:172.21.15.43:6789/0] conn(0x7f93f4077440 0x7f93f4111430 unknown :-1 s=BANNER_CONNECTING pgs=0 cs=0 l=1 rev1=0 crypto rx=0 tx=0 comp rx=0 tx=0)._handle_peer_banner_payload supported=3 required=0
2024-09-11T08:25:46.823 INFO:teuthology.orchestra.run.smithi043.stdout:/usr/bin/ceph: stderr
2024-09-11T08:25:46.096+0000 7f93f8e8e640 1 --2- >> [v2:172.21.15.43:3300/0,v1:172.21.15.43:6789/0] conn(0x7f93f4077440 0x7f93f4111430 unknown :-1 s=HELLO_CONNECTING pgs=0 cs=0 l=1 rev1=1 crypto rx=0 tx=0 comp rx=0 tx=0).handle_hello peer v2:172.21.15.43:3300/0 says I am v2:172.21.15.43:37924/0 (socket says 172.21.15.43:37924)
2024-09-11T08:25:46.823 INFO:teuthology.orchestra.run.smithi043.stdout:/usr/bin/ceph: stderr
2024-09-11T08:25:46.096+0000 7f93f8e8e640 1 -- 172.21.15.43:0/3088074271 learned_addr learned my addr 172.21.15.43:0/3088074271 (peer_addr_for_me v2:172.21.15.43:0/0)
2024-09-11T08:25:46.823 INFO:teuthology.orchestra.run.smithi043.stdout:/usr/bin/ceph: stderr
2024-09-11T08:25:46.097+0000 7f93f8e8e640 1 -- 172.21.15.43:0/3088074271 --> [v2:172.21.15.43:3300/0,v1:172.21.15.43:6789/0] -- mon_subscribe({config=0+,monmap=0+}) v3 -- 0x7f93e8009450 con 0x7f93f4077440
2024-09-11T08:25:46.824 INFO:teuthology.orchestra.run.smithi043.stdout:/usr/bin/ceph: stderr
2024-09-11T08:25:46.097+0000 7f93f8e8e640 1 --2- 172.21.15.43:0/3088074271 >> [v2:172.21.15.43:3300/0,v1:172.21.15.43:6789/0] conn(0x7f93f4077440 0x7f93f4111430 secure :-1 s=READY pgs=75 cs=0 l=1 rev1=1 crypto rx=0x7f93e8031450 tx=0x7f93e802c040 comp rx=0 tx=0).ready entity=mon.0 client_cookie=0 server_cookie=0 in_seq=0 out_seq=0
2024-09-11T08:25:46.824 INFO:teuthology.orchestra.run.smithi043.stdout:/usr/bin/ceph: stderr
2024-09-11T08:25:46.097+0000 7f93f17fa640 1 -- 172.21.15.43:0/3088074271 <== mon.0 v2:172.21.15.43:3300/0 1 ==== mon_map magic: 0 v1 ==== 205+0+0 (secure 0 0 0) 0x7f93e8031bc0 con 0x7f93f4077440
2024-09-11T08:25:46.824 INFO:teuthology.orchestra.run.smithi043.stdout:/usr/bin/ceph: stderr
2024-09-11T08:25:46.097+0000 7f93fb0f2640 1 -- 172.21.15.43:0/3088074271 --> [v2:172.21.15.43:3300/0,v1:172.21.15.43:6789/0] -- mon_subscribe({mgrmap=0+}) v3 -- 0x7f93f4111b70 con 0x7f93f4077440
2024-09-11T08:25:46.824 INFO:teuthology.orchestra.run.smithi043.stdout:/usr/bin/ceph: stderr
2024-09-11T08:25:46.097+0000 7f93f17fa640 1 -- 172.21.15.43:0/3088074271 <== mon.0 v2:172.21.15.43:3300/0 2 ==== config(24 keys) v1 ==== 1019+0+0 (secure 0 0 0) 0x7f93e8031d20 con 0x7f93f4077440
2024-09-11T08:25:46.824 INFO:teuthology.orchestra.run.smithi043.stdout:/usr/bin/ceph: stderr
2024-09-11T08:25:46.097+0000 7f93f17fa640 1 -- 172.21.15.43:0/3088074271 <== mon.0 v2:172.21.15.43:3300/0 3 ==== mon_map magic: 0 v1 ==== 205+0+0 (secure 0 0 0) 0x7f93e803b420 con 0x7f93f4077440
2024-09-11T08:25:46.824 INFO:teuthology.orchestra.run.smithi043.stdout:/usr/bin/ceph: stderr
2024-09-11T08:25:46.097+0000 7f93fb0f2640 1 -- 172.21.15.43:0/3088074271 --> [v2:172.21.15.43:3300/0,v1:172.21.15.43:6789/0] -- mon_subscribe({osdmap=0}) v3 -- 0x7f93f4111fe0 con 0x7f93f4077440
2024-09-11T08:25:46.824 INFO:teuthology.orchestra.run.smithi043.stdout:/usr/bin/ceph: stderr
2024-09-11T08:25:46.098+0000 7f93f17fa640 1 -- 172.21.15.43:0/3088074271 <== mon.0 v2:172.21.15.43:3300/0 4 ==== mgrmap(e 13) v1 ==== 45513+0+0 (secure 0 0 0) 0x7f93e8039070 con 0x7f93f4077440
2024-09-11T08:25:46.824 INFO:teuthology.orchestra.run.smithi043.stdout:/usr/bin/ceph: stderr
2024-09-11T08:25:46.098+0000 7f93f17fa640 1 --2- 172.21.15.43:0/3088074271 >> v2:172.21.15.43:6800/1424089977 conn(0x7f93e4039510 0x7f93e403b9c0 unknown :-1 s=NONE pgs=0 cs=0 l=1 rev1=0 crypto rx=0 tx=0 comp rx=0 tx=0).connect
2024-09-11T08:25:46.824 INFO:teuthology.orchestra.run.smithi043.stdout:/usr/bin/ceph: stderr
2024-09-11T08:25:46.098+0000 7f93f17fa640 1 -- 172.21.15.43:0/3088074271 <== mon.0 v2:172.21.15.43:3300/0 5 ==== osd_map(3..3 src has 1..3) v4 ==== 1065+0+0 (secure 0 0 0) 0x7f93e806df00 con 0x7f93f4077440
2024-09-11T08:25:46.824 INFO:teuthology.orchestra.run.smithi043.stdout:/usr/bin/ceph: stderr
2024-09-11T08:25:46.098+0000 7f93f3fff640 1 --2- 172.21.15.43:0/3088074271 >> v2:172.21.15.43:6800/1424089977 conn(0x7f93e4039510 0x7f93e403b9c0 unknown :-1 s=BANNER_CONNECTING pgs=0 cs=0 l=1 rev1=0 crypto rx=0 tx=0 comp rx=0 tx=0)._handle_peer_banner_payload supported=3 required=0
2024-09-11T08:25:46.824 INFO:teuthology.orchestra.run.smithi043.stdout:/usr/bin/ceph: stderr
2024-09-11T08:25:46.098+0000 7f93fb0f2640 1 -- 172.21.15.43:0/3088074271 --> [v2:172.21.15.43:3300/0,v1:172.21.15.43:6789/0] -- mon_command({"prefix": "get_command_descriptions"} v 0) v1 -- 0x7f93f405ed70 con 0x7f93f4077440
2024-09-11T08:25:46.824 INFO:teuthology.orchestra.run.smithi043.stdout:/usr/bin/ceph: stderr
2024-09-11T08:25:46.099+0000 7f93f3fff640 1 --2- 172.21.15.43:0/3088074271 >> v2:172.21.15.43:6800/1424089977 conn(0x7f93e4039510 0x7f93e403b9c0 secure :-1 s=READY pgs=10 cs=0 l=1 rev1=1 crypto rx=0x7f93e0006fd0 tx=0x7f93e0006db0 comp rx=0 tx=0).ready entity=mgr.14150 client_cookie=0 server_cookie=0 in_seq=0 out_seq=0
2024-09-11T08:25:46.824 INFO:teuthology.orchestra.run.smithi043.stdout:/usr/bin/ceph: stderr
2024-09-11T08:25:46.103+0000 7f93f17fa640 1 -- 172.21.15.43:0/3088074271 <== mon.0 v2:172.21.15.43:3300/0 6 ==== mon_command_ack([{"prefix": "get_command_descriptions"}]=0 v0) v1 ==== 72+0+176781 (secure 0 0 0) 0x7f93e8041020 con 0x7f93f4077440
2024-09-11T08:25:46.825 INFO:teuthology.orchestra.run.smithi043.stdout:/usr/bin/ceph: stderr
2024-09-11T08:25:46.266+0000 7f93fb0f2640 1 -- 172.21.15.43:0/3088074271 --> [v2:172.21.15.43:3300/0,v1:172.21.15.43:6789/0] -- mon_command([{prefix=config set, name=osd_memory_target_autotune}] v 0) v1 -- 0x7f93f404b720 con 0x7f93f4077440
2024-09-11T08:25:46.825 INFO:teuthology.orchestra.run.smithi043.stdout:/usr/bin/ceph: stderr
2024-09-11T08:25:46.267+0000 7f93f17fa640 1 -- 172.21.15.43:0/3088074271 <== mon.0 v2:172.21.15.43:3300/0 7 ==== mon_command_ack([{prefix=config set, name=osd_memory_target_autotune}]=0 v8)=0 v8) v1 ==== 127+0+0 (secure 0 0 0) 0x7f93e80550c0 con 0x7f93f4077440
2024-09-11T08:25:46.825 INFO:teuthology.orchestra.run.smithi043.stdout:/usr/bin/ceph: stderr
2024-09-11T08:25:46.269+0000 7f93fb0f2640 1 -- 172.21.15.43:0/3088074271 >> v2:172.21.15.43:6800/1424089977 conn(0x7f93e4039510 msgr2=0x7f93e403b9c0 secure :-1 s=STATE_CONNECTION_ESTABLISHED l=1).mark_down
2024-09-11T08:25:46.825 INFO:teuthology.orchestra.run.smithi043.stdout:/usr/bin/ceph: stderr
2024-09-11T08:25:46.269+0000 7f93fb0f2640 1 --2- 172.21.15.43:0/3088074271 >> v2:172.21.15.43:6800/1424089977 conn(0x7f93e4039510 0x7f93e403b9c0 secure :-1 s=READY pgs=10 cs=0 l=1 rev1=1 crypto rx=0x7f93e0006fd0 tx=0x7f93e0006db0 comp rx=0 tx=0).stop
2024-09-11T08:25:46.825 INFO:teuthology.orchestra.run.smithi043.stdout:/usr/bin/ceph: stderr
2024-09-11T08:25:46.269+0000 7f93fb0f2640 1 -- 172.21.15.43:0/3088074271 >> [v2:172.21.15.43:3300/0,v1:172.21.15.43:6789/0] conn(0x7f93f4077440 msgr2=0x7f93f4111430 secure :-1 s=STATE_CONNECTION_ESTABLISHED l=1).mark_down
2024-09-11T08:25:46.825 INFO:teuthology.orchestra.run.smithi043.stdout:/usr/bin/ceph: stderr
2024-09-11T08:25:46.269+0000 7f93fb0f2640 1 --2- 172.21.15.43:0/3088074271 >> [v2:172.21.15.43:3300/0,v1:172.21.15.43:6789/0] conn(0x7f93f4077440 0x7f93f4111430 secure :-1 s=READY pgs=75 cs=0 l=1 rev1=1 crypto rx=0x7f93e8031450 tx=0x7f93e802c040 comp rx=0 tx=0).stop
2024-09-11T08:25:46.825 INFO:teuthology.orchestra.run.smithi043.stdout:/usr/bin/ceph: stderr
2024-09-11T08:25:46.269+0000 7f93fb0f2640 1 -- 172.21.15.43:0/3088074271 shutdown_connections
2024-09-11T08:25:46.825 INFO:teuthology.orchestra.run.smithi043.stdout:/usr/bin/ceph: stderr
2024-09-11T08:25:46.269+0000 7f93fb0f2640 1 --2- 172.21.15.43:0/3088074271 >> v2:172.21.15.43:6800/1424089977 conn(0x7f93e4039510 0x7f93e403b9c0 unknown :-1 s=CLOSED pgs=10 cs=0 l=1 rev1=1 crypto rx=0 tx=0 comp rx=0 tx=0).stop
2024-09-11T08:25:46.825 INFO:teuthology.orchestra.run.smithi043.stdout:/usr/bin/ceph: stderr
