2024-09-13T05:43:22.568+0000 7f17477fe640 1 -- 172.21.15.79:0/95482149 <== mon.0 v2:172.21.15.79:3300/0 3 ==== mon_map magic: 0 ==== 205+0+0 (secure 0 0 0) 0x7f174003a390 con 0x7f1750106960
2024-09-13T05:43:23.542 INFO:teuthology.orchestra.run.smithi079.stdout:/usr/bin/ceph: stderr
2024-09-13T05:43:22.568+0000 7f1754fec640 1 -- 172.21.15.79:0/95482149 --> [v2:172.21.15.79:3300/0,v1:172.21.15.79:6789/0] -- mon_subscribe({mgrmap=0+}) -- 0x7f175007b2e0 con 0x7f1750106960
2024-09-13T05:43:23.542 INFO:teuthology.orchestra.run.smithi079.stdout:/usr/bin/ceph: stderr
2024-09-13T05:43:22.568+0000 7f1754fec640 1 -- 172.21.15.79:0/95482149 --> [v2:172.21.15.79:3300/0,v1:172.21.15.79:6789/0] -- mon_subscribe({osdmap=0}) -- 0x7f175007b860 con 0x7f1750106960
2024-09-13T05:43:23.542 INFO:teuthology.orchestra.run.smithi079.stdout:/usr/bin/ceph: stderr
2024-09-13T05:43:22.568+0000 7f17477fe640 1 -- 172.21.15.79:0/95482149 <== mon.0 v2:172.21.15.79:3300/0 4 ==== mgrmap(e 13) ==== 51743+0+0 (secure 0 0 0) 0x7f174003b430 con 0x7f1750106960
2024-09-13T05:43:23.542 INFO:teuthology.orchestra.run.smithi079.stdout:/usr/bin/ceph: stderr
2024-09-13T05:43:22.568+0000 7f1754fec640 1 -- 172.21.15.79:0/95482149 --> [v2:172.21.15.79:3300/0,v1:172.21.15.79:6789/0] -- mon_command({"prefix": "get_command_descriptions"} v 0) -- 0x7f1750106d60 con 0x7f1750106960
2024-09-13T05:43:23.542 INFO:teuthology.orchestra.run.smithi079.stdout:/usr/bin/ceph: stderr
2024-09-13T05:43:22.568+0000 7f17477fe640 1 --2- 172.21.15.79:0/95482149 >> v2:172.21.15.79:6800/614049769 conn(0x7f173c03f770 0x7f173c041c30 unknown :-1 s=NONE pgs=0 cs=0 l=1 rev1=0 crypto rx=0 tx=0 comp rx=0 tx=0).connect
2024-09-13T05:43:23.543 INFO:teuthology.orchestra.run.smithi079.stdout:/usr/bin/ceph: stderr
2024-09-13T05:43:22.568+0000 7f17477fe640 1 -- 172.21.15.79:0/95482149 <== mon.0 v2:172.21.15.79:3300/0 5 ==== osd_map(3..3 src has 1..3) ==== 1069+0+0 (secure 0 0 0) 0x7f1740074350 con 0x7f1750106960
2024-09-13T05:43:23.543 INFO:teuthology.orchestra.run.smithi079.stdout:/usr/bin/ceph: stderr
2024-09-13T05:43:22.568+0000 7f174dd9b640 1 --2- 172.21.15.79:0/95482149 >> v2:172.21.15.79:6800/614049769 conn(0x7f173c03f770 0x7f173c041c30 unknown :-1 s=BANNER_CONNECTING pgs=0 cs=0 l=1 rev1=0 crypto rx=0 tx=0 comp rx=0 tx=0)._handle_peer_banner_payload supported=3 required=0
2024-09-13T05:43:23.543 INFO:teuthology.orchestra.run.smithi079.stdout:/usr/bin/ceph: stderr
2024-09-13T05:43:22.568+0000 7f174dd9b640 1 --2- 172.21.15.79:0/95482149 >> v2:172.21.15.79:6800/614049769 conn(0x7f173c03f770 0x7f173c041c30 secure :-1 s=READY pgs=8 cs=0 l=1 rev1=1 crypto rx=0x7f17380098c0 tx=0x7f1738006db0 comp rx=0 tx=0).ready entity=mgr.14152 client_cookie=0 server_cookie=0 in_seq=0 out_seq=0
2024-09-13T05:43:23.543 INFO:teuthology.orchestra.run.smithi079.stdout:/usr/bin/ceph: stderr
2024-09-13T05:43:22.572+0000 7f17477fe640 1 -- 172.21.15.79:0/95482149 <== mon.0 v2:172.21.15.79:3300/0 6 ==== mon_command_ack([{"prefix": "get_command_descriptions"}]=0 v0) ==== 72+0+196987 (secure 0 0 0) 0x7f174003aae0 con 0x7f1750106960
2024-09-13T05:43:23.543 INFO:teuthology.orchestra.run.smithi079.stdout:/usr/bin/ceph: stderr
2024-09-13T05:43:22.948+0000 7f1754fec640 1 -- 172.21.15.79:0/95482149 --> v2:172.21.15.79:6800/614049769 -- mgr_command(tid 0: {"prefix": "dashboard set-ssl-certificate", "target": ["mon-mgr", ""]}) -- 0x7f175007bd90 con 0x7f173c03f770
2024-09-13T05:43:23.543 INFO:teuthology.orchestra.run.smithi079.stdout:/usr/bin/ceph: stderr
2024-09-13T05:43:22.956+0000 7f17477fe640 1 -- 172.21.15.79:0/95482149 <== mgr.14152 v2:172.21.15.79:6800/614049769 1 ==== mgr_command_reply(tid 0: 0 ) ==== 8+0+24 (secure 0 0 0) 0x7f175007bd90 con 0x7f173c03f770
2024-09-13T05:43:23.543 INFO:teuthology.orchestra.run.smithi079.stdout:/usr/bin/ceph: stderr
2024-09-13T05:43:22.956+0000 7f1754fec640 1 -- 172.21.15.79:0/95482149 >> v2:172.21.15.79:6800/614049769 conn(0x7f173c03f770 msgr2=0x7f173c041c30 secure :-1 s=STATE_CONNECTION_ESTABLISHED l=1).mark_down
2024-09-13T05:43:23.543 INFO:teuthology.orchestra.run.smithi079.stdout:/usr/bin/ceph: stderr
2024-09-13T05:43:22.956+0000 7f1754fec640 1 --2- 172.21.15.79:0/95482149 >> v2:172.21.15.79:6800/614049769 conn(0x7f173c03f770 0x7f173c041c30 secure :-1 s=READY pgs=8 cs=0 l=1 rev1=1 crypto rx=0x7f17380098c0 tx=0x7f1738006db0 comp rx=0 tx=0).stop
2024-09-13T05:43:23.543 INFO:teuthology.orchestra.run.smithi079.stdout:/usr/bin/ceph: stderr
2024-09-13T05:43:22.956+0000 7f1754fec640 1 -- 172.21.15.79:0/95482149 >> [v2:172.21.15.79:3300/0,v1:172.21.15.79:6789/0] conn(0x7f1750106960 msgr2=0x7f175007c990 secure :-1 s=STATE_CONNECTION_ESTABLISHED l=1).mark_down
2024-09-13T05:43:23.543 INFO:teuthology.orchestra.run.smithi079.stdout:/usr/bin/ceph: stderr
2024-09-13T05:43:22.956+0000 7f1754fec640 1 --2- 172.21.15.79:0/95482149 >> [v2:172.21.15.79:3300/0,v1:172.21.15.79:6789/0] conn(0x7f1750106960 0x7f175007c990 secure :-1 s=READY pgs=73 cs=0 l=1 rev1=1 crypto rx=0x7f1740000c00 tx=0x7f1740030b70 comp rx=0 tx=0).stop
2024-09-13T05:43:23.543 INFO:teuthology.orchestra.run.smithi079.stdout:/usr/bin/ceph: stderr
2024-09-13T05:43:22.956+0000 7f1754fec640 1 -- 172.21.15.79:0/95482149 shutdown_connections
2024-09-13T05:43:23.543 INFO:teuthology.orchestra.run.smithi079.stdout:/usr/bin/ceph: stderr
2024-09-13T05:43:22.956+0000 7f1754fec640 1 --2- 172.21.15.79:0/95482149 >> v2:172.21.15.79:6800/614049769 conn(0x7f173c03f770 0x7f173c041c30 unknown :-1 s=CLOSED pgs=8 cs=0 l=1 rev1=1 crypto rx=0 tx=0 comp rx=0 tx=0).stop
2024-09-13T05:43:23.543 INFO:teuthology.orchestra.run.smithi079.stdout:/usr/bin/ceph: stderr
2024-09-13T05:43:22.956+0000 7f1754fec640 1 --2- 172.21.15.79:0/95482149 >> [v2:172.21.15.79:3300/0,v1:172.21.15.79:6789/0] conn(0x7f1750106960 0x7f175007c990 unknown :-1 s=CLOSED pgs=73 cs=0 l=1 rev1=1 crypto rx=0 tx=0 comp rx=0 tx=0).stop
2024-09-13T05:43:23.544 INFO:teuthology.orchestra.run.smithi079.stdout:/usr/bin/ceph: stderr
2024-09-13T05:43:22.956+0000 7f1754fec640 1 -- 172.21.15.79:0/95482149 >> 172.21.15.79:0/95482149 conn(0x7f1750102250 msgr2=0x7f1750102c90 unknown :-1 s=STATE_NONE l=0).mark_down
2024-09-13T05:43:23.544 INFO:teuthology.orchestra.run.smithi079.stdout:/usr/bin/ceph: stderr
2024-09-13T05:43:22.956+0000 7f1754fec640 1 -- 172.21.15.79:0/95482149 shutdown_connections
2024-09-13T05:43:23.544 INFO:teuthology.orchestra.run.smithi079.stdout:/usr/bin/ceph: stderr
2024-09-13T05:43:22.956+0000 7f1754fec640 1 -- 172.21.15.79:0/95482149 wait complete.
2024-09-13T05:43:24.237 INFO:journalctl@ceph.mon.a.smithi079.stdout:Sep 13 05:43:23 smithi079 bash[22814]: audit
2024-09-13T05:43:22.955801+0000 mgr.y (mgr.14152) 9 : audit [DBG] from='client.14166 -' entity='client.admin' cmd=[{"prefix": "dashboard set-ssl-certificate", "target": ["mon-mgr", ""]}]: dispatch
2024-09-13T05:43:24.237 INFO:journalctl@ceph.mon.a.smithi079.stdout:Sep 13 05:43:23 smithi079 bash[22814]: audit
2024-09-13T05:43:22.955801+0000 mgr.y (mgr.14152) 9 : audit [DBG] from='client.14166 -' entity='client.admin' cmd=[{"prefix": "dashboard set-ssl-certificate", "target": ["mon-mgr", ""]}]: dispatch
2024-09-13T05:43:24.237 INFO:journalctl@ceph.mon.a.smithi079.stdout:Sep 13 05:43:23 smithi079 bash[22814]: audit
2024-09-13T05:43:22.958855+0000 mon.a (mon.0) 93 : audit [INF] from='mgr.14152 172.21.15.79:0/1707890974' entity='mgr.y'
2024-09-13T05:43:24.237 INFO:journalctl@ceph.mon.a.smithi079.stdout:Sep 13 05:43:23 smithi079 bash[22814]: audit
2024-09-13T05:43:22.958855+0000 mon.a (mon.0) 93 : audit [INF] from='mgr.14152 172.21.15.79:0/1707890974' entity='mgr.y'
2024-09-13T05:43:25.487 INFO:journalctl@ceph.mon.a.smithi079.stdout:Sep 13 05:43:25 smithi079 bash[22814]: audit
2024-09-13T05:43:24.204598+0000 mon.a (mon.0) 94 : audit [INF] from='mgr.14152 172.21.15.79:0/1707890974' entity='mgr.y'
2024-09-13T05:43:25.487 INFO:journalctl@ceph.mon.a.smithi079.stdout:Sep 13 05:43:25 smithi079 bash[22814]: audit
2024-09-13T05:43:24.204598+0000 mon.a (mon.0) 94 : audit [INF] from='mgr.14152 172.21.15.79:0/1707890974' entity='mgr.y'
2024-09-13T05:43:25.487 INFO:journalctl@ceph.mon.a.smithi079.stdout:Sep 13 05:43:25 smithi079 bash[22814]: audit
2024-09-13T05:43:24.978003+0000 mon.a (mon.0) 95 : audit [INF] from='mgr.14152 172.21.15.79:0/1707890974' entity='mgr.y'
2024-09-13T05:43:25.487 INFO:journalctl@ceph.mon.a.smithi079.stdout:Sep 13 05:43:25 smithi079 bash[22814]: audit
2024-09-13T05:43:24.978003+0000 mon.a (mon.0) 95 : audit [INF] from='mgr.14152 172.21.15.79:0/1707890974' entity='mgr.y'
2024-09-13T05:43:25.556 INFO:teuthology.orchestra.run.smithi079.stdout:/usr/bin/ceph: stdout SSL certificate key updated
2024-09-13T05:43:25.556 INFO:teuthology.orchestra.run.smithi079.stdout:/usr/bin/ceph: stderr
2024-09-13T05:43:24.568+0000 7f0bde725640 1 Processor -- start
2024-09-13T05:43:25.556 INFO:teuthology.orchestra.run.smithi079.stdout:/usr/bin/ceph: stderr
2024-09-13T05:43:24.568+0000 7f0bde725640 1 -- start start
2024-09-13T05:43:25.556 INFO:teuthology.orchestra.run.smithi079.stdout:/usr/bin/ceph: stderr
2024-09-13T05:43:24.568+0000 7f0bde725640 1 --2- >> [v2:172.21.15.79:3300/0,v1:172.21.15.79:6789/0] conn(0x7f0bd807a330 0x7f0bd810b920 unknown :-1 s=NONE pgs=0 cs=0 l=0 rev1=0 crypto rx=0 tx=0 comp rx=0 tx=0).connect
2024-09-13T05:43:25.556 INFO:teuthology.orchestra.run.smithi079.stdout:/usr/bin/ceph: stderr
2024-09-13T05:43:24.568+0000 7f0bde725640 1 -- --> [v2:172.21.15.79:3300/0,v1:172.21.15.79:6789/0] -- mon_getmap magic: 0 -- 0x7f0bd807a730 con 0x7f0bd807a330
2024-09-13T05:43:25.556 INFO:teuthology.orchestra.run.smithi079.stdout:/usr/bin/ceph: stderr
2024-09-13T05:43:24.568+0000 7f0bd7fff640 1 --2- >> [v2:172.21.15.79:3300/0,v1:172.21.15.79:6789/0] conn(0x7f0bd807a330 0x7f0bd810b920 unknown :-1 s=BANNER_CONNECTING pgs=0 cs=0 l=0 rev1=0 crypto rx=0 tx=0 comp rx=0 tx=0)._handle_peer_banner_payload supported=3 required=0
2024-09-13T05:43:25.556 INFO:teuthology.orchestra.run.smithi079.stdout:/usr/bin/ceph: stderr
2024-09-13T05:43:24.572+0000 7f0bd7fff640 1 --2- >> [v2:172.21.15.79:3300/0,v1:172.21.15.79:6789/0] conn(0x7f0bd807a330 0x7f0bd810b920 unknown :-1 s=HELLO_CONNECTING pgs=0 cs=0 l=0 rev1=1 crypto rx=0 tx=0 comp rx=0 tx=0).handle_hello peer v2:172.21.15.79:3300/0 says I am v2:172.21.15.79:43958/0 (socket says 172.21.15.79:43958)
2024-09-13T05:43:25.556 INFO:teuthology.orchestra.run.smithi079.stdout:/usr/bin/ceph: stderr
2024-09-13T05:43:24.572+0000 7f0bd7fff640 1 -- 172.21.15.79:0/3123241847 learned_addr learned my addr 172.21.15.79:0/3123241847 (peer_addr_for_me v2:172.21.15.79:0/0)
2024-09-13T05:43:25.556 INFO:teuthology.orchestra.run.smithi079.stdout:/usr/bin/ceph: stderr
2024-09-13T05:43:24.572+0000 7f0bd7fff640 1 -- 172.21.15.79:0/3123241847 --> [v2:172.21.15.79:3300/0,v1:172.21.15.79:6789/0] -- mon_subscribe({config=0+,monmap=0+}) -- 0x7f0bd810be60 con 0x7f0bd807a330
2024-09-13T05:43:25.556 INFO:teuthology.orchestra.run.smithi079.stdout:/usr/bin/ceph: stderr
2024-09-13T05:43:24.572+0000 7f0bd7fff640 1 --2- 172.21.15.79:0/3123241847 >> [v2:172.21.15.79:3300/0,v1:172.21.15.79:6789/0] conn(0x7f0bd807a330 0x7f0bd810b920 secure :-1 s=READY pgs=74 cs=0 l=1 rev1=1 crypto rx=0x7f0bc8009820 tx=0x7f0bc802a270 comp rx=0 tx=0).ready entity=mon.0 client_cookie=9211bb41cbf54874 server_cookie=0 in_seq=0 out_seq=0
2024-09-13T05:43:25.556 INFO:teuthology.orchestra.run.smithi079.stdout:/usr/bin/ceph: stderr
2024-09-13T05:43:24.572+0000 7f0bd6ffd640 1 -- 172.21.15.79:0/3123241847 <== mon.0 v2:172.21.15.79:3300/0 1 ==== mon_map magic: 0 ==== 205+0+0 (secure 0 0 0) 0x7f0bc8037070 con 0x7f0bd807a330
2024-09-13T05:43:25.557 INFO:teuthology.orchestra.run.smithi079.stdout:/usr/bin/ceph: stderr
2024-09-13T05:43:24.572+0000 7f0bd6ffd640 1 -- 172.21.15.79:0/3123241847 <== mon.0 v2:172.21.15.79:3300/0 2 ==== config(25 keys) ==== 1054+0+0 (secure 0 0 0) 0x7f0bc80328c0 con 0x7f0bd807a330
2024-09-13T05:43:25.557 INFO:teuthology.orchestra.run.smithi079.stdout:/usr/bin/ceph: stderr
2024-09-13T05:43:24.572+0000 7f0bd6ffd640 1 -- 172.21.15.79:0/3123241847 <== mon.0 v2:172.21.15.79:3300/0 3 ==== mon_map magic: 0 ==== 205+0+0 (secure 0 0 0) 0x7f0bc8030640 con 0x7f0bd807a330
2024-09-13T05:43:25.557 INFO:teuthology.orchestra.run.smithi079.stdout:/usr/bin/ceph: stderr
2024-09-13T05:43:24.572+0000 7f0bde725640 1 -- 172.21.15.79:0/3123241847 >> [v2:172.21.15.79:3300/0,v1:172.21.15.79:6789/0] conn(0x7f0bd807a330 msgr2=0x7f0bd810b920 secure :-1 s=STATE_CONNECTION_ESTABLISHED l=1).mark_down
2024-09-13T05:43:25.557 INFO:teuthology.orchestra.run.smithi079.stdout:/usr/bin/ceph: stderr
2024-09-13T05:43:24.572+0000 7f0bde725640 1 --2- 172.21.15.79:0/3123241847 >> [v2:172.21.15.79:3300/0,v1:172.21.15.79:6789/0] conn(0x7f0bd807a330 0x7f0bd810b920 secure :-1 s=READY pgs=74 cs=0 l=1 rev1=1 crypto rx=0x7f0bc8009820 tx=0x7f0bc802a270 comp rx=0 tx=0).stop
2024-09-13T05:43:25.557 INFO:teuthology.orchestra.run.smithi079.stdout:/usr/bin/ceph: stderr
2024-09-13T05:43:24.572+0000 7f0bde725640 1 -- 172.21.15.79:0/3123241847 shutdown_connections
2024-09-13T05:43:25.557 INFO:teuthology.orchestra.run.smithi079.stdout:/usr/bin/ceph: stderr
2024-09-13T05:43:24.572+0000 7f0bde725640 1 --2- 172.21.15.79:0/3123241847 >> [v2:172.21.15.79:3300/0,v1:172.21.15.79:6789/0] conn(0x7f0bd807a330 0x7f0bd810b920 unknown :-1 s=CLOSED pgs=74 cs=0 l=1 rev1=1 crypto rx=0 tx=0 comp rx=0 tx=0).stop
2024-09-13T05:43:25.557 INFO:teuthology.orchestra.run.smithi079.stdout:/usr/bin/ceph: stderr
2024-09-13T05:43:24.572+0000 7f0bde725640 1 -- 172.21.15.79:0/3123241847 >> 172.21.15.79:0/3123241847 conn(0x7f0bd81011b0 msgr2=0x7f0bd81035d0 unknown :-1 s=STATE_NONE l=0).mark_down
2024-09-13T05:43:25.557 INFO:teuthology.orchestra.run.smithi079.stdout:/usr/bin/ceph: stderr
2024-09-13T05:43:24.572+0000 7f0bde725640 1 -- 172.21.15.79:0/3123241847 shutdown_connections
2024-09-13T05:43:25.557 INFO:teuthology.orchestra.run.smithi079.stdout:/usr/bin/ceph: stderr
2024-09-13T05:43:24.572+0000 7f0bde725640 1 -- 172.21.15.79:0/3123241847 wait complete.
2024-09-13T05:43:25.557 INFO:teuthology.orchestra.run.smithi079.stdout:/usr/bin/ceph: stderr
2024-09-13T05:43:24.572+0000 7f0bde725640 1 Processor -- start
2024-09-13T05:43:25.557 INFO:teuthology.orchestra.run.smithi079.stdout:/usr/bin/ceph: stderr
2024-09-13T05:43:24.572+0000 7f0bde725640 1 -- start start
2024-09-13T05:43:25.557 INFO:teuthology.orchestra.run.smithi079.stdout:/usr/bin/ceph: stderr
2024-09-13T05:43:24.572+0000 7f0bde725640 1 --2- >> [v2:172.21.15.79:3300/0,v1:172.21.15.79:6789/0] conn(0x7f0bd807a330 0x7f0bd819ca20 unknown :-1 s=NONE pgs=0 cs=0 l=1 rev1=0 crypto rx=0 tx=0 comp rx=0 tx=0).connect
2024-09-13T05:43:25.557 INFO:teuthology.orchestra.run.smithi079.stdout:/usr/bin/ceph: stderr
2024-09-13T05:43:24.572+0000 7f0bde725640 1 -- --> [v2:172.21.15.79:3300/0,v1:172.21.15.79:6789/0] -- mon_getmap magic: 0 -- 0x7f0bd810cf10 con 0x7f0bd807a330
2024-09-13T05:43:25.558 INFO:teuthology.orchestra.run.smithi079.stdout:/usr/bin/ceph: stderr
2024-09-13T05:43:24.572+0000 7f0bd7fff640 1 --2- >> [v2:172.21.15.79:3300/0,v1:172.21.15.79:6789/0] conn(0x7f0bd807a330 0x7f0bd819ca20 unknown :-1 s=BANNER_CONNECTING pgs=0 cs=0 l=1 rev1=0 crypto rx=0 tx=0 comp rx=0 tx=0)._handle_peer_banner_payload supported=3 required=0
2024-09-13T05:43:25.558 INFO:teuthology.orchestra.run.smithi079.stdout:/usr/bin/ceph: stderr
2024-09-13T05:43:24.572+0000 7f0bd7fff640 1 --2- >> [v2:172.21.15.79:3300/0,v1:172.21.15.79:6789/0] conn(0x7f0bd807a330 0x7f0bd819ca20 unknown :-1 s=HELLO_CONNECTING pgs=0 cs=0 l=1 rev1=1 crypto rx=0 tx=0 comp rx=0 tx=0).handle_hello peer v2:172.21.15.79:3300/0 says I am v2:172.21.15.79:43966/0 (socket says 172.21.15.79:43966)
2024-09-13T05:43:25.558 INFO:teuthology.orchestra.run.smithi079.stdout:/usr/bin/ceph: stderr
2024-09-13T05:43:24.572+0000 7f0bd7fff640 1 -- 172.21.15.79:0/1580185654 learned_addr learned my addr 172.21.15.79:0/1580185654 (peer_addr_for_me v2:172.21.15.79:0/0)
2024-09-13T05:43:25.558 INFO:teuthology.orchestra.run.smithi079.stdout:/usr/bin/ceph: stderr
2024-09-13T05:43:24.572+0000 7f0bd7fff640 1 -- 172.21.15.79:0/1580185654 --> [v2:172.21.15.79:3300/0,v1:172.21.15.79:6789/0] -- mon_subscribe({config=0+,monmap=0+}) -- 0x7f0bd819cf80 con 0x7f0bd807a330
2024-09-13T05:43:25.558 INFO:teuthology.orchestra.run.smithi079.stdout:/usr/bin/ceph: stderr
2024-09-13T05:43:24.576+0000 7f0bd7fff640 1 --2- 172.21.15.79:0/1580185654 >> [v2:172.21.15.79:3300/0,v1:172.21.15.79:6789/0] conn(0x7f0bd807a330 0x7f0bd819ca20 secure :-1 s=READY pgs=75 cs=0 l=1 rev1=1 crypto rx=0x7f0bc8000c00 tx=0x7f0bc8030b70 comp rx=0 tx=0).ready entity=mon.0 client_cookie=0 server_cookie=0 in_seq=0 out_seq=0
2024-09-13T05:43:25.558 INFO:teuthology.orchestra.run.smithi079.stdout:/usr/bin/ceph: stderr
2024-09-13T05:43:24.576+0000 7f0bd57fa640 1 -- 172.21.15.79:0/1580185654 <== mon.0 v2:172.21.15.79:3300/0 1 ==== mon_map magic: 0 ==== 205+0+0 (secure 0 0 0) 0x7f0bc8037040 con 0x7f0bd807a330
2024-09-13T05:43:25.558 INFO:teuthology.orchestra.run.smithi079.stdout:/usr/bin/ceph: stderr
2024-09-13T05:43:24.576+0000 7f0bd57fa640 1 -- 172.21.15.79:0/1580185654 <== mon.0 v2:172.21.15.79:3300/0 2 ==== config(25 keys) ==== 1054+0+0 (secure 0 0 0) 0x7f0bc8040070 con 0x7f0bd807a330
2024-09-13T05:43:25.558 INFO:teuthology.orchestra.run.smithi079.stdout:/usr/bin/ceph: stderr
2024-09-13T05:43:24.576+0000 7f0bde725640 1 -- 172.21.15.79:0/1580185654 --> [v2:172.21.15.79:3300/0,v1:172.21.15.79:6789/0] -- mon_subscribe({mgrmap=0+}) -- 0x7f0bd819d210 con 0x7f0bd807a330
2024-09-13T05:43:25.558 INFO:teuthology.orchestra.run.smithi079.stdout:/usr/bin/ceph: stderr
2024-09-13T05:43:24.576+0000 7f0bd57fa640 1 -- 172.21.15.79:0/1580185654 <== mon.0 v2:172.21.15.79:3300/0 3 ==== mon_map magic: 0 ==== 205+0+0 (secure 0 0 0) 0x7f0bc803a390 con 0x7f0bd807a330
2024-09-13T05:43:25.558 INFO:teuthology.orchestra.run.smithi079.stdout:/usr/bin/ceph: stderr
2024-09-13T05:43:24.576+0000 7f0bde725640 1 -- 172.21.15.79:0/1580185654 --> [v2:172.21.15.79:3300/0,v1:172.21.15.79:6789/0] -- mon_subscribe({osdmap=0}) -- 0x7f0bd819dbd0 con 0x7f0bd807a330
2024-09-13T05:43:25.558 INFO:teuthology.orchestra.run.smithi079.stdout:/usr/bin/ceph: stderr
2024-09-13T05:43:24.576+0000 7f0bd57fa640 1 -- 172.21.15.79:0/1580185654 <== mon.0 v2:172.21.15.79:3300/0 4 ==== mgrmap(e 13) ==== 51743+0+0 (secure 0 0 0) 0x7f0bc803a610 con 0x7f0bd807a330
2024-09-13T05:43:25.558 INFO:teuthology.orchestra.run.smithi079.stdout:/usr/bin/ceph: stderr
2024-09-13T05:43:24.576+0000 7f0bde725640 1 -- 172.21.15.79:0/1580185654 --> [v2:172.21.15.79:3300/0,v1:172.21.15.79:6789/0] -- mon_command({"prefix": "get_command_descriptions"} v 0) -- 0x7f0bd810b920 con 0x7f0bd807a330
2024-09-13T05:43:25.558 INFO:teuthology.orchestra.run.smithi079.stdout:/usr/bin/ceph: stderr
2024-09-13T05:43:24.576+0000 7f0bd57fa640 1 --2- 172.21.15.79:0/1580185654 >> v2:172.21.15.79:6800/614049769 conn(0x7f0bc403f720 0x7f0bc4041be0 unknown :-1 s=NONE pgs=0 cs=0 l=1 rev1=0 crypto rx=0 tx=0 comp rx=0 tx=0).connect
2024-09-13T05:43:25.558 INFO:teuthology.orchestra.run.smithi079.stdout:/usr/bin/ceph: stderr
2024-09-13T05:43:24.576+0000 7f0bd57fa640 1 -- 172.21.15.79:0/1580185654 <== mon.0 v2:172.21.15.79:3300/0 5 ==== osd_map(3..3 src has 1..3) ==== 1069+0+0 (secure 0 0 0) 0x7f0bc8074510 con 0x7f0bd807a330
2024-09-13T05:43:25.559 INFO:teuthology.orchestra.run.smithi079.stdout:/usr/bin/ceph: stderr
2024-09-13T05:43:24.576+0000 7f0bd77fe640 1 --2- 172.21.15.79:0/1580185654 >> v2:172.21.15.79:6800/614049769 conn(0x7f0bc403f720 0x7f0bc4041be0 unknown :-1 s=BANNER_CONNECTING pgs=0 cs=0 l=1 rev1=0 crypto rx=0 tx=0 comp rx=0 tx=0)._handle_peer_banner_payload supported=3 required=0
2024-09-13T05:43:25.559 INFO:teuthology.orchestra.run.smithi079.stdout:/usr/bin/ceph: stderr
2024-09-13T05:43:24.576+0000 7f0bd77fe640 1 --2- 172.21.15.79:0/1580185654 >> v2:172.21.15.79:6800/614049769 conn(0x7f0bc403f720 0x7f0bc4041be0 secure :-1 s=READY pgs=9 cs=0 l=1 rev1=1 crypto rx=0x7f0bc00098c0 tx=0x7f0bc0006db0 comp rx=0 tx=0).ready entity=mgr.14152 client_cookie=0 server_cookie=0 in_seq=0 out_seq=0
2024-09-13T05:43:25.559 INFO:teuthology.orchestra.run.smithi079.stdout:/usr/bin/ceph: stderr
2024-09-13T05:43:24.580+0000 7f0bd57fa640 1 -- 172.21.15.79:0/1580185654 <== mon.0 v2:172.21.15.79:3300/0 6 ==== mon_command_ack([{"prefix": "get_command_descriptions"}]=0 v0) ==== 72+0+196987 (secure 0 0 0) 0x7f0bc80313a0 con 0x7f0bd807a330
2024-09-13T05:43:25.559 INFO:teuthology.orchestra.run.smithi079.stdout:/usr/bin/ceph: stderr
2024-09-13T05:43:24.968+0000 7f0bde725640 1 -- 172.21.15.79:0/1580185654 --> v2:172.21.15.79:6800/614049769 -- mgr_command(tid 0: {"prefix": "dashboard set-ssl-certificate-key", "target": ["mon-mgr", ""]}) -- 0x7f0bd81022b0 con 0x7f0bc403f720
2024-09-13T05:43:25.559 INFO:teuthology.orchestra.run.smithi079.stdout:/usr/bin/ceph: stderr
2024-09-13T05:43:24.972+0000 7f0bd57fa640 1 -- 172.21.15.79:0/1580185654 <== mgr.14152 v2:172.21.15.79:6800/614049769 1 ==== mgr_command_reply(tid 0: 0 ) ==== 8+0+28 (secure 0 0 0) 0x7f0bd81022b0 con 0x7f0bc403f720
2024-09-13T05:43:25.559 INFO:teuthology.orchestra.run.smithi079.stdout:/usr/bin/ceph: stderr
2024-09-13T05:43:24.976+0000 7f0bde725640 1 -- 172.21.15.79:0/1580185654 >> v2:172.21.15.79:6800/614049769 conn(0x7f0bc403f720 msgr2=0x7f0bc4041be0 secure :-1 s=STATE_CONNECTION_ESTABLISHED l=1).mark_down
2024-09-13T05:43:25.559 INFO:teuthology.orchestra.run.smithi079.stdout:/usr/bin/ceph: stderr
2024-09-13T05:43:24.976+0000 7f0bde725640 1 --2- 172.21.15.79:0/1580185654 >> v2:172.21.15.79:6800/614049769 conn(0x7f0bc403f720 0x7f0bc4041be0 secure :-1 s=READY pgs=9 cs=0 l=1 rev1=1 crypto rx=0x7f0bc00098c0 tx=0x7f0bc0006db0 comp rx=0 tx=0).stop
2024-09-13T05:43:25.559 INFO:teuthology.orchestra.run.smithi079.stdout:/usr/bin/ceph: stderr
2024-09-13T05:43:24.976+0000 7f0bde725640 1 -- 172.21.15.79:0/1580185654 >> [v2:172.21.15.79:3300/0,v1:172.21.15.79:6789/0] conn(0x7f0bd807a330 msgr2=0x7f0bd819ca20 secure :-1 s=STATE_CONNECTION_ESTABLISHED l=1).mark_down
2024-09-13T05:43:25.559 INFO:teuthology.orchestra.run.smithi079.stdout:/usr/bin/ceph: stderr
2024-09-13T05:43:24.976+0000 7f0bde725640 1 --2- 172.21.15.79:0/1580185654 >> [v2:172.21.15.79:3300/0,v1:172.21.15.79:6789/0] conn(0x7f0bd807a330 0x7f0bd819ca20 secure :-1 s=READY pgs=75 cs=0 l=1 rev1=1 crypto rx=0x7f0bc8000c00 tx=0x7f0bc8030b70 comp rx=0 tx=0).stop
2024-09-13T05:43:25.559 INFO:teuthology.orchestra.run.smithi079.stdout:/usr/bin/ceph: stderr
2024-09-13T05:43:24.976+0000 7f0bde725640 1 -- 172.21.15.79:0/1580185654 shutdown_connections
2024-09-13T05:43:25.559 INFO:teuthology.orchestra.run.smithi079.stdout:/usr/bin/ceph: stderr
2024-09-13T05:43:24.976+0000 7f0bde725640 1 --2- 172.21.15.79:0/1580185654 >> v2:172.21.15.79:6800/614049769 conn(0x7f0bc403f720 0x7f0bc4041be0 unknown :-1 s=CLOSED pgs=9 cs=0 l=1 rev1=1 crypto rx=0 tx=0 comp rx=0 tx=0).stop
2024-09-13T05:43:25.559 INFO:teuthology.orchestra.run.smithi079.stdout:/usr/bin/ceph: stderr
2024-09-13T05:43:24.976+0000 7f0bde725640 1 --2- 172.21.15.79:0/1580185654 >> [v2:172.21.15.79:3300/0,v1:172.21.15.79:6789/0] conn(0x7f0bd807a330 0x7f0bd819ca20 unknown :-1 s=CLOSED pgs=75 cs=0 l=1 rev1=1 crypto rx=0 tx=0 comp rx=0 tx=0).stop
2024-09-13T05:43:25.560 INFO:teuthology.orchestra.run.smithi079.stdout:/usr/bin/ceph: stderr
2024-09-13T05:43:24.976+0000 7f0bde725640 1 -- 172.21.15.79:0/1580185654 >> 172.21.15.79:0/1580185654 conn(0x7f0bd81011b0 msgr2=0x7f0bd8101ba0 unknown :-1 s=STATE_NONE l=0).mark_down
2024-09-13T05:43:25.560 INFO:teuthology.orchestra.run.smithi079.stdout:/usr/bin/ceph: stderr
2024-09-13T05:43:24.976+0000 7f0bde725640 1 -- 172.21.15.79:0/1580185654 shutdown_connections
2024-09-13T05:43:25.560 INFO:teuthology.orchestra.run.smithi079.stdout:/usr/bin/ceph: stderr
2024-09-13T05:43:24.976+0000 7f0bde725640 1 -- 172.21.15.79:0/1580185654 wait complete.
2024-09-13T05:43:25.560 INFO:teuthology.orchestra.run.smithi079.stdout:Creating initial admin user...
2024-09-13T05:43:26.582 INFO:journalctl@ceph.mon.a.smithi079.stdout:Sep 13 05:43:26 smithi079 bash[22814]: audit
2024-09-13T05:43:24.974609+0000 mgr.y (mgr.14152) 10 : audit [DBG] from='client.14168 -' entity='client.admin' cmd=[{"prefix": "dashboard set-ssl-certificate-key", "target": ["mon-mgr", ""]}]: dispatch
2024-09-13T05:43:26.582 INFO:journalctl@ceph.mon.a.smithi079.stdout:Sep 13 05:43:26 smithi079 bash[22814]: audit
2024-09-13T05:43:24.974609+0000 mgr.y (mgr.14152) 10 : audit [DBG] from='client.14168 -' entity='client.admin' cmd=[{"prefix": "dashboard set-ssl-certificate-key", "target": ["mon-mgr", ""]}]: dispatch
2024-09-13T05:43:26.582 INFO:journalctl@ceph.mon.a.smithi079.stdout:Sep 13 05:43:26 smithi079 bash[22814]: audit
2024-09-13T05:43:25.330290+0000 mon.a (mon.0) 96 : audit [INF] from='mgr.14152 172.21.15.79:0/1707890974' entity='mgr.y'
2024-09-13T05:43:26.582 INFO:journalctl@ceph.mon.a.smithi079.stdout:Sep 13 05:43:26 smithi079 bash[22814]: audit
2024-09-13T05:43:25.330290+0000 mon.a (mon.0) 96 : audit [INF] from='mgr.14152 172.21.15.79:0/1707890974' entity='mgr.y'
2024-09-13T05:43:27.979 INFO:teuthology.orchestra.run.smithi079.stdout:/usr/bin/ceph: stdout {"username": "admin", "password": "$2b$12$4TDTReRFhcfrGETuMzhRg.3lNBl.jYuQETxevd21/TTH0h7jScocW", "roles": ["administrator"], "name": null, "email": null, "lastUpdate": 1726206207, "enabled": true, "pwdExpirationDate": null, "pwdUpdateRequired": true}
2024-09-13T05:43:27.980 INFO:teuthology.orchestra.run.smithi079.stdout:/usr/bin/ceph: stderr
2024-09-13T05:43:26.700+0000 7fe547550640 1 Processor -- start
2024-09-13T05:43:27.980 INFO:teuthology.orchestra.run.smithi079.stdout:/usr/bin/ceph: stderr
2024-09-13T05:43:26.700+0000 7fe547550640 1 -- start start
2024-09-13T05:43:27.980 INFO:teuthology.orchestra.run.smithi079.stdout:/usr/bin/ceph: stderr
2024-09-13T05:43:26.700+0000 7fe547550640 1 --2- >> [v2:172.21.15.79:3300/0,v1:172.21.15.79:6789/0] conn(0x7fe540108b40 0x7fe540108f40 unknown :-1 s=NONE pgs=0 cs=0 l=0 rev1=0 crypto rx=0 tx=0 comp rx=0 tx=0).connect
2024-09-13T05:43:27.980 INFO:teuthology.orchestra.run.smithi079.stdout:/usr/bin/ceph: stderr
2024-09-13T05:43:26.700+0000 7fe547550640 1 -- --> [v2:172.21.15.79:3300/0,v1:172.21.15.79:6789/0] -- mon_getmap magic: 0 -- 0x7fe540109530 con 0x7fe540108b40
2024-09-13T05:43:27.980 INFO:teuthology.orchestra.run.smithi079.stdout:/usr/bin/ceph: stderr
2024-09-13T05:43:26.700+0000 7fe5452ec640 1 --2- >> [v2:172.21.15.79:3300/0,v1:172.21.15.79:6789/0] conn(0x7fe540108b40 0x7fe540108f40 unknown :-1 s=BANNER_CONNECTING pgs=0 cs=0 l=0 rev1=0 crypto rx=0 tx=0 comp rx=0 tx=0)._handle_peer_banner_payload supported=3 required=0
2024-09-13T05:43:27.980 INFO:teuthology.orchestra.run.smithi079.stdout:/usr/bin/ceph: stderr
2024-09-13T05:43:26.700+0000 7fe5452ec640 1 --2- >> [v2:172.21.15.79:3300/0,v1:172.21.15.79:6789/0] conn(0x7fe540108b40 0x7fe540108f40 unknown :-1 s=HELLO_CONNECTING pgs=0 cs=0 l=0 rev1=1 crypto rx=0 tx=0 comp rx=0 tx=0).handle_hello peer v2:172.21.15.79:3300/0 says I am v2:172.21.15.79:43970/0 (socket says 172.21.15.79:43970)
2024-09-13T05:43:27.980 INFO:teuthology.orchestra.run.smithi079.stdout:/usr/bin/ceph: stderr
2024-09-13T05:43:26.700+0000 7fe5452ec640 1 -- 172.21.15.79:0/4187756510 learned_addr learned my addr 172.21.15.79:0/4187756510 (peer_addr_for_me v2:172.21.15.79:0/0)
2024-09-13T05:43:27.980 INFO:teuthology.orchestra.run.smithi079.stdout:/usr/bin/ceph: stderr
2024-09-13T05:43:26.700+0000 7fe5452ec640 1 -- 172.21.15.79:0/4187756510 --> [v2:172.21.15.79:3300/0,v1:172.21.15.79:6789/0] -- mon_subscribe({config=0+,monmap=0+}) -- 0x7fe5401096b0 con 0x7fe540108b40
2024-09-13T05:43:27.980 INFO:teuthology.orchestra.run.smithi079.stdout:/usr/bin/ceph: stderr
2024-09-13T05:43:26.700+0000 7fe5452ec640 1 --2- 172.21.15.79:0/4187756510 >> [v2:172.21.15.79:3300/0,v1:172.21.15.79:6789/0] conn(0x7fe540108b40 0x7fe540108f40 secure :-1 s=READY pgs=76 cs=0 l=1 rev1=1 crypto rx=0x7fe53c009e80 tx=0x7fe53c02a7a0 comp rx=0 tx=0).ready entity=mon.0 client_cookie=d843952b18e18dc0 server_cookie=0 in_seq=0 out_seq=0
2024-09-13T05:43:27.980 INFO:teuthology.orchestra.run.smithi079.stdout:/usr/bin/ceph: stderr
2024-09-13T05:43:26.700+0000 7fe537fff640 1 -- 172.21.15.79:0/4187756510 <== mon.0 v2:172.21.15.79:3300/0 1 ==== mon_map magic: 0 ==== 205+0+0 (secure 0 0 0) 0x7fe53c036070 con 0x7fe540108b40
2024-09-13T05:43:27.980 INFO:teuthology.orchestra.run.smithi079.stdout:/usr/bin/ceph: stderr
2024-09-13T05:43:26.700+0000 7fe537fff640 1 -- 172.21.15.79:0/4187756510 <== mon.0 v2:172.21.15.79:3300/0 2 ==== config(25 keys) ==== 1054+0+0 (secure 0 0 0) 0x7fe53c031880 con 0x7fe540108b40
2024-09-13T05:43:27.981 INFO:teuthology.orchestra.run.smithi079.stdout:/usr/bin/ceph: stderr
2024-09-13T05:43:26.700+0000 7fe537fff640 1 -- 172.21.15.79:0/4187756510 <== mon.0 v2:172.21.15.79:3300/0 3 ==== mon_map magic: 0 ==== 205+0+0 (secure 0 0 0) 0x7fe53c007880 con 0x7fe540108b40
2024-09-13T05:43:27.981 INFO:teuthology.orchestra.run.smithi079.stdout:/usr/bin/ceph: stderr
2024-09-13T05:43:26.700+0000 7fe547550640 1 -- 172.21.15.79:0/4187756510 >> [v2:172.21.15.79:3300/0,v1:172.21.15.79:6789/0] conn(0x7fe540108b40 msgr2=0x7fe540108f40 secure :-1 s=STATE_CONNECTION_ESTABLISHED l=1).mark_down
2024-09-13T05:43:27.981 INFO:teuthology.orchestra.run.smithi079.stdout:/usr/bin/ceph: stderr
2024-09-13T05:43:26.700+0000 7fe547550640 1 --2- 172.21.15.79:0/4187756510 >> [v2:172.21.15.79:3300/0,v1:172.21.15.79:6789/0] conn(0x7fe540108b40 0x7fe540108f40 secure :-1 s=READY pgs=76 cs=0 l=1 rev1=1 crypto rx=0x7fe53c009e80 tx=0x7fe53c02a7a0 comp rx=0 tx=0).stop
2024-09-13T05:43:27.981 INFO:teuthology.orchestra.run.smithi079.stdout:/usr/bin/ceph: stderr
2024-09-13T05:43:26.700+0000 7fe547550640 1 -- 172.21.15.79:0/4187756510 shutdown_connections
2024-09-13T05:43:27.981 INFO:teuthology.orchestra.run.smithi079.stdout:/usr/bin/ceph: stderr
2024-09-13T05:43:26.700+0000 7fe547550640 1 --2- 172.21.15.79:0/4187756510 >> [v2:172.21.15.79:3300/0,v1:172.21.15.79:6789/0] conn(0x7fe540108b40 0x7fe540108f40 unknown :-1 s=CLOSED pgs=76 cs=0 l=1 rev1=1 crypto rx=0 tx=0 comp rx=0 tx=0).stop
2024-09-13T05:43:27.981 INFO:teuthology.orchestra.run.smithi079.stdout:/usr/bin/ceph: stderr
2024-09-13T05:43:26.700+0000 7fe547550640 1 -- 172.21.15.79:0/4187756510 >> 172.21.15.79:0/4187756510 conn(0x7fe54007c350 msgr2=0x7fe54007c760 unknown :-1 s=STATE_NONE l=0).mark_down
2024-09-13T05:43:27.981 INFO:teuthology.orchestra.run.smithi079.stdout:/usr/bin/ceph: stderr
2024-09-13T05:43:26.700+0000 7fe547550640 1 -- 172.21.15.79:0/4187756510 shutdown_connections
2024-09-13T05:43:27.981 INFO:teuthology.orchestra.run.smithi079.stdout:/usr/bin/ceph: stderr
2024-09-13T05:43:26.700+0000 7fe547550640 1 -- 172.21.15.79:0/4187756510 wait complete.
2024-09-13T05:43:27.981 INFO:teuthology.orchestra.run.smithi079.stdout:/usr/bin/ceph: stderr
2024-09-13T05:43:26.704+0000 7fe547550640 1 Processor -- start
2024-09-13T05:43:27.981 INFO:teuthology.orchestra.run.smithi079.stdout:/usr/bin/ceph: stderr
2024-09-13T05:43:26.704+0000 7fe547550640 1 -- start start
2024-09-13T05:43:27.981 INFO:teuthology.orchestra.run.smithi079.stdout:/usr/bin/ceph: stderr
2024-09-13T05:43:26.704+0000 7fe547550640 1 --2- >> [v2:172.21.15.79:3300/0,v1:172.21.15.79:6789/0] conn(0x7fe540108b40 0x7fe54019cad0 unknown :-1 s=NONE pgs=0 cs=0 l=1 rev1=0 crypto rx=0 tx=0 comp rx=0 tx=0).connect
2024-09-13T05:43:27.981 INFO:teuthology.orchestra.run.smithi079.stdout:/usr/bin/ceph: stderr
2024-09-13T05:43:26.704+0000 7fe547550640 1 -- --> [v2:172.21.15.79:3300/0,v1:172.21.15.79:6789/0] -- mon_getmap magic: 0 -- 0x7fe54010cfc0 con 0x7fe540108b40
2024-09-13T05:43:27.981 INFO:teuthology.orchestra.run.smithi079.stdout:/usr/bin/ceph: stderr
2024-09-13T05:43:26.704+0000 7fe5452ec640 1 --2- >> [v2:172.21.15.79:3300/0,v1:172.21.15.79:6789/0] conn(0x7fe540108b40 0x7fe54019cad0 unknown :-1 s=BANNER_CONNECTING pgs=0 cs=0 l=1 rev1=0 crypto rx=0 tx=0 comp rx=0 tx=0)._handle_peer_banner_payload supported=3 required=0
2024-09-13T05:43:27.982 INFO:teuthology.orchestra.run.smithi079.stdout:/usr/bin/ceph: stderr
2024-09-13T05:43:26.704+0000 7fe5452ec640 1 --2- >> [v2:172.21.15.79:3300/0,v1:172.21.15.79:6789/0] conn(0x7fe540108b40 0x7fe54019cad0 unknown :-1 s=HELLO_CONNECTING pgs=0 cs=0 l=1 rev1=1 crypto rx=0 tx=0 comp rx=0 tx=0).handle_hello peer v2:172.21.15.79:3300/0 says I am v2:172.21.15.79:43986/0 (socket says 172.21.15.79:43986)
2024-09-13T05:43:27.982 INFO:teuthology.orchestra.run.smithi079.stdout:/usr/bin/ceph: stderr
2024-09-13T05:43:26.704+0000 7fe5452ec640 1 -- 172.21.15.79:0/1457750683 learned_addr learned my addr 172.21.15.79:0/1457750683 (peer_addr_for_me v2:172.21.15.79:0/0)
2024-09-13T05:43:27.982 INFO:teuthology.orchestra.run.smithi079.stdout:/usr/bin/ceph: stderr
2024-09-13T05:43:26.704+0000 7fe5452ec640 1 -- 172.21.15.79:0/1457750683 --> [v2:172.21.15.79:3300/0,v1:172.21.15.79:6789/0] -- mon_subscribe({config=0+,monmap=0+}) -- 0x7fe54019d030 con 0x7fe540108b40
2024-09-13T05:43:27.982 INFO:teuthology.orchestra.run.smithi079.stdout:/usr/bin/ceph: stderr
2024-09-13T05:43:26.704+0000 7fe5452ec640 1 --2- 172.21.15.79:0/1457750683 >> [v2:172.21.15.79:3300/0,v1:172.21.15.79:6789/0] conn(0x7fe540108b40 0x7fe54019cad0 secure :-1 s=READY pgs=77 cs=0 l=1 rev1=1 crypto rx=0x7fe53c008dc0 tx=0x7fe53c008df0 comp rx=0 tx=0).ready entity=mon.0 client_cookie=0 server_cookie=0 in_seq=0 out_seq=0
2024-09-13T05:43:27.982 INFO:teuthology.orchestra.run.smithi079.stdout:/usr/bin/ceph: stderr
2024-09-13T05:43:26.704+0000 7fe5367fc640 1 -- 172.21.15.79:0/1457750683 <== mon.0 v2:172.21.15.79:3300/0 1 ==== mon_map magic: 0 ==== 205+0+0 (secure 0 0 0) 0x7fe53c041020 con 0x7fe540108b40
2024-09-13T05:43:27.982 INFO:teuthology.orchestra.run.smithi079.stdout:/usr/bin/ceph: stderr
2024-09-13T05:43:26.704+0000 7fe5367fc640 1 -- 172.21.15.79:0/1457750683 <== mon.0 v2:172.21.15.79:3300/0 2 ==== config(25 keys) ==== 1054+0+0 (secure 0 0 0) 0x7fe53c03c8f0 con 0x7fe540108b40
2024-09-13T05:43:27.982 INFO:teuthology.orchestra.run.smithi079.stdout:/usr/bin/ceph: stderr
2024-09-13T05:43:26.704+0000 7fe5367fc640 1 -- 172.21.15.79:0/1457750683 <== mon.0 v2:172.21.15.79:3300/0 3 ==== mon_map magic: 0 ==== 205+0+0 (secure 0 0 0) 0x7fe53c036040 con 0x7fe540108b40
2024-09-13T05:43:27.982 INFO:teuthology.orchestra.run.smithi079.stdout:/usr/bin/ceph: stderr
2024-09-13T05:43:26.704+0000 7fe547550640 1 -- 172.21.15.79:0/1457750683 --> [v2:172.21.15.79:3300/0,v1:172.21.15.79:6789/0] -- mon_subscribe({mgrmap=0+}) -- 0x7fe54019d2c0 con 0x7fe540108b40
2024-09-13T05:43:27.982 INFO:teuthology.orchestra.run.smithi079.stdout:/usr/bin/ceph: stderr
2024-09-13T05:43:26.704+0000 7fe547550640 1 -- 172.21.15.79:0/1457750683 --> [v2:172.21.15.79:3300/0,v1:172.21.15.79:6789/0] -- mon_subscribe({osdmap=0}) -- 0x7fe54019dd00 con 0x7fe540108b40
2024-09-13T05:43:27.982 INFO:teuthology.orchestra.run.smithi079.stdout:/usr/bin/ceph: stderr
2024-09-13T05:43:26.704+0000 7fe5367fc640 1 -- 172.21.15.79:0/1457750683 <== mon.0 v2:172.21.15.79:3300/0 4 ==== mgrmap(e 13) ==== 51743+0+0 (secure 0 0 0) 0x7fe53c044020 con 0x7fe540108b40
2024-09-13T05:43:27.982 INFO:teuthology.orchestra.run.smithi079.stdout:/usr/bin/ceph: stderr
2024-09-13T05:43:26.704+0000 7fe547550640 1 -- 172.21.15.79:0/1457750683 --> [v2:172.21.15.79:3300/0,v1:172.21.15.79:6789/0] -- mon_command({"prefix": "get_command_descriptions"} v 0) -- 0x7fe540108fc0 con 0x7fe540108b40
2024-09-13T05:43:27.983 INFO:teuthology.orchestra.run.smithi079.stdout:/usr/bin/ceph: stderr
2024-09-13T05:43:26.704+0000 7fe5367fc640 1 --2- 172.21.15.79:0/1457750683 >> v2:172.21.15.79:6800/614049769 conn(0x7fe52c03f770 0x7fe52c041c30 unknown :-1 s=NONE pgs=0 cs=0 l=1 rev1=0 crypto rx=0 tx=0 comp rx=0 tx=0).connect
2024-09-13T05:43:27.983 INFO:teuthology.orchestra.run.smithi079.stdout:/usr/bin/ceph: stderr
2024-09-13T05:43:26.704+0000 7fe5367fc640 1 -- 172.21.15.79:0/1457750683 <== mon.0 v2:172.21.15.79:3300/0 5 ==== osd_map(3..3 src has 1..3) ==== 1069+0+0 (secure 0 0 0) 0x7fe53c075570 con 0x7fe540108b40
2024-09-13T05:43:27.983 INFO:teuthology.orchestra.run.smithi079.stdout:/usr/bin/ceph: stderr
2024-09-13T05:43:26.704+0000 7fe544aeb640 1 --2- 172.21.15.79:0/1457750683 >> v2:172.21.15.79:6800/614049769 conn(0x7fe52c03f770 0x7fe52c041c30 unknown :-1 s=BANNER_CONNECTING pgs=0 cs=0 l=1 rev1=0 crypto rx=0 tx=0 comp rx=0 tx=0)._handle_peer_banner_payload supported=3 required=0
2024-09-13T05:43:27.983 INFO:teuthology.orchestra.run.smithi079.stdout:/usr/bin/ceph: stderr
2024-09-13T05:43:26.704+0000 7fe544aeb640 1 --2- 172.21.15.79:0/1457750683 >> v2:172.21.15.79:6800/614049769 conn(0x7fe52c03f770 0x7fe52c041c30 secure :-1 s=READY pgs=10 cs=0 l=1 rev1=1 crypto rx=0x7fe5300098c0 tx=0x7fe530006db0 comp rx=0 tx=0).ready entity=mgr.14152 client_cookie=0 server_cookie=0 in_seq=0 out_seq=0
2024-09-13T05:43:27.983 INFO:teuthology.orchestra.run.smithi079.stdout:/usr/bin/ceph: stderr
2024-09-13T05:43:26.708+0000 7fe5367fc640 1 -- 172.21.15.79:0/1457750683 <== mon.0 v2:172.21.15.79:3300/0 6 ==== mon_command_ack([{"prefix": "get_command_descriptions"}]=0 v0) ==== 72+0+196987 (secure 0 0 0) 0x7fe53c04b020 con 0x7fe540108b40
2024-09-13T05:43:27.983 INFO:teuthology.orchestra.run.smithi079.stdout:/usr/bin/ceph: stderr
2024-09-13T05:43:27.072+0000 7fe547550640 1 -- 172.21.15.79:0/1457750683 --> v2:172.21.15.79:6800/614049769 -- mgr_command(tid 0: {"prefix": "dashboard ac-user-create", "username": "admin", "rolename": "administrator", "force_password": true, "pwd_update_required": true, "target": ["mon-mgr", ""]}) -- 0x7fe540106dd0 con 0x7fe52c03f770
2024-09-13T05:43:27.983 INFO:teuthology.orchestra.run.smithi079.stdout:/usr/bin/ceph: stderr
2024-09-13T05:43:27.364+0000 7fe5367fc640 1 -- 172.21.15.79:0/1457750683 <== mgr.14152 v2:172.21.15.79:6800/614049769 1 ==== mgr_command_reply(tid 0: 0 ) ==== 8+0+252 (secure 0 0 0) 0x7fe540106dd0 con 0x7fe52c03f770
2024-09-13T05:43:27.983 INFO:teuthology.orchestra.run.smithi079.stdout:/usr/bin/ceph: stderr
2024-09-13T05:43:27.368+0000 7fe547550640 1 -- 172.21.15.79:0/1457750683 >> v2:172.21.15.79:6800/614049769 conn(0x7fe52c03f770 msgr2=0x7fe52c041c30 secure :-1 s=STATE_CONNECTION_ESTABLISHED l=1).mark_down
2024-09-13T05:43:27.983 INFO:teuthology.orchestra.run.smithi079.stdout:/usr/bin/ceph: stderr
2024-09-13T05:43:27.368+0000 7fe547550640 1 --2- 172.21.15.79:0/1457750683 >> v2:172.21.15.79:6800/614049769 conn(0x7fe52c03f770 0x7fe52c041c30 secure :-1 s=READY pgs=10 cs=0 l=1 rev1=1 crypto rx=0x7fe5300098c0 tx=0x7fe530006db0 comp rx=0 tx=0).stop
2024-09-13T05:43:27.983 INFO:teuthology.orchestra.run.smithi079.stdout:/usr/bin/ceph: stderr
2024-09-13T05:43:27.368+0000 7fe547550640 1 -- 172.21.15.79:0/1457750683 >> [v2:172.21.15.79:3300/0,v1:172.21.15.79:6789/0] conn(0x7fe540108b40 msgr2=0x7fe54019cad0 secure :-1 s=STATE_CONNECTION_ESTABLISHED l=1).mark_down
2024-09-13T05:43:27.983 INFO:teuthology.orchestra.run.smithi079.stdout:/usr/bin/ceph: stderr
2024-09-13T05:43:27.368+0000 7fe547550640 1 --2- 172.21.15.79:0/1457750683 >> [v2:172.21.15.79:3300/0,v1:172.21.15.79:6789/0] conn(0x7fe540108b40 0x7fe54019cad0 secure :-1 s=READY pgs=77 cs=0 l=1 rev1=1 crypto rx=0x7fe53c008dc0 tx=0x7fe53c008df0 comp rx=0 tx=0).stop
2024-09-13T05:43:27.983 INFO:teuthology.orchestra.run.smithi079.stdout:/usr/bin/ceph: stderr
2024-09-13T05:43:27.368+0000 7fe547550640 1 -- 172.21.15.79:0/1457750683 shutdown_connections
2024-09-13T05:43:27.983 INFO:teuthology.orchestra.run.smithi079.stdout:/usr/bin/ceph: stderr
2024-09-13T05:43:27.368+0000 7fe547550640 1 --2- 172.21.15.79:0/1457750683 >> v2:172.21.15.79:6800/614049769 conn(0x7fe52c03f770 0x7fe52c041c30 unknown :-1 s=CLOSED pgs=10 cs=0 l=1 rev1=1 crypto rx=0 tx=0 comp rx=0 tx=0).stop
2024-09-13T05:43:27.984 INFO:teuthology.orchestra.run.smithi079.stdout:/usr/bin/ceph: stderr
2024-09-13T05:43:27.368+0000 7fe547550640 1 --2- 172.21.15.79:0/1457750683 >> [v2:172.21.15.79:3300/0,v1:172.21.15.79:6789/0] conn(0x7fe540108b40 0x7fe54019cad0 unknown :-1 s=CLOSED pgs=77 cs=0 l=1 rev1=1 crypto rx=0 tx=0 comp rx=0 tx=0).stop
2024-09-13T05:43:27.984 INFO:teuthology.orchestra.run.smithi079.stdout:/usr/bin/ceph: stderr
2024-09-13T05:43:27.368+0000 7fe547550640 1 -- 172.21.15.79:0/1457750683 >> 172.21.15.79:0/1457750683 conn(0x7fe54007c350 msgr2=0x7fe5401066c0 unknown :-1 s=STATE_NONE l=0).mark_down
2024-09-13T05:43:27.984 INFO:teuthology.orchestra.run.smithi079.stdout:/usr/bin/ceph: stderr
2024-09-13T05:43:27.368+0000 7fe547550640 1 -- 172.21.15.79:0/1457750683 shutdown_connections
2024-09-13T05:43:27.984 INFO:teuthology.orchestra.run.smithi079.stdout:/usr/bin/ceph: stderr
2024-09-13T05:43:27.368+0000 7fe547550640 1 -- 172.21.15.79:0/1457750683 wait complete.
2024-09-13T05:43:27.984 INFO:teuthology.orchestra.run.smithi079.stdout:Fetching dashboard port number...
2024-09-13T05:43:28.737 INFO:journalctl@ceph.mon.a.smithi079.stdout:Sep 13 05:43:28 smithi079 bash[22814]: audit
2024-09-13T05:43:27.078187+0000 mgr.y (mgr.14152) 11 : audit [DBG] from='client.14170 -' entity='client.admin' cmd=[{"prefix": "dashboard ac-user-create", "username": "admin", "rolename": "administrator", "force_password": true, "pwd_update_required": true, "target": ["mon-mgr", ""]}]: dispatch
2024-09-13T05:43:28.738 INFO:journalctl@ceph.mon.a.smithi079.stdout:Sep 13 05:43:28 smithi079 bash[22814]: audit
2024-09-13T05:43:27.078187+0000 mgr.y (mgr.14152) 11 : audit [DBG] from='client.14170 -' entity='client.admin' cmd=[{"prefix": "dashboard ac-user-create", "username": "admin", "rolename": "administrator", "force_password": true, "pwd_update_required": true, "target": ["mon-mgr", ""]}]: dispatch
2024-09-13T05:43:28.738 INFO:journalctl@ceph.mon.a.smithi079.stdout:Sep 13 05:43:28 smithi079 bash[22814]: audit
2024-09-13T05:43:27.367414+0000 mon.a (mon.0) 97 : audit [INF] from='mgr.14152 172.21.15.79:0/1707890974' entity='mgr.y'
2024-09-13T05:43:28.738 INFO:journalctl@ceph.mon.a.smithi079.stdout:Sep 13 05:43:28 smithi079 bash[22814]: audit
2024-09-13T05:43:27.367414+0000 mon.a (mon.0) 97 : audit [INF] from='mgr.14152 172.21.15.79:0/1707890974' entity='mgr.y'
2024-09-13T05:43:29.920 INFO:teuthology.orchestra.run.smithi079.stdout:/usr/bin/ceph: stdout 8443
2024-09-13T05:43:29.920 INFO:teuthology.orchestra.run.smithi079.stdout:/usr/bin/ceph: stderr
2024-09-13T05:43:29.028+0000 7f0bce390640 1 Processor -- start
2024-09-13T05:43:29.920 INFO:teuthology.orchestra.run.smithi079.stdout:/usr/bin/ceph: stderr
2024-09-13T05:43:29.028+0000 7f0bce390640 1 -- start start
2024-09-13T05:43:29.920 INFO:teuthology.orchestra.run.smithi079.stdout:/usr/bin/ceph: stderr
2024-09-13T05:43:29.028+0000 7f0bce390640 1 --2- >> [v2:172.21.15.79:3300/0,v1:172.21.15.79:6789/0] conn(0x7f0bc8106930 0x7f0bc8106d30 unknown :-1 s=NONE pgs=0 cs=0 l=0 rev1=0 crypto rx=0 tx=0 comp rx=0 tx=0).connect
2024-09-13T05:43:29.920 INFO:teuthology.orchestra.run.smithi079.stdout:/usr/bin/ceph: stderr
2024-09-13T05:43:29.028+0000 7f0bce390640 1 -- --> [v2:172.21.15.79:3300/0,v1:172.21.15.79:6789/0] -- mon_getmap magic: 0 -- 0x7f0bc8107320 con 0x7f0bc8106930
2024-09-13T05:43:29.920 INFO:teuthology.orchestra.run.smithi079.stdout:/usr/bin/ceph: stderr
2024-09-13T05:43:29.032+0000 7f0bc7fff640 1 --2- >> [v2:172.21.15.79:3300/0,v1:172.21.15.79:6789/0] conn(0x7f0bc8106930 0x7f0bc8106d30 unknown :-1 s=BANNER_CONNECTING pgs=0 cs=0 l=0 rev1=0 crypto rx=0 tx=0 comp rx=0 tx=0)._handle_peer_banner_payload supported=3 required=0
2024-09-13T05:43:29.920 INFO:teuthology.orchestra.run.smithi079.stdout:/usr/bin/ceph: stderr
2024-09-13T05:43:29.032+0000 7f0bc7fff640 1 --2- >> [v2:172.21.15.79:3300/0,v1:172.21.15.79:6789/0] conn(0x7f0bc8106930 0x7f0bc8106d30 unknown :-1 s=HELLO_CONNECTING pgs=0 cs=0 l=0 rev1=1 crypto rx=0 tx=0 comp rx=0 tx=0).handle_hello peer v2:172.21.15.79:3300/0 says I am v2:172.21.15.79:43990/0 (socket says 172.21.15.79:43990)
2024-09-13T05:43:29.920 INFO:teuthology.orchestra.run.smithi079.stdout:/usr/bin/ceph: stderr
2024-09-13T05:43:29.032+0000 7f0bc7fff640 1 -- 172.21.15.79:0/4240621473 learned_addr learned my addr 172.21.15.79:0/4240621473 (peer_addr_for_me v2:172.21.15.79:0/0)
2024-09-13T05:43:29.920 INFO:teuthology.orchestra.run.smithi079.stdout:/usr/bin/ceph: stderr
2024-09-13T05:43:29.032+0000 7f0bc7fff640 1 -- 172.21.15.79:0/4240621473 --> [v2:172.21.15.79:3300/0,v1:172.21.15.79:6789/0] -- mon_subscribe({config=0+,monmap=0+}) -- 0x7f0bc81074a0 con 0x7f0bc8106930
2024-09-13T05:43:29.921 INFO:teuthology.orchestra.run.smithi079.stdout:/usr/bin/ceph: stderr
2024-09-13T05:43:29.032+0000 7f0bc7fff640 1 --2- 172.21.15.79:0/4240621473 >> [v2:172.21.15.79:3300/0,v1:172.21.15.79:6789/0] conn(0x7f0bc8106930 0x7f0bc8106d30 secure :-1 s=READY pgs=78 cs=0 l=1 rev1=1 crypto rx=0x7f0bc0009e80 tx=0x7f0bc002a7a0 comp rx=0 tx=0).ready entity=mon.0 client_cookie=265135faa2197483 server_cookie=0 in_seq=0 out_seq=0
2024-09-13T05:43:29.921 INFO:teuthology.orchestra.run.smithi079.stdout:/usr/bin/ceph: stderr
2024-09-13T05:43:29.032+0000 7f0bc6ffd640 1 -- 172.21.15.79:0/4240621473 <== mon.0 v2:172.21.15.79:3300/0 1 ==== mon_map magic: 0 ==== 205+0+0 (secure 0 0 0) 0x7f0bc0036070 con 0x7f0bc8106930
2024-09-13T05:43:29.921 INFO:teuthology.orchestra.run.smithi079.stdout:/usr/bin/ceph: stderr
2024-09-13T05:43:29.032+0000 7f0bc6ffd640 1 -- 172.21.15.79:0/4240621473 <== mon.0 v2:172.21.15.79:3300/0 2 ==== config(25 keys) ==== 1054+0+0 (secure 0 0 0) 0x7f0bc0031880 con 0x7f0bc8106930
2024-09-13T05:43:29.921 INFO:teuthology.orchestra.run.smithi079.stdout:/usr/bin/ceph: stderr
2024-09-13T05:43:29.032+0000 7f0bc6ffd640 1 -- 172.21.15.79:0/4240621473 <== mon.0 v2:172.21.15.79:3300/0 3 ==== mon_map magic: 0 ==== 205+0+0 (secure 0 0 0) 0x7f0bc0007880 con 0x7f0bc8106930
2024-09-13T05:43:29.921 INFO:teuthology.orchestra.run.smithi079.stdout:/usr/bin/ceph: stderr
2024-09-13T05:43:29.032+0000 7f0bce390640 1 -- 172.21.15.79:0/4240621473 >> [v2:172.21.15.79:3300/0,v1:172.21.15.79:6789/0] conn(0x7f0bc8106930 msgr2=0x7f0bc8106d30 secure :-1 s=STATE_CONNECTION_ESTABLISHED l=1).mark_down
2024-09-13T05:43:29.921 INFO:teuthology.orchestra.run.smithi079.stdout:/usr/bin/ceph: stderr
2024-09-13T05:43:29.032+0000 7f0bce390640 1 --2- 172.21.15.79:0/4240621473 >> [v2:172.21.15.79:3300/0,v1:172.21.15.79:6789/0] conn(0x7f0bc8106930 0x7f0bc8106d30 secure :-1 s=READY pgs=78 cs=0 l=1 rev1=1 crypto rx=0x7f0bc0009e80 tx=0x7f0bc002a7a0 comp rx=0 tx=0).stop
2024-09-13T05:43:29.921 INFO:teuthology.orchestra.run.smithi079.stdout:/usr/bin/ceph: stderr
2024-09-13T05:43:29.032+0000 7f0bce390640 1 -- 172.21.15.79:0/4240621473 shutdown_connections
2024-09-13T05:43:29.921 INFO:teuthology.orchestra.run.smithi079.stdout:/usr/bin/ceph: stderr
2024-09-13T05:43:29.032+0000 7f0bce390640 1 --2- 172.21.15.79:0/4240621473 >> [v2:172.21.15.79:3300/0,v1:172.21.15.79:6789/0] conn(0x7f0bc8106930 0x7f0bc8106d30 unknown :-1 s=CLOSED pgs=78 cs=0 l=1 rev1=1 crypto rx=0 tx=0 comp rx=0 tx=0).stop
2024-09-13T05:43:29.921 INFO:teuthology.orchestra.run.smithi079.stdout:/usr/bin/ceph: stderr
2024-09-13T05:43:29.032+0000 7f0bce390640 1 -- 172.21.15.79:0/4240621473 >> 172.21.15.79:0/4240621473 conn(0x7f0bc8102240 msgr2=0x7f0bc8104660 unknown :-1 s=STATE_NONE l=0).mark_down
2024-09-13T05:43:29.921 INFO:teuthology.orchestra.run.smithi079.stdout:/usr/bin/ceph: stderr
2024-09-13T05:43:29.032+0000 7f0bce390640 1 -- 172.21.15.79:0/4240621473 shutdown_connections
2024-09-13T05:43:29.921 INFO:teuthology.orchestra.run.smithi079.stdout:/usr/bin/ceph: stderr
2024-09-13T05:43:29.032+0000 7f0bce390640 1 -- 172.21.15.79:0/4240621473 wait complete.
2024-09-13T05:43:29.921 INFO:teuthology.orchestra.run.smithi079.stdout:/usr/bin/ceph: stderr
2024-09-13T05:43:29.032+0000 7f0bce390640 1 Processor -- start
2024-09-13T05:43:29.922 INFO:teuthology.orchestra.run.smithi079.stdout:/usr/bin/ceph: stderr
2024-09-13T05:43:29.032+0000 7f0bce390640 1 -- start start
2024-09-13T05:43:29.922 INFO:teuthology.orchestra.run.smithi079.stdout:/usr/bin/ceph: stderr
2024-09-13T05:43:29.032+0000 7f0bce390640 1 --2- >> [v2:172.21.15.79:3300/0,v1:172.21.15.79:6789/0] conn(0x7f0bc8106930 0x7f0bc819a8a0 unknown :-1 s=NONE pgs=0 cs=0 l=1 rev1=0 crypto rx=0 tx=0 comp rx=0 tx=0).connect
2024-09-13T05:43:29.922 INFO:teuthology.orchestra.run.smithi079.stdout:/usr/bin/ceph: stderr
2024-09-13T05:43:29.032+0000 7f0bce390640 1 -- --> [v2:172.21.15.79:3300/0,v1:172.21.15.79:6789/0] -- mon_getmap magic: 0 -- 0x7f0bc810adb0 con 0x7f0bc8106930
2024-09-13T05:43:29.922 INFO:teuthology.orchestra.run.smithi079.stdout:/usr/bin/ceph: stderr
2024-09-13T05:43:29.032+0000 7f0bc7fff640 1 --2- >> [v2:172.21.15.79:3300/0,v1:172.21.15.79:6789/0] conn(0x7f0bc8106930 0x7f0bc819a8a0 unknown :-1 s=BANNER_CONNECTING pgs=0 cs=0 l=1 rev1=0 crypto rx=0 tx=0 comp rx=0 tx=0)._handle_peer_banner_payload supported=3 required=0
2024-09-13T05:43:29.922 INFO:teuthology.orchestra.run.smithi079.stdout:/usr/bin/ceph: stderr
2024-09-13T05:43:29.032+0000 7f0bc7fff640 1 --2- >> [v2:172.21.15.79:3300/0,v1:172.21.15.79:6789/0] conn(0x7f0bc8106930 0x7f0bc819a8a0 unknown :-1 s=HELLO_CONNECTING pgs=0 cs=0 l=1 rev1=1 crypto rx=0 tx=0 comp rx=0 tx=0).handle_hello peer v2:172.21.15.79:3300/0 says I am v2:172.21.15.79:43994/0 (socket says 172.21.15.79:43994)
2024-09-13T05:43:29.922 INFO:teuthology.orchestra.run.smithi079.stdout:/usr/bin/ceph: stderr
2024-09-13T05:43:29.032+0000 7f0bc7fff640 1 -- 172.21.15.79:0/2986978193 learned_addr learned my addr 172.21.15.79:0/2986978193 (peer_addr_for_me v2:172.21.15.79:0/0)
2024-09-13T05:43:29.922 INFO:teuthology.orchestra.run.smithi079.stdout:/usr/bin/ceph: stderr
2024-09-13T05:43:29.032+0000 7f0bc7fff640 1 -- 172.21.15.79:0/2986978193 --> [v2:172.21.15.79:3300/0,v1:172.21.15.79:6789/0] -- mon_subscribe({config=0+,monmap=0+}) -- 0x7f0bc819ae00 con 0x7f0bc8106930
2024-09-13T05:43:29.922 INFO:teuthology.orchestra.run.smithi079.stdout:/usr/bin/ceph: stderr
