2024-09-13T05:42:30.031 INFO:teuthology.orchestra.run.smithi079.stdout:/usr/bin/ceph: stdout "mutes": []
2024-09-13T05:42:30.031 INFO:teuthology.orchestra.run.smithi079.stdout:/usr/bin/ceph: stdout },
2024-09-13T05:42:30.031 INFO:teuthology.orchestra.run.smithi079.stdout:/usr/bin/ceph: stdout "election_epoch": 5,
2024-09-13T05:42:30.031 INFO:teuthology.orchestra.run.smithi079.stdout:/usr/bin/ceph: stdout "quorum": [
2024-09-13T05:42:30.031 INFO:teuthology.orchestra.run.smithi079.stdout:/usr/bin/ceph: stdout 0
2024-09-13T05:42:30.031 INFO:teuthology.orchestra.run.smithi079.stdout:/usr/bin/ceph: stdout ],
2024-09-13T05:42:30.031 INFO:teuthology.orchestra.run.smithi079.stdout:/usr/bin/ceph: stdout "quorum_names": [
2024-09-13T05:42:30.031 INFO:teuthology.orchestra.run.smithi079.stdout:/usr/bin/ceph: stdout "a"
2024-09-13T05:42:30.032 INFO:teuthology.orchestra.run.smithi079.stdout:/usr/bin/ceph: stdout ],
2024-09-13T05:42:30.032 INFO:teuthology.orchestra.run.smithi079.stdout:/usr/bin/ceph: stdout "quorum_age": 11,
2024-09-13T05:42:30.032 INFO:teuthology.orchestra.run.smithi079.stdout:/usr/bin/ceph: stdout "monmap": {
2024-09-13T05:42:30.032 INFO:teuthology.orchestra.run.smithi079.stdout:/usr/bin/ceph: stdout "epoch": 1,
2024-09-13T05:42:30.032 INFO:teuthology.orchestra.run.smithi079.stdout:/usr/bin/ceph: stdout "min_mon_release_name": "squid",
2024-09-13T05:42:30.032 INFO:teuthology.orchestra.run.smithi079.stdout:/usr/bin/ceph: stdout "num_mons": 1
2024-09-13T05:42:30.032 INFO:teuthology.orchestra.run.smithi079.stdout:/usr/bin/ceph: stdout },
2024-09-13T05:42:30.032 INFO:teuthology.orchestra.run.smithi079.stdout:/usr/bin/ceph: stdout "osdmap": {
2024-09-13T05:42:30.032 INFO:teuthology.orchestra.run.smithi079.stdout:/usr/bin/ceph: stdout "epoch": 1,
2024-09-13T05:42:30.032 INFO:teuthology.orchestra.run.smithi079.stdout:/usr/bin/ceph: stdout "num_osds": 0,
2024-09-13T05:42:30.032 INFO:teuthology.orchestra.run.smithi079.stdout:/usr/bin/ceph: stdout "num_up_osds": 0,
2024-09-13T05:42:30.032 INFO:teuthology.orchestra.run.smithi079.stdout:/usr/bin/ceph: stdout "osd_up_since": 0,
2024-09-13T05:42:30.041 INFO:teuthology.orchestra.run.smithi079.stdout:/usr/bin/ceph: stdout "num_in_osds": 0,
2024-09-13T05:42:30.041 INFO:teuthology.orchestra.run.smithi079.stdout:/usr/bin/ceph: stdout "osd_in_since": 0,
2024-09-13T05:42:30.041 INFO:teuthology.orchestra.run.smithi079.stdout:/usr/bin/ceph: stdout "num_remapped_pgs": 0
2024-09-13T05:42:30.041 INFO:teuthology.orchestra.run.smithi079.stdout:/usr/bin/ceph: stdout },
2024-09-13T05:42:30.041 INFO:teuthology.orchestra.run.smithi079.stdout:/usr/bin/ceph: stdout "pgmap": {
2024-09-13T05:42:30.041 INFO:teuthology.orchestra.run.smithi079.stdout:/usr/bin/ceph: stdout "pgs_by_state": [],
2024-09-13T05:42:30.041 INFO:teuthology.orchestra.run.smithi079.stdout:/usr/bin/ceph: stdout "num_pgs": 0,
2024-09-13T05:42:30.041 INFO:teuthology.orchestra.run.smithi079.stdout:/usr/bin/ceph: stdout "num_pools": 0,
2024-09-13T05:42:30.042 INFO:teuthology.orchestra.run.smithi079.stdout:/usr/bin/ceph: stdout "num_objects": 0,
2024-09-13T05:42:30.042 INFO:teuthology.orchestra.run.smithi079.stdout:/usr/bin/ceph: stdout "data_bytes": 0,
2024-09-13T05:42:30.042 INFO:teuthology.orchestra.run.smithi079.stdout:/usr/bin/ceph: stdout "bytes_used": 0,
2024-09-13T05:42:30.042 INFO:teuthology.orchestra.run.smithi079.stdout:/usr/bin/ceph: stdout "bytes_avail": 0,
2024-09-13T05:42:30.042 INFO:teuthology.orchestra.run.smithi079.stdout:/usr/bin/ceph: stdout "bytes_total": 0
2024-09-13T05:42:30.042 INFO:teuthology.orchestra.run.smithi079.stdout:/usr/bin/ceph: stdout },
2024-09-13T05:42:30.042 INFO:teuthology.orchestra.run.smithi079.stdout:/usr/bin/ceph: stdout "fsmap": {
2024-09-13T05:42:30.042 INFO:teuthology.orchestra.run.smithi079.stdout:/usr/bin/ceph: stdout "epoch": 1,
2024-09-13T05:42:30.042 INFO:teuthology.orchestra.run.smithi079.stdout:/usr/bin/ceph: stdout "btime": "2024-09-13T05:42:11:461872+0000",
2024-09-13T05:42:30.043 INFO:teuthology.orchestra.run.smithi079.stdout:/usr/bin/ceph: stdout "by_rank": [],
2024-09-13T05:42:30.043 INFO:teuthology.orchestra.run.smithi079.stdout:/usr/bin/ceph: stdout "up:standby": 0
2024-09-13T05:42:30.043 INFO:teuthology.orchestra.run.smithi079.stdout:/usr/bin/ceph: stdout },
2024-09-13T05:42:30.043 INFO:teuthology.orchestra.run.smithi079.stdout:/usr/bin/ceph: stdout "mgrmap": {
2024-09-13T05:42:30.043 INFO:teuthology.orchestra.run.smithi079.stdout:/usr/bin/ceph: stdout "available": true,
2024-09-13T05:42:30.043 INFO:teuthology.orchestra.run.smithi079.stdout:/usr/bin/ceph: stdout "num_standbys": 0,
2024-09-13T05:42:30.043 INFO:teuthology.orchestra.run.smithi079.stdout:/usr/bin/ceph: stdout "modules": [
2024-09-13T05:42:30.043 INFO:teuthology.orchestra.run.smithi079.stdout:/usr/bin/ceph: stdout "iostat",
2024-09-13T05:42:30.043 INFO:teuthology.orchestra.run.smithi079.stdout:/usr/bin/ceph: stdout "nfs",
2024-09-13T05:42:30.043 INFO:teuthology.orchestra.run.smithi079.stdout:/usr/bin/ceph: stdout "restful"
2024-09-13T05:42:30.043 INFO:teuthology.orchestra.run.smithi079.stdout:/usr/bin/ceph: stdout ],
2024-09-13T05:42:30.043 INFO:teuthology.orchestra.run.smithi079.stdout:/usr/bin/ceph: stdout "services": {}
2024-09-13T05:42:30.043 INFO:teuthology.orchestra.run.smithi079.stdout:/usr/bin/ceph: stdout },
2024-09-13T05:42:30.044 INFO:teuthology.orchestra.run.smithi079.stdout:/usr/bin/ceph: stdout "servicemap": {
2024-09-13T05:42:30.044 INFO:teuthology.orchestra.run.smithi079.stdout:/usr/bin/ceph: stdout "epoch": 1,
2024-09-13T05:42:30.044 INFO:teuthology.orchestra.run.smithi079.stdout:/usr/bin/ceph: stdout "modified": "2024-09-13T05:42:11.462534+0000",
2024-09-13T05:42:30.044 INFO:teuthology.orchestra.run.smithi079.stdout:/usr/bin/ceph: stdout "services": {}
2024-09-13T05:42:30.044 INFO:teuthology.orchestra.run.smithi079.stdout:/usr/bin/ceph: stdout },
2024-09-13T05:42:30.044 INFO:teuthology.orchestra.run.smithi079.stdout:/usr/bin/ceph: stdout "progress_events": {}
2024-09-13T05:42:30.044 INFO:teuthology.orchestra.run.smithi079.stdout:/usr/bin/ceph: stdout }
2024-09-13T05:42:30.044 INFO:teuthology.orchestra.run.smithi079.stdout:/usr/bin/ceph: stderr
2024-09-13T05:42:29.015+0000 7fd7e0fbc640 1 Processor -- start
2024-09-13T05:42:30.044 INFO:teuthology.orchestra.run.smithi079.stdout:/usr/bin/ceph: stderr
2024-09-13T05:42:29.015+0000 7fd7e0fbc640 1 -- start start
2024-09-13T05:42:30.044 INFO:teuthology.orchestra.run.smithi079.stdout:/usr/bin/ceph: stderr
2024-09-13T05:42:29.015+0000 7fd7e0fbc640 1 --2- >> [v2:172.21.15.79:3300/0,v1:172.21.15.79:6789/0] conn(0x7fd7dc07cd20 0x7fd7dc07b380 unknown :-1 s=NONE pgs=0 cs=0 l=0 rev1=0 crypto rx=0 tx=0 comp rx=0 tx=0).connect
2024-09-13T05:42:30.044 INFO:teuthology.orchestra.run.smithi079.stdout:/usr/bin/ceph: stderr
2024-09-13T05:42:29.015+0000 7fd7e0fbc640 1 -- --> [v2:172.21.15.79:3300/0,v1:172.21.15.79:6789/0] -- mon_getmap magic: 0 -- 0x7fd7dc07b8c0 con 0x7fd7dc07cd20
2024-09-13T05:42:30.044 INFO:teuthology.orchestra.run.smithi079.stdout:/usr/bin/ceph: stderr
2024-09-13T05:42:29.015+0000 7fd7da59c640 1 --2- >> [v2:172.21.15.79:3300/0,v1:172.21.15.79:6789/0] conn(0x7fd7dc07cd20 0x7fd7dc07b380 unknown :-1 s=BANNER_CONNECTING pgs=0 cs=0 l=0 rev1=0 crypto rx=0 tx=0 comp rx=0 tx=0)._handle_peer_banner_payload supported=3 required=0
2024-09-13T05:42:30.044 INFO:teuthology.orchestra.run.smithi079.stdout:/usr/bin/ceph: stderr
2024-09-13T05:42:29.015+0000 7fd7da59c640 1 --2- >> [v2:172.21.15.79:3300/0,v1:172.21.15.79:6789/0] conn(0x7fd7dc07cd20 0x7fd7dc07b380 unknown :-1 s=HELLO_CONNECTING pgs=0 cs=0 l=0 rev1=1 crypto rx=0 tx=0 comp rx=0 tx=0).handle_hello peer v2:172.21.15.79:3300/0 says I am v2:172.21.15.79:47654/0 (socket says 172.21.15.79:47654)
2024-09-13T05:42:30.045 INFO:teuthology.orchestra.run.smithi079.stdout:/usr/bin/ceph: stderr
2024-09-13T05:42:29.015+0000 7fd7da59c640 1 -- 172.21.15.79:0/1920083015 learned_addr learned my addr 172.21.15.79:0/1920083015 (peer_addr_for_me v2:172.21.15.79:0/0)
2024-09-13T05:42:30.045 INFO:teuthology.orchestra.run.smithi079.stdout:/usr/bin/ceph: stderr
2024-09-13T05:42:29.015+0000 7fd7da59c640 1 -- 172.21.15.79:0/1920083015 --> [v2:172.21.15.79:3300/0,v1:172.21.15.79:6789/0] -- mon_subscribe({config=0+,monmap=0+}) -- 0x7fd7dc07ba40 con 0x7fd7dc07cd20
2024-09-13T05:42:30.045 INFO:teuthology.orchestra.run.smithi079.stdout:/usr/bin/ceph: stderr
2024-09-13T05:42:29.015+0000 7fd7da59c640 1 --2- 172.21.15.79:0/1920083015 >> [v2:172.21.15.79:3300/0,v1:172.21.15.79:6789/0] conn(0x7fd7dc07cd20 0x7fd7dc07b380 secure :-1 s=READY pgs=16 cs=0 l=1 rev1=1 crypto rx=0x7fd7cc009e80 tx=0x7fd7cc02a7a0 comp rx=0 tx=0).ready entity=mon.0 client_cookie=b27d4617b3170d91 server_cookie=0 in_seq=0 out_seq=0
2024-09-13T05:42:30.045 INFO:teuthology.orchestra.run.smithi079.stdout:/usr/bin/ceph: stderr
2024-09-13T05:42:29.015+0000 7fd7d959a640 1 -- 172.21.15.79:0/1920083015 <== mon.0 v2:172.21.15.79:3300/0 1 ==== mon_map magic: 0 ==== 205+0+0 (secure 0 0 0) 0x7fd7cc036070 con 0x7fd7dc07cd20
2024-09-13T05:42:30.045 INFO:teuthology.orchestra.run.smithi079.stdout:/usr/bin/ceph: stderr
2024-09-13T05:42:29.015+0000 7fd7d959a640 1 -- 172.21.15.79:0/1920083015 <== mon.0 v2:172.21.15.79:3300/0 2 ==== config(25 keys) ==== 1023+0+0 (secure 0 0 0) 0x7fd7cc031860 con 0x7fd7dc07cd20
2024-09-13T05:42:30.045 INFO:teuthology.orchestra.run.smithi079.stdout:/usr/bin/ceph: stderr
2024-09-13T05:42:29.015+0000 7fd7d959a640 1 -- 172.21.15.79:0/1920083015 <== mon.0 v2:172.21.15.79:3300/0 3 ==== mon_map magic: 0 ==== 205+0+0 (secure 0 0 0) 0x7fd7cc007880 con 0x7fd7dc07cd20
2024-09-13T05:42:30.045 INFO:teuthology.orchestra.run.smithi079.stdout:/usr/bin/ceph: stderr
2024-09-13T05:42:29.019+0000 7fd7e0fbc640 1 -- 172.21.15.79:0/1920083015 >> [v2:172.21.15.79:3300/0,v1:172.21.15.79:6789/0] conn(0x7fd7dc07cd20 msgr2=0x7fd7dc07b380 secure :-1 s=STATE_CONNECTION_ESTABLISHED l=1).mark_down
2024-09-13T05:42:30.045 INFO:teuthology.orchestra.run.smithi079.stdout:/usr/bin/ceph: stderr
2024-09-13T05:42:29.019+0000 7fd7e0fbc640 1 --2- 172.21.15.79:0/1920083015 >> [v2:172.21.15.79:3300/0,v1:172.21.15.79:6789/0] conn(0x7fd7dc07cd20 0x7fd7dc07b380 secure :-1 s=READY pgs=16 cs=0 l=1 rev1=1 crypto rx=0x7fd7cc009e80 tx=0x7fd7cc02a7a0 comp rx=0 tx=0).stop
2024-09-13T05:42:30.045 INFO:teuthology.orchestra.run.smithi079.stdout:/usr/bin/ceph: stderr
2024-09-13T05:42:29.019+0000 7fd7e0fbc640 1 -- 172.21.15.79:0/1920083015 shutdown_connections
2024-09-13T05:42:30.045 INFO:teuthology.orchestra.run.smithi079.stdout:/usr/bin/ceph: stderr
2024-09-13T05:42:29.019+0000 7fd7e0fbc640 1 --2- 172.21.15.79:0/1920083015 >> [v2:172.21.15.79:3300/0,v1:172.21.15.79:6789/0] conn(0x7fd7dc07cd20 0x7fd7dc07b380 unknown :-1 s=CLOSED pgs=16 cs=0 l=1 rev1=1 crypto rx=0 tx=0 comp rx=0 tx=0).stop
2024-09-13T05:42:30.045 INFO:teuthology.orchestra.run.smithi079.stdout:/usr/bin/ceph: stderr
2024-09-13T05:42:29.019+0000 7fd7e0fbc640 1 -- 172.21.15.79:0/1920083015 >> 172.21.15.79:0/1920083015 conn(0x7fd7dc102240 msgr2=0x7fd7dc104660 unknown :-1 s=STATE_NONE l=0).mark_down
2024-09-13T05:42:30.045 INFO:teuthology.orchestra.run.smithi079.stdout:/usr/bin/ceph: stderr
2024-09-13T05:42:29.019+0000 7fd7e0fbc640 1 -- 172.21.15.79:0/1920083015 shutdown_connections
2024-09-13T05:42:30.045 INFO:teuthology.orchestra.run.smithi079.stdout:/usr/bin/ceph: stderr
2024-09-13T05:42:29.019+0000 7fd7e0fbc640 1 -- 172.21.15.79:0/1920083015 wait complete.
2024-09-13T05:42:30.046 INFO:teuthology.orchestra.run.smithi079.stdout:/usr/bin/ceph: stderr
2024-09-13T05:42:29.019+0000 7fd7e0fbc640 1 Processor -- start
2024-09-13T05:42:30.046 INFO:teuthology.orchestra.run.smithi079.stdout:/usr/bin/ceph: stderr
2024-09-13T05:42:29.019+0000 7fd7e0fbc640 1 -- start start
2024-09-13T05:42:30.046 INFO:teuthology.orchestra.run.smithi079.stdout:/usr/bin/ceph: stderr
2024-09-13T05:42:29.019+0000 7fd7e0fbc640 1 --2- >> [v2:172.21.15.79:3300/0,v1:172.21.15.79:6789/0] conn(0x7fd7dc07cd20 0x7fd7dc19ca60 unknown :-1 s=NONE pgs=0 cs=0 l=1 rev1=0 crypto rx=0 tx=0 comp rx=0 tx=0).connect
2024-09-13T05:42:30.046 INFO:teuthology.orchestra.run.smithi079.stdout:/usr/bin/ceph: stderr
2024-09-13T05:42:29.019+0000 7fd7e0fbc640 1 -- --> [v2:172.21.15.79:3300/0,v1:172.21.15.79:6789/0] -- mon_getmap magic: 0 -- 0x7fd7dc10cea0 con 0x7fd7dc07cd20
2024-09-13T05:42:30.046 INFO:teuthology.orchestra.run.smithi079.stdout:/usr/bin/ceph: stderr
2024-09-13T05:42:29.019+0000 7fd7da59c640 1 --2- >> [v2:172.21.15.79:3300/0,v1:172.21.15.79:6789/0] conn(0x7fd7dc07cd20 0x7fd7dc19ca60 unknown :-1 s=BANNER_CONNECTING pgs=0 cs=0 l=1 rev1=0 crypto rx=0 tx=0 comp rx=0 tx=0)._handle_peer_banner_payload supported=3 required=0
2024-09-13T05:42:30.046 INFO:teuthology.orchestra.run.smithi079.stdout:/usr/bin/ceph: stderr
2024-09-13T05:42:29.019+0000 7fd7da59c640 1 --2- >> [v2:172.21.15.79:3300/0,v1:172.21.15.79:6789/0] conn(0x7fd7dc07cd20 0x7fd7dc19ca60 unknown :-1 s=HELLO_CONNECTING pgs=0 cs=0 l=1 rev1=1 crypto rx=0 tx=0 comp rx=0 tx=0).handle_hello peer v2:172.21.15.79:3300/0 says I am v2:172.21.15.79:47662/0 (socket says 172.21.15.79:47662)
2024-09-13T05:42:30.046 INFO:teuthology.orchestra.run.smithi079.stdout:/usr/bin/ceph: stderr
2024-09-13T05:42:29.019+0000 7fd7da59c640 1 -- 172.21.15.79:0/3528614278 learned_addr learned my addr 172.21.15.79:0/3528614278 (peer_addr_for_me v2:172.21.15.79:0/0)
2024-09-13T05:42:30.046 INFO:teuthology.orchestra.run.smithi079.stdout:/usr/bin/ceph: stderr
2024-09-13T05:42:29.019+0000 7fd7da59c640 1 -- 172.21.15.79:0/3528614278 --> [v2:172.21.15.79:3300/0,v1:172.21.15.79:6789/0] -- mon_subscribe({config=0+,monmap=0+}) -- 0x7fd7dc19cfc0 con 0x7fd7dc07cd20
2024-09-13T05:42:30.046 INFO:teuthology.orchestra.run.smithi079.stdout:/usr/bin/ceph: stderr
2024-09-13T05:42:29.019+0000 7fd7da59c640 1 --2- 172.21.15.79:0/3528614278 >> [v2:172.21.15.79:3300/0,v1:172.21.15.79:6789/0] conn(0x7fd7dc07cd20 0x7fd7dc19ca60 secure :-1 s=READY pgs=17 cs=0 l=1 rev1=1 crypto rx=0x7fd7cc008dc0 tx=0x7fd7cc008df0 comp rx=0 tx=0).ready entity=mon.0 client_cookie=0 server_cookie=0 in_seq=0 out_seq=0
2024-09-13T05:42:30.046 INFO:teuthology.orchestra.run.smithi079.stdout:/usr/bin/ceph: stderr
2024-09-13T05:42:29.019+0000 7fd7cb7fe640 1 -- 172.21.15.79:0/3528614278 <== mon.0 v2:172.21.15.79:3300/0 1 ==== mon_map magic: 0 ==== 205+0+0 (secure 0 0 0) 0x7fd7cc041020 con 0x7fd7dc07cd20
2024-09-13T05:42:30.046 INFO:teuthology.orchestra.run.smithi079.stdout:/usr/bin/ceph: stderr
2024-09-13T05:42:29.019+0000 7fd7cb7fe640 1 -- 172.21.15.79:0/3528614278 <== mon.0 v2:172.21.15.79:3300/0 2 ==== config(25 keys) ==== 1023+0+0 (secure 0 0 0) 0x7fd7cc031a10 con 0x7fd7dc07cd20
2024-09-13T05:42:30.046 INFO:teuthology.orchestra.run.smithi079.stdout:/usr/bin/ceph: stderr
2024-09-13T05:42:29.019+0000 7fd7e0fbc640 1 -- 172.21.15.79:0/3528614278 --> [v2:172.21.15.79:3300/0,v1:172.21.15.79:6789/0] -- mon_subscribe({mgrmap=0+}) -- 0x7fd7dc19d250 con 0x7fd7dc07cd20
2024-09-13T05:42:30.047 INFO:teuthology.orchestra.run.smithi079.stdout:/usr/bin/ceph: stderr
2024-09-13T05:42:29.019+0000 7fd7cb7fe640 1 -- 172.21.15.79:0/3528614278 <== mon.0 v2:172.21.15.79:3300/0 3 ==== mon_map magic: 0 ==== 205+0+0 (secure 0 0 0) 0x7fd7cc036040 con 0x7fd7dc07cd20
2024-09-13T05:42:30.047 INFO:teuthology.orchestra.run.smithi079.stdout:/usr/bin/ceph: stderr
2024-09-13T05:42:29.019+0000 7fd7e0fbc640 1 -- 172.21.15.79:0/3528614278 --> [v2:172.21.15.79:3300/0,v1:172.21.15.79:6789/0] -- mon_subscribe({osdmap=0}) -- 0x7fd7dc19dc90 con 0x7fd7dc07cd20
2024-09-13T05:42:30.047 INFO:teuthology.orchestra.run.smithi079.stdout:/usr/bin/ceph: stderr
2024-09-13T05:42:29.019+0000 7fd7cb7fe640 1 -- 172.21.15.79:0/3528614278 <== mon.0 v2:172.21.15.79:3300/0 4 ==== mgrmap(e 3) ==== 51613+0+0 (secure 0 0 0) 0x7fd7cc044020 con 0x7fd7dc07cd20
2024-09-13T05:42:30.047 INFO:teuthology.orchestra.run.smithi079.stdout:/usr/bin/ceph: stderr
2024-09-13T05:42:29.019+0000 7fd7cb7fe640 1 --2- 172.21.15.79:0/3528614278 >> v2:172.21.15.79:6800/784563831 conn(0x7fd7c403f250 0x7fd7c4041710 unknown :-1 s=NONE pgs=0 cs=0 l=1 rev1=0 crypto rx=0 tx=0 comp rx=0 tx=0).connect
2024-09-13T05:42:30.047 INFO:teuthology.orchestra.run.smithi079.stdout:/usr/bin/ceph: stderr
2024-09-13T05:42:29.019+0000 7fd7cb7fe640 1 -- 172.21.15.79:0/3528614278 <== mon.0 v2:172.21.15.79:3300/0 5 ==== osd_map(1..1 src has 1..1) ==== 725+0+0 (secure 0 0 0) 0x7fd7cc079220 con 0x7fd7dc07cd20
2024-09-13T05:42:30.047 INFO:teuthology.orchestra.run.smithi079.stdout:/usr/bin/ceph: stderr
2024-09-13T05:42:29.019+0000 7fd7d9d9b640 1 --2- 172.21.15.79:0/3528614278 >> v2:172.21.15.79:6800/784563831 conn(0x7fd7c403f250 0x7fd7c4041710 unknown :-1 s=BANNER_CONNECTING pgs=0 cs=0 l=1 rev1=0 crypto rx=0 tx=0 comp rx=0 tx=0)._handle_peer_banner_payload supported=3 required=0
2024-09-13T05:42:30.047 INFO:teuthology.orchestra.run.smithi079.stdout:/usr/bin/ceph: stderr
2024-09-13T05:42:29.023+0000 7fd7e0fbc640 1 -- 172.21.15.79:0/3528614278 --> [v2:172.21.15.79:3300/0,v1:172.21.15.79:6789/0] -- mon_command({"prefix": "get_command_descriptions"} v 0) -- 0x7fd7dc07b400 con 0x7fd7dc07cd20
2024-09-13T05:42:30.047 INFO:teuthology.orchestra.run.smithi079.stdout:/usr/bin/ceph: stderr
2024-09-13T05:42:29.023+0000 7fd7d9d9b640 1 --2- 172.21.15.79:0/3528614278 >> v2:172.21.15.79:6800/784563831 conn(0x7fd7c403f250 0x7fd7c4041710 secure :-1 s=READY pgs=6 cs=0 l=1 rev1=1 crypto rx=0x7fd7d00098c0 tx=0x7fd7d0006db0 comp rx=0 tx=0).ready entity=mgr.14100 client_cookie=0 server_cookie=0 in_seq=0 out_seq=0
2024-09-13T05:42:30.047 INFO:teuthology.orchestra.run.smithi079.stdout:/usr/bin/ceph: stderr
2024-09-13T05:42:29.027+0000 7fd7cb7fe640 1 -- 172.21.15.79:0/3528614278 <== mon.0 v2:172.21.15.79:3300/0 6 ==== mon_command_ack([{"prefix": "get_command_descriptions"}]=0 v0) ==== 72+0+196987 (secure 0 0 0) 0x7fd7cc03a370 con 0x7fd7dc07cd20
2024-09-13T05:42:30.047 INFO:teuthology.orchestra.run.smithi079.stdout:/usr/bin/ceph: stderr
2024-09-13T05:42:29.055+0000 7fd7cb7fe640 1 -- 172.21.15.79:0/3528614278 <== mon.0 v2:172.21.15.79:3300/0 7 ==== mgrmap(e 4) ==== 51719+0+0 (secure 0 0 0) 0x7fd7cc046780 con 0x7fd7dc07cd20
2024-09-13T05:42:30.047 INFO:teuthology.orchestra.run.smithi079.stdout:/usr/bin/ceph: stderr
2024-09-13T05:42:29.503+0000 7fd7e0fbc640 1 -- 172.21.15.79:0/3528614278 --> [v2:172.21.15.79:3300/0,v1:172.21.15.79:6789/0] -- mon_command({"prefix": "status", "format": "json-pretty"} v 0) -- 0x7fd7dc19e210 con 0x7fd7dc07cd20
2024-09-13T05:42:30.047 INFO:teuthology.orchestra.run.smithi079.stdout:/usr/bin/ceph: stderr
2024-09-13T05:42:29.503+0000 7fd7cb7fe640 1 -- 172.21.15.79:0/3528614278 <== mon.0 v2:172.21.15.79:3300/0 8 ==== mon_command_ack([{"prefix": "status", "format": "json-pretty"}]=0 v0) ==== 79+0+1291 (secure 0 0 0) 0x7fd7cc035170 con 0x7fd7dc07cd20
2024-09-13T05:42:30.047 INFO:teuthology.orchestra.run.smithi079.stdout:/usr/bin/ceph: stderr
2024-09-13T05:42:29.507+0000 7fd7e0fbc640 1 -- 172.21.15.79:0/3528614278 >> v2:172.21.15.79:6800/784563831 conn(0x7fd7c403f250 msgr2=0x7fd7c4041710 secure :-1 s=STATE_CONNECTION_ESTABLISHED l=1).mark_down
2024-09-13T05:42:30.048 INFO:teuthology.orchestra.run.smithi079.stdout:/usr/bin/ceph: stderr
2024-09-13T05:42:29.507+0000 7fd7e0fbc640 1 --2- 172.21.15.79:0/3528614278 >> v2:172.21.15.79:6800/784563831 conn(0x7fd7c403f250 0x7fd7c4041710 secure :-1 s=READY pgs=6 cs=0 l=1 rev1=1 crypto rx=0x7fd7d00098c0 tx=0x7fd7d0006db0 comp rx=0 tx=0).stop
2024-09-13T05:42:30.048 INFO:teuthology.orchestra.run.smithi079.stdout:/usr/bin/ceph: stderr
2024-09-13T05:42:29.507+0000 7fd7e0fbc640 1 -- 172.21.15.79:0/3528614278 >> [v2:172.21.15.79:3300/0,v1:172.21.15.79:6789/0] conn(0x7fd7dc07cd20 msgr2=0x7fd7dc19ca60 secure :-1 s=STATE_CONNECTION_ESTABLISHED l=1).mark_down
2024-09-13T05:42:30.048 INFO:teuthology.orchestra.run.smithi079.stdout:/usr/bin/ceph: stderr
2024-09-13T05:42:29.507+0000 7fd7e0fbc640 1 --2- 172.21.15.79:0/3528614278 >> [v2:172.21.15.79:3300/0,v1:172.21.15.79:6789/0] conn(0x7fd7dc07cd20 0x7fd7dc19ca60 secure :-1 s=READY pgs=17 cs=0 l=1 rev1=1 crypto rx=0x7fd7cc008dc0 tx=0x7fd7cc008df0 comp rx=0 tx=0).stop
2024-09-13T05:42:30.048 INFO:teuthology.orchestra.run.smithi079.stdout:/usr/bin/ceph: stderr
2024-09-13T05:42:29.507+0000 7fd7e0fbc640 1 -- 172.21.15.79:0/3528614278 shutdown_connections
2024-09-13T05:42:30.048 INFO:teuthology.orchestra.run.smithi079.stdout:/usr/bin/ceph: stderr
2024-09-13T05:42:29.507+0000 7fd7e0fbc640 1 --2- 172.21.15.79:0/3528614278 >> v2:172.21.15.79:6800/784563831 conn(0x7fd7c403f250 0x7fd7c4041710 unknown :-1 s=CLOSED pgs=6 cs=0 l=1 rev1=1 crypto rx=0 tx=0 comp rx=0 tx=0).stop
2024-09-13T05:42:30.048 INFO:teuthology.orchestra.run.smithi079.stdout:/usr/bin/ceph: stderr
2024-09-13T05:42:29.507+0000 7fd7e0fbc640 1 --2- 172.21.15.79:0/3528614278 >> [v2:172.21.15.79:3300/0,v1:172.21.15.79:6789/0] conn(0x7fd7dc07cd20 0x7fd7dc19ca60 unknown :-1 s=CLOSED pgs=17 cs=0 l=1 rev1=1 crypto rx=0 tx=0 comp rx=0 tx=0).stop
2024-09-13T05:42:30.048 INFO:teuthology.orchestra.run.smithi079.stdout:/usr/bin/ceph: stderr
2024-09-13T05:42:29.507+0000 7fd7e0fbc640 1 -- 172.21.15.79:0/3528614278 >> 172.21.15.79:0/3528614278 conn(0x7fd7dc102240 msgr2=0x7fd7dc102ce0 unknown :-1 s=STATE_NONE l=0).mark_down
2024-09-13T05:42:30.048 INFO:teuthology.orchestra.run.smithi079.stdout:/usr/bin/ceph: stderr
2024-09-13T05:42:29.507+0000 7fd7e0fbc640 1 -- 172.21.15.79:0/3528614278 shutdown_connections
2024-09-13T05:42:30.048 INFO:teuthology.orchestra.run.smithi079.stdout:/usr/bin/ceph: stderr
2024-09-13T05:42:29.507+0000 7fd7e0fbc640 1 -- 172.21.15.79:0/3528614278 wait complete.
2024-09-13T05:42:30.048 INFO:teuthology.orchestra.run.smithi079.stdout:mgr is available
2024-09-13T05:42:30.485 INFO:journalctl@ceph.mon.a.smithi079.stdout:Sep 13 05:42:30 smithi079 bash[22814]: cluster
2024-09-13T05:42:29.060764+0000 mon.a (mon.0) 29 : cluster [DBG] mgrmap e4: y(active, since 2s)
2024-09-13T05:42:30.486 INFO:journalctl@ceph.mon.a.smithi079.stdout:Sep 13 05:42:30 smithi079 bash[22814]: cluster
2024-09-13T05:42:29.060764+0000 mon.a (mon.0) 29 : cluster [DBG] mgrmap e4: y(active, since 2s)
2024-09-13T05:42:30.486 INFO:journalctl@ceph.mon.a.smithi079.stdout:Sep 13 05:42:30 smithi079 bash[22814]: audit
2024-09-13T05:42:29.509324+0000 mon.a (mon.0) 30 : audit [DBG] from='client.? 172.21.15.79:0/3528614278' entity='client.admin' cmd={"prefix": "status", "format": "json-pretty"} : dispatch
2024-09-13T05:42:30.486 INFO:journalctl@ceph.mon.a.smithi079.stdout:Sep 13 05:42:30 smithi079 bash[22814]: audit
2024-09-13T05:42:29.509324+0000 mon.a (mon.0) 30 : audit [DBG] from='client.? 172.21.15.79:0/3528614278' entity='client.admin' cmd={"prefix": "status", "format": "json-pretty"} : dispatch
2024-09-13T05:42:31.985 INFO:journalctl@ceph.mon.a.smithi079.stdout:Sep 13 05:42:31 smithi079 bash[22814]: audit
2024-09-13T05:42:31.539573+0000 mon.a (mon.0) 31 : audit [INF] from='client.? 172.21.15.79:0/3044827655' entity='client.admin' cmd={"prefix": "config assimilate-conf"} : dispatch
2024-09-13T05:42:31.986 INFO:journalctl@ceph.mon.a.smithi079.stdout:Sep 13 05:42:31 smithi079 bash[22814]: audit
2024-09-13T05:42:31.539573+0000 mon.a (mon.0) 31 : audit [INF] from='client.? 172.21.15.79:0/3044827655' entity='client.admin' cmd={"prefix": "config assimilate-conf"} : dispatch
2024-09-13T05:42:32.158 INFO:teuthology.orchestra.run.smithi079.stdout:/usr/bin/ceph: stdout
2024-09-13T05:42:32.158 INFO:teuthology.orchestra.run.smithi079.stdout:/usr/bin/ceph: stdout [global]
2024-09-13T05:42:32.158 INFO:teuthology.orchestra.run.smithi079.stdout:/usr/bin/ceph: stdout fsid = bf551932-7192-11ef-bceb-c7b262605968
2024-09-13T05:42:32.158 INFO:teuthology.orchestra.run.smithi079.stdout:/usr/bin/ceph: stdout mon_cluster_log_file_level = debug
2024-09-13T05:42:32.158 INFO:teuthology.orchestra.run.smithi079.stdout:/usr/bin/ceph: stdout mon_host = [v2:172.21.15.79:3300,v1:172.21.15.79:6789]
2024-09-13T05:42:32.158 INFO:teuthology.orchestra.run.smithi079.stdout:/usr/bin/ceph: stdout mon_osd_allow_pg_remap = true
2024-09-13T05:42:32.158 INFO:teuthology.orchestra.run.smithi079.stdout:/usr/bin/ceph: stdout mon_osd_allow_primary_affinity = true
2024-09-13T05:42:32.158 INFO:teuthology.orchestra.run.smithi079.stdout:/usr/bin/ceph: stdout mon_warn_on_no_sortbitwise = false
2024-09-13T05:42:32.158 INFO:teuthology.orchestra.run.smithi079.stdout:/usr/bin/ceph: stdout osd_crush_chooseleaf_type = 0
2024-09-13T05:42:32.159 INFO:teuthology.orchestra.run.smithi079.stdout:/usr/bin/ceph: stdout
2024-09-13T05:42:32.159 INFO:teuthology.orchestra.run.smithi079.stdout:/usr/bin/ceph: stdout [mgr]
2024-09-13T05:42:32.159 INFO:teuthology.orchestra.run.smithi079.stdout:/usr/bin/ceph: stdout mgr/telemetry/nag = false
2024-09-13T05:42:32.159 INFO:teuthology.orchestra.run.smithi079.stdout:/usr/bin/ceph: stdout
2024-09-13T05:42:32.159 INFO:teuthology.orchestra.run.smithi079.stdout:/usr/bin/ceph: stdout [osd]
2024-09-13T05:42:32.159 INFO:teuthology.orchestra.run.smithi079.stdout:/usr/bin/ceph: stdout osd_map_max_advance = 10
2024-09-13T05:42:32.159 INFO:teuthology.orchestra.run.smithi079.stdout:/usr/bin/ceph: stdout osd_sloppy_crc = true
2024-09-13T05:42:32.159 INFO:teuthology.orchestra.run.smithi079.stdout:/usr/bin/ceph: stderr
2024-09-13T05:42:31.179+0000 7f825c165640 1 Processor -- start
2024-09-13T05:42:32.159 INFO:teuthology.orchestra.run.smithi079.stdout:/usr/bin/ceph: stderr
2024-09-13T05:42:31.179+0000 7f825c165640 1 -- start start
2024-09-13T05:42:32.159 INFO:teuthology.orchestra.run.smithi079.stdout:/usr/bin/ceph: stderr
2024-09-13T05:42:31.179+0000 7f825c165640 1 --2- >> [v2:172.21.15.79:3300/0,v1:172.21.15.79:6789/0] conn(0x7f825407a440 0x7f8254109520 unknown :-1 s=NONE pgs=0 cs=0 l=0 rev1=0 crypto rx=0 tx=0 comp rx=0 tx=0).connect
2024-09-13T05:42:32.159 INFO:teuthology.orchestra.run.smithi079.stdout:/usr/bin/ceph: stderr
2024-09-13T05:42:31.179+0000 7f825c165640 1 -- --> [v2:172.21.15.79:3300/0,v1:172.21.15.79:6789/0] -- mon_getmap magic: 0 -- 0x7f8254109a60 con 0x7f825407a440
2024-09-13T05:42:32.159 INFO:teuthology.orchestra.run.smithi079.stdout:/usr/bin/ceph: stderr
2024-09-13T05:42:31.179+0000 7f8259f01640 1 --2- >> [v2:172.21.15.79:3300/0,v1:172.21.15.79:6789/0] conn(0x7f825407a440 0x7f8254109520 unknown :-1 s=BANNER_CONNECTING pgs=0 cs=0 l=0 rev1=0 crypto rx=0 tx=0 comp rx=0 tx=0)._handle_peer_banner_payload supported=3 required=0
2024-09-13T05:42:32.159 INFO:teuthology.orchestra.run.smithi079.stdout:/usr/bin/ceph: stderr
2024-09-13T05:42:31.179+0000 7f8259f01640 1 --2- >> [v2:172.21.15.79:3300/0,v1:172.21.15.79:6789/0] conn(0x7f825407a440 0x7f8254109520 unknown :-1 s=HELLO_CONNECTING pgs=0 cs=0 l=0 rev1=1 crypto rx=0 tx=0 comp rx=0 tx=0).handle_hello peer v2:172.21.15.79:3300/0 says I am v2:172.21.15.79:47672/0 (socket says 172.21.15.79:47672)
2024-09-13T05:42:32.159 INFO:teuthology.orchestra.run.smithi079.stdout:/usr/bin/ceph: stderr
2024-09-13T05:42:31.179+0000 7f8259f01640 1 -- 172.21.15.79:0/659124187 learned_addr learned my addr 172.21.15.79:0/659124187 (peer_addr_for_me v2:172.21.15.79:0/0)
2024-09-13T05:42:32.160 INFO:teuthology.orchestra.run.smithi079.stdout:/usr/bin/ceph: stderr
2024-09-13T05:42:31.179+0000 7f8259f01640 1 -- 172.21.15.79:0/659124187 --> [v2:172.21.15.79:3300/0,v1:172.21.15.79:6789/0] -- mon_subscribe({config=0+,monmap=0+}) -- 0x7f8254109be0 con 0x7f825407a440
2024-09-13T05:42:32.160 INFO:teuthology.orchestra.run.smithi079.stdout:/usr/bin/ceph: stderr
2024-09-13T05:42:31.183+0000 7f8259f01640 1 --2- 172.21.15.79:0/659124187 >> [v2:172.21.15.79:3300/0,v1:172.21.15.79:6789/0] conn(0x7f825407a440 0x7f8254109520 secure :-1 s=READY pgs=18 cs=0 l=1 rev1=1 crypto rx=0x7f8250009820 tx=0x7f825002a300 comp rx=0 tx=0).ready entity=mon.0 client_cookie=a614cb14a5f0a76 server_cookie=0 in_seq=0 out_seq=0
2024-09-13T05:42:32.160 INFO:teuthology.orchestra.run.smithi079.stdout:/usr/bin/ceph: stderr
2024-09-13T05:42:31.183+0000 7f8258eff640 1 -- 172.21.15.79:0/659124187 <== mon.0 v2:172.21.15.79:3300/0 1 ==== mon_map magic: 0 ==== 205+0+0 (secure 0 0 0) 0x7f8250037070 con 0x7f825407a440
2024-09-13T05:42:32.160 INFO:teuthology.orchestra.run.smithi079.stdout:/usr/bin/ceph: stderr
2024-09-13T05:42:31.183+0000 7f8258eff640 1 -- 172.21.15.79:0/659124187 <== mon.0 v2:172.21.15.79:3300/0 2 ==== config(25 keys) ==== 1023+0+0 (secure 0 0 0) 0x7f82500328a0 con 0x7f825407a440
2024-09-13T05:42:32.160 INFO:teuthology.orchestra.run.smithi079.stdout:/usr/bin/ceph: stderr
2024-09-13T05:42:31.183+0000 7f8258eff640 1 -- 172.21.15.79:0/659124187 <== mon.0 v2:172.21.15.79:3300/0 3 ==== mon_map magic: 0 ==== 205+0+0 (secure 0 0 0) 0x7f8250030710 con 0x7f825407a440
2024-09-13T05:42:32.160 INFO:teuthology.orchestra.run.smithi079.stdout:/usr/bin/ceph: stderr
2024-09-13T05:42:31.183+0000 7f825c165640 1 -- 172.21.15.79:0/659124187 >> [v2:172.21.15.79:3300/0,v1:172.21.15.79:6789/0] conn(0x7f825407a440 msgr2=0x7f8254109520 secure :-1 s=STATE_CONNECTION_ESTABLISHED l=1).mark_down
2024-09-13T05:42:32.160 INFO:teuthology.orchestra.run.smithi079.stdout:/usr/bin/ceph: stderr
2024-09-13T05:42:31.183+0000 7f825c165640 1 --2- 172.21.15.79:0/659124187 >> [v2:172.21.15.79:3300/0,v1:172.21.15.79:6789/0] conn(0x7f825407a440 0x7f8254109520 secure :-1 s=READY pgs=18 cs=0 l=1 rev1=1 crypto rx=0x7f8250009820 tx=0x7f825002a300 comp rx=0 tx=0).stop
2024-09-13T05:42:32.160 INFO:teuthology.orchestra.run.smithi079.stdout:/usr/bin/ceph: stderr
2024-09-13T05:42:31.183+0000 7f825c165640 1 -- 172.21.15.79:0/659124187 shutdown_connections
2024-09-13T05:42:32.160 INFO:teuthology.orchestra.run.smithi079.stdout:/usr/bin/ceph: stderr
2024-09-13T05:42:31.183+0000 7f825c165640 1 --2- 172.21.15.79:0/659124187 >> [v2:172.21.15.79:3300/0,v1:172.21.15.79:6789/0] conn(0x7f825407a440 0x7f8254109520 unknown :-1 s=CLOSED pgs=18 cs=0 l=1 rev1=1 crypto rx=0 tx=0 comp rx=0 tx=0).stop
2024-09-13T05:42:32.160 INFO:teuthology.orchestra.run.smithi079.stdout:/usr/bin/ceph: stderr
2024-09-13T05:42:31.183+0000 7f825c165640 1 -- 172.21.15.79:0/659124187 >> 172.21.15.79:0/659124187 conn(0x7f82541011b0 msgr2=0x7f82541035d0 unknown :-1 s=STATE_NONE l=0).mark_down
2024-09-13T05:42:32.160 INFO:teuthology.orchestra.run.smithi079.stdout:/usr/bin/ceph: stderr
2024-09-13T05:42:31.183+0000 7f825c165640 1 -- 172.21.15.79:0/659124187 shutdown_connections
2024-09-13T05:42:32.160 INFO:teuthology.orchestra.run.smithi079.stdout:/usr/bin/ceph: stderr
2024-09-13T05:42:31.183+0000 7f825c165640 1 -- 172.21.15.79:0/659124187 wait complete.
2024-09-13T05:42:32.161 INFO:teuthology.orchestra.run.smithi079.stdout:/usr/bin/ceph: stderr
2024-09-13T05:42:31.183+0000 7f825c165640 1 Processor -- start
2024-09-13T05:42:32.161 INFO:teuthology.orchestra.run.smithi079.stdout:/usr/bin/ceph: stderr
2024-09-13T05:42:31.183+0000 7f825c165640 1 -- start start
2024-09-13T05:42:32.161 INFO:teuthology.orchestra.run.smithi079.stdout:/usr/bin/ceph: stderr
2024-09-13T05:42:31.183+0000 7f825c165640 1 --2- >> [v2:172.21.15.79:3300/0,v1:172.21.15.79:6789/0] conn(0x7f825407a440 0x7f8254106b70 unknown :-1 s=NONE pgs=0 cs=0 l=1 rev1=0 crypto rx=0 tx=0 comp rx=0 tx=0).connect
2024-09-13T05:42:32.161 INFO:teuthology.orchestra.run.smithi079.stdout:/usr/bin/ceph: stderr
2024-09-13T05:42:31.183+0000 7f825c165640 1 -- --> [v2:172.21.15.79:3300/0,v1:172.21.15.79:6789/0] -- mon_getmap magic: 0 -- 0x7f825410aca0 con 0x7f825407a440
2024-09-13T05:42:32.161 INFO:teuthology.orchestra.run.smithi079.stdout:/usr/bin/ceph: stderr
2024-09-13T05:42:31.183+0000 7f8259f01640 1 --2- >> [v2:172.21.15.79:3300/0,v1:172.21.15.79:6789/0] conn(0x7f825407a440 0x7f8254106b70 unknown :-1 s=BANNER_CONNECTING pgs=0 cs=0 l=1 rev1=0 crypto rx=0 tx=0 comp rx=0 tx=0)._handle_peer_banner_payload supported=3 required=0
2024-09-13T05:42:32.161 INFO:teuthology.orchestra.run.smithi079.stdout:/usr/bin/ceph: stderr
2024-09-13T05:42:31.183+0000 7f8259f01640 1 --2- >> [v2:172.21.15.79:3300/0,v1:172.21.15.79:6789/0] conn(0x7f825407a440 0x7f8254106b70 unknown :-1 s=HELLO_CONNECTING pgs=0 cs=0 l=1 rev1=1 crypto rx=0 tx=0 comp rx=0 tx=0).handle_hello peer v2:172.21.15.79:3300/0 says I am v2:172.21.15.79:47684/0 (socket says 172.21.15.79:47684)
2024-09-13T05:42:32.161 INFO:teuthology.orchestra.run.smithi079.stdout:/usr/bin/ceph: stderr
2024-09-13T05:42:31.183+0000 7f8259f01640 1 -- 172.21.15.79:0/3044827655 learned_addr learned my addr 172.21.15.79:0/3044827655 (peer_addr_for_me v2:172.21.15.79:0/0)
2024-09-13T05:42:32.161 INFO:teuthology.orchestra.run.smithi079.stdout:/usr/bin/ceph: stderr
2024-09-13T05:42:31.183+0000 7f8259f01640 1 -- 172.21.15.79:0/3044827655 --> [v2:172.21.15.79:3300/0,v1:172.21.15.79:6789/0] -- mon_subscribe({config=0+,monmap=0+}) -- 0x7f82541070d0 con 0x7f825407a440
2024-09-13T05:42:32.161 INFO:teuthology.orchestra.run.smithi079.stdout:/usr/bin/ceph: stderr
2024-09-13T05:42:31.183+0000 7f8259f01640 1 --2- 172.21.15.79:0/3044827655 >> [v2:172.21.15.79:3300/0,v1:172.21.15.79:6789/0] conn(0x7f825407a440 0x7f8254106b70 secure :-1 s=READY pgs=19 cs=0 l=1 rev1=1 crypto rx=0x7f8250030460 tx=0x7f8250030710 comp rx=0 tx=0).ready entity=mon.0 client_cookie=0 server_cookie=0 in_seq=0 out_seq=0
2024-09-13T05:42:32.161 INFO:teuthology.orchestra.run.smithi079.stdout:/usr/bin/ceph: stderr
2024-09-13T05:42:31.183+0000 7f824affd640 1 -- 172.21.15.79:0/3044827655 <== mon.0 v2:172.21.15.79:3300/0 1 ==== mon_map magic: 0 ==== 205+0+0 (secure 0 0 0) 0x7f8250037040 con 0x7f825407a440
2024-09-13T05:42:32.161 INFO:teuthology.orchestra.run.smithi079.stdout:/usr/bin/ceph: stderr
2024-09-13T05:42:31.183+0000 7f824affd640 1 -- 172.21.15.79:0/3044827655 <== mon.0 v2:172.21.15.79:3300/0 2 ==== config(25 keys) ==== 1023+0+0 (secure 0 0 0) 0x7f8250040070 con 0x7f825407a440
2024-09-13T05:42:32.161 INFO:teuthology.orchestra.run.smithi079.stdout:/usr/bin/ceph: stderr
2024-09-13T05:42:31.183+0000 7f825c165640 1 -- 172.21.15.79:0/3044827655 --> [v2:172.21.15.79:3300/0,v1:172.21.15.79:6789/0] -- mon_subscribe({mgrmap=0+}) -- 0x7f82541054c0 con 0x7f825407a440
2024-09-13T05:42:32.161 INFO:teuthology.orchestra.run.smithi079.stdout:/usr/bin/ceph: stderr
2024-09-13T05:42:31.183+0000 7f824affd640 1 -- 172.21.15.79:0/3044827655 <== mon.0 v2:172.21.15.79:3300/0 3 ==== mon_map magic: 0 ==== 205+0+0 (secure 0 0 0) 0x7f825003be30 con 0x7f825407a440
2024-09-13T05:42:32.161 INFO:teuthology.orchestra.run.smithi079.stdout:/usr/bin/ceph: stderr
2024-09-13T05:42:31.183+0000 7f825c165640 1 -- 172.21.15.79:0/3044827655 --> [v2:172.21.15.79:3300/0,v1:172.21.15.79:6789/0] -- mon_subscribe({osdmap=0}) -- 0x7f8254105a40 con 0x7f825407a440
2024-09-13T05:42:32.162 INFO:teuthology.orchestra.run.smithi079.stdout:/usr/bin/ceph: stderr
2024-09-13T05:42:31.187+0000 7f824affd640 1 -- 172.21.15.79:0/3044827655 <== mon.0 v2:172.21.15.79:3300/0 4 ==== mgrmap(e 4) ==== 51719+0+0 (secure 0 0 0) 0x7f8250045460 con 0x7f825407a440
2024-09-13T05:42:32.162 INFO:teuthology.orchestra.run.smithi079.stdout:/usr/bin/ceph: stderr
2024-09-13T05:42:31.187+0000 7f825c165640 1 -- 172.21.15.79:0/3044827655 --> [v2:172.21.15.79:3300/0,v1:172.21.15.79:6789/0] -- mon_command({"prefix": "get_command_descriptions"} v 0) -- 0x7f8254107590 con 0x7f825407a440
2024-09-13T05:42:32.162 INFO:teuthology.orchestra.run.smithi079.stdout:/usr/bin/ceph: stderr
2024-09-13T05:42:31.187+0000 7f824affd640 1 --2- 172.21.15.79:0/3044827655 >> v2:172.21.15.79:6800/784563831 conn(0x7f824003f630 0x7f8240041af0 unknown :-1 s=NONE pgs=0 cs=0 l=1 rev1=0 crypto rx=0 tx=0 comp rx=0 tx=0).connect
2024-09-13T05:42:32.162 INFO:teuthology.orchestra.run.smithi079.stdout:/usr/bin/ceph: stderr
2024-09-13T05:42:31.187+0000 7f824affd640 1 -- 172.21.15.79:0/3044827655 <== mon.0 v2:172.21.15.79:3300/0 5 ==== osd_map(1..1 src has 1..1) ==== 725+0+0 (secure 0 0 0) 0x7f8250073d90 con 0x7f825407a440
2024-09-13T05:42:32.162 INFO:teuthology.orchestra.run.smithi079.stdout:/usr/bin/ceph: stderr
2024-09-13T05:42:31.187+0000 7f8259700640 1 --2- 172.21.15.79:0/3044827655 >> v2:172.21.15.79:6800/784563831 conn(0x7f824003f630 0x7f8240041af0 unknown :-1 s=BANNER_CONNECTING pgs=0 cs=0 l=1 rev1=0 crypto rx=0 tx=0 comp rx=0 tx=0)._handle_peer_banner_payload supported=3 required=0
2024-09-13T05:42:32.162 INFO:teuthology.orchestra.run.smithi079.stdout:/usr/bin/ceph: stderr
2024-09-13T05:42:31.187+0000 7f8259700640 1 --2- 172.21.15.79:0/3044827655 >> v2:172.21.15.79:6800/784563831 conn(0x7f824003f630 0x7f8240041af0 secure :-1 s=READY pgs=7 cs=0 l=1 rev1=1 crypto rx=0x7f82440098c0 tx=0x7f8244006db0 comp rx=0 tx=0).ready entity=mgr.14100 client_cookie=0 server_cookie=0 in_seq=0 out_seq=0
2024-09-13T05:42:32.162 INFO:teuthology.orchestra.run.smithi079.stdout:/usr/bin/ceph: stderr
2024-09-13T05:42:31.191+0000 7f824affd640 1 -- 172.21.15.79:0/3044827655 <== mon.0 v2:172.21.15.79:3300/0 6 ==== mon_command_ack([{"prefix": "get_command_descriptions"}]=0 v0) ==== 72+0+196987 (secure 0 0 0) 0x7f8250043c60 con 0x7f825407a440
2024-09-13T05:42:32.162 INFO:teuthology.orchestra.run.smithi079.stdout:/usr/bin/ceph: stderr
2024-09-13T05:42:31.531+0000 7f825c165640 1 -- 172.21.15.79:0/3044827655 --> [v2:172.21.15.79:3300/0,v1:172.21.15.79:6789/0] -- mon_command({"prefix": "config assimilate-conf"} v 0) -- 0x7f8254106010 con 0x7f825407a440
2024-09-13T05:42:32.162 INFO:teuthology.orchestra.run.smithi079.stdout:/usr/bin/ceph: stderr
2024-09-13T05:42:31.535+0000 7f824affd640 1 -- 172.21.15.79:0/3044827655 <== mon.0 v2:172.21.15.79:3300/0 7 ==== mon_command_ack([{"prefix": "config assimilate-conf"}]=0 v3) ==== 70+0+374 (secure 0 0 0) 0x7f8250073af0 con 0x7f825407a440
2024-09-13T05:42:32.162 INFO:teuthology.orchestra.run.smithi079.stdout:/usr/bin/ceph: stderr
2024-09-13T05:42:31.539+0000 7f825c165640 1 -- 172.21.15.79:0/3044827655 >> v2:172.21.15.79:6800/784563831 conn(0x7f824003f630 msgr2=0x7f8240041af0 secure :-1 s=STATE_CONNECTION_ESTABLISHED l=1).mark_down
2024-09-13T05:42:32.162 INFO:teuthology.orchestra.run.smithi079.stdout:/usr/bin/ceph: stderr
2024-09-13T05:42:31.539+0000 7f825c165640 1 --2- 172.21.15.79:0/3044827655 >> v2:172.21.15.79:6800/784563831 conn(0x7f824003f630 0x7f8240041af0 secure :-1 s=READY pgs=7 cs=0 l=1 rev1=1 crypto rx=0x7f82440098c0 tx=0x7f8244006db0 comp rx=0 tx=0).stop
2024-09-13T05:42:32.162 INFO:teuthology.orchestra.run.smithi079.stdout:/usr/bin/ceph: stderr
2024-09-13T05:42:31.539+0000 7f825c165640 1 -- 172.21.15.79:0/3044827655 >> [v2:172.21.15.79:3300/0,v1:172.21.15.79:6789/0] conn(0x7f825407a440 msgr2=0x7f8254106b70 secure :-1 s=STATE_CONNECTION_ESTABLISHED l=1).mark_down
2024-09-13T05:42:32.162 INFO:teuthology.orchestra.run.smithi079.stdout:/usr/bin/ceph: stderr
2024-09-13T05:42:31.539+0000 7f825c165640 1 --2- 172.21.15.79:0/3044827655 >> [v2:172.21.15.79:3300/0,v1:172.21.15.79:6789/0] conn(0x7f825407a440 0x7f8254106b70 secure :-1 s=READY pgs=19 cs=0 l=1 rev1=1 crypto rx=0x7f8250030460 tx=0x7f8250030710 comp rx=0 tx=0).stop
2024-09-13T05:42:32.162 INFO:teuthology.orchestra.run.smithi079.stdout:/usr/bin/ceph: stderr
2024-09-13T05:42:31.539+0000 7f825c165640 1 -- 172.21.15.79:0/3044827655 shutdown_connections
2024-09-13T05:42:32.163 INFO:teuthology.orchestra.run.smithi079.stdout:/usr/bin/ceph: stderr
2024-09-13T05:42:31.539+0000 7f825c165640 1 --2- 172.21.15.79:0/3044827655 >> v2:172.21.15.79:6800/784563831 conn(0x7f824003f630 0x7f8240041af0 unknown :-1 s=CLOSED pgs=7 cs=0 l=1 rev1=1 crypto rx=0 tx=0 comp rx=0 tx=0).stop
2024-09-13T05:42:32.163 INFO:teuthology.orchestra.run.smithi079.stdout:/usr/bin/ceph: stderr
2024-09-13T05:42:31.539+0000 7f825c165640 1 --2- 172.21.15.79:0/3044827655 >> [v2:172.21.15.79:3300/0,v1:172.21.15.79:6789/0] conn(0x7f825407a440 0x7f8254106b70 unknown :-1 s=CLOSED pgs=19 cs=0 l=1 rev1=1 crypto rx=0 tx=0 comp rx=0 tx=0).stop
2024-09-13T05:42:32.163 INFO:teuthology.orchestra.run.smithi079.stdout:/usr/bin/ceph: stderr
2024-09-13T05:42:31.539+0000 7f825c165640 1 -- 172.21.15.79:0/3044827655 >> 172.21.15.79:0/3044827655 conn(0x7f82541011b0 msgr2=0x7f8254101ca0 unknown :-1 s=STATE_NONE l=0).mark_down
2024-09-13T05:42:32.163 INFO:teuthology.orchestra.run.smithi079.stdout:/usr/bin/ceph: stderr
2024-09-13T05:42:31.539+0000 7f825c165640 1 -- 172.21.15.79:0/3044827655 shutdown_connections
2024-09-13T05:42:32.163 INFO:teuthology.orchestra.run.smithi079.stdout:/usr/bin/ceph: stderr
2024-09-13T05:42:31.539+0000 7f825c165640 1 -- 172.21.15.79:0/3044827655 wait complete.
2024-09-13T05:42:32.163 INFO:teuthology.orchestra.run.smithi079.stdout:Enabling cephadm module...
2024-09-13T05:42:34.236 INFO:journalctl@ceph.mon.a.smithi079.stdout:Sep 13 05:42:33 smithi079 bash[22814]: audit
2024-09-13T05:42:33.693435+0000 mon.a (mon.0) 32 : audit [INF] from='client.? 172.21.15.79:0/1787350732' entity='client.admin' cmd={"prefix": "mgr module enable", "module": "cephadm"} : dispatch
2024-09-13T05:42:34.236 INFO:journalctl@ceph.mon.a.smithi079.stdout:Sep 13 05:42:33 smithi079 bash[22814]: audit
2024-09-13T05:42:33.693435+0000 mon.a (mon.0) 32 : audit [INF] from='client.? 172.21.15.79:0/1787350732' entity='client.admin' cmd={"prefix": "mgr module enable", "module": "cephadm"} : dispatch
2024-09-13T05:42:34.236 INFO:journalctl@ceph.mgr.y.smithi079.stdout:Sep 13 05:42:33 smithi079 bash[23069]: ignoring --setuser ceph since I am not root
2024-09-13T05:42:34.236 INFO:journalctl@ceph.mgr.y.smithi079.stdout:Sep 13 05:42:33 smithi079 bash[23069]: ignoring --setgroup ceph since I am not root
2024-09-13T05:42:34.344 INFO:teuthology.orchestra.run.smithi079.stdout:/usr/bin/ceph: stderr
2024-09-13T05:42:33.239+0000 7f4a3561e640 1 Processor -- start
2024-09-13T05:42:34.345 INFO:teuthology.orchestra.run.smithi079.stdout:/usr/bin/ceph: stderr
2024-09-13T05:42:33.239+0000 7f4a3561e640 1 -- start start
2024-09-13T05:42:34.345 INFO:teuthology.orchestra.run.smithi079.stdout:/usr/bin/ceph: stderr
2024-09-13T05:42:33.239+0000 7f4a3561e640 1 --2- >> [v2:172.21.15.79:3300/0,v1:172.21.15.79:6789/0] conn(0x7f4a30080970 0x7f4a30080d70 unknown :-1 s=NONE pgs=0 cs=0 l=0 rev1=0 crypto rx=0 tx=0 comp rx=0 tx=0).connect
2024-09-13T05:42:34.345 INFO:teuthology.orchestra.run.smithi079.stdout:/usr/bin/ceph: stderr
2024-09-13T05:42:33.239+0000 7f4a3561e640 1 -- --> [v2:172.21.15.79:3300/0,v1:172.21.15.79:6789/0] -- mon_getmap magic: 0 -- 0x7f4a30081360 con 0x7f4a30080970
2024-09-13T05:42:34.345 INFO:teuthology.orchestra.run.smithi079.stdout:/usr/bin/ceph: stderr
2024-09-13T05:42:33.239+0000 7f4a2effd640 1 --2- >> [v2:172.21.15.79:3300/0,v1:172.21.15.79:6789/0] conn(0x7f4a30080970 0x7f4a30080d70 unknown :-1 s=BANNER_CONNECTING pgs=0 cs=0 l=0 rev1=0 crypto rx=0 tx=0 comp rx=0 tx=0)._handle_peer_banner_payload supported=3 required=0
2024-09-13T05:42:34.345 INFO:teuthology.orchestra.run.smithi079.stdout:/usr/bin/ceph: stderr
2024-09-13T05:42:33.239+0000 7f4a2effd640 1 --2- >> [v2:172.21.15.79:3300/0,v1:172.21.15.79:6789/0] conn(0x7f4a30080970 0x7f4a30080d70 unknown :-1 s=HELLO_CONNECTING pgs=0 cs=0 l=0 rev1=1 crypto rx=0 tx=0 comp rx=0 tx=0).handle_hello peer v2:172.21.15.79:3300/0 says I am v2:172.21.15.79:46790/0 (socket says 172.21.15.79:46790)
2024-09-13T05:42:34.345 INFO:teuthology.orchestra.run.smithi079.stdout:/usr/bin/ceph: stderr
2024-09-13T05:42:33.239+0000 7f4a2effd640 1 -- 172.21.15.79:0/481266374 learned_addr learned my addr 172.21.15.79:0/481266374 (peer_addr_for_me v2:172.21.15.79:0/0)
2024-09-13T05:42:34.345 INFO:teuthology.orchestra.run.smithi079.stdout:/usr/bin/ceph: stderr
2024-09-13T05:42:33.243+0000 7f4a2effd640 1 -- 172.21.15.79:0/481266374 --> [v2:172.21.15.79:3300/0,v1:172.21.15.79:6789/0] -- mon_subscribe({config=0+,monmap=0+}) -- 0x7f4a300814e0 con 0x7f4a30080970
2024-09-13T05:42:34.345 INFO:teuthology.orchestra.run.smithi079.stdout:/usr/bin/ceph: stderr
2024-09-13T05:42:33.243+0000 7f4a2effd640 1 --2- 172.21.15.79:0/481266374 >> [v2:172.21.15.79:3300/0,v1:172.21.15.79:6789/0] conn(0x7f4a30080970 0x7f4a30080d70 secure :-1 s=READY pgs=20 cs=0 l=1 rev1=1 crypto rx=0x7f4a18009820 tx=0x7f4a1802a270 comp rx=0 tx=0).ready entity=mon.0 client_cookie=632056cc33c528e4 server_cookie=0 in_seq=0 out_seq=0
2024-09-13T05:42:34.345 INFO:teuthology.orchestra.run.smithi079.stdout:/usr/bin/ceph: stderr
2024-09-13T05:42:33.243+0000 7f4a2dffb640 1 -- 172.21.15.79:0/481266374 <== mon.0 v2:172.21.15.79:3300/0 1 ==== mon_map magic: 0 ==== 205+0+0 (secure 0 0 0) 0x7f4a18037070 con 0x7f4a30080970
2024-09-13T05:42:34.345 INFO:teuthology.orchestra.run.smithi079.stdout:/usr/bin/ceph: stderr
2024-09-13T05:42:33.243+0000 7f4a2dffb640 1 -- 172.21.15.79:0/481266374 <== mon.0 v2:172.21.15.79:3300/0 2 ==== config(25 keys) ==== 1023+0+0 (secure 0 0 0) 0x7f4a180328a0 con 0x7f4a30080970
2024-09-13T05:42:34.345 INFO:teuthology.orchestra.run.smithi079.stdout:/usr/bin/ceph: stderr
2024-09-13T05:42:33.243+0000 7f4a2dffb640 1 -- 172.21.15.79:0/481266374 <== mon.0 v2:172.21.15.79:3300/0 3 ==== mon_map magic: 0 ==== 205+0+0 (secure 0 0 0) 0x7f4a18030690 con 0x7f4a30080970
2024-09-13T05:42:34.346 INFO:teuthology.orchestra.run.smithi079.stdout:/usr/bin/ceph: stderr
2024-09-13T05:42:33.243+0000 7f4a3561e640 1 -- 172.21.15.79:0/481266374 >> [v2:172.21.15.79:3300/0,v1:172.21.15.79:6789/0] conn(0x7f4a30080970 msgr2=0x7f4a30080d70 secure :-1 s=STATE_CONNECTION_ESTABLISHED l=1).mark_down
2024-09-13T05:42:34.346 INFO:teuthology.orchestra.run.smithi079.stdout:/usr/bin/ceph: stderr
2024-09-13T05:42:33.243+0000 7f4a3561e640 1 --2- 172.21.15.79:0/481266374 >> [v2:172.21.15.79:3300/0,v1:172.21.15.79:6789/0] conn(0x7f4a30080970 0x7f4a30080d70 secure :-1 s=READY pgs=20 cs=0 l=1 rev1=1 crypto rx=0x7f4a18009820 tx=0x7f4a1802a270 comp rx=0 tx=0).stop
2024-09-13T05:42:34.346 INFO:teuthology.orchestra.run.smithi079.stdout:/usr/bin/ceph: stderr
2024-09-13T05:42:33.243+0000 7f4a3561e640 1 -- 172.21.15.79:0/481266374 shutdown_connections
2024-09-13T05:42:34.346 INFO:teuthology.orchestra.run.smithi079.stdout:/usr/bin/ceph: stderr
2024-09-13T05:42:33.243+0000 7f4a3561e640 1 --2- 172.21.15.79:0/481266374 >> [v2:172.21.15.79:3300/0,v1:172.21.15.79:6789/0] conn(0x7f4a30080970 0x7f4a30080d70 unknown :-1 s=CLOSED pgs=20 cs=0 l=1 rev1=1 crypto rx=0 tx=0 comp rx=0 tx=0).stop
2024-09-13T05:42:34.346 INFO:teuthology.orchestra.run.smithi079.stdout:/usr/bin/ceph: stderr
2024-09-13T05:42:33.243+0000 7f4a3561e640 1 -- 172.21.15.79:0/481266374 >> 172.21.15.79:0/481266374 conn(0x7f4a3007c200 msgr2=0x7f4a3007e680 unknown :-1 s=STATE_NONE l=0).mark_down
2024-09-13T05:42:34.346 INFO:teuthology.orchestra.run.smithi079.stdout:/usr/bin/ceph: stderr
2024-09-13T05:42:33.243+0000 7f4a3561e640 1 -- 172.21.15.79:0/481266374 shutdown_connections
2024-09-13T05:42:34.346 INFO:teuthology.orchestra.run.smithi079.stdout:/usr/bin/ceph: stderr
2024-09-13T05:42:33.243+0000 7f4a3561e640 1 -- 172.21.15.79:0/481266374 wait complete.
2024-09-13T05:42:34.346 INFO:teuthology.orchestra.run.smithi079.stdout:/usr/bin/ceph: stderr
2024-09-13T05:42:33.243+0000 7f4a3561e640 1 Processor -- start
2024-09-13T05:42:34.346 INFO:teuthology.orchestra.run.smithi079.stdout:/usr/bin/ceph: stderr
2024-09-13T05:42:33.243+0000 7f4a3561e640 1 -- start start
2024-09-13T05:42:34.346 INFO:teuthology.orchestra.run.smithi079.stdout:/usr/bin/ceph: stderr
2024-09-13T05:42:33.243+0000 7f4a3561e640 1 --2- >> [v2:172.21.15.79:3300/0,v1:172.21.15.79:6789/0] conn(0x7f4a30080970 0x7f4a301a0f30 unknown :-1 s=NONE pgs=0 cs=0 l=1 rev1=0 crypto rx=0 tx=0 comp rx=0 tx=0).connect
2024-09-13T05:42:34.346 INFO:teuthology.orchestra.run.smithi079.stdout:/usr/bin/ceph: stderr
2024-09-13T05:42:33.243+0000 7f4a3561e640 1 -- --> [v2:172.21.15.79:3300/0,v1:172.21.15.79:6789/0] -- mon_getmap magic: 0 -- 0x7f4a301113c0 con 0x7f4a30080970
2024-09-13T05:42:34.346 INFO:teuthology.orchestra.run.smithi079.stdout:/usr/bin/ceph: stderr
2024-09-13T05:42:33.243+0000 7f4a2effd640 1 --2- >> [v2:172.21.15.79:3300/0,v1:172.21.15.79:6789/0] conn(0x7f4a30080970 0x7f4a301a0f30 unknown :-1 s=BANNER_CONNECTING pgs=0 cs=0 l=1 rev1=0 crypto rx=0 tx=0 comp rx=0 tx=0)._handle_peer_banner_payload supported=3 required=0
2024-09-13T05:42:34.346 INFO:teuthology.orchestra.run.smithi079.stdout:/usr/bin/ceph: stderr
2024-09-13T05:42:33.243+0000 7f4a2effd640 1 --2- >> [v2:172.21.15.79:3300/0,v1:172.21.15.79:6789/0] conn(0x7f4a30080970 0x7f4a301a0f30 unknown :-1 s=HELLO_CONNECTING pgs=0 cs=0 l=1 rev1=1 crypto rx=0 tx=0 comp rx=0 tx=0).handle_hello peer v2:172.21.15.79:3300/0 says I am v2:172.21.15.79:46796/0 (socket says 172.21.15.79:46796)
2024-09-13T05:42:34.346 INFO:teuthology.orchestra.run.smithi079.stdout:/usr/bin/ceph: stderr
2024-09-13T05:42:33.243+0000 7f4a2effd640 1 -- 172.21.15.79:0/1787350732 learned_addr learned my addr 172.21.15.79:0/1787350732 (peer_addr_for_me v2:172.21.15.79:0/0)
2024-09-13T05:42:34.347 INFO:teuthology.orchestra.run.smithi079.stdout:/usr/bin/ceph: stderr
2024-09-13T05:42:33.243+0000 7f4a2effd640 1 -- 172.21.15.79:0/1787350732 --> [v2:172.21.15.79:3300/0,v1:172.21.15.79:6789/0] -- mon_subscribe({config=0+,monmap=0+}) -- 0x7f4a301a1490 con 0x7f4a30080970
2024-09-13T05:42:34.347 INFO:teuthology.orchestra.run.smithi079.stdout:/usr/bin/ceph: stderr
2024-09-13T05:42:33.243+0000 7f4a2effd640 1 --2- 172.21.15.79:0/1787350732 >> [v2:172.21.15.79:3300/0,v1:172.21.15.79:6789/0] conn(0x7f4a30080970 0x7f4a301a0f30 secure :-1 s=READY pgs=21 cs=0 l=1 rev1=1 crypto rx=0x7f4a18000c00 tx=0x7f4a18030bc0 comp rx=0 tx=0).ready entity=mon.0 client_cookie=0 server_cookie=0 in_seq=0 out_seq=0
2024-09-13T05:42:34.347 INFO:teuthology.orchestra.run.smithi079.stdout:/usr/bin/ceph: stderr
2024-09-13T05:42:33.243+0000 7f4a27fff640 1 -- 172.21.15.79:0/1787350732 <== mon.0 v2:172.21.15.79:3300/0 1 ==== mon_map magic: 0 ==== 205+0+0 (secure 0 0 0) 0x7f4a18042070 con 0x7f4a30080970
2024-09-13T05:42:34.347 INFO:teuthology.orchestra.run.smithi079.stdout:/usr/bin/ceph: stderr
2024-09-13T05:42:33.243+0000 7f4a27fff640 1 -- 172.21.15.79:0/1787350732 <== mon.0 v2:172.21.15.79:3300/0 2 ==== config(25 keys) ==== 1023+0+0 (secure 0 0 0) 0x7f4a18030e00 con 0x7f4a30080970
2024-09-13T05:42:34.347 INFO:teuthology.orchestra.run.smithi079.stdout:/usr/bin/ceph: stderr
