2024-09-13T05:43:09.360+0000 7f6493919640 1 -- 172.21.15.79:0/1660567505 >> [v2:172.21.15.79:3300/0,v1:172.21.15.79:6789/0] conn(0x7f648c105860 msgr2=0x7f648c105c60 secure :-1 s=STATE_CONNECTION_ESTABLISHED l=1).mark_down
2024-09-13T05:43:11.605 INFO:teuthology.orchestra.run.smithi079.stdout:/usr/bin/ceph: stderr
2024-09-13T05:43:09.360+0000 7f6493919640 1 --2- 172.21.15.79:0/1660567505 >> [v2:172.21.15.79:3300/0,v1:172.21.15.79:6789/0] conn(0x7f648c105860 0x7f648c105c60 secure :-1 s=READY pgs=55 cs=0 l=1 rev1=1 crypto rx=0x7f648800bac0 tx=0x7f648802c920 comp rx=0 tx=0).stop
2024-09-13T05:43:11.605 INFO:teuthology.orchestra.run.smithi079.stdout:/usr/bin/ceph: stderr
2024-09-13T05:43:09.360+0000 7f6493919640 1 -- 172.21.15.79:0/1660567505 shutdown_connections
2024-09-13T05:43:11.605 INFO:teuthology.orchestra.run.smithi079.stdout:/usr/bin/ceph: stderr
2024-09-13T05:43:09.360+0000 7f6493919640 1 --2- 172.21.15.79:0/1660567505 >> [v2:172.21.15.79:3300/0,v1:172.21.15.79:6789/0] conn(0x7f648c105860 0x7f648c105c60 unknown :-1 s=CLOSED pgs=55 cs=0 l=1 rev1=1 crypto rx=0 tx=0 comp rx=0 tx=0).stop
2024-09-13T05:43:11.605 INFO:teuthology.orchestra.run.smithi079.stdout:/usr/bin/ceph: stderr
2024-09-13T05:43:09.360+0000 7f6493919640 1 -- 172.21.15.79:0/1660567505 >> 172.21.15.79:0/1660567505 conn(0x7f648c1011b0 msgr2=0x7f648c1035d0 unknown :-1 s=STATE_NONE l=0).mark_down
2024-09-13T05:43:11.605 INFO:teuthology.orchestra.run.smithi079.stdout:/usr/bin/ceph: stderr
2024-09-13T05:43:09.360+0000 7f6493919640 1 -- 172.21.15.79:0/1660567505 shutdown_connections
2024-09-13T05:43:11.605 INFO:teuthology.orchestra.run.smithi079.stdout:/usr/bin/ceph: stderr
2024-09-13T05:43:09.360+0000 7f6493919640 1 -- 172.21.15.79:0/1660567505 wait complete.
2024-09-13T05:43:11.605 INFO:teuthology.orchestra.run.smithi079.stdout:/usr/bin/ceph: stderr
2024-09-13T05:43:09.360+0000 7f6493919640 1 Processor -- start
2024-09-13T05:43:11.605 INFO:teuthology.orchestra.run.smithi079.stdout:/usr/bin/ceph: stderr
2024-09-13T05:43:09.360+0000 7f6493919640 1 -- start start
2024-09-13T05:43:11.606 INFO:teuthology.orchestra.run.smithi079.stdout:/usr/bin/ceph: stderr
2024-09-13T05:43:09.360+0000 7f6493919640 1 --2- >> [v2:172.21.15.79:3300/0,v1:172.21.15.79:6789/0] conn(0x7f648c105860 0x7f648c19cb60 unknown :-1 s=NONE pgs=0 cs=0 l=1 rev1=0 crypto rx=0 tx=0 comp rx=0 tx=0).connect
2024-09-13T05:43:11.606 INFO:teuthology.orchestra.run.smithi079.stdout:/usr/bin/ceph: stderr
2024-09-13T05:43:09.360+0000 7f6493919640 1 -- --> [v2:172.21.15.79:3300/0,v1:172.21.15.79:6789/0] -- mon_getmap magic: 0 -- 0x7f648c0797f0 con 0x7f648c105860
2024-09-13T05:43:11.606 INFO:teuthology.orchestra.run.smithi079.stdout:/usr/bin/ceph: stderr
2024-09-13T05:43:09.360+0000 7f64916b5640 1 --2- >> [v2:172.21.15.79:3300/0,v1:172.21.15.79:6789/0] conn(0x7f648c105860 0x7f648c19cb60 unknown :-1 s=BANNER_CONNECTING pgs=0 cs=0 l=1 rev1=0 crypto rx=0 tx=0 comp rx=0 tx=0)._handle_peer_banner_payload supported=3 required=0
2024-09-13T05:43:11.606 INFO:teuthology.orchestra.run.smithi079.stdout:/usr/bin/ceph: stderr
2024-09-13T05:43:09.360+0000 7f64916b5640 1 --2- >> [v2:172.21.15.79:3300/0,v1:172.21.15.79:6789/0] conn(0x7f648c105860 0x7f648c19cb60 unknown :-1 s=HELLO_CONNECTING pgs=0 cs=0 l=1 rev1=1 crypto rx=0 tx=0 comp rx=0 tx=0).handle_hello peer v2:172.21.15.79:3300/0 says I am v2:172.21.15.79:39108/0 (socket says 172.21.15.79:39108)
2024-09-13T05:43:11.606 INFO:teuthology.orchestra.run.smithi079.stdout:/usr/bin/ceph: stderr
2024-09-13T05:43:09.360+0000 7f64916b5640 1 -- 172.21.15.79:0/709676584 learned_addr learned my addr 172.21.15.79:0/709676584 (peer_addr_for_me v2:172.21.15.79:0/0)
2024-09-13T05:43:11.606 INFO:teuthology.orchestra.run.smithi079.stdout:/usr/bin/ceph: stderr
2024-09-13T05:43:09.360+0000 7f64916b5640 1 -- 172.21.15.79:0/709676584 --> [v2:172.21.15.79:3300/0,v1:172.21.15.79:6789/0] -- mon_subscribe({config=0+,monmap=0+}) -- 0x7f648c19d0c0 con 0x7f648c105860
2024-09-13T05:43:11.606 INFO:teuthology.orchestra.run.smithi079.stdout:/usr/bin/ceph: stderr
2024-09-13T05:43:09.360+0000 7f64916b5640 1 --2- 172.21.15.79:0/709676584 >> [v2:172.21.15.79:3300/0,v1:172.21.15.79:6789/0] conn(0x7f648c105860 0x7f648c19cb60 secure :-1 s=READY pgs=56 cs=0 l=1 rev1=1 crypto rx=0x7f6488032b40 tx=0x7f6488032b70 comp rx=0 tx=0).ready entity=mon.0 client_cookie=0 server_cookie=0 in_seq=0 out_seq=0
2024-09-13T05:43:11.606 INFO:teuthology.orchestra.run.smithi079.stdout:/usr/bin/ceph: stderr
2024-09-13T05:43:09.360+0000 7f64827fc640 1 -- 172.21.15.79:0/709676584 <== mon.0 v2:172.21.15.79:3300/0 1 ==== mon_map magic: 0 ==== 205+0+0 (secure 0 0 0) 0x7f6488042070 con 0x7f648c105860
2024-09-13T05:43:11.606 INFO:teuthology.orchestra.run.smithi079.stdout:/usr/bin/ceph: stderr
2024-09-13T05:43:09.360+0000 7f64827fc640 1 -- 172.21.15.79:0/709676584 <== mon.0 v2:172.21.15.79:3300/0 2 ==== config(25 keys) ==== 1054+0+0 (secure 0 0 0) 0x7f648803eb90 con 0x7f648c105860
2024-09-13T05:43:11.606 INFO:teuthology.orchestra.run.smithi079.stdout:/usr/bin/ceph: stderr
2024-09-13T05:43:09.360+0000 7f6493919640 1 -- 172.21.15.79:0/709676584 --> [v2:172.21.15.79:3300/0,v1:172.21.15.79:6789/0] -- mon_subscribe({mgrmap=0+}) -- 0x7f648c19d350 con 0x7f648c105860
2024-09-13T05:43:11.606 INFO:teuthology.orchestra.run.smithi079.stdout:/usr/bin/ceph: stderr
2024-09-13T05:43:09.360+0000 7f64827fc640 1 -- 172.21.15.79:0/709676584 <== mon.0 v2:172.21.15.79:3300/0 3 ==== mon_map magic: 0 ==== 205+0+0 (secure 0 0 0) 0x7f648803ca60 con 0x7f648c105860
2024-09-13T05:43:11.606 INFO:teuthology.orchestra.run.smithi079.stdout:/usr/bin/ceph: stderr
2024-09-13T05:43:09.360+0000 7f6493919640 1 -- 172.21.15.79:0/709676584 --> [v2:172.21.15.79:3300/0,v1:172.21.15.79:6789/0] -- mon_subscribe({osdmap=0}) -- 0x7f648c19dd90 con 0x7f648c105860
2024-09-13T05:43:11.607 INFO:teuthology.orchestra.run.smithi079.stdout:/usr/bin/ceph: stderr
2024-09-13T05:43:09.360+0000 7f64827fc640 1 -- 172.21.15.79:0/709676584 <== mon.0 v2:172.21.15.79:3300/0 4 ==== mgrmap(e 9) ==== 51730+0+0 (secure 0 0 0) 0x7f6488045070 con 0x7f648c105860
2024-09-13T05:43:11.607 INFO:teuthology.orchestra.run.smithi079.stdout:/usr/bin/ceph: stderr
2024-09-13T05:43:09.364+0000 7f6493919640 1 -- 172.21.15.79:0/709676584 --> [v2:172.21.15.79:3300/0,v1:172.21.15.79:6789/0] -- mon_command({"prefix": "get_command_descriptions"} v 0) -- 0x7f648c105c60 con 0x7f648c105860
2024-09-13T05:43:11.607 INFO:teuthology.orchestra.run.smithi079.stdout:/usr/bin/ceph: stderr
2024-09-13T05:43:09.364+0000 7f64827fc640 1 --2- 172.21.15.79:0/709676584 >> v2:172.21.15.79:6800/3535502969 conn(0x7f647803f6d0 0x7f6478041b90 unknown :-1 s=NONE pgs=0 cs=0 l=1 rev1=0 crypto rx=0 tx=0 comp rx=0 tx=0).connect
2024-09-13T05:43:11.607 INFO:teuthology.orchestra.run.smithi079.stdout:/usr/bin/ceph: stderr
2024-09-13T05:43:09.364+0000 7f64827fc640 1 -- 172.21.15.79:0/709676584 <== mon.0 v2:172.21.15.79:3300/0 5 ==== osd_map(2..2 src has 1..2) ==== 897+0+0 (secure 0 0 0) 0x7f6488030050 con 0x7f648c105860
2024-09-13T05:43:11.607 INFO:teuthology.orchestra.run.smithi079.stdout:/usr/bin/ceph: stderr
2024-09-13T05:43:09.364+0000 7f6490eb4640 1 --2- 172.21.15.79:0/709676584 >> v2:172.21.15.79:6800/3535502969 conn(0x7f647803f6d0 0x7f6478041b90 unknown :-1 s=BANNER_CONNECTING pgs=0 cs=0 l=1 rev1=0 crypto rx=0 tx=0 comp rx=0 tx=0)._handle_peer_banner_payload supported=3 required=0
2024-09-13T05:43:11.607 INFO:teuthology.orchestra.run.smithi079.stdout:/usr/bin/ceph: stderr
2024-09-13T05:43:09.364+0000 7f6490eb4640 1 --2- 172.21.15.79:0/709676584 >> v2:172.21.15.79:6800/3535502969 conn(0x7f647803f6d0 0x7f6478041b90 secure :-1 s=READY pgs=17 cs=0 l=1 rev1=1 crypto rx=0x7f647c0098c0 tx=0x7f647c006db0 comp rx=0 tx=0).ready entity=mgr.14118 client_cookie=0 server_cookie=0 in_seq=0 out_seq=0
2024-09-13T05:43:11.607 INFO:teuthology.orchestra.run.smithi079.stdout:/usr/bin/ceph: stderr
2024-09-13T05:43:09.368+0000 7f64827fc640 1 -- 172.21.15.79:0/709676584 <== mon.0 v2:172.21.15.79:3300/0 6 ==== mon_command_ack([{"prefix": "get_command_descriptions"}]=0 v0) ==== 72+0+196987 (secure 0 0 0) 0x7f6488045360 con 0x7f648c105860
2024-09-13T05:43:11.607 INFO:teuthology.orchestra.run.smithi079.stdout:/usr/bin/ceph: stderr
2024-09-13T05:43:09.832+0000 7f6493919640 1 -- 172.21.15.79:0/709676584 --> [v2:172.21.15.79:3300/0,v1:172.21.15.79:6789/0] -- mon_command({"prefix": "mgr module enable", "module": "dashboard"} v 0) -- 0x7f648c195e70 con 0x7f648c105860
2024-09-13T05:43:11.607 INFO:teuthology.orchestra.run.smithi079.stdout:/usr/bin/ceph: stderr
2024-09-13T05:43:10.828+0000 7f64827fc640 1 -- 172.21.15.79:0/709676584 <== mon.0 v2:172.21.15.79:3300/0 7 ==== mon_command_ack([{"prefix": "mgr module enable", "module": "dashboard"}]=0 v10) ==== 88+0+0 (secure 0 0 0) 0x7f648803cd60 con 0x7f648c105860
2024-09-13T05:43:11.607 INFO:teuthology.orchestra.run.smithi079.stdout:/usr/bin/ceph: stderr
2024-09-13T05:43:10.832+0000 7f6493919640 1 -- 172.21.15.79:0/709676584 >> v2:172.21.15.79:6800/3535502969 conn(0x7f647803f6d0 msgr2=0x7f6478041b90 secure :-1 s=STATE_CONNECTION_ESTABLISHED l=1).mark_down
2024-09-13T05:43:11.607 INFO:teuthology.orchestra.run.smithi079.stdout:/usr/bin/ceph: stderr
2024-09-13T05:43:10.832+0000 7f6493919640 1 --2- 172.21.15.79:0/709676584 >> v2:172.21.15.79:6800/3535502969 conn(0x7f647803f6d0 0x7f6478041b90 secure :-1 s=READY pgs=17 cs=0 l=1 rev1=1 crypto rx=0x7f647c0098c0 tx=0x7f647c006db0 comp rx=0 tx=0).stop
2024-09-13T05:43:11.607 INFO:teuthology.orchestra.run.smithi079.stdout:/usr/bin/ceph: stderr
2024-09-13T05:43:10.832+0000 7f6493919640 1 -- 172.21.15.79:0/709676584 >> [v2:172.21.15.79:3300/0,v1:172.21.15.79:6789/0] conn(0x7f648c105860 msgr2=0x7f648c19cb60 secure :-1 s=STATE_CONNECTION_ESTABLISHED l=1).mark_down
2024-09-13T05:43:11.607 INFO:teuthology.orchestra.run.smithi079.stdout:/usr/bin/ceph: stderr
2024-09-13T05:43:10.832+0000 7f64827fc640 1 -- 172.21.15.79:0/709676584 <== mon.0 v2:172.21.15.79:3300/0 8 ==== mgrmap(e 10) ==== 51743+0+0 (secure 0 0 0) 0x7f648803b8d0 con 0x7f648c105860
2024-09-13T05:43:11.608 INFO:teuthology.orchestra.run.smithi079.stdout:/usr/bin/ceph: stderr
2024-09-13T05:43:10.832+0000 7f6493919640 1 --2- 172.21.15.79:0/709676584 >> [v2:172.21.15.79:3300/0,v1:172.21.15.79:6789/0] conn(0x7f648c105860 0x7f648c19cb60 secure :-1 s=READY pgs=56 cs=0 l=1 rev1=1 crypto rx=0x7f6488032b40 tx=0x7f6488032b70 comp rx=0 tx=0).stop
2024-09-13T05:43:11.608 INFO:teuthology.orchestra.run.smithi079.stdout:/usr/bin/ceph: stderr
2024-09-13T05:43:10.832+0000 7f6493919640 1 -- 172.21.15.79:0/709676584 shutdown_connections
2024-09-13T05:43:11.608 INFO:teuthology.orchestra.run.smithi079.stdout:/usr/bin/ceph: stderr
2024-09-13T05:43:10.832+0000 7f6493919640 1 --2- 172.21.15.79:0/709676584 >> v2:172.21.15.79:6800/3535502969 conn(0x7f647803f6d0 0x7f6478041b90 unknown :-1 s=CLOSED pgs=17 cs=0 l=1 rev1=1 crypto rx=0 tx=0 comp rx=0 tx=0).stop
2024-09-13T05:43:11.608 INFO:teuthology.orchestra.run.smithi079.stdout:/usr/bin/ceph: stderr
2024-09-13T05:43:10.832+0000 7f6493919640 1 --2- 172.21.15.79:0/709676584 >> [v2:172.21.15.79:3300/0,v1:172.21.15.79:6789/0] conn(0x7f648c105860 0x7f648c19cb60 secure :-1 s=CLOSED pgs=56 cs=0 l=1 rev1=1 crypto rx=0x7f6488032b40 tx=0x7f6488032b70 comp rx=0 tx=0).stop
2024-09-13T05:43:11.608 INFO:teuthology.orchestra.run.smithi079.stdout:/usr/bin/ceph: stderr
2024-09-13T05:43:10.832+0000 7f6493919640 1 -- 172.21.15.79:0/709676584 >> 172.21.15.79:0/709676584 conn(0x7f648c1011b0 msgr2=0x7f648c192fe0 unknown :-1 s=STATE_NONE l=0).mark_down
2024-09-13T05:43:11.608 INFO:teuthology.orchestra.run.smithi079.stdout:/usr/bin/ceph: stderr
2024-09-13T05:43:10.832+0000 7f64827fc640 1 --2- 172.21.15.79:0/709676584 >> v2:172.21.15.79:6800/3535502969 conn(0x7f647803fb80 0x7f6478043330 unknown :-1 s=NONE pgs=0 cs=0 l=1 rev1=0 crypto rx=0 tx=0 comp rx=0 tx=0).connect
2024-09-13T05:43:11.608 INFO:teuthology.orchestra.run.smithi079.stdout:/usr/bin/ceph: stderr
2024-09-13T05:43:10.832+0000 7f6493919640 1 -- 172.21.15.79:0/709676584 shutdown_connections
2024-09-13T05:43:11.608 INFO:teuthology.orchestra.run.smithi079.stdout:/usr/bin/ceph: stderr
2024-09-13T05:43:10.832+0000 7f6493919640 1 --2- 172.21.15.79:0/709676584 >> v2:172.21.15.79:6800/3535502969 conn(0x7f647803fb80 0x7f6478043330 unknown :-1 s=BANNER_CONNECTING pgs=0 cs=0 l=1 rev1=0 crypto rx=0 tx=0 comp rx=0 tx=0).stop
2024-09-13T05:43:11.608 INFO:teuthology.orchestra.run.smithi079.stdout:/usr/bin/ceph: stderr
2024-09-13T05:43:10.832+0000 7f6493919640 1 -- 172.21.15.79:0/709676584 wait complete.
2024-09-13T05:43:13.487 INFO:journalctl@ceph.mon.a.smithi079.stdout:Sep 13 05:43:13 smithi079 bash[22814]: audit
2024-09-13T05:43:13.107580+0000 mon.a (mon.0) 77 : audit [DBG] from='client.? 172.21.15.79:0/2751582994' entity='client.admin' cmd={"prefix": "mgr stat"} : dispatch
2024-09-13T05:43:13.487 INFO:journalctl@ceph.mon.a.smithi079.stdout:Sep 13 05:43:13 smithi079 bash[22814]: audit
2024-09-13T05:43:13.107580+0000 mon.a (mon.0) 77 : audit [DBG] from='client.? 172.21.15.79:0/2751582994' entity='client.admin' cmd={"prefix": "mgr stat"} : dispatch
2024-09-13T05:43:13.673 INFO:teuthology.orchestra.run.smithi079.stdout:/usr/bin/ceph: stdout {
2024-09-13T05:43:13.673 INFO:teuthology.orchestra.run.smithi079.stdout:/usr/bin/ceph: stdout "epoch": 10,
2024-09-13T05:43:13.673 INFO:teuthology.orchestra.run.smithi079.stdout:/usr/bin/ceph: stdout "available": true,
2024-09-13T05:43:13.673 INFO:teuthology.orchestra.run.smithi079.stdout:/usr/bin/ceph: stdout "active_name": "y",
2024-09-13T05:43:13.673 INFO:teuthology.orchestra.run.smithi079.stdout:/usr/bin/ceph: stdout "num_standby": 0
2024-09-13T05:43:13.673 INFO:teuthology.orchestra.run.smithi079.stdout:/usr/bin/ceph: stdout }
2024-09-13T05:43:13.673 INFO:teuthology.orchestra.run.smithi079.stdout:/usr/bin/ceph: stderr
2024-09-13T05:43:12.652+0000 7f07ceb30640 1 Processor -- start
2024-09-13T05:43:13.673 INFO:teuthology.orchestra.run.smithi079.stdout:/usr/bin/ceph: stderr
2024-09-13T05:43:12.652+0000 7f07ceb30640 1 -- start start
2024-09-13T05:43:13.673 INFO:teuthology.orchestra.run.smithi079.stdout:/usr/bin/ceph: stderr
2024-09-13T05:43:12.656+0000 7f07ceb30640 1 --2- >> [v2:172.21.15.79:3300/0,v1:172.21.15.79:6789/0] conn(0x7f07c807a3c0 0x7f07c81095a0 unknown :-1 s=NONE pgs=0 cs=0 l=0 rev1=0 crypto rx=0 tx=0 comp rx=0 tx=0).connect
2024-09-13T05:43:13.673 INFO:teuthology.orchestra.run.smithi079.stdout:/usr/bin/ceph: stderr
2024-09-13T05:43:12.656+0000 7f07ceb30640 1 -- --> [v2:172.21.15.79:3300/0,v1:172.21.15.79:6789/0] -- mon_getmap magic: 0 -- 0x7f07c8109ae0 con 0x7f07c807a3c0
2024-09-13T05:43:13.674 INFO:teuthology.orchestra.run.smithi079.stdout:/usr/bin/ceph: stderr
2024-09-13T05:43:12.656+0000 7f07cc8cc640 1 --2- >> [v2:172.21.15.79:3300/0,v1:172.21.15.79:6789/0] conn(0x7f07c807a3c0 0x7f07c81095a0 unknown :-1 s=BANNER_CONNECTING pgs=0 cs=0 l=0 rev1=0 crypto rx=0 tx=0 comp rx=0 tx=0)._handle_peer_banner_payload supported=3 required=0
2024-09-13T05:43:13.674 INFO:teuthology.orchestra.run.smithi079.stdout:/usr/bin/ceph: stderr
2024-09-13T05:43:12.656+0000 7f07cc8cc640 1 --2- >> [v2:172.21.15.79:3300/0,v1:172.21.15.79:6789/0] conn(0x7f07c807a3c0 0x7f07c81095a0 unknown :-1 s=HELLO_CONNECTING pgs=0 cs=0 l=0 rev1=1 crypto rx=0 tx=0 comp rx=0 tx=0).handle_hello peer v2:172.21.15.79:3300/0 says I am v2:172.21.15.79:39128/0 (socket says 172.21.15.79:39128)
2024-09-13T05:43:13.674 INFO:teuthology.orchestra.run.smithi079.stdout:/usr/bin/ceph: stderr
2024-09-13T05:43:12.656+0000 7f07cc8cc640 1 -- 172.21.15.79:0/253280639 learned_addr learned my addr 172.21.15.79:0/253280639 (peer_addr_for_me v2:172.21.15.79:0/0)
2024-09-13T05:43:13.674 INFO:teuthology.orchestra.run.smithi079.stdout:/usr/bin/ceph: stderr
2024-09-13T05:43:12.656+0000 7f07cc8cc640 1 -- 172.21.15.79:0/253280639 --> [v2:172.21.15.79:3300/0,v1:172.21.15.79:6789/0] -- mon_subscribe({config=0+,monmap=0+}) -- 0x7f07c8109c60 con 0x7f07c807a3c0
2024-09-13T05:43:13.674 INFO:teuthology.orchestra.run.smithi079.stdout:/usr/bin/ceph: stderr
2024-09-13T05:43:12.656+0000 7f07cc8cc640 1 --2- 172.21.15.79:0/253280639 >> [v2:172.21.15.79:3300/0,v1:172.21.15.79:6789/0] conn(0x7f07c807a3c0 0x7f07c81095a0 secure :-1 s=READY pgs=59 cs=0 l=1 rev1=1 crypto rx=0x7f07bc009820 tx=0x7f07bc02a270 comp rx=0 tx=0).ready entity=mon.0 client_cookie=86cd72e91932c82b server_cookie=0 in_seq=0 out_seq=0
2024-09-13T05:43:13.674 INFO:teuthology.orchestra.run.smithi079.stdout:/usr/bin/ceph: stderr
2024-09-13T05:43:12.656+0000 7f07c77fe640 1 -- 172.21.15.79:0/253280639 <== mon.0 v2:172.21.15.79:3300/0 1 ==== mon_map magic: 0 ==== 205+0+0 (secure 0 0 0) 0x7f07bc037070 con 0x7f07c807a3c0
2024-09-13T05:43:13.674 INFO:teuthology.orchestra.run.smithi079.stdout:/usr/bin/ceph: stderr
2024-09-13T05:43:12.656+0000 7f07c77fe640 1 -- 172.21.15.79:0/253280639 <== mon.0 v2:172.21.15.79:3300/0 2 ==== config(25 keys) ==== 1054+0+0 (secure 0 0 0) 0x7f07bc0328c0 con 0x7f07c807a3c0
2024-09-13T05:43:13.674 INFO:teuthology.orchestra.run.smithi079.stdout:/usr/bin/ceph: stderr
2024-09-13T05:43:12.656+0000 7f07c77fe640 1 -- 172.21.15.79:0/253280639 <== mon.0 v2:172.21.15.79:3300/0 3 ==== mon_map magic: 0 ==== 205+0+0 (secure 0 0 0) 0x7f07bc030640 con 0x7f07c807a3c0
2024-09-13T05:43:13.674 INFO:teuthology.orchestra.run.smithi079.stdout:/usr/bin/ceph: stderr
2024-09-13T05:43:12.656+0000 7f07ceb30640 1 -- 172.21.15.79:0/253280639 >> [v2:172.21.15.79:3300/0,v1:172.21.15.79:6789/0] conn(0x7f07c807a3c0 msgr2=0x7f07c81095a0 secure :-1 s=STATE_CONNECTION_ESTABLISHED l=1).mark_down
2024-09-13T05:43:13.674 INFO:teuthology.orchestra.run.smithi079.stdout:/usr/bin/ceph: stderr
2024-09-13T05:43:12.656+0000 7f07ceb30640 1 --2- 172.21.15.79:0/253280639 >> [v2:172.21.15.79:3300/0,v1:172.21.15.79:6789/0] conn(0x7f07c807a3c0 0x7f07c81095a0 secure :-1 s=READY pgs=59 cs=0 l=1 rev1=1 crypto rx=0x7f07bc009820 tx=0x7f07bc02a270 comp rx=0 tx=0).stop
2024-09-13T05:43:13.674 INFO:teuthology.orchestra.run.smithi079.stdout:/usr/bin/ceph: stderr
2024-09-13T05:43:12.656+0000 7f07ceb30640 1 -- 172.21.15.79:0/253280639 shutdown_connections
2024-09-13T05:43:13.674 INFO:teuthology.orchestra.run.smithi079.stdout:/usr/bin/ceph: stderr
2024-09-13T05:43:12.656+0000 7f07ceb30640 1 --2- 172.21.15.79:0/253280639 >> [v2:172.21.15.79:3300/0,v1:172.21.15.79:6789/0] conn(0x7f07c807a3c0 0x7f07c81095a0 unknown :-1 s=CLOSED pgs=59 cs=0 l=1 rev1=1 crypto rx=0 tx=0 comp rx=0 tx=0).stop
2024-09-13T05:43:13.674 INFO:teuthology.orchestra.run.smithi079.stdout:/usr/bin/ceph: stderr
2024-09-13T05:43:12.656+0000 7f07ceb30640 1 -- 172.21.15.79:0/253280639 >> 172.21.15.79:0/253280639 conn(0x7f07c81011b0 msgr2=0x7f07c81035d0 unknown :-1 s=STATE_NONE l=0).mark_down
2024-09-13T05:43:13.675 INFO:teuthology.orchestra.run.smithi079.stdout:/usr/bin/ceph: stderr
2024-09-13T05:43:12.656+0000 7f07ceb30640 1 -- 172.21.15.79:0/253280639 shutdown_connections
2024-09-13T05:43:13.675 INFO:teuthology.orchestra.run.smithi079.stdout:/usr/bin/ceph: stderr
2024-09-13T05:43:12.656+0000 7f07ceb30640 1 -- 172.21.15.79:0/253280639 wait complete.
2024-09-13T05:43:13.675 INFO:teuthology.orchestra.run.smithi079.stdout:/usr/bin/ceph: stderr
2024-09-13T05:43:12.656+0000 7f07ceb30640 1 Processor -- start
2024-09-13T05:43:13.675 INFO:teuthology.orchestra.run.smithi079.stdout:/usr/bin/ceph: stderr
2024-09-13T05:43:12.656+0000 7f07ceb30640 1 -- start start
2024-09-13T05:43:13.675 INFO:teuthology.orchestra.run.smithi079.stdout:/usr/bin/ceph: stderr
2024-09-13T05:43:12.656+0000 7f07ceb30640 1 --2- >> [v2:172.21.15.79:3300/0,v1:172.21.15.79:6789/0] conn(0x7f07c807a3c0 0x7f07c8106bf0 unknown :-1 s=NONE pgs=0 cs=0 l=1 rev1=0 crypto rx=0 tx=0 comp rx=0 tx=0).connect
2024-09-13T05:43:13.675 INFO:teuthology.orchestra.run.smithi079.stdout:/usr/bin/ceph: stderr
2024-09-13T05:43:12.656+0000 7f07ceb30640 1 -- --> [v2:172.21.15.79:3300/0,v1:172.21.15.79:6789/0] -- mon_getmap magic: 0 -- 0x7f07c810ad00 con 0x7f07c807a3c0
2024-09-13T05:43:13.675 INFO:teuthology.orchestra.run.smithi079.stdout:/usr/bin/ceph: stderr
2024-09-13T05:43:12.656+0000 7f07cc8cc640 1 --2- >> [v2:172.21.15.79:3300/0,v1:172.21.15.79:6789/0] conn(0x7f07c807a3c0 0x7f07c8106bf0 unknown :-1 s=BANNER_CONNECTING pgs=0 cs=0 l=1 rev1=0 crypto rx=0 tx=0 comp rx=0 tx=0)._handle_peer_banner_payload supported=3 required=0
2024-09-13T05:43:13.675 INFO:teuthology.orchestra.run.smithi079.stdout:/usr/bin/ceph: stderr
2024-09-13T05:43:12.656+0000 7f07cc8cc640 1 --2- >> [v2:172.21.15.79:3300/0,v1:172.21.15.79:6789/0] conn(0x7f07c807a3c0 0x7f07c8106bf0 unknown :-1 s=HELLO_CONNECTING pgs=0 cs=0 l=1 rev1=1 crypto rx=0 tx=0 comp rx=0 tx=0).handle_hello peer v2:172.21.15.79:3300/0 says I am v2:172.21.15.79:39134/0 (socket says 172.21.15.79:39134)
2024-09-13T05:43:13.675 INFO:teuthology.orchestra.run.smithi079.stdout:/usr/bin/ceph: stderr
2024-09-13T05:43:12.656+0000 7f07cc8cc640 1 -- 172.21.15.79:0/2751582994 learned_addr learned my addr 172.21.15.79:0/2751582994 (peer_addr_for_me v2:172.21.15.79:0/0)
2024-09-13T05:43:13.675 INFO:teuthology.orchestra.run.smithi079.stdout:/usr/bin/ceph: stderr
2024-09-13T05:43:12.660+0000 7f07cc8cc640 1 -- 172.21.15.79:0/2751582994 --> [v2:172.21.15.79:3300/0,v1:172.21.15.79:6789/0] -- mon_subscribe({config=0+,monmap=0+}) -- 0x7f07c8107150 con 0x7f07c807a3c0
2024-09-13T05:43:13.675 INFO:teuthology.orchestra.run.smithi079.stdout:/usr/bin/ceph: stderr
2024-09-13T05:43:12.660+0000 7f07cc8cc640 1 --2- 172.21.15.79:0/2751582994 >> [v2:172.21.15.79:3300/0,v1:172.21.15.79:6789/0] conn(0x7f07c807a3c0 0x7f07c8106bf0 secure :-1 s=READY pgs=60 cs=0 l=1 rev1=1 crypto rx=0x7f07bc02a830 tx=0x7f07bc030bc0 comp rx=0 tx=0).ready entity=mon.0 client_cookie=0 server_cookie=0 in_seq=0 out_seq=0
2024-09-13T05:43:13.675 INFO:teuthology.orchestra.run.smithi079.stdout:/usr/bin/ceph: stderr
2024-09-13T05:43:12.660+0000 7f07c5ffb640 1 -- 172.21.15.79:0/2751582994 <== mon.0 v2:172.21.15.79:3300/0 1 ==== mon_map magic: 0 ==== 205+0+0 (secure 0 0 0) 0x7f07bc037040 con 0x7f07c807a3c0
2024-09-13T05:43:13.675 INFO:teuthology.orchestra.run.smithi079.stdout:/usr/bin/ceph: stderr
2024-09-13T05:43:12.660+0000 7f07c5ffb640 1 -- 172.21.15.79:0/2751582994 <== mon.0 v2:172.21.15.79:3300/0 2 ==== config(25 keys) ==== 1054+0+0 (secure 0 0 0) 0x7f07bc040070 con 0x7f07c807a3c0
2024-09-13T05:43:13.676 INFO:teuthology.orchestra.run.smithi079.stdout:/usr/bin/ceph: stderr
2024-09-13T05:43:12.660+0000 7f07ceb30640 1 -- 172.21.15.79:0/2751582994 --> [v2:172.21.15.79:3300/0,v1:172.21.15.79:6789/0] -- mon_subscribe({mgrmap=0+}) -- 0x7f07c8105540 con 0x7f07c807a3c0
2024-09-13T05:43:13.676 INFO:teuthology.orchestra.run.smithi079.stdout:/usr/bin/ceph: stderr
2024-09-13T05:43:12.660+0000 7f07c5ffb640 1 -- 172.21.15.79:0/2751582994 <== mon.0 v2:172.21.15.79:3300/0 3 ==== mon_map magic: 0 ==== 205+0+0 (secure 0 0 0) 0x7f07bc03be40 con 0x7f07c807a3c0
2024-09-13T05:43:13.676 INFO:teuthology.orchestra.run.smithi079.stdout:/usr/bin/ceph: stderr
2024-09-13T05:43:12.660+0000 7f07ceb30640 1 -- 172.21.15.79:0/2751582994 --> [v2:172.21.15.79:3300/0,v1:172.21.15.79:6789/0] -- mon_subscribe({osdmap=0}) -- 0x7f07c8105ac0 con 0x7f07c807a3c0
2024-09-13T05:43:13.676 INFO:teuthology.orchestra.run.smithi079.stdout:/usr/bin/ceph: stderr
2024-09-13T05:43:12.660+0000 7f07b37fe640 1 -- 172.21.15.79:0/2751582994 --> [v2:172.21.15.79:3300/0,v1:172.21.15.79:6789/0] -- mon_command({"prefix": "get_command_descriptions"} v 0) -- 0x7f07a8005080 con 0x7f07c807a3c0
2024-09-13T05:43:13.676 INFO:teuthology.orchestra.run.smithi079.stdout:/usr/bin/ceph: stderr
2024-09-13T05:43:12.660+0000 7f07c5ffb640 1 -- 172.21.15.79:0/2751582994 <== mon.0 v2:172.21.15.79:3300/0 4 ==== mgrmap(e 10) ==== 51743+0+0 (secure 0 0 0) 0x7f07bc03b430 con 0x7f07c807a3c0
2024-09-13T05:43:13.676 INFO:teuthology.orchestra.run.smithi079.stdout:/usr/bin/ceph: stderr
2024-09-13T05:43:12.660+0000 7f07c5ffb640 1 --2- 172.21.15.79:0/2751582994 >> v2:172.21.15.79:6800/3535502969 conn(0x7f07b803f720 0x7f07b8041be0 unknown :-1 s=NONE pgs=0 cs=0 l=1 rev1=0 crypto rx=0 tx=0 comp rx=0 tx=0).connect
2024-09-13T05:43:13.676 INFO:teuthology.orchestra.run.smithi079.stdout:/usr/bin/ceph: stderr
2024-09-13T05:43:12.660+0000 7f07c5ffb640 1 -- 172.21.15.79:0/2751582994 <== mon.0 v2:172.21.15.79:3300/0 5 ==== osd_map(2..2 src has 1..2) ==== 897+0+0 (secure 0 0 0) 0x7f07bc073f00 con 0x7f07c807a3c0
2024-09-13T05:43:13.676 INFO:teuthology.orchestra.run.smithi079.stdout:/usr/bin/ceph: stderr
2024-09-13T05:43:12.660+0000 7f07c7fff640 1 -- 172.21.15.79:0/2751582994 >> v2:172.21.15.79:6800/3535502969 conn(0x7f07b803f720 msgr2=0x7f07b8041be0 unknown :-1 s=STATE_CONNECTING_RE l=1).process reconnect failed to v2:172.21.15.79:6800/3535502969
2024-09-13T05:43:13.676 INFO:teuthology.orchestra.run.smithi079.stdout:/usr/bin/ceph: stderr
2024-09-13T05:43:12.660+0000 7f07c7fff640 1 --2- 172.21.15.79:0/2751582994 >> v2:172.21.15.79:6800/3535502969 conn(0x7f07b803f720 0x7f07b8041be0 unknown :-1 s=START_CONNECT pgs=0 cs=0 l=1 rev1=0 crypto rx=0 tx=0 comp rx=0 tx=0)._fault waiting 0.200000
2024-09-13T05:43:13.676 INFO:teuthology.orchestra.run.smithi079.stdout:/usr/bin/ceph: stderr
2024-09-13T05:43:12.664+0000 7f07c5ffb640 1 -- 172.21.15.79:0/2751582994 <== mon.0 v2:172.21.15.79:3300/0 6 ==== mon_command_ack([{"prefix": "get_command_descriptions"}]=0 v0) ==== 72+0+196987 (secure 0 0 0) 0x7f07bc03ae50 con 0x7f07c807a3c0
2024-09-13T05:43:13.676 INFO:teuthology.orchestra.run.smithi079.stdout:/usr/bin/ceph: stderr
2024-09-13T05:43:12.864+0000 7f07c7fff640 1 -- 172.21.15.79:0/2751582994 >> v2:172.21.15.79:6800/3535502969 conn(0x7f07b803f720 msgr2=0x7f07b8041be0 unknown :-1 s=STATE_CONNECTING_RE l=1).process reconnect failed to v2:172.21.15.79:6800/3535502969
2024-09-13T05:43:13.676 INFO:teuthology.orchestra.run.smithi079.stdout:/usr/bin/ceph: stderr
2024-09-13T05:43:12.864+0000 7f07c7fff640 1 --2- 172.21.15.79:0/2751582994 >> v2:172.21.15.79:6800/3535502969 conn(0x7f07b803f720 0x7f07b8041be0 unknown :-1 s=START_CONNECT pgs=0 cs=0 l=1 rev1=0 crypto rx=0 tx=0 comp rx=0 tx=0)._fault waiting 0.400000
2024-09-13T05:43:13.676 INFO:teuthology.orchestra.run.smithi079.stdout:/usr/bin/ceph: stderr
2024-09-13T05:43:13.104+0000 7f07b37fe640 1 -- 172.21.15.79:0/2751582994 --> [v2:172.21.15.79:3300/0,v1:172.21.15.79:6789/0] -- mon_command({"prefix": "mgr stat"} v 0) -- 0x7f07a8005b80 con 0x7f07c807a3c0
2024-09-13T05:43:13.676 INFO:teuthology.orchestra.run.smithi079.stdout:/usr/bin/ceph: stderr
2024-09-13T05:43:13.104+0000 7f07c5ffb640 1 -- 172.21.15.79:0/2751582994 <== mon.0 v2:172.21.15.79:3300/0 7 ==== mon_command_ack([{"prefix": "mgr stat"}]=0 v10) ==== 56+0+89 (secure 0 0 0) 0x7f07bc030d50 con 0x7f07c807a3c0
2024-09-13T05:43:13.677 INFO:teuthology.orchestra.run.smithi079.stdout:/usr/bin/ceph: stderr
2024-09-13T05:43:13.108+0000 7f07b37fe640 1 -- 172.21.15.79:0/2751582994 >> v2:172.21.15.79:6800/3535502969 conn(0x7f07b803f720 msgr2=0x7f07b8041be0 unknown :-1 s=STATE_CONNECTING l=1).mark_down
2024-09-13T05:43:13.677 INFO:teuthology.orchestra.run.smithi079.stdout:/usr/bin/ceph: stderr
2024-09-13T05:43:13.108+0000 7f07b37fe640 1 --2- 172.21.15.79:0/2751582994 >> v2:172.21.15.79:6800/3535502969 conn(0x7f07b803f720 0x7f07b8041be0 unknown :-1 s=START_CONNECT pgs=0 cs=0 l=1 rev1=0 crypto rx=0 tx=0 comp rx=0 tx=0).stop
2024-09-13T05:43:13.677 INFO:teuthology.orchestra.run.smithi079.stdout:/usr/bin/ceph: stderr
2024-09-13T05:43:13.108+0000 7f07b37fe640 1 -- 172.21.15.79:0/2751582994 >> [v2:172.21.15.79:3300/0,v1:172.21.15.79:6789/0] conn(0x7f07c807a3c0 msgr2=0x7f07c8106bf0 secure :-1 s=STATE_CONNECTION_ESTABLISHED l=1).mark_down
2024-09-13T05:43:13.677 INFO:teuthology.orchestra.run.smithi079.stdout:/usr/bin/ceph: stderr
2024-09-13T05:43:13.108+0000 7f07b37fe640 1 --2- 172.21.15.79:0/2751582994 >> [v2:172.21.15.79:3300/0,v1:172.21.15.79:6789/0] conn(0x7f07c807a3c0 0x7f07c8106bf0 secure :-1 s=READY pgs=60 cs=0 l=1 rev1=1 crypto rx=0x7f07bc02a830 tx=0x7f07bc030bc0 comp rx=0 tx=0).stop
2024-09-13T05:43:13.677 INFO:teuthology.orchestra.run.smithi079.stdout:/usr/bin/ceph: stderr
2024-09-13T05:43:13.108+0000 7f07b37fe640 1 -- 172.21.15.79:0/2751582994 shutdown_connections
2024-09-13T05:43:13.677 INFO:teuthology.orchestra.run.smithi079.stdout:/usr/bin/ceph: stderr
2024-09-13T05:43:13.108+0000 7f07b37fe640 1 --2- 172.21.15.79:0/2751582994 >> v2:172.21.15.79:6800/3535502969 conn(0x7f07b803f720 0x7f07b8041be0 unknown :-1 s=CLOSED pgs=0 cs=0 l=1 rev1=0 crypto rx=0 tx=0 comp rx=0 tx=0).stop
2024-09-13T05:43:13.677 INFO:teuthology.orchestra.run.smithi079.stdout:/usr/bin/ceph: stderr
2024-09-13T05:43:13.108+0000 7f07b37fe640 1 --2- 172.21.15.79:0/2751582994 >> [v2:172.21.15.79:3300/0,v1:172.21.15.79:6789/0] conn(0x7f07c807a3c0 0x7f07c8106bf0 unknown :-1 s=CLOSED pgs=60 cs=0 l=1 rev1=1 crypto rx=0 tx=0 comp rx=0 tx=0).stop
2024-09-13T05:43:13.677 INFO:teuthology.orchestra.run.smithi079.stdout:/usr/bin/ceph: stderr
2024-09-13T05:43:13.108+0000 7f07b37fe640 1 -- 172.21.15.79:0/2751582994 >> 172.21.15.79:0/2751582994 conn(0x7f07c81011b0 msgr2=0x7f07c8101bc0 unknown :-1 s=STATE_NONE l=0).mark_down
2024-09-13T05:43:13.677 INFO:teuthology.orchestra.run.smithi079.stdout:/usr/bin/ceph: stderr
2024-09-13T05:43:13.108+0000 7f07b37fe640 1 -- 172.21.15.79:0/2751582994 shutdown_connections
2024-09-13T05:43:13.677 INFO:teuthology.orchestra.run.smithi079.stdout:/usr/bin/ceph: stderr
2024-09-13T05:43:13.108+0000 7f07b37fe640 1 -- 172.21.15.79:0/2751582994 wait complete.
2024-09-13T05:43:13.677 INFO:teuthology.orchestra.run.smithi079.stdout:Waiting for the mgr to restart...
2024-09-13T05:43:13.677 INFO:teuthology.orchestra.run.smithi079.stdout:Waiting for mgr epoch 10...
2024-09-13T05:43:17.237 INFO:journalctl@ceph.mon.a.smithi079.stdout:Sep 13 05:43:16 smithi079 bash[22814]: cluster
2024-09-13T05:43:16.891695+0000 mon.a (mon.0) 78 : cluster [INF] Active manager daemon y restarted
2024-09-13T05:43:17.237 INFO:journalctl@ceph.mon.a.smithi079.stdout:Sep 13 05:43:16 smithi079 bash[22814]: cluster
2024-09-13T05:43:16.891695+0000 mon.a (mon.0) 78 : cluster [INF] Active manager daemon y restarted
2024-09-13T05:43:17.237 INFO:journalctl@ceph.mon.a.smithi079.stdout:Sep 13 05:43:16 smithi079 bash[22814]: cluster
2024-09-13T05:43:16.892204+0000 mon.a (mon.0) 79 : cluster [INF] Activating manager daemon y
2024-09-13T05:43:17.238 INFO:journalctl@ceph.mon.a.smithi079.stdout:Sep 13 05:43:16 smithi079 bash[22814]: cluster
2024-09-13T05:43:16.892204+0000 mon.a (mon.0) 79 : cluster [INF] Activating manager daemon y
2024-09-13T05:43:17.238 INFO:journalctl@ceph.mon.a.smithi079.stdout:Sep 13 05:43:16 smithi079 bash[22814]: cluster
2024-09-13T05:43:16.899247+0000 mon.a (mon.0) 80 : cluster [DBG] osdmap e3: 0 total, 0 up, 0 in
2024-09-13T05:43:17.238 INFO:journalctl@ceph.mon.a.smithi079.stdout:Sep 13 05:43:16 smithi079 bash[22814]: cluster
2024-09-13T05:43:16.899247+0000 mon.a (mon.0) 80 : cluster [DBG] osdmap e3: 0 total, 0 up, 0 in
2024-09-13T05:43:17.238 INFO:journalctl@ceph.mon.a.smithi079.stdout:Sep 13 05:43:16 smithi079 bash[22814]: cluster
2024-09-13T05:43:16.899493+0000 mon.a (mon.0) 81 : cluster [DBG] mgrmap e11: y(active, starting, since 0.00750037s)
2024-09-13T05:43:17.238 INFO:journalctl@ceph.mon.a.smithi079.stdout:Sep 13 05:43:16 smithi079 bash[22814]: cluster
2024-09-13T05:43:16.899493+0000 mon.a (mon.0) 81 : cluster [DBG] mgrmap e11: y(active, starting, since 0.00750037s)
2024-09-13T05:43:17.238 INFO:journalctl@ceph.mon.a.smithi079.stdout:Sep 13 05:43:16 smithi079 bash[22814]: audit
2024-09-13T05:43:16.900747+0000 mon.a (mon.0) 82 : audit [DBG] from='mgr.14152 172.21.15.79:0/1707890974' entity='mgr.y' cmd={"prefix": "mon metadata", "id": "a"} : dispatch
2024-09-13T05:43:17.238 INFO:journalctl@ceph.mon.a.smithi079.stdout:Sep 13 05:43:16 smithi079 bash[22814]: audit
2024-09-13T05:43:16.900747+0000 mon.a (mon.0) 82 : audit [DBG] from='mgr.14152 172.21.15.79:0/1707890974' entity='mgr.y' cmd={"prefix": "mon metadata", "id": "a"} : dispatch
2024-09-13T05:43:17.238 INFO:journalctl@ceph.mon.a.smithi079.stdout:Sep 13 05:43:16 smithi079 bash[22814]: audit
2024-09-13T05:43:16.902515+0000 mon.a (mon.0) 83 : audit [DBG] from='mgr.14152 172.21.15.79:0/1707890974' entity='mgr.y' cmd={"prefix": "mgr metadata", "who": "y", "id": "y"} : dispatch
2024-09-13T05:43:17.238 INFO:journalctl@ceph.mon.a.smithi079.stdout:Sep 13 05:43:16 smithi079 bash[22814]: audit
2024-09-13T05:43:16.902515+0000 mon.a (mon.0) 83 : audit [DBG] from='mgr.14152 172.21.15.79:0/1707890974' entity='mgr.y' cmd={"prefix": "mgr metadata", "who": "y", "id": "y"} : dispatch
2024-09-13T05:43:17.238 INFO:journalctl@ceph.mon.a.smithi079.stdout:Sep 13 05:43:16 smithi079 bash[22814]: audit
2024-09-13T05:43:16.903662+0000 mon.a (mon.0) 84 : audit [DBG] from='mgr.14152 172.21.15.79:0/1707890974' entity='mgr.y' cmd={"prefix": "mds metadata"} : dispatch
2024-09-13T05:43:17.238 INFO:journalctl@ceph.mon.a.smithi079.stdout:Sep 13 05:43:16 smithi079 bash[22814]: audit
2024-09-13T05:43:16.903662+0000 mon.a (mon.0) 84 : audit [DBG] from='mgr.14152 172.21.15.79:0/1707890974' entity='mgr.y' cmd={"prefix": "mds metadata"} : dispatch
2024-09-13T05:43:17.238 INFO:journalctl@ceph.mon.a.smithi079.stdout:Sep 13 05:43:16 smithi079 bash[22814]: audit
2024-09-13T05:43:16.903776+0000 mon.a (mon.0) 85 : audit [DBG] from='mgr.14152 172.21.15.79:0/1707890974' entity='mgr.y' cmd={"prefix": "osd metadata"} : dispatch
2024-09-13T05:43:17.238 INFO:journalctl@ceph.mon.a.smithi079.stdout:Sep 13 05:43:16 smithi079 bash[22814]: audit
2024-09-13T05:43:16.903776+0000 mon.a (mon.0) 85 : audit [DBG] from='mgr.14152 172.21.15.79:0/1707890974' entity='mgr.y' cmd={"prefix": "osd metadata"} : dispatch
2024-09-13T05:43:17.239 INFO:journalctl@ceph.mon.a.smithi079.stdout:Sep 13 05:43:16 smithi079 bash[22814]: audit
2024-09-13T05:43:16.903904+0000 mon.a (mon.0) 86 : audit [DBG] from='mgr.14152 172.21.15.79:0/1707890974' entity='mgr.y' cmd={"prefix": "mon metadata"} : dispatch
2024-09-13T05:43:17.239 INFO:journalctl@ceph.mon.a.smithi079.stdout:Sep 13 05:43:16 smithi079 bash[22814]: audit
2024-09-13T05:43:16.903904+0000 mon.a (mon.0) 86 : audit [DBG] from='mgr.14152 172.21.15.79:0/1707890974' entity='mgr.y' cmd={"prefix": "mon metadata"} : dispatch
2024-09-13T05:43:17.239 INFO:journalctl@ceph.mon.a.smithi079.stdout:Sep 13 05:43:16 smithi079 bash[22814]: cluster
2024-09-13T05:43:16.929545+0000 mon.a (mon.0) 87 : cluster [INF] Manager daemon y is now available
2024-09-13T05:43:17.239 INFO:journalctl@ceph.mon.a.smithi079.stdout:Sep 13 05:43:16 smithi079 bash[22814]: cluster
2024-09-13T05:43:16.929545+0000 mon.a (mon.0) 87 : cluster [INF] Manager daemon y is now available
2024-09-13T05:43:18.237 INFO:journalctl@ceph.mon.a.smithi079.stdout:Sep 13 05:43:17 smithi079 bash[22814]: audit
2024-09-13T05:43:17.185651+0000 mon.a (mon.0) 88 : audit [DBG] from='mgr.14152 172.21.15.79:0/1707890974' entity='mgr.y' cmd={"prefix": "config dump", "format": "json"} : dispatch
2024-09-13T05:43:18.237 INFO:journalctl@ceph.mon.a.smithi079.stdout:Sep 13 05:43:17 smithi079 bash[22814]: audit
2024-09-13T05:43:17.185651+0000 mon.a (mon.0) 88 : audit [DBG] from='mgr.14152 172.21.15.79:0/1707890974' entity='mgr.y' cmd={"prefix": "config dump", "format": "json"} : dispatch
2024-09-13T05:43:18.238 INFO:journalctl@ceph.mon.a.smithi079.stdout:Sep 13 05:43:17 smithi079 bash[22814]: audit
2024-09-13T05:43:17.199528+0000 mon.a (mon.0) 89 : audit [INF] from='mgr.14152 172.21.15.79:0/1707890974' entity='mgr.y' cmd={"prefix":"config rm","who":"mgr","name":"mgr/rbd_support/y/mirror_snapshot_schedule"} : dispatch
2024-09-13T05:43:18.238 INFO:journalctl@ceph.mon.a.smithi079.stdout:Sep 13 05:43:17 smithi079 bash[22814]: audit
2024-09-13T05:43:17.199528+0000 mon.a (mon.0) 89 : audit [INF] from='mgr.14152 172.21.15.79:0/1707890974' entity='mgr.y' cmd={"prefix":"config rm","who":"mgr","name":"mgr/rbd_support/y/mirror_snapshot_schedule"} : dispatch
2024-09-13T05:43:18.238 INFO:journalctl@ceph.mon.a.smithi079.stdout:Sep 13 05:43:17 smithi079 bash[22814]: audit
2024-09-13T05:43:17.201409+0000 mon.a (mon.0) 90 : audit [INF] from='mgr.14152 172.21.15.79:0/1707890974' entity='mgr.y' cmd={"prefix":"config rm","who":"mgr","name":"mgr/rbd_support/y/trash_purge_schedule"} : dispatch
2024-09-13T05:43:18.238 INFO:journalctl@ceph.mon.a.smithi079.stdout:Sep 13 05:43:17 smithi079 bash[22814]: audit
2024-09-13T05:43:17.201409+0000 mon.a (mon.0) 90 : audit [INF] from='mgr.14152 172.21.15.79:0/1707890974' entity='mgr.y' cmd={"prefix":"config rm","who":"mgr","name":"mgr/rbd_support/y/trash_purge_schedule"} : dispatch
2024-09-13T05:43:18.238 INFO:journalctl@ceph.mon.a.smithi079.stdout:Sep 13 05:43:17 smithi079 bash[22814]: audit
2024-09-13T05:43:17.898758+0000 mgr.y (mgr.14152) 1 : audit [DBG] from='client.14156 -' entity='client.admin' cmd=[{"prefix": "get_command_descriptions"}]: dispatch
2024-09-13T05:43:18.238 INFO:journalctl@ceph.mon.a.smithi079.stdout:Sep 13 05:43:17 smithi079 bash[22814]: audit
2024-09-13T05:43:17.898758+0000 mgr.y (mgr.14152) 1 : audit [DBG] from='client.14156 -' entity='client.admin' cmd=[{"prefix": "get_command_descriptions"}]: dispatch
2024-09-13T05:43:18.238 INFO:journalctl@ceph.mon.a.smithi079.stdout:Sep 13 05:43:17 smithi079 bash[22814]: cluster
2024-09-13T05:43:17.899574+0000 mon.a (mon.0) 91 : cluster [DBG] mgrmap e12: y(active, since 1.00758s)
2024-09-13T05:43:18.238 INFO:journalctl@ceph.mon.a.smithi079.stdout:Sep 13 05:43:17 smithi079 bash[22814]: cluster
2024-09-13T05:43:17.899574+0000 mon.a (mon.0) 91 : cluster [DBG] mgrmap e12: y(active, since 1.00758s)
2024-09-13T05:43:18.603 INFO:teuthology.orchestra.run.smithi079.stdout:/usr/bin/ceph: stdout {
2024-09-13T05:43:18.603 INFO:teuthology.orchestra.run.smithi079.stdout:/usr/bin/ceph: stdout "mgrmap_epoch": 12,
2024-09-13T05:43:18.603 INFO:teuthology.orchestra.run.smithi079.stdout:/usr/bin/ceph: stdout "initialized": true
2024-09-13T05:43:18.603 INFO:teuthology.orchestra.run.smithi079.stdout:/usr/bin/ceph: stdout }
2024-09-13T05:43:18.604 INFO:teuthology.orchestra.run.smithi079.stdout:/usr/bin/ceph: stderr
2024-09-13T05:43:14.712+0000 7f144314f640 1 Processor -- start
2024-09-13T05:43:18.604 INFO:teuthology.orchestra.run.smithi079.stdout:/usr/bin/ceph: stderr
2024-09-13T05:43:14.712+0000 7f144314f640 1 -- start start
2024-09-13T05:43:18.604 INFO:teuthology.orchestra.run.smithi079.stdout:/usr/bin/ceph: stderr
2024-09-13T05:43:14.712+0000 7f144314f640 1 --2- >> [v2:172.21.15.79:3300/0,v1:172.21.15.79:6789/0] conn(0x7f143c07a3c0 0x7f143c1095b0 unknown :-1 s=NONE pgs=0 cs=0 l=0 rev1=0 crypto rx=0 tx=0 comp rx=0 tx=0).connect
2024-09-13T05:43:18.604 INFO:teuthology.orchestra.run.smithi079.stdout:/usr/bin/ceph: stderr
2024-09-13T05:43:14.712+0000 7f144314f640 1 -- --> [v2:172.21.15.79:3300/0,v1:172.21.15.79:6789/0] -- mon_getmap magic: 0 -- 0x7f143c109af0 con 0x7f143c07a3c0
2024-09-13T05:43:18.604 INFO:teuthology.orchestra.run.smithi079.stdout:/usr/bin/ceph: stderr
2024-09-13T05:43:14.712+0000 7f1440eeb640 1 --2- >> [v2:172.21.15.79:3300/0,v1:172.21.15.79:6789/0] conn(0x7f143c07a3c0 0x7f143c1095b0 unknown :-1 s=BANNER_CONNECTING pgs=0 cs=0 l=0 rev1=0 crypto rx=0 tx=0 comp rx=0 tx=0)._handle_peer_banner_payload supported=3 required=0
2024-09-13T05:43:18.604 INFO:teuthology.orchestra.run.smithi079.stdout:/usr/bin/ceph: stderr
2024-09-13T05:43:14.712+0000 7f1440eeb640 1 --2- >> [v2:172.21.15.79:3300/0,v1:172.21.15.79:6789/0] conn(0x7f143c07a3c0 0x7f143c1095b0 unknown :-1 s=HELLO_CONNECTING pgs=0 cs=0 l=0 rev1=1 crypto rx=0 tx=0 comp rx=0 tx=0).handle_hello peer v2:172.21.15.79:3300/0 says I am v2:172.21.15.79:51166/0 (socket says 172.21.15.79:51166)
2024-09-13T05:43:18.604 INFO:teuthology.orchestra.run.smithi079.stdout:/usr/bin/ceph: stderr
2024-09-13T05:43:14.712+0000 7f1440eeb640 1 -- 172.21.15.79:0/1616609397 learned_addr learned my addr 172.21.15.79:0/1616609397 (peer_addr_for_me v2:172.21.15.79:0/0)
2024-09-13T05:43:18.604 INFO:teuthology.orchestra.run.smithi079.stdout:/usr/bin/ceph: stderr
2024-09-13T05:43:14.712+0000 7f1440eeb640 1 -- 172.21.15.79:0/1616609397 --> [v2:172.21.15.79:3300/0,v1:172.21.15.79:6789/0] -- mon_subscribe({config=0+,monmap=0+}) -- 0x7f143c109c70 con 0x7f143c07a3c0
2024-09-13T05:43:18.604 INFO:teuthology.orchestra.run.smithi079.stdout:/usr/bin/ceph: stderr
2024-09-13T05:43:14.712+0000 7f1440eeb640 1 --2- 172.21.15.79:0/1616609397 >> [v2:172.21.15.79:3300/0,v1:172.21.15.79:6789/0] conn(0x7f143c07a3c0 0x7f143c1095b0 secure :-1 s=READY pgs=61 cs=0 l=1 rev1=1 crypto rx=0x7f1430009820 tx=0x7f143002a270 comp rx=0 tx=0).ready entity=mon.0 client_cookie=8680ca10c8a32fc7 server_cookie=0 in_seq=0 out_seq=0
2024-09-13T05:43:18.604 INFO:teuthology.orchestra.run.smithi079.stdout:/usr/bin/ceph: stderr
2024-09-13T05:43:14.712+0000 7f143b7fe640 1 -- 172.21.15.79:0/1616609397 <== mon.0 v2:172.21.15.79:3300/0 1 ==== mon_map magic: 0 ==== 205+0+0 (secure 0 0 0) 0x7f1430037070 con 0x7f143c07a3c0
2024-09-13T05:43:18.604 INFO:teuthology.orchestra.run.smithi079.stdout:/usr/bin/ceph: stderr
2024-09-13T05:43:14.712+0000 7f143b7fe640 1 -- 172.21.15.79:0/1616609397 <== mon.0 v2:172.21.15.79:3300/0 2 ==== config(25 keys) ==== 1054+0+0 (secure 0 0 0) 0x7f14300328c0 con 0x7f143c07a3c0
2024-09-13T05:43:18.604 INFO:teuthology.orchestra.run.smithi079.stdout:/usr/bin/ceph: stderr
2024-09-13T05:43:14.712+0000 7f143b7fe640 1 -- 172.21.15.79:0/1616609397 <== mon.0 v2:172.21.15.79:3300/0 3 ==== mon_map magic: 0 ==== 205+0+0 (secure 0 0 0) 0x7f1430030640 con 0x7f143c07a3c0
2024-09-13T05:43:18.604 INFO:teuthology.orchestra.run.smithi079.stdout:/usr/bin/ceph: stderr
2024-09-13T05:43:14.712+0000 7f144314f640 1 -- 172.21.15.79:0/1616609397 >> [v2:172.21.15.79:3300/0,v1:172.21.15.79:6789/0] conn(0x7f143c07a3c0 msgr2=0x7f143c1095b0 secure :-1 s=STATE_CONNECTION_ESTABLISHED l=1).mark_down
2024-09-13T05:43:18.604 INFO:teuthology.orchestra.run.smithi079.stdout:/usr/bin/ceph: stderr
2024-09-13T05:43:14.712+0000 7f144314f640 1 --2- 172.21.15.79:0/1616609397 >> [v2:172.21.15.79:3300/0,v1:172.21.15.79:6789/0] conn(0x7f143c07a3c0 0x7f143c1095b0 secure :-1 s=READY pgs=61 cs=0 l=1 rev1=1 crypto rx=0x7f1430009820 tx=0x7f143002a270 comp rx=0 tx=0).stop
2024-09-13T05:43:18.605 INFO:teuthology.orchestra.run.smithi079.stdout:/usr/bin/ceph: stderr
2024-09-13T05:43:14.712+0000 7f144314f640 1 -- 172.21.15.79:0/1616609397 shutdown_connections
2024-09-13T05:43:18.605 INFO:teuthology.orchestra.run.smithi079.stdout:/usr/bin/ceph: stderr
2024-09-13T05:43:14.712+0000 7f144314f640 1 --2- 172.21.15.79:0/1616609397 >> [v2:172.21.15.79:3300/0,v1:172.21.15.79:6789/0] conn(0x7f143c07a3c0 0x7f143c1095b0 unknown :-1 s=CLOSED pgs=61 cs=0 l=1 rev1=1 crypto rx=0 tx=0 comp rx=0 tx=0).stop
2024-09-13T05:43:18.605 INFO:teuthology.orchestra.run.smithi079.stdout:/usr/bin/ceph: stderr
2024-09-13T05:43:14.712+0000 7f144314f640 1 -- 172.21.15.79:0/1616609397 >> 172.21.15.79:0/1616609397 conn(0x7f143c101160 msgr2=0x7f143c103580 unknown :-1 s=STATE_NONE l=0).mark_down
2024-09-13T05:43:18.605 INFO:teuthology.orchestra.run.smithi079.stdout:/usr/bin/ceph: stderr
2024-09-13T05:43:14.712+0000 7f144314f640 1 -- 172.21.15.79:0/1616609397 shutdown_connections
2024-09-13T05:43:18.605 INFO:teuthology.orchestra.run.smithi079.stdout:/usr/bin/ceph: stderr
2024-09-13T05:43:14.712+0000 7f144314f640 1 -- 172.21.15.79:0/1616609397 wait complete.
2024-09-13T05:43:18.605 INFO:teuthology.orchestra.run.smithi079.stdout:/usr/bin/ceph: stderr
2024-09-13T05:43:14.712+0000 7f144314f640 1 Processor -- start
2024-09-13T05:43:18.605 INFO:teuthology.orchestra.run.smithi079.stdout:/usr/bin/ceph: stderr
2024-09-13T05:43:14.712+0000 7f144314f640 1 -- start start
2024-09-13T05:43:18.605 INFO:teuthology.orchestra.run.smithi079.stdout:/usr/bin/ceph: stderr
2024-09-13T05:43:14.712+0000 7f144314f640 1 --2- >> [v2:172.21.15.79:3300/0,v1:172.21.15.79:6789/0] conn(0x7f143c07a3c0 0x7f143c190480 unknown :-1 s=NONE pgs=0 cs=0 l=1 rev1=0 crypto rx=0 tx=0 comp rx=0 tx=0).connect
2024-09-13T05:43:18.605 INFO:teuthology.orchestra.run.smithi079.stdout:/usr/bin/ceph: stderr
2024-09-13T05:43:14.712+0000 7f144314f640 1 -- --> [v2:172.21.15.79:3300/0,v1:172.21.15.79:6789/0] -- mon_getmap magic: 0 -- 0x7f143c10ad10 con 0x7f143c07a3c0
2024-09-13T05:43:18.605 INFO:teuthology.orchestra.run.smithi079.stdout:/usr/bin/ceph: stderr
2024-09-13T05:43:14.712+0000 7f1440eeb640 1 --2- >> [v2:172.21.15.79:3300/0,v1:172.21.15.79:6789/0] conn(0x7f143c07a3c0 0x7f143c190480 unknown :-1 s=BANNER_CONNECTING pgs=0 cs=0 l=1 rev1=0 crypto rx=0 tx=0 comp rx=0 tx=0)._handle_peer_banner_payload supported=3 required=0
2024-09-13T05:43:18.605 INFO:teuthology.orchestra.run.smithi079.stdout:/usr/bin/ceph: stderr
2024-09-13T05:43:14.712+0000 7f1440eeb640 1 --2- >> [v2:172.21.15.79:3300/0,v1:172.21.15.79:6789/0] conn(0x7f143c07a3c0 0x7f143c190480 unknown :-1 s=HELLO_CONNECTING pgs=0 cs=0 l=1 rev1=1 crypto rx=0 tx=0 comp rx=0 tx=0).handle_hello peer v2:172.21.15.79:3300/0 says I am v2:172.21.15.79:51176/0 (socket says 172.21.15.79:51176)
2024-09-13T05:43:18.605 INFO:teuthology.orchestra.run.smithi079.stdout:/usr/bin/ceph: stderr
2024-09-13T05:43:14.712+0000 7f1440eeb640 1 -- 172.21.15.79:0/3710100481 learned_addr learned my addr 172.21.15.79:0/3710100481 (peer_addr_for_me v2:172.21.15.79:0/0)
2024-09-13T05:43:18.605 INFO:teuthology.orchestra.run.smithi079.stdout:/usr/bin/ceph: stderr
2024-09-13T05:43:14.716+0000 7f1440eeb640 1 -- 172.21.15.79:0/3710100481 --> [v2:172.21.15.79:3300/0,v1:172.21.15.79:6789/0] -- mon_subscribe({config=0+,monmap=0+}) -- 0x7f143c1909e0 con 0x7f143c07a3c0
2024-09-13T05:43:18.606 INFO:teuthology.orchestra.run.smithi079.stdout:/usr/bin/ceph: stderr
2024-09-13T05:43:14.716+0000 7f1440eeb640 1 --2- 172.21.15.79:0/3710100481 >> [v2:172.21.15.79:3300/0,v1:172.21.15.79:6789/0] conn(0x7f143c07a3c0 0x7f143c190480 secure :-1 s=READY pgs=62 cs=0 l=1 rev1=1 crypto rx=0x7f1430000c00 tx=0x7f1430030b70 comp rx=0 tx=0).ready entity=mon.0 client_cookie=0 server_cookie=0 in_seq=0 out_seq=0
2024-09-13T05:43:18.606 INFO:teuthology.orchestra.run.smithi079.stdout:/usr/bin/ceph: stderr
2024-09-13T05:43:14.716+0000 7f1439ffb640 1 -- 172.21.15.79:0/3710100481 <== mon.0 v2:172.21.15.79:3300/0 1 ==== mon_map magic: 0 ==== 205+0+0 (secure 0 0 0) 0x7f1430037040 con 0x7f143c07a3c0
2024-09-13T05:43:18.606 INFO:teuthology.orchestra.run.smithi079.stdout:/usr/bin/ceph: stderr
2024-09-13T05:43:14.716+0000 7f1439ffb640 1 -- 172.21.15.79:0/3710100481 <== mon.0 v2:172.21.15.79:3300/0 2 ==== config(25 keys) ==== 1054+0+0 (secure 0 0 0) 0x7f1430040070 con 0x7f143c07a3c0
2024-09-13T05:43:18.606 INFO:teuthology.orchestra.run.smithi079.stdout:/usr/bin/ceph: stderr
2024-09-13T05:43:14.716+0000 7f1439ffb640 1 -- 172.21.15.79:0/3710100481 <== mon.0 v2:172.21.15.79:3300/0 3 ==== mon_map magic: 0 ==== 205+0+0 (secure 0 0 0) 0x7f143003a390 con 0x7f143c07a3c0
2024-09-13T05:43:18.606 INFO:teuthology.orchestra.run.smithi079.stdout:/usr/bin/ceph: stderr
2024-09-13T05:43:14.716+0000 7f144314f640 1 -- 172.21.15.79:0/3710100481 --> [v2:172.21.15.79:3300/0,v1:172.21.15.79:6789/0] -- mon_subscribe({mgrmap=0+}) -- 0x7f143c190c70 con 0x7f143c07a3c0
2024-09-13T05:43:18.606 INFO:teuthology.orchestra.run.smithi079.stdout:/usr/bin/ceph: stderr
2024-09-13T05:43:14.716+0000 7f144314f640 1 -- 172.21.15.79:0/3710100481 --> [v2:172.21.15.79:3300/0,v1:172.21.15.79:6789/0] -- mon_subscribe({osdmap=0}) -- 0x7f143c191630 con 0x7f143c07a3c0
2024-09-13T05:43:18.606 INFO:teuthology.orchestra.run.smithi079.stdout:/usr/bin/ceph: stderr
2024-09-13T05:43:14.716+0000 7f1439ffb640 1 -- 172.21.15.79:0/3710100481 <== mon.0 v2:172.21.15.79:3300/0 4 ==== mgrmap(e 10) ==== 51743+0+0 (secure 0 0 0) 0x7f143003a530 con 0x7f143c07a3c0
2024-09-13T05:43:18.606 INFO:teuthology.orchestra.run.smithi079.stdout:/usr/bin/ceph: stderr
2024-09-13T05:43:14.716+0000 7f1439ffb640 1 --2- 172.21.15.79:0/3710100481 >> v2:172.21.15.79:6800/3535502969 conn(0x7f142c03f770 0x7f142c041c30 unknown :-1 s=NONE pgs=0 cs=0 l=1 rev1=0 crypto rx=0 tx=0 comp rx=0 tx=0).connect
2024-09-13T05:43:18.606 INFO:teuthology.orchestra.run.smithi079.stdout:/usr/bin/ceph: stderr
2024-09-13T05:43:14.716+0000 7f144314f640 1 -- 172.21.15.79:0/3710100481 --> v2:172.21.15.79:6800/3535502969 -- command(tid 0: {"prefix": "get_command_descriptions"}) -- 0x7f143c1075a0 con 0x7f142c03f770
2024-09-13T05:43:18.606 INFO:teuthology.orchestra.run.smithi079.stdout:/usr/bin/ceph: stderr
2024-09-13T05:43:14.716+0000 7f1439ffb640 1 -- 172.21.15.79:0/3710100481 <== mon.0 v2:172.21.15.79:3300/0 5 ==== osd_map(2..2 src has 1..2) ==== 897+0+0 (secure 0 0 0) 0x7f1430074c40 con 0x7f143c07a3c0
2024-09-13T05:43:18.606 INFO:teuthology.orchestra.run.smithi079.stdout:/usr/bin/ceph: stderr
2024-09-13T05:43:14.716+0000 7f143bfff640 1 -- 172.21.15.79:0/3710100481 >> v2:172.21.15.79:6800/3535502969 conn(0x7f142c03f770 msgr2=0x7f142c041c30 unknown :-1 s=STATE_CONNECTING_RE l=1).process reconnect failed to v2:172.21.15.79:6800/3535502969
2024-09-13T05:43:18.606 INFO:teuthology.orchestra.run.smithi079.stdout:/usr/bin/ceph: stderr
2024-09-13T05:43:14.716+0000 7f143bfff640 1 --2- 172.21.15.79:0/3710100481 >> v2:172.21.15.79:6800/3535502969 conn(0x7f142c03f770 0x7f142c041c30 unknown :-1 s=START_CONNECT pgs=0 cs=0 l=1 rev1=0 crypto rx=0 tx=0 comp rx=0 tx=0)._fault waiting 0.200000
2024-09-13T05:43:18.606 INFO:teuthology.orchestra.run.smithi079.stdout:/usr/bin/ceph: stderr
2024-09-13T05:43:14.920+0000 7f143bfff640 1 -- 172.21.15.79:0/3710100481 >> v2:172.21.15.79:6800/3535502969 conn(0x7f142c03f770 msgr2=0x7f142c041c30 unknown :-1 s=STATE_CONNECTING_RE l=1).process reconnect failed to v2:172.21.15.79:6800/3535502969
2024-09-13T05:43:18.606 INFO:teuthology.orchestra.run.smithi079.stdout:/usr/bin/ceph: stderr
2024-09-13T05:43:14.920+0000 7f143bfff640 1 --2- 172.21.15.79:0/3710100481 >> v2:172.21.15.79:6800/3535502969 conn(0x7f142c03f770 0x7f142c041c30 unknown :-1 s=START_CONNECT pgs=0 cs=0 l=1 rev1=0 crypto rx=0 tx=0 comp rx=0 tx=0)._fault waiting 0.400000
