2024-09-13T13:01:07.267+0000 7f12958a0640 1 -- 172.21.15.121:0/2822621069 shutdown_connections
2024-09-13T13:01:08.260 INFO:teuthology.orchestra.run.smithi121.stdout:/usr/bin/ceph: stderr
2024-09-13T13:01:07.267+0000 7f12958a0640 1 --2- 172.21.15.121:0/2822621069 >> [v2:172.21.15.121:3300/0,v1:172.21.15.121:6789/0] conn(0x7f129007cd20 0x7f129007b380 unknown :-1 s=CLOSED pgs=72 cs=0 l=1 rev1=1 crypto rx=0 tx=0 comp rx=0 tx=0).stop
2024-09-13T13:01:08.260 INFO:teuthology.orchestra.run.smithi121.stdout:/usr/bin/ceph: stderr
2024-09-13T13:01:07.267+0000 7f12958a0640 1 -- 172.21.15.121:0/2822621069 >> 172.21.15.121:0/2822621069 conn(0x7f12901021d0 msgr2=0x7f1290104650 unknown :-1 s=STATE_NONE l=0).mark_down
2024-09-13T13:01:08.260 INFO:teuthology.orchestra.run.smithi121.stdout:/usr/bin/ceph: stderr
2024-09-13T13:01:07.267+0000 7f12958a0640 1 -- 172.21.15.121:0/2822621069 shutdown_connections
2024-09-13T13:01:08.260 INFO:teuthology.orchestra.run.smithi121.stdout:/usr/bin/ceph: stderr
2024-09-13T13:01:07.267+0000 7f12958a0640 1 -- 172.21.15.121:0/2822621069 wait complete.
2024-09-13T13:01:08.260 INFO:teuthology.orchestra.run.smithi121.stdout:/usr/bin/ceph: stderr
2024-09-13T13:01:07.267+0000 7f12958a0640 1 Processor -- start
2024-09-13T13:01:08.260 INFO:teuthology.orchestra.run.smithi121.stdout:/usr/bin/ceph: stderr
2024-09-13T13:01:07.267+0000 7f12958a0640 1 -- start start
2024-09-13T13:01:08.261 INFO:teuthology.orchestra.run.smithi121.stdout:/usr/bin/ceph: stderr
2024-09-13T13:01:07.267+0000 7f12958a0640 1 --2- >> [v2:172.21.15.121:3300/0,v1:172.21.15.121:6789/0] conn(0x7f129007cd20 0x7f12901a0e90 unknown :-1 s=NONE pgs=0 cs=0 l=1 rev1=0 crypto rx=0 tx=0 comp rx=0 tx=0).connect
2024-09-13T13:01:08.261 INFO:teuthology.orchestra.run.smithi121.stdout:/usr/bin/ceph: stderr
2024-09-13T13:01:07.267+0000 7f12958a0640 1 -- --> [v2:172.21.15.121:3300/0,v1:172.21.15.121:6789/0] -- mon_getmap magic: 0 -- 0x7f1290108ae0 con 0x7f129007cd20
2024-09-13T13:01:08.261 INFO:teuthology.orchestra.run.smithi121.stdout:/usr/bin/ceph: stderr
2024-09-13T13:01:07.267+0000 7f128effd640 1 --2- >> [v2:172.21.15.121:3300/0,v1:172.21.15.121:6789/0] conn(0x7f129007cd20 0x7f12901a0e90 unknown :-1 s=BANNER_CONNECTING pgs=0 cs=0 l=1 rev1=0 crypto rx=0 tx=0 comp rx=0 tx=0)._handle_peer_banner_payload supported=3 required=0
2024-09-13T13:01:08.261 INFO:teuthology.orchestra.run.smithi121.stdout:/usr/bin/ceph: stderr
2024-09-13T13:01:07.267+0000 7f128effd640 1 --2- >> [v2:172.21.15.121:3300/0,v1:172.21.15.121:6789/0] conn(0x7f129007cd20 0x7f12901a0e90 unknown :-1 s=HELLO_CONNECTING pgs=0 cs=0 l=1 rev1=1 crypto rx=0 tx=0 comp rx=0 tx=0).handle_hello peer v2:172.21.15.121:3300/0 says I am v2:172.21.15.121:49180/0 (socket says 172.21.15.121:49180)
2024-09-13T13:01:08.261 INFO:teuthology.orchestra.run.smithi121.stdout:/usr/bin/ceph: stderr
2024-09-13T13:01:07.267+0000 7f128effd640 1 -- 172.21.15.121:0/2071410277 learned_addr learned my addr 172.21.15.121:0/2071410277 (peer_addr_for_me v2:172.21.15.121:0/0)
2024-09-13T13:01:08.261 INFO:teuthology.orchestra.run.smithi121.stdout:/usr/bin/ceph: stderr
2024-09-13T13:01:07.267+0000 7f128effd640 1 -- 172.21.15.121:0/2071410277 --> [v2:172.21.15.121:3300/0,v1:172.21.15.121:6789/0] -- mon_subscribe({config=0+,monmap=0+}) -- 0x7f12901a13f0 con 0x7f129007cd20
2024-09-13T13:01:08.261 INFO:teuthology.orchestra.run.smithi121.stdout:/usr/bin/ceph: stderr
2024-09-13T13:01:07.267+0000 7f128effd640 1 --2- 172.21.15.121:0/2071410277 >> [v2:172.21.15.121:3300/0,v1:172.21.15.121:6789/0] conn(0x7f129007cd20 0x7f12901a0e90 secure :-1 s=READY pgs=73 cs=0 l=1 rev1=1 crypto rx=0x7f128402a830 tx=0x7f1284030bc0 comp rx=0 tx=0).ready entity=mon.0 client_cookie=0 server_cookie=0 in_seq=0 out_seq=0
2024-09-13T13:01:08.261 INFO:teuthology.orchestra.run.smithi121.stdout:/usr/bin/ceph: stderr
2024-09-13T13:01:07.267+0000 7f129489e640 1 -- 172.21.15.121:0/2071410277 <== mon.0 v2:172.21.15.121:3300/0 1 ==== mon_map magic: 0 ==== 205+0+0 (secure 0 0 0) 0x7f1284037040 con 0x7f129007cd20
2024-09-13T13:01:08.261 INFO:teuthology.orchestra.run.smithi121.stdout:/usr/bin/ceph: stderr
2024-09-13T13:01:07.267+0000 7f12958a0640 1 -- 172.21.15.121:0/2071410277 --> [v2:172.21.15.121:3300/0,v1:172.21.15.121:6789/0] -- mon_subscribe({mgrmap=0+}) -- 0x7f12901a1680 con 0x7f129007cd20
2024-09-13T13:01:08.261 INFO:teuthology.orchestra.run.smithi121.stdout:/usr/bin/ceph: stderr
2024-09-13T13:01:07.267+0000 7f129489e640 1 -- 172.21.15.121:0/2071410277 <== mon.0 v2:172.21.15.121:3300/0 2 ==== config(25 keys) ==== 1054+0+0 (secure 0 0 0) 0x7f1284040070 con 0x7f129007cd20
2024-09-13T13:01:08.261 INFO:teuthology.orchestra.run.smithi121.stdout:/usr/bin/ceph: stderr
2024-09-13T13:01:07.267+0000 7f129489e640 1 -- 172.21.15.121:0/2071410277 <== mon.0 v2:172.21.15.121:3300/0 3 ==== mon_map magic: 0 ==== 205+0+0 (secure 0 0 0) 0x7f128403be10 con 0x7f129007cd20
2024-09-13T13:01:08.261 INFO:teuthology.orchestra.run.smithi121.stdout:/usr/bin/ceph: stderr
2024-09-13T13:01:07.271+0000 7f12958a0640 1 -- 172.21.15.121:0/2071410277 --> [v2:172.21.15.121:3300/0,v1:172.21.15.121:6789/0] -- mon_subscribe({osdmap=0}) -- 0x7f12901a2040 con 0x7f129007cd20
2024-09-13T13:01:08.261 INFO:teuthology.orchestra.run.smithi121.stdout:/usr/bin/ceph: stderr
2024-09-13T13:01:07.271+0000 7f129489e640 1 -- 172.21.15.121:0/2071410277 <== mon.0 v2:172.21.15.121:3300/0 4 ==== mgrmap(e 13) ==== 51743+0+0 (secure 0 0 0) 0x7f1284045460 con 0x7f129007cd20
2024-09-13T13:01:08.262 INFO:teuthology.orchestra.run.smithi121.stdout:/usr/bin/ceph: stderr
2024-09-13T13:01:07.271+0000 7f129489e640 1 --2- 172.21.15.121:0/2071410277 >> v2:172.21.15.121:6800/234977244 conn(0x7f127803f720 0x7f1278041be0 unknown :-1 s=NONE pgs=0 cs=0 l=1 rev1=0 crypto rx=0 tx=0 comp rx=0 tx=0).connect
2024-09-13T13:01:08.262 INFO:teuthology.orchestra.run.smithi121.stdout:/usr/bin/ceph: stderr
2024-09-13T13:01:07.271+0000 7f12958a0640 1 -- 172.21.15.121:0/2071410277 --> [v2:172.21.15.121:3300/0,v1:172.21.15.121:6789/0] -- mon_command({"prefix": "get_command_descriptions"} v 0) -- 0x7f129007b380 con 0x7f129007cd20
2024-09-13T13:01:08.262 INFO:teuthology.orchestra.run.smithi121.stdout:/usr/bin/ceph: stderr
2024-09-13T13:01:07.271+0000 7f129489e640 1 -- 172.21.15.121:0/2071410277 <== mon.0 v2:172.21.15.121:3300/0 5 ==== osd_map(3..3 src has 1..3) ==== 1069+0+0 (secure 0 0 0) 0x7f1284074370 con 0x7f129007cd20
2024-09-13T13:01:08.262 INFO:teuthology.orchestra.run.smithi121.stdout:/usr/bin/ceph: stderr
2024-09-13T13:01:07.271+0000 7f128e7fc640 1 --2- 172.21.15.121:0/2071410277 >> v2:172.21.15.121:6800/234977244 conn(0x7f127803f720 0x7f1278041be0 unknown :-1 s=BANNER_CONNECTING pgs=0 cs=0 l=1 rev1=0 crypto rx=0 tx=0 comp rx=0 tx=0)._handle_peer_banner_payload supported=3 required=0
2024-09-13T13:01:08.262 INFO:teuthology.orchestra.run.smithi121.stdout:/usr/bin/ceph: stderr
2024-09-13T13:01:07.271+0000 7f128e7fc640 1 --2- 172.21.15.121:0/2071410277 >> v2:172.21.15.121:6800/234977244 conn(0x7f127803f720 0x7f1278041be0 secure :-1 s=READY pgs=8 cs=0 l=1 rev1=1 crypto rx=0x7f12800098c0 tx=0x7f1280006db0 comp rx=0 tx=0).ready entity=mgr.14152 client_cookie=0 server_cookie=0 in_seq=0 out_seq=0
2024-09-13T13:01:08.262 INFO:teuthology.orchestra.run.smithi121.stdout:/usr/bin/ceph: stderr
2024-09-13T13:01:07.275+0000 7f129489e640 1 -- 172.21.15.121:0/2071410277 <== mon.0 v2:172.21.15.121:3300/0 6 ==== mon_command_ack([{"prefix": "get_command_descriptions"}]=0 v0) ==== 72+0+196987 (secure 0 0 0) 0x7f1284030d50 con 0x7f129007cd20
2024-09-13T13:01:08.262 INFO:teuthology.orchestra.run.smithi121.stdout:/usr/bin/ceph: stderr
2024-09-13T13:01:07.659+0000 7f12958a0640 1 -- 172.21.15.121:0/2071410277 --> v2:172.21.15.121:6800/234977244 -- mgr_command(tid 0: {"prefix": "dashboard set-ssl-certificate", "target": ["mon-mgr", ""]}) -- 0x7f1290102f90 con 0x7f127803f720
2024-09-13T13:01:08.262 INFO:teuthology.orchestra.run.smithi121.stdout:/usr/bin/ceph: stderr
2024-09-13T13:01:07.663+0000 7f129489e640 1 -- 172.21.15.121:0/2071410277 <== mgr.14152 v2:172.21.15.121:6800/234977244 1 ==== mgr_command_reply(tid 0: 0 ) ==== 8+0+24 (secure 0 0 0) 0x7f1290102f90 con 0x7f127803f720
2024-09-13T13:01:08.262 INFO:teuthology.orchestra.run.smithi121.stdout:/usr/bin/ceph: stderr
2024-09-13T13:01:07.663+0000 7f12958a0640 1 -- 172.21.15.121:0/2071410277 >> v2:172.21.15.121:6800/234977244 conn(0x7f127803f720 msgr2=0x7f1278041be0 secure :-1 s=STATE_CONNECTION_ESTABLISHED l=1).mark_down
2024-09-13T13:01:08.262 INFO:teuthology.orchestra.run.smithi121.stdout:/usr/bin/ceph: stderr
2024-09-13T13:01:07.663+0000 7f12958a0640 1 --2- 172.21.15.121:0/2071410277 >> v2:172.21.15.121:6800/234977244 conn(0x7f127803f720 0x7f1278041be0 secure :-1 s=READY pgs=8 cs=0 l=1 rev1=1 crypto rx=0x7f12800098c0 tx=0x7f1280006db0 comp rx=0 tx=0).stop
2024-09-13T13:01:08.262 INFO:teuthology.orchestra.run.smithi121.stdout:/usr/bin/ceph: stderr
2024-09-13T13:01:07.663+0000 7f12958a0640 1 -- 172.21.15.121:0/2071410277 >> [v2:172.21.15.121:3300/0,v1:172.21.15.121:6789/0] conn(0x7f129007cd20 msgr2=0x7f12901a0e90 secure :-1 s=STATE_CONNECTION_ESTABLISHED l=1).mark_down
2024-09-13T13:01:08.262 INFO:teuthology.orchestra.run.smithi121.stdout:/usr/bin/ceph: stderr
2024-09-13T13:01:07.663+0000 7f12958a0640 1 --2- 172.21.15.121:0/2071410277 >> [v2:172.21.15.121:3300/0,v1:172.21.15.121:6789/0] conn(0x7f129007cd20 0x7f12901a0e90 secure :-1 s=READY pgs=73 cs=0 l=1 rev1=1 crypto rx=0x7f128402a830 tx=0x7f1284030bc0 comp rx=0 tx=0).stop
2024-09-13T13:01:08.262 INFO:teuthology.orchestra.run.smithi121.stdout:/usr/bin/ceph: stderr
2024-09-13T13:01:07.663+0000 7f12958a0640 1 -- 172.21.15.121:0/2071410277 shutdown_connections
2024-09-13T13:01:08.263 INFO:teuthology.orchestra.run.smithi121.stdout:/usr/bin/ceph: stderr
2024-09-13T13:01:07.663+0000 7f12958a0640 1 --2- 172.21.15.121:0/2071410277 >> v2:172.21.15.121:6800/234977244 conn(0x7f127803f720 0x7f1278041be0 unknown :-1 s=CLOSED pgs=8 cs=0 l=1 rev1=1 crypto rx=0 tx=0 comp rx=0 tx=0).stop
2024-09-13T13:01:08.263 INFO:teuthology.orchestra.run.smithi121.stdout:/usr/bin/ceph: stderr
2024-09-13T13:01:07.663+0000 7f12958a0640 1 --2- 172.21.15.121:0/2071410277 >> [v2:172.21.15.121:3300/0,v1:172.21.15.121:6789/0] conn(0x7f129007cd20 0x7f12901a0e90 unknown :-1 s=CLOSED pgs=73 cs=0 l=1 rev1=1 crypto rx=0 tx=0 comp rx=0 tx=0).stop
2024-09-13T13:01:08.263 INFO:teuthology.orchestra.run.smithi121.stdout:/usr/bin/ceph: stderr
2024-09-13T13:01:07.663+0000 7f12958a0640 1 -- 172.21.15.121:0/2071410277 >> 172.21.15.121:0/2071410277 conn(0x7f12901021d0 msgr2=0x7f1290102880 unknown :-1 s=STATE_NONE l=0).mark_down
2024-09-13T13:01:08.263 INFO:teuthology.orchestra.run.smithi121.stdout:/usr/bin/ceph: stderr
2024-09-13T13:01:07.667+0000 7f12958a0640 1 -- 172.21.15.121:0/2071410277 shutdown_connections
2024-09-13T13:01:08.263 INFO:teuthology.orchestra.run.smithi121.stdout:/usr/bin/ceph: stderr
2024-09-13T13:01:07.667+0000 7f12958a0640 1 -- 172.21.15.121:0/2071410277 wait complete.
2024-09-13T13:01:09.156 INFO:journalctl@ceph.mon.a.smithi121.stdout:Sep 13 13:01:08 smithi121 bash[22825]: audit
2024-09-13T13:01:07.663282+0000 mgr.y (mgr.14152) 9 : audit [DBG] from='client.14166 -' entity='client.admin' cmd=[{"prefix": "dashboard set-ssl-certificate", "target": ["mon-mgr", ""]}]: dispatch
2024-09-13T13:01:09.157 INFO:journalctl@ceph.mon.a.smithi121.stdout:Sep 13 13:01:08 smithi121 bash[22825]: audit
2024-09-13T13:01:07.663282+0000 mgr.y (mgr.14152) 9 : audit [DBG] from='client.14166 -' entity='client.admin' cmd=[{"prefix": "dashboard set-ssl-certificate", "target": ["mon-mgr", ""]}]: dispatch
2024-09-13T13:01:09.157 INFO:journalctl@ceph.mon.a.smithi121.stdout:Sep 13 13:01:08 smithi121 bash[22825]: audit
2024-09-13T13:01:07.665979+0000 mon.a (mon.0) 93 : audit [INF] from='mgr.14152 172.21.15.121:0/727301764' entity='mgr.y'
2024-09-13T13:01:09.157 INFO:journalctl@ceph.mon.a.smithi121.stdout:Sep 13 13:01:08 smithi121 bash[22825]: audit
2024-09-13T13:01:07.665979+0000 mon.a (mon.0) 93 : audit [INF] from='mgr.14152 172.21.15.121:0/727301764' entity='mgr.y'
2024-09-13T13:01:09.157 INFO:journalctl@ceph.mon.a.smithi121.stdout:Sep 13 13:01:08 smithi121 bash[22825]: audit
2024-09-13T13:01:07.789595+0000 mon.a (mon.0) 94 : audit [INF] from='mgr.14152 172.21.15.121:0/727301764' entity='mgr.y'
2024-09-13T13:01:09.157 INFO:journalctl@ceph.mon.a.smithi121.stdout:Sep 13 13:01:08 smithi121 bash[22825]: audit
2024-09-13T13:01:07.789595+0000 mon.a (mon.0) 94 : audit [INF] from='mgr.14152 172.21.15.121:0/727301764' entity='mgr.y'
2024-09-13T13:01:10.113 INFO:journalctl@ceph.mon.a.smithi121.stdout:Sep 13 13:01:09 smithi121 bash[22825]: audit
2024-09-13T13:01:08.831735+0000 mon.a (mon.0) 95 : audit [INF] from='mgr.14152 172.21.15.121:0/727301764' entity='mgr.y'
2024-09-13T13:01:10.113 INFO:journalctl@ceph.mon.a.smithi121.stdout:Sep 13 13:01:09 smithi121 bash[22825]: audit
2024-09-13T13:01:08.831735+0000 mon.a (mon.0) 95 : audit [INF] from='mgr.14152 172.21.15.121:0/727301764' entity='mgr.y'
2024-09-13T13:01:10.486 INFO:teuthology.orchestra.run.smithi121.stdout:/usr/bin/ceph: stdout SSL certificate key updated
2024-09-13T13:01:10.486 INFO:teuthology.orchestra.run.smithi121.stdout:/usr/bin/ceph: stderr
2024-09-13T13:01:09.479+0000 7f1ba0955640 1 Processor -- start
2024-09-13T13:01:10.486 INFO:teuthology.orchestra.run.smithi121.stdout:/usr/bin/ceph: stderr
2024-09-13T13:01:09.479+0000 7f1ba0955640 1 -- start start
2024-09-13T13:01:10.486 INFO:teuthology.orchestra.run.smithi121.stdout:/usr/bin/ceph: stderr
2024-09-13T13:01:09.479+0000 7f1ba0955640 1 --2- >> [v2:172.21.15.121:3300/0,v1:172.21.15.121:6789/0] conn(0x7f1b9c106960 0x7f1b9c106d60 unknown :-1 s=NONE pgs=0 cs=0 l=0 rev1=0 crypto rx=0 tx=0 comp rx=0 tx=0).connect
2024-09-13T13:01:10.486 INFO:teuthology.orchestra.run.smithi121.stdout:/usr/bin/ceph: stderr
2024-09-13T13:01:09.479+0000 7f1ba0955640 1 -- --> [v2:172.21.15.121:3300/0,v1:172.21.15.121:6789/0] -- mon_getmap magic: 0 -- 0x7f1b9c107350 con 0x7f1b9c106960
2024-09-13T13:01:10.486 INFO:teuthology.orchestra.run.smithi121.stdout:/usr/bin/ceph: stderr
2024-09-13T13:01:09.479+0000 7f1b9a59c640 1 --2- >> [v2:172.21.15.121:3300/0,v1:172.21.15.121:6789/0] conn(0x7f1b9c106960 0x7f1b9c106d60 unknown :-1 s=BANNER_CONNECTING pgs=0 cs=0 l=0 rev1=0 crypto rx=0 tx=0 comp rx=0 tx=0)._handle_peer_banner_payload supported=3 required=0
2024-09-13T13:01:10.486 INFO:teuthology.orchestra.run.smithi121.stdout:/usr/bin/ceph: stderr
2024-09-13T13:01:09.479+0000 7f1b9a59c640 1 --2- >> [v2:172.21.15.121:3300/0,v1:172.21.15.121:6789/0] conn(0x7f1b9c106960 0x7f1b9c106d60 unknown :-1 s=HELLO_CONNECTING pgs=0 cs=0 l=0 rev1=1 crypto rx=0 tx=0 comp rx=0 tx=0).handle_hello peer v2:172.21.15.121:3300/0 says I am v2:172.21.15.121:49184/0 (socket says 172.21.15.121:49184)
2024-09-13T13:01:10.486 INFO:teuthology.orchestra.run.smithi121.stdout:/usr/bin/ceph: stderr
2024-09-13T13:01:09.479+0000 7f1b9a59c640 1 -- 172.21.15.121:0/1192470727 learned_addr learned my addr 172.21.15.121:0/1192470727 (peer_addr_for_me v2:172.21.15.121:0/0)
2024-09-13T13:01:10.487 INFO:teuthology.orchestra.run.smithi121.stdout:/usr/bin/ceph: stderr
2024-09-13T13:01:09.479+0000 7f1b9a59c640 1 -- 172.21.15.121:0/1192470727 --> [v2:172.21.15.121:3300/0,v1:172.21.15.121:6789/0] -- mon_subscribe({config=0+,monmap=0+}) -- 0x7f1b9c1074d0 con 0x7f1b9c106960
2024-09-13T13:01:10.487 INFO:teuthology.orchestra.run.smithi121.stdout:/usr/bin/ceph: stderr
2024-09-13T13:01:09.483+0000 7f1b9a59c640 1 --2- 172.21.15.121:0/1192470727 >> [v2:172.21.15.121:3300/0,v1:172.21.15.121:6789/0] conn(0x7f1b9c106960 0x7f1b9c106d60 secure :-1 s=READY pgs=74 cs=0 l=1 rev1=1 crypto rx=0x7f1b90009820 tx=0x7f1b9002a270 comp rx=0 tx=0).ready entity=mon.0 client_cookie=fcec1ca46eec4a9f server_cookie=0 in_seq=0 out_seq=0
2024-09-13T13:01:10.487 INFO:teuthology.orchestra.run.smithi121.stdout:/usr/bin/ceph: stderr
2024-09-13T13:01:09.483+0000 7f1b9959a640 1 -- 172.21.15.121:0/1192470727 <== mon.0 v2:172.21.15.121:3300/0 1 ==== mon_map magic: 0 ==== 205+0+0 (secure 0 0 0) 0x7f1b90037070 con 0x7f1b9c106960
2024-09-13T13:01:10.487 INFO:teuthology.orchestra.run.smithi121.stdout:/usr/bin/ceph: stderr
2024-09-13T13:01:09.483+0000 7f1b9959a640 1 -- 172.21.15.121:0/1192470727 <== mon.0 v2:172.21.15.121:3300/0 2 ==== config(25 keys) ==== 1054+0+0 (secure 0 0 0) 0x7f1b900328c0 con 0x7f1b9c106960
2024-09-13T13:01:10.487 INFO:teuthology.orchestra.run.smithi121.stdout:/usr/bin/ceph: stderr
2024-09-13T13:01:09.483+0000 7f1b9959a640 1 -- 172.21.15.121:0/1192470727 <== mon.0 v2:172.21.15.121:3300/0 3 ==== mon_map magic: 0 ==== 205+0+0 (secure 0 0 0) 0x7f1b90030640 con 0x7f1b9c106960
2024-09-13T13:01:10.487 INFO:teuthology.orchestra.run.smithi121.stdout:/usr/bin/ceph: stderr
2024-09-13T13:01:09.483+0000 7f1ba0955640 1 -- 172.21.15.121:0/1192470727 >> [v2:172.21.15.121:3300/0,v1:172.21.15.121:6789/0] conn(0x7f1b9c106960 msgr2=0x7f1b9c106d60 secure :-1 s=STATE_CONNECTION_ESTABLISHED l=1).mark_down
2024-09-13T13:01:10.487 INFO:teuthology.orchestra.run.smithi121.stdout:/usr/bin/ceph: stderr
2024-09-13T13:01:09.483+0000 7f1ba0955640 1 --2- 172.21.15.121:0/1192470727 >> [v2:172.21.15.121:3300/0,v1:172.21.15.121:6789/0] conn(0x7f1b9c106960 0x7f1b9c106d60 secure :-1 s=READY pgs=74 cs=0 l=1 rev1=1 crypto rx=0x7f1b90009820 tx=0x7f1b9002a270 comp rx=0 tx=0).stop
2024-09-13T13:01:10.487 INFO:teuthology.orchestra.run.smithi121.stdout:/usr/bin/ceph: stderr
2024-09-13T13:01:09.483+0000 7f1ba0955640 1 -- 172.21.15.121:0/1192470727 shutdown_connections
2024-09-13T13:01:10.487 INFO:teuthology.orchestra.run.smithi121.stdout:/usr/bin/ceph: stderr
2024-09-13T13:01:09.483+0000 7f1ba0955640 1 --2- 172.21.15.121:0/1192470727 >> [v2:172.21.15.121:3300/0,v1:172.21.15.121:6789/0] conn(0x7f1b9c106960 0x7f1b9c106d60 unknown :-1 s=CLOSED pgs=74 cs=0 l=1 rev1=1 crypto rx=0 tx=0 comp rx=0 tx=0).stop
2024-09-13T13:01:10.487 INFO:teuthology.orchestra.run.smithi121.stdout:/usr/bin/ceph: stderr
2024-09-13T13:01:09.483+0000 7f1ba0955640 1 -- 172.21.15.121:0/1192470727 >> 172.21.15.121:0/1192470727 conn(0x7f1b9c102250 msgr2=0x7f1b9c104670 unknown :-1 s=STATE_NONE l=0).mark_down
2024-09-13T13:01:10.487 INFO:teuthology.orchestra.run.smithi121.stdout:/usr/bin/ceph: stderr
2024-09-13T13:01:09.483+0000 7f1ba0955640 1 -- 172.21.15.121:0/1192470727 shutdown_connections
2024-09-13T13:01:10.487 INFO:teuthology.orchestra.run.smithi121.stdout:/usr/bin/ceph: stderr
2024-09-13T13:01:09.483+0000 7f1ba0955640 1 -- 172.21.15.121:0/1192470727 wait complete.
2024-09-13T13:01:10.488 INFO:teuthology.orchestra.run.smithi121.stdout:/usr/bin/ceph: stderr
2024-09-13T13:01:09.483+0000 7f1ba0955640 1 Processor -- start
2024-09-13T13:01:10.488 INFO:teuthology.orchestra.run.smithi121.stdout:/usr/bin/ceph: stderr
2024-09-13T13:01:09.483+0000 7f1ba0955640 1 -- start start
2024-09-13T13:01:10.488 INFO:teuthology.orchestra.run.smithi121.stdout:/usr/bin/ceph: stderr
2024-09-13T13:01:09.483+0000 7f1ba0955640 1 --2- >> [v2:172.21.15.121:3300/0,v1:172.21.15.121:6789/0] conn(0x7f1b9c106960 0x7f1b9c07c990 unknown :-1 s=NONE pgs=0 cs=0 l=1 rev1=0 crypto rx=0 tx=0 comp rx=0 tx=0).connect
2024-09-13T13:01:10.488 INFO:teuthology.orchestra.run.smithi121.stdout:/usr/bin/ceph: stderr
2024-09-13T13:01:09.483+0000 7f1ba0955640 1 -- --> [v2:172.21.15.121:3300/0,v1:172.21.15.121:6789/0] -- mon_getmap magic: 0 -- 0x7f1b9c10ade0 con 0x7f1b9c106960
2024-09-13T13:01:10.488 INFO:teuthology.orchestra.run.smithi121.stdout:/usr/bin/ceph: stderr
2024-09-13T13:01:09.483+0000 7f1b9a59c640 1 --2- >> [v2:172.21.15.121:3300/0,v1:172.21.15.121:6789/0] conn(0x7f1b9c106960 0x7f1b9c07c990 unknown :-1 s=BANNER_CONNECTING pgs=0 cs=0 l=1 rev1=0 crypto rx=0 tx=0 comp rx=0 tx=0)._handle_peer_banner_payload supported=3 required=0
2024-09-13T13:01:10.488 INFO:teuthology.orchestra.run.smithi121.stdout:/usr/bin/ceph: stderr
2024-09-13T13:01:09.483+0000 7f1b9a59c640 1 --2- >> [v2:172.21.15.121:3300/0,v1:172.21.15.121:6789/0] conn(0x7f1b9c106960 0x7f1b9c07c990 unknown :-1 s=HELLO_CONNECTING pgs=0 cs=0 l=1 rev1=1 crypto rx=0 tx=0 comp rx=0 tx=0).handle_hello peer v2:172.21.15.121:3300/0 says I am v2:172.21.15.121:49194/0 (socket says 172.21.15.121:49194)
2024-09-13T13:01:10.488 INFO:teuthology.orchestra.run.smithi121.stdout:/usr/bin/ceph: stderr
2024-09-13T13:01:09.483+0000 7f1b9a59c640 1 -- 172.21.15.121:0/3470686927 learned_addr learned my addr 172.21.15.121:0/3470686927 (peer_addr_for_me v2:172.21.15.121:0/0)
2024-09-13T13:01:10.488 INFO:teuthology.orchestra.run.smithi121.stdout:/usr/bin/ceph: stderr
2024-09-13T13:01:09.483+0000 7f1b9a59c640 1 -- 172.21.15.121:0/3470686927 --> [v2:172.21.15.121:3300/0,v1:172.21.15.121:6789/0] -- mon_subscribe({config=0+,monmap=0+}) -- 0x7f1b9c07cef0 con 0x7f1b9c106960
2024-09-13T13:01:10.488 INFO:teuthology.orchestra.run.smithi121.stdout:/usr/bin/ceph: stderr
2024-09-13T13:01:09.483+0000 7f1b9a59c640 1 --2- 172.21.15.121:0/3470686927 >> [v2:172.21.15.121:3300/0,v1:172.21.15.121:6789/0] conn(0x7f1b9c106960 0x7f1b9c07c990 secure :-1 s=READY pgs=75 cs=0 l=1 rev1=1 crypto rx=0x7f1b90000c00 tx=0x7f1b90030b70 comp rx=0 tx=0).ready entity=mon.0 client_cookie=0 server_cookie=0 in_seq=0 out_seq=0
2024-09-13T13:01:10.488 INFO:teuthology.orchestra.run.smithi121.stdout:/usr/bin/ceph: stderr
2024-09-13T13:01:09.483+0000 7f1b8b7fe640 1 -- 172.21.15.121:0/3470686927 <== mon.0 v2:172.21.15.121:3300/0 1 ==== mon_map magic: 0 ==== 205+0+0 (secure 0 0 0) 0x7f1b90037040 con 0x7f1b9c106960
2024-09-13T13:01:10.488 INFO:teuthology.orchestra.run.smithi121.stdout:/usr/bin/ceph: stderr
2024-09-13T13:01:09.483+0000 7f1ba0955640 1 -- 172.21.15.121:0/3470686927 --> [v2:172.21.15.121:3300/0,v1:172.21.15.121:6789/0] -- mon_subscribe({mgrmap=0+}) -- 0x7f1b9c07b2e0 con 0x7f1b9c106960
2024-09-13T13:01:10.488 INFO:teuthology.orchestra.run.smithi121.stdout:/usr/bin/ceph: stderr
2024-09-13T13:01:09.483+0000 7f1b8b7fe640 1 -- 172.21.15.121:0/3470686927 <== mon.0 v2:172.21.15.121:3300/0 2 ==== config(25 keys) ==== 1054+0+0 (secure 0 0 0) 0x7f1b90040070 con 0x7f1b9c106960
2024-09-13T13:01:10.489 INFO:teuthology.orchestra.run.smithi121.stdout:/usr/bin/ceph: stderr
2024-09-13T13:01:09.483+0000 7f1b8b7fe640 1 -- 172.21.15.121:0/3470686927 <== mon.0 v2:172.21.15.121:3300/0 3 ==== mon_map magic: 0 ==== 205+0+0 (secure 0 0 0) 0x7f1b9003a390 con 0x7f1b9c106960
2024-09-13T13:01:10.489 INFO:teuthology.orchestra.run.smithi121.stdout:/usr/bin/ceph: stderr
2024-09-13T13:01:09.483+0000 7f1ba0955640 1 -- 172.21.15.121:0/3470686927 --> [v2:172.21.15.121:3300/0,v1:172.21.15.121:6789/0] -- mon_subscribe({osdmap=0}) -- 0x7f1b9c07b860 con 0x7f1b9c106960
2024-09-13T13:01:10.489 INFO:teuthology.orchestra.run.smithi121.stdout:/usr/bin/ceph: stderr
2024-09-13T13:01:09.483+0000 7f1b8b7fe640 1 -- 172.21.15.121:0/3470686927 <== mon.0 v2:172.21.15.121:3300/0 4 ==== mgrmap(e 13) ==== 51743+0+0 (secure 0 0 0) 0x7f1b9003b430 con 0x7f1b9c106960
2024-09-13T13:01:10.489 INFO:teuthology.orchestra.run.smithi121.stdout:/usr/bin/ceph: stderr
2024-09-13T13:01:09.483+0000 7f1ba0955640 1 -- 172.21.15.121:0/3470686927 --> [v2:172.21.15.121:3300/0,v1:172.21.15.121:6789/0] -- mon_command({"prefix": "get_command_descriptions"} v 0) -- 0x7f1b9c106d60 con 0x7f1b9c106960
2024-09-13T13:01:10.489 INFO:teuthology.orchestra.run.smithi121.stdout:/usr/bin/ceph: stderr
2024-09-13T13:01:09.487+0000 7f1b8b7fe640 1 --2- 172.21.15.121:0/3470686927 >> v2:172.21.15.121:6800/234977244 conn(0x7f1b8403f770 0x7f1b84041c30 unknown :-1 s=NONE pgs=0 cs=0 l=1 rev1=0 crypto rx=0 tx=0 comp rx=0 tx=0).connect
2024-09-13T13:01:10.489 INFO:teuthology.orchestra.run.smithi121.stdout:/usr/bin/ceph: stderr
2024-09-13T13:01:09.487+0000 7f1b8b7fe640 1 -- 172.21.15.121:0/3470686927 <== mon.0 v2:172.21.15.121:3300/0 5 ==== osd_map(3..3 src has 1..3) ==== 1069+0+0 (secure 0 0 0) 0x7f1b90074380 con 0x7f1b9c106960
2024-09-13T13:01:10.489 INFO:teuthology.orchestra.run.smithi121.stdout:/usr/bin/ceph: stderr
2024-09-13T13:01:09.487+0000 7f1b99d9b640 1 --2- 172.21.15.121:0/3470686927 >> v2:172.21.15.121:6800/234977244 conn(0x7f1b8403f770 0x7f1b84041c30 unknown :-1 s=BANNER_CONNECTING pgs=0 cs=0 l=1 rev1=0 crypto rx=0 tx=0 comp rx=0 tx=0)._handle_peer_banner_payload supported=3 required=0
2024-09-13T13:01:10.489 INFO:teuthology.orchestra.run.smithi121.stdout:/usr/bin/ceph: stderr
2024-09-13T13:01:09.487+0000 7f1b99d9b640 1 --2- 172.21.15.121:0/3470686927 >> v2:172.21.15.121:6800/234977244 conn(0x7f1b8403f770 0x7f1b84041c30 secure :-1 s=READY pgs=9 cs=0 l=1 rev1=1 crypto rx=0x7f1b8c0098c0 tx=0x7f1b8c006db0 comp rx=0 tx=0).ready entity=mgr.14152 client_cookie=0 server_cookie=0 in_seq=0 out_seq=0
2024-09-13T13:01:10.489 INFO:teuthology.orchestra.run.smithi121.stdout:/usr/bin/ceph: stderr
2024-09-13T13:01:09.491+0000 7f1b8b7fe640 1 -- 172.21.15.121:0/3470686927 <== mon.0 v2:172.21.15.121:3300/0 6 ==== mon_command_ack([{"prefix": "get_command_descriptions"}]=0 v0) ==== 72+0+196987 (secure 0 0 0) 0x7f1b900327b0 con 0x7f1b9c106960
2024-09-13T13:01:10.489 INFO:teuthology.orchestra.run.smithi121.stdout:/usr/bin/ceph: stderr
2024-09-13T13:01:09.859+0000 7f1ba0955640 1 -- 172.21.15.121:0/3470686927 --> v2:172.21.15.121:6800/234977244 -- mgr_command(tid 0: {"prefix": "dashboard set-ssl-certificate-key", "target": ["mon-mgr", ""]}) -- 0x7f1b9c07bd90 con 0x7f1b8403f770
2024-09-13T13:01:10.490 INFO:teuthology.orchestra.run.smithi121.stdout:/usr/bin/ceph: stderr
2024-09-13T13:01:09.863+0000 7f1b8b7fe640 1 -- 172.21.15.121:0/3470686927 <== mgr.14152 v2:172.21.15.121:6800/234977244 1 ==== mgr_command_reply(tid 0: 0 ) ==== 8+0+28 (secure 0 0 0) 0x7f1b9c07bd90 con 0x7f1b8403f770
2024-09-13T13:01:10.490 INFO:teuthology.orchestra.run.smithi121.stdout:/usr/bin/ceph: stderr
2024-09-13T13:01:09.867+0000 7f1ba0955640 1 -- 172.21.15.121:0/3470686927 >> v2:172.21.15.121:6800/234977244 conn(0x7f1b8403f770 msgr2=0x7f1b84041c30 secure :-1 s=STATE_CONNECTION_ESTABLISHED l=1).mark_down
2024-09-13T13:01:10.490 INFO:teuthology.orchestra.run.smithi121.stdout:/usr/bin/ceph: stderr
2024-09-13T13:01:09.867+0000 7f1ba0955640 1 --2- 172.21.15.121:0/3470686927 >> v2:172.21.15.121:6800/234977244 conn(0x7f1b8403f770 0x7f1b84041c30 secure :-1 s=READY pgs=9 cs=0 l=1 rev1=1 crypto rx=0x7f1b8c0098c0 tx=0x7f1b8c006db0 comp rx=0 tx=0).stop
2024-09-13T13:01:10.490 INFO:teuthology.orchestra.run.smithi121.stdout:/usr/bin/ceph: stderr
2024-09-13T13:01:09.867+0000 7f1ba0955640 1 -- 172.21.15.121:0/3470686927 >> [v2:172.21.15.121:3300/0,v1:172.21.15.121:6789/0] conn(0x7f1b9c106960 msgr2=0x7f1b9c07c990 secure :-1 s=STATE_CONNECTION_ESTABLISHED l=1).mark_down
2024-09-13T13:01:10.490 INFO:teuthology.orchestra.run.smithi121.stdout:/usr/bin/ceph: stderr
2024-09-13T13:01:09.867+0000 7f1ba0955640 1 --2- 172.21.15.121:0/3470686927 >> [v2:172.21.15.121:3300/0,v1:172.21.15.121:6789/0] conn(0x7f1b9c106960 0x7f1b9c07c990 secure :-1 s=READY pgs=75 cs=0 l=1 rev1=1 crypto rx=0x7f1b90000c00 tx=0x7f1b90030b70 comp rx=0 tx=0).stop
2024-09-13T13:01:10.490 INFO:teuthology.orchestra.run.smithi121.stdout:/usr/bin/ceph: stderr
2024-09-13T13:01:09.867+0000 7f1ba0955640 1 -- 172.21.15.121:0/3470686927 shutdown_connections
2024-09-13T13:01:10.490 INFO:teuthology.orchestra.run.smithi121.stdout:/usr/bin/ceph: stderr
2024-09-13T13:01:09.867+0000 7f1ba0955640 1 --2- 172.21.15.121:0/3470686927 >> v2:172.21.15.121:6800/234977244 conn(0x7f1b8403f770 0x7f1b84041c30 unknown :-1 s=CLOSED pgs=9 cs=0 l=1 rev1=1 crypto rx=0 tx=0 comp rx=0 tx=0).stop
2024-09-13T13:01:10.490 INFO:teuthology.orchestra.run.smithi121.stdout:/usr/bin/ceph: stderr
2024-09-13T13:01:09.867+0000 7f1ba0955640 1 --2- 172.21.15.121:0/3470686927 >> [v2:172.21.15.121:3300/0,v1:172.21.15.121:6789/0] conn(0x7f1b9c106960 0x7f1b9c07c990 unknown :-1 s=CLOSED pgs=75 cs=0 l=1 rev1=1 crypto rx=0 tx=0 comp rx=0 tx=0).stop
2024-09-13T13:01:10.490 INFO:teuthology.orchestra.run.smithi121.stdout:/usr/bin/ceph: stderr
2024-09-13T13:01:09.867+0000 7f1ba0955640 1 -- 172.21.15.121:0/3470686927 >> 172.21.15.121:0/3470686927 conn(0x7f1b9c102250 msgr2=0x7f1b9c102c90 unknown :-1 s=STATE_NONE l=0).mark_down
2024-09-13T13:01:10.490 INFO:teuthology.orchestra.run.smithi121.stdout:/usr/bin/ceph: stderr
2024-09-13T13:01:09.867+0000 7f1ba0955640 1 -- 172.21.15.121:0/3470686927 shutdown_connections
2024-09-13T13:01:10.490 INFO:teuthology.orchestra.run.smithi121.stdout:/usr/bin/ceph: stderr
2024-09-13T13:01:09.867+0000 7f1ba0955640 1 -- 172.21.15.121:0/3470686927 wait complete.
2024-09-13T13:01:10.490 INFO:teuthology.orchestra.run.smithi121.stdout:Creating initial admin user...
2024-09-13T13:01:11.156 INFO:journalctl@ceph.mon.a.smithi121.stdout:Sep 13 13:01:10 smithi121 bash[22825]: audit
2024-09-13T13:01:09.862627+0000 mgr.y (mgr.14152) 10 : audit [DBG] from='client.14168 -' entity='client.admin' cmd=[{"prefix": "dashboard set-ssl-certificate-key", "target": ["mon-mgr", ""]}]: dispatch
2024-09-13T13:01:11.156 INFO:journalctl@ceph.mon.a.smithi121.stdout:Sep 13 13:01:10 smithi121 bash[22825]: audit
2024-09-13T13:01:09.862627+0000 mgr.y (mgr.14152) 10 : audit [DBG] from='client.14168 -' entity='client.admin' cmd=[{"prefix": "dashboard set-ssl-certificate-key", "target": ["mon-mgr", ""]}]: dispatch
2024-09-13T13:01:11.156 INFO:journalctl@ceph.mon.a.smithi121.stdout:Sep 13 13:01:10 smithi121 bash[22825]: audit
2024-09-13T13:01:09.867799+0000 mon.a (mon.0) 96 : audit [INF] from='mgr.14152 172.21.15.121:0/727301764' entity='mgr.y'
2024-09-13T13:01:11.156 INFO:journalctl@ceph.mon.a.smithi121.stdout:Sep 13 13:01:10 smithi121 bash[22825]: audit
2024-09-13T13:01:09.867799+0000 mon.a (mon.0) 96 : audit [INF] from='mgr.14152 172.21.15.121:0/727301764' entity='mgr.y'
2024-09-13T13:01:12.406 INFO:journalctl@ceph.mon.a.smithi121.stdout:Sep 13 13:01:12 smithi121 bash[22825]: audit
2024-09-13T13:01:12.026796+0000 mgr.y (mgr.14152) 11 : audit [DBG] from='client.14170 -' entity='client.admin' cmd=[{"prefix": "dashboard ac-user-create", "username": "admin", "rolename": "administrator", "force_password": true, "pwd_update_required": true, "target": ["mon-mgr", ""]}]: dispatch
2024-09-13T13:01:12.406 INFO:journalctl@ceph.mon.a.smithi121.stdout:Sep 13 13:01:12 smithi121 bash[22825]: audit
2024-09-13T13:01:12.026796+0000 mgr.y (mgr.14152) 11 : audit [DBG] from='client.14170 -' entity='client.admin' cmd=[{"prefix": "dashboard ac-user-create", "username": "admin", "rolename": "administrator", "force_password": true, "pwd_update_required": true, "target": ["mon-mgr", ""]}]: dispatch
2024-09-13T13:01:12.838 INFO:teuthology.orchestra.run.smithi121.stdout:/usr/bin/ceph: stdout {"username": "admin", "password": "$2b$12$FM9dg7enxmeRjyYEbTIneOQpIGEyOJ8Of2GY0gx1Y9gOicVAbiBZq", "roles": ["administrator"], "name": null, "email": null, "lastUpdate": 1726232472, "enabled": true, "pwdExpirationDate": null, "pwdUpdateRequired": true}
2024-09-13T13:01:12.839 INFO:teuthology.orchestra.run.smithi121.stdout:/usr/bin/ceph: stderr
2024-09-13T13:01:11.631+0000 7f25051d4640 1 Processor -- start
2024-09-13T13:01:12.839 INFO:teuthology.orchestra.run.smithi121.stdout:/usr/bin/ceph: stderr
2024-09-13T13:01:11.631+0000 7f25051d4640 1 -- start start
2024-09-13T13:01:12.839 INFO:teuthology.orchestra.run.smithi121.stdout:/usr/bin/ceph: stderr
2024-09-13T13:01:11.631+0000 7f25051d4640 1 --2- >> [v2:172.21.15.121:3300/0,v1:172.21.15.121:6789/0] conn(0x7f250007a3c0 0x7f25001095a0 unknown :-1 s=NONE pgs=0 cs=0 l=0 rev1=0 crypto rx=0 tx=0 comp rx=0 tx=0).connect
2024-09-13T13:01:12.839 INFO:teuthology.orchestra.run.smithi121.stdout:/usr/bin/ceph: stderr
2024-09-13T13:01:11.631+0000 7f25051d4640 1 -- --> [v2:172.21.15.121:3300/0,v1:172.21.15.121:6789/0] -- mon_getmap magic: 0 -- 0x7f2500109ae0 con 0x7f250007a3c0
2024-09-13T13:01:12.839 INFO:teuthology.orchestra.run.smithi121.stdout:/usr/bin/ceph: stderr
2024-09-13T13:01:11.631+0000 7f24fed9d640 1 --2- >> [v2:172.21.15.121:3300/0,v1:172.21.15.121:6789/0] conn(0x7f250007a3c0 0x7f25001095a0 unknown :-1 s=BANNER_CONNECTING pgs=0 cs=0 l=0 rev1=0 crypto rx=0 tx=0 comp rx=0 tx=0)._handle_peer_banner_payload supported=3 required=0
2024-09-13T13:01:12.839 INFO:teuthology.orchestra.run.smithi121.stdout:/usr/bin/ceph: stderr
2024-09-13T13:01:11.631+0000 7f24fed9d640 1 --2- >> [v2:172.21.15.121:3300/0,v1:172.21.15.121:6789/0] conn(0x7f250007a3c0 0x7f25001095a0 unknown :-1 s=HELLO_CONNECTING pgs=0 cs=0 l=0 rev1=1 crypto rx=0 tx=0 comp rx=0 tx=0).handle_hello peer v2:172.21.15.121:3300/0 says I am v2:172.21.15.121:49200/0 (socket says 172.21.15.121:49200)
2024-09-13T13:01:12.839 INFO:teuthology.orchestra.run.smithi121.stdout:/usr/bin/ceph: stderr
2024-09-13T13:01:11.631+0000 7f24fed9d640 1 -- 172.21.15.121:0/148384471 learned_addr learned my addr 172.21.15.121:0/148384471 (peer_addr_for_me v2:172.21.15.121:0/0)
2024-09-13T13:01:12.839 INFO:teuthology.orchestra.run.smithi121.stdout:/usr/bin/ceph: stderr
2024-09-13T13:01:11.631+0000 7f24fed9d640 1 -- 172.21.15.121:0/148384471 --> [v2:172.21.15.121:3300/0,v1:172.21.15.121:6789/0] -- mon_subscribe({config=0+,monmap=0+}) -- 0x7f2500109c60 con 0x7f250007a3c0
2024-09-13T13:01:12.844 INFO:teuthology.orchestra.run.smithi121.stdout:/usr/bin/ceph: stderr
2024-09-13T13:01:11.631+0000 7f24fed9d640 1 --2- 172.21.15.121:0/148384471 >> [v2:172.21.15.121:3300/0,v1:172.21.15.121:6789/0] conn(0x7f250007a3c0 0x7f25001095a0 secure :-1 s=READY pgs=76 cs=0 l=1 rev1=1 crypto rx=0x7f24f0009e80 tx=0x7f24f002a7a0 comp rx=0 tx=0).ready entity=mon.0 client_cookie=708ddee0a2110a17 server_cookie=0 in_seq=0 out_seq=0
2024-09-13T13:01:12.844 INFO:teuthology.orchestra.run.smithi121.stdout:/usr/bin/ceph: stderr
2024-09-13T13:01:11.631+0000 7f24fdd9b640 1 -- 172.21.15.121:0/148384471 <== mon.0 v2:172.21.15.121:3300/0 1 ==== mon_map magic: 0 ==== 205+0+0 (secure 0 0 0) 0x7f24f0036070 con 0x7f250007a3c0
2024-09-13T13:01:12.844 INFO:teuthology.orchestra.run.smithi121.stdout:/usr/bin/ceph: stderr
2024-09-13T13:01:11.631+0000 7f24fdd9b640 1 -- 172.21.15.121:0/148384471 <== mon.0 v2:172.21.15.121:3300/0 2 ==== config(25 keys) ==== 1054+0+0 (secure 0 0 0) 0x7f24f0031880 con 0x7f250007a3c0
2024-09-13T13:01:12.844 INFO:teuthology.orchestra.run.smithi121.stdout:/usr/bin/ceph: stderr
2024-09-13T13:01:11.631+0000 7f24fdd9b640 1 -- 172.21.15.121:0/148384471 <== mon.0 v2:172.21.15.121:3300/0 3 ==== mon_map magic: 0 ==== 205+0+0 (secure 0 0 0) 0x7f24f0007880 con 0x7f250007a3c0
2024-09-13T13:01:12.844 INFO:teuthology.orchestra.run.smithi121.stdout:/usr/bin/ceph: stderr
2024-09-13T13:01:11.631+0000 7f25051d4640 1 -- 172.21.15.121:0/148384471 >> [v2:172.21.15.121:3300/0,v1:172.21.15.121:6789/0] conn(0x7f250007a3c0 msgr2=0x7f25001095a0 secure :-1 s=STATE_CONNECTION_ESTABLISHED l=1).mark_down
2024-09-13T13:01:12.844 INFO:teuthology.orchestra.run.smithi121.stdout:/usr/bin/ceph: stderr
2024-09-13T13:01:11.631+0000 7f25051d4640 1 --2- 172.21.15.121:0/148384471 >> [v2:172.21.15.121:3300/0,v1:172.21.15.121:6789/0] conn(0x7f250007a3c0 0x7f25001095a0 secure :-1 s=READY pgs=76 cs=0 l=1 rev1=1 crypto rx=0x7f24f0009e80 tx=0x7f24f002a7a0 comp rx=0 tx=0).stop
2024-09-13T13:01:12.844 INFO:teuthology.orchestra.run.smithi121.stdout:/usr/bin/ceph: stderr
2024-09-13T13:01:11.631+0000 7f25051d4640 1 -- 172.21.15.121:0/148384471 shutdown_connections
2024-09-13T13:01:12.844 INFO:teuthology.orchestra.run.smithi121.stdout:/usr/bin/ceph: stderr
2024-09-13T13:01:11.631+0000 7f25051d4640 1 --2- 172.21.15.121:0/148384471 >> [v2:172.21.15.121:3300/0,v1:172.21.15.121:6789/0] conn(0x7f250007a3c0 0x7f25001095a0 unknown :-1 s=CLOSED pgs=76 cs=0 l=1 rev1=1 crypto rx=0 tx=0 comp rx=0 tx=0).stop
2024-09-13T13:01:12.844 INFO:teuthology.orchestra.run.smithi121.stdout:/usr/bin/ceph: stderr
2024-09-13T13:01:11.631+0000 7f25051d4640 1 -- 172.21.15.121:0/148384471 >> 172.21.15.121:0/148384471 conn(0x7f25001011b0 msgr2=0x7f25001035d0 unknown :-1 s=STATE_NONE l=0).mark_down
2024-09-13T13:01:12.844 INFO:teuthology.orchestra.run.smithi121.stdout:/usr/bin/ceph: stderr
2024-09-13T13:01:11.631+0000 7f25051d4640 1 -- 172.21.15.121:0/148384471 shutdown_connections
2024-09-13T13:01:12.845 INFO:teuthology.orchestra.run.smithi121.stdout:/usr/bin/ceph: stderr
2024-09-13T13:01:11.631+0000 7f25051d4640 1 -- 172.21.15.121:0/148384471 wait complete.
2024-09-13T13:01:12.845 INFO:teuthology.orchestra.run.smithi121.stdout:/usr/bin/ceph: stderr
2024-09-13T13:01:11.631+0000 7f25051d4640 1 Processor -- start
2024-09-13T13:01:12.845 INFO:teuthology.orchestra.run.smithi121.stdout:/usr/bin/ceph: stderr
2024-09-13T13:01:11.635+0000 7f25051d4640 1 -- start start
2024-09-13T13:01:12.845 INFO:teuthology.orchestra.run.smithi121.stdout:/usr/bin/ceph: stderr
2024-09-13T13:01:11.635+0000 7f25051d4640 1 --2- >> [v2:172.21.15.121:3300/0,v1:172.21.15.121:6789/0] conn(0x7f250007a3c0 0x7f250019caa0 unknown :-1 s=NONE pgs=0 cs=0 l=1 rev1=0 crypto rx=0 tx=0 comp rx=0 tx=0).connect
2024-09-13T13:01:12.845 INFO:teuthology.orchestra.run.smithi121.stdout:/usr/bin/ceph: stderr
2024-09-13T13:01:11.635+0000 7f25051d4640 1 -- --> [v2:172.21.15.121:3300/0,v1:172.21.15.121:6789/0] -- mon_getmap magic: 0 -- 0x7f250010ad00 con 0x7f250007a3c0
2024-09-13T13:01:12.845 INFO:teuthology.orchestra.run.smithi121.stdout:/usr/bin/ceph: stderr
2024-09-13T13:01:11.635+0000 7f24fed9d640 1 --2- >> [v2:172.21.15.121:3300/0,v1:172.21.15.121:6789/0] conn(0x7f250007a3c0 0x7f250019caa0 unknown :-1 s=BANNER_CONNECTING pgs=0 cs=0 l=1 rev1=0 crypto rx=0 tx=0 comp rx=0 tx=0)._handle_peer_banner_payload supported=3 required=0
2024-09-13T13:01:12.845 INFO:teuthology.orchestra.run.smithi121.stdout:/usr/bin/ceph: stderr
2024-09-13T13:01:11.635+0000 7f24fed9d640 1 --2- >> [v2:172.21.15.121:3300/0,v1:172.21.15.121:6789/0] conn(0x7f250007a3c0 0x7f250019caa0 unknown :-1 s=HELLO_CONNECTING pgs=0 cs=0 l=1 rev1=1 crypto rx=0 tx=0 comp rx=0 tx=0).handle_hello peer v2:172.21.15.121:3300/0 says I am v2:172.21.15.121:49206/0 (socket says 172.21.15.121:49206)
2024-09-13T13:01:12.845 INFO:teuthology.orchestra.run.smithi121.stdout:/usr/bin/ceph: stderr
2024-09-13T13:01:11.635+0000 7f24fed9d640 1 -- 172.21.15.121:0/2924580175 learned_addr learned my addr 172.21.15.121:0/2924580175 (peer_addr_for_me v2:172.21.15.121:0/0)
2024-09-13T13:01:12.845 INFO:teuthology.orchestra.run.smithi121.stdout:/usr/bin/ceph: stderr
2024-09-13T13:01:11.635+0000 7f24fed9d640 1 -- 172.21.15.121:0/2924580175 --> [v2:172.21.15.121:3300/0,v1:172.21.15.121:6789/0] -- mon_subscribe({config=0+,monmap=0+}) -- 0x7f250019d000 con 0x7f250007a3c0
2024-09-13T13:01:12.845 INFO:teuthology.orchestra.run.smithi121.stdout:/usr/bin/ceph: stderr
2024-09-13T13:01:11.635+0000 7f24fed9d640 1 --2- 172.21.15.121:0/2924580175 >> [v2:172.21.15.121:3300/0,v1:172.21.15.121:6789/0] conn(0x7f250007a3c0 0x7f250019caa0 secure :-1 s=READY pgs=77 cs=0 l=1 rev1=1 crypto rx=0x7f24f0008dc0 tx=0x7f24f0008df0 comp rx=0 tx=0).ready entity=mon.0 client_cookie=0 server_cookie=0 in_seq=0 out_seq=0
2024-09-13T13:01:12.845 INFO:teuthology.orchestra.run.smithi121.stdout:/usr/bin/ceph: stderr
2024-09-13T13:01:11.635+0000 7f24f7fff640 1 -- 172.21.15.121:0/2924580175 <== mon.0 v2:172.21.15.121:3300/0 1 ==== mon_map magic: 0 ==== 205+0+0 (secure 0 0 0) 0x7f24f0041020 con 0x7f250007a3c0
2024-09-13T13:01:12.845 INFO:teuthology.orchestra.run.smithi121.stdout:/usr/bin/ceph: stderr
2024-09-13T13:01:11.635+0000 7f24f7fff640 1 -- 172.21.15.121:0/2924580175 <== mon.0 v2:172.21.15.121:3300/0 2 ==== config(25 keys) ==== 1054+0+0 (secure 0 0 0) 0x7f24f003c8f0 con 0x7f250007a3c0
2024-09-13T13:01:12.846 INFO:teuthology.orchestra.run.smithi121.stdout:/usr/bin/ceph: stderr
2024-09-13T13:01:11.635+0000 7f25051d4640 1 -- 172.21.15.121:0/2924580175 --> [v2:172.21.15.121:3300/0,v1:172.21.15.121:6789/0] -- mon_subscribe({mgrmap=0+}) -- 0x7f250019d290 con 0x7f250007a3c0
2024-09-13T13:01:12.846 INFO:teuthology.orchestra.run.smithi121.stdout:/usr/bin/ceph: stderr
2024-09-13T13:01:11.635+0000 7f24f7fff640 1 -- 172.21.15.121:0/2924580175 <== mon.0 v2:172.21.15.121:3300/0 3 ==== mon_map magic: 0 ==== 205+0+0 (secure 0 0 0) 0x7f24f0036040 con 0x7f250007a3c0
2024-09-13T13:01:12.846 INFO:teuthology.orchestra.run.smithi121.stdout:/usr/bin/ceph: stderr
2024-09-13T13:01:11.635+0000 7f25051d4640 1 -- 172.21.15.121:0/2924580175 --> [v2:172.21.15.121:3300/0,v1:172.21.15.121:6789/0] -- mon_subscribe({osdmap=0}) -- 0x7f250019dcd0 con 0x7f250007a3c0
2024-09-13T13:01:12.846 INFO:teuthology.orchestra.run.smithi121.stdout:/usr/bin/ceph: stderr
2024-09-13T13:01:11.635+0000 7f24f7fff640 1 -- 172.21.15.121:0/2924580175 <== mon.0 v2:172.21.15.121:3300/0 4 ==== mgrmap(e 13) ==== 51743+0+0 (secure 0 0 0) 0x7f24f0044020 con 0x7f250007a3c0
2024-09-13T13:01:12.846 INFO:teuthology.orchestra.run.smithi121.stdout:/usr/bin/ceph: stderr
2024-09-13T13:01:11.635+0000 7f25051d4640 1 -- 172.21.15.121:0/2924580175 --> [v2:172.21.15.121:3300/0,v1:172.21.15.121:6789/0] -- mon_command({"prefix": "get_command_descriptions"} v 0) -- 0x7f2500107610 con 0x7f250007a3c0
2024-09-13T13:01:12.846 INFO:teuthology.orchestra.run.smithi121.stdout:/usr/bin/ceph: stderr
2024-09-13T13:01:11.635+0000 7f24f7fff640 1 --2- 172.21.15.121:0/2924580175 >> v2:172.21.15.121:6800/234977244 conn(0x7f24ec03f770 0x7f24ec041c30 unknown :-1 s=NONE pgs=0 cs=0 l=1 rev1=0 crypto rx=0 tx=0 comp rx=0 tx=0).connect
2024-09-13T13:01:12.846 INFO:teuthology.orchestra.run.smithi121.stdout:/usr/bin/ceph: stderr
2024-09-13T13:01:11.635+0000 7f24f7fff640 1 -- 172.21.15.121:0/2924580175 <== mon.0 v2:172.21.15.121:3300/0 5 ==== osd_map(3..3 src has 1..3) ==== 1069+0+0 (secure 0 0 0) 0x7f24f00755f0 con 0x7f250007a3c0
2024-09-13T13:01:12.846 INFO:teuthology.orchestra.run.smithi121.stdout:/usr/bin/ceph: stderr
2024-09-13T13:01:11.635+0000 7f24fe59c640 1 --2- 172.21.15.121:0/2924580175 >> v2:172.21.15.121:6800/234977244 conn(0x7f24ec03f770 0x7f24ec041c30 unknown :-1 s=BANNER_CONNECTING pgs=0 cs=0 l=1 rev1=0 crypto rx=0 tx=0 comp rx=0 tx=0)._handle_peer_banner_payload supported=3 required=0
2024-09-13T13:01:12.846 INFO:teuthology.orchestra.run.smithi121.stdout:/usr/bin/ceph: stderr
2024-09-13T13:01:11.635+0000 7f24fe59c640 1 --2- 172.21.15.121:0/2924580175 >> v2:172.21.15.121:6800/234977244 conn(0x7f24ec03f770 0x7f24ec041c30 secure :-1 s=READY pgs=10 cs=0 l=1 rev1=1 crypto rx=0x7f24e80098c0 tx=0x7f24e8006db0 comp rx=0 tx=0).ready entity=mgr.14152 client_cookie=0 server_cookie=0 in_seq=0 out_seq=0
2024-09-13T13:01:12.846 INFO:teuthology.orchestra.run.smithi121.stdout:/usr/bin/ceph: stderr
2024-09-13T13:01:11.639+0000 7f24f7fff640 1 -- 172.21.15.121:0/2924580175 <== mon.0 v2:172.21.15.121:3300/0 6 ==== mon_command_ack([{"prefix": "get_command_descriptions"}]=0 v0) ==== 72+0+196987 (secure 0 0 0) 0x7f24f004b020 con 0x7f250007a3c0
2024-09-13T13:01:12.846 INFO:teuthology.orchestra.run.smithi121.stdout:/usr/bin/ceph: stderr
2024-09-13T13:01:12.023+0000 7f25051d4640 1 -- 172.21.15.121:0/2924580175 --> v2:172.21.15.121:6800/234977244 -- mgr_command(tid 0: {"prefix": "dashboard ac-user-create", "username": "admin", "rolename": "administrator", "force_password": true, "pwd_update_required": true, "target": ["mon-mgr", ""]}) -- 0x7f250019e520 con 0x7f24ec03f770
2024-09-13T13:01:12.846 INFO:teuthology.orchestra.run.smithi121.stdout:/usr/bin/ceph: stderr
2024-09-13T13:01:12.251+0000 7f24f7fff640 1 -- 172.21.15.121:0/2924580175 <== mgr.14152 v2:172.21.15.121:6800/234977244 1 ==== mgr_command_reply(tid 0: 0 ) ==== 8+0+252 (secure 0 0 0) 0x7f250019e520 con 0x7f24ec03f770
2024-09-13T13:01:12.846 INFO:teuthology.orchestra.run.smithi121.stdout:/usr/bin/ceph: stderr
2024-09-13T13:01:12.255+0000 7f25051d4640 1 -- 172.21.15.121:0/2924580175 >> v2:172.21.15.121:6800/234977244 conn(0x7f24ec03f770 msgr2=0x7f24ec041c30 secure :-1 s=STATE_CONNECTION_ESTABLISHED l=1).mark_down
2024-09-13T13:01:12.847 INFO:teuthology.orchestra.run.smithi121.stdout:/usr/bin/ceph: stderr
2024-09-13T13:01:12.255+0000 7f25051d4640 1 --2- 172.21.15.121:0/2924580175 >> v2:172.21.15.121:6800/234977244 conn(0x7f24ec03f770 0x7f24ec041c30 secure :-1 s=READY pgs=10 cs=0 l=1 rev1=1 crypto rx=0x7f24e80098c0 tx=0x7f24e8006db0 comp rx=0 tx=0).stop
2024-09-13T13:01:12.847 INFO:teuthology.orchestra.run.smithi121.stdout:/usr/bin/ceph: stderr
2024-09-13T13:01:12.255+0000 7f25051d4640 1 -- 172.21.15.121:0/2924580175 >> [v2:172.21.15.121:3300/0,v1:172.21.15.121:6789/0] conn(0x7f250007a3c0 msgr2=0x7f250019caa0 secure :-1 s=STATE_CONNECTION_ESTABLISHED l=1).mark_down
2024-09-13T13:01:12.847 INFO:teuthology.orchestra.run.smithi121.stdout:/usr/bin/ceph: stderr
2024-09-13T13:01:12.255+0000 7f25051d4640 1 --2- 172.21.15.121:0/2924580175 >> [v2:172.21.15.121:3300/0,v1:172.21.15.121:6789/0] conn(0x7f250007a3c0 0x7f250019caa0 secure :-1 s=READY pgs=77 cs=0 l=1 rev1=1 crypto rx=0x7f24f0008dc0 tx=0x7f24f0008df0 comp rx=0 tx=0).stop
2024-09-13T13:01:12.847 INFO:teuthology.orchestra.run.smithi121.stdout:/usr/bin/ceph: stderr
2024-09-13T13:01:12.255+0000 7f25051d4640 1 -- 172.21.15.121:0/2924580175 shutdown_connections
2024-09-13T13:01:12.847 INFO:teuthology.orchestra.run.smithi121.stdout:/usr/bin/ceph: stderr
2024-09-13T13:01:12.255+0000 7f25051d4640 1 --2- 172.21.15.121:0/2924580175 >> v2:172.21.15.121:6800/234977244 conn(0x7f24ec03f770 0x7f24ec041c30 unknown :-1 s=CLOSED pgs=10 cs=0 l=1 rev1=1 crypto rx=0 tx=0 comp rx=0 tx=0).stop
2024-09-13T13:01:12.847 INFO:teuthology.orchestra.run.smithi121.stdout:/usr/bin/ceph: stderr
2024-09-13T13:01:12.255+0000 7f25051d4640 1 --2- 172.21.15.121:0/2924580175 >> [v2:172.21.15.121:3300/0,v1:172.21.15.121:6789/0] conn(0x7f250007a3c0 0x7f250019caa0 unknown :-1 s=CLOSED pgs=77 cs=0 l=1 rev1=1 crypto rx=0 tx=0 comp rx=0 tx=0).stop
2024-09-13T13:01:12.847 INFO:teuthology.orchestra.run.smithi121.stdout:/usr/bin/ceph: stderr
2024-09-13T13:01:12.255+0000 7f25051d4640 1 -- 172.21.15.121:0/2924580175 >> 172.21.15.121:0/2924580175 conn(0x7f25001011b0 msgr2=0x7f2500101bc0 unknown :-1 s=STATE_NONE l=0).mark_down
2024-09-13T13:01:12.847 INFO:teuthology.orchestra.run.smithi121.stdout:/usr/bin/ceph: stderr
2024-09-13T13:01:12.255+0000 7f25051d4640 1 -- 172.21.15.121:0/2924580175 shutdown_connections
2024-09-13T13:01:12.847 INFO:teuthology.orchestra.run.smithi121.stdout:/usr/bin/ceph: stderr
2024-09-13T13:01:12.255+0000 7f25051d4640 1 -- 172.21.15.121:0/2924580175 wait complete.
2024-09-13T13:01:12.847 INFO:teuthology.orchestra.run.smithi121.stdout:Fetching dashboard port number...
2024-09-13T13:01:13.656 INFO:journalctl@ceph.mon.a.smithi121.stdout:Sep 13 13:01:13 smithi121 bash[22825]: audit
2024-09-13T13:01:12.256339+0000 mon.a (mon.0) 97 : audit [INF] from='mgr.14152 172.21.15.121:0/727301764' entity='mgr.y'
2024-09-13T13:01:13.656 INFO:journalctl@ceph.mon.a.smithi121.stdout:Sep 13 13:01:13 smithi121 bash[22825]: audit
2024-09-13T13:01:12.256339+0000 mon.a (mon.0) 97 : audit [INF] from='mgr.14152 172.21.15.121:0/727301764' entity='mgr.y'
2024-09-13T13:01:14.656 INFO:journalctl@ceph.mon.a.smithi121.stdout:Sep 13 13:01:14 smithi121 bash[22825]: cluster
2024-09-13T13:01:13.268424+0000 mon.a (mon.0) 98 : cluster [DBG] mgrmap e14: y(active, since 12s)
2024-09-13T13:01:14.656 INFO:journalctl@ceph.mon.a.smithi121.stdout:Sep 13 13:01:14 smithi121 bash[22825]: cluster
2024-09-13T13:01:13.268424+0000 mon.a (mon.0) 98 : cluster [DBG] mgrmap e14: y(active, since 12s)
2024-09-13T13:01:15.212 INFO:teuthology.orchestra.run.smithi121.stdout:/usr/bin/ceph: stdout 8443
2024-09-13T13:01:15.212 INFO:teuthology.orchestra.run.smithi121.stdout:/usr/bin/ceph: stderr
2024-09-13T13:01:13.931+0000 7f09129be640 1 Processor -- start
2024-09-13T13:01:15.212 INFO:teuthology.orchestra.run.smithi121.stdout:/usr/bin/ceph: stderr
2024-09-13T13:01:13.931+0000 7f09129be640 1 -- start start
2024-09-13T13:01:15.213 INFO:teuthology.orchestra.run.smithi121.stdout:/usr/bin/ceph: stderr
2024-09-13T13:01:13.931+0000 7f09129be640 1 --2- >> [v2:172.21.15.121:3300/0,v1:172.21.15.121:6789/0] conn(0x7f090c106930 0x7f090c106d30 unknown :-1 s=NONE pgs=0 cs=0 l=0 rev1=0 crypto rx=0 tx=0 comp rx=0 tx=0).connect
2024-09-13T13:01:15.213 INFO:teuthology.orchestra.run.smithi121.stdout:/usr/bin/ceph: stderr
2024-09-13T13:01:13.931+0000 7f09129be640 1 -- --> [v2:172.21.15.121:3300/0,v1:172.21.15.121:6789/0] -- mon_getmap magic: 0 -- 0x7f090c107320 con 0x7f090c106930
2024-09-13T13:01:15.213 INFO:teuthology.orchestra.run.smithi121.stdout:/usr/bin/ceph: stderr
2024-09-13T13:01:13.931+0000 7f090bfff640 1 --2- >> [v2:172.21.15.121:3300/0,v1:172.21.15.121:6789/0] conn(0x7f090c106930 0x7f090c106d30 unknown :-1 s=BANNER_CONNECTING pgs=0 cs=0 l=0 rev1=0 crypto rx=0 tx=0 comp rx=0 tx=0)._handle_peer_banner_payload supported=3 required=0
2024-09-13T13:01:15.213 INFO:teuthology.orchestra.run.smithi121.stdout:/usr/bin/ceph: stderr
2024-09-13T13:01:13.931+0000 7f090bfff640 1 --2- >> [v2:172.21.15.121:3300/0,v1:172.21.15.121:6789/0] conn(0x7f090c106930 0x7f090c106d30 unknown :-1 s=HELLO_CONNECTING pgs=0 cs=0 l=0 rev1=1 crypto rx=0 tx=0 comp rx=0 tx=0).handle_hello peer v2:172.21.15.121:3300/0 says I am v2:172.21.15.121:49214/0 (socket says 172.21.15.121:49214)
2024-09-13T13:01:15.213 INFO:teuthology.orchestra.run.smithi121.stdout:/usr/bin/ceph: stderr
2024-09-13T13:01:13.931+0000 7f090bfff640 1 -- 172.21.15.121:0/330659084 learned_addr learned my addr 172.21.15.121:0/330659084 (peer_addr_for_me v2:172.21.15.121:0/0)
2024-09-13T13:01:15.213 INFO:teuthology.orchestra.run.smithi121.stdout:/usr/bin/ceph: stderr
2024-09-13T13:01:13.931+0000 7f090bfff640 1 -- 172.21.15.121:0/330659084 --> [v2:172.21.15.121:3300/0,v1:172.21.15.121:6789/0] -- mon_subscribe({config=0+,monmap=0+}) -- 0x7f090c1074a0 con 0x7f090c106930
2024-09-13T13:01:15.213 INFO:teuthology.orchestra.run.smithi121.stdout:/usr/bin/ceph: stderr
2024-09-13T13:01:13.935+0000 7f090bfff640 1 --2- 172.21.15.121:0/330659084 >> [v2:172.21.15.121:3300/0,v1:172.21.15.121:6789/0] conn(0x7f090c106930 0x7f090c106d30 secure :-1 s=READY pgs=78 cs=0 l=1 rev1=1 crypto rx=0x7f08fc009820 tx=0x7f08fc02a270 comp rx=0 tx=0).ready entity=mon.0 client_cookie=68f66b65f031f165 server_cookie=0 in_seq=0 out_seq=0
