2024-09-13T13:00:36.051 INFO:teuthology.orchestra.run.smithi121.stdout:/usr/bin/ceph: stderr
2024-09-13T13:00:35.059+0000 7f67ccda7640 1 -- 172.21.15.121:0/1948299870 shutdown_connections
2024-09-13T13:00:36.051 INFO:teuthology.orchestra.run.smithi121.stdout:/usr/bin/ceph: stderr
2024-09-13T13:00:35.059+0000 7f67ccda7640 1 -- 172.21.15.121:0/1948299870 wait complete.
2024-09-13T13:00:36.052 INFO:teuthology.orchestra.run.smithi121.stdout:/usr/bin/ceph: stderr
2024-09-13T13:00:35.059+0000 7f67ccda7640 1 Processor -- start
2024-09-13T13:00:36.052 INFO:teuthology.orchestra.run.smithi121.stdout:/usr/bin/ceph: stderr
2024-09-13T13:00:35.059+0000 7f67ccda7640 1 -- start start
2024-09-13T13:00:36.052 INFO:teuthology.orchestra.run.smithi121.stdout:/usr/bin/ceph: stderr
2024-09-13T13:00:35.059+0000 7f67ccda7640 1 --2- >> [v2:172.21.15.121:3300/0,v1:172.21.15.121:6789/0] conn(0x7f67c807cd20 0x7f67c819cb10 unknown :-1 s=NONE pgs=0 cs=0 l=1 rev1=0 crypto rx=0 tx=0 comp rx=0 tx=0).connect
2024-09-13T13:00:36.052 INFO:teuthology.orchestra.run.smithi121.stdout:/usr/bin/ceph: stderr
2024-09-13T13:00:35.059+0000 7f67ccda7640 1 -- --> [v2:172.21.15.121:3300/0,v1:172.21.15.121:6789/0] -- mon_getmap magic: 0 -- 0x7f67c810ceb0 con 0x7f67c807cd20
2024-09-13T13:00:36.054 INFO:teuthology.orchestra.run.smithi121.stdout:/usr/bin/ceph: stderr
2024-09-13T13:00:35.059+0000 7f67c659c640 1 --2- >> [v2:172.21.15.121:3300/0,v1:172.21.15.121:6789/0] conn(0x7f67c807cd20 0x7f67c819cb10 unknown :-1 s=BANNER_CONNECTING pgs=0 cs=0 l=1 rev1=0 crypto rx=0 tx=0 comp rx=0 tx=0)._handle_peer_banner_payload supported=3 required=0
2024-09-13T13:00:36.054 INFO:teuthology.orchestra.run.smithi121.stdout:/usr/bin/ceph: stderr
2024-09-13T13:00:35.059+0000 7f67c659c640 1 --2- >> [v2:172.21.15.121:3300/0,v1:172.21.15.121:6789/0] conn(0x7f67c807cd20 0x7f67c819cb10 unknown :-1 s=HELLO_CONNECTING pgs=0 cs=0 l=1 rev1=1 crypto rx=0 tx=0 comp rx=0 tx=0).handle_hello peer v2:172.21.15.121:3300/0 says I am v2:172.21.15.121:38858/0 (socket says 172.21.15.121:38858)
2024-09-13T13:00:36.054 INFO:teuthology.orchestra.run.smithi121.stdout:/usr/bin/ceph: stderr
2024-09-13T13:00:35.059+0000 7f67c659c640 1 -- 172.21.15.121:0/913575714 learned_addr learned my addr 172.21.15.121:0/913575714 (peer_addr_for_me v2:172.21.15.121:0/0)
2024-09-13T13:00:36.054 INFO:teuthology.orchestra.run.smithi121.stdout:/usr/bin/ceph: stderr
2024-09-13T13:00:35.059+0000 7f67c659c640 1 -- 172.21.15.121:0/913575714 --> [v2:172.21.15.121:3300/0,v1:172.21.15.121:6789/0] -- mon_subscribe({config=0+,monmap=0+}) -- 0x7f67c819d070 con 0x7f67c807cd20
2024-09-13T13:00:36.054 INFO:teuthology.orchestra.run.smithi121.stdout:/usr/bin/ceph: stderr
2024-09-13T13:00:35.059+0000 7f67c659c640 1 --2- 172.21.15.121:0/913575714 >> [v2:172.21.15.121:3300/0,v1:172.21.15.121:6789/0] conn(0x7f67c807cd20 0x7f67c819cb10 secure :-1 s=READY pgs=44 cs=0 l=1 rev1=1 crypto rx=0x7f67b8006f10 tx=0x7f67b8030c10 comp rx=0 tx=0).ready entity=mon.0 client_cookie=0 server_cookie=0 in_seq=0 out_seq=0
2024-09-13T13:00:36.054 INFO:teuthology.orchestra.run.smithi121.stdout:/usr/bin/ceph: stderr
2024-09-13T13:00:35.059+0000 7f67b77fe640 1 -- 172.21.15.121:0/913575714 <== mon.0 v2:172.21.15.121:3300/0 1 ==== mon_map magic: 0 ==== 205+0+0 (secure 0 0 0) 0x7f67b8042070 con 0x7f67c807cd20
2024-09-13T13:00:36.054 INFO:teuthology.orchestra.run.smithi121.stdout:/usr/bin/ceph: stderr
2024-09-13T13:00:35.059+0000 7f67b77fe640 1 -- 172.21.15.121:0/913575714 <== mon.0 v2:172.21.15.121:3300/0 2 ==== config(25 keys) ==== 1023+0+0 (secure 0 0 0) 0x7f67b8030dd0 con 0x7f67c807cd20
2024-09-13T13:00:36.054 INFO:teuthology.orchestra.run.smithi121.stdout:/usr/bin/ceph: stderr
2024-09-13T13:00:35.059+0000 7f67ccda7640 1 -- 172.21.15.121:0/913575714 --> [v2:172.21.15.121:3300/0,v1:172.21.15.121:6789/0] -- mon_subscribe({mgrmap=0+}) -- 0x7f67c819d300 con 0x7f67c807cd20
2024-09-13T13:00:36.055 INFO:teuthology.orchestra.run.smithi121.stdout:/usr/bin/ceph: stderr
2024-09-13T13:00:35.059+0000 7f67b77fe640 1 -- 172.21.15.121:0/913575714 <== mon.0 v2:172.21.15.121:3300/0 3 ==== mon_map magic: 0 ==== 205+0+0 (secure 0 0 0) 0x7f67b8037040 con 0x7f67c807cd20
2024-09-13T13:00:36.055 INFO:teuthology.orchestra.run.smithi121.stdout:/usr/bin/ceph: stderr
2024-09-13T13:00:35.059+0000 7f67ccda7640 1 -- 172.21.15.121:0/913575714 --> [v2:172.21.15.121:3300/0,v1:172.21.15.121:6789/0] -- mon_subscribe({osdmap=0}) -- 0x7f67c819dcc0 con 0x7f67c807cd20
2024-09-13T13:00:36.055 INFO:teuthology.orchestra.run.smithi121.stdout:/usr/bin/ceph: stderr
2024-09-13T13:00:35.059+0000 7f67b77fe640 1 -- 172.21.15.121:0/913575714 <== mon.0 v2:172.21.15.121:3300/0 4 ==== mgrmap(e 9) ==== 51730+0+0 (secure 0 0 0) 0x7f67b8045070 con 0x7f67c807cd20
2024-09-13T13:00:36.055 INFO:teuthology.orchestra.run.smithi121.stdout:/usr/bin/ceph: stderr
2024-09-13T13:00:35.059+0000 7f67ccda7640 1 -- 172.21.15.121:0/913575714 --> [v2:172.21.15.121:3300/0,v1:172.21.15.121:6789/0] -- mon_command({"prefix": "get_command_descriptions"} v 0) -- 0x7f67a80050b0 con 0x7f67c807cd20
2024-09-13T13:00:36.055 INFO:teuthology.orchestra.run.smithi121.stdout:/usr/bin/ceph: stderr
2024-09-13T13:00:35.059+0000 7f67b77fe640 1 --2- 172.21.15.121:0/913575714 >> v2:172.21.15.121:6800/76285898 conn(0x7f67b003f720 0x7f67b0041be0 unknown :-1 s=NONE pgs=0 cs=0 l=1 rev1=0 crypto rx=0 tx=0 comp rx=0 tx=0).connect
2024-09-13T13:00:36.055 INFO:teuthology.orchestra.run.smithi121.stdout:/usr/bin/ceph: stderr
2024-09-13T13:00:35.059+0000 7f67b77fe640 1 -- 172.21.15.121:0/913575714 <== mon.0 v2:172.21.15.121:3300/0 5 ==== osd_map(2..2 src has 1..2) ==== 897+0+0 (secure 0 0 0) 0x7f67b8073e10 con 0x7f67c807cd20
2024-09-13T13:00:36.055 INFO:teuthology.orchestra.run.smithi121.stdout:/usr/bin/ceph: stderr
2024-09-13T13:00:35.059+0000 7f67c5d9b640 1 --2- 172.21.15.121:0/913575714 >> v2:172.21.15.121:6800/76285898 conn(0x7f67b003f720 0x7f67b0041be0 unknown :-1 s=BANNER_CONNECTING pgs=0 cs=0 l=1 rev1=0 crypto rx=0 tx=0 comp rx=0 tx=0)._handle_peer_banner_payload supported=3 required=0
2024-09-13T13:00:36.055 INFO:teuthology.orchestra.run.smithi121.stdout:/usr/bin/ceph: stderr
2024-09-13T13:00:35.059+0000 7f67c5d9b640 1 --2- 172.21.15.121:0/913575714 >> v2:172.21.15.121:6800/76285898 conn(0x7f67b003f720 0x7f67b0041be0 secure :-1 s=READY pgs=11 cs=0 l=1 rev1=1 crypto rx=0x7f67bc0098c0 tx=0x7f67bc006db0 comp rx=0 tx=0).ready entity=mgr.14118 client_cookie=0 server_cookie=0 in_seq=0 out_seq=0
2024-09-13T13:00:36.055 INFO:teuthology.orchestra.run.smithi121.stdout:/usr/bin/ceph: stderr
2024-09-13T13:00:35.063+0000 7f67b77fe640 1 -- 172.21.15.121:0/913575714 <== mon.0 v2:172.21.15.121:3300/0 6 ==== mon_command_ack([{"prefix": "get_command_descriptions"}]=0 v0) ==== 72+0+196987 (secure 0 0 0) 0x7f67b8032870 con 0x7f67c807cd20
2024-09-13T13:00:36.058 INFO:teuthology.orchestra.run.smithi121.stdout:/usr/bin/ceph: stderr
2024-09-13T13:00:35.411+0000 7f67ccda7640 1 -- 172.21.15.121:0/913575714 --> v2:172.21.15.121:6800/76285898 -- mgr_command(tid 0: {"prefix": "cephadm get-pub-key", "target": ["mon-mgr", ""]}) -- 0x7f67a8000bf0 con 0x7f67b003f720
2024-09-13T13:00:36.058 INFO:teuthology.orchestra.run.smithi121.stdout:/usr/bin/ceph: stderr
2024-09-13T13:00:35.411+0000 7f67b77fe640 1 -- 172.21.15.121:0/913575714 <== mgr.14118 v2:172.21.15.121:6800/76285898 1 ==== mgr_command_reply(tid 0: 0 ) ==== 8+0+595 (secure 0 0 0) 0x7f67a8000bf0 con 0x7f67b003f720
2024-09-13T13:00:36.058 INFO:teuthology.orchestra.run.smithi121.stdout:/usr/bin/ceph: stderr
2024-09-13T13:00:35.415+0000 7f67ccda7640 1 -- 172.21.15.121:0/913575714 >> v2:172.21.15.121:6800/76285898 conn(0x7f67b003f720 msgr2=0x7f67b0041be0 secure :-1 s=STATE_CONNECTION_ESTABLISHED l=1).mark_down
2024-09-13T13:00:36.058 INFO:teuthology.orchestra.run.smithi121.stdout:/usr/bin/ceph: stderr
2024-09-13T13:00:35.415+0000 7f67ccda7640 1 --2- 172.21.15.121:0/913575714 >> v2:172.21.15.121:6800/76285898 conn(0x7f67b003f720 0x7f67b0041be0 secure :-1 s=READY pgs=11 cs=0 l=1 rev1=1 crypto rx=0x7f67bc0098c0 tx=0x7f67bc006db0 comp rx=0 tx=0).stop
2024-09-13T13:00:36.058 INFO:teuthology.orchestra.run.smithi121.stdout:/usr/bin/ceph: stderr
2024-09-13T13:00:35.415+0000 7f67ccda7640 1 -- 172.21.15.121:0/913575714 >> [v2:172.21.15.121:3300/0,v1:172.21.15.121:6789/0] conn(0x7f67c807cd20 msgr2=0x7f67c819cb10 secure :-1 s=STATE_CONNECTION_ESTABLISHED l=1).mark_down
2024-09-13T13:00:36.058 INFO:teuthology.orchestra.run.smithi121.stdout:/usr/bin/ceph: stderr
2024-09-13T13:00:35.415+0000 7f67ccda7640 1 --2- 172.21.15.121:0/913575714 >> [v2:172.21.15.121:3300/0,v1:172.21.15.121:6789/0] conn(0x7f67c807cd20 0x7f67c819cb10 secure :-1 s=READY pgs=44 cs=0 l=1 rev1=1 crypto rx=0x7f67b8006f10 tx=0x7f67b8030c10 comp rx=0 tx=0).stop
2024-09-13T13:00:36.058 INFO:teuthology.orchestra.run.smithi121.stdout:/usr/bin/ceph: stderr
2024-09-13T13:00:35.415+0000 7f67ccda7640 1 -- 172.21.15.121:0/913575714 shutdown_connections
2024-09-13T13:00:36.058 INFO:teuthology.orchestra.run.smithi121.stdout:/usr/bin/ceph: stderr
2024-09-13T13:00:35.415+0000 7f67ccda7640 1 --2- 172.21.15.121:0/913575714 >> v2:172.21.15.121:6800/76285898 conn(0x7f67b003f720 0x7f67b0041be0 unknown :-1 s=CLOSED pgs=11 cs=0 l=1 rev1=1 crypto rx=0 tx=0 comp rx=0 tx=0).stop
2024-09-13T13:00:36.058 INFO:teuthology.orchestra.run.smithi121.stdout:/usr/bin/ceph: stderr
2024-09-13T13:00:35.415+0000 7f67ccda7640 1 --2- 172.21.15.121:0/913575714 >> [v2:172.21.15.121:3300/0,v1:172.21.15.121:6789/0] conn(0x7f67c807cd20 0x7f67c819cb10 unknown :-1 s=CLOSED pgs=44 cs=0 l=1 rev1=1 crypto rx=0 tx=0 comp rx=0 tx=0).stop
2024-09-13T13:00:36.058 INFO:teuthology.orchestra.run.smithi121.stdout:/usr/bin/ceph: stderr
2024-09-13T13:00:35.415+0000 7f67ccda7640 1 -- 172.21.15.121:0/913575714 >> 172.21.15.121:0/913575714 conn(0x7f67c81021d0 msgr2=0x7f67c8102d70 unknown :-1 s=STATE_NONE l=0).mark_down
2024-09-13T13:00:36.058 INFO:teuthology.orchestra.run.smithi121.stdout:/usr/bin/ceph: stderr
2024-09-13T13:00:35.415+0000 7f67ccda7640 1 -- 172.21.15.121:0/913575714 shutdown_connections
2024-09-13T13:00:36.058 INFO:teuthology.orchestra.run.smithi121.stdout:/usr/bin/ceph: stderr
2024-09-13T13:00:35.415+0000 7f67ccda7640 1 -- 172.21.15.121:0/913575714 wait complete.
2024-09-13T13:00:36.058 INFO:teuthology.orchestra.run.smithi121.stdout:Wrote public SSH key to /home/ubuntu/cephtest/ceph.pub
2024-09-13T13:00:36.059 INFO:teuthology.orchestra.run.smithi121.stdout:Adding key to root@localhost authorized_keys...
2024-09-13T13:00:36.059 INFO:teuthology.orchestra.run.smithi121.stdout:Adding host smithi121...
2024-09-13T13:00:36.406 INFO:journalctl@ceph.mon.a.smithi121.stdout:Sep 13 13:00:36 smithi121 bash[22825]: audit
2024-09-13T13:00:35.415708+0000 mgr.y (mgr.14118) 13 : audit [DBG] from='client.14138 -' entity='client.admin' cmd=[{"prefix": "cephadm get-pub-key", "target": ["mon-mgr", ""]}]: dispatch
2024-09-13T13:00:36.406 INFO:journalctl@ceph.mon.a.smithi121.stdout:Sep 13 13:00:36 smithi121 bash[22825]: audit
2024-09-13T13:00:35.415708+0000 mgr.y (mgr.14118) 13 : audit [DBG] from='client.14138 -' entity='client.admin' cmd=[{"prefix": "cephadm get-pub-key", "target": ["mon-mgr", ""]}]: dispatch
2024-09-13T13:00:38.405 INFO:journalctl@ceph.mon.a.smithi121.stdout:Sep 13 13:00:38 smithi121 bash[22825]: audit
2024-09-13T13:00:37.673123+0000 mgr.y (mgr.14118) 14 : audit [DBG] from='client.14140 -' entity='client.admin' cmd=[{"prefix": "orch host add", "hostname": "smithi121", "addr": "172.21.15.121", "target": ["mon-mgr", ""]}]: dispatch
2024-09-13T13:00:38.406 INFO:journalctl@ceph.mon.a.smithi121.stdout:Sep 13 13:00:38 smithi121 bash[22825]: audit
2024-09-13T13:00:37.673123+0000 mgr.y (mgr.14118) 14 : audit [DBG] from='client.14140 -' entity='client.admin' cmd=[{"prefix": "orch host add", "hostname": "smithi121", "addr": "172.21.15.121", "target": ["mon-mgr", ""]}]: dispatch
2024-09-13T13:00:39.261 INFO:journalctl@ceph.mon.a.smithi121.stdout:Sep 13 13:00:39 smithi121 bash[22825]: cephadm
2024-09-13T13:00:38.624505+0000 mgr.y (mgr.14118) 15 : cephadm [INF] Deploying cephadm binary to smithi121
2024-09-13T13:00:39.261 INFO:journalctl@ceph.mon.a.smithi121.stdout:Sep 13 13:00:39 smithi121 bash[22825]: cephadm
2024-09-13T13:00:38.624505+0000 mgr.y (mgr.14118) 15 : cephadm [INF] Deploying cephadm binary to smithi121
2024-09-13T13:00:42.579 INFO:teuthology.orchestra.run.smithi121.stdout:/usr/bin/ceph: stdout Added host 'smithi121' with addr '172.21.15.121'
2024-09-13T13:00:42.579 INFO:teuthology.orchestra.run.smithi121.stdout:/usr/bin/ceph: stderr
2024-09-13T13:00:37.295+0000 7f8df1ad8640 1 Processor -- start
2024-09-13T13:00:42.579 INFO:teuthology.orchestra.run.smithi121.stdout:/usr/bin/ceph: stderr
2024-09-13T13:00:37.295+0000 7f8df1ad8640 1 -- start start
2024-09-13T13:00:42.579 INFO:teuthology.orchestra.run.smithi121.stdout:/usr/bin/ceph: stderr
2024-09-13T13:00:37.295+0000 7f8df1ad8640 1 --2- >> [v2:172.21.15.121:3300/0,v1:172.21.15.121:6789/0] conn(0x7f8dec07d7b0 0x7f8dec07dbb0 unknown :-1 s=NONE pgs=0 cs=0 l=0 rev1=0 crypto rx=0 tx=0 comp rx=0 tx=0).connect
2024-09-13T13:00:42.580 INFO:teuthology.orchestra.run.smithi121.stdout:/usr/bin/ceph: stderr
2024-09-13T13:00:37.295+0000 7f8df1ad8640 1 -- --> [v2:172.21.15.121:3300/0,v1:172.21.15.121:6789/0] -- mon_getmap magic: 0 -- 0x7f8dec07e1a0 con 0x7f8dec07d7b0
2024-09-13T13:00:42.580 INFO:teuthology.orchestra.run.smithi121.stdout:/usr/bin/ceph: stderr
2024-09-13T13:00:37.295+0000 7f8deb7fe640 1 --2- >> [v2:172.21.15.121:3300/0,v1:172.21.15.121:6789/0] conn(0x7f8dec07d7b0 0x7f8dec07dbb0 unknown :-1 s=BANNER_CONNECTING pgs=0 cs=0 l=0 rev1=0 crypto rx=0 tx=0 comp rx=0 tx=0)._handle_peer_banner_payload supported=3 required=0
2024-09-13T13:00:42.580 INFO:teuthology.orchestra.run.smithi121.stdout:/usr/bin/ceph: stderr
2024-09-13T13:00:37.295+0000 7f8deb7fe640 1 --2- >> [v2:172.21.15.121:3300/0,v1:172.21.15.121:6789/0] conn(0x7f8dec07d7b0 0x7f8dec07dbb0 unknown :-1 s=HELLO_CONNECTING pgs=0 cs=0 l=0 rev1=1 crypto rx=0 tx=0 comp rx=0 tx=0).handle_hello peer v2:172.21.15.121:3300/0 says I am v2:172.21.15.121:48308/0 (socket says 172.21.15.121:48308)
2024-09-13T13:00:42.580 INFO:teuthology.orchestra.run.smithi121.stdout:/usr/bin/ceph: stderr
2024-09-13T13:00:37.295+0000 7f8deb7fe640 1 -- 172.21.15.121:0/1492297634 learned_addr learned my addr 172.21.15.121:0/1492297634 (peer_addr_for_me v2:172.21.15.121:0/0)
2024-09-13T13:00:42.581 INFO:teuthology.orchestra.run.smithi121.stdout:/usr/bin/ceph: stderr
2024-09-13T13:00:37.295+0000 7f8deb7fe640 1 -- 172.21.15.121:0/1492297634 --> [v2:172.21.15.121:3300/0,v1:172.21.15.121:6789/0] -- mon_subscribe({config=0+,monmap=0+}) -- 0x7f8dec07e320 con 0x7f8dec07d7b0
2024-09-13T13:00:42.581 INFO:teuthology.orchestra.run.smithi121.stdout:/usr/bin/ceph: stderr
2024-09-13T13:00:37.295+0000 7f8deb7fe640 1 --2- 172.21.15.121:0/1492297634 >> [v2:172.21.15.121:3300/0,v1:172.21.15.121:6789/0] conn(0x7f8dec07d7b0 0x7f8dec07dbb0 secure :-1 s=READY pgs=45 cs=0 l=1 rev1=1 crypto rx=0x7f8ddc009820 tx=0x7f8ddc02a270 comp rx=0 tx=0).ready entity=mon.0 client_cookie=8c7d489f3862b69c server_cookie=0 in_seq=0 out_seq=0
2024-09-13T13:00:42.581 INFO:teuthology.orchestra.run.smithi121.stdout:/usr/bin/ceph: stderr
2024-09-13T13:00:37.295+0000 7f8dea7fc640 1 -- 172.21.15.121:0/1492297634 <== mon.0 v2:172.21.15.121:3300/0 1 ==== mon_map magic: 0 ==== 205+0+0 (secure 0 0 0) 0x7f8ddc037070 con 0x7f8dec07d7b0
2024-09-13T13:00:42.581 INFO:teuthology.orchestra.run.smithi121.stdout:/usr/bin/ceph: stderr
2024-09-13T13:00:37.295+0000 7f8dea7fc640 1 -- 172.21.15.121:0/1492297634 <== mon.0 v2:172.21.15.121:3300/0 2 ==== config(25 keys) ==== 1023+0+0 (secure 0 0 0) 0x7f8ddc0328a0 con 0x7f8dec07d7b0
2024-09-13T13:00:42.581 INFO:teuthology.orchestra.run.smithi121.stdout:/usr/bin/ceph: stderr
2024-09-13T13:00:37.295+0000 7f8dea7fc640 1 -- 172.21.15.121:0/1492297634 <== mon.0 v2:172.21.15.121:3300/0 3 ==== mon_map magic: 0 ==== 205+0+0 (secure 0 0 0) 0x7f8ddc030690 con 0x7f8dec07d7b0
2024-09-13T13:00:42.581 INFO:teuthology.orchestra.run.smithi121.stdout:/usr/bin/ceph: stderr
2024-09-13T13:00:37.295+0000 7f8df1ad8640 1 -- 172.21.15.121:0/1492297634 >> [v2:172.21.15.121:3300/0,v1:172.21.15.121:6789/0] conn(0x7f8dec07d7b0 msgr2=0x7f8dec07dbb0 secure :-1 s=STATE_CONNECTION_ESTABLISHED l=1).mark_down
2024-09-13T13:00:42.581 INFO:teuthology.orchestra.run.smithi121.stdout:/usr/bin/ceph: stderr
2024-09-13T13:00:37.295+0000 7f8df1ad8640 1 --2- 172.21.15.121:0/1492297634 >> [v2:172.21.15.121:3300/0,v1:172.21.15.121:6789/0] conn(0x7f8dec07d7b0 0x7f8dec07dbb0 secure :-1 s=READY pgs=45 cs=0 l=1 rev1=1 crypto rx=0x7f8ddc009820 tx=0x7f8ddc02a270 comp rx=0 tx=0).stop
2024-09-13T13:00:42.583 INFO:teuthology.orchestra.run.smithi121.stdout:/usr/bin/ceph: stderr
2024-09-13T13:00:37.295+0000 7f8df1ad8640 1 -- 172.21.15.121:0/1492297634 shutdown_connections
2024-09-13T13:00:42.583 INFO:teuthology.orchestra.run.smithi121.stdout:/usr/bin/ceph: stderr
2024-09-13T13:00:37.295+0000 7f8df1ad8640 1 --2- 172.21.15.121:0/1492297634 >> [v2:172.21.15.121:3300/0,v1:172.21.15.121:6789/0] conn(0x7f8dec07d7b0 0x7f8dec07dbb0 unknown :-1 s=CLOSED pgs=45 cs=0 l=1 rev1=1 crypto rx=0 tx=0 comp rx=0 tx=0).stop
2024-09-13T13:00:42.583 INFO:teuthology.orchestra.run.smithi121.stdout:/usr/bin/ceph: stderr
2024-09-13T13:00:37.295+0000 7f8df1ad8640 1 -- 172.21.15.121:0/1492297634 >> 172.21.15.121:0/1492297634 conn(0x7f8dec07c350 msgr2=0x7f8dec07c760 unknown :-1 s=STATE_NONE l=0).mark_down
2024-09-13T13:00:42.583 INFO:teuthology.orchestra.run.smithi121.stdout:/usr/bin/ceph: stderr
2024-09-13T13:00:37.295+0000 7f8df1ad8640 1 -- 172.21.15.121:0/1492297634 shutdown_connections
2024-09-13T13:00:42.584 INFO:teuthology.orchestra.run.smithi121.stdout:/usr/bin/ceph: stderr
2024-09-13T13:00:37.295+0000 7f8df1ad8640 1 -- 172.21.15.121:0/1492297634 wait complete.
2024-09-13T13:00:42.584 INFO:teuthology.orchestra.run.smithi121.stdout:/usr/bin/ceph: stderr
2024-09-13T13:00:37.299+0000 7f8df1ad8640 1 Processor -- start
2024-09-13T13:00:42.584 INFO:teuthology.orchestra.run.smithi121.stdout:/usr/bin/ceph: stderr
2024-09-13T13:00:37.299+0000 7f8df1ad8640 1 -- start start
2024-09-13T13:00:42.584 INFO:teuthology.orchestra.run.smithi121.stdout:/usr/bin/ceph: stderr
2024-09-13T13:00:37.299+0000 7f8df1ad8640 1 --2- >> [v2:172.21.15.121:3300/0,v1:172.21.15.121:6789/0] conn(0x7f8dec07d7b0 0x7f8dec1a0eb0 unknown :-1 s=NONE pgs=0 cs=0 l=1 rev1=0 crypto rx=0 tx=0 comp rx=0 tx=0).connect
2024-09-13T13:00:42.584 INFO:teuthology.orchestra.run.smithi121.stdout:/usr/bin/ceph: stderr
2024-09-13T13:00:37.299+0000 7f8df1ad8640 1 -- --> [v2:172.21.15.121:3300/0,v1:172.21.15.121:6789/0] -- mon_getmap magic: 0 -- 0x7f8dec07fc20 con 0x7f8dec07d7b0
2024-09-13T13:00:42.584 INFO:teuthology.orchestra.run.smithi121.stdout:/usr/bin/ceph: stderr
2024-09-13T13:00:37.299+0000 7f8deb7fe640 1 --2- >> [v2:172.21.15.121:3300/0,v1:172.21.15.121:6789/0] conn(0x7f8dec07d7b0 0x7f8dec1a0eb0 unknown :-1 s=BANNER_CONNECTING pgs=0 cs=0 l=1 rev1=0 crypto rx=0 tx=0 comp rx=0 tx=0)._handle_peer_banner_payload supported=3 required=0
2024-09-13T13:00:42.584 INFO:teuthology.orchestra.run.smithi121.stdout:/usr/bin/ceph: stderr
2024-09-13T13:00:37.299+0000 7f8deb7fe640 1 --2- >> [v2:172.21.15.121:3300/0,v1:172.21.15.121:6789/0] conn(0x7f8dec07d7b0 0x7f8dec1a0eb0 unknown :-1 s=HELLO_CONNECTING pgs=0 cs=0 l=1 rev1=1 crypto rx=0 tx=0 comp rx=0 tx=0).handle_hello peer v2:172.21.15.121:3300/0 says I am v2:172.21.15.121:48322/0 (socket says 172.21.15.121:48322)
2024-09-13T13:00:42.584 INFO:teuthology.orchestra.run.smithi121.stdout:/usr/bin/ceph: stderr
2024-09-13T13:00:37.299+0000 7f8deb7fe640 1 -- 172.21.15.121:0/1149384872 learned_addr learned my addr 172.21.15.121:0/1149384872 (peer_addr_for_me v2:172.21.15.121:0/0)
2024-09-13T13:00:42.584 INFO:teuthology.orchestra.run.smithi121.stdout:/usr/bin/ceph: stderr
2024-09-13T13:00:37.299+0000 7f8deb7fe640 1 -- 172.21.15.121:0/1149384872 --> [v2:172.21.15.121:3300/0,v1:172.21.15.121:6789/0] -- mon_subscribe({config=0+,monmap=0+}) -- 0x7f8dec1a1410 con 0x7f8dec07d7b0
2024-09-13T13:00:42.584 INFO:teuthology.orchestra.run.smithi121.stdout:/usr/bin/ceph: stderr
2024-09-13T13:00:37.299+0000 7f8deb7fe640 1 --2- 172.21.15.121:0/1149384872 >> [v2:172.21.15.121:3300/0,v1:172.21.15.121:6789/0] conn(0x7f8dec07d7b0 0x7f8dec1a0eb0 secure :-1 s=READY pgs=46 cs=0 l=1 rev1=1 crypto rx=0x7f8ddc000c00 tx=0x7f8ddc032740 comp rx=0 tx=0).ready entity=mon.0 client_cookie=0 server_cookie=0 in_seq=0 out_seq=0
2024-09-13T13:00:42.584 INFO:teuthology.orchestra.run.smithi121.stdout:/usr/bin/ceph: stderr
2024-09-13T13:00:37.299+0000 7f8de8ff9640 1 -- 172.21.15.121:0/1149384872 <== mon.0 v2:172.21.15.121:3300/0 1 ==== mon_map magic: 0 ==== 205+0+0 (secure 0 0 0) 0x7f8ddc037040 con 0x7f8dec07d7b0
2024-09-13T13:00:42.584 INFO:teuthology.orchestra.run.smithi121.stdout:/usr/bin/ceph: stderr
2024-09-13T13:00:37.299+0000 7f8de8ff9640 1 -- 172.21.15.121:0/1149384872 <== mon.0 v2:172.21.15.121:3300/0 2 ==== config(25 keys) ==== 1023+0+0 (secure 0 0 0) 0x7f8ddc040070 con 0x7f8dec07d7b0
2024-09-13T13:00:42.584 INFO:teuthology.orchestra.run.smithi121.stdout:/usr/bin/ceph: stderr
2024-09-13T13:00:37.299+0000 7f8df1ad8640 1 -- 172.21.15.121:0/1149384872 --> [v2:172.21.15.121:3300/0,v1:172.21.15.121:6789/0] -- mon_subscribe({mgrmap=0+}) -- 0x7f8dec1a16a0 con 0x7f8dec07d7b0
2024-09-13T13:00:42.585 INFO:teuthology.orchestra.run.smithi121.stdout:/usr/bin/ceph: stderr
2024-09-13T13:00:37.299+0000 7f8de8ff9640 1 -- 172.21.15.121:0/1149384872 <== mon.0 v2:172.21.15.121:3300/0 3 ==== mon_map magic: 0 ==== 205+0+0 (secure 0 0 0) 0x7f8ddc03be40 con 0x7f8dec07d7b0
2024-09-13T13:00:42.585 INFO:teuthology.orchestra.run.smithi121.stdout:/usr/bin/ceph: stderr
2024-09-13T13:00:37.299+0000 7f8df1ad8640 1 -- 172.21.15.121:0/1149384872 --> [v2:172.21.15.121:3300/0,v1:172.21.15.121:6789/0] -- mon_subscribe({osdmap=0}) -- 0x7f8dec1a2060 con 0x7f8dec07d7b0
2024-09-13T13:00:42.585 INFO:teuthology.orchestra.run.smithi121.stdout:/usr/bin/ceph: stderr
2024-09-13T13:00:37.299+0000 7f8de8ff9640 1 -- 172.21.15.121:0/1149384872 <== mon.0 v2:172.21.15.121:3300/0 4 ==== mgrmap(e 9) ==== 51730+0+0 (secure 0 0 0) 0x7f8ddc030b40 con 0x7f8dec07d7b0
2024-09-13T13:00:42.587 INFO:teuthology.orchestra.run.smithi121.stdout:/usr/bin/ceph: stderr
2024-09-13T13:00:37.299+0000 7f8df1ad8640 1 -- 172.21.15.121:0/1149384872 --> [v2:172.21.15.121:3300/0,v1:172.21.15.121:6789/0] -- mon_command({"prefix": "get_command_descriptions"} v 0) -- 0x7f8dec07dbb0 con 0x7f8dec07d7b0
2024-09-13T13:00:42.587 INFO:teuthology.orchestra.run.smithi121.stdout:/usr/bin/ceph: stderr
2024-09-13T13:00:37.299+0000 7f8de8ff9640 1 --2- 172.21.15.121:0/1149384872 >> v2:172.21.15.121:6800/76285898 conn(0x7f8dd403f6d0 0x7f8dd4041b90 unknown :-1 s=NONE pgs=0 cs=0 l=1 rev1=0 crypto rx=0 tx=0 comp rx=0 tx=0).connect
2024-09-13T13:00:42.587 INFO:teuthology.orchestra.run.smithi121.stdout:/usr/bin/ceph: stderr
2024-09-13T13:00:37.299+0000 7f8de8ff9640 1 -- 172.21.15.121:0/1149384872 <== mon.0 v2:172.21.15.121:3300/0 5 ==== osd_map(2..2 src has 1..2) ==== 897+0+0 (secure 0 0 0) 0x7f8ddc073c50 con 0x7f8dec07d7b0
2024-09-13T13:00:42.587 INFO:teuthology.orchestra.run.smithi121.stdout:/usr/bin/ceph: stderr
2024-09-13T13:00:37.299+0000 7f8deaffd640 1 --2- 172.21.15.121:0/1149384872 >> v2:172.21.15.121:6800/76285898 conn(0x7f8dd403f6d0 0x7f8dd4041b90 unknown :-1 s=BANNER_CONNECTING pgs=0 cs=0 l=1 rev1=0 crypto rx=0 tx=0 comp rx=0 tx=0)._handle_peer_banner_payload supported=3 required=0
2024-09-13T13:00:42.587 INFO:teuthology.orchestra.run.smithi121.stdout:/usr/bin/ceph: stderr
2024-09-13T13:00:37.299+0000 7f8deaffd640 1 --2- 172.21.15.121:0/1149384872 >> v2:172.21.15.121:6800/76285898 conn(0x7f8dd403f6d0 0x7f8dd4041b90 secure :-1 s=READY pgs=12 cs=0 l=1 rev1=1 crypto rx=0x7f8de00098c0 tx=0x7f8de0006db0 comp rx=0 tx=0).ready entity=mgr.14118 client_cookie=0 server_cookie=0 in_seq=0 out_seq=0
2024-09-13T13:00:42.587 INFO:teuthology.orchestra.run.smithi121.stdout:/usr/bin/ceph: stderr
2024-09-13T13:00:37.303+0000 7f8de8ff9640 1 -- 172.21.15.121:0/1149384872 <== mon.0 v2:172.21.15.121:3300/0 6 ==== mon_command_ack([{"prefix": "get_command_descriptions"}]=0 v0) ==== 72+0+196987 (secure 0 0 0) 0x7f8ddc030e30 con 0x7f8dec07d7b0
2024-09-13T13:00:42.587 INFO:teuthology.orchestra.run.smithi121.stdout:/usr/bin/ceph: stderr
2024-09-13T13:00:37.667+0000 7f8df1ad8640 1 -- 172.21.15.121:0/1149384872 --> v2:172.21.15.121:6800/76285898 -- mgr_command(tid 0: {"prefix": "orch host add", "hostname": "smithi121", "addr": "172.21.15.121", "target": ["mon-mgr", ""]}) -- 0x7f8dec1a22c0 con 0x7f8dd403f6d0
2024-09-13T13:00:42.587 INFO:teuthology.orchestra.run.smithi121.stdout:/usr/bin/ceph: stderr
2024-09-13T13:00:41.687+0000 7f8de8ff9640 1 -- 172.21.15.121:0/1149384872 <== mgr.14118 v2:172.21.15.121:6800/76285898 1 ==== mgr_command_reply(tid 0: 0 ) ==== 8+0+49 (secure 0 0 0) 0x7f8dec1a22c0 con 0x7f8dd403f6d0
2024-09-13T13:00:42.587 INFO:teuthology.orchestra.run.smithi121.stdout:/usr/bin/ceph: stderr
2024-09-13T13:00:41.691+0000 7f8df1ad8640 1 -- 172.21.15.121:0/1149384872 >> v2:172.21.15.121:6800/76285898 conn(0x7f8dd403f6d0 msgr2=0x7f8dd4041b90 secure :-1 s=STATE_CONNECTION_ESTABLISHED l=1).mark_down
2024-09-13T13:00:42.587 INFO:teuthology.orchestra.run.smithi121.stdout:/usr/bin/ceph: stderr
2024-09-13T13:00:41.691+0000 7f8df1ad8640 1 --2- 172.21.15.121:0/1149384872 >> v2:172.21.15.121:6800/76285898 conn(0x7f8dd403f6d0 0x7f8dd4041b90 secure :-1 s=READY pgs=12 cs=0 l=1 rev1=1 crypto rx=0x7f8de00098c0 tx=0x7f8de0006db0 comp rx=0 tx=0).stop
2024-09-13T13:00:42.588 INFO:teuthology.orchestra.run.smithi121.stdout:/usr/bin/ceph: stderr
2024-09-13T13:00:41.691+0000 7f8df1ad8640 1 -- 172.21.15.121:0/1149384872 >> [v2:172.21.15.121:3300/0,v1:172.21.15.121:6789/0] conn(0x7f8dec07d7b0 msgr2=0x7f8dec1a0eb0 secure :-1 s=STATE_CONNECTION_ESTABLISHED l=1).mark_down
2024-09-13T13:00:42.588 INFO:teuthology.orchestra.run.smithi121.stdout:/usr/bin/ceph: stderr
2024-09-13T13:00:41.691+0000 7f8df1ad8640 1 --2- 172.21.15.121:0/1149384872 >> [v2:172.21.15.121:3300/0,v1:172.21.15.121:6789/0] conn(0x7f8dec07d7b0 0x7f8dec1a0eb0 secure :-1 s=READY pgs=46 cs=0 l=1 rev1=1 crypto rx=0x7f8ddc000c00 tx=0x7f8ddc032740 comp rx=0 tx=0).stop
2024-09-13T13:00:42.588 INFO:teuthology.orchestra.run.smithi121.stdout:/usr/bin/ceph: stderr
2024-09-13T13:00:41.691+0000 7f8df1ad8640 1 -- 172.21.15.121:0/1149384872 shutdown_connections
2024-09-13T13:00:42.588 INFO:teuthology.orchestra.run.smithi121.stdout:/usr/bin/ceph: stderr
2024-09-13T13:00:41.691+0000 7f8df1ad8640 1 --2- 172.21.15.121:0/1149384872 >> v2:172.21.15.121:6800/76285898 conn(0x7f8dd403f6d0 0x7f8dd4041b90 unknown :-1 s=CLOSED pgs=12 cs=0 l=1 rev1=1 crypto rx=0 tx=0 comp rx=0 tx=0).stop
2024-09-13T13:00:42.588 INFO:teuthology.orchestra.run.smithi121.stdout:/usr/bin/ceph: stderr
2024-09-13T13:00:41.691+0000 7f8df1ad8640 1 --2- 172.21.15.121:0/1149384872 >> [v2:172.21.15.121:3300/0,v1:172.21.15.121:6789/0] conn(0x7f8dec07d7b0 0x7f8dec1a0eb0 unknown :-1 s=CLOSED pgs=46 cs=0 l=1 rev1=1 crypto rx=0 tx=0 comp rx=0 tx=0).stop
2024-09-13T13:00:42.588 INFO:teuthology.orchestra.run.smithi121.stdout:/usr/bin/ceph: stderr
2024-09-13T13:00:41.691+0000 7f8df1ad8640 1 -- 172.21.15.121:0/1149384872 >> 172.21.15.121:0/1149384872 conn(0x7f8dec07c350 msgr2=0x7f8dec107870 unknown :-1 s=STATE_NONE l=0).mark_down
2024-09-13T13:00:42.588 INFO:teuthology.orchestra.run.smithi121.stdout:/usr/bin/ceph: stderr
2024-09-13T13:00:41.691+0000 7f8df1ad8640 1 -- 172.21.15.121:0/1149384872 shutdown_connections
2024-09-13T13:00:42.588 INFO:teuthology.orchestra.run.smithi121.stdout:/usr/bin/ceph: stderr
2024-09-13T13:00:41.691+0000 7f8df1ad8640 1 -- 172.21.15.121:0/1149384872 wait complete.
2024-09-13T13:00:42.588 INFO:teuthology.orchestra.run.smithi121.stdout:Deploying unmanaged mon service...
2024-09-13T13:00:43.007 INFO:journalctl@ceph.mon.a.smithi121.stdout:Sep 13 13:00:42 smithi121 bash[22825]: audit
2024-09-13T13:00:41.692505+0000 mon.a (mon.0) 64 : audit [INF] from='mgr.14118 172.21.15.121:0/2436290747' entity='mgr.y'
2024-09-13T13:00:43.007 INFO:journalctl@ceph.mon.a.smithi121.stdout:Sep 13 13:00:42 smithi121 bash[22825]: audit
2024-09-13T13:00:41.692505+0000 mon.a (mon.0) 64 : audit [INF] from='mgr.14118 172.21.15.121:0/2436290747' entity='mgr.y'
2024-09-13T13:00:43.007 INFO:journalctl@ceph.mon.a.smithi121.stdout:Sep 13 13:00:42 smithi121 bash[22825]: cephadm
2024-09-13T13:00:41.692925+0000 mgr.y (mgr.14118) 16 : cephadm [INF] Added host smithi121
2024-09-13T13:00:43.008 INFO:journalctl@ceph.mon.a.smithi121.stdout:Sep 13 13:00:42 smithi121 bash[22825]: cephadm
2024-09-13T13:00:41.692925+0000 mgr.y (mgr.14118) 16 : cephadm [INF] Added host smithi121
2024-09-13T13:00:43.008 INFO:journalctl@ceph.mon.a.smithi121.stdout:Sep 13 13:00:42 smithi121 bash[22825]: audit
2024-09-13T13:00:41.693270+0000 mon.a (mon.0) 65 : audit [DBG] from='mgr.14118 172.21.15.121:0/2436290747' entity='mgr.y' cmd={"prefix": "config dump", "format": "json"} : dispatch
2024-09-13T13:00:43.008 INFO:journalctl@ceph.mon.a.smithi121.stdout:Sep 13 13:00:42 smithi121 bash[22825]: audit
2024-09-13T13:00:41.693270+0000 mon.a (mon.0) 65 : audit [DBG] from='mgr.14118 172.21.15.121:0/2436290747' entity='mgr.y' cmd={"prefix": "config dump", "format": "json"} : dispatch
2024-09-13T13:00:44.406 INFO:journalctl@ceph.mon.a.smithi121.stdout:Sep 13 13:00:44 smithi121 bash[22825]: cluster
2024-09-13T13:00:43.026672+0000 mgr.y (mgr.14118) 17 : cluster [DBG] pgmap v3: 0 pgs: ; 0 B data, 0 B used, 0 B / 0 B avail
2024-09-13T13:00:44.406 INFO:journalctl@ceph.mon.a.smithi121.stdout:Sep 13 13:00:44 smithi121 bash[22825]: cluster
2024-09-13T13:00:43.026672+0000 mgr.y (mgr.14118) 17 : cluster [DBG] pgmap v3: 0 pgs: ; 0 B data, 0 B used, 0 B / 0 B avail
2024-09-13T13:00:45.695 INFO:teuthology.orchestra.run.smithi121.stdout:/usr/bin/ceph: stdout Scheduled mon update...
2024-09-13T13:00:45.695 INFO:teuthology.orchestra.run.smithi121.stdout:/usr/bin/ceph: stderr
2024-09-13T13:00:44.411+0000 7f12af9ad640 1 Processor -- start
2024-09-13T13:00:45.695 INFO:teuthology.orchestra.run.smithi121.stdout:/usr/bin/ceph: stderr
2024-09-13T13:00:44.411+0000 7f12af9ad640 1 -- start start
2024-09-13T13:00:45.695 INFO:teuthology.orchestra.run.smithi121.stdout:/usr/bin/ceph: stderr
2024-09-13T13:00:44.411+0000 7f12af9ad640 1 --2- >> [v2:172.21.15.121:3300/0,v1:172.21.15.121:6789/0] conn(0x7f12a8106950 0x7f12a8106d50 unknown :-1 s=NONE pgs=0 cs=0 l=0 rev1=0 crypto rx=0 tx=0 comp rx=0 tx=0).connect
2024-09-13T13:00:45.695 INFO:teuthology.orchestra.run.smithi121.stdout:/usr/bin/ceph: stderr
2024-09-13T13:00:44.411+0000 7f12af9ad640 1 -- --> [v2:172.21.15.121:3300/0,v1:172.21.15.121:6789/0] -- mon_getmap magic: 0 -- 0x7f12a8107340 con 0x7f12a8106950
2024-09-13T13:00:45.695 INFO:teuthology.orchestra.run.smithi121.stdout:/usr/bin/ceph: stderr
2024-09-13T13:00:44.411+0000 7f12ad749640 1 --2- >> [v2:172.21.15.121:3300/0,v1:172.21.15.121:6789/0] conn(0x7f12a8106950 0x7f12a8106d50 unknown :-1 s=BANNER_CONNECTING pgs=0 cs=0 l=0 rev1=0 crypto rx=0 tx=0 comp rx=0 tx=0)._handle_peer_banner_payload supported=3 required=0
2024-09-13T13:00:45.695 INFO:teuthology.orchestra.run.smithi121.stdout:/usr/bin/ceph: stderr
2024-09-13T13:00:44.411+0000 7f12ad749640 1 --2- >> [v2:172.21.15.121:3300/0,v1:172.21.15.121:6789/0] conn(0x7f12a8106950 0x7f12a8106d50 unknown :-1 s=HELLO_CONNECTING pgs=0 cs=0 l=0 rev1=1 crypto rx=0 tx=0 comp rx=0 tx=0).handle_hello peer v2:172.21.15.121:3300/0 says I am v2:172.21.15.121:48326/0 (socket says 172.21.15.121:48326)
2024-09-13T13:00:45.695 INFO:teuthology.orchestra.run.smithi121.stdout:/usr/bin/ceph: stderr
2024-09-13T13:00:44.411+0000 7f12ad749640 1 -- 172.21.15.121:0/1783222303 learned_addr learned my addr 172.21.15.121:0/1783222303 (peer_addr_for_me v2:172.21.15.121:0/0)
2024-09-13T13:00:45.695 INFO:teuthology.orchestra.run.smithi121.stdout:/usr/bin/ceph: stderr
2024-09-13T13:00:44.411+0000 7f12ad749640 1 -- 172.21.15.121:0/1783222303 --> [v2:172.21.15.121:3300/0,v1:172.21.15.121:6789/0] -- mon_subscribe({config=0+,monmap=0+}) -- 0x7f12a81074c0 con 0x7f12a8106950
2024-09-13T13:00:45.695 INFO:teuthology.orchestra.run.smithi121.stdout:/usr/bin/ceph: stderr
2024-09-13T13:00:44.415+0000 7f12ad749640 1 --2- 172.21.15.121:0/1783222303 >> [v2:172.21.15.121:3300/0,v1:172.21.15.121:6789/0] conn(0x7f12a8106950 0x7f12a8106d50 secure :-1 s=READY pgs=47 cs=0 l=1 rev1=1 crypto rx=0x7f12a4009820 tx=0x7f12a402a270 comp rx=0 tx=0).ready entity=mon.0 client_cookie=4b74d21d174ae761 server_cookie=0 in_seq=0 out_seq=0
2024-09-13T13:00:45.696 INFO:teuthology.orchestra.run.smithi121.stdout:/usr/bin/ceph: stderr
2024-09-13T13:00:44.415+0000 7f129ffff640 1 -- 172.21.15.121:0/1783222303 <== mon.0 v2:172.21.15.121:3300/0 1 ==== mon_map magic: 0 ==== 205+0+0 (secure 0 0 0) 0x7f12a4037070 con 0x7f12a8106950
2024-09-13T13:00:45.696 INFO:teuthology.orchestra.run.smithi121.stdout:/usr/bin/ceph: stderr
2024-09-13T13:00:44.415+0000 7f129ffff640 1 -- 172.21.15.121:0/1783222303 <== mon.0 v2:172.21.15.121:3300/0 2 ==== config(25 keys) ==== 1023+0+0 (secure 0 0 0) 0x7f12a40328a0 con 0x7f12a8106950
2024-09-13T13:00:45.696 INFO:teuthology.orchestra.run.smithi121.stdout:/usr/bin/ceph: stderr
2024-09-13T13:00:44.415+0000 7f129ffff640 1 -- 172.21.15.121:0/1783222303 <== mon.0 v2:172.21.15.121:3300/0 3 ==== mon_map magic: 0 ==== 205+0+0 (secure 0 0 0) 0x7f12a4030690 con 0x7f12a8106950
2024-09-13T13:00:45.696 INFO:teuthology.orchestra.run.smithi121.stdout:/usr/bin/ceph: stderr
2024-09-13T13:00:44.415+0000 7f12af9ad640 1 -- 172.21.15.121:0/1783222303 >> [v2:172.21.15.121:3300/0,v1:172.21.15.121:6789/0] conn(0x7f12a8106950 msgr2=0x7f12a8106d50 secure :-1 s=STATE_CONNECTION_ESTABLISHED l=1).mark_down
2024-09-13T13:00:45.696 INFO:teuthology.orchestra.run.smithi121.stdout:/usr/bin/ceph: stderr
2024-09-13T13:00:44.415+0000 7f12af9ad640 1 --2- 172.21.15.121:0/1783222303 >> [v2:172.21.15.121:3300/0,v1:172.21.15.121:6789/0] conn(0x7f12a8106950 0x7f12a8106d50 secure :-1 s=READY pgs=47 cs=0 l=1 rev1=1 crypto rx=0x7f12a4009820 tx=0x7f12a402a270 comp rx=0 tx=0).stop
2024-09-13T13:00:45.696 INFO:teuthology.orchestra.run.smithi121.stdout:/usr/bin/ceph: stderr
2024-09-13T13:00:44.415+0000 7f12af9ad640 1 -- 172.21.15.121:0/1783222303 shutdown_connections
2024-09-13T13:00:45.696 INFO:teuthology.orchestra.run.smithi121.stdout:/usr/bin/ceph: stderr
2024-09-13T13:00:44.415+0000 7f12af9ad640 1 --2- 172.21.15.121:0/1783222303 >> [v2:172.21.15.121:3300/0,v1:172.21.15.121:6789/0] conn(0x7f12a8106950 0x7f12a8106d50 unknown :-1 s=CLOSED pgs=47 cs=0 l=1 rev1=1 crypto rx=0 tx=0 comp rx=0 tx=0).stop
2024-09-13T13:00:45.696 INFO:teuthology.orchestra.run.smithi121.stdout:/usr/bin/ceph: stderr
2024-09-13T13:00:44.415+0000 7f12af9ad640 1 -- 172.21.15.121:0/1783222303 >> 172.21.15.121:0/1783222303 conn(0x7f12a8102260 msgr2=0x7f12a8104680 unknown :-1 s=STATE_NONE l=0).mark_down
2024-09-13T13:00:45.696 INFO:teuthology.orchestra.run.smithi121.stdout:/usr/bin/ceph: stderr
2024-09-13T13:00:44.415+0000 7f12af9ad640 1 -- 172.21.15.121:0/1783222303 shutdown_connections
2024-09-13T13:00:45.696 INFO:teuthology.orchestra.run.smithi121.stdout:/usr/bin/ceph: stderr
2024-09-13T13:00:44.415+0000 7f12af9ad640 1 -- 172.21.15.121:0/1783222303 wait complete.
2024-09-13T13:00:45.696 INFO:teuthology.orchestra.run.smithi121.stdout:/usr/bin/ceph: stderr
2024-09-13T13:00:44.415+0000 7f12af9ad640 1 Processor -- start
2024-09-13T13:00:45.696 INFO:teuthology.orchestra.run.smithi121.stdout:/usr/bin/ceph: stderr
2024-09-13T13:00:44.415+0000 7f12af9ad640 1 -- start start
2024-09-13T13:00:45.696 INFO:teuthology.orchestra.run.smithi121.stdout:/usr/bin/ceph: stderr
2024-09-13T13:00:44.415+0000 7f12af9ad640 1 --2- >> [v2:172.21.15.121:3300/0,v1:172.21.15.121:6789/0] conn(0x7f12a8106950 0x7f12a8198700 unknown :-1 s=NONE pgs=0 cs=0 l=1 rev1=0 crypto rx=0 tx=0 comp rx=0 tx=0).connect
2024-09-13T13:00:45.696 INFO:teuthology.orchestra.run.smithi121.stdout:/usr/bin/ceph: stderr
2024-09-13T13:00:44.415+0000 7f12af9ad640 1 -- --> [v2:172.21.15.121:3300/0,v1:172.21.15.121:6789/0] -- mon_getmap magic: 0 -- 0x7f12a807a900 con 0x7f12a8106950
2024-09-13T13:00:45.697 INFO:teuthology.orchestra.run.smithi121.stdout:/usr/bin/ceph: stderr
2024-09-13T13:00:44.415+0000 7f12ad749640 1 --2- >> [v2:172.21.15.121:3300/0,v1:172.21.15.121:6789/0] conn(0x7f12a8106950 0x7f12a8198700 unknown :-1 s=BANNER_CONNECTING pgs=0 cs=0 l=1 rev1=0 crypto rx=0 tx=0 comp rx=0 tx=0)._handle_peer_banner_payload supported=3 required=0
2024-09-13T13:00:45.697 INFO:teuthology.orchestra.run.smithi121.stdout:/usr/bin/ceph: stderr
2024-09-13T13:00:44.415+0000 7f12ad749640 1 --2- >> [v2:172.21.15.121:3300/0,v1:172.21.15.121:6789/0] conn(0x7f12a8106950 0x7f12a8198700 unknown :-1 s=HELLO_CONNECTING pgs=0 cs=0 l=1 rev1=1 crypto rx=0 tx=0 comp rx=0 tx=0).handle_hello peer v2:172.21.15.121:3300/0 says I am v2:172.21.15.121:48342/0 (socket says 172.21.15.121:48342)
2024-09-13T13:00:45.697 INFO:teuthology.orchestra.run.smithi121.stdout:/usr/bin/ceph: stderr
2024-09-13T13:00:44.415+0000 7f12ad749640 1 -- 172.21.15.121:0/857492218 learned_addr learned my addr 172.21.15.121:0/857492218 (peer_addr_for_me v2:172.21.15.121:0/0)
2024-09-13T13:00:45.697 INFO:teuthology.orchestra.run.smithi121.stdout:/usr/bin/ceph: stderr
2024-09-13T13:00:44.415+0000 7f12ad749640 1 -- 172.21.15.121:0/857492218 --> [v2:172.21.15.121:3300/0,v1:172.21.15.121:6789/0] -- mon_subscribe({config=0+,monmap=0+}) -- 0x7f12a8198c60 con 0x7f12a8106950
2024-09-13T13:00:45.697 INFO:teuthology.orchestra.run.smithi121.stdout:/usr/bin/ceph: stderr
2024-09-13T13:00:44.415+0000 7f12ad749640 1 --2- 172.21.15.121:0/857492218 >> [v2:172.21.15.121:3300/0,v1:172.21.15.121:6789/0] conn(0x7f12a8106950 0x7f12a8198700 secure :-1 s=READY pgs=48 cs=0 l=1 rev1=1 crypto rx=0x7f12a4000c00 tx=0x7f12a4030bc0 comp rx=0 tx=0).ready entity=mon.0 client_cookie=0 server_cookie=0 in_seq=0 out_seq=0
2024-09-13T13:00:45.697 INFO:teuthology.orchestra.run.smithi121.stdout:/usr/bin/ceph: stderr
2024-09-13T13:00:44.415+0000 7f129e7fc640 1 -- 172.21.15.121:0/857492218 <== mon.0 v2:172.21.15.121:3300/0 1 ==== mon_map magic: 0 ==== 205+0+0 (secure 0 0 0) 0x7f12a4042070 con 0x7f12a8106950
2024-09-13T13:00:45.697 INFO:teuthology.orchestra.run.smithi121.stdout:/usr/bin/ceph: stderr
2024-09-13T13:00:44.419+0000 7f129e7fc640 1 -- 172.21.15.121:0/857492218 <== mon.0 v2:172.21.15.121:3300/0 2 ==== config(25 keys) ==== 1023+0+0 (secure 0 0 0) 0x7f12a4030e00 con 0x7f12a8106950
2024-09-13T13:00:45.697 INFO:teuthology.orchestra.run.smithi121.stdout:/usr/bin/ceph: stderr
2024-09-13T13:00:44.419+0000 7f12af9ad640 1 -- 172.21.15.121:0/857492218 --> [v2:172.21.15.121:3300/0,v1:172.21.15.121:6789/0] -- mon_subscribe({mgrmap=0+}) -- 0x7f12a8198ef0 con 0x7f12a8106950
2024-09-13T13:00:45.697 INFO:teuthology.orchestra.run.smithi121.stdout:/usr/bin/ceph: stderr
2024-09-13T13:00:44.419+0000 7f129e7fc640 1 -- 172.21.15.121:0/857492218 <== mon.0 v2:172.21.15.121:3300/0 3 ==== mon_map magic: 0 ==== 205+0+0 (secure 0 0 0) 0x7f12a4037040 con 0x7f12a8106950
2024-09-13T13:00:45.697 INFO:teuthology.orchestra.run.smithi121.stdout:/usr/bin/ceph: stderr
2024-09-13T13:00:44.419+0000 7f12af9ad640 1 -- 172.21.15.121:0/857492218 --> [v2:172.21.15.121:3300/0,v1:172.21.15.121:6789/0] -- mon_subscribe({osdmap=0}) -- 0x7f12a81998b0 con 0x7f12a8106950
2024-09-13T13:00:45.697 INFO:teuthology.orchestra.run.smithi121.stdout:/usr/bin/ceph: stderr
2024-09-13T13:00:44.419+0000 7f129e7fc640 1 -- 172.21.15.121:0/857492218 <== mon.0 v2:172.21.15.121:3300/0 4 ==== mgrmap(e 9) ==== 51730+0+0 (secure 0 0 0) 0x7f12a4045070 con 0x7f12a8106950
2024-09-13T13:00:45.697 INFO:teuthology.orchestra.run.smithi121.stdout:/usr/bin/ceph: stderr
2024-09-13T13:00:44.419+0000 7f129e7fc640 1 --2- 172.21.15.121:0/857492218 >> v2:172.21.15.121:6800/76285898 conn(0x7f1294043b70 0x7f1294046030 unknown :-1 s=NONE pgs=0 cs=0 l=1 rev1=0 crypto rx=0 tx=0 comp rx=0 tx=0).connect
2024-09-13T13:00:45.698 INFO:teuthology.orchestra.run.smithi121.stdout:/usr/bin/ceph: stderr
2024-09-13T13:00:44.419+0000 7f129e7fc640 1 -- 172.21.15.121:0/857492218 <== mon.0 v2:172.21.15.121:3300/0 5 ==== osd_map(2..2 src has 1..2) ==== 897+0+0 (secure 0 0 0) 0x7f12a4073e80 con 0x7f12a8106950
2024-09-13T13:00:45.698 INFO:teuthology.orchestra.run.smithi121.stdout:/usr/bin/ceph: stderr
2024-09-13T13:00:44.419+0000 7f12acf48640 1 --2- 172.21.15.121:0/857492218 >> v2:172.21.15.121:6800/76285898 conn(0x7f1294043b70 0x7f1294046030 unknown :-1 s=BANNER_CONNECTING pgs=0 cs=0 l=1 rev1=0 crypto rx=0 tx=0 comp rx=0 tx=0)._handle_peer_banner_payload supported=3 required=0
2024-09-13T13:00:45.698 INFO:teuthology.orchestra.run.smithi121.stdout:/usr/bin/ceph: stderr
2024-09-13T13:00:44.419+0000 7f12af9ad640 1 -- 172.21.15.121:0/857492218 --> [v2:172.21.15.121:3300/0,v1:172.21.15.121:6789/0] -- mon_command({"prefix": "get_command_descriptions"} v 0) -- 0x7f12a8106d50 con 0x7f12a8106950
2024-09-13T13:00:45.698 INFO:teuthology.orchestra.run.smithi121.stdout:/usr/bin/ceph: stderr
2024-09-13T13:00:44.419+0000 7f12acf48640 1 --2- 172.21.15.121:0/857492218 >> v2:172.21.15.121:6800/76285898 conn(0x7f1294043b70 0x7f1294046030 secure :-1 s=READY pgs=13 cs=0 l=1 rev1=1 crypto rx=0x7f12980098c0 tx=0x7f1298006db0 comp rx=0 tx=0).ready entity=mgr.14118 client_cookie=0 server_cookie=0 in_seq=0 out_seq=0
2024-09-13T13:00:45.698 INFO:teuthology.orchestra.run.smithi121.stdout:/usr/bin/ceph: stderr
2024-09-13T13:00:44.423+0000 7f129e7fc640 1 -- 172.21.15.121:0/857492218 <== mon.0 v2:172.21.15.121:3300/0 6 ==== mon_command_ack([{"prefix": "get_command_descriptions"}]=0 v0) ==== 72+0+196987 (secure 0 0 0) 0x7f12a403cdf0 con 0x7f12a8106950
2024-09-13T13:00:45.698 INFO:teuthology.orchestra.run.smithi121.stdout:/usr/bin/ceph: stderr
2024-09-13T13:00:44.803+0000 7f12af9ad640 1 -- 172.21.15.121:0/857492218 --> v2:172.21.15.121:6800/76285898 -- mgr_command(tid 0: {"prefix": "orch apply", "service_type": "mon", "unmanaged": true, "target": ["mon-mgr", ""]}) -- 0x7f12a81038c0 con 0x7f1294043b70
2024-09-13T13:00:45.698 INFO:teuthology.orchestra.run.smithi121.stdout:/usr/bin/ceph: stderr
2024-09-13T13:00:44.811+0000 7f129e7fc640 1 -- 172.21.15.121:0/857492218 <== mgr.14118 v2:172.21.15.121:6800/76285898 1 ==== mgr_command_reply(tid 0: 0 ) ==== 8+0+24 (secure 0 0 0) 0x7f12a81038c0 con 0x7f1294043b70
2024-09-13T13:00:45.698 INFO:teuthology.orchestra.run.smithi121.stdout:/usr/bin/ceph: stderr
2024-09-13T13:00:44.815+0000 7f12af9ad640 1 -- 172.21.15.121:0/857492218 >> v2:172.21.15.121:6800/76285898 conn(0x7f1294043b70 msgr2=0x7f1294046030 secure :-1 s=STATE_CONNECTION_ESTABLISHED l=1).mark_down
2024-09-13T13:00:45.698 INFO:teuthology.orchestra.run.smithi121.stdout:/usr/bin/ceph: stderr
2024-09-13T13:00:44.815+0000 7f12af9ad640 1 --2- 172.21.15.121:0/857492218 >> v2:172.21.15.121:6800/76285898 conn(0x7f1294043b70 0x7f1294046030 secure :-1 s=READY pgs=13 cs=0 l=1 rev1=1 crypto rx=0x7f12980098c0 tx=0x7f1298006db0 comp rx=0 tx=0).stop
2024-09-13T13:00:45.698 INFO:teuthology.orchestra.run.smithi121.stdout:/usr/bin/ceph: stderr
2024-09-13T13:00:44.815+0000 7f12af9ad640 1 -- 172.21.15.121:0/857492218 >> [v2:172.21.15.121:3300/0,v1:172.21.15.121:6789/0] conn(0x7f12a8106950 msgr2=0x7f12a8198700 secure :-1 s=STATE_CONNECTION_ESTABLISHED l=1).mark_down
2024-09-13T13:00:45.698 INFO:teuthology.orchestra.run.smithi121.stdout:/usr/bin/ceph: stderr
2024-09-13T13:00:44.815+0000 7f12af9ad640 1 --2- 172.21.15.121:0/857492218 >> [v2:172.21.15.121:3300/0,v1:172.21.15.121:6789/0] conn(0x7f12a8106950 0x7f12a8198700 secure :-1 s=READY pgs=48 cs=0 l=1 rev1=1 crypto rx=0x7f12a4000c00 tx=0x7f12a4030bc0 comp rx=0 tx=0).stop
2024-09-13T13:00:45.698 INFO:teuthology.orchestra.run.smithi121.stdout:/usr/bin/ceph: stderr
2024-09-13T13:00:44.815+0000 7f12af9ad640 1 -- 172.21.15.121:0/857492218 shutdown_connections
2024-09-13T13:00:45.698 INFO:teuthology.orchestra.run.smithi121.stdout:/usr/bin/ceph: stderr
2024-09-13T13:00:44.815+0000 7f12af9ad640 1 --2- 172.21.15.121:0/857492218 >> v2:172.21.15.121:6800/76285898 conn(0x7f1294043b70 0x7f1294046030 unknown :-1 s=CLOSED pgs=13 cs=0 l=1 rev1=1 crypto rx=0 tx=0 comp rx=0 tx=0).stop
2024-09-13T13:00:45.699 INFO:teuthology.orchestra.run.smithi121.stdout:/usr/bin/ceph: stderr
2024-09-13T13:00:44.815+0000 7f12af9ad640 1 --2- 172.21.15.121:0/857492218 >> [v2:172.21.15.121:3300/0,v1:172.21.15.121:6789/0] conn(0x7f12a8106950 0x7f12a8198700 unknown :-1 s=CLOSED pgs=48 cs=0 l=1 rev1=1 crypto rx=0 tx=0 comp rx=0 tx=0).stop
2024-09-13T13:00:45.699 INFO:teuthology.orchestra.run.smithi121.stdout:/usr/bin/ceph: stderr
2024-09-13T13:00:44.815+0000 7f12af9ad640 1 -- 172.21.15.121:0/857492218 >> 172.21.15.121:0/857492218 conn(0x7f12a8102260 msgr2=0x7f12a8103150 unknown :-1 s=STATE_NONE l=0).mark_down
2024-09-13T13:00:45.699 INFO:teuthology.orchestra.run.smithi121.stdout:/usr/bin/ceph: stderr
2024-09-13T13:00:44.815+0000 7f12af9ad640 1 -- 172.21.15.121:0/857492218 shutdown_connections
2024-09-13T13:00:45.699 INFO:teuthology.orchestra.run.smithi121.stdout:/usr/bin/ceph: stderr
2024-09-13T13:00:44.815+0000 7f12af9ad640 1 -- 172.21.15.121:0/857492218 wait complete.
2024-09-13T13:00:45.699 INFO:teuthology.orchestra.run.smithi121.stdout:Deploying unmanaged mgr service...
2024-09-13T13:00:46.156 INFO:journalctl@ceph.mon.a.smithi121.stdout:Sep 13 13:00:45 smithi121 bash[22825]: audit
2024-09-13T13:00:44.807972+0000 mgr.y (mgr.14118) 18 : audit [DBG] from='client.14142 -' entity='client.admin' cmd=[{"prefix": "orch apply", "service_type": "mon", "unmanaged": true, "target": ["mon-mgr", ""]}]: dispatch
2024-09-13T13:00:46.156 INFO:journalctl@ceph.mon.a.smithi121.stdout:Sep 13 13:00:45 smithi121 bash[22825]: audit
2024-09-13T13:00:44.807972+0000 mgr.y (mgr.14118) 18 : audit [DBG] from='client.14142 -' entity='client.admin' cmd=[{"prefix": "orch apply", "service_type": "mon", "unmanaged": true, "target": ["mon-mgr", ""]}]: dispatch
2024-09-13T13:00:46.156 INFO:journalctl@ceph.mon.a.smithi121.stdout:Sep 13 13:00:45 smithi121 bash[22825]: cephadm
2024-09-13T13:00:44.810957+0000 mgr.y (mgr.14118) 19 : cephadm [INF] Saving service mon spec with placement count:5
2024-09-13T13:00:46.156 INFO:journalctl@ceph.mon.a.smithi121.stdout:Sep 13 13:00:45 smithi121 bash[22825]: cephadm
2024-09-13T13:00:44.810957+0000 mgr.y (mgr.14118) 19 : cephadm [INF] Saving service mon spec with placement count:5
2024-09-13T13:00:46.156 INFO:journalctl@ceph.mon.a.smithi121.stdout:Sep 13 13:00:45 smithi121 bash[22825]: audit
2024-09-13T13:00:44.815784+0000 mon.a (mon.0) 66 : audit [INF] from='mgr.14118 172.21.15.121:0/2436290747' entity='mgr.y'
2024-09-13T13:00:46.156 INFO:journalctl@ceph.mon.a.smithi121.stdout:Sep 13 13:00:45 smithi121 bash[22825]: audit
2024-09-13T13:00:44.815784+0000 mon.a (mon.0) 66 : audit [INF] from='mgr.14118 172.21.15.121:0/2436290747' entity='mgr.y'
2024-09-13T13:00:46.156 INFO:journalctl@ceph.mon.a.smithi121.stdout:Sep 13 13:00:45 smithi121 bash[22825]: audit
2024-09-13T13:00:45.346978+0000 mon.a (mon.0) 67 : audit [INF] from='mgr.14118 172.21.15.121:0/2436290747' entity='mgr.y'
2024-09-13T13:00:46.156 INFO:journalctl@ceph.mon.a.smithi121.stdout:Sep 13 13:00:45 smithi121 bash[22825]: audit
2024-09-13T13:00:45.346978+0000 mon.a (mon.0) 67 : audit [INF] from='mgr.14118 172.21.15.121:0/2436290747' entity='mgr.y'
2024-09-13T13:00:47.156 INFO:journalctl@ceph.mon.a.smithi121.stdout:Sep 13 13:00:46 smithi121 bash[22825]: cluster
2024-09-13T13:00:45.027065+0000 mgr.y (mgr.14118) 20 : cluster [DBG] pgmap v4: 0 pgs: ; 0 B data, 0 B used, 0 B / 0 B avail
2024-09-13T13:00:47.156 INFO:journalctl@ceph.mon.a.smithi121.stdout:Sep 13 13:00:46 smithi121 bash[22825]: cluster
2024-09-13T13:00:45.027065+0000 mgr.y (mgr.14118) 20 : cluster [DBG] pgmap v4: 0 pgs: ; 0 B data, 0 B used, 0 B / 0 B avail
2024-09-13T13:00:47.156 INFO:journalctl@ceph.mon.a.smithi121.stdout:Sep 13 13:00:46 smithi121 bash[22825]: audit
2024-09-13T13:00:45.913973+0000 mon.a (mon.0) 68 : audit [INF] from='mgr.14118 172.21.15.121:0/2436290747' entity='mgr.y'
2024-09-13T13:00:47.157 INFO:journalctl@ceph.mon.a.smithi121.stdout:Sep 13 13:00:46 smithi121 bash[22825]: audit
2024-09-13T13:00:45.913973+0000 mon.a (mon.0) 68 : audit [INF] from='mgr.14118 172.21.15.121:0/2436290747' entity='mgr.y'
2024-09-13T13:00:47.969 INFO:teuthology.orchestra.run.smithi121.stdout:/usr/bin/ceph: stdout Scheduled mgr update...
2024-09-13T13:00:47.969 INFO:teuthology.orchestra.run.smithi121.stdout:/usr/bin/ceph: stderr
2024-09-13T13:00:46.895+0000 7f797c2c9640 1 Processor -- start
2024-09-13T13:00:47.969 INFO:teuthology.orchestra.run.smithi121.stdout:/usr/bin/ceph: stderr
2024-09-13T13:00:46.895+0000 7f797c2c9640 1 -- start start
2024-09-13T13:00:47.969 INFO:teuthology.orchestra.run.smithi121.stdout:/usr/bin/ceph: stderr
2024-09-13T13:00:46.895+0000 7f797c2c9640 1 --2- >> [v2:172.21.15.121:3300/0,v1:172.21.15.121:6789/0] conn(0x7f7974108b40 0x7f7974108f40 unknown :-1 s=NONE pgs=0 cs=0 l=0 rev1=0 crypto rx=0 tx=0 comp rx=0 tx=0).connect
2024-09-13T13:00:47.969 INFO:teuthology.orchestra.run.smithi121.stdout:/usr/bin/ceph: stderr
2024-09-13T13:00:46.895+0000 7f797c2c9640 1 -- --> [v2:172.21.15.121:3300/0,v1:172.21.15.121:6789/0] -- mon_getmap magic: 0 -- 0x7f7974109530 con 0x7f7974108b40
2024-09-13T13:00:47.969 INFO:teuthology.orchestra.run.smithi121.stdout:/usr/bin/ceph: stderr
2024-09-13T13:00:46.895+0000 7f797a065640 1 --2- >> [v2:172.21.15.121:3300/0,v1:172.21.15.121:6789/0] conn(0x7f7974108b40 0x7f7974108f40 unknown :-1 s=BANNER_CONNECTING pgs=0 cs=0 l=0 rev1=0 crypto rx=0 tx=0 comp rx=0 tx=0)._handle_peer_banner_payload supported=3 required=0
2024-09-13T13:00:47.969 INFO:teuthology.orchestra.run.smithi121.stdout:/usr/bin/ceph: stderr
