2024-09-13T13:23:55.795+0000 7f75ba59c640 1 --2- >> [v2:172.21.15.43:3300/0,v1:172.21.15.43:6789/0] conn(0x7f75bc106610 0x7f75bc19a650 unknown :-1 s=BANNER_CONNECTING pgs=0 cs=0 l=1 rev1=0 crypto rx=0 tx=0 comp rx=0 tx=0)._handle_peer_banner_payload supported=3 required=0
2024-09-13T13:23:57.076 INFO:teuthology.orchestra.run.smithi043.stdout:/usr/bin/ceph: stderr
2024-09-13T13:23:55.795+0000 7f75ba59c640 1 --2- >> [v2:172.21.15.43:3300/0,v1:172.21.15.43:6789/0] conn(0x7f75bc106610 0x7f75bc19a650 unknown :-1 s=HELLO_CONNECTING pgs=0 cs=0 l=1 rev1=1 crypto rx=0 tx=0 comp rx=0 tx=0).handle_hello peer v2:172.21.15.43:3300/0 says I am v2:172.21.15.43:43550/0 (socket says 172.21.15.43:43550)
2024-09-13T13:23:57.077 INFO:teuthology.orchestra.run.smithi043.stdout:/usr/bin/ceph: stderr
2024-09-13T13:23:55.795+0000 7f75ba59c640 1 -- 172.21.15.43:0/3619453997 learned_addr learned my addr 172.21.15.43:0/3619453997 (peer_addr_for_me v2:172.21.15.43:0/0)
2024-09-13T13:23:57.077 INFO:teuthology.orchestra.run.smithi043.stdout:/usr/bin/ceph: stderr
2024-09-13T13:23:55.795+0000 7f75ba59c640 1 -- 172.21.15.43:0/3619453997 --> [v2:172.21.15.43:3300/0,v1:172.21.15.43:6789/0] -- mon_subscribe({config=0+,monmap=0+}) -- 0x7f75bc19abb0 con 0x7f75bc106610
2024-09-13T13:23:57.077 INFO:teuthology.orchestra.run.smithi043.stdout:/usr/bin/ceph: stderr
2024-09-13T13:23:55.796+0000 7f75ba59c640 1 --2- 172.21.15.43:0/3619453997 >> [v2:172.21.15.43:3300/0,v1:172.21.15.43:6789/0] conn(0x7f75bc106610 0x7f75bc19a650 secure :-1 s=READY pgs=50 cs=0 l=1 rev1=1 crypto rx=0x7f75ac0090b0 tx=0x7f75ac0307c0 comp rx=0 tx=0).ready entity=mon.0 client_cookie=0 server_cookie=0 in_seq=0 out_seq=0
2024-09-13T13:23:57.077 INFO:teuthology.orchestra.run.smithi043.stdout:/usr/bin/ceph: stderr
2024-09-13T13:23:55.796+0000 7f75ab7fe640 1 -- 172.21.15.43:0/3619453997 <== mon.0 v2:172.21.15.43:3300/0 1 ==== mon_map magic: 0 ==== 205+0+0 (secure 0 0 0) 0x7f75ac03f020 con 0x7f75bc106610
2024-09-13T13:23:57.077 INFO:teuthology.orchestra.run.smithi043.stdout:/usr/bin/ceph: stderr
2024-09-13T13:23:55.796+0000 7f75ab7fe640 1 -- 172.21.15.43:0/3619453997 <== mon.0 v2:172.21.15.43:3300/0 2 ==== config(23 keys) ==== 972+0+0 (secure 0 0 0) 0x7f75ac030e20 con 0x7f75bc106610
2024-09-13T13:23:57.077 INFO:teuthology.orchestra.run.smithi043.stdout:/usr/bin/ceph: stderr
2024-09-13T13:23:55.796+0000 7f75c0b83640 1 -- 172.21.15.43:0/3619453997 --> [v2:172.21.15.43:3300/0,v1:172.21.15.43:6789/0] -- mon_subscribe({mgrmap=0+}) -- 0x7f75bc19ae40 con 0x7f75bc106610
2024-09-13T13:23:57.077 INFO:teuthology.orchestra.run.smithi043.stdout:/usr/bin/ceph: stderr
2024-09-13T13:23:55.796+0000 7f75ab7fe640 1 -- 172.21.15.43:0/3619453997 <== mon.0 v2:172.21.15.43:3300/0 3 ==== mon_map magic: 0 ==== 205+0+0 (secure 0 0 0) 0x7f75ac037040 con 0x7f75bc106610
2024-09-13T13:23:57.077 INFO:teuthology.orchestra.run.smithi043.stdout:/usr/bin/ceph: stderr
2024-09-13T13:23:55.796+0000 7f75c0b83640 1 -- 172.21.15.43:0/3619453997 --> [v2:172.21.15.43:3300/0,v1:172.21.15.43:6789/0] -- mon_subscribe({osdmap=0}) -- 0x7f75bc19b800 con 0x7f75bc106610
2024-09-13T13:23:57.077 INFO:teuthology.orchestra.run.smithi043.stdout:/usr/bin/ceph: stderr
2024-09-13T13:23:55.797+0000 7f75ab7fe640 1 -- 172.21.15.43:0/3619453997 <== mon.0 v2:172.21.15.43:3300/0 4 ==== mgrmap(e 9) ==== 51765+0+0 (secure 0 0 0) 0x7f75ac042020 con 0x7f75bc106610
2024-09-13T13:23:57.077 INFO:teuthology.orchestra.run.smithi043.stdout:/usr/bin/ceph: stderr
2024-09-13T13:23:55.797+0000 7f75c0b83640 1 -- 172.21.15.43:0/3619453997 --> [v2:172.21.15.43:3300/0,v1:172.21.15.43:6789/0] -- mon_command({"prefix": "get_command_descriptions"} v 0) -- 0x7f75bc10ac10 con 0x7f75bc106610
2024-09-13T13:23:57.077 INFO:teuthology.orchestra.run.smithi043.stdout:/usr/bin/ceph: stderr
2024-09-13T13:23:55.797+0000 7f75ab7fe640 1 --2- 172.21.15.43:0/3619453997 >> [v2:172.21.15.43:6800/85481396,v1:172.21.15.43:6801/85481396] conn(0x7f75a403f6a0 0x7f75a4041b60 unknown :-1 s=NONE pgs=0 cs=0 l=1 rev1=0 crypto rx=0 tx=0 comp rx=0 tx=0).connect
2024-09-13T13:23:57.077 INFO:teuthology.orchestra.run.smithi043.stdout:/usr/bin/ceph: stderr
2024-09-13T13:23:55.797+0000 7f75ab7fe640 1 -- 172.21.15.43:0/3619453997 <== mon.0 v2:172.21.15.43:3300/0 5 ==== osd_map(2..2 src has 1..2) ==== 940+0+0 (secure 0 0 0) 0x7f75ac0745d0 con 0x7f75bc106610
2024-09-13T13:23:57.078 INFO:teuthology.orchestra.run.smithi043.stdout:/usr/bin/ceph: stderr
2024-09-13T13:23:55.797+0000 7f75b9d9b640 1 --2- 172.21.15.43:0/3619453997 >> [v2:172.21.15.43:6800/85481396,v1:172.21.15.43:6801/85481396] conn(0x7f75a403f6a0 0x7f75a4041b60 unknown :-1 s=BANNER_CONNECTING pgs=0 cs=0 l=1 rev1=0 crypto rx=0 tx=0 comp rx=0 tx=0)._handle_peer_banner_payload supported=3 required=0
2024-09-13T13:23:57.078 INFO:teuthology.orchestra.run.smithi043.stdout:/usr/bin/ceph: stderr
2024-09-13T13:23:55.798+0000 7f75b9d9b640 1 --2- 172.21.15.43:0/3619453997 >> [v2:172.21.15.43:6800/85481396,v1:172.21.15.43:6801/85481396] conn(0x7f75a403f6a0 0x7f75a4041b60 secure :-1 s=READY pgs=15 cs=0 l=1 rev1=1 crypto rx=0x7f75b00098c0 tx=0x7f75b0006db0 comp rx=0 tx=0).ready entity=mgr.14118 client_cookie=0 server_cookie=0 in_seq=0 out_seq=0
2024-09-13T13:23:57.078 INFO:teuthology.orchestra.run.smithi043.stdout:/usr/bin/ceph: stderr
2024-09-13T13:23:55.802+0000 7f75ab7fe640 1 -- 172.21.15.43:0/3619453997 <== mon.0 v2:172.21.15.43:3300/0 6 ==== mon_command_ack([{"prefix": "get_command_descriptions"}]=0 v0) ==== 72+0+196987 (secure 0 0 0) 0x7f75ac049020 con 0x7f75bc106610
2024-09-13T13:23:57.078 INFO:teuthology.orchestra.run.smithi043.stdout:/usr/bin/ceph: stderr
2024-09-13T13:23:55.999+0000 7f75c0b83640 1 -- 172.21.15.43:0/3619453997 --> [v2:172.21.15.43:6800/85481396,v1:172.21.15.43:6801/85481396] -- mgr_command(tid 0: {"prefix": "orch apply", "service_type": "mgr", "unmanaged": true, "target": ["mon-mgr", ""]}) -- 0x7f75bc1031e0 con 0x7f75a403f6a0
2024-09-13T13:23:57.078 INFO:teuthology.orchestra.run.smithi043.stdout:/usr/bin/ceph: stderr
2024-09-13T13:23:56.004+0000 7f75ab7fe640 1 -- 172.21.15.43:0/3619453997 <== mgr.14118 v2:172.21.15.43:6800/85481396 1 ==== mgr_command_reply(tid 0: 0 ) ==== 8+0+24 (secure 0 0 0) 0x7f75bc1031e0 con 0x7f75a403f6a0
2024-09-13T13:23:57.078 INFO:teuthology.orchestra.run.smithi043.stdout:/usr/bin/ceph: stderr
2024-09-13T13:23:56.006+0000 7f75c0b83640 1 -- 172.21.15.43:0/3619453997 >> [v2:172.21.15.43:6800/85481396,v1:172.21.15.43:6801/85481396] conn(0x7f75a403f6a0 msgr2=0x7f75a4041b60 secure :-1 s=STATE_CONNECTION_ESTABLISHED l=1).mark_down
2024-09-13T13:23:57.078 INFO:teuthology.orchestra.run.smithi043.stdout:/usr/bin/ceph: stderr
2024-09-13T13:23:56.006+0000 7f75c0b83640 1 --2- 172.21.15.43:0/3619453997 >> [v2:172.21.15.43:6800/85481396,v1:172.21.15.43:6801/85481396] conn(0x7f75a403f6a0 0x7f75a4041b60 secure :-1 s=READY pgs=15 cs=0 l=1 rev1=1 crypto rx=0x7f75b00098c0 tx=0x7f75b0006db0 comp rx=0 tx=0).stop
2024-09-13T13:23:57.078 INFO:teuthology.orchestra.run.smithi043.stdout:/usr/bin/ceph: stderr
2024-09-13T13:23:56.006+0000 7f75c0b83640 1 -- 172.21.15.43:0/3619453997 >> [v2:172.21.15.43:3300/0,v1:172.21.15.43:6789/0] conn(0x7f75bc106610 msgr2=0x7f75bc19a650 secure :-1 s=STATE_CONNECTION_ESTABLISHED l=1).mark_down
2024-09-13T13:23:57.078 INFO:teuthology.orchestra.run.smithi043.stdout:/usr/bin/ceph: stderr
2024-09-13T13:23:56.006+0000 7f75c0b83640 1 --2- 172.21.15.43:0/3619453997 >> [v2:172.21.15.43:3300/0,v1:172.21.15.43:6789/0] conn(0x7f75bc106610 0x7f75bc19a650 secure :-1 s=READY pgs=50 cs=0 l=1 rev1=1 crypto rx=0x7f75ac0090b0 tx=0x7f75ac0307c0 comp rx=0 tx=0).stop
2024-09-13T13:23:57.078 INFO:teuthology.orchestra.run.smithi043.stdout:/usr/bin/ceph: stderr
2024-09-13T13:23:56.006+0000 7f75c0b83640 1 -- 172.21.15.43:0/3619453997 shutdown_connections
2024-09-13T13:23:57.078 INFO:teuthology.orchestra.run.smithi043.stdout:/usr/bin/ceph: stderr
2024-09-13T13:23:56.006+0000 7f75c0b83640 1 --2- 172.21.15.43:0/3619453997 >> [v2:172.21.15.43:6800/85481396,v1:172.21.15.43:6801/85481396] conn(0x7f75a403f6a0 0x7f75a4041b60 unknown :-1 s=CLOSED pgs=15 cs=0 l=1 rev1=1 crypto rx=0 tx=0 comp rx=0 tx=0).stop
2024-09-13T13:23:57.078 INFO:teuthology.orchestra.run.smithi043.stdout:/usr/bin/ceph: stderr
2024-09-13T13:23:56.006+0000 7f75c0b83640 1 --2- 172.21.15.43:0/3619453997 >> [v2:172.21.15.43:3300/0,v1:172.21.15.43:6789/0] conn(0x7f75bc106610 0x7f75bc19a650 unknown :-1 s=CLOSED pgs=50 cs=0 l=1 rev1=1 crypto rx=0 tx=0 comp rx=0 tx=0).stop
2024-09-13T13:23:57.079 INFO:teuthology.orchestra.run.smithi043.stdout:/usr/bin/ceph: stderr
2024-09-13T13:23:56.006+0000 7f75c0b83640 1 -- 172.21.15.43:0/3619453997 >> 172.21.15.43:0/3619453997 conn(0x7f75bc101f00 msgr2=0x7f75bc102ad0 unknown :-1 s=STATE_NONE l=0).mark_down
2024-09-13T13:23:57.079 INFO:teuthology.orchestra.run.smithi043.stdout:/usr/bin/ceph: stderr
2024-09-13T13:23:56.006+0000 7f75c0b83640 1 -- 172.21.15.43:0/3619453997 shutdown_connections
2024-09-13T13:23:57.079 INFO:teuthology.orchestra.run.smithi043.stdout:/usr/bin/ceph: stderr
2024-09-13T13:23:56.006+0000 7f75c0b83640 1 -- 172.21.15.43:0/3619453997 wait complete.
2024-09-13T13:23:57.478 INFO:journalctl@ceph.mon.a.smithi043.stdout:Sep 13 13:23:57 smithi043 ceph-mon[30106]: pgmap v4: 0 pgs: ; 0 B data, 0 B used, 0 B / 0 B avail
2024-09-13T13:23:57.478 INFO:journalctl@ceph.mon.a.smithi043.stdout:Sep 13 13:23:57 smithi043 ceph-mon[30106]: from='client.14144 -' entity='client.admin' cmd=[{"prefix": "orch apply", "service_type": "mgr", "unmanaged": true, "target": ["mon-mgr", ""]}]: dispatch
2024-09-13T13:23:57.478 INFO:journalctl@ceph.mon.a.smithi043.stdout:Sep 13 13:23:57 smithi043 ceph-mon[30106]: Saving service mgr spec with placement count:2
2024-09-13T13:23:57.478 INFO:journalctl@ceph.mon.a.smithi043.stdout:Sep 13 13:23:57 smithi043 ceph-mon[30106]: from='mgr.14118 172.21.15.43:0/322467154' entity='mgr.y'
2024-09-13T13:23:57.479 INFO:journalctl@ceph.mon.a.smithi043.stdout:Sep 13 13:23:57 smithi043 ceph-mon[30106]: from='mgr.14118 172.21.15.43:0/322467154' entity='mgr.y'
2024-09-13T13:23:58.533 INFO:teuthology.orchestra.run.smithi043.stdout:/usr/bin/ceph: stderr
2024-09-13T13:23:57.562+0000 7f3ed1f7b640 1 Processor -- start
2024-09-13T13:23:58.533 INFO:teuthology.orchestra.run.smithi043.stdout:/usr/bin/ceph: stderr
2024-09-13T13:23:57.562+0000 7f3ed1f7b640 1 -- start start
2024-09-13T13:23:58.533 INFO:teuthology.orchestra.run.smithi043.stdout:/usr/bin/ceph: stderr
2024-09-13T13:23:57.562+0000 7f3ed1f7b640 1 --2- >> [v2:172.21.15.43:3300/0,v1:172.21.15.43:6789/0] conn(0x7f3ecc1054c0 0x7f3ecc1058c0 unknown :-1 s=NONE pgs=0 cs=0 l=0 rev1=0 crypto rx=0 tx=0 comp rx=0 tx=0).connect
2024-09-13T13:23:58.533 INFO:teuthology.orchestra.run.smithi043.stdout:/usr/bin/ceph: stderr
2024-09-13T13:23:57.562+0000 7f3ed1f7b640 1 -- --> [v2:172.21.15.43:3300/0,v1:172.21.15.43:6789/0] -- mon_getmap magic: 0 -- 0x7f3ecc105eb0 con 0x7f3ecc1054c0
2024-09-13T13:23:58.533 INFO:teuthology.orchestra.run.smithi043.stdout:/usr/bin/ceph: stderr
2024-09-13T13:23:57.563+0000 7f3ecb7fe640 1 --2- >> [v2:172.21.15.43:3300/0,v1:172.21.15.43:6789/0] conn(0x7f3ecc1054c0 0x7f3ecc1058c0 unknown :-1 s=BANNER_CONNECTING pgs=0 cs=0 l=0 rev1=0 crypto rx=0 tx=0 comp rx=0 tx=0)._handle_peer_banner_payload supported=3 required=0
2024-09-13T13:23:58.533 INFO:teuthology.orchestra.run.smithi043.stdout:/usr/bin/ceph: stderr
2024-09-13T13:23:57.563+0000 7f3ecb7fe640 1 --2- >> [v2:172.21.15.43:3300/0,v1:172.21.15.43:6789/0] conn(0x7f3ecc1054c0 0x7f3ecc1058c0 unknown :-1 s=HELLO_CONNECTING pgs=0 cs=0 l=0 rev1=1 crypto rx=0 tx=0 comp rx=0 tx=0).handle_hello peer v2:172.21.15.43:3300/0 says I am v2:172.21.15.43:34900/0 (socket says 172.21.15.43:34900)
2024-09-13T13:23:58.533 INFO:teuthology.orchestra.run.smithi043.stdout:/usr/bin/ceph: stderr
2024-09-13T13:23:57.563+0000 7f3ecb7fe640 1 -- 172.21.15.43:0/723315605 learned_addr learned my addr 172.21.15.43:0/723315605 (peer_addr_for_me v2:172.21.15.43:0/0)
2024-09-13T13:23:58.533 INFO:teuthology.orchestra.run.smithi043.stdout:/usr/bin/ceph: stderr
2024-09-13T13:23:57.563+0000 7f3ecb7fe640 1 -- 172.21.15.43:0/723315605 --> [v2:172.21.15.43:3300/0,v1:172.21.15.43:6789/0] -- mon_subscribe({config=0+,monmap=0+}) -- 0x7f3ecc106030 con 0x7f3ecc1054c0
2024-09-13T13:23:58.533 INFO:teuthology.orchestra.run.smithi043.stdout:/usr/bin/ceph: stderr
2024-09-13T13:23:57.564+0000 7f3ecb7fe640 1 --2- 172.21.15.43:0/723315605 >> [v2:172.21.15.43:3300/0,v1:172.21.15.43:6789/0] conn(0x7f3ecc1054c0 0x7f3ecc1058c0 secure :-1 s=READY pgs=51 cs=0 l=1 rev1=1 crypto rx=0x7f3ebc009e80 tx=0x7f3ebc02a7a0 comp rx=0 tx=0).ready entity=mon.0 client_cookie=36f3d8b02a5fb030 server_cookie=0 in_seq=0 out_seq=0
2024-09-13T13:23:58.534 INFO:teuthology.orchestra.run.smithi043.stdout:/usr/bin/ceph: stderr
2024-09-13T13:23:57.564+0000 7f3eca7fc640 1 -- 172.21.15.43:0/723315605 <== mon.0 v2:172.21.15.43:3300/0 1 ==== mon_map magic: 0 ==== 205+0+0 (secure 0 0 0) 0x7f3ebc036070 con 0x7f3ecc1054c0
2024-09-13T13:23:58.534 INFO:teuthology.orchestra.run.smithi043.stdout:/usr/bin/ceph: stderr
2024-09-13T13:23:57.564+0000 7f3eca7fc640 1 -- 172.21.15.43:0/723315605 <== mon.0 v2:172.21.15.43:3300/0 2 ==== config(23 keys) ==== 1003+0+0 (secure 0 0 0) 0x7f3ebc031850 con 0x7f3ecc1054c0
2024-09-13T13:23:58.534 INFO:teuthology.orchestra.run.smithi043.stdout:/usr/bin/ceph: stderr
2024-09-13T13:23:57.564+0000 7f3eca7fc640 1 -- 172.21.15.43:0/723315605 <== mon.0 v2:172.21.15.43:3300/0 3 ==== mon_map magic: 0 ==== 205+0+0 (secure 0 0 0) 0x7f3ebc0076d0 con 0x7f3ecc1054c0
2024-09-13T13:23:58.534 INFO:teuthology.orchestra.run.smithi043.stdout:/usr/bin/ceph: stderr
2024-09-13T13:23:57.564+0000 7f3ed1f7b640 1 -- 172.21.15.43:0/723315605 >> [v2:172.21.15.43:3300/0,v1:172.21.15.43:6789/0] conn(0x7f3ecc1054c0 msgr2=0x7f3ecc1058c0 secure :-1 s=STATE_CONNECTION_ESTABLISHED l=1).mark_down
2024-09-13T13:23:58.534 INFO:teuthology.orchestra.run.smithi043.stdout:/usr/bin/ceph: stderr
2024-09-13T13:23:57.564+0000 7f3ed1f7b640 1 --2- 172.21.15.43:0/723315605 >> [v2:172.21.15.43:3300/0,v1:172.21.15.43:6789/0] conn(0x7f3ecc1054c0 0x7f3ecc1058c0 secure :-1 s=READY pgs=51 cs=0 l=1 rev1=1 crypto rx=0x7f3ebc009e80 tx=0x7f3ebc02a7a0 comp rx=0 tx=0).stop
2024-09-13T13:23:58.534 INFO:teuthology.orchestra.run.smithi043.stdout:/usr/bin/ceph: stderr
2024-09-13T13:23:57.565+0000 7f3ed1f7b640 1 -- 172.21.15.43:0/723315605 shutdown_connections
2024-09-13T13:23:58.534 INFO:teuthology.orchestra.run.smithi043.stdout:/usr/bin/ceph: stderr
2024-09-13T13:23:57.565+0000 7f3ed1f7b640 1 --2- 172.21.15.43:0/723315605 >> [v2:172.21.15.43:3300/0,v1:172.21.15.43:6789/0] conn(0x7f3ecc1054c0 0x7f3ecc1058c0 unknown :-1 s=CLOSED pgs=51 cs=0 l=1 rev1=1 crypto rx=0 tx=0 comp rx=0 tx=0).stop
2024-09-13T13:23:58.534 INFO:teuthology.orchestra.run.smithi043.stdout:/usr/bin/ceph: stderr
2024-09-13T13:23:57.565+0000 7f3ed1f7b640 1 -- 172.21.15.43:0/723315605 >> 172.21.15.43:0/723315605 conn(0x7f3ecc100df0 msgr2=0x7f3ecc103210 unknown :-1 s=STATE_NONE l=0).mark_down
2024-09-13T13:23:58.534 INFO:teuthology.orchestra.run.smithi043.stdout:/usr/bin/ceph: stderr
2024-09-13T13:23:57.565+0000 7f3ed1f7b640 1 -- 172.21.15.43:0/723315605 shutdown_connections
2024-09-13T13:23:58.534 INFO:teuthology.orchestra.run.smithi043.stdout:/usr/bin/ceph: stderr
2024-09-13T13:23:57.565+0000 7f3ed1f7b640 1 -- 172.21.15.43:0/723315605 wait complete.
2024-09-13T13:23:58.534 INFO:teuthology.orchestra.run.smithi043.stdout:/usr/bin/ceph: stderr
2024-09-13T13:23:57.565+0000 7f3ed1f7b640 1 Processor -- start
2024-09-13T13:23:58.534 INFO:teuthology.orchestra.run.smithi043.stdout:/usr/bin/ceph: stderr
2024-09-13T13:23:57.565+0000 7f3ed1f7b640 1 -- start start
2024-09-13T13:23:58.534 INFO:teuthology.orchestra.run.smithi043.stdout:/usr/bin/ceph: stderr
2024-09-13T13:23:57.566+0000 7f3ed1f7b640 1 --2- >> [v2:172.21.15.43:3300/0,v1:172.21.15.43:6789/0] conn(0x7f3ecc1054c0 0x7f3ecc0797f0 unknown :-1 s=NONE pgs=0 cs=0 l=1 rev1=0 crypto rx=0 tx=0 comp rx=0 tx=0).connect
2024-09-13T13:23:58.535 INFO:teuthology.orchestra.run.smithi043.stdout:/usr/bin/ceph: stderr
2024-09-13T13:23:57.566+0000 7f3ed1f7b640 1 -- --> [v2:172.21.15.43:3300/0,v1:172.21.15.43:6789/0] -- mon_getmap magic: 0 -- 0x7f3ecc109940 con 0x7f3ecc1054c0
2024-09-13T13:23:58.535 INFO:teuthology.orchestra.run.smithi043.stdout:/usr/bin/ceph: stderr
2024-09-13T13:23:57.566+0000 7f3ecb7fe640 1 --2- >> [v2:172.21.15.43:3300/0,v1:172.21.15.43:6789/0] conn(0x7f3ecc1054c0 0x7f3ecc0797f0 unknown :-1 s=BANNER_CONNECTING pgs=0 cs=0 l=1 rev1=0 crypto rx=0 tx=0 comp rx=0 tx=0)._handle_peer_banner_payload supported=3 required=0
2024-09-13T13:23:58.535 INFO:teuthology.orchestra.run.smithi043.stdout:/usr/bin/ceph: stderr
2024-09-13T13:23:57.566+0000 7f3ecb7fe640 1 --2- >> [v2:172.21.15.43:3300/0,v1:172.21.15.43:6789/0] conn(0x7f3ecc1054c0 0x7f3ecc0797f0 unknown :-1 s=HELLO_CONNECTING pgs=0 cs=0 l=1 rev1=1 crypto rx=0 tx=0 comp rx=0 tx=0).handle_hello peer v2:172.21.15.43:3300/0 says I am v2:172.21.15.43:34916/0 (socket says 172.21.15.43:34916)
2024-09-13T13:23:58.535 INFO:teuthology.orchestra.run.smithi043.stdout:/usr/bin/ceph: stderr
2024-09-13T13:23:57.566+0000 7f3ecb7fe640 1 -- 172.21.15.43:0/980022193 learned_addr learned my addr 172.21.15.43:0/980022193 (peer_addr_for_me v2:172.21.15.43:0/0)
2024-09-13T13:23:58.535 INFO:teuthology.orchestra.run.smithi043.stdout:/usr/bin/ceph: stderr
2024-09-13T13:23:57.566+0000 7f3ecb7fe640 1 -- 172.21.15.43:0/980022193 --> [v2:172.21.15.43:3300/0,v1:172.21.15.43:6789/0] -- mon_subscribe({config=0+,monmap=0+}) -- 0x7f3ecc079d50 con 0x7f3ecc1054c0
2024-09-13T13:23:58.535 INFO:teuthology.orchestra.run.smithi043.stdout:/usr/bin/ceph: stderr
2024-09-13T13:23:57.566+0000 7f3ecb7fe640 1 --2- 172.21.15.43:0/980022193 >> [v2:172.21.15.43:3300/0,v1:172.21.15.43:6789/0] conn(0x7f3ecc1054c0 0x7f3ecc0797f0 secure :-1 s=READY pgs=52 cs=0 l=1 rev1=1 crypto rx=0x7f3ebc009680 tx=0x7f3ebc0316a0 comp rx=0 tx=0).ready entity=mon.0 client_cookie=0 server_cookie=0 in_seq=0 out_seq=0
2024-09-13T13:23:58.535 INFO:teuthology.orchestra.run.smithi043.stdout:/usr/bin/ceph: stderr
2024-09-13T13:23:57.566+0000 7f3ec8ff9640 1 -- 172.21.15.43:0/980022193 <== mon.0 v2:172.21.15.43:3300/0 1 ==== mon_map magic: 0 ==== 205+0+0 (secure 0 0 0) 0x7f3ebc041020 con 0x7f3ecc1054c0
2024-09-13T13:23:58.535 INFO:teuthology.orchestra.run.smithi043.stdout:/usr/bin/ceph: stderr
2024-09-13T13:23:57.566+0000 7f3ec8ff9640 1 -- 172.21.15.43:0/980022193 <== mon.0 v2:172.21.15.43:3300/0 2 ==== config(23 keys) ==== 1003+0+0 (secure 0 0 0) 0x7f3ebc03c470 con 0x7f3ecc1054c0
2024-09-13T13:23:58.535 INFO:teuthology.orchestra.run.smithi043.stdout:/usr/bin/ceph: stderr
2024-09-13T13:23:57.566+0000 7f3ec8ff9640 1 -- 172.21.15.43:0/980022193 <== mon.0 v2:172.21.15.43:3300/0 3 ==== mon_map magic: 0 ==== 205+0+0 (secure 0 0 0) 0x7f3ebc036040 con 0x7f3ecc1054c0
2024-09-13T13:23:58.535 INFO:teuthology.orchestra.run.smithi043.stdout:/usr/bin/ceph: stderr
2024-09-13T13:23:57.566+0000 7f3ed1f7b640 1 -- 172.21.15.43:0/980022193 --> [v2:172.21.15.43:3300/0,v1:172.21.15.43:6789/0] -- mon_subscribe({mgrmap=0+}) -- 0x7f3ecc19d2e0 con 0x7f3ecc1054c0
2024-09-13T13:23:58.535 INFO:teuthology.orchestra.run.smithi043.stdout:/usr/bin/ceph: stderr
2024-09-13T13:23:57.566+0000 7f3ed1f7b640 1 -- 172.21.15.43:0/980022193 --> [v2:172.21.15.43:3300/0,v1:172.21.15.43:6789/0] -- mon_subscribe({osdmap=0}) -- 0x7f3ecc19d860 con 0x7f3ecc1054c0
2024-09-13T13:23:58.535 INFO:teuthology.orchestra.run.smithi043.stdout:/usr/bin/ceph: stderr
2024-09-13T13:23:57.567+0000 7f3ec8ff9640 1 -- 172.21.15.43:0/980022193 <== mon.0 v2:172.21.15.43:3300/0 4 ==== mgrmap(e 9) ==== 51765+0+0 (secure 0 0 0) 0x7f3ebc044020 con 0x7f3ecc1054c0
2024-09-13T13:23:58.535 INFO:teuthology.orchestra.run.smithi043.stdout:/usr/bin/ceph: stderr
2024-09-13T13:23:57.568+0000 7f3ed1f7b640 1 -- 172.21.15.43:0/980022193 --> [v2:172.21.15.43:3300/0,v1:172.21.15.43:6789/0] -- mon_command({"prefix": "get_command_descriptions"} v 0) -- 0x7f3ecc109ac0 con 0x7f3ecc1054c0
2024-09-13T13:23:58.535 INFO:teuthology.orchestra.run.smithi043.stdout:/usr/bin/ceph: stderr
2024-09-13T13:23:57.568+0000 7f3ec8ff9640 1 --2- 172.21.15.43:0/980022193 >> [v2:172.21.15.43:6800/85481396,v1:172.21.15.43:6801/85481396] conn(0x7f3eb803f6a0 0x7f3eb8041b60 unknown :-1 s=NONE pgs=0 cs=0 l=1 rev1=0 crypto rx=0 tx=0 comp rx=0 tx=0).connect
2024-09-13T13:23:58.536 INFO:teuthology.orchestra.run.smithi043.stdout:/usr/bin/ceph: stderr
2024-09-13T13:23:57.568+0000 7f3ec8ff9640 1 -- 172.21.15.43:0/980022193 <== mon.0 v2:172.21.15.43:3300/0 5 ==== osd_map(2..2 src has 1..2) ==== 940+0+0 (secure 0 0 0) 0x7f3ebc0750b0 con 0x7f3ecc1054c0
2024-09-13T13:23:58.536 INFO:teuthology.orchestra.run.smithi043.stdout:/usr/bin/ceph: stderr
2024-09-13T13:23:57.568+0000 7f3ecaffd640 1 --2- 172.21.15.43:0/980022193 >> [v2:172.21.15.43:6800/85481396,v1:172.21.15.43:6801/85481396] conn(0x7f3eb803f6a0 0x7f3eb8041b60 unknown :-1 s=BANNER_CONNECTING pgs=0 cs=0 l=1 rev1=0 crypto rx=0 tx=0 comp rx=0 tx=0)._handle_peer_banner_payload supported=3 required=0
2024-09-13T13:23:58.536 INFO:teuthology.orchestra.run.smithi043.stdout:/usr/bin/ceph: stderr
2024-09-13T13:23:57.568+0000 7f3ecaffd640 1 --2- 172.21.15.43:0/980022193 >> [v2:172.21.15.43:6800/85481396,v1:172.21.15.43:6801/85481396] conn(0x7f3eb803f6a0 0x7f3eb8041b60 secure :-1 s=READY pgs=16 cs=0 l=1 rev1=1 crypto rx=0x7f3eb40098c0 tx=0x7f3eb4006db0 comp rx=0 tx=0).ready entity=mgr.14118 client_cookie=0 server_cookie=0 in_seq=0 out_seq=0
2024-09-13T13:23:58.536 INFO:teuthology.orchestra.run.smithi043.stdout:/usr/bin/ceph: stderr
2024-09-13T13:23:57.573+0000 7f3ec8ff9640 1 -- 172.21.15.43:0/980022193 <== mon.0 v2:172.21.15.43:3300/0 6 ==== mon_command_ack([{"prefix": "get_command_descriptions"}]=0 v0) ==== 72+0+196987 (secure 0 0 0) 0x7f3ebc04b020 con 0x7f3ecc1054c0
2024-09-13T13:23:58.536 INFO:teuthology.orchestra.run.smithi043.stdout:/usr/bin/ceph: stderr
2024-09-13T13:23:57.768+0000 7f3ed1f7b640 1 -- 172.21.15.43:0/980022193 --> [v2:172.21.15.43:3300/0,v1:172.21.15.43:6789/0] -- mon_command([{prefix=config set, name=mgr/cephadm/container_init}] v 0) -- 0x7f3ecc1058c0 con 0x7f3ecc1054c0
2024-09-13T13:23:58.536 INFO:teuthology.orchestra.run.smithi043.stdout:/usr/bin/ceph: stderr
2024-09-13T13:23:57.770+0000 7f3ec8ff9640 1 -- 172.21.15.43:0/980022193 <== mon.0 v2:172.21.15.43:3300/0 7 ==== mon_command_ack([{prefix=config set, name=mgr/cephadm/container_init}]=0 v7)=0 v7) ==== 142+0+0 (secure 0 0 0) 0x7f3ebc045c80 con 0x7f3ecc1054c0
2024-09-13T13:23:58.536 INFO:teuthology.orchestra.run.smithi043.stdout:/usr/bin/ceph: stderr
2024-09-13T13:23:57.773+0000 7f3ed1f7b640 1 -- 172.21.15.43:0/980022193 >> [v2:172.21.15.43:6800/85481396,v1:172.21.15.43:6801/85481396] conn(0x7f3eb803f6a0 msgr2=0x7f3eb8041b60 secure :-1 s=STATE_CONNECTION_ESTABLISHED l=1).mark_down
2024-09-13T13:23:58.536 INFO:teuthology.orchestra.run.smithi043.stdout:/usr/bin/ceph: stderr
2024-09-13T13:23:57.773+0000 7f3ed1f7b640 1 --2- 172.21.15.43:0/980022193 >> [v2:172.21.15.43:6800/85481396,v1:172.21.15.43:6801/85481396] conn(0x7f3eb803f6a0 0x7f3eb8041b60 secure :-1 s=READY pgs=16 cs=0 l=1 rev1=1 crypto rx=0x7f3eb40098c0 tx=0x7f3eb4006db0 comp rx=0 tx=0).stop
2024-09-13T13:23:58.536 INFO:teuthology.orchestra.run.smithi043.stdout:/usr/bin/ceph: stderr
2024-09-13T13:23:57.773+0000 7f3ed1f7b640 1 -- 172.21.15.43:0/980022193 >> [v2:172.21.15.43:3300/0,v1:172.21.15.43:6789/0] conn(0x7f3ecc1054c0 msgr2=0x7f3ecc0797f0 secure :-1 s=STATE_CONNECTION_ESTABLISHED l=1).mark_down
2024-09-13T13:23:58.536 INFO:teuthology.orchestra.run.smithi043.stdout:/usr/bin/ceph: stderr
2024-09-13T13:23:57.773+0000 7f3ed1f7b640 1 --2- 172.21.15.43:0/980022193 >> [v2:172.21.15.43:3300/0,v1:172.21.15.43:6789/0] conn(0x7f3ecc1054c0 0x7f3ecc0797f0 secure :-1 s=READY pgs=52 cs=0 l=1 rev1=1 crypto rx=0x7f3ebc009680 tx=0x7f3ebc0316a0 comp rx=0 tx=0).stop
2024-09-13T13:23:58.537 INFO:teuthology.orchestra.run.smithi043.stdout:/usr/bin/ceph: stderr
2024-09-13T13:23:57.773+0000 7f3ed1f7b640 1 -- 172.21.15.43:0/980022193 shutdown_connections
2024-09-13T13:23:58.537 INFO:teuthology.orchestra.run.smithi043.stdout:/usr/bin/ceph: stderr
2024-09-13T13:23:57.773+0000 7f3ed1f7b640 1 --2- 172.21.15.43:0/980022193 >> [v2:172.21.15.43:6800/85481396,v1:172.21.15.43:6801/85481396] conn(0x7f3eb803f6a0 0x7f3eb8041b60 unknown :-1 s=CLOSED pgs=16 cs=0 l=1 rev1=1 crypto rx=0 tx=0 comp rx=0 tx=0).stop
2024-09-13T13:23:58.537 INFO:teuthology.orchestra.run.smithi043.stdout:/usr/bin/ceph: stderr
2024-09-13T13:23:57.773+0000 7f3ed1f7b640 1 --2- 172.21.15.43:0/980022193 >> [v2:172.21.15.43:3300/0,v1:172.21.15.43:6789/0] conn(0x7f3ecc1054c0 0x7f3ecc0797f0 unknown :-1 s=CLOSED pgs=52 cs=0 l=1 rev1=1 crypto rx=0 tx=0 comp rx=0 tx=0).stop
2024-09-13T13:23:58.537 INFO:teuthology.orchestra.run.smithi043.stdout:/usr/bin/ceph: stderr
2024-09-13T13:23:57.773+0000 7f3ed1f7b640 1 -- 172.21.15.43:0/980022193 >> 172.21.15.43:0/980022193 conn(0x7f3ecc100df0 msgr2=0x7f3ecc101a40 unknown :-1 s=STATE_NONE l=0).mark_down
2024-09-13T13:23:58.537 INFO:teuthology.orchestra.run.smithi043.stdout:/usr/bin/ceph: stderr
2024-09-13T13:23:57.773+0000 7f3ed1f7b640 1 -- 172.21.15.43:0/980022193 shutdown_connections
2024-09-13T13:23:58.537 INFO:teuthology.orchestra.run.smithi043.stdout:/usr/bin/ceph: stderr
2024-09-13T13:23:57.773+0000 7f3ed1f7b640 1 -- 172.21.15.43:0/980022193 wait complete.
2024-09-13T13:23:58.991 INFO:journalctl@ceph.mon.a.smithi043.stdout:Sep 13 13:23:58 smithi043 ceph-mon[30106]: pgmap v5: 0 pgs: ; 0 B data, 0 B used, 0 B / 0 B avail
2024-09-13T13:23:58.991 INFO:journalctl@ceph.mon.a.smithi043.stdout:Sep 13 13:23:58 smithi043 ceph-mon[30106]: from='client.? 172.21.15.43:0/980022193' entity='client.admin'
2024-09-13T13:24:00.109 INFO:teuthology.orchestra.run.smithi043.stdout:/usr/bin/ceph: stderr
2024-09-13T13:23:59.275+0000 7fb982bde640 1 Processor -- start
2024-09-13T13:24:00.109 INFO:teuthology.orchestra.run.smithi043.stdout:/usr/bin/ceph: stderr
2024-09-13T13:23:59.275+0000 7fb982bde640 1 -- start start
2024-09-13T13:24:00.109 INFO:teuthology.orchestra.run.smithi043.stdout:/usr/bin/ceph: stderr
2024-09-13T13:23:59.275+0000 7fb982bde640 1 --2- >> [v2:172.21.15.43:3300/0,v1:172.21.15.43:6789/0] conn(0x7fb97c1054c0 0x7fb97c1058c0 unknown :-1 s=NONE pgs=0 cs=0 l=0 rev1=0 crypto rx=0 tx=0 comp rx=0 tx=0).connect
2024-09-13T13:24:00.109 INFO:teuthology.orchestra.run.smithi043.stdout:/usr/bin/ceph: stderr
2024-09-13T13:23:59.275+0000 7fb982bde640 1 -- --> [v2:172.21.15.43:3300/0,v1:172.21.15.43:6789/0] -- mon_getmap magic: 0 -- 0x7fb97c105eb0 con 0x7fb97c1054c0
2024-09-13T13:24:00.109 INFO:teuthology.orchestra.run.smithi043.stdout:/usr/bin/ceph: stderr
2024-09-13T13:23:59.275+0000 7fb98097a640 1 --2- >> [v2:172.21.15.43:3300/0,v1:172.21.15.43:6789/0] conn(0x7fb97c1054c0 0x7fb97c1058c0 unknown :-1 s=BANNER_CONNECTING pgs=0 cs=0 l=0 rev1=0 crypto rx=0 tx=0 comp rx=0 tx=0)._handle_peer_banner_payload supported=3 required=0
2024-09-13T13:24:00.110 INFO:teuthology.orchestra.run.smithi043.stdout:/usr/bin/ceph: stderr
2024-09-13T13:23:59.275+0000 7fb98097a640 1 --2- >> [v2:172.21.15.43:3300/0,v1:172.21.15.43:6789/0] conn(0x7fb97c1054c0 0x7fb97c1058c0 unknown :-1 s=HELLO_CONNECTING pgs=0 cs=0 l=0 rev1=1 crypto rx=0 tx=0 comp rx=0 tx=0).handle_hello peer v2:172.21.15.43:3300/0 says I am v2:172.21.15.43:34930/0 (socket says 172.21.15.43:34930)
2024-09-13T13:24:00.110 INFO:teuthology.orchestra.run.smithi043.stdout:/usr/bin/ceph: stderr
2024-09-13T13:23:59.275+0000 7fb98097a640 1 -- 172.21.15.43:0/1619099350 learned_addr learned my addr 172.21.15.43:0/1619099350 (peer_addr_for_me v2:172.21.15.43:0/0)
2024-09-13T13:24:00.110 INFO:teuthology.orchestra.run.smithi043.stdout:/usr/bin/ceph: stderr
2024-09-13T13:23:59.275+0000 7fb98097a640 1 -- 172.21.15.43:0/1619099350 --> [v2:172.21.15.43:3300/0,v1:172.21.15.43:6789/0] -- mon_subscribe({config=0+,monmap=0+}) -- 0x7fb97c106030 con 0x7fb97c1054c0
2024-09-13T13:24:00.110 INFO:teuthology.orchestra.run.smithi043.stdout:/usr/bin/ceph: stderr
2024-09-13T13:23:59.276+0000 7fb98097a640 1 --2- 172.21.15.43:0/1619099350 >> [v2:172.21.15.43:3300/0,v1:172.21.15.43:6789/0] conn(0x7fb97c1054c0 0x7fb97c1058c0 secure :-1 s=READY pgs=53 cs=0 l=1 rev1=1 crypto rx=0x7fb964009820 tx=0x7fb96402a270 comp rx=0 tx=0).ready entity=mon.0 client_cookie=d14a3deafd288e19 server_cookie=0 in_seq=0 out_seq=0
2024-09-13T13:24:00.110 INFO:teuthology.orchestra.run.smithi043.stdout:/usr/bin/ceph: stderr
2024-09-13T13:23:59.276+0000 7fb97b7fe640 1 -- 172.21.15.43:0/1619099350 <== mon.0 v2:172.21.15.43:3300/0 1 ==== mon_map magic: 0 ==== 205+0+0 (secure 0 0 0) 0x7fb964037070 con 0x7fb97c1054c0
2024-09-13T13:24:00.110 INFO:teuthology.orchestra.run.smithi043.stdout:/usr/bin/ceph: stderr
2024-09-13T13:23:59.276+0000 7fb97b7fe640 1 -- 172.21.15.43:0/1619099350 <== mon.0 v2:172.21.15.43:3300/0 2 ==== config(23 keys) ==== 1003+0+0 (secure 0 0 0) 0x7fb964032890 con 0x7fb97c1054c0
2024-09-13T13:24:00.110 INFO:teuthology.orchestra.run.smithi043.stdout:/usr/bin/ceph: stderr
2024-09-13T13:23:59.276+0000 7fb97b7fe640 1 -- 172.21.15.43:0/1619099350 <== mon.0 v2:172.21.15.43:3300/0 3 ==== mon_map magic: 0 ==== 205+0+0 (secure 0 0 0) 0x7fb964030550 con 0x7fb97c1054c0
2024-09-13T13:24:00.110 INFO:teuthology.orchestra.run.smithi043.stdout:/usr/bin/ceph: stderr
2024-09-13T13:23:59.277+0000 7fb982bde640 1 -- 172.21.15.43:0/1619099350 >> [v2:172.21.15.43:3300/0,v1:172.21.15.43:6789/0] conn(0x7fb97c1054c0 msgr2=0x7fb97c1058c0 secure :-1 s=STATE_CONNECTION_ESTABLISHED l=1).mark_down
2024-09-13T13:24:00.110 INFO:teuthology.orchestra.run.smithi043.stdout:/usr/bin/ceph: stderr
2024-09-13T13:23:59.277+0000 7fb982bde640 1 --2- 172.21.15.43:0/1619099350 >> [v2:172.21.15.43:3300/0,v1:172.21.15.43:6789/0] conn(0x7fb97c1054c0 0x7fb97c1058c0 secure :-1 s=READY pgs=53 cs=0 l=1 rev1=1 crypto rx=0x7fb964009820 tx=0x7fb96402a270 comp rx=0 tx=0).stop
2024-09-13T13:24:00.110 INFO:teuthology.orchestra.run.smithi043.stdout:/usr/bin/ceph: stderr
2024-09-13T13:23:59.277+0000 7fb982bde640 1 -- 172.21.15.43:0/1619099350 shutdown_connections
2024-09-13T13:24:00.110 INFO:teuthology.orchestra.run.smithi043.stdout:/usr/bin/ceph: stderr
2024-09-13T13:23:59.277+0000 7fb982bde640 1 --2- 172.21.15.43:0/1619099350 >> [v2:172.21.15.43:3300/0,v1:172.21.15.43:6789/0] conn(0x7fb97c1054c0 0x7fb97c1058c0 unknown :-1 s=CLOSED pgs=53 cs=0 l=1 rev1=1 crypto rx=0 tx=0 comp rx=0 tx=0).stop
2024-09-13T13:24:00.110 INFO:teuthology.orchestra.run.smithi043.stdout:/usr/bin/ceph: stderr
2024-09-13T13:23:59.277+0000 7fb982bde640 1 -- 172.21.15.43:0/1619099350 >> 172.21.15.43:0/1619099350 conn(0x7fb97c100df0 msgr2=0x7fb97c103210 unknown :-1 s=STATE_NONE l=0).mark_down
2024-09-13T13:24:00.111 INFO:teuthology.orchestra.run.smithi043.stdout:/usr/bin/ceph: stderr
2024-09-13T13:23:59.277+0000 7fb982bde640 1 -- 172.21.15.43:0/1619099350 shutdown_connections
2024-09-13T13:24:00.111 INFO:teuthology.orchestra.run.smithi043.stdout:/usr/bin/ceph: stderr
2024-09-13T13:23:59.277+0000 7fb982bde640 1 -- 172.21.15.43:0/1619099350 wait complete.
2024-09-13T13:24:00.111 INFO:teuthology.orchestra.run.smithi043.stdout:/usr/bin/ceph: stderr
2024-09-13T13:23:59.278+0000 7fb982bde640 1 Processor -- start
2024-09-13T13:24:00.111 INFO:teuthology.orchestra.run.smithi043.stdout:/usr/bin/ceph: stderr
2024-09-13T13:23:59.278+0000 7fb982bde640 1 -- start start
2024-09-13T13:24:00.111 INFO:teuthology.orchestra.run.smithi043.stdout:/usr/bin/ceph: stderr
2024-09-13T13:23:59.278+0000 7fb982bde640 1 --2- >> [v2:172.21.15.43:3300/0,v1:172.21.15.43:6789/0] conn(0x7fb97c1054c0 0x7fb97c19a640 unknown :-1 s=NONE pgs=0 cs=0 l=1 rev1=0 crypto rx=0 tx=0 comp rx=0 tx=0).connect
2024-09-13T13:24:00.111 INFO:teuthology.orchestra.run.smithi043.stdout:/usr/bin/ceph: stderr
2024-09-13T13:23:59.278+0000 7fb982bde640 1 -- --> [v2:172.21.15.43:3300/0,v1:172.21.15.43:6789/0] -- mon_getmap magic: 0 -- 0x7fb97c109940 con 0x7fb97c1054c0
2024-09-13T13:24:00.111 INFO:teuthology.orchestra.run.smithi043.stdout:/usr/bin/ceph: stderr
2024-09-13T13:23:59.278+0000 7fb98097a640 1 --2- >> [v2:172.21.15.43:3300/0,v1:172.21.15.43:6789/0] conn(0x7fb97c1054c0 0x7fb97c19a640 unknown :-1 s=BANNER_CONNECTING pgs=0 cs=0 l=1 rev1=0 crypto rx=0 tx=0 comp rx=0 tx=0)._handle_peer_banner_payload supported=3 required=0
2024-09-13T13:24:00.111 INFO:teuthology.orchestra.run.smithi043.stdout:/usr/bin/ceph: stderr
2024-09-13T13:23:59.278+0000 7fb98097a640 1 --2- >> [v2:172.21.15.43:3300/0,v1:172.21.15.43:6789/0] conn(0x7fb97c1054c0 0x7fb97c19a640 unknown :-1 s=HELLO_CONNECTING pgs=0 cs=0 l=1 rev1=1 crypto rx=0 tx=0 comp rx=0 tx=0).handle_hello peer v2:172.21.15.43:3300/0 says I am v2:172.21.15.43:34944/0 (socket says 172.21.15.43:34944)
2024-09-13T13:24:00.111 INFO:teuthology.orchestra.run.smithi043.stdout:/usr/bin/ceph: stderr
2024-09-13T13:23:59.278+0000 7fb98097a640 1 -- 172.21.15.43:0/2672526784 learned_addr learned my addr 172.21.15.43:0/2672526784 (peer_addr_for_me v2:172.21.15.43:0/0)
2024-09-13T13:24:00.111 INFO:teuthology.orchestra.run.smithi043.stdout:/usr/bin/ceph: stderr
2024-09-13T13:23:59.278+0000 7fb98097a640 1 -- 172.21.15.43:0/2672526784 --> [v2:172.21.15.43:3300/0,v1:172.21.15.43:6789/0] -- mon_subscribe({config=0+,monmap=0+}) -- 0x7fb97c19aba0 con 0x7fb97c1054c0
2024-09-13T13:24:00.111 INFO:teuthology.orchestra.run.smithi043.stdout:/usr/bin/ceph: stderr
2024-09-13T13:23:59.278+0000 7fb98097a640 1 --2- 172.21.15.43:0/2672526784 >> [v2:172.21.15.43:3300/0,v1:172.21.15.43:6789/0] conn(0x7fb97c1054c0 0x7fb97c19a640 secure :-1 s=READY pgs=54 cs=0 l=1 rev1=1 crypto rx=0x7fb9640097f0 tx=0x7fb964030ad0 comp rx=0 tx=0).ready entity=mon.0 client_cookie=0 server_cookie=0 in_seq=0 out_seq=0
2024-09-13T13:24:00.112 INFO:teuthology.orchestra.run.smithi043.stdout:/usr/bin/ceph: stderr
2024-09-13T13:23:59.278+0000 7fb979ffb640 1 -- 172.21.15.43:0/2672526784 <== mon.0 v2:172.21.15.43:3300/0 1 ==== mon_map magic: 0 ==== 205+0+0 (secure 0 0 0) 0x7fb964037040 con 0x7fb97c1054c0
2024-09-13T13:24:00.112 INFO:teuthology.orchestra.run.smithi043.stdout:/usr/bin/ceph: stderr
2024-09-13T13:23:59.279+0000 7fb979ffb640 1 -- 172.21.15.43:0/2672526784 <== mon.0 v2:172.21.15.43:3300/0 2 ==== config(23 keys) ==== 1003+0+0 (secure 0 0 0) 0x7fb964040070 con 0x7fb97c1054c0
2024-09-13T13:24:00.112 INFO:teuthology.orchestra.run.smithi043.stdout:/usr/bin/ceph: stderr
2024-09-13T13:23:59.279+0000 7fb982bde640 1 -- 172.21.15.43:0/2672526784 --> [v2:172.21.15.43:3300/0,v1:172.21.15.43:6789/0] -- mon_subscribe({mgrmap=0+}) -- 0x7fb97c19ae30 con 0x7fb97c1054c0
2024-09-13T13:24:00.112 INFO:teuthology.orchestra.run.smithi043.stdout:/usr/bin/ceph: stderr
2024-09-13T13:23:59.279+0000 7fb979ffb640 1 -- 172.21.15.43:0/2672526784 <== mon.0 v2:172.21.15.43:3300/0 3 ==== mon_map magic: 0 ==== 205+0+0 (secure 0 0 0) 0x7fb96403bd00 con 0x7fb97c1054c0
2024-09-13T13:24:00.112 INFO:teuthology.orchestra.run.smithi043.stdout:/usr/bin/ceph: stderr
2024-09-13T13:23:59.279+0000 7fb982bde640 1 -- 172.21.15.43:0/2672526784 --> [v2:172.21.15.43:3300/0,v1:172.21.15.43:6789/0] -- mon_subscribe({osdmap=0}) -- 0x7fb97c19b7f0 con 0x7fb97c1054c0
2024-09-13T13:24:00.112 INFO:teuthology.orchestra.run.smithi043.stdout:/usr/bin/ceph: stderr
2024-09-13T13:23:59.280+0000 7fb982bde640 1 -- 172.21.15.43:0/2672526784 --> [v2:172.21.15.43:3300/0,v1:172.21.15.43:6789/0] -- mon_command({"prefix": "get_command_descriptions"} v 0) -- 0x7fb97c109ac0 con 0x7fb97c1054c0
2024-09-13T13:24:00.112 INFO:teuthology.orchestra.run.smithi043.stdout:/usr/bin/ceph: stderr
2024-09-13T13:23:59.280+0000 7fb979ffb640 1 -- 172.21.15.43:0/2672526784 <== mon.0 v2:172.21.15.43:3300/0 4 ==== mgrmap(e 9) ==== 51765+0+0 (secure 0 0 0) 0x7fb96403b430 con 0x7fb97c1054c0
2024-09-13T13:24:00.112 INFO:teuthology.orchestra.run.smithi043.stdout:/usr/bin/ceph: stderr
2024-09-13T13:23:59.280+0000 7fb979ffb640 1 --2- 172.21.15.43:0/2672526784 >> [v2:172.21.15.43:6800/85481396,v1:172.21.15.43:6801/85481396] conn(0x7fb96803f650 0x7fb968041b10 unknown :-1 s=NONE pgs=0 cs=0 l=1 rev1=0 crypto rx=0 tx=0 comp rx=0 tx=0).connect
2024-09-13T13:24:00.112 INFO:teuthology.orchestra.run.smithi043.stdout:/usr/bin/ceph: stderr
2024-09-13T13:23:59.280+0000 7fb979ffb640 1 -- 172.21.15.43:0/2672526784 <== mon.0 v2:172.21.15.43:3300/0 5 ==== osd_map(2..2 src has 1..2) ==== 940+0+0 (secure 0 0 0) 0x7fb964074260 con 0x7fb97c1054c0
2024-09-13T13:24:00.112 INFO:teuthology.orchestra.run.smithi043.stdout:/usr/bin/ceph: stderr
2024-09-13T13:23:59.280+0000 7fb97bfff640 1 --2- 172.21.15.43:0/2672526784 >> [v2:172.21.15.43:6800/85481396,v1:172.21.15.43:6801/85481396] conn(0x7fb96803f650 0x7fb968041b10 unknown :-1 s=BANNER_CONNECTING pgs=0 cs=0 l=1 rev1=0 crypto rx=0 tx=0 comp rx=0 tx=0)._handle_peer_banner_payload supported=3 required=0
2024-09-13T13:24:00.112 INFO:teuthology.orchestra.run.smithi043.stdout:/usr/bin/ceph: stderr
2024-09-13T13:23:59.281+0000 7fb97bfff640 1 --2- 172.21.15.43:0/2672526784 >> [v2:172.21.15.43:6800/85481396,v1:172.21.15.43:6801/85481396] conn(0x7fb96803f650 0x7fb968041b10 secure :-1 s=READY pgs=17 cs=0 l=1 rev1=1 crypto rx=0x7fb96c00ad30 tx=0x7fb96c0093f0 comp rx=0 tx=0).ready entity=mgr.14118 client_cookie=0 server_cookie=0 in_seq=0 out_seq=0
2024-09-13T13:24:00.113 INFO:teuthology.orchestra.run.smithi043.stdout:/usr/bin/ceph: stderr
2024-09-13T13:23:59.285+0000 7fb979ffb640 1 -- 172.21.15.43:0/2672526784 <== mon.0 v2:172.21.15.43:3300/0 6 ==== mon_command_ack([{"prefix": "get_command_descriptions"}]=0 v0) ==== 72+0+196987 (secure 0 0 0) 0x7fb9640313a0 con 0x7fb97c1054c0
2024-09-13T13:24:00.113 INFO:teuthology.orchestra.run.smithi043.stdout:/usr/bin/ceph: stderr
2024-09-13T13:23:59.486+0000 7fb982bde640 1 -- 172.21.15.43:0/2672526784 --> [v2:172.21.15.43:3300/0,v1:172.21.15.43:6789/0] -- mon_command([{prefix=config set, name=mgr/dashboard/ssl_server_port}] v 0) -- 0x7fb97c1058c0 con 0x7fb97c1054c0
2024-09-13T13:24:00.113 INFO:teuthology.orchestra.run.smithi043.stdout:/usr/bin/ceph: stderr
2024-09-13T13:23:59.489+0000 7fb979ffb640 1 -- 172.21.15.43:0/2672526784 <== mon.0 v2:172.21.15.43:3300/0 7 ==== mon_command_ack([{prefix=config set, name=mgr/dashboard/ssl_server_port}]=0 v8)=0 v8) ==== 130+0+0 (secure 0 0 0) 0x7fb964030c60 con 0x7fb97c1054c0
2024-09-13T13:24:00.113 INFO:teuthology.orchestra.run.smithi043.stdout:/usr/bin/ceph: stderr
2024-09-13T13:23:59.492+0000 7fb982bde640 1 -- 172.21.15.43:0/2672526784 >> [v2:172.21.15.43:6800/85481396,v1:172.21.15.43:6801/85481396] conn(0x7fb96803f650 msgr2=0x7fb968041b10 secure :-1 s=STATE_CONNECTION_ESTABLISHED l=1).mark_down
2024-09-13T13:24:00.113 INFO:teuthology.orchestra.run.smithi043.stdout:/usr/bin/ceph: stderr
2024-09-13T13:23:59.492+0000 7fb982bde640 1 --2- 172.21.15.43:0/2672526784 >> [v2:172.21.15.43:6800/85481396,v1:172.21.15.43:6801/85481396] conn(0x7fb96803f650 0x7fb968041b10 secure :-1 s=READY pgs=17 cs=0 l=1 rev1=1 crypto rx=0x7fb96c00ad30 tx=0x7fb96c0093f0 comp rx=0 tx=0).stop
2024-09-13T13:24:00.113 INFO:teuthology.orchestra.run.smithi043.stdout:/usr/bin/ceph: stderr
2024-09-13T13:23:59.492+0000 7fb982bde640 1 -- 172.21.15.43:0/2672526784 >> [v2:172.21.15.43:3300/0,v1:172.21.15.43:6789/0] conn(0x7fb97c1054c0 msgr2=0x7fb97c19a640 secure :-1 s=STATE_CONNECTION_ESTABLISHED l=1).mark_down
2024-09-13T13:24:00.113 INFO:teuthology.orchestra.run.smithi043.stdout:/usr/bin/ceph: stderr
2024-09-13T13:23:59.492+0000 7fb982bde640 1 --2- 172.21.15.43:0/2672526784 >> [v2:172.21.15.43:3300/0,v1:172.21.15.43:6789/0] conn(0x7fb97c1054c0 0x7fb97c19a640 secure :-1 s=READY pgs=54 cs=0 l=1 rev1=1 crypto rx=0x7fb9640097f0 tx=0x7fb964030ad0 comp rx=0 tx=0).stop
2024-09-13T13:24:00.113 INFO:teuthology.orchestra.run.smithi043.stdout:/usr/bin/ceph: stderr
2024-09-13T13:23:59.492+0000 7fb982bde640 1 -- 172.21.15.43:0/2672526784 shutdown_connections
2024-09-13T13:24:00.113 INFO:teuthology.orchestra.run.smithi043.stdout:/usr/bin/ceph: stderr
2024-09-13T13:23:59.492+0000 7fb982bde640 1 --2- 172.21.15.43:0/2672526784 >> [v2:172.21.15.43:6800/85481396,v1:172.21.15.43:6801/85481396] conn(0x7fb96803f650 0x7fb968041b10 unknown :-1 s=CLOSED pgs=17 cs=0 l=1 rev1=1 crypto rx=0 tx=0 comp rx=0 tx=0).stop
2024-09-13T13:24:00.113 INFO:teuthology.orchestra.run.smithi043.stdout:/usr/bin/ceph: stderr
2024-09-13T13:23:59.492+0000 7fb982bde640 1 --2- 172.21.15.43:0/2672526784 >> [v2:172.21.15.43:3300/0,v1:172.21.15.43:6789/0] conn(0x7fb97c1054c0 0x7fb97c19a640 unknown :-1 s=CLOSED pgs=54 cs=0 l=1 rev1=1 crypto rx=0 tx=0 comp rx=0 tx=0).stop
2024-09-13T13:24:00.113 INFO:teuthology.orchestra.run.smithi043.stdout:/usr/bin/ceph: stderr
2024-09-13T13:23:59.492+0000 7fb982bde640 1 -- 172.21.15.43:0/2672526784 >> 172.21.15.43:0/2672526784 conn(0x7fb97c100df0 msgr2=0x7fb97c078f70 unknown :-1 s=STATE_NONE l=0).mark_down
2024-09-13T13:24:00.113 INFO:teuthology.orchestra.run.smithi043.stdout:/usr/bin/ceph: stderr
2024-09-13T13:23:59.492+0000 7fb982bde640 1 -- 172.21.15.43:0/2672526784 shutdown_connections
2024-09-13T13:24:00.113 INFO:teuthology.orchestra.run.smithi043.stdout:/usr/bin/ceph: stderr
2024-09-13T13:23:59.492+0000 7fb982bde640 1 -- 172.21.15.43:0/2672526784 wait complete.
2024-09-13T13:24:00.114 INFO:teuthology.orchestra.run.smithi043.stdout:Enabling the dashboard module...
2024-09-13T13:24:00.368 INFO:journalctl@ceph.mon.a.smithi043.stdout:Sep 13 13:24:00 smithi043 ceph-mon[30106]: from='mgr.14118 172.21.15.43:0/322467154' entity='mgr.y'
2024-09-13T13:24:00.368 INFO:journalctl@ceph.mon.a.smithi043.stdout:Sep 13 13:24:00 smithi043 ceph-mon[30106]: pgmap v6: 0 pgs: ; 0 B data, 0 B used, 0 B / 0 B avail
2024-09-13T13:24:00.368 INFO:journalctl@ceph.mon.a.smithi043.stdout:Sep 13 13:24:00 smithi043 ceph-mon[30106]: from='client.? 172.21.15.43:0/2672526784' entity='client.admin'
2024-09-13T13:24:02.136 INFO:journalctl@ceph.mon.a.smithi043.stdout:Sep 13 13:24:01 smithi043 ceph-mon[30106]: from='mgr.14118 172.21.15.43:0/322467154' entity='mgr.y'
2024-09-13T13:24:02.136 INFO:journalctl@ceph.mon.a.smithi043.stdout:Sep 13 13:24:01 smithi043 ceph-mon[30106]: from='client.? 172.21.15.43:0/3503796186' entity='client.admin' cmd={"prefix": "mgr module enable", "module": "dashboard"} : dispatch
2024-09-13T13:24:02.136 INFO:journalctl@ceph.mgr.y.smithi043.stdout:Sep 13 13:24:01 smithi043 ceph-39cb2aa4-71d3-11ef-bceb-c7b262605968-mgr-y[30358]: ignoring --setuser ceph since I am not root
2024-09-13T13:24:02.136 INFO:journalctl@ceph.mgr.y.smithi043.stdout:Sep 13 13:24:01 smithi043 ceph-39cb2aa4-71d3-11ef-bceb-c7b262605968-mgr-y[30358]: ignoring --setgroup ceph since I am not root
2024-09-13T13:24:02.688 INFO:teuthology.orchestra.run.smithi043.stdout:/usr/bin/ceph: stderr
2024-09-13T13:24:00.581+0000 7fe530e18640 1 Processor -- start
2024-09-13T13:24:02.689 INFO:teuthology.orchestra.run.smithi043.stdout:/usr/bin/ceph: stderr
2024-09-13T13:24:00.581+0000 7fe530e18640 1 -- start start
2024-09-13T13:24:02.689 INFO:teuthology.orchestra.run.smithi043.stdout:/usr/bin/ceph: stderr
2024-09-13T13:24:00.581+0000 7fe530e18640 1 --2- >> [v2:172.21.15.43:3300/0,v1:172.21.15.43:6789/0] conn(0x7fe52c079ab0 0x7fe52c10b580 unknown :-1 s=NONE pgs=0 cs=0 l=0 rev1=0 crypto rx=0 tx=0 comp rx=0 tx=0).connect
2024-09-13T13:24:02.689 INFO:teuthology.orchestra.run.smithi043.stdout:/usr/bin/ceph: stderr
2024-09-13T13:24:00.581+0000 7fe530e18640 1 -- --> [v2:172.21.15.43:3300/0,v1:172.21.15.43:6789/0] -- mon_getmap magic: 0 -- 0x7fe52c079eb0 con 0x7fe52c079ab0
2024-09-13T13:24:02.689 INFO:teuthology.orchestra.run.smithi043.stdout:/usr/bin/ceph: stderr
2024-09-13T13:24:00.582+0000 7fe52a59c640 1 --2- >> [v2:172.21.15.43:3300/0,v1:172.21.15.43:6789/0] conn(0x7fe52c079ab0 0x7fe52c10b580 unknown :-1 s=BANNER_CONNECTING pgs=0 cs=0 l=0 rev1=0 crypto rx=0 tx=0 comp rx=0 tx=0)._handle_peer_banner_payload supported=3 required=0
2024-09-13T13:24:02.689 INFO:teuthology.orchestra.run.smithi043.stdout:/usr/bin/ceph: stderr
2024-09-13T13:24:00.582+0000 7fe52a59c640 1 --2- >> [v2:172.21.15.43:3300/0,v1:172.21.15.43:6789/0] conn(0x7fe52c079ab0 0x7fe52c10b580 unknown :-1 s=HELLO_CONNECTING pgs=0 cs=0 l=0 rev1=1 crypto rx=0 tx=0 comp rx=0 tx=0).handle_hello peer v2:172.21.15.43:3300/0 says I am v2:172.21.15.43:34958/0 (socket says 172.21.15.43:34958)
2024-09-13T13:24:02.689 INFO:teuthology.orchestra.run.smithi043.stdout:/usr/bin/ceph: stderr
2024-09-13T13:24:00.582+0000 7fe52a59c640 1 -- 172.21.15.43:0/1943701189 learned_addr learned my addr 172.21.15.43:0/1943701189 (peer_addr_for_me v2:172.21.15.43:0/0)
2024-09-13T13:24:02.689 INFO:teuthology.orchestra.run.smithi043.stdout:/usr/bin/ceph: stderr
2024-09-13T13:24:00.582+0000 7fe52a59c640 1 -- 172.21.15.43:0/1943701189 --> [v2:172.21.15.43:3300/0,v1:172.21.15.43:6789/0] -- mon_subscribe({config=0+,monmap=0+}) -- 0x7fe52c10bac0 con 0x7fe52c079ab0
2024-09-13T13:24:02.689 INFO:teuthology.orchestra.run.smithi043.stdout:/usr/bin/ceph: stderr
2024-09-13T13:24:00.583+0000 7fe52a59c640 1 --2- 172.21.15.43:0/1943701189 >> [v2:172.21.15.43:3300/0,v1:172.21.15.43:6789/0] conn(0x7fe52c079ab0 0x7fe52c10b580 secure :-1 s=READY pgs=55 cs=0 l=1 rev1=1 crypto rx=0x7fe51c009820 tx=0x7fe51c02a270 comp rx=0 tx=0).ready entity=mon.0 client_cookie=29808577c37368e9 server_cookie=0 in_seq=0 out_seq=0
2024-09-13T13:24:02.689 INFO:teuthology.orchestra.run.smithi043.stdout:/usr/bin/ceph: stderr
2024-09-13T13:24:00.583+0000 7fe529d9b640 1 -- 172.21.15.43:0/1943701189 <== mon.0 v2:172.21.15.43:3300/0 1 ==== mon_map magic: 0 ==== 205+0+0 (secure 0 0 0) 0x7fe51c037070 con 0x7fe52c079ab0
2024-09-13T13:24:02.689 INFO:teuthology.orchestra.run.smithi043.stdout:/usr/bin/ceph: stderr
2024-09-13T13:24:00.583+0000 7fe529d9b640 1 -- 172.21.15.43:0/1943701189 <== mon.0 v2:172.21.15.43:3300/0 2 ==== config(23 keys) ==== 1003+0+0 (secure 0 0 0) 0x7fe51c032890 con 0x7fe52c079ab0
2024-09-13T13:24:02.689 INFO:teuthology.orchestra.run.smithi043.stdout:/usr/bin/ceph: stderr
2024-09-13T13:24:00.583+0000 7fe529d9b640 1 -- 172.21.15.43:0/1943701189 <== mon.0 v2:172.21.15.43:3300/0 3 ==== mon_map magic: 0 ==== 205+0+0 (secure 0 0 0) 0x7fe51c030550 con 0x7fe52c079ab0
2024-09-13T13:24:02.690 INFO:teuthology.orchestra.run.smithi043.stdout:/usr/bin/ceph: stderr
2024-09-13T13:24:00.584+0000 7fe530e18640 1 -- 172.21.15.43:0/1943701189 >> [v2:172.21.15.43:3300/0,v1:172.21.15.43:6789/0] conn(0x7fe52c079ab0 msgr2=0x7fe52c10b580 secure :-1 s=STATE_CONNECTION_ESTABLISHED l=1).mark_down
2024-09-13T13:24:02.690 INFO:teuthology.orchestra.run.smithi043.stdout:/usr/bin/ceph: stderr
2024-09-13T13:24:00.584+0000 7fe530e18640 1 --2- 172.21.15.43:0/1943701189 >> [v2:172.21.15.43:3300/0,v1:172.21.15.43:6789/0] conn(0x7fe52c079ab0 0x7fe52c10b580 secure :-1 s=READY pgs=55 cs=0 l=1 rev1=1 crypto rx=0x7fe51c009820 tx=0x7fe51c02a270 comp rx=0 tx=0).stop
2024-09-13T13:24:02.690 INFO:teuthology.orchestra.run.smithi043.stdout:/usr/bin/ceph: stderr
2024-09-13T13:24:00.584+0000 7fe530e18640 1 -- 172.21.15.43:0/1943701189 shutdown_connections
2024-09-13T13:24:02.690 INFO:teuthology.orchestra.run.smithi043.stdout:/usr/bin/ceph: stderr
2024-09-13T13:24:00.584+0000 7fe530e18640 1 --2- 172.21.15.43:0/1943701189 >> [v2:172.21.15.43:3300/0,v1:172.21.15.43:6789/0] conn(0x7fe52c079ab0 0x7fe52c10b580 unknown :-1 s=CLOSED pgs=55 cs=0 l=1 rev1=1 crypto rx=0 tx=0 comp rx=0 tx=0).stop
2024-09-13T13:24:02.690 INFO:teuthology.orchestra.run.smithi043.stdout:/usr/bin/ceph: stderr
2024-09-13T13:24:00.584+0000 7fe530e18640 1 -- 172.21.15.43:0/1943701189 >> 172.21.15.43:0/1943701189 conn(0x7fe52c100df0 msgr2=0x7fe52c103210 unknown :-1 s=STATE_NONE l=0).mark_down
2024-09-13T13:24:02.690 INFO:teuthology.orchestra.run.smithi043.stdout:/usr/bin/ceph: stderr
2024-09-13T13:24:00.584+0000 7fe530e18640 1 -- 172.21.15.43:0/1943701189 shutdown_connections
2024-09-13T13:24:02.690 INFO:teuthology.orchestra.run.smithi043.stdout:/usr/bin/ceph: stderr
2024-09-13T13:24:00.584+0000 7fe530e18640 1 -- 172.21.15.43:0/1943701189 wait complete.
2024-09-13T13:24:02.690 INFO:teuthology.orchestra.run.smithi043.stdout:/usr/bin/ceph: stderr
2024-09-13T13:24:00.585+0000 7fe530e18640 1 Processor -- start
2024-09-13T13:24:02.690 INFO:teuthology.orchestra.run.smithi043.stdout:/usr/bin/ceph: stderr
2024-09-13T13:24:00.585+0000 7fe530e18640 1 -- start start
2024-09-13T13:24:02.690 INFO:teuthology.orchestra.run.smithi043.stdout:/usr/bin/ceph: stderr
2024-09-13T13:24:00.585+0000 7fe530e18640 1 --2- >> [v2:172.21.15.43:3300/0,v1:172.21.15.43:6789/0] conn(0x7fe52c079ab0 0x7fe52c19c830 unknown :-1 s=NONE pgs=0 cs=0 l=1 rev1=0 crypto rx=0 tx=0 comp rx=0 tx=0).connect
2024-09-13T13:24:02.690 INFO:teuthology.orchestra.run.smithi043.stdout:/usr/bin/ceph: stderr
2024-09-13T13:24:00.585+0000 7fe530e18640 1 -- --> [v2:172.21.15.43:3300/0,v1:172.21.15.43:6789/0] -- mon_getmap magic: 0 -- 0x7fe52c10cb20 con 0x7fe52c079ab0
2024-09-13T13:24:02.690 INFO:teuthology.orchestra.run.smithi043.stdout:/usr/bin/ceph: stderr
2024-09-13T13:24:00.585+0000 7fe52a59c640 1 --2- >> [v2:172.21.15.43:3300/0,v1:172.21.15.43:6789/0] conn(0x7fe52c079ab0 0x7fe52c19c830 unknown :-1 s=BANNER_CONNECTING pgs=0 cs=0 l=1 rev1=0 crypto rx=0 tx=0 comp rx=0 tx=0)._handle_peer_banner_payload supported=3 required=0
2024-09-13T13:24:02.691 INFO:teuthology.orchestra.run.smithi043.stdout:/usr/bin/ceph: stderr
2024-09-13T13:24:00.585+0000 7fe52a59c640 1 --2- >> [v2:172.21.15.43:3300/0,v1:172.21.15.43:6789/0] conn(0x7fe52c079ab0 0x7fe52c19c830 unknown :-1 s=HELLO_CONNECTING pgs=0 cs=0 l=1 rev1=1 crypto rx=0 tx=0 comp rx=0 tx=0).handle_hello peer v2:172.21.15.43:3300/0 says I am v2:172.21.15.43:34974/0 (socket says 172.21.15.43:34974)
2024-09-13T13:24:02.691 INFO:teuthology.orchestra.run.smithi043.stdout:/usr/bin/ceph: stderr
2024-09-13T13:24:00.585+0000 7fe52a59c640 1 -- 172.21.15.43:0/3503796186 learned_addr learned my addr 172.21.15.43:0/3503796186 (peer_addr_for_me v2:172.21.15.43:0/0)
2024-09-13T13:24:02.691 INFO:teuthology.orchestra.run.smithi043.stdout:/usr/bin/ceph: stderr
