2024-09-21T11:48:23.357 INFO:journalctl@ceph.mon.a.smithi107.stdout: s = self.context.wrap_socket(
2024-09-21T11:48:23.357 INFO:journalctl@ceph.mon.a.smithi107.stdout: File "/lib64/python3.9/ssl.py", line 501, in wrap_socket
2024-09-21T11:48:23.357 INFO:journalctl@ceph.mon.a.smithi107.stdout: return self.sslsocket_class._create(
2024-09-21T11:48:23.357 INFO:journalctl@ceph.mon.a.smithi107.stdout: File "/lib64/python3.9/ssl.py", line 1074, in _create
2024-09-21T11:48:23.357 INFO:journalctl@ceph.mon.a.smithi107.stdout: self.do_handshake()
2024-09-21T11:48:23.357 INFO:journalctl@ceph.mon.a.smithi107.stdout: File "/lib64/python3.9/ssl.py", line 1343, in do_handshake
2024-09-21T11:48:23.357 INFO:journalctl@ceph.mon.a.smithi107.stdout: self._sslobj.do_handshake()
2024-09-21T11:48:23.357 INFO:journalctl@ceph.mon.a.smithi107.stdout: ssl.SSLZeroReturnError: TLS/SSL connection has been closed (EOF) (_ssl.c:1133)
2024-09-21T11:48:23.357 INFO:journalctl@ceph.mon.a.smithi107.stdout:Sep 21 11:48:23 smithi107 ceph-mon[30293]: [21/Sep/2024:11:48:21] ENGINE Serving on http://172.21.15.107:8765
2024-09-21T11:48:23.358 INFO:journalctl@ceph.mon.a.smithi107.stdout:Sep 21 11:48:23 smithi107 ceph-mon[30293]: [21/Sep/2024:11:48:21] ENGINE Bus STARTED
2024-09-21T11:48:23.358 INFO:journalctl@ceph.mon.a.smithi107.stdout:Sep 21 11:48:23 smithi107 ceph-mon[30293]: from='client.? 172.21.15.107:0/184350276' entity='client.admin' cmd='[{"prefix": "mgr module enable", "module": "orchestrator"}]': finished
2024-09-21T11:48:23.358 INFO:journalctl@ceph.mon.a.smithi107.stdout:Sep 21 11:48:23 smithi107 ceph-mon[30293]: mgrmap e9: y(active, since 3s)
2024-09-21T11:48:24.212 INFO:teuthology.orchestra.run.smithi107.stdout:/usr/bin/ceph: stderr
2024-09-21T11:48:23.438+0000 7f5e1264f640 1 Processor -- start
2024-09-21T11:48:24.212 INFO:teuthology.orchestra.run.smithi107.stdout:/usr/bin/ceph: stderr
2024-09-21T11:48:23.438+0000 7f5e1264f640 1 -- start start
2024-09-21T11:48:24.212 INFO:teuthology.orchestra.run.smithi107.stdout:/usr/bin/ceph: stderr
2024-09-21T11:48:23.438+0000 7f5e1264f640 1 --2- >> [v2:172.21.15.107:3300/0,v1:172.21.15.107:6789/0] conn(0x7f5e0c07bc60 0x7f5e0c07a2c0 unknown :-1 s=NONE pgs=0 cs=0 l=0 rev1=0 crypto rx=0 tx=0 comp rx=0 tx=0).connect
2024-09-21T11:48:24.212 INFO:teuthology.orchestra.run.smithi107.stdout:/usr/bin/ceph: stderr
2024-09-21T11:48:23.438+0000 7f5e1264f640 1 -- --> [v2:172.21.15.107:3300/0,v1:172.21.15.107:6789/0] -- mon_getmap magic: 0 -- 0x7f5e0c07c110 con 0x7f5e0c07bc60
2024-09-21T11:48:24.212 INFO:teuthology.orchestra.run.smithi107.stdout:/usr/bin/ceph: stderr
2024-09-21T11:48:23.438+0000 7f5e0bfff640 1 --2- >> [v2:172.21.15.107:3300/0,v1:172.21.15.107:6789/0] conn(0x7f5e0c07bc60 0x7f5e0c07a2c0 unknown :-1 s=BANNER_CONNECTING pgs=0 cs=0 l=0 rev1=0 crypto rx=0 tx=0 comp rx=0 tx=0)._handle_peer_banner_payload supported=3 required=0
2024-09-21T11:48:24.213 INFO:teuthology.orchestra.run.smithi107.stdout:/usr/bin/ceph: stderr
2024-09-21T11:48:23.439+0000 7f5e0bfff640 1 --2- >> [v2:172.21.15.107:3300/0,v1:172.21.15.107:6789/0] conn(0x7f5e0c07bc60 0x7f5e0c07a2c0 unknown :-1 s=HELLO_CONNECTING pgs=0 cs=0 l=0 rev1=1 crypto rx=0 tx=0 comp rx=0 tx=0).handle_hello peer v2:172.21.15.107:3300/0 says I am v2:172.21.15.107:47558/0 (socket says 172.21.15.107:47558)
2024-09-21T11:48:24.213 INFO:teuthology.orchestra.run.smithi107.stdout:/usr/bin/ceph: stderr
2024-09-21T11:48:23.439+0000 7f5e0bfff640 1 -- 172.21.15.107:0/790093683 learned_addr learned my addr 172.21.15.107:0/790093683 (peer_addr_for_me v2:172.21.15.107:0/0)
2024-09-21T11:48:24.213 INFO:teuthology.orchestra.run.smithi107.stdout:/usr/bin/ceph: stderr
2024-09-21T11:48:23.439+0000 7f5e0bfff640 1 -- 172.21.15.107:0/790093683 --> [v2:172.21.15.107:3300/0,v1:172.21.15.107:6789/0] -- mon_subscribe({config=0+,monmap=0+}) -- 0x7f5e0c07a800 con 0x7f5e0c07bc60
2024-09-21T11:48:24.213 INFO:teuthology.orchestra.run.smithi107.stdout:/usr/bin/ceph: stderr
2024-09-21T11:48:23.439+0000 7f5e0bfff640 1 --2- 172.21.15.107:0/790093683 >> [v2:172.21.15.107:3300/0,v1:172.21.15.107:6789/0] conn(0x7f5e0c07bc60 0x7f5e0c07a2c0 secure :-1 s=READY pgs=37 cs=0 l=1 rev1=1 crypto rx=0x7f5dfc009820 tx=0x7f5dfc02a270 comp rx=0 tx=0).ready entity=mon.0 client_cookie=4d6c62cf57e6147f server_cookie=0 in_seq=0 out_seq=0
2024-09-21T11:48:24.213 INFO:teuthology.orchestra.run.smithi107.stdout:/usr/bin/ceph: stderr
2024-09-21T11:48:23.440+0000 7f5e0affd640 1 -- 172.21.15.107:0/790093683 <== mon.0 v2:172.21.15.107:3300/0 1 ==== mon_map magic: 0 ==== 205+0+0 (secure 0 0 0) 0x7f5dfc037070 con 0x7f5e0c07bc60
2024-09-21T11:48:24.213 INFO:teuthology.orchestra.run.smithi107.stdout:/usr/bin/ceph: stderr
2024-09-21T11:48:23.440+0000 7f5e0affd640 1 -- 172.21.15.107:0/790093683 <== mon.0 v2:172.21.15.107:3300/0 2 ==== config(23 keys) ==== 972+0+0 (secure 0 0 0) 0x7f5dfc032870 con 0x7f5e0c07bc60
2024-09-21T11:48:24.213 INFO:teuthology.orchestra.run.smithi107.stdout:/usr/bin/ceph: stderr
2024-09-21T11:48:23.440+0000 7f5e0affd640 1 -- 172.21.15.107:0/790093683 <== mon.0 v2:172.21.15.107:3300/0 3 ==== mon_map magic: 0 ==== 205+0+0 (secure 0 0 0) 0x7f5dfc0305d0 con 0x7f5e0c07bc60
2024-09-21T11:48:24.213 INFO:teuthology.orchestra.run.smithi107.stdout:/usr/bin/ceph: stderr
2024-09-21T11:48:23.440+0000 7f5e1264f640 1 -- 172.21.15.107:0/790093683 >> [v2:172.21.15.107:3300/0,v1:172.21.15.107:6789/0] conn(0x7f5e0c07bc60 msgr2=0x7f5e0c07a2c0 secure :-1 s=STATE_CONNECTION_ESTABLISHED l=1).mark_down
2024-09-21T11:48:24.214 INFO:teuthology.orchestra.run.smithi107.stdout:/usr/bin/ceph: stderr
2024-09-21T11:48:23.440+0000 7f5e1264f640 1 --2- 172.21.15.107:0/790093683 >> [v2:172.21.15.107:3300/0,v1:172.21.15.107:6789/0] conn(0x7f5e0c07bc60 0x7f5e0c07a2c0 secure :-1 s=READY pgs=37 cs=0 l=1 rev1=1 crypto rx=0x7f5dfc009820 tx=0x7f5dfc02a270 comp rx=0 tx=0).stop
2024-09-21T11:48:24.214 INFO:teuthology.orchestra.run.smithi107.stdout:/usr/bin/ceph: stderr
2024-09-21T11:48:23.440+0000 7f5e1264f640 1 -- 172.21.15.107:0/790093683 shutdown_connections
2024-09-21T11:48:24.214 INFO:teuthology.orchestra.run.smithi107.stdout:/usr/bin/ceph: stderr
2024-09-21T11:48:23.440+0000 7f5e1264f640 1 --2- 172.21.15.107:0/790093683 >> [v2:172.21.15.107:3300/0,v1:172.21.15.107:6789/0] conn(0x7f5e0c07bc60 0x7f5e0c07a2c0 unknown :-1 s=CLOSED pgs=37 cs=0 l=1 rev1=1 crypto rx=0 tx=0 comp rx=0 tx=0).stop
2024-09-21T11:48:24.214 INFO:teuthology.orchestra.run.smithi107.stdout:/usr/bin/ceph: stderr
2024-09-21T11:48:23.440+0000 7f5e1264f640 1 -- 172.21.15.107:0/790093683 >> 172.21.15.107:0/790093683 conn(0x7f5e0c101f30 msgr2=0x7f5e0c104350 unknown :-1 s=STATE_NONE l=0).mark_down
2024-09-21T11:48:24.214 INFO:teuthology.orchestra.run.smithi107.stdout:/usr/bin/ceph: stderr
2024-09-21T11:48:23.440+0000 7f5e1264f640 1 -- 172.21.15.107:0/790093683 shutdown_connections
2024-09-21T11:48:24.214 INFO:teuthology.orchestra.run.smithi107.stdout:/usr/bin/ceph: stderr
2024-09-21T11:48:23.440+0000 7f5e1264f640 1 -- 172.21.15.107:0/790093683 wait complete.
2024-09-21T11:48:24.214 INFO:teuthology.orchestra.run.smithi107.stdout:/usr/bin/ceph: stderr
2024-09-21T11:48:23.441+0000 7f5e1264f640 1 Processor -- start
2024-09-21T11:48:24.215 INFO:teuthology.orchestra.run.smithi107.stdout:/usr/bin/ceph: stderr
2024-09-21T11:48:23.441+0000 7f5e1264f640 1 -- start start
2024-09-21T11:48:24.215 INFO:teuthology.orchestra.run.smithi107.stdout:/usr/bin/ceph: stderr
2024-09-21T11:48:23.441+0000 7f5e1264f640 1 --2- >> [v2:172.21.15.107:3300/0,v1:172.21.15.107:6789/0] conn(0x7f5e0c07bc60 0x7f5e0c19c830 unknown :-1 s=NONE pgs=0 cs=0 l=1 rev1=0 crypto rx=0 tx=0 comp rx=0 tx=0).connect
2024-09-21T11:48:24.215 INFO:teuthology.orchestra.run.smithi107.stdout:/usr/bin/ceph: stderr
2024-09-21T11:48:23.441+0000 7f5e1264f640 1 -- --> [v2:172.21.15.107:3300/0,v1:172.21.15.107:6789/0] -- mon_getmap magic: 0 -- 0x7f5e0c10cab0 con 0x7f5e0c07bc60
2024-09-21T11:48:24.215 INFO:teuthology.orchestra.run.smithi107.stdout:/usr/bin/ceph: stderr
2024-09-21T11:48:23.441+0000 7f5e0bfff640 1 --2- >> [v2:172.21.15.107:3300/0,v1:172.21.15.107:6789/0] conn(0x7f5e0c07bc60 0x7f5e0c19c830 unknown :-1 s=BANNER_CONNECTING pgs=0 cs=0 l=1 rev1=0 crypto rx=0 tx=0 comp rx=0 tx=0)._handle_peer_banner_payload supported=3 required=0
2024-09-21T11:48:24.215 INFO:teuthology.orchestra.run.smithi107.stdout:/usr/bin/ceph: stderr
2024-09-21T11:48:23.441+0000 7f5e0bfff640 1 --2- >> [v2:172.21.15.107:3300/0,v1:172.21.15.107:6789/0] conn(0x7f5e0c07bc60 0x7f5e0c19c830 unknown :-1 s=HELLO_CONNECTING pgs=0 cs=0 l=1 rev1=1 crypto rx=0 tx=0 comp rx=0 tx=0).handle_hello peer v2:172.21.15.107:3300/0 says I am v2:172.21.15.107:47562/0 (socket says 172.21.15.107:47562)
2024-09-21T11:48:24.215 INFO:teuthology.orchestra.run.smithi107.stdout:/usr/bin/ceph: stderr
2024-09-21T11:48:23.441+0000 7f5e0bfff640 1 -- 172.21.15.107:0/2950306485 learned_addr learned my addr 172.21.15.107:0/2950306485 (peer_addr_for_me v2:172.21.15.107:0/0)
2024-09-21T11:48:24.215 INFO:teuthology.orchestra.run.smithi107.stdout:/usr/bin/ceph: stderr
2024-09-21T11:48:23.442+0000 7f5e0bfff640 1 -- 172.21.15.107:0/2950306485 --> [v2:172.21.15.107:3300/0,v1:172.21.15.107:6789/0] -- mon_subscribe({config=0+,monmap=0+}) -- 0x7f5e0c19cd90 con 0x7f5e0c07bc60
2024-09-21T11:48:24.215 INFO:teuthology.orchestra.run.smithi107.stdout:/usr/bin/ceph: stderr
2024-09-21T11:48:23.442+0000 7f5e0bfff640 1 --2- 172.21.15.107:0/2950306485 >> [v2:172.21.15.107:3300/0,v1:172.21.15.107:6789/0] conn(0x7f5e0c07bc60 0x7f5e0c19c830 secure :-1 s=READY pgs=38 cs=0 l=1 rev1=1 crypto rx=0x7f5dfc0097f0 tx=0x7f5dfc030b00 comp rx=0 tx=0).ready entity=mon.0 client_cookie=0 server_cookie=0 in_seq=0 out_seq=0
2024-09-21T11:48:24.216 INFO:teuthology.orchestra.run.smithi107.stdout:/usr/bin/ceph: stderr
2024-09-21T11:48:23.442+0000 7f5e097fa640 1 -- 172.21.15.107:0/2950306485 <== mon.0 v2:172.21.15.107:3300/0 1 ==== mon_map magic: 0 ==== 205+0+0 (secure 0 0 0) 0x7f5dfc03f020 con 0x7f5e0c07bc60
2024-09-21T11:48:24.216 INFO:teuthology.orchestra.run.smithi107.stdout:/usr/bin/ceph: stderr
2024-09-21T11:48:23.442+0000 7f5e097fa640 1 -- 172.21.15.107:0/2950306485 <== mon.0 v2:172.21.15.107:3300/0 2 ==== config(23 keys) ==== 972+0+0 (secure 0 0 0) 0x7f5dfc030dc0 con 0x7f5e0c07bc60
2024-09-21T11:48:24.216 INFO:teuthology.orchestra.run.smithi107.stdout:/usr/bin/ceph: stderr
2024-09-21T11:48:23.442+0000 7f5e1264f640 1 -- 172.21.15.107:0/2950306485 --> [v2:172.21.15.107:3300/0,v1:172.21.15.107:6789/0] -- mon_subscribe({mgrmap=0+}) -- 0x7f5e0c19d020 con 0x7f5e0c07bc60
2024-09-21T11:48:24.216 INFO:teuthology.orchestra.run.smithi107.stdout:/usr/bin/ceph: stderr
2024-09-21T11:48:23.442+0000 7f5e097fa640 1 -- 172.21.15.107:0/2950306485 <== mon.0 v2:172.21.15.107:3300/0 3 ==== mon_map magic: 0 ==== 205+0+0 (secure 0 0 0) 0x7f5dfc037040 con 0x7f5e0c07bc60
2024-09-21T11:48:24.216 INFO:teuthology.orchestra.run.smithi107.stdout:/usr/bin/ceph: stderr
2024-09-21T11:48:23.442+0000 7f5e1264f640 1 -- 172.21.15.107:0/2950306485 --> [v2:172.21.15.107:3300/0,v1:172.21.15.107:6789/0] -- mon_subscribe({osdmap=0}) -- 0x7f5e0c19d9e0 con 0x7f5e0c07bc60
2024-09-21T11:48:24.216 INFO:teuthology.orchestra.run.smithi107.stdout:/usr/bin/ceph: stderr
2024-09-21T11:48:23.443+0000 7f5e097fa640 1 -- 172.21.15.107:0/2950306485 <== mon.0 v2:172.21.15.107:3300/0 4 ==== mgrmap(e 9) ==== 51842+0+0 (secure 0 0 0) 0x7f5dfc042020 con 0x7f5e0c07bc60
2024-09-21T11:48:24.216 INFO:teuthology.orchestra.run.smithi107.stdout:/usr/bin/ceph: stderr
2024-09-21T11:48:23.443+0000 7f5e097fa640 1 --2- 172.21.15.107:0/2950306485 >> [v2:172.21.15.107:6800/1807990149,v1:172.21.15.107:6801/1807990149] conn(0x7f5df403f7f0 0x7f5df4041cb0 unknown :-1 s=NONE pgs=0 cs=0 l=1 rev1=0 crypto rx=0 tx=0 comp rx=0 tx=0).connect
2024-09-21T11:48:24.216 INFO:teuthology.orchestra.run.smithi107.stdout:/usr/bin/ceph: stderr
2024-09-21T11:48:23.443+0000 7f5e097fa640 1 -- 172.21.15.107:0/2950306485 <== mon.0 v2:172.21.15.107:3300/0 5 ==== osd_map(2..2 src has 1..2) ==== 940+0+0 (secure 0 0 0) 0x7f5dfc074760 con 0x7f5e0c07bc60
2024-09-21T11:48:24.217 INFO:teuthology.orchestra.run.smithi107.stdout:/usr/bin/ceph: stderr
2024-09-21T11:48:23.443+0000 7f5e1264f640 1 -- 172.21.15.107:0/2950306485 --> [v2:172.21.15.107:3300/0,v1:172.21.15.107:6789/0] -- mon_command({"prefix": "get_command_descriptions"} v 0) -- 0x7f5e0c07a340 con 0x7f5e0c07bc60
2024-09-21T11:48:24.217 INFO:teuthology.orchestra.run.smithi107.stdout:/usr/bin/ceph: stderr
2024-09-21T11:48:23.443+0000 7f5e0b7fe640 1 --2- 172.21.15.107:0/2950306485 >> [v2:172.21.15.107:6800/1807990149,v1:172.21.15.107:6801/1807990149] conn(0x7f5df403f7f0 0x7f5df4041cb0 unknown :-1 s=BANNER_CONNECTING pgs=0 cs=0 l=1 rev1=0 crypto rx=0 tx=0 comp rx=0 tx=0)._handle_peer_banner_payload supported=3 required=0
2024-09-21T11:48:24.217 INFO:teuthology.orchestra.run.smithi107.stdout:/usr/bin/ceph: stderr
2024-09-21T11:48:23.443+0000 7f5e0b7fe640 1 --2- 172.21.15.107:0/2950306485 >> [v2:172.21.15.107:6800/1807990149,v1:172.21.15.107:6801/1807990149] conn(0x7f5df403f7f0 0x7f5df4041cb0 secure :-1 s=READY pgs=8 cs=0 l=1 rev1=1 crypto rx=0x7f5e000098c0 tx=0x7f5e00006db0 comp rx=0 tx=0).ready entity=mgr.14118 client_cookie=0 server_cookie=0 in_seq=0 out_seq=0
2024-09-21T11:48:24.217 INFO:teuthology.orchestra.run.smithi107.stdout:/usr/bin/ceph: stderr
2024-09-21T11:48:23.448+0000 7f5e097fa640 1 -- 172.21.15.107:0/2950306485 <== mon.0 v2:172.21.15.107:3300/0 6 ==== mon_command_ack([{"prefix": "get_command_descriptions"}]=0 v0) ==== 72+0+198400 (secure 0 0 0) 0x7f5dfc049020 con 0x7f5e0c07bc60
2024-09-21T11:48:24.217 INFO:teuthology.orchestra.run.smithi107.stdout:/usr/bin/ceph: stderr
2024-09-21T11:48:23.639+0000 7f5e1264f640 1 -- 172.21.15.107:0/2950306485 --> [v2:172.21.15.107:6800/1807990149,v1:172.21.15.107:6801/1807990149] -- mgr_command(tid 0: {"prefix": "orch set backend", "module_name": "cephadm", "target": ["mon-mgr", ""]}) -- 0x7f5e0c103260 con 0x7f5df403f7f0
2024-09-21T11:48:24.217 INFO:teuthology.orchestra.run.smithi107.stdout:/usr/bin/ceph: stderr
2024-09-21T11:48:23.647+0000 7f5e097fa640 1 -- 172.21.15.107:0/2950306485 <== mgr.14118 v2:172.21.15.107:6800/1807990149 1 ==== mgr_command_reply(tid 0: 0 ) ==== 8+0+0 (secure 0 0 0) 0x7f5e0c103260 con 0x7f5df403f7f0
2024-09-21T11:48:24.218 INFO:teuthology.orchestra.run.smithi107.stdout:/usr/bin/ceph: stderr
2024-09-21T11:48:23.649+0000 7f5e1264f640 1 -- 172.21.15.107:0/2950306485 >> [v2:172.21.15.107:6800/1807990149,v1:172.21.15.107:6801/1807990149] conn(0x7f5df403f7f0 msgr2=0x7f5df4041cb0 secure :-1 s=STATE_CONNECTION_ESTABLISHED l=1).mark_down
2024-09-21T11:48:24.218 INFO:teuthology.orchestra.run.smithi107.stdout:/usr/bin/ceph: stderr
2024-09-21T11:48:23.649+0000 7f5e1264f640 1 --2- 172.21.15.107:0/2950306485 >> [v2:172.21.15.107:6800/1807990149,v1:172.21.15.107:6801/1807990149] conn(0x7f5df403f7f0 0x7f5df4041cb0 secure :-1 s=READY pgs=8 cs=0 l=1 rev1=1 crypto rx=0x7f5e000098c0 tx=0x7f5e00006db0 comp rx=0 tx=0).stop
2024-09-21T11:48:24.218 INFO:teuthology.orchestra.run.smithi107.stdout:/usr/bin/ceph: stderr
2024-09-21T11:48:23.649+0000 7f5e1264f640 1 -- 172.21.15.107:0/2950306485 >> [v2:172.21.15.107:3300/0,v1:172.21.15.107:6789/0] conn(0x7f5e0c07bc60 msgr2=0x7f5e0c19c830 secure :-1 s=STATE_CONNECTION_ESTABLISHED l=1).mark_down
2024-09-21T11:48:24.218 INFO:teuthology.orchestra.run.smithi107.stdout:/usr/bin/ceph: stderr
2024-09-21T11:48:23.649+0000 7f5e1264f640 1 --2- 172.21.15.107:0/2950306485 >> [v2:172.21.15.107:3300/0,v1:172.21.15.107:6789/0] conn(0x7f5e0c07bc60 0x7f5e0c19c830 secure :-1 s=READY pgs=38 cs=0 l=1 rev1=1 crypto rx=0x7f5dfc0097f0 tx=0x7f5dfc030b00 comp rx=0 tx=0).stop
2024-09-21T11:48:24.218 INFO:teuthology.orchestra.run.smithi107.stdout:/usr/bin/ceph: stderr
2024-09-21T11:48:23.649+0000 7f5e1264f640 1 -- 172.21.15.107:0/2950306485 shutdown_connections
2024-09-21T11:48:24.218 INFO:teuthology.orchestra.run.smithi107.stdout:/usr/bin/ceph: stderr
2024-09-21T11:48:23.649+0000 7f5e1264f640 1 --2- 172.21.15.107:0/2950306485 >> [v2:172.21.15.107:6800/1807990149,v1:172.21.15.107:6801/1807990149] conn(0x7f5df403f7f0 0x7f5df4041cb0 unknown :-1 s=CLOSED pgs=8 cs=0 l=1 rev1=1 crypto rx=0 tx=0 comp rx=0 tx=0).stop
2024-09-21T11:48:24.219 INFO:teuthology.orchestra.run.smithi107.stdout:/usr/bin/ceph: stderr
2024-09-21T11:48:23.649+0000 7f5e1264f640 1 --2- 172.21.15.107:0/2950306485 >> [v2:172.21.15.107:3300/0,v1:172.21.15.107:6789/0] conn(0x7f5e0c07bc60 0x7f5e0c19c830 unknown :-1 s=CLOSED pgs=38 cs=0 l=1 rev1=1 crypto rx=0 tx=0 comp rx=0 tx=0).stop
2024-09-21T11:48:24.219 INFO:teuthology.orchestra.run.smithi107.stdout:/usr/bin/ceph: stderr
2024-09-21T11:48:23.649+0000 7f5e1264f640 1 -- 172.21.15.107:0/2950306485 >> 172.21.15.107:0/2950306485 conn(0x7f5e0c101f30 msgr2=0x7f5e0c102b50 unknown :-1 s=STATE_NONE l=0).mark_down
2024-09-21T11:48:24.219 INFO:teuthology.orchestra.run.smithi107.stdout:/usr/bin/ceph: stderr
2024-09-21T11:48:23.650+0000 7f5e1264f640 1 -- 172.21.15.107:0/2950306485 shutdown_connections
2024-09-21T11:48:24.219 INFO:teuthology.orchestra.run.smithi107.stdout:/usr/bin/ceph: stderr
2024-09-21T11:48:23.650+0000 7f5e1264f640 1 -- 172.21.15.107:0/2950306485 wait complete.
2024-09-21T11:48:24.845 INFO:journalctl@ceph.mon.a.smithi107.stdout:Sep 21 11:48:24 smithi107 ceph-mon[30293]: from='client.14132 -' entity='client.admin' cmd=[{"prefix": "orch set backend", "module_name": "cephadm", "target": ["mon-mgr", ""]}]: dispatch
2024-09-21T11:48:24.845 INFO:journalctl@ceph.mon.a.smithi107.stdout:Sep 21 11:48:24 smithi107 ceph-mon[30293]: from='mgr.14118 172.21.15.107:0/2556961702' entity='mgr.y'
2024-09-21T11:48:24.846 INFO:journalctl@ceph.mon.a.smithi107.stdout:Sep 21 11:48:24 smithi107 ceph-mon[30293]: from='mgr.14118 172.21.15.107:0/2556961702' entity='mgr.y' cmd={"prefix": "config dump", "format": "json"} : dispatch
2024-09-21T11:48:25.448 INFO:teuthology.orchestra.run.smithi107.stdout:/usr/bin/ceph: stdout value unchanged
2024-09-21T11:48:25.449 INFO:teuthology.orchestra.run.smithi107.stdout:/usr/bin/ceph: stderr
2024-09-21T11:48:24.654+0000 7fe7eacd3640 1 Processor -- start
2024-09-21T11:48:25.449 INFO:teuthology.orchestra.run.smithi107.stdout:/usr/bin/ceph: stderr
2024-09-21T11:48:24.654+0000 7fe7eacd3640 1 -- start start
2024-09-21T11:48:25.449 INFO:teuthology.orchestra.run.smithi107.stdout:/usr/bin/ceph: stderr
2024-09-21T11:48:24.654+0000 7fe7eacd3640 1 --2- >> [v2:172.21.15.107:3300/0,v1:172.21.15.107:6789/0] conn(0x7fe7e4106610 0x7fe7e4106a10 unknown :-1 s=NONE pgs=0 cs=0 l=0 rev1=0 crypto rx=0 tx=0 comp rx=0 tx=0).connect
2024-09-21T11:48:25.449 INFO:teuthology.orchestra.run.smithi107.stdout:/usr/bin/ceph: stderr
2024-09-21T11:48:24.654+0000 7fe7eacd3640 1 -- --> [v2:172.21.15.107:3300/0,v1:172.21.15.107:6789/0] -- mon_getmap magic: 0 -- 0x7fe7e4107000 con 0x7fe7e4106610
2024-09-21T11:48:25.449 INFO:teuthology.orchestra.run.smithi107.stdout:/usr/bin/ceph: stderr
2024-09-21T11:48:24.654+0000 7fe7e8a6f640 1 --2- >> [v2:172.21.15.107:3300/0,v1:172.21.15.107:6789/0] conn(0x7fe7e4106610 0x7fe7e4106a10 unknown :-1 s=BANNER_CONNECTING pgs=0 cs=0 l=0 rev1=0 crypto rx=0 tx=0 comp rx=0 tx=0)._handle_peer_banner_payload supported=3 required=0
2024-09-21T11:48:25.449 INFO:teuthology.orchestra.run.smithi107.stdout:/usr/bin/ceph: stderr
2024-09-21T11:48:24.654+0000 7fe7e8a6f640 1 --2- >> [v2:172.21.15.107:3300/0,v1:172.21.15.107:6789/0] conn(0x7fe7e4106610 0x7fe7e4106a10 unknown :-1 s=HELLO_CONNECTING pgs=0 cs=0 l=0 rev1=1 crypto rx=0 tx=0 comp rx=0 tx=0).handle_hello peer v2:172.21.15.107:3300/0 says I am v2:172.21.15.107:60300/0 (socket says 172.21.15.107:60300)
2024-09-21T11:48:25.449 INFO:teuthology.orchestra.run.smithi107.stdout:/usr/bin/ceph: stderr
2024-09-21T11:48:24.654+0000 7fe7e8a6f640 1 -- 172.21.15.107:0/2719585683 learned_addr learned my addr 172.21.15.107:0/2719585683 (peer_addr_for_me v2:172.21.15.107:0/0)
2024-09-21T11:48:25.449 INFO:teuthology.orchestra.run.smithi107.stdout:/usr/bin/ceph: stderr
2024-09-21T11:48:24.654+0000 7fe7e8a6f640 1 -- 172.21.15.107:0/2719585683 --> [v2:172.21.15.107:3300/0,v1:172.21.15.107:6789/0] -- mon_subscribe({config=0+,monmap=0+}) -- 0x7fe7e4107180 con 0x7fe7e4106610
2024-09-21T11:48:25.449 INFO:teuthology.orchestra.run.smithi107.stdout:/usr/bin/ceph: stderr
2024-09-21T11:48:24.655+0000 7fe7e8a6f640 1 --2- 172.21.15.107:0/2719585683 >> [v2:172.21.15.107:3300/0,v1:172.21.15.107:6789/0] conn(0x7fe7e4106610 0x7fe7e4106a10 secure :-1 s=READY pgs=39 cs=0 l=1 rev1=1 crypto rx=0x7fe7d8009820 tx=0x7fe7d802a270 comp rx=0 tx=0).ready entity=mon.0 client_cookie=ad3bc0dca6f9541f server_cookie=0 in_seq=0 out_seq=0
2024-09-21T11:48:25.449 INFO:teuthology.orchestra.run.smithi107.stdout:/usr/bin/ceph: stderr
2024-09-21T11:48:24.655+0000 7fe7e37fe640 1 -- 172.21.15.107:0/2719585683 <== mon.0 v2:172.21.15.107:3300/0 1 ==== mon_map magic: 0 ==== 205+0+0 (secure 0 0 0) 0x7fe7d8037070 con 0x7fe7e4106610
2024-09-21T11:48:25.449 INFO:teuthology.orchestra.run.smithi107.stdout:/usr/bin/ceph: stderr
2024-09-21T11:48:24.655+0000 7fe7e37fe640 1 -- 172.21.15.107:0/2719585683 <== mon.0 v2:172.21.15.107:3300/0 2 ==== config(23 keys) ==== 972+0+0 (secure 0 0 0) 0x7fe7d8032870 con 0x7fe7e4106610
2024-09-21T11:48:25.449 INFO:teuthology.orchestra.run.smithi107.stdout:/usr/bin/ceph: stderr
2024-09-21T11:48:24.655+0000 7fe7e37fe640 1 -- 172.21.15.107:0/2719585683 <== mon.0 v2:172.21.15.107:3300/0 3 ==== mon_map magic: 0 ==== 205+0+0 (secure 0 0 0) 0x7fe7d80305d0 con 0x7fe7e4106610
2024-09-21T11:48:25.450 INFO:teuthology.orchestra.run.smithi107.stdout:/usr/bin/ceph: stderr
2024-09-21T11:48:24.656+0000 7fe7eacd3640 1 -- 172.21.15.107:0/2719585683 >> [v2:172.21.15.107:3300/0,v1:172.21.15.107:6789/0] conn(0x7fe7e4106610 msgr2=0x7fe7e4106a10 secure :-1 s=STATE_CONNECTION_ESTABLISHED l=1).mark_down
2024-09-21T11:48:25.450 INFO:teuthology.orchestra.run.smithi107.stdout:/usr/bin/ceph: stderr
2024-09-21T11:48:24.656+0000 7fe7eacd3640 1 --2- 172.21.15.107:0/2719585683 >> [v2:172.21.15.107:3300/0,v1:172.21.15.107:6789/0] conn(0x7fe7e4106610 0x7fe7e4106a10 secure :-1 s=READY pgs=39 cs=0 l=1 rev1=1 crypto rx=0x7fe7d8009820 tx=0x7fe7d802a270 comp rx=0 tx=0).stop
2024-09-21T11:48:25.450 INFO:teuthology.orchestra.run.smithi107.stdout:/usr/bin/ceph: stderr
2024-09-21T11:48:24.656+0000 7fe7eacd3640 1 -- 172.21.15.107:0/2719585683 shutdown_connections
2024-09-21T11:48:25.450 INFO:teuthology.orchestra.run.smithi107.stdout:/usr/bin/ceph: stderr
2024-09-21T11:48:24.656+0000 7fe7eacd3640 1 --2- 172.21.15.107:0/2719585683 >> [v2:172.21.15.107:3300/0,v1:172.21.15.107:6789/0] conn(0x7fe7e4106610 0x7fe7e4106a10 unknown :-1 s=CLOSED pgs=39 cs=0 l=1 rev1=1 crypto rx=0 tx=0 comp rx=0 tx=0).stop
2024-09-21T11:48:25.450 INFO:teuthology.orchestra.run.smithi107.stdout:/usr/bin/ceph: stderr
2024-09-21T11:48:24.656+0000 7fe7eacd3640 1 -- 172.21.15.107:0/2719585683 >> 172.21.15.107:0/2719585683 conn(0x7fe7e4101f00 msgr2=0x7fe7e4104320 unknown :-1 s=STATE_NONE l=0).mark_down
2024-09-21T11:48:25.450 INFO:teuthology.orchestra.run.smithi107.stdout:/usr/bin/ceph: stderr
2024-09-21T11:48:24.656+0000 7fe7eacd3640 1 -- 172.21.15.107:0/2719585683 shutdown_connections
2024-09-21T11:48:25.450 INFO:teuthology.orchestra.run.smithi107.stdout:/usr/bin/ceph: stderr
2024-09-21T11:48:24.656+0000 7fe7eacd3640 1 -- 172.21.15.107:0/2719585683 wait complete.
2024-09-21T11:48:25.450 INFO:teuthology.orchestra.run.smithi107.stdout:/usr/bin/ceph: stderr
2024-09-21T11:48:24.656+0000 7fe7eacd3640 1 Processor -- start
2024-09-21T11:48:25.450 INFO:teuthology.orchestra.run.smithi107.stdout:/usr/bin/ceph: stderr
2024-09-21T11:48:24.657+0000 7fe7eacd3640 1 -- start start
2024-09-21T11:48:25.450 INFO:teuthology.orchestra.run.smithi107.stdout:/usr/bin/ceph: stderr
2024-09-21T11:48:24.657+0000 7fe7eacd3640 1 --2- >> [v2:172.21.15.107:3300/0,v1:172.21.15.107:6789/0] conn(0x7fe7e4106610 0x7fe7e419a640 unknown :-1 s=NONE pgs=0 cs=0 l=1 rev1=0 crypto rx=0 tx=0 comp rx=0 tx=0).connect
2024-09-21T11:48:25.450 INFO:teuthology.orchestra.run.smithi107.stdout:/usr/bin/ceph: stderr
2024-09-21T11:48:24.657+0000 7fe7eacd3640 1 -- --> [v2:172.21.15.107:3300/0,v1:172.21.15.107:6789/0] -- mon_getmap magic: 0 -- 0x7fe7e410aa90 con 0x7fe7e4106610
2024-09-21T11:48:25.450 INFO:teuthology.orchestra.run.smithi107.stdout:/usr/bin/ceph: stderr
2024-09-21T11:48:24.657+0000 7fe7e8a6f640 1 --2- >> [v2:172.21.15.107:3300/0,v1:172.21.15.107:6789/0] conn(0x7fe7e4106610 0x7fe7e419a640 unknown :-1 s=BANNER_CONNECTING pgs=0 cs=0 l=1 rev1=0 crypto rx=0 tx=0 comp rx=0 tx=0)._handle_peer_banner_payload supported=3 required=0
2024-09-21T11:48:25.451 INFO:teuthology.orchestra.run.smithi107.stdout:/usr/bin/ceph: stderr
2024-09-21T11:48:24.657+0000 7fe7e8a6f640 1 --2- >> [v2:172.21.15.107:3300/0,v1:172.21.15.107:6789/0] conn(0x7fe7e4106610 0x7fe7e419a640 unknown :-1 s=HELLO_CONNECTING pgs=0 cs=0 l=1 rev1=1 crypto rx=0 tx=0 comp rx=0 tx=0).handle_hello peer v2:172.21.15.107:3300/0 says I am v2:172.21.15.107:60310/0 (socket says 172.21.15.107:60310)
2024-09-21T11:48:25.451 INFO:teuthology.orchestra.run.smithi107.stdout:/usr/bin/ceph: stderr
2024-09-21T11:48:24.657+0000 7fe7e8a6f640 1 -- 172.21.15.107:0/4141542389 learned_addr learned my addr 172.21.15.107:0/4141542389 (peer_addr_for_me v2:172.21.15.107:0/0)
2024-09-21T11:48:25.451 INFO:teuthology.orchestra.run.smithi107.stdout:/usr/bin/ceph: stderr
2024-09-21T11:48:24.657+0000 7fe7e8a6f640 1 -- 172.21.15.107:0/4141542389 --> [v2:172.21.15.107:3300/0,v1:172.21.15.107:6789/0] -- mon_subscribe({config=0+,monmap=0+}) -- 0x7fe7e419aba0 con 0x7fe7e4106610
2024-09-21T11:48:25.451 INFO:teuthology.orchestra.run.smithi107.stdout:/usr/bin/ceph: stderr
2024-09-21T11:48:24.657+0000 7fe7e8a6f640 1 --2- 172.21.15.107:0/4141542389 >> [v2:172.21.15.107:3300/0,v1:172.21.15.107:6789/0] conn(0x7fe7e4106610 0x7fe7e419a640 secure :-1 s=READY pgs=40 cs=0 l=1 rev1=1 crypto rx=0x7fe7d80090b0 tx=0x7fe7d80307c0 comp rx=0 tx=0).ready entity=mon.0 client_cookie=0 server_cookie=0 in_seq=0 out_seq=0
2024-09-21T11:48:25.451 INFO:teuthology.orchestra.run.smithi107.stdout:/usr/bin/ceph: stderr
2024-09-21T11:48:24.657+0000 7fe7e1ffb640 1 -- 172.21.15.107:0/4141542389 <== mon.0 v2:172.21.15.107:3300/0 1 ==== mon_map magic: 0 ==== 205+0+0 (secure 0 0 0) 0x7fe7d803f020 con 0x7fe7e4106610
2024-09-21T11:48:25.451 INFO:teuthology.orchestra.run.smithi107.stdout:/usr/bin/ceph: stderr
2024-09-21T11:48:24.657+0000 7fe7e1ffb640 1 -- 172.21.15.107:0/4141542389 <== mon.0 v2:172.21.15.107:3300/0 2 ==== config(23 keys) ==== 972+0+0 (secure 0 0 0) 0x7fe7d8030e20 con 0x7fe7e4106610
2024-09-21T11:48:25.451 INFO:teuthology.orchestra.run.smithi107.stdout:/usr/bin/ceph: stderr
2024-09-21T11:48:24.657+0000 7fe7eacd3640 1 -- 172.21.15.107:0/4141542389 --> [v2:172.21.15.107:3300/0,v1:172.21.15.107:6789/0] -- mon_subscribe({mgrmap=0+}) -- 0x7fe7e419ae30 con 0x7fe7e4106610
2024-09-21T11:48:25.451 INFO:teuthology.orchestra.run.smithi107.stdout:/usr/bin/ceph: stderr
2024-09-21T11:48:24.657+0000 7fe7e1ffb640 1 -- 172.21.15.107:0/4141542389 <== mon.0 v2:172.21.15.107:3300/0 3 ==== mon_map magic: 0 ==== 205+0+0 (secure 0 0 0) 0x7fe7d8037040 con 0x7fe7e4106610
2024-09-21T11:48:25.451 INFO:teuthology.orchestra.run.smithi107.stdout:/usr/bin/ceph: stderr
2024-09-21T11:48:24.658+0000 7fe7eacd3640 1 -- 172.21.15.107:0/4141542389 --> [v2:172.21.15.107:3300/0,v1:172.21.15.107:6789/0] -- mon_subscribe({osdmap=0}) -- 0x7fe7e419b7f0 con 0x7fe7e4106610
2024-09-21T11:48:25.451 INFO:teuthology.orchestra.run.smithi107.stdout:/usr/bin/ceph: stderr
2024-09-21T11:48:24.658+0000 7fe7e1ffb640 1 -- 172.21.15.107:0/4141542389 <== mon.0 v2:172.21.15.107:3300/0 4 ==== mgrmap(e 9) ==== 51842+0+0 (secure 0 0 0) 0x7fe7d8042020 con 0x7fe7e4106610
2024-09-21T11:48:25.451 INFO:teuthology.orchestra.run.smithi107.stdout:/usr/bin/ceph: stderr
2024-09-21T11:48:24.659+0000 7fe7eacd3640 1 -- 172.21.15.107:0/4141542389 --> [v2:172.21.15.107:3300/0,v1:172.21.15.107:6789/0] -- mon_command({"prefix": "get_command_descriptions"} v 0) -- 0x7fe7e410ac10 con 0x7fe7e4106610
2024-09-21T11:48:25.451 INFO:teuthology.orchestra.run.smithi107.stdout:/usr/bin/ceph: stderr
2024-09-21T11:48:24.659+0000 7fe7e1ffb640 1 --2- 172.21.15.107:0/4141542389 >> [v2:172.21.15.107:6800/1807990149,v1:172.21.15.107:6801/1807990149] conn(0x7fe7d403f7f0 0x7fe7d4041cb0 unknown :-1 s=NONE pgs=0 cs=0 l=1 rev1=0 crypto rx=0 tx=0 comp rx=0 tx=0).connect
2024-09-21T11:48:25.451 INFO:teuthology.orchestra.run.smithi107.stdout:/usr/bin/ceph: stderr
2024-09-21T11:48:24.659+0000 7fe7e1ffb640 1 -- 172.21.15.107:0/4141542389 <== mon.0 v2:172.21.15.107:3300/0 5 ==== osd_map(2..2 src has 1..2) ==== 940+0+0 (secure 0 0 0) 0x7fe7d8074820 con 0x7fe7e4106610
2024-09-21T11:48:25.452 INFO:teuthology.orchestra.run.smithi107.stdout:/usr/bin/ceph: stderr
2024-09-21T11:48:24.659+0000 7fe7e3fff640 1 --2- 172.21.15.107:0/4141542389 >> [v2:172.21.15.107:6800/1807990149,v1:172.21.15.107:6801/1807990149] conn(0x7fe7d403f7f0 0x7fe7d4041cb0 unknown :-1 s=BANNER_CONNECTING pgs=0 cs=0 l=1 rev1=0 crypto rx=0 tx=0 comp rx=0 tx=0)._handle_peer_banner_payload supported=3 required=0
2024-09-21T11:48:25.452 INFO:teuthology.orchestra.run.smithi107.stdout:/usr/bin/ceph: stderr
2024-09-21T11:48:24.659+0000 7fe7e3fff640 1 --2- 172.21.15.107:0/4141542389 >> [v2:172.21.15.107:6800/1807990149,v1:172.21.15.107:6801/1807990149] conn(0x7fe7d403f7f0 0x7fe7d4041cb0 secure :-1 s=READY pgs=9 cs=0 l=1 rev1=1 crypto rx=0x7fe7d00098c0 tx=0x7fe7d0006db0 comp rx=0 tx=0).ready entity=mgr.14118 client_cookie=0 server_cookie=0 in_seq=0 out_seq=0
2024-09-21T11:48:25.452 INFO:teuthology.orchestra.run.smithi107.stdout:/usr/bin/ceph: stderr
2024-09-21T11:48:24.663+0000 7fe7e1ffb640 1 -- 172.21.15.107:0/4141542389 <== mon.0 v2:172.21.15.107:3300/0 6 ==== mon_command_ack([{"prefix": "get_command_descriptions"}]=0 v0) ==== 72+0+198400 (secure 0 0 0) 0x7fe7d8049020 con 0x7fe7e4106610
2024-09-21T11:48:25.452 INFO:teuthology.orchestra.run.smithi107.stdout:/usr/bin/ceph: stderr
2024-09-21T11:48:24.843+0000 7fe7eacd3640 1 -- 172.21.15.107:0/4141542389 --> [v2:172.21.15.107:6800/1807990149,v1:172.21.15.107:6801/1807990149] -- mgr_command(tid 0: {"prefix": "cephadm set-user", "user": "root", "target": ["mon-mgr", ""]}) -- 0x7fe7e4103200 con 0x7fe7d403f7f0
2024-09-21T11:48:25.452 INFO:teuthology.orchestra.run.smithi107.stdout:/usr/bin/ceph: stderr
2024-09-21T11:48:24.844+0000 7fe7e1ffb640 1 -- 172.21.15.107:0/4141542389 <== mgr.14118 v2:172.21.15.107:6800/1807990149 1 ==== mgr_command_reply(tid 0: 0 ) ==== 8+0+16 (secure 0 0 0) 0x7fe7e4103200 con 0x7fe7d403f7f0
2024-09-21T11:48:25.452 INFO:teuthology.orchestra.run.smithi107.stdout:/usr/bin/ceph: stderr
2024-09-21T11:48:24.847+0000 7fe7eacd3640 1 -- 172.21.15.107:0/4141542389 >> [v2:172.21.15.107:6800/1807990149,v1:172.21.15.107:6801/1807990149] conn(0x7fe7d403f7f0 msgr2=0x7fe7d4041cb0 secure :-1 s=STATE_CONNECTION_ESTABLISHED l=1).mark_down
2024-09-21T11:48:25.452 INFO:teuthology.orchestra.run.smithi107.stdout:/usr/bin/ceph: stderr
2024-09-21T11:48:24.847+0000 7fe7eacd3640 1 --2- 172.21.15.107:0/4141542389 >> [v2:172.21.15.107:6800/1807990149,v1:172.21.15.107:6801/1807990149] conn(0x7fe7d403f7f0 0x7fe7d4041cb0 secure :-1 s=READY pgs=9 cs=0 l=1 rev1=1 crypto rx=0x7fe7d00098c0 tx=0x7fe7d0006db0 comp rx=0 tx=0).stop
2024-09-21T11:48:25.452 INFO:teuthology.orchestra.run.smithi107.stdout:/usr/bin/ceph: stderr
2024-09-21T11:48:24.847+0000 7fe7eacd3640 1 -- 172.21.15.107:0/4141542389 >> [v2:172.21.15.107:3300/0,v1:172.21.15.107:6789/0] conn(0x7fe7e4106610 msgr2=0x7fe7e419a640 secure :-1 s=STATE_CONNECTION_ESTABLISHED l=1).mark_down
2024-09-21T11:48:25.452 INFO:teuthology.orchestra.run.smithi107.stdout:/usr/bin/ceph: stderr
2024-09-21T11:48:24.847+0000 7fe7eacd3640 1 --2- 172.21.15.107:0/4141542389 >> [v2:172.21.15.107:3300/0,v1:172.21.15.107:6789/0] conn(0x7fe7e4106610 0x7fe7e419a640 secure :-1 s=READY pgs=40 cs=0 l=1 rev1=1 crypto rx=0x7fe7d80090b0 tx=0x7fe7d80307c0 comp rx=0 tx=0).stop
2024-09-21T11:48:25.452 INFO:teuthology.orchestra.run.smithi107.stdout:/usr/bin/ceph: stderr
2024-09-21T11:48:24.847+0000 7fe7eacd3640 1 -- 172.21.15.107:0/4141542389 shutdown_connections
2024-09-21T11:48:25.452 INFO:teuthology.orchestra.run.smithi107.stdout:/usr/bin/ceph: stderr
2024-09-21T11:48:24.847+0000 7fe7eacd3640 1 --2- 172.21.15.107:0/4141542389 >> [v2:172.21.15.107:6800/1807990149,v1:172.21.15.107:6801/1807990149] conn(0x7fe7d403f7f0 0x7fe7d4041cb0 unknown :-1 s=CLOSED pgs=9 cs=0 l=1 rev1=1 crypto rx=0 tx=0 comp rx=0 tx=0).stop
2024-09-21T11:48:25.452 INFO:teuthology.orchestra.run.smithi107.stdout:/usr/bin/ceph: stderr
2024-09-21T11:48:24.847+0000 7fe7eacd3640 1 --2- 172.21.15.107:0/4141542389 >> [v2:172.21.15.107:3300/0,v1:172.21.15.107:6789/0] conn(0x7fe7e4106610 0x7fe7e419a640 unknown :-1 s=CLOSED pgs=40 cs=0 l=1 rev1=1 crypto rx=0 tx=0 comp rx=0 tx=0).stop
2024-09-21T11:48:25.452 INFO:teuthology.orchestra.run.smithi107.stdout:/usr/bin/ceph: stderr
2024-09-21T11:48:24.847+0000 7fe7eacd3640 1 -- 172.21.15.107:0/4141542389 >> 172.21.15.107:0/4141542389 conn(0x7fe7e4101f00 msgr2=0x7fe7e4102af0 unknown :-1 s=STATE_NONE l=0).mark_down
2024-09-21T11:48:25.452 INFO:teuthology.orchestra.run.smithi107.stdout:/usr/bin/ceph: stderr
2024-09-21T11:48:24.847+0000 7fe7eacd3640 1 -- 172.21.15.107:0/4141542389 shutdown_connections
2024-09-21T11:48:25.453 INFO:teuthology.orchestra.run.smithi107.stdout:/usr/bin/ceph: stderr
2024-09-21T11:48:24.847+0000 7fe7eacd3640 1 -- 172.21.15.107:0/4141542389 wait complete.
2024-09-21T11:48:25.453 INFO:teuthology.orchestra.run.smithi107.stdout:Generating ssh key...
2024-09-21T11:48:25.701 INFO:journalctl@ceph.mon.a.smithi107.stdout:Sep 21 11:48:25 smithi107 ceph-mon[30293]: from='client.14134 -' entity='client.admin' cmd=[{"prefix": "cephadm set-user", "user": "root", "target": ["mon-mgr", ""]}]: dispatch
2024-09-21T11:48:26.504 INFO:journalctl@ceph.mgr.y.smithi107.stdout:Sep 21 11:48:26 smithi107 ceph-1795c04c-780f-11ef-baf6-efdc52797490-mgr-y[30540]: Generating public/private rsa key pair.
2024-09-21T11:48:26.504 INFO:journalctl@ceph.mgr.y.smithi107.stdout:Sep 21 11:48:26 smithi107 ceph-1795c04c-780f-11ef-baf6-efdc52797490-mgr-y[30540]: Your identification has been saved in /tmp/tmprhtc5u_x/key
2024-09-21T11:48:26.504 INFO:journalctl@ceph.mgr.y.smithi107.stdout:Sep 21 11:48:26 smithi107 ceph-1795c04c-780f-11ef-baf6-efdc52797490-mgr-y[30540]: Your public key has been saved in /tmp/tmprhtc5u_x/key.pub
2024-09-21T11:48:26.504 INFO:journalctl@ceph.mgr.y.smithi107.stdout:Sep 21 11:48:26 smithi107 ceph-1795c04c-780f-11ef-baf6-efdc52797490-mgr-y[30540]: The key fingerprint is:
2024-09-21T11:48:26.504 INFO:journalctl@ceph.mgr.y.smithi107.stdout:Sep 21 11:48:26 smithi107 ceph-1795c04c-780f-11ef-baf6-efdc52797490-mgr-y[30540]: SHA256:7OkIBKA3M/e0+jYDgHHgOHSSjpW1wJRbU2CaUnqxB+8 ceph-1795c04c-780f-11ef-baf6-efdc52797490
2024-09-21T11:48:26.504 INFO:journalctl@ceph.mgr.y.smithi107.stdout:Sep 21 11:48:26 smithi107 ceph-1795c04c-780f-11ef-baf6-efdc52797490-mgr-y[30540]: The key's randomart image is:
2024-09-21T11:48:26.504 INFO:journalctl@ceph.mgr.y.smithi107.stdout:Sep 21 11:48:26 smithi107 ceph-1795c04c-780f-11ef-baf6-efdc52797490-mgr-y[30540]: +---[RSA 3072]----+
2024-09-21T11:48:26.504 INFO:journalctl@ceph.mgr.y.smithi107.stdout:Sep 21 11:48:26 smithi107 ceph-1795c04c-780f-11ef-baf6-efdc52797490-mgr-y[30540]: |o*B=+o. |
2024-09-21T11:48:26.504 INFO:journalctl@ceph.mgr.y.smithi107.stdout:Sep 21 11:48:26 smithi107 ceph-1795c04c-780f-11ef-baf6-efdc52797490-mgr-y[30540]: |*=OXo. |
2024-09-21T11:48:26.504 INFO:journalctl@ceph.mgr.y.smithi107.stdout:Sep 21 11:48:26 smithi107 ceph-1795c04c-780f-11ef-baf6-efdc52797490-mgr-y[30540]: |O*@o=.. |
2024-09-21T11:48:26.504 INFO:journalctl@ceph.mgr.y.smithi107.stdout:Sep 21 11:48:26 smithi107 ceph-1795c04c-780f-11ef-baf6-efdc52797490-mgr-y[30540]: |o*oO o o |
2024-09-21T11:48:26.505 INFO:journalctl@ceph.mgr.y.smithi107.stdout:Sep 21 11:48:26 smithi107 ceph-1795c04c-780f-11ef-baf6-efdc52797490-mgr-y[30540]: | .E o S |
2024-09-21T11:48:26.505 INFO:journalctl@ceph.mgr.y.smithi107.stdout:Sep 21 11:48:26 smithi107 ceph-1795c04c-780f-11ef-baf6-efdc52797490-mgr-y[30540]: | ... . . |
2024-09-21T11:48:26.505 INFO:journalctl@ceph.mgr.y.smithi107.stdout:Sep 21 11:48:26 smithi107 ceph-1795c04c-780f-11ef-baf6-efdc52797490-mgr-y[30540]: | o. o |
2024-09-21T11:48:26.505 INFO:journalctl@ceph.mgr.y.smithi107.stdout:Sep 21 11:48:26 smithi107 ceph-1795c04c-780f-11ef-baf6-efdc52797490-mgr-y[30540]: | o+o |
2024-09-21T11:48:26.505 INFO:journalctl@ceph.mgr.y.smithi107.stdout:Sep 21 11:48:26 smithi107 ceph-1795c04c-780f-11ef-baf6-efdc52797490-mgr-y[30540]: | .oo. |
2024-09-21T11:48:26.505 INFO:journalctl@ceph.mgr.y.smithi107.stdout:Sep 21 11:48:26 smithi107 ceph-1795c04c-780f-11ef-baf6-efdc52797490-mgr-y[30540]: +----[SHA256]-----+
2024-09-21T11:48:26.897 INFO:journalctl@ceph.mon.a.smithi107.stdout:Sep 21 11:48:26 smithi107 ceph-mon[30293]: from='client.14136 -' entity='client.admin' cmd=[{"prefix": "cephadm generate-key", "target": ["mon-mgr", ""]}]: dispatch
2024-09-21T11:48:26.897 INFO:journalctl@ceph.mon.a.smithi107.stdout:Sep 21 11:48:26 smithi107 ceph-mon[30293]: Generating ssh key...
2024-09-21T11:48:26.897 INFO:journalctl@ceph.mon.a.smithi107.stdout:Sep 21 11:48:26 smithi107 ceph-mon[30293]: from='mgr.14118 172.21.15.107:0/2556961702' entity='mgr.y'
2024-09-21T11:48:26.897 INFO:journalctl@ceph.mon.a.smithi107.stdout:Sep 21 11:48:26 smithi107 ceph-mon[30293]: from='mgr.14118 172.21.15.107:0/2556961702' entity='mgr.y'
2024-09-21T11:48:26.903 INFO:teuthology.orchestra.run.smithi107.stdout:/usr/bin/ceph: stderr
2024-09-21T11:48:25.917+0000 7faa0fac2640 1 Processor -- start
2024-09-21T11:48:26.903 INFO:teuthology.orchestra.run.smithi107.stdout:/usr/bin/ceph: stderr
2024-09-21T11:48:25.917+0000 7faa0fac2640 1 -- start start
2024-09-21T11:48:26.903 INFO:teuthology.orchestra.run.smithi107.stdout:/usr/bin/ceph: stderr
2024-09-21T11:48:25.917+0000 7faa0fac2640 1 --2- >> [v2:172.21.15.107:3300/0,v1:172.21.15.107:6789/0] conn(0x7faa08079b60 0x7faa081091e0 unknown :-1 s=NONE pgs=0 cs=0 l=0 rev1=0 crypto rx=0 tx=0 comp rx=0 tx=0).connect
2024-09-21T11:48:26.904 INFO:teuthology.orchestra.run.smithi107.stdout:/usr/bin/ceph: stderr
2024-09-21T11:48:25.917+0000 7faa0fac2640 1 -- --> [v2:172.21.15.107:3300/0,v1:172.21.15.107:6789/0] -- mon_getmap magic: 0 -- 0x7faa08109720 con 0x7faa08079b60
2024-09-21T11:48:26.904 INFO:teuthology.orchestra.run.smithi107.stdout:/usr/bin/ceph: stderr
2024-09-21T11:48:25.918+0000 7faa0d85e640 1 --2- >> [v2:172.21.15.107:3300/0,v1:172.21.15.107:6789/0] conn(0x7faa08079b60 0x7faa081091e0 unknown :-1 s=BANNER_CONNECTING pgs=0 cs=0 l=0 rev1=0 crypto rx=0 tx=0 comp rx=0 tx=0)._handle_peer_banner_payload supported=3 required=0
2024-09-21T11:48:26.904 INFO:teuthology.orchestra.run.smithi107.stdout:/usr/bin/ceph: stderr
2024-09-21T11:48:25.918+0000 7faa0d85e640 1 --2- >> [v2:172.21.15.107:3300/0,v1:172.21.15.107:6789/0] conn(0x7faa08079b60 0x7faa081091e0 unknown :-1 s=HELLO_CONNECTING pgs=0 cs=0 l=0 rev1=1 crypto rx=0 tx=0 comp rx=0 tx=0).handle_hello peer v2:172.21.15.107:3300/0 says I am v2:172.21.15.107:60322/0 (socket says 172.21.15.107:60322)
2024-09-21T11:48:26.904 INFO:teuthology.orchestra.run.smithi107.stdout:/usr/bin/ceph: stderr
2024-09-21T11:48:25.918+0000 7faa0d85e640 1 -- 172.21.15.107:0/704080849 learned_addr learned my addr 172.21.15.107:0/704080849 (peer_addr_for_me v2:172.21.15.107:0/0)
2024-09-21T11:48:26.904 INFO:teuthology.orchestra.run.smithi107.stdout:/usr/bin/ceph: stderr
2024-09-21T11:48:25.918+0000 7faa0d85e640 1 -- 172.21.15.107:0/704080849 --> [v2:172.21.15.107:3300/0,v1:172.21.15.107:6789/0] -- mon_subscribe({config=0+,monmap=0+}) -- 0x7faa081098a0 con 0x7faa08079b60
2024-09-21T11:48:26.904 INFO:teuthology.orchestra.run.smithi107.stdout:/usr/bin/ceph: stderr
2024-09-21T11:48:25.918+0000 7faa0d85e640 1 --2- 172.21.15.107:0/704080849 >> [v2:172.21.15.107:3300/0,v1:172.21.15.107:6789/0] conn(0x7faa08079b60 0x7faa081091e0 secure :-1 s=READY pgs=41 cs=0 l=1 rev1=1 crypto rx=0x7faa04009820 tx=0x7faa0402a270 comp rx=0 tx=0).ready entity=mon.0 client_cookie=31ea17afb7ca5dba server_cookie=0 in_seq=0 out_seq=0
2024-09-21T11:48:26.904 INFO:teuthology.orchestra.run.smithi107.stdout:/usr/bin/ceph: stderr
2024-09-21T11:48:25.919+0000 7faa0c85c640 1 -- 172.21.15.107:0/704080849 <== mon.0 v2:172.21.15.107:3300/0 1 ==== mon_map magic: 0 ==== 205+0+0 (secure 0 0 0) 0x7faa04037070 con 0x7faa08079b60
2024-09-21T11:48:26.904 INFO:teuthology.orchestra.run.smithi107.stdout:/usr/bin/ceph: stderr
2024-09-21T11:48:25.919+0000 7faa0c85c640 1 -- 172.21.15.107:0/704080849 <== mon.0 v2:172.21.15.107:3300/0 2 ==== config(23 keys) ==== 972+0+0 (secure 0 0 0) 0x7faa04032870 con 0x7faa08079b60
2024-09-21T11:48:26.904 INFO:teuthology.orchestra.run.smithi107.stdout:/usr/bin/ceph: stderr
2024-09-21T11:48:25.919+0000 7faa0c85c640 1 -- 172.21.15.107:0/704080849 <== mon.0 v2:172.21.15.107:3300/0 3 ==== mon_map magic: 0 ==== 205+0+0 (secure 0 0 0) 0x7faa040305d0 con 0x7faa08079b60
2024-09-21T11:48:26.904 INFO:teuthology.orchestra.run.smithi107.stdout:/usr/bin/ceph: stderr
2024-09-21T11:48:25.919+0000 7faa0fac2640 1 -- 172.21.15.107:0/704080849 >> [v2:172.21.15.107:3300/0,v1:172.21.15.107:6789/0] conn(0x7faa08079b60 msgr2=0x7faa081091e0 secure :-1 s=STATE_CONNECTION_ESTABLISHED l=1).mark_down
2024-09-21T11:48:26.904 INFO:teuthology.orchestra.run.smithi107.stdout:/usr/bin/ceph: stderr
2024-09-21T11:48:25.919+0000 7faa0fac2640 1 --2- 172.21.15.107:0/704080849 >> [v2:172.21.15.107:3300/0,v1:172.21.15.107:6789/0] conn(0x7faa08079b60 0x7faa081091e0 secure :-1 s=READY pgs=41 cs=0 l=1 rev1=1 crypto rx=0x7faa04009820 tx=0x7faa0402a270 comp rx=0 tx=0).stop
2024-09-21T11:48:26.904 INFO:teuthology.orchestra.run.smithi107.stdout:/usr/bin/ceph: stderr
2024-09-21T11:48:25.919+0000 7faa0fac2640 1 -- 172.21.15.107:0/704080849 shutdown_connections
2024-09-21T11:48:26.904 INFO:teuthology.orchestra.run.smithi107.stdout:/usr/bin/ceph: stderr
2024-09-21T11:48:25.919+0000 7faa0fac2640 1 --2- 172.21.15.107:0/704080849 >> [v2:172.21.15.107:3300/0,v1:172.21.15.107:6789/0] conn(0x7faa08079b60 0x7faa081091e0 unknown :-1 s=CLOSED pgs=41 cs=0 l=1 rev1=1 crypto rx=0 tx=0 comp rx=0 tx=0).stop
2024-09-21T11:48:26.904 INFO:teuthology.orchestra.run.smithi107.stdout:/usr/bin/ceph: stderr
2024-09-21T11:48:25.919+0000 7faa0fac2640 1 -- 172.21.15.107:0/704080849 >> 172.21.15.107:0/704080849 conn(0x7faa08100df0 msgr2=0x7faa08103210 unknown :-1 s=STATE_NONE l=0).mark_down
2024-09-21T11:48:26.905 INFO:teuthology.orchestra.run.smithi107.stdout:/usr/bin/ceph: stderr
2024-09-21T11:48:25.919+0000 7faa0fac2640 1 -- 172.21.15.107:0/704080849 shutdown_connections
2024-09-21T11:48:26.905 INFO:teuthology.orchestra.run.smithi107.stdout:/usr/bin/ceph: stderr
2024-09-21T11:48:25.919+0000 7faa0fac2640 1 -- 172.21.15.107:0/704080849 wait complete.
2024-09-21T11:48:26.905 INFO:teuthology.orchestra.run.smithi107.stdout:/usr/bin/ceph: stderr
2024-09-21T11:48:25.920+0000 7faa0fac2640 1 Processor -- start
2024-09-21T11:48:26.905 INFO:teuthology.orchestra.run.smithi107.stdout:/usr/bin/ceph: stderr
2024-09-21T11:48:25.920+0000 7faa0fac2640 1 -- start start
2024-09-21T11:48:26.905 INFO:teuthology.orchestra.run.smithi107.stdout:/usr/bin/ceph: stderr
2024-09-21T11:48:25.920+0000 7faa0fac2640 1 --2- >> [v2:172.21.15.107:3300/0,v1:172.21.15.107:6789/0] conn(0x7faa08079b60 0x7faa0819a620 unknown :-1 s=NONE pgs=0 cs=0 l=1 rev1=0 crypto rx=0 tx=0 comp rx=0 tx=0).connect
2024-09-21T11:48:26.905 INFO:teuthology.orchestra.run.smithi107.stdout:/usr/bin/ceph: stderr
2024-09-21T11:48:25.920+0000 7faa0fac2640 1 -- --> [v2:172.21.15.107:3300/0,v1:172.21.15.107:6789/0] -- mon_getmap magic: 0 -- 0x7faa0810a840 con 0x7faa08079b60
2024-09-21T11:48:26.905 INFO:teuthology.orchestra.run.smithi107.stdout:/usr/bin/ceph: stderr
2024-09-21T11:48:25.920+0000 7faa0d85e640 1 --2- >> [v2:172.21.15.107:3300/0,v1:172.21.15.107:6789/0] conn(0x7faa08079b60 0x7faa0819a620 unknown :-1 s=BANNER_CONNECTING pgs=0 cs=0 l=1 rev1=0 crypto rx=0 tx=0 comp rx=0 tx=0)._handle_peer_banner_payload supported=3 required=0
2024-09-21T11:48:26.905 INFO:teuthology.orchestra.run.smithi107.stdout:/usr/bin/ceph: stderr
2024-09-21T11:48:25.920+0000 7faa0d85e640 1 --2- >> [v2:172.21.15.107:3300/0,v1:172.21.15.107:6789/0] conn(0x7faa08079b60 0x7faa0819a620 unknown :-1 s=HELLO_CONNECTING pgs=0 cs=0 l=1 rev1=1 crypto rx=0 tx=0 comp rx=0 tx=0).handle_hello peer v2:172.21.15.107:3300/0 says I am v2:172.21.15.107:60332/0 (socket says 172.21.15.107:60332)
2024-09-21T11:48:26.905 INFO:teuthology.orchestra.run.smithi107.stdout:/usr/bin/ceph: stderr
2024-09-21T11:48:25.920+0000 7faa0d85e640 1 -- 172.21.15.107:0/2012467809 learned_addr learned my addr 172.21.15.107:0/2012467809 (peer_addr_for_me v2:172.21.15.107:0/0)
2024-09-21T11:48:26.905 INFO:teuthology.orchestra.run.smithi107.stdout:/usr/bin/ceph: stderr
2024-09-21T11:48:25.921+0000 7faa0d85e640 1 -- 172.21.15.107:0/2012467809 --> [v2:172.21.15.107:3300/0,v1:172.21.15.107:6789/0] -- mon_subscribe({config=0+,monmap=0+}) -- 0x7faa0819ab80 con 0x7faa08079b60
2024-09-21T11:48:26.905 INFO:teuthology.orchestra.run.smithi107.stdout:/usr/bin/ceph: stderr
2024-09-21T11:48:25.921+0000 7faa0d85e640 1 --2- 172.21.15.107:0/2012467809 >> [v2:172.21.15.107:3300/0,v1:172.21.15.107:6789/0] conn(0x7faa08079b60 0x7faa0819a620 secure :-1 s=READY pgs=42 cs=0 l=1 rev1=1 crypto rx=0x7faa040090b0 tx=0x7faa04030b50 comp rx=0 tx=0).ready entity=mon.0 client_cookie=0 server_cookie=0 in_seq=0 out_seq=0
2024-09-21T11:48:26.905 INFO:teuthology.orchestra.run.smithi107.stdout:/usr/bin/ceph: stderr
2024-09-21T11:48:25.921+0000 7fa9feffd640 1 -- 172.21.15.107:0/2012467809 <== mon.0 v2:172.21.15.107:3300/0 1 ==== mon_map magic: 0 ==== 205+0+0 (secure 0 0 0) 0x7faa0403f020 con 0x7faa08079b60
2024-09-21T11:48:26.905 INFO:teuthology.orchestra.run.smithi107.stdout:/usr/bin/ceph: stderr
2024-09-21T11:48:25.921+0000 7fa9feffd640 1 -- 172.21.15.107:0/2012467809 <== mon.0 v2:172.21.15.107:3300/0 2 ==== config(23 keys) ==== 972+0+0 (secure 0 0 0) 0x7faa04030e10 con 0x7faa08079b60
2024-09-21T11:48:26.906 INFO:teuthology.orchestra.run.smithi107.stdout:/usr/bin/ceph: stderr
2024-09-21T11:48:25.921+0000 7fa9feffd640 1 -- 172.21.15.107:0/2012467809 <== mon.0 v2:172.21.15.107:3300/0 3 ==== mon_map magic: 0 ==== 205+0+0 (secure 0 0 0) 0x7faa04037040 con 0x7faa08079b60
2024-09-21T11:48:26.906 INFO:teuthology.orchestra.run.smithi107.stdout:/usr/bin/ceph: stderr
2024-09-21T11:48:25.921+0000 7faa0fac2640 1 -- 172.21.15.107:0/2012467809 --> [v2:172.21.15.107:3300/0,v1:172.21.15.107:6789/0] -- mon_subscribe({mgrmap=0+}) -- 0x7faa0819ae10 con 0x7faa08079b60
2024-09-21T11:48:26.906 INFO:teuthology.orchestra.run.smithi107.stdout:/usr/bin/ceph: stderr
2024-09-21T11:48:25.921+0000 7faa0fac2640 1 -- 172.21.15.107:0/2012467809 --> [v2:172.21.15.107:3300/0,v1:172.21.15.107:6789/0] -- mon_subscribe({osdmap=0}) -- 0x7faa0819b850 con 0x7faa08079b60
2024-09-21T11:48:26.906 INFO:teuthology.orchestra.run.smithi107.stdout:/usr/bin/ceph: stderr
2024-09-21T11:48:25.922+0000 7fa9feffd640 1 -- 172.21.15.107:0/2012467809 <== mon.0 v2:172.21.15.107:3300/0 4 ==== mgrmap(e 9) ==== 51842+0+0 (secure 0 0 0) 0x7faa04042020 con 0x7faa08079b60
2024-09-21T11:48:26.906 INFO:teuthology.orchestra.run.smithi107.stdout:/usr/bin/ceph: stderr
2024-09-21T11:48:25.922+0000 7faa0fac2640 1 -- 172.21.15.107:0/2012467809 --> [v2:172.21.15.107:3300/0,v1:172.21.15.107:6789/0] -- mon_command({"prefix": "get_command_descriptions"} v 0) -- 0x7faa08107250 con 0x7faa08079b60
2024-09-21T11:48:26.906 INFO:teuthology.orchestra.run.smithi107.stdout:/usr/bin/ceph: stderr
2024-09-21T11:48:25.922+0000 7fa9feffd640 1 --2- 172.21.15.107:0/2012467809 >> [v2:172.21.15.107:6800/1807990149,v1:172.21.15.107:6801/1807990149] conn(0x7fa9f403f840 0x7fa9f4041d00 unknown :-1 s=NONE pgs=0 cs=0 l=1 rev1=0 crypto rx=0 tx=0 comp rx=0 tx=0).connect
2024-09-21T11:48:26.906 INFO:teuthology.orchestra.run.smithi107.stdout:/usr/bin/ceph: stderr
2024-09-21T11:48:25.922+0000 7fa9feffd640 1 -- 172.21.15.107:0/2012467809 <== mon.0 v2:172.21.15.107:3300/0 5 ==== osd_map(2..2 src has 1..2) ==== 940+0+0 (secure 0 0 0) 0x7faa040746e0 con 0x7faa08079b60
2024-09-21T11:48:26.906 INFO:teuthology.orchestra.run.smithi107.stdout:/usr/bin/ceph: stderr
2024-09-21T11:48:25.922+0000 7faa0d05d640 1 --2- 172.21.15.107:0/2012467809 >> [v2:172.21.15.107:6800/1807990149,v1:172.21.15.107:6801/1807990149] conn(0x7fa9f403f840 0x7fa9f4041d00 unknown :-1 s=BANNER_CONNECTING pgs=0 cs=0 l=1 rev1=0 crypto rx=0 tx=0 comp rx=0 tx=0)._handle_peer_banner_payload supported=3 required=0
2024-09-21T11:48:26.906 INFO:teuthology.orchestra.run.smithi107.stdout:/usr/bin/ceph: stderr
2024-09-21T11:48:25.923+0000 7faa0d05d640 1 --2- 172.21.15.107:0/2012467809 >> [v2:172.21.15.107:6800/1807990149,v1:172.21.15.107:6801/1807990149] conn(0x7fa9f403f840 0x7fa9f4041d00 secure :-1 s=READY pgs=10 cs=0 l=1 rev1=1 crypto rx=0x7fa9f80098c0 tx=0x7fa9f8006db0 comp rx=0 tx=0).ready entity=mgr.14118 client_cookie=0 server_cookie=0 in_seq=0 out_seq=0
2024-09-21T11:48:26.906 INFO:teuthology.orchestra.run.smithi107.stdout:/usr/bin/ceph: stderr
2024-09-21T11:48:25.927+0000 7fa9feffd640 1 -- 172.21.15.107:0/2012467809 <== mon.0 v2:172.21.15.107:3300/0 6 ==== mon_command_ack([{"prefix": "get_command_descriptions"}]=0 v0) ==== 72+0+198400 (secure 0 0 0) 0x7faa04049020 con 0x7faa08079b60
2024-09-21T11:48:26.906 INFO:teuthology.orchestra.run.smithi107.stdout:/usr/bin/ceph: stderr
2024-09-21T11:48:26.109+0000 7faa0fac2640 1 -- 172.21.15.107:0/2012467809 --> [v2:172.21.15.107:6800/1807990149,v1:172.21.15.107:6801/1807990149] -- mgr_command(tid 0: {"prefix": "cephadm generate-key", "target": ["mon-mgr", ""]}) -- 0x7faa0819c030 con 0x7fa9f403f840
2024-09-21T11:48:26.906 INFO:teuthology.orchestra.run.smithi107.stdout:/usr/bin/ceph: stderr
