2024-09-21T11:48:15.588+0000 7f1960057640 1 --2- 172.21.15.107:0/2191298045 >> [v2:172.21.15.107:3300/0,v1:172.21.15.107:6789/0] conn(0x7f19581054e0 0x7f1958190400 unknown :-1 s=CLOSED pgs=25 cs=0 l=1 rev1=1 crypto rx=0 tx=0 comp rx=0 tx=0).stop
2024-09-21T11:48:16.119 INFO:teuthology.orchestra.run.smithi107.stdout:/usr/bin/ceph: stderr
2024-09-21T11:48:15.588+0000 7f1960057640 1 -- 172.21.15.107:0/2191298045 >> 172.21.15.107:0/2191298045 conn(0x7f1958100db0 msgr2=0x7f1958079800 unknown :-1 s=STATE_NONE l=0).mark_down
2024-09-21T11:48:16.119 INFO:teuthology.orchestra.run.smithi107.stdout:/usr/bin/ceph: stderr
2024-09-21T11:48:15.588+0000 7f1960057640 1 -- 172.21.15.107:0/2191298045 shutdown_connections
2024-09-21T11:48:16.119 INFO:teuthology.orchestra.run.smithi107.stdout:/usr/bin/ceph: stderr
2024-09-21T11:48:15.588+0000 7f1960057640 1 -- 172.21.15.107:0/2191298045 wait complete.
2024-09-21T11:48:16.119 INFO:teuthology.orchestra.run.smithi107.stdout:Waiting for the mgr to restart...
2024-09-21T11:48:16.119 INFO:teuthology.orchestra.run.smithi107.stdout:Waiting for mgr epoch 5...
2024-09-21T11:48:16.362 INFO:journalctl@ceph.mon.a.smithi107.stdout:Sep 21 11:48:16 smithi107 ceph-mon[30293]: from='client.? 172.21.15.107:0/2191298045' entity='client.admin' cmd={"prefix": "mgr stat"} : dispatch
2024-09-21T11:48:19.504 INFO:journalctl@ceph.mon.a.smithi107.stdout:Sep 21 11:48:19 smithi107 ceph-mon[30293]: Active manager daemon y restarted
2024-09-21T11:48:19.504 INFO:journalctl@ceph.mon.a.smithi107.stdout:Sep 21 11:48:19 smithi107 ceph-mon[30293]: Activating manager daemon y
2024-09-21T11:48:19.504 INFO:journalctl@ceph.mon.a.smithi107.stdout:Sep 21 11:48:19 smithi107 ceph-mon[30293]: osdmap e2: 0 total, 0 up, 0 in
2024-09-21T11:48:19.504 INFO:journalctl@ceph.mon.a.smithi107.stdout:Sep 21 11:48:19 smithi107 ceph-mon[30293]: mgrmap e6: y(active, starting, since 0.00346164s)
2024-09-21T11:48:19.504 INFO:journalctl@ceph.mon.a.smithi107.stdout:Sep 21 11:48:19 smithi107 ceph-mon[30293]: from='mgr.14118 172.21.15.107:0/2556961702' entity='mgr.y' cmd={"prefix": "mon metadata", "id": "a"} : dispatch
2024-09-21T11:48:19.504 INFO:journalctl@ceph.mon.a.smithi107.stdout:Sep 21 11:48:19 smithi107 ceph-mon[30293]: from='mgr.14118 172.21.15.107:0/2556961702' entity='mgr.y' cmd={"prefix": "mgr metadata", "who": "y", "id": "y"} : dispatch
2024-09-21T11:48:19.504 INFO:journalctl@ceph.mon.a.smithi107.stdout:Sep 21 11:48:19 smithi107 ceph-mon[30293]: from='mgr.14118 172.21.15.107:0/2556961702' entity='mgr.y' cmd={"prefix": "mds metadata"} : dispatch
2024-09-21T11:48:19.504 INFO:journalctl@ceph.mon.a.smithi107.stdout:Sep 21 11:48:19 smithi107 ceph-mon[30293]: from='mgr.14118 172.21.15.107:0/2556961702' entity='mgr.y' cmd={"prefix": "osd metadata"} : dispatch
2024-09-21T11:48:19.504 INFO:journalctl@ceph.mon.a.smithi107.stdout:Sep 21 11:48:19 smithi107 ceph-mon[30293]: from='mgr.14118 172.21.15.107:0/2556961702' entity='mgr.y' cmd={"prefix": "mon metadata"} : dispatch
2024-09-21T11:48:19.504 INFO:journalctl@ceph.mon.a.smithi107.stdout:Sep 21 11:48:19 smithi107 ceph-mon[30293]: Manager daemon y is now available
2024-09-21T11:48:20.855 INFO:teuthology.orchestra.run.smithi107.stdout:/usr/bin/ceph: stdout {
2024-09-21T11:48:20.855 INFO:teuthology.orchestra.run.smithi107.stdout:/usr/bin/ceph: stdout "mgrmap_epoch": 7,
2024-09-21T11:48:20.855 INFO:teuthology.orchestra.run.smithi107.stdout:/usr/bin/ceph: stdout "initialized": true
2024-09-21T11:48:20.855 INFO:teuthology.orchestra.run.smithi107.stdout:/usr/bin/ceph: stdout }
2024-09-21T11:48:20.855 INFO:teuthology.orchestra.run.smithi107.stdout:/usr/bin/ceph: stderr
2024-09-21T11:48:16.581+0000 7f7a00963640 1 Processor -- start
2024-09-21T11:48:20.856 INFO:teuthology.orchestra.run.smithi107.stdout:/usr/bin/ceph: stderr
2024-09-21T11:48:16.581+0000 7f7a00963640 1 -- start start
2024-09-21T11:48:20.856 INFO:teuthology.orchestra.run.smithi107.stdout:/usr/bin/ceph: stderr
2024-09-21T11:48:16.581+0000 7f7a00963640 1 --2- >> [v2:172.21.15.107:3300/0,v1:172.21.15.107:6789/0] conn(0x7f79fc079bc0 0x7f79fc109180 unknown :-1 s=NONE pgs=0 cs=0 l=0 rev1=0 crypto rx=0 tx=0 comp rx=0 tx=0).connect
2024-09-21T11:48:20.856 INFO:teuthology.orchestra.run.smithi107.stdout:/usr/bin/ceph: stderr
2024-09-21T11:48:16.581+0000 7f7a00963640 1 -- --> [v2:172.21.15.107:3300/0,v1:172.21.15.107:6789/0] -- mon_getmap magic: 0 -- 0x7f79fc1096c0 con 0x7f79fc079bc0
2024-09-21T11:48:20.856 INFO:teuthology.orchestra.run.smithi107.stdout:/usr/bin/ceph: stderr
2024-09-21T11:48:16.581+0000 7f79fa59c640 1 --2- >> [v2:172.21.15.107:3300/0,v1:172.21.15.107:6789/0] conn(0x7f79fc079bc0 0x7f79fc109180 unknown :-1 s=BANNER_CONNECTING pgs=0 cs=0 l=0 rev1=0 crypto rx=0 tx=0 comp rx=0 tx=0)._handle_peer_banner_payload supported=3 required=0
2024-09-21T11:48:20.856 INFO:teuthology.orchestra.run.smithi107.stdout:/usr/bin/ceph: stderr
2024-09-21T11:48:16.581+0000 7f79fa59c640 1 --2- >> [v2:172.21.15.107:3300/0,v1:172.21.15.107:6789/0] conn(0x7f79fc079bc0 0x7f79fc109180 unknown :-1 s=HELLO_CONNECTING pgs=0 cs=0 l=0 rev1=1 crypto rx=0 tx=0 comp rx=0 tx=0).handle_hello peer v2:172.21.15.107:3300/0 says I am v2:172.21.15.107:47472/0 (socket says 172.21.15.107:47472)
2024-09-21T11:48:20.856 INFO:teuthology.orchestra.run.smithi107.stdout:/usr/bin/ceph: stderr
2024-09-21T11:48:16.581+0000 7f79fa59c640 1 -- 172.21.15.107:0/566762328 learned_addr learned my addr 172.21.15.107:0/566762328 (peer_addr_for_me v2:172.21.15.107:0/0)
2024-09-21T11:48:20.856 INFO:teuthology.orchestra.run.smithi107.stdout:/usr/bin/ceph: stderr
2024-09-21T11:48:16.582+0000 7f79fa59c640 1 -- 172.21.15.107:0/566762328 --> [v2:172.21.15.107:3300/0,v1:172.21.15.107:6789/0] -- mon_subscribe({config=0+,monmap=0+}) -- 0x7f79fc109840 con 0x7f79fc079bc0
2024-09-21T11:48:20.856 INFO:teuthology.orchestra.run.smithi107.stdout:/usr/bin/ceph: stderr
2024-09-21T11:48:16.582+0000 7f79fa59c640 1 --2- 172.21.15.107:0/566762328 >> [v2:172.21.15.107:3300/0,v1:172.21.15.107:6789/0] conn(0x7f79fc079bc0 0x7f79fc109180 secure :-1 s=READY pgs=26 cs=0 l=1 rev1=1 crypto rx=0x7f79ec009820 tx=0x7f79ec02a300 comp rx=0 tx=0).ready entity=mon.0 client_cookie=bd2b4b78d6258b35 server_cookie=0 in_seq=0 out_seq=0
2024-09-21T11:48:20.856 INFO:teuthology.orchestra.run.smithi107.stdout:/usr/bin/ceph: stderr
2024-09-21T11:48:16.583+0000 7f79f959a640 1 -- 172.21.15.107:0/566762328 <== mon.0 v2:172.21.15.107:3300/0 1 ==== mon_map magic: 0 ==== 205+0+0 (secure 0 0 0) 0x7f79ec037070 con 0x7f79fc079bc0
2024-09-21T11:48:20.856 INFO:teuthology.orchestra.run.smithi107.stdout:/usr/bin/ceph: stderr
2024-09-21T11:48:16.583+0000 7f79f959a640 1 -- 172.21.15.107:0/566762328 <== mon.0 v2:172.21.15.107:3300/0 2 ==== config(23 keys) ==== 972+0+0 (secure 0 0 0) 0x7f79ec032870 con 0x7f79fc079bc0
2024-09-21T11:48:20.856 INFO:teuthology.orchestra.run.smithi107.stdout:/usr/bin/ceph: stderr
2024-09-21T11:48:16.583+0000 7f79f959a640 1 -- 172.21.15.107:0/566762328 <== mon.0 v2:172.21.15.107:3300/0 3 ==== mon_map magic: 0 ==== 205+0+0 (secure 0 0 0) 0x7f79ec030660 con 0x7f79fc079bc0
2024-09-21T11:48:20.856 INFO:teuthology.orchestra.run.smithi107.stdout:/usr/bin/ceph: stderr
2024-09-21T11:48:16.583+0000 7f7a00963640 1 -- 172.21.15.107:0/566762328 >> [v2:172.21.15.107:3300/0,v1:172.21.15.107:6789/0] conn(0x7f79fc079bc0 msgr2=0x7f79fc109180 secure :-1 s=STATE_CONNECTION_ESTABLISHED l=1).mark_down
2024-09-21T11:48:20.856 INFO:teuthology.orchestra.run.smithi107.stdout:/usr/bin/ceph: stderr
2024-09-21T11:48:16.583+0000 7f7a00963640 1 --2- 172.21.15.107:0/566762328 >> [v2:172.21.15.107:3300/0,v1:172.21.15.107:6789/0] conn(0x7f79fc079bc0 0x7f79fc109180 secure :-1 s=READY pgs=26 cs=0 l=1 rev1=1 crypto rx=0x7f79ec009820 tx=0x7f79ec02a300 comp rx=0 tx=0).stop
2024-09-21T11:48:20.857 INFO:teuthology.orchestra.run.smithi107.stdout:/usr/bin/ceph: stderr
2024-09-21T11:48:16.583+0000 7f7a00963640 1 -- 172.21.15.107:0/566762328 shutdown_connections
2024-09-21T11:48:20.857 INFO:teuthology.orchestra.run.smithi107.stdout:/usr/bin/ceph: stderr
2024-09-21T11:48:16.583+0000 7f7a00963640 1 --2- 172.21.15.107:0/566762328 >> [v2:172.21.15.107:3300/0,v1:172.21.15.107:6789/0] conn(0x7f79fc079bc0 0x7f79fc109180 unknown :-1 s=CLOSED pgs=26 cs=0 l=1 rev1=1 crypto rx=0 tx=0 comp rx=0 tx=0).stop
2024-09-21T11:48:20.857 INFO:teuthology.orchestra.run.smithi107.stdout:/usr/bin/ceph: stderr
2024-09-21T11:48:16.583+0000 7f7a00963640 1 -- 172.21.15.107:0/566762328 >> 172.21.15.107:0/566762328 conn(0x7f79fc100df0 msgr2=0x7f79fc103210 unknown :-1 s=STATE_NONE l=0).mark_down
2024-09-21T11:48:20.857 INFO:teuthology.orchestra.run.smithi107.stdout:/usr/bin/ceph: stderr
2024-09-21T11:48:16.583+0000 7f7a00963640 1 -- 172.21.15.107:0/566762328 shutdown_connections
2024-09-21T11:48:20.857 INFO:teuthology.orchestra.run.smithi107.stdout:/usr/bin/ceph: stderr
2024-09-21T11:48:16.583+0000 7f7a00963640 1 -- 172.21.15.107:0/566762328 wait complete.
2024-09-21T11:48:20.857 INFO:teuthology.orchestra.run.smithi107.stdout:/usr/bin/ceph: stderr
2024-09-21T11:48:16.584+0000 7f7a00963640 1 Processor -- start
2024-09-21T11:48:20.857 INFO:teuthology.orchestra.run.smithi107.stdout:/usr/bin/ceph: stderr
2024-09-21T11:48:16.584+0000 7f7a00963640 1 -- start start
2024-09-21T11:48:20.857 INFO:teuthology.orchestra.run.smithi107.stdout:/usr/bin/ceph: stderr
2024-09-21T11:48:16.584+0000 7f7a00963640 1 --2- >> [v2:172.21.15.107:3300/0,v1:172.21.15.107:6789/0] conn(0x7f79fc079bc0 0x7f79fc1067d0 unknown :-1 s=NONE pgs=0 cs=0 l=1 rev1=0 crypto rx=0 tx=0 comp rx=0 tx=0).connect
2024-09-21T11:48:20.857 INFO:teuthology.orchestra.run.smithi107.stdout:/usr/bin/ceph: stderr
2024-09-21T11:48:16.584+0000 7f7a00963640 1 -- --> [v2:172.21.15.107:3300/0,v1:172.21.15.107:6789/0] -- mon_getmap magic: 0 -- 0x7f79fc10a8b0 con 0x7f79fc079bc0
2024-09-21T11:48:20.857 INFO:teuthology.orchestra.run.smithi107.stdout:/usr/bin/ceph: stderr
2024-09-21T11:48:16.585+0000 7f79fa59c640 1 --2- >> [v2:172.21.15.107:3300/0,v1:172.21.15.107:6789/0] conn(0x7f79fc079bc0 0x7f79fc1067d0 unknown :-1 s=BANNER_CONNECTING pgs=0 cs=0 l=1 rev1=0 crypto rx=0 tx=0 comp rx=0 tx=0)._handle_peer_banner_payload supported=3 required=0
2024-09-21T11:48:20.857 INFO:teuthology.orchestra.run.smithi107.stdout:/usr/bin/ceph: stderr
2024-09-21T11:48:16.585+0000 7f79fa59c640 1 --2- >> [v2:172.21.15.107:3300/0,v1:172.21.15.107:6789/0] conn(0x7f79fc079bc0 0x7f79fc1067d0 unknown :-1 s=HELLO_CONNECTING pgs=0 cs=0 l=1 rev1=1 crypto rx=0 tx=0 comp rx=0 tx=0).handle_hello peer v2:172.21.15.107:3300/0 says I am v2:172.21.15.107:47486/0 (socket says 172.21.15.107:47486)
2024-09-21T11:48:20.857 INFO:teuthology.orchestra.run.smithi107.stdout:/usr/bin/ceph: stderr
2024-09-21T11:48:16.585+0000 7f79fa59c640 1 -- 172.21.15.107:0/4177363489 learned_addr learned my addr 172.21.15.107:0/4177363489 (peer_addr_for_me v2:172.21.15.107:0/0)
2024-09-21T11:48:20.857 INFO:teuthology.orchestra.run.smithi107.stdout:/usr/bin/ceph: stderr
2024-09-21T11:48:16.585+0000 7f79fa59c640 1 -- 172.21.15.107:0/4177363489 --> [v2:172.21.15.107:3300/0,v1:172.21.15.107:6789/0] -- mon_subscribe({config=0+,monmap=0+}) -- 0x7f79fc106d30 con 0x7f79fc079bc0
2024-09-21T11:48:20.857 INFO:teuthology.orchestra.run.smithi107.stdout:/usr/bin/ceph: stderr
2024-09-21T11:48:16.585+0000 7f79fa59c640 1 --2- 172.21.15.107:0/4177363489 >> [v2:172.21.15.107:3300/0,v1:172.21.15.107:6789/0] conn(0x7f79fc079bc0 0x7f79fc1067d0 secure :-1 s=READY pgs=27 cs=0 l=1 rev1=1 crypto rx=0x7f79ec000c00 tx=0x7f79ec030a60 comp rx=0 tx=0).ready entity=mon.0 client_cookie=0 server_cookie=0 in_seq=0 out_seq=0
2024-09-21T11:48:20.858 INFO:teuthology.orchestra.run.smithi107.stdout:/usr/bin/ceph: stderr
2024-09-21T11:48:16.585+0000 7f79eb7fe640 1 -- 172.21.15.107:0/4177363489 <== mon.0 v2:172.21.15.107:3300/0 1 ==== mon_map magic: 0 ==== 205+0+0 (secure 0 0 0) 0x7f79ec037040 con 0x7f79fc079bc0
2024-09-21T11:48:20.858 INFO:teuthology.orchestra.run.smithi107.stdout:/usr/bin/ceph: stderr
2024-09-21T11:48:16.585+0000 7f79eb7fe640 1 -- 172.21.15.107:0/4177363489 <== mon.0 v2:172.21.15.107:3300/0 2 ==== config(23 keys) ==== 972+0+0 (secure 0 0 0) 0x7f79ec040070 con 0x7f79fc079bc0
2024-09-21T11:48:20.858 INFO:teuthology.orchestra.run.smithi107.stdout:/usr/bin/ceph: stderr
2024-09-21T11:48:16.585+0000 7f7a00963640 1 -- 172.21.15.107:0/4177363489 --> [v2:172.21.15.107:3300/0,v1:172.21.15.107:6789/0] -- mon_subscribe({mgrmap=0+}) -- 0x7f79fc105120 con 0x7f79fc079bc0
2024-09-21T11:48:20.858 INFO:teuthology.orchestra.run.smithi107.stdout:/usr/bin/ceph: stderr
2024-09-21T11:48:16.585+0000 7f79eb7fe640 1 -- 172.21.15.107:0/4177363489 <== mon.0 v2:172.21.15.107:3300/0 3 ==== mon_map magic: 0 ==== 205+0+0 (secure 0 0 0) 0x7f79ec03a390 con 0x7f79fc079bc0
2024-09-21T11:48:20.858 INFO:teuthology.orchestra.run.smithi107.stdout:/usr/bin/ceph: stderr
2024-09-21T11:48:16.585+0000 7f7a00963640 1 -- 172.21.15.107:0/4177363489 --> [v2:172.21.15.107:3300/0,v1:172.21.15.107:6789/0] -- mon_subscribe({osdmap=0}) -- 0x7f79fc1056a0 con 0x7f79fc079bc0
2024-09-21T11:48:20.858 INFO:teuthology.orchestra.run.smithi107.stdout:/usr/bin/ceph: stderr
2024-09-21T11:48:16.586+0000 7f79eb7fe640 1 -- 172.21.15.107:0/4177363489 <== mon.0 v2:172.21.15.107:3300/0 4 ==== mgrmap(e 5) ==== 51842+0+0 (secure 0 0 0) 0x7f79ec03a610 con 0x7f79fc079bc0
2024-09-21T11:48:20.858 INFO:teuthology.orchestra.run.smithi107.stdout:/usr/bin/ceph: stderr
2024-09-21T11:48:16.587+0000 7f79eb7fe640 1 --2- 172.21.15.107:0/4177363489 >> [v2:172.21.15.107:6800/1943709907,v1:172.21.15.107:6801/1943709907] conn(0x7f79e403f7f0 0x7f79e4041cb0 unknown :-1 s=NONE pgs=0 cs=0 l=1 rev1=0 crypto rx=0 tx=0 comp rx=0 tx=0).connect
2024-09-21T11:48:20.858 INFO:teuthology.orchestra.run.smithi107.stdout:/usr/bin/ceph: stderr
2024-09-21T11:48:16.587+0000 7f7a00963640 1 -- 172.21.15.107:0/4177363489 --> [v2:172.21.15.107:6800/1943709907,v1:172.21.15.107:6801/1943709907] -- command(tid 0: {"prefix": "get_command_descriptions"}) -- 0x7f79fc106fc0 con 0x7f79e403f7f0
2024-09-21T11:48:20.858 INFO:teuthology.orchestra.run.smithi107.stdout:/usr/bin/ceph: stderr
2024-09-21T11:48:16.587+0000 7f79eb7fe640 1 -- 172.21.15.107:0/4177363489 <== mon.0 v2:172.21.15.107:3300/0 5 ==== osd_map(1..1 src has 1..1) ==== 725+0+0 (secure 0 0 0) 0x7f79ec074220 con 0x7f79fc079bc0
2024-09-21T11:48:20.858 INFO:teuthology.orchestra.run.smithi107.stdout:/usr/bin/ceph: stderr
2024-09-21T11:48:16.587+0000 7f79f9d9b640 1 -- 172.21.15.107:0/4177363489 >> [v2:172.21.15.107:6800/1943709907,v1:172.21.15.107:6801/1943709907] conn(0x7f79e403f7f0 msgr2=0x7f79e4041cb0 unknown :-1 s=STATE_CONNECTING_RE l=1).process reconnect failed to v2:172.21.15.107:6800/1943709907
2024-09-21T11:48:20.858 INFO:teuthology.orchestra.run.smithi107.stdout:/usr/bin/ceph: stderr
2024-09-21T11:48:16.587+0000 7f79f9d9b640 1 --2- 172.21.15.107:0/4177363489 >> [v2:172.21.15.107:6800/1943709907,v1:172.21.15.107:6801/1943709907] conn(0x7f79e403f7f0 0x7f79e4041cb0 unknown :-1 s=START_CONNECT pgs=0 cs=0 l=1 rev1=0 crypto rx=0 tx=0 comp rx=0 tx=0)._fault waiting 0.200000
2024-09-21T11:48:20.858 INFO:teuthology.orchestra.run.smithi107.stdout:/usr/bin/ceph: stderr
2024-09-21T11:48:16.788+0000 7f79f9d9b640 1 -- 172.21.15.107:0/4177363489 >> [v2:172.21.15.107:6800/1943709907,v1:172.21.15.107:6801/1943709907] conn(0x7f79e403f7f0 msgr2=0x7f79e4041cb0 unknown :-1 s=STATE_CONNECTING_RE l=1).process reconnect failed to v2:172.21.15.107:6800/1943709907
2024-09-21T11:48:20.858 INFO:teuthology.orchestra.run.smithi107.stdout:/usr/bin/ceph: stderr
2024-09-21T11:48:16.788+0000 7f79f9d9b640 1 --2- 172.21.15.107:0/4177363489 >> [v2:172.21.15.107:6800/1943709907,v1:172.21.15.107:6801/1943709907] conn(0x7f79e403f7f0 0x7f79e4041cb0 unknown :-1 s=START_CONNECT pgs=0 cs=0 l=1 rev1=0 crypto rx=0 tx=0 comp rx=0 tx=0)._fault waiting 0.400000
2024-09-21T11:48:20.858 INFO:teuthology.orchestra.run.smithi107.stdout:/usr/bin/ceph: stderr
2024-09-21T11:48:17.189+0000 7f79f9d9b640 1 -- 172.21.15.107:0/4177363489 >> [v2:172.21.15.107:6800/1943709907,v1:172.21.15.107:6801/1943709907] conn(0x7f79e403f7f0 msgr2=0x7f79e4041cb0 unknown :-1 s=STATE_CONNECTING_RE l=1).process reconnect failed to v2:172.21.15.107:6800/1943709907
2024-09-21T11:48:20.859 INFO:teuthology.orchestra.run.smithi107.stdout:/usr/bin/ceph: stderr
2024-09-21T11:48:17.189+0000 7f79f9d9b640 1 --2- 172.21.15.107:0/4177363489 >> [v2:172.21.15.107:6800/1943709907,v1:172.21.15.107:6801/1943709907] conn(0x7f79e403f7f0 0x7f79e4041cb0 unknown :-1 s=START_CONNECT pgs=0 cs=0 l=1 rev1=0 crypto rx=0 tx=0 comp rx=0 tx=0)._fault waiting 0.800000
2024-09-21T11:48:20.859 INFO:teuthology.orchestra.run.smithi107.stdout:/usr/bin/ceph: stderr
2024-09-21T11:48:17.990+0000 7f79f9d9b640 1 -- 172.21.15.107:0/4177363489 >> [v2:172.21.15.107:6800/1943709907,v1:172.21.15.107:6801/1943709907] conn(0x7f79e403f7f0 msgr2=0x7f79e4041cb0 unknown :-1 s=STATE_CONNECTING_RE l=1).process reconnect failed to v2:172.21.15.107:6800/1943709907
2024-09-21T11:48:20.859 INFO:teuthology.orchestra.run.smithi107.stdout:/usr/bin/ceph: stderr
2024-09-21T11:48:17.990+0000 7f79f9d9b640 1 --2- 172.21.15.107:0/4177363489 >> [v2:172.21.15.107:6800/1943709907,v1:172.21.15.107:6801/1943709907] conn(0x7f79e403f7f0 0x7f79e4041cb0 unknown :-1 s=START_CONNECT pgs=0 cs=0 l=1 rev1=0 crypto rx=0 tx=0 comp rx=0 tx=0)._fault waiting 1.600000
2024-09-21T11:48:20.859 INFO:teuthology.orchestra.run.smithi107.stdout:/usr/bin/ceph: stderr
2024-09-21T11:48:19.248+0000 7f79eb7fe640 1 -- 172.21.15.107:0/4177363489 <== mon.0 v2:172.21.15.107:3300/0 6 ==== mgrmap(e 6) ==== 51609+0+0 (secure 0 0 0) 0x7f79ec073020 con 0x7f79fc079bc0
2024-09-21T11:48:20.859 INFO:teuthology.orchestra.run.smithi107.stdout:/usr/bin/ceph: stderr
2024-09-21T11:48:19.248+0000 7f79eb7fe640 1 -- 172.21.15.107:0/4177363489 >> [v2:172.21.15.107:6800/1943709907,v1:172.21.15.107:6801/1943709907] conn(0x7f79e403f7f0 msgr2=0x7f79e4041cb0 unknown :-1 s=STATE_CONNECTING l=1).mark_down
2024-09-21T11:48:20.859 INFO:teuthology.orchestra.run.smithi107.stdout:/usr/bin/ceph: stderr
2024-09-21T11:48:19.248+0000 7f79eb7fe640 1 --2- 172.21.15.107:0/4177363489 >> [v2:172.21.15.107:6800/1943709907,v1:172.21.15.107:6801/1943709907] conn(0x7f79e403f7f0 0x7f79e4041cb0 unknown :-1 s=START_CONNECT pgs=0 cs=0 l=1 rev1=0 crypto rx=0 tx=0 comp rx=0 tx=0).stop
2024-09-21T11:48:20.859 INFO:teuthology.orchestra.run.smithi107.stdout:/usr/bin/ceph: stderr
2024-09-21T11:48:20.249+0000 7f79eb7fe640 1 -- 172.21.15.107:0/4177363489 <== mon.0 v2:172.21.15.107:3300/0 7 ==== mgrmap(e 7) ==== 51736+0+0 (secure 0 0 0) 0x7f79ec0457e0 con 0x7f79fc079bc0
2024-09-21T11:48:20.859 INFO:teuthology.orchestra.run.smithi107.stdout:/usr/bin/ceph: stderr
2024-09-21T11:48:20.249+0000 7f79eb7fe640 1 --2- 172.21.15.107:0/4177363489 >> [v2:172.21.15.107:6800/1807990149,v1:172.21.15.107:6801/1807990149] conn(0x7f79e4042f10 0x7f79e4045300 unknown :-1 s=NONE pgs=0 cs=0 l=1 rev1=0 crypto rx=0 tx=0 comp rx=0 tx=0).connect
2024-09-21T11:48:20.859 INFO:teuthology.orchestra.run.smithi107.stdout:/usr/bin/ceph: stderr
2024-09-21T11:48:20.249+0000 7f79eb7fe640 1 -- 172.21.15.107:0/4177363489 --> [v2:172.21.15.107:6800/1807990149,v1:172.21.15.107:6801/1807990149] -- command(tid 0: {"prefix": "get_command_descriptions"}) -- 0x7f79ec048e50 con 0x7f79e4042f10
2024-09-21T11:48:20.859 INFO:teuthology.orchestra.run.smithi107.stdout:/usr/bin/ceph: stderr
2024-09-21T11:48:20.249+0000 7f79f9d9b640 1 --2- 172.21.15.107:0/4177363489 >> [v2:172.21.15.107:6800/1807990149,v1:172.21.15.107:6801/1807990149] conn(0x7f79e4042f10 0x7f79e4045300 unknown :-1 s=BANNER_CONNECTING pgs=0 cs=0 l=1 rev1=0 crypto rx=0 tx=0 comp rx=0 tx=0)._handle_peer_banner_payload supported=3 required=0
2024-09-21T11:48:20.859 INFO:teuthology.orchestra.run.smithi107.stdout:/usr/bin/ceph: stderr
2024-09-21T11:48:20.250+0000 7f79f9d9b640 1 --2- 172.21.15.107:0/4177363489 >> [v2:172.21.15.107:6800/1807990149,v1:172.21.15.107:6801/1807990149] conn(0x7f79e4042f10 0x7f79e4045300 secure :-1 s=READY pgs=1 cs=0 l=1 rev1=1 crypto rx=0x7f79f0003980 tx=0x7f79f0006e10 comp rx=0 tx=0).ready entity=mgr.14118 client_cookie=0 server_cookie=0 in_seq=0 out_seq=0
2024-09-21T11:48:20.859 INFO:teuthology.orchestra.run.smithi107.stdout:/usr/bin/ceph: stderr
2024-09-21T11:48:20.250+0000 7f79eb7fe640 1 -- 172.21.15.107:0/4177363489 <== mgr.14118 v2:172.21.15.107:6800/1807990149 1 ==== command_reply(tid 0: 0 ) ==== 8+0+9564 (secure 0 0 0) 0x7f79ec048e50 con 0x7f79e4042f10
2024-09-21T11:48:20.859 INFO:teuthology.orchestra.run.smithi107.stdout:/usr/bin/ceph: stderr
2024-09-21T11:48:20.257+0000 7f7a00963640 1 -- 172.21.15.107:0/4177363489 --> [v2:172.21.15.107:6800/1807990149,v1:172.21.15.107:6801/1807990149] -- command(tid 1: {"prefix": "mgr_status"}) -- 0x7f79fc1071f0 con 0x7f79e4042f10
2024-09-21T11:48:20.859 INFO:teuthology.orchestra.run.smithi107.stdout:/usr/bin/ceph: stderr
2024-09-21T11:48:20.258+0000 7f79eb7fe640 1 -- 172.21.15.107:0/4177363489 <== mgr.14118 v2:172.21.15.107:6800/1807990149 2 ==== command_reply(tid 1: 0 ) ==== 8+0+51 (secure 0 0 0) 0x7f79fc1071f0 con 0x7f79e4042f10
2024-09-21T11:48:20.860 INFO:teuthology.orchestra.run.smithi107.stdout:/usr/bin/ceph: stderr
2024-09-21T11:48:20.258+0000 7f7a00963640 1 -- 172.21.15.107:0/4177363489 >> [v2:172.21.15.107:6800/1807990149,v1:172.21.15.107:6801/1807990149] conn(0x7f79e4042f10 msgr2=0x7f79e4045300 secure :-1 s=STATE_CONNECTION_ESTABLISHED l=1).mark_down
2024-09-21T11:48:20.860 INFO:teuthology.orchestra.run.smithi107.stdout:/usr/bin/ceph: stderr
2024-09-21T11:48:20.258+0000 7f7a00963640 1 --2- 172.21.15.107:0/4177363489 >> [v2:172.21.15.107:6800/1807990149,v1:172.21.15.107:6801/1807990149] conn(0x7f79e4042f10 0x7f79e4045300 secure :-1 s=READY pgs=1 cs=0 l=1 rev1=1 crypto rx=0x7f79f0003980 tx=0x7f79f0006e10 comp rx=0 tx=0).stop
2024-09-21T11:48:20.860 INFO:teuthology.orchestra.run.smithi107.stdout:/usr/bin/ceph: stderr
2024-09-21T11:48:20.258+0000 7f7a00963640 1 -- 172.21.15.107:0/4177363489 >> [v2:172.21.15.107:3300/0,v1:172.21.15.107:6789/0] conn(0x7f79fc079bc0 msgr2=0x7f79fc1067d0 secure :-1 s=STATE_CONNECTION_ESTABLISHED l=1).mark_down
2024-09-21T11:48:20.860 INFO:teuthology.orchestra.run.smithi107.stdout:/usr/bin/ceph: stderr
2024-09-21T11:48:20.258+0000 7f7a00963640 1 --2- 172.21.15.107:0/4177363489 >> [v2:172.21.15.107:3300/0,v1:172.21.15.107:6789/0] conn(0x7f79fc079bc0 0x7f79fc1067d0 secure :-1 s=READY pgs=27 cs=0 l=1 rev1=1 crypto rx=0x7f79ec000c00 tx=0x7f79ec030a60 comp rx=0 tx=0).stop
2024-09-21T11:48:20.860 INFO:teuthology.orchestra.run.smithi107.stdout:/usr/bin/ceph: stderr
2024-09-21T11:48:20.258+0000 7f7a00963640 1 -- 172.21.15.107:0/4177363489 shutdown_connections
2024-09-21T11:48:20.860 INFO:teuthology.orchestra.run.smithi107.stdout:/usr/bin/ceph: stderr
2024-09-21T11:48:20.258+0000 7f7a00963640 1 --2- 172.21.15.107:0/4177363489 >> [v2:172.21.15.107:6800/1807990149,v1:172.21.15.107:6801/1807990149] conn(0x7f79e4042f10 0x7f79e4045300 unknown :-1 s=CLOSED pgs=1 cs=0 l=1 rev1=1 crypto rx=0 tx=0 comp rx=0 tx=0).stop
2024-09-21T11:48:20.860 INFO:teuthology.orchestra.run.smithi107.stdout:/usr/bin/ceph: stderr
2024-09-21T11:48:20.258+0000 7f7a00963640 1 --2- 172.21.15.107:0/4177363489 >> [v2:172.21.15.107:6800/1943709907,v1:172.21.15.107:6801/1943709907] conn(0x7f79e403f7f0 0x7f79e4041cb0 unknown :-1 s=CLOSED pgs=0 cs=0 l=1 rev1=0 crypto rx=0 tx=0 comp rx=0 tx=0).stop
2024-09-21T11:48:20.860 INFO:teuthology.orchestra.run.smithi107.stdout:/usr/bin/ceph: stderr
2024-09-21T11:48:20.258+0000 7f7a00963640 1 --2- 172.21.15.107:0/4177363489 >> [v2:172.21.15.107:3300/0,v1:172.21.15.107:6789/0] conn(0x7f79fc079bc0 0x7f79fc1067d0 unknown :-1 s=CLOSED pgs=27 cs=0 l=1 rev1=1 crypto rx=0 tx=0 comp rx=0 tx=0).stop
2024-09-21T11:48:20.860 INFO:teuthology.orchestra.run.smithi107.stdout:/usr/bin/ceph: stderr
2024-09-21T11:48:20.258+0000 7f7a00963640 1 -- 172.21.15.107:0/4177363489 >> 172.21.15.107:0/4177363489 conn(0x7f79fc100df0 msgr2=0x7f79fc101a80 unknown :-1 s=STATE_NONE l=0).mark_down
2024-09-21T11:48:20.860 INFO:teuthology.orchestra.run.smithi107.stdout:/usr/bin/ceph: stderr
2024-09-21T11:48:20.258+0000 7f7a00963640 1 -- 172.21.15.107:0/4177363489 shutdown_connections
2024-09-21T11:48:20.860 INFO:teuthology.orchestra.run.smithi107.stdout:/usr/bin/ceph: stderr
2024-09-21T11:48:20.258+0000 7f7a00963640 1 -- 172.21.15.107:0/4177363489 wait complete.
2024-09-21T11:48:20.860 INFO:teuthology.orchestra.run.smithi107.stdout:mgr epoch 5 is available
2024-09-21T11:48:20.860 INFO:teuthology.orchestra.run.smithi107.stdout:Verifying orchestrator module is enabled...
2024-09-21T11:48:21.504 INFO:journalctl@ceph.mon.a.smithi107.stdout:Sep 21 11:48:21 smithi107 ceph-mon[30293]: from='client.14122 -' entity='client.admin' cmd=[{"prefix": "get_command_descriptions"}]: dispatch
2024-09-21T11:48:21.504 INFO:journalctl@ceph.mon.a.smithi107.stdout:Sep 21 11:48:21 smithi107 ceph-mon[30293]: mgrmap e7: y(active, since 1.00526s)
2024-09-21T11:48:21.504 INFO:journalctl@ceph.mon.a.smithi107.stdout:Sep 21 11:48:21 smithi107 ceph-mon[30293]: from='client.14122 -' entity='client.admin' cmd=[{"prefix": "mgr_status"}]: dispatch
2024-09-21T11:48:21.504 INFO:journalctl@ceph.mon.a.smithi107.stdout:Sep 21 11:48:21 smithi107 ceph-mon[30293]: from='mgr.14118 172.21.15.107:0/2556961702' entity='mgr.y'
2024-09-21T11:48:21.504 INFO:journalctl@ceph.mon.a.smithi107.stdout:Sep 21 11:48:21 smithi107 ceph-mon[30293]: from='mgr.14118 172.21.15.107:0/2556961702' entity='mgr.y'
2024-09-21T11:48:21.504 INFO:journalctl@ceph.mon.a.smithi107.stdout:Sep 21 11:48:21 smithi107 ceph-mon[30293]: from='mgr.14118 172.21.15.107:0/2556961702' entity='mgr.y'
2024-09-21T11:48:21.504 INFO:journalctl@ceph.mon.a.smithi107.stdout:Sep 21 11:48:21 smithi107 ceph-mon[30293]: from='mgr.14118 172.21.15.107:0/2556961702' entity='mgr.y'
2024-09-21T11:48:21.504 INFO:journalctl@ceph.mon.a.smithi107.stdout:Sep 21 11:48:21 smithi107 ceph-mon[30293]: from='mgr.14118 172.21.15.107:0/2556961702' entity='mgr.y' cmd={"prefix": "config dump", "format": "json"} : dispatch
2024-09-21T11:48:21.504 INFO:journalctl@ceph.mon.a.smithi107.stdout:Sep 21 11:48:21 smithi107 ceph-mon[30293]: from='mgr.14118 172.21.15.107:0/2556961702' entity='mgr.y' cmd={"prefix": "config dump", "format": "json"} : dispatch
2024-09-21T11:48:21.504 INFO:journalctl@ceph.mon.a.smithi107.stdout:Sep 21 11:48:21 smithi107 ceph-mon[30293]: from='mgr.14118 172.21.15.107:0/2556961702' entity='mgr.y' cmd={"prefix":"config rm","who":"mgr","name":"mgr/rbd_support/y/mirror_snapshot_schedule"} : dispatch
2024-09-21T11:48:21.504 INFO:journalctl@ceph.mon.a.smithi107.stdout:Sep 21 11:48:21 smithi107 ceph-mon[30293]: from='mgr.14118 172.21.15.107:0/2556961702' entity='mgr.y' cmd={"prefix":"config rm","who":"mgr","name":"mgr/rbd_support/y/trash_purge_schedule"} : dispatch
2024-09-21T11:48:21.505 INFO:journalctl@ceph.mgr.y.smithi107.stdout:Sep 21 11:48:21 smithi107 ceph-1795c04c-780f-11ef-baf6-efdc52797490-mgr-y[30540]:
2024-09-21T11:48:21.397+0000 7fb028ceb640 -1 log_channel(cephadm) log [ERR] : [21/Sep/2024:11:48:21] ENGINE Error in HTTPServer.serve
2024-09-21T11:48:21.505 INFO:journalctl@ceph.mgr.y.smithi107.stdout:Sep 21 11:48:21 smithi107 ceph-1795c04c-780f-11ef-baf6-efdc52797490-mgr-y[30540]: Traceback (most recent call last):
2024-09-21T11:48:21.505 INFO:journalctl@ceph.mgr.y.smithi107.stdout:Sep 21 11:48:21 smithi107 ceph-1795c04c-780f-11ef-baf6-efdc52797490-mgr-y[30540]: File "/lib/python3.9/site-packages/cheroot/server.py", line 1823, in serve
2024-09-21T11:48:21.505 INFO:journalctl@ceph.mgr.y.smithi107.stdout:Sep 21 11:48:21 smithi107 ceph-1795c04c-780f-11ef-baf6-efdc52797490-mgr-y[30540]: self._connections.run(self.expiration_interval)
2024-09-21T11:48:21.505 INFO:journalctl@ceph.mgr.y.smithi107.stdout:Sep 21 11:48:21 smithi107 ceph-1795c04c-780f-11ef-baf6-efdc52797490-mgr-y[30540]: File "/lib/python3.9/site-packages/cheroot/connections.py", line 203, in run
2024-09-21T11:48:21.505 INFO:journalctl@ceph.mgr.y.smithi107.stdout:Sep 21 11:48:21 smithi107 ceph-1795c04c-780f-11ef-baf6-efdc52797490-mgr-y[30540]: self._run(expiration_interval)
2024-09-21T11:48:21.505 INFO:journalctl@ceph.mgr.y.smithi107.stdout:Sep 21 11:48:21 smithi107 ceph-1795c04c-780f-11ef-baf6-efdc52797490-mgr-y[30540]: File "/lib/python3.9/site-packages/cheroot/connections.py", line 246, in _run
2024-09-21T11:48:21.505 INFO:journalctl@ceph.mgr.y.smithi107.stdout:Sep 21 11:48:21 smithi107 ceph-1795c04c-780f-11ef-baf6-efdc52797490-mgr-y[30540]: new_conn = self._from_server_socket(self.server.socket)
2024-09-21T11:48:21.505 INFO:journalctl@ceph.mgr.y.smithi107.stdout:Sep 21 11:48:21 smithi107 ceph-1795c04c-780f-11ef-baf6-efdc52797490-mgr-y[30540]: File "/lib/python3.9/site-packages/cheroot/connections.py", line 300, in _from_server_socket
2024-09-21T11:48:21.505 INFO:journalctl@ceph.mgr.y.smithi107.stdout:Sep 21 11:48:21 smithi107 ceph-1795c04c-780f-11ef-baf6-efdc52797490-mgr-y[30540]: s, ssl_env = self.server.ssl_adapter.wrap(s)
2024-09-21T11:48:21.505 INFO:journalctl@ceph.mgr.y.smithi107.stdout:Sep 21 11:48:21 smithi107 ceph-1795c04c-780f-11ef-baf6-efdc52797490-mgr-y[30540]: File "/lib/python3.9/site-packages/cheroot/ssl/builtin.py", line 277, in wrap
2024-09-21T11:48:21.505 INFO:journalctl@ceph.mgr.y.smithi107.stdout:Sep 21 11:48:21 smithi107 ceph-1795c04c-780f-11ef-baf6-efdc52797490-mgr-y[30540]: s = self.context.wrap_socket(
2024-09-21T11:48:21.505 INFO:journalctl@ceph.mgr.y.smithi107.stdout:Sep 21 11:48:21 smithi107 ceph-1795c04c-780f-11ef-baf6-efdc52797490-mgr-y[30540]: File "/lib64/python3.9/ssl.py", line 501, in wrap_socket
2024-09-21T11:48:21.506 INFO:journalctl@ceph.mgr.y.smithi107.stdout:Sep 21 11:48:21 smithi107 ceph-1795c04c-780f-11ef-baf6-efdc52797490-mgr-y[30540]: return self.sslsocket_class._create(
2024-09-21T11:48:21.506 INFO:journalctl@ceph.mgr.y.smithi107.stdout:Sep 21 11:48:21 smithi107 ceph-1795c04c-780f-11ef-baf6-efdc52797490-mgr-y[30540]: File "/lib64/python3.9/ssl.py", line 1074, in _create
2024-09-21T11:48:21.506 INFO:journalctl@ceph.mgr.y.smithi107.stdout:Sep 21 11:48:21 smithi107 ceph-1795c04c-780f-11ef-baf6-efdc52797490-mgr-y[30540]: self.do_handshake()
2024-09-21T11:48:21.506 INFO:journalctl@ceph.mgr.y.smithi107.stdout:Sep 21 11:48:21 smithi107 ceph-1795c04c-780f-11ef-baf6-efdc52797490-mgr-y[30540]: File "/lib64/python3.9/ssl.py", line 1343, in do_handshake
2024-09-21T11:48:21.506 INFO:journalctl@ceph.mgr.y.smithi107.stdout:Sep 21 11:48:21 smithi107 ceph-1795c04c-780f-11ef-baf6-efdc52797490-mgr-y[30540]: self._sslobj.do_handshake()
2024-09-21T11:48:21.506 INFO:journalctl@ceph.mgr.y.smithi107.stdout:Sep 21 11:48:21 smithi107 ceph-1795c04c-780f-11ef-baf6-efdc52797490-mgr-y[30540]: ssl.SSLZeroReturnError: TLS/SSL connection has been closed (EOF) (_ssl.c:1133)
2024-09-21T11:48:21.506 INFO:journalctl@ceph.mgr.y.smithi107.stdout:Sep 21 11:48:21 smithi107 ceph-1795c04c-780f-11ef-baf6-efdc52797490-mgr-y[30540]:
2024-09-21T11:48:22.504 INFO:journalctl@ceph.mon.a.smithi107.stdout:Sep 21 11:48:22 smithi107 ceph-mon[30293]: Found migration_current of "None". Setting to last migration.
2024-09-21T11:48:22.504 INFO:journalctl@ceph.mon.a.smithi107.stdout:Sep 21 11:48:22 smithi107 ceph-mon[30293]: mgrmap e8: y(active, since 2s)
2024-09-21T11:48:22.504 INFO:journalctl@ceph.mon.a.smithi107.stdout:Sep 21 11:48:22 smithi107 ceph-mon[30293]: from='mgr.14118 172.21.15.107:0/2556961702' entity='mgr.y' cmd={"prefix": "config dump", "format": "json"} : dispatch
2024-09-21T11:48:22.504 INFO:journalctl@ceph.mon.a.smithi107.stdout:Sep 21 11:48:22 smithi107 ceph-mon[30293]: from='client.? 172.21.15.107:0/184350276' entity='client.admin' cmd={"prefix": "mgr module enable", "module": "orchestrator"} : dispatch
2024-09-21T11:48:22.961 INFO:teuthology.orchestra.run.smithi107.stdout:/usr/bin/ceph: stderr
2024-09-21T11:48:21.278+0000 7ff74e235640 1 Processor -- start
2024-09-21T11:48:22.961 INFO:teuthology.orchestra.run.smithi107.stdout:/usr/bin/ceph: stderr
2024-09-21T11:48:21.278+0000 7ff74e235640 1 -- start start
2024-09-21T11:48:22.961 INFO:teuthology.orchestra.run.smithi107.stdout:/usr/bin/ceph: stderr
2024-09-21T11:48:21.278+0000 7ff74e235640 1 --2- >> [v2:172.21.15.107:3300/0,v1:172.21.15.107:6789/0] conn(0x7ff7481054c0 0x7ff7481058c0 unknown :-1 s=NONE pgs=0 cs=0 l=0 rev1=0 crypto rx=0 tx=0 comp rx=0 tx=0).connect
2024-09-21T11:48:22.961 INFO:teuthology.orchestra.run.smithi107.stdout:/usr/bin/ceph: stderr
2024-09-21T11:48:21.278+0000 7ff74e235640 1 -- --> [v2:172.21.15.107:3300/0,v1:172.21.15.107:6789/0] -- mon_getmap magic: 0 -- 0x7ff748105eb0 con 0x7ff7481054c0
2024-09-21T11:48:22.961 INFO:teuthology.orchestra.run.smithi107.stdout:/usr/bin/ceph: stderr
2024-09-21T11:48:21.278+0000 7ff7477fe640 1 --2- >> [v2:172.21.15.107:3300/0,v1:172.21.15.107:6789/0] conn(0x7ff7481054c0 0x7ff7481058c0 unknown :-1 s=BANNER_CONNECTING pgs=0 cs=0 l=0 rev1=0 crypto rx=0 tx=0 comp rx=0 tx=0)._handle_peer_banner_payload supported=3 required=0
2024-09-21T11:48:22.961 INFO:teuthology.orchestra.run.smithi107.stdout:/usr/bin/ceph: stderr
2024-09-21T11:48:21.278+0000 7ff7477fe640 1 --2- >> [v2:172.21.15.107:3300/0,v1:172.21.15.107:6789/0] conn(0x7ff7481054c0 0x7ff7481058c0 unknown :-1 s=HELLO_CONNECTING pgs=0 cs=0 l=0 rev1=1 crypto rx=0 tx=0 comp rx=0 tx=0).handle_hello peer v2:172.21.15.107:3300/0 says I am v2:172.21.15.107:47540/0 (socket says 172.21.15.107:47540)
2024-09-21T11:48:22.961 INFO:teuthology.orchestra.run.smithi107.stdout:/usr/bin/ceph: stderr
2024-09-21T11:48:21.278+0000 7ff7477fe640 1 -- 172.21.15.107:0/1406369763 learned_addr learned my addr 172.21.15.107:0/1406369763 (peer_addr_for_me v2:172.21.15.107:0/0)
2024-09-21T11:48:22.961 INFO:teuthology.orchestra.run.smithi107.stdout:/usr/bin/ceph: stderr
2024-09-21T11:48:21.278+0000 7ff7477fe640 1 -- 172.21.15.107:0/1406369763 --> [v2:172.21.15.107:3300/0,v1:172.21.15.107:6789/0] -- mon_subscribe({config=0+,monmap=0+}) -- 0x7ff748106030 con 0x7ff7481054c0
2024-09-21T11:48:22.962 INFO:teuthology.orchestra.run.smithi107.stdout:/usr/bin/ceph: stderr
2024-09-21T11:48:21.279+0000 7ff7477fe640 1 --2- 172.21.15.107:0/1406369763 >> [v2:172.21.15.107:3300/0,v1:172.21.15.107:6789/0] conn(0x7ff7481054c0 0x7ff7481058c0 secure :-1 s=READY pgs=35 cs=0 l=1 rev1=1 crypto rx=0x7ff738009820 tx=0x7ff73802a270 comp rx=0 tx=0).ready entity=mon.0 client_cookie=b7bf8ef223883345 server_cookie=0 in_seq=0 out_seq=0
2024-09-21T11:48:22.962 INFO:teuthology.orchestra.run.smithi107.stdout:/usr/bin/ceph: stderr
2024-09-21T11:48:21.279+0000 7ff7467fc640 1 -- 172.21.15.107:0/1406369763 <== mon.0 v2:172.21.15.107:3300/0 1 ==== mon_map magic: 0 ==== 205+0+0 (secure 0 0 0) 0x7ff738037070 con 0x7ff7481054c0
2024-09-21T11:48:22.962 INFO:teuthology.orchestra.run.smithi107.stdout:/usr/bin/ceph: stderr
2024-09-21T11:48:21.280+0000 7ff7467fc640 1 -- 172.21.15.107:0/1406369763 <== mon.0 v2:172.21.15.107:3300/0 2 ==== config(23 keys) ==== 972+0+0 (secure 0 0 0) 0x7ff738032870 con 0x7ff7481054c0
2024-09-21T11:48:22.962 INFO:teuthology.orchestra.run.smithi107.stdout:/usr/bin/ceph: stderr
2024-09-21T11:48:21.280+0000 7ff7467fc640 1 -- 172.21.15.107:0/1406369763 <== mon.0 v2:172.21.15.107:3300/0 3 ==== mon_map magic: 0 ==== 205+0+0 (secure 0 0 0) 0x7ff7380305d0 con 0x7ff7481054c0
2024-09-21T11:48:22.962 INFO:teuthology.orchestra.run.smithi107.stdout:/usr/bin/ceph: stderr
2024-09-21T11:48:21.280+0000 7ff74e235640 1 -- 172.21.15.107:0/1406369763 >> [v2:172.21.15.107:3300/0,v1:172.21.15.107:6789/0] conn(0x7ff7481054c0 msgr2=0x7ff7481058c0 secure :-1 s=STATE_CONNECTION_ESTABLISHED l=1).mark_down
2024-09-21T11:48:22.962 INFO:teuthology.orchestra.run.smithi107.stdout:/usr/bin/ceph: stderr
2024-09-21T11:48:21.280+0000 7ff74e235640 1 --2- 172.21.15.107:0/1406369763 >> [v2:172.21.15.107:3300/0,v1:172.21.15.107:6789/0] conn(0x7ff7481054c0 0x7ff7481058c0 secure :-1 s=READY pgs=35 cs=0 l=1 rev1=1 crypto rx=0x7ff738009820 tx=0x7ff73802a270 comp rx=0 tx=0).stop
2024-09-21T11:48:22.962 INFO:teuthology.orchestra.run.smithi107.stdout:/usr/bin/ceph: stderr
2024-09-21T11:48:21.280+0000 7ff74e235640 1 -- 172.21.15.107:0/1406369763 shutdown_connections
2024-09-21T11:48:22.962 INFO:teuthology.orchestra.run.smithi107.stdout:/usr/bin/ceph: stderr
2024-09-21T11:48:21.280+0000 7ff74e235640 1 --2- 172.21.15.107:0/1406369763 >> [v2:172.21.15.107:3300/0,v1:172.21.15.107:6789/0] conn(0x7ff7481054c0 0x7ff7481058c0 unknown :-1 s=CLOSED pgs=35 cs=0 l=1 rev1=1 crypto rx=0 tx=0 comp rx=0 tx=0).stop
2024-09-21T11:48:22.962 INFO:teuthology.orchestra.run.smithi107.stdout:/usr/bin/ceph: stderr
2024-09-21T11:48:21.280+0000 7ff74e235640 1 -- 172.21.15.107:0/1406369763 >> 172.21.15.107:0/1406369763 conn(0x7ff748100df0 msgr2=0x7ff748103210 unknown :-1 s=STATE_NONE l=0).mark_down
2024-09-21T11:48:22.962 INFO:teuthology.orchestra.run.smithi107.stdout:/usr/bin/ceph: stderr
2024-09-21T11:48:21.280+0000 7ff74e235640 1 -- 172.21.15.107:0/1406369763 shutdown_connections
2024-09-21T11:48:22.962 INFO:teuthology.orchestra.run.smithi107.stdout:/usr/bin/ceph: stderr
2024-09-21T11:48:21.280+0000 7ff74e235640 1 -- 172.21.15.107:0/1406369763 wait complete.
2024-09-21T11:48:22.962 INFO:teuthology.orchestra.run.smithi107.stdout:/usr/bin/ceph: stderr
2024-09-21T11:48:21.281+0000 7ff74e235640 1 Processor -- start
2024-09-21T11:48:22.962 INFO:teuthology.orchestra.run.smithi107.stdout:/usr/bin/ceph: stderr
2024-09-21T11:48:21.281+0000 7ff74e235640 1 -- start start
2024-09-21T11:48:22.962 INFO:teuthology.orchestra.run.smithi107.stdout:/usr/bin/ceph: stderr
2024-09-21T11:48:21.281+0000 7ff74e235640 1 --2- >> [v2:172.21.15.107:3300/0,v1:172.21.15.107:6789/0] conn(0x7ff7481054c0 0x7ff74819a6f0 unknown :-1 s=NONE pgs=0 cs=0 l=1 rev1=0 crypto rx=0 tx=0 comp rx=0 tx=0).connect
2024-09-21T11:48:22.963 INFO:teuthology.orchestra.run.smithi107.stdout:/usr/bin/ceph: stderr
2024-09-21T11:48:21.281+0000 7ff74e235640 1 -- --> [v2:172.21.15.107:3300/0,v1:172.21.15.107:6789/0] -- mon_getmap magic: 0 -- 0x7ff748109940 con 0x7ff7481054c0
2024-09-21T11:48:22.963 INFO:teuthology.orchestra.run.smithi107.stdout:/usr/bin/ceph: stderr
2024-09-21T11:48:21.281+0000 7ff7477fe640 1 --2- >> [v2:172.21.15.107:3300/0,v1:172.21.15.107:6789/0] conn(0x7ff7481054c0 0x7ff74819a6f0 unknown :-1 s=BANNER_CONNECTING pgs=0 cs=0 l=1 rev1=0 crypto rx=0 tx=0 comp rx=0 tx=0)._handle_peer_banner_payload supported=3 required=0
2024-09-21T11:48:22.963 INFO:teuthology.orchestra.run.smithi107.stdout:/usr/bin/ceph: stderr
2024-09-21T11:48:21.281+0000 7ff7477fe640 1 --2- >> [v2:172.21.15.107:3300/0,v1:172.21.15.107:6789/0] conn(0x7ff7481054c0 0x7ff74819a6f0 unknown :-1 s=HELLO_CONNECTING pgs=0 cs=0 l=1 rev1=1 crypto rx=0 tx=0 comp rx=0 tx=0).handle_hello peer v2:172.21.15.107:3300/0 says I am v2:172.21.15.107:47554/0 (socket says 172.21.15.107:47554)
2024-09-21T11:48:22.963 INFO:teuthology.orchestra.run.smithi107.stdout:/usr/bin/ceph: stderr
2024-09-21T11:48:21.281+0000 7ff7477fe640 1 -- 172.21.15.107:0/184350276 learned_addr learned my addr 172.21.15.107:0/184350276 (peer_addr_for_me v2:172.21.15.107:0/0)
2024-09-21T11:48:22.963 INFO:teuthology.orchestra.run.smithi107.stdout:/usr/bin/ceph: stderr
2024-09-21T11:48:21.282+0000 7ff7477fe640 1 -- 172.21.15.107:0/184350276 --> [v2:172.21.15.107:3300/0,v1:172.21.15.107:6789/0] -- mon_subscribe({config=0+,monmap=0+}) -- 0x7ff74819ac50 con 0x7ff7481054c0
2024-09-21T11:48:22.963 INFO:teuthology.orchestra.run.smithi107.stdout:/usr/bin/ceph: stderr
2024-09-21T11:48:21.282+0000 7ff7477fe640 1 --2- 172.21.15.107:0/184350276 >> [v2:172.21.15.107:3300/0,v1:172.21.15.107:6789/0] conn(0x7ff7481054c0 0x7ff74819a6f0 secure :-1 s=READY pgs=36 cs=0 l=1 rev1=1 crypto rx=0x7ff7380097f0 tx=0x7ff738030b00 comp rx=0 tx=0).ready entity=mon.0 client_cookie=0 server_cookie=0 in_seq=0 out_seq=0
2024-09-21T11:48:22.963 INFO:teuthology.orchestra.run.smithi107.stdout:/usr/bin/ceph: stderr
2024-09-21T11:48:21.282+0000 7ff744ff9640 1 -- 172.21.15.107:0/184350276 <== mon.0 v2:172.21.15.107:3300/0 1 ==== mon_map magic: 0 ==== 205+0+0 (secure 0 0 0) 0x7ff73803f020 con 0x7ff7481054c0
2024-09-21T11:48:22.963 INFO:teuthology.orchestra.run.smithi107.stdout:/usr/bin/ceph: stderr
2024-09-21T11:48:21.282+0000 7ff74e235640 1 -- 172.21.15.107:0/184350276 --> [v2:172.21.15.107:3300/0,v1:172.21.15.107:6789/0] -- mon_subscribe({mgrmap=0+}) -- 0x7ff74819aee0 con 0x7ff7481054c0
2024-09-21T11:48:22.963 INFO:teuthology.orchestra.run.smithi107.stdout:/usr/bin/ceph: stderr
2024-09-21T11:48:21.282+0000 7ff744ff9640 1 -- 172.21.15.107:0/184350276 <== mon.0 v2:172.21.15.107:3300/0 2 ==== config(23 keys) ==== 972+0+0 (secure 0 0 0) 0x7ff738030dc0 con 0x7ff7481054c0
2024-09-21T11:48:22.963 INFO:teuthology.orchestra.run.smithi107.stdout:/usr/bin/ceph: stderr
2024-09-21T11:48:21.282+0000 7ff744ff9640 1 -- 172.21.15.107:0/184350276 <== mon.0 v2:172.21.15.107:3300/0 3 ==== mon_map magic: 0 ==== 205+0+0 (secure 0 0 0) 0x7ff738037040 con 0x7ff7481054c0
2024-09-21T11:48:22.963 INFO:teuthology.orchestra.run.smithi107.stdout:/usr/bin/ceph: stderr
2024-09-21T11:48:21.282+0000 7ff74e235640 1 -- 172.21.15.107:0/184350276 --> [v2:172.21.15.107:3300/0,v1:172.21.15.107:6789/0] -- mon_subscribe({osdmap=0}) -- 0x7ff74819b8a0 con 0x7ff7481054c0
2024-09-21T11:48:22.963 INFO:teuthology.orchestra.run.smithi107.stdout:/usr/bin/ceph: stderr
2024-09-21T11:48:21.283+0000 7ff72e7fc640 1 -- 172.21.15.107:0/184350276 --> [v2:172.21.15.107:3300/0,v1:172.21.15.107:6789/0] -- mon_command({"prefix": "get_command_descriptions"} v 0) -- 0x7ff748109ac0 con 0x7ff7481054c0
2024-09-21T11:48:22.963 INFO:teuthology.orchestra.run.smithi107.stdout:/usr/bin/ceph: stderr
2024-09-21T11:48:21.284+0000 7ff744ff9640 1 -- 172.21.15.107:0/184350276 <== mon.0 v2:172.21.15.107:3300/0 4 ==== mgrmap(e 7) ==== 51736+0+0 (secure 0 0 0) 0x7ff738042020 con 0x7ff7481054c0
2024-09-21T11:48:22.963 INFO:teuthology.orchestra.run.smithi107.stdout:/usr/bin/ceph: stderr
2024-09-21T11:48:21.284+0000 7ff744ff9640 1 --2- 172.21.15.107:0/184350276 >> [v2:172.21.15.107:6800/1807990149,v1:172.21.15.107:6801/1807990149] conn(0x7ff73003f6e0 0x7ff730041ba0 unknown :-1 s=NONE pgs=0 cs=0 l=1 rev1=0 crypto rx=0 tx=0 comp rx=0 tx=0).connect
2024-09-21T11:48:22.963 INFO:teuthology.orchestra.run.smithi107.stdout:/usr/bin/ceph: stderr
2024-09-21T11:48:21.284+0000 7ff744ff9640 1 -- 172.21.15.107:0/184350276 <== mon.0 v2:172.21.15.107:3300/0 5 ==== osd_map(2..2 src has 1..2) ==== 940+0+0 (secure 0 0 0) 0x7ff738074690 con 0x7ff7481054c0
2024-09-21T11:48:22.964 INFO:teuthology.orchestra.run.smithi107.stdout:/usr/bin/ceph: stderr
2024-09-21T11:48:21.284+0000 7ff746ffd640 1 --2- 172.21.15.107:0/184350276 >> [v2:172.21.15.107:6800/1807990149,v1:172.21.15.107:6801/1807990149] conn(0x7ff73003f6e0 0x7ff730041ba0 unknown :-1 s=BANNER_CONNECTING pgs=0 cs=0 l=1 rev1=0 crypto rx=0 tx=0 comp rx=0 tx=0)._handle_peer_banner_payload supported=3 required=0
2024-09-21T11:48:22.964 INFO:teuthology.orchestra.run.smithi107.stdout:/usr/bin/ceph: stderr
2024-09-21T11:48:21.285+0000 7ff746ffd640 1 --2- 172.21.15.107:0/184350276 >> [v2:172.21.15.107:6800/1807990149,v1:172.21.15.107:6801/1807990149] conn(0x7ff73003f6e0 0x7ff730041ba0 secure :-1 s=READY pgs=7 cs=0 l=1 rev1=1 crypto rx=0x7ff73c0098c0 tx=0x7ff73c006db0 comp rx=0 tx=0).ready entity=mgr.14118 client_cookie=0 server_cookie=0 in_seq=0 out_seq=0
2024-09-21T11:48:22.964 INFO:teuthology.orchestra.run.smithi107.stdout:/usr/bin/ceph: stderr
2024-09-21T11:48:21.288+0000 7ff744ff9640 1 -- 172.21.15.107:0/184350276 <== mon.0 v2:172.21.15.107:3300/0 6 ==== mon_command_ack([{"prefix": "get_command_descriptions"}]=0 v0) ==== 72+0+198400 (secure 0 0 0) 0x7ff73803b940 con 0x7ff7481054c0
2024-09-21T11:48:22.964 INFO:teuthology.orchestra.run.smithi107.stdout:/usr/bin/ceph: stderr
2024-09-21T11:48:21.369+0000 7ff744ff9640 1 -- 172.21.15.107:0/184350276 <== mon.0 v2:172.21.15.107:3300/0 7 ==== mgrmap(e 8) ==== 51842+0+0 (secure 0 0 0) 0x7ff73804c360 con 0x7ff7481054c0
2024-09-21T11:48:22.964 INFO:teuthology.orchestra.run.smithi107.stdout:/usr/bin/ceph: stderr
2024-09-21T11:48:21.517+0000 7ff72e7fc640 1 -- 172.21.15.107:0/184350276 --> [v2:172.21.15.107:3300/0,v1:172.21.15.107:6789/0] -- mon_command({"prefix": "mgr module enable", "module": "orchestrator"} v 0) -- 0x7ff748105940 con 0x7ff7481054c0
2024-09-21T11:48:22.964 INFO:teuthology.orchestra.run.smithi107.stdout:/usr/bin/ceph: stderr
2024-09-21T11:48:22.369+0000 7ff744ff9640 1 -- 172.21.15.107:0/184350276 <== mon.0 v2:172.21.15.107:3300/0 8 ==== mon_command_ack([{"prefix": "mgr module enable", "module": "orchestrator"}]=0 module 'orchestrator' is already enabled (always-on) v9) ==== 143+0+0 (secure 0 0 0) 0x7ff73803a6d0 con 0x7ff7481054c0
2024-09-21T11:48:22.964 INFO:teuthology.orchestra.run.smithi107.stdout:/usr/bin/ceph: stderr module 'orchestrator' is already enabled (always-on)
2024-09-21T11:48:22.964 INFO:teuthology.orchestra.run.smithi107.stdout:/usr/bin/ceph: stderr
2024-09-21T11:48:22.371+0000 7ff744ff9640 1 -- 172.21.15.107:0/184350276 <== mon.0 v2:172.21.15.107:3300/0 9 ==== mgrmap(e 9) ==== 51842+0+0 (secure 0 0 0) 0x7ff73803fc50 con 0x7ff7481054c0
2024-09-21T11:48:22.964 INFO:teuthology.orchestra.run.smithi107.stdout:/usr/bin/ceph: stderr
2024-09-21T11:48:22.372+0000 7ff72e7fc640 1 -- 172.21.15.107:0/184350276 >> [v2:172.21.15.107:6800/1807990149,v1:172.21.15.107:6801/1807990149] conn(0x7ff73003f6e0 msgr2=0x7ff730041ba0 secure :-1 s=STATE_CONNECTION_ESTABLISHED l=1).mark_down
2024-09-21T11:48:22.964 INFO:teuthology.orchestra.run.smithi107.stdout:/usr/bin/ceph: stderr
2024-09-21T11:48:22.372+0000 7ff72e7fc640 1 --2- 172.21.15.107:0/184350276 >> [v2:172.21.15.107:6800/1807990149,v1:172.21.15.107:6801/1807990149] conn(0x7ff73003f6e0 0x7ff730041ba0 secure :-1 s=READY pgs=7 cs=0 l=1 rev1=1 crypto rx=0x7ff73c0098c0 tx=0x7ff73c006db0 comp rx=0 tx=0).stop
2024-09-21T11:48:22.964 INFO:teuthology.orchestra.run.smithi107.stdout:/usr/bin/ceph: stderr
2024-09-21T11:48:22.372+0000 7ff72e7fc640 1 -- 172.21.15.107:0/184350276 >> [v2:172.21.15.107:3300/0,v1:172.21.15.107:6789/0] conn(0x7ff7481054c0 msgr2=0x7ff74819a6f0 secure :-1 s=STATE_CONNECTION_ESTABLISHED l=1).mark_down
2024-09-21T11:48:22.964 INFO:teuthology.orchestra.run.smithi107.stdout:/usr/bin/ceph: stderr
2024-09-21T11:48:22.372+0000 7ff72e7fc640 1 --2- 172.21.15.107:0/184350276 >> [v2:172.21.15.107:3300/0,v1:172.21.15.107:6789/0] conn(0x7ff7481054c0 0x7ff74819a6f0 secure :-1 s=READY pgs=36 cs=0 l=1 rev1=1 crypto rx=0x7ff7380097f0 tx=0x7ff738030b00 comp rx=0 tx=0).stop
2024-09-21T11:48:22.964 INFO:teuthology.orchestra.run.smithi107.stdout:/usr/bin/ceph: stderr
2024-09-21T11:48:22.373+0000 7ff72e7fc640 1 -- 172.21.15.107:0/184350276 shutdown_connections
2024-09-21T11:48:22.964 INFO:teuthology.orchestra.run.smithi107.stdout:/usr/bin/ceph: stderr
2024-09-21T11:48:22.373+0000 7ff72e7fc640 1 --2- 172.21.15.107:0/184350276 >> [v2:172.21.15.107:6800/1807990149,v1:172.21.15.107:6801/1807990149] conn(0x7ff73003f6e0 0x7ff730041ba0 unknown :-1 s=CLOSED pgs=7 cs=0 l=1 rev1=1 crypto rx=0 tx=0 comp rx=0 tx=0).stop
2024-09-21T11:48:22.964 INFO:teuthology.orchestra.run.smithi107.stdout:/usr/bin/ceph: stderr
2024-09-21T11:48:22.373+0000 7ff72e7fc640 1 --2- 172.21.15.107:0/184350276 >> [v2:172.21.15.107:3300/0,v1:172.21.15.107:6789/0] conn(0x7ff7481054c0 0x7ff74819a6f0 unknown :-1 s=CLOSED pgs=36 cs=0 l=1 rev1=1 crypto rx=0 tx=0 comp rx=0 tx=0).stop
2024-09-21T11:48:22.965 INFO:teuthology.orchestra.run.smithi107.stdout:/usr/bin/ceph: stderr
2024-09-21T11:48:22.373+0000 7ff72e7fc640 1 -- 172.21.15.107:0/184350276 >> 172.21.15.107:0/184350276 conn(0x7ff748100df0 msgr2=0x7ff748101b00 unknown :-1 s=STATE_NONE l=0).mark_down
2024-09-21T11:48:22.965 INFO:teuthology.orchestra.run.smithi107.stdout:/usr/bin/ceph: stderr
2024-09-21T11:48:22.373+0000 7ff72e7fc640 1 -- 172.21.15.107:0/184350276 shutdown_connections
2024-09-21T11:48:22.965 INFO:teuthology.orchestra.run.smithi107.stdout:/usr/bin/ceph: stderr
2024-09-21T11:48:22.373+0000 7ff72e7fc640 1 -- 172.21.15.107:0/184350276 wait complete.
2024-09-21T11:48:22.965 INFO:teuthology.orchestra.run.smithi107.stdout:Setting orchestrator backend to cephadm...
2024-09-21T11:48:23.356 INFO:journalctl@ceph.mon.a.smithi107.stdout:Sep 21 11:48:23 smithi107 ceph-mon[30293]: [21/Sep/2024:11:48:21] ENGINE Bus STARTING
2024-09-21T11:48:23.356 INFO:journalctl@ceph.mon.a.smithi107.stdout:Sep 21 11:48:23 smithi107 ceph-mon[30293]: [21/Sep/2024:11:48:21] ENGINE Serving on https://172.21.15.107:7150
2024-09-21T11:48:23.356 INFO:journalctl@ceph.mon.a.smithi107.stdout:Sep 21 11:48:23 smithi107 ceph-mon[30293]: [21/Sep/2024:11:48:21] ENGINE Error in HTTPServer.serve
2024-09-21T11:48:23.356 INFO:journalctl@ceph.mon.a.smithi107.stdout: Traceback (most recent call last):
2024-09-21T11:48:23.356 INFO:journalctl@ceph.mon.a.smithi107.stdout: File "/lib/python3.9/site-packages/cheroot/server.py", line 1823, in serve
2024-09-21T11:48:23.356 INFO:journalctl@ceph.mon.a.smithi107.stdout: self._connections.run(self.expiration_interval)
2024-09-21T11:48:23.356 INFO:journalctl@ceph.mon.a.smithi107.stdout: File "/lib/python3.9/site-packages/cheroot/connections.py", line 203, in run
2024-09-21T11:48:23.356 INFO:journalctl@ceph.mon.a.smithi107.stdout: self._run(expiration_interval)
2024-09-21T11:48:23.357 INFO:journalctl@ceph.mon.a.smithi107.stdout: File "/lib/python3.9/site-packages/cheroot/connections.py", line 246, in _run
2024-09-21T11:48:23.357 INFO:journalctl@ceph.mon.a.smithi107.stdout: new_conn = self._from_server_socket(self.server.socket)
2024-09-21T11:48:23.357 INFO:journalctl@ceph.mon.a.smithi107.stdout: File "/lib/python3.9/site-packages/cheroot/connections.py", line 300, in _from_server_socket
2024-09-21T11:48:23.357 INFO:journalctl@ceph.mon.a.smithi107.stdout: s, ssl_env = self.server.ssl_adapter.wrap(s)
2024-09-21T11:48:23.357 INFO:journalctl@ceph.mon.a.smithi107.stdout: File "/lib/python3.9/site-packages/cheroot/ssl/builtin.py", line 277, in wrap
