2024-09-21T11:48:42.913+0000 7fd943fff640 1 --2- >> [v2:172.21.15.107:3300/0,v1:172.21.15.107:6789/0] conn(0x7fd944079b60 0x7fd94419a5a0 unknown :-1 s=BANNER_CONNECTING pgs=0 cs=0 l=1 rev1=0 crypto rx=0 tx=0 comp rx=0 tx=0)._handle_peer_banner_payload supported=3 required=0
2024-09-21T11:48:47.365 INFO:teuthology.orchestra.run.smithi107.stdout:/usr/bin/ceph: stderr
2024-09-21T11:48:42.913+0000 7fd943fff640 1 --2- >> [v2:172.21.15.107:3300/0,v1:172.21.15.107:6789/0] conn(0x7fd944079b60 0x7fd94419a5a0 unknown :-1 s=HELLO_CONNECTING pgs=0 cs=0 l=1 rev1=1 crypto rx=0 tx=0 comp rx=0 tx=0).handle_hello peer v2:172.21.15.107:3300/0 says I am v2:172.21.15.107:39500/0 (socket says 172.21.15.107:39500)
2024-09-21T11:48:47.365 INFO:teuthology.orchestra.run.smithi107.stdout:/usr/bin/ceph: stderr
2024-09-21T11:48:42.913+0000 7fd943fff640 1 -- 172.21.15.107:0/571584542 learned_addr learned my addr 172.21.15.107:0/571584542 (peer_addr_for_me v2:172.21.15.107:0/0)
2024-09-21T11:48:47.365 INFO:teuthology.orchestra.run.smithi107.stdout:/usr/bin/ceph: stderr
2024-09-21T11:48:42.913+0000 7fd943fff640 1 -- 172.21.15.107:0/571584542 --> [v2:172.21.15.107:3300/0,v1:172.21.15.107:6789/0] -- mon_subscribe({config=0+,monmap=0+}) -- 0x7fd94419ab00 con 0x7fd944079b60
2024-09-21T11:48:47.365 INFO:teuthology.orchestra.run.smithi107.stdout:/usr/bin/ceph: stderr
2024-09-21T11:48:42.913+0000 7fd943fff640 1 --2- 172.21.15.107:0/571584542 >> [v2:172.21.15.107:3300/0,v1:172.21.15.107:6789/0] conn(0x7fd944079b60 0x7fd94419a5a0 secure :-1 s=READY pgs=62 cs=0 l=1 rev1=1 crypto rx=0x7fd9340097f0 tx=0x7fd934030ad0 comp rx=0 tx=0).ready entity=mon.0 client_cookie=0 server_cookie=0 in_seq=0 out_seq=0
2024-09-21T11:48:47.365 INFO:teuthology.orchestra.run.smithi107.stdout:/usr/bin/ceph: stderr
2024-09-21T11:48:42.913+0000 7fd9417fa640 1 -- 172.21.15.107:0/571584542 <== mon.0 v2:172.21.15.107:3300/0 1 ==== mon_map magic: 0 ==== 205+0+0 (secure 0 0 0) 0x7fd934037040 con 0x7fd944079b60
2024-09-21T11:48:47.365 INFO:teuthology.orchestra.run.smithi107.stdout:/usr/bin/ceph: stderr
2024-09-21T11:48:42.913+0000 7fd9417fa640 1 -- 172.21.15.107:0/571584542 <== mon.0 v2:172.21.15.107:3300/0 2 ==== config(23 keys) ==== 1003+0+0 (secure 0 0 0) 0x7fd934040070 con 0x7fd944079b60
2024-09-21T11:48:47.365 INFO:teuthology.orchestra.run.smithi107.stdout:/usr/bin/ceph: stderr
2024-09-21T11:48:42.914+0000 7fd94a44e640 1 -- 172.21.15.107:0/571584542 --> [v2:172.21.15.107:3300/0,v1:172.21.15.107:6789/0] -- mon_subscribe({mgrmap=0+}) -- 0x7fd94419ad90 con 0x7fd944079b60
2024-09-21T11:48:47.365 INFO:teuthology.orchestra.run.smithi107.stdout:/usr/bin/ceph: stderr
2024-09-21T11:48:42.914+0000 7fd9417fa640 1 -- 172.21.15.107:0/571584542 <== mon.0 v2:172.21.15.107:3300/0 3 ==== mon_map magic: 0 ==== 205+0+0 (secure 0 0 0) 0x7fd93403bc90 con 0x7fd944079b60
2024-09-21T11:48:47.365 INFO:teuthology.orchestra.run.smithi107.stdout:/usr/bin/ceph: stderr
2024-09-21T11:48:42.914+0000 7fd94a44e640 1 -- 172.21.15.107:0/571584542 --> [v2:172.21.15.107:3300/0,v1:172.21.15.107:6789/0] -- mon_subscribe({osdmap=0}) -- 0x7fd94419b7d0 con 0x7fd944079b60
2024-09-21T11:48:47.365 INFO:teuthology.orchestra.run.smithi107.stdout:/usr/bin/ceph: stderr
2024-09-21T11:48:42.915+0000 7fd9417fa640 1 -- 172.21.15.107:0/571584542 <== mon.0 v2:172.21.15.107:3300/0 4 ==== mgrmap(e 10) ==== 51855+0+0 (secure 0 0 0) 0x7fd934045460 con 0x7fd944079b60
2024-09-21T11:48:47.365 INFO:teuthology.orchestra.run.smithi107.stdout:/usr/bin/ceph: stderr
2024-09-21T11:48:42.915+0000 7fd9417fa640 1 --2- 172.21.15.107:0/571584542 >> [v2:172.21.15.107:6800/1807990149,v1:172.21.15.107:6801/1807990149] conn(0x7fd92c03f8a0 0x7fd92c041d60 unknown :-1 s=NONE pgs=0 cs=0 l=1 rev1=0 crypto rx=0 tx=0 comp rx=0 tx=0).connect
2024-09-21T11:48:47.366 INFO:teuthology.orchestra.run.smithi107.stdout:/usr/bin/ceph: stderr
2024-09-21T11:48:42.915+0000 7fd9417fa640 1 -- 172.21.15.107:0/571584542 --> [v2:172.21.15.107:6800/1807990149,v1:172.21.15.107:6801/1807990149] -- command(tid 0: {"prefix": "get_command_descriptions"}) -- 0x7fd92c042470 con 0x7fd92c03f8a0
2024-09-21T11:48:47.366 INFO:teuthology.orchestra.run.smithi107.stdout:/usr/bin/ceph: stderr
2024-09-21T11:48:42.915+0000 7fd9417fa640 1 -- 172.21.15.107:0/571584542 <== mon.0 v2:172.21.15.107:3300/0 5 ==== osd_map(2..2 src has 1..2) ==== 940+0+0 (secure 0 0 0) 0x7fd934074470 con 0x7fd944079b60
2024-09-21T11:48:47.366 INFO:teuthology.orchestra.run.smithi107.stdout:/usr/bin/ceph: stderr
2024-09-21T11:48:42.915+0000 7fd9437fe640 1 -- 172.21.15.107:0/571584542 >> [v2:172.21.15.107:6800/1807990149,v1:172.21.15.107:6801/1807990149] conn(0x7fd92c03f8a0 msgr2=0x7fd92c041d60 unknown :-1 s=STATE_CONNECTING_RE l=1).process reconnect failed to v2:172.21.15.107:6800/1807990149
2024-09-21T11:48:47.366 INFO:teuthology.orchestra.run.smithi107.stdout:/usr/bin/ceph: stderr
2024-09-21T11:48:42.915+0000 7fd9437fe640 1 --2- 172.21.15.107:0/571584542 >> [v2:172.21.15.107:6800/1807990149,v1:172.21.15.107:6801/1807990149] conn(0x7fd92c03f8a0 0x7fd92c041d60 unknown :-1 s=START_CONNECT pgs=0 cs=0 l=1 rev1=0 crypto rx=0 tx=0 comp rx=0 tx=0)._fault waiting 0.200000
2024-09-21T11:48:47.366 INFO:teuthology.orchestra.run.smithi107.stdout:/usr/bin/ceph: stderr
2024-09-21T11:48:43.116+0000 7fd9437fe640 1 -- 172.21.15.107:0/571584542 >> [v2:172.21.15.107:6800/1807990149,v1:172.21.15.107:6801/1807990149] conn(0x7fd92c03f8a0 msgr2=0x7fd92c041d60 unknown :-1 s=STATE_CONNECTING_RE l=1).process reconnect failed to v2:172.21.15.107:6800/1807990149
2024-09-21T11:48:47.366 INFO:teuthology.orchestra.run.smithi107.stdout:/usr/bin/ceph: stderr
2024-09-21T11:48:43.116+0000 7fd9437fe640 1 --2- 172.21.15.107:0/571584542 >> [v2:172.21.15.107:6800/1807990149,v1:172.21.15.107:6801/1807990149] conn(0x7fd92c03f8a0 0x7fd92c041d60 unknown :-1 s=START_CONNECT pgs=0 cs=0 l=1 rev1=0 crypto rx=0 tx=0 comp rx=0 tx=0)._fault waiting 0.400000
2024-09-21T11:48:47.366 INFO:teuthology.orchestra.run.smithi107.stdout:/usr/bin/ceph: stderr
2024-09-21T11:48:43.517+0000 7fd9437fe640 1 -- 172.21.15.107:0/571584542 >> [v2:172.21.15.107:6800/1807990149,v1:172.21.15.107:6801/1807990149] conn(0x7fd92c03f8a0 msgr2=0x7fd92c041d60 unknown :-1 s=STATE_CONNECTING_RE l=1).process reconnect failed to v2:172.21.15.107:6800/1807990149
2024-09-21T11:48:47.366 INFO:teuthology.orchestra.run.smithi107.stdout:/usr/bin/ceph: stderr
2024-09-21T11:48:43.517+0000 7fd9437fe640 1 --2- 172.21.15.107:0/571584542 >> [v2:172.21.15.107:6800/1807990149,v1:172.21.15.107:6801/1807990149] conn(0x7fd92c03f8a0 0x7fd92c041d60 unknown :-1 s=START_CONNECT pgs=0 cs=0 l=1 rev1=0 crypto rx=0 tx=0 comp rx=0 tx=0)._fault waiting 0.800000
2024-09-21T11:48:47.366 INFO:teuthology.orchestra.run.smithi107.stdout:/usr/bin/ceph: stderr
2024-09-21T11:48:44.317+0000 7fd9437fe640 1 -- 172.21.15.107:0/571584542 >> [v2:172.21.15.107:6800/1807990149,v1:172.21.15.107:6801/1807990149] conn(0x7fd92c03f8a0 msgr2=0x7fd92c041d60 unknown :-1 s=STATE_CONNECTING_RE l=1).process reconnect failed to v2:172.21.15.107:6800/1807990149
2024-09-21T11:48:47.366 INFO:teuthology.orchestra.run.smithi107.stdout:/usr/bin/ceph: stderr
2024-09-21T11:48:44.317+0000 7fd9437fe640 1 --2- 172.21.15.107:0/571584542 >> [v2:172.21.15.107:6800/1807990149,v1:172.21.15.107:6801/1807990149] conn(0x7fd92c03f8a0 0x7fd92c041d60 unknown :-1 s=START_CONNECT pgs=0 cs=0 l=1 rev1=0 crypto rx=0 tx=0 comp rx=0 tx=0)._fault waiting 1.600000
2024-09-21T11:48:47.366 INFO:teuthology.orchestra.run.smithi107.stdout:/usr/bin/ceph: stderr
2024-09-21T11:48:45.320+0000 7fd9417fa640 1 -- 172.21.15.107:0/571584542 <== mon.0 v2:172.21.15.107:3300/0 6 ==== mgrmap(e 11) ==== 51622+0+0 (secure 0 0 0) 0x7fd934072f20 con 0x7fd944079b60
2024-09-21T11:48:47.366 INFO:teuthology.orchestra.run.smithi107.stdout:/usr/bin/ceph: stderr
2024-09-21T11:48:45.320+0000 7fd9417fa640 1 -- 172.21.15.107:0/571584542 >> [v2:172.21.15.107:6800/1807990149,v1:172.21.15.107:6801/1807990149] conn(0x7fd92c03f8a0 msgr2=0x7fd92c041d60 unknown :-1 s=STATE_CONNECTING l=1).mark_down
2024-09-21T11:48:47.366 INFO:teuthology.orchestra.run.smithi107.stdout:/usr/bin/ceph: stderr
2024-09-21T11:48:45.320+0000 7fd9417fa640 1 --2- 172.21.15.107:0/571584542 >> [v2:172.21.15.107:6800/1807990149,v1:172.21.15.107:6801/1807990149] conn(0x7fd92c03f8a0 0x7fd92c041d60 unknown :-1 s=START_CONNECT pgs=0 cs=0 l=1 rev1=0 crypto rx=0 tx=0 comp rx=0 tx=0).stop
2024-09-21T11:48:47.367 INFO:teuthology.orchestra.run.smithi107.stdout:/usr/bin/ceph: stderr
2024-09-21T11:48:46.321+0000 7fd9417fa640 1 -- 172.21.15.107:0/571584542 <== mon.0 v2:172.21.15.107:3300/0 7 ==== mgrmap(e 12) ==== 51749+0+0 (secure 0 0 0) 0x7fd9340066a0 con 0x7fd944079b60
2024-09-21T11:48:47.367 INFO:teuthology.orchestra.run.smithi107.stdout:/usr/bin/ceph: stderr
2024-09-21T11:48:46.321+0000 7fd9417fa640 1 --2- 172.21.15.107:0/571584542 >> [v2:172.21.15.107:6800/2130999972,v1:172.21.15.107:6801/2130999972] conn(0x7fd92c043340 0x7fd92c045730 unknown :-1 s=NONE pgs=0 cs=0 l=1 rev1=0 crypto rx=0 tx=0 comp rx=0 tx=0).connect
2024-09-21T11:48:47.367 INFO:teuthology.orchestra.run.smithi107.stdout:/usr/bin/ceph: stderr
2024-09-21T11:48:46.321+0000 7fd9417fa640 1 -- 172.21.15.107:0/571584542 --> [v2:172.21.15.107:6800/2130999972,v1:172.21.15.107:6801/2130999972] -- command(tid 0: {"prefix": "get_command_descriptions"}) -- 0x7fd92c042470 con 0x7fd92c043340
2024-09-21T11:48:47.367 INFO:teuthology.orchestra.run.smithi107.stdout:/usr/bin/ceph: stderr
2024-09-21T11:48:46.322+0000 7fd9437fe640 1 --2- 172.21.15.107:0/571584542 >> [v2:172.21.15.107:6800/2130999972,v1:172.21.15.107:6801/2130999972] conn(0x7fd92c043340 0x7fd92c045730 unknown :-1 s=BANNER_CONNECTING pgs=0 cs=0 l=1 rev1=0 crypto rx=0 tx=0 comp rx=0 tx=0)._handle_peer_banner_payload supported=3 required=0
2024-09-21T11:48:47.367 INFO:teuthology.orchestra.run.smithi107.stdout:/usr/bin/ceph: stderr
2024-09-21T11:48:46.323+0000 7fd9437fe640 1 --2- 172.21.15.107:0/571584542 >> [v2:172.21.15.107:6800/2130999972,v1:172.21.15.107:6801/2130999972] conn(0x7fd92c043340 0x7fd92c045730 secure :-1 s=READY pgs=1 cs=0 l=1 rev1=1 crypto rx=0x7fd938003980 tx=0x7fd9380092b0 comp rx=0 tx=0).ready entity=mgr.14152 client_cookie=0 server_cookie=0 in_seq=0 out_seq=0
2024-09-21T11:48:47.367 INFO:teuthology.orchestra.run.smithi107.stdout:/usr/bin/ceph: stderr
2024-09-21T11:48:46.323+0000 7fd9417fa640 1 -- 172.21.15.107:0/571584542 <== mgr.14152 v2:172.21.15.107:6800/2130999972 1 ==== command_reply(tid 0: 0 ) ==== 8+0+9564 (secure 0 0 0) 0x7fd92c042470 con 0x7fd92c043340
2024-09-21T11:48:47.367 INFO:teuthology.orchestra.run.smithi107.stdout:/usr/bin/ceph: stderr
2024-09-21T11:48:46.330+0000 7fd94a44e640 1 -- 172.21.15.107:0/571584542 --> [v2:172.21.15.107:6800/2130999972,v1:172.21.15.107:6801/2130999972] -- command(tid 1: {"prefix": "mgr_status"}) -- 0x7fd9441071d0 con 0x7fd92c043340
2024-09-21T11:48:47.367 INFO:teuthology.orchestra.run.smithi107.stdout:/usr/bin/ceph: stderr
2024-09-21T11:48:46.331+0000 7fd9417fa640 1 -- 172.21.15.107:0/571584542 <== mgr.14152 v2:172.21.15.107:6800/2130999972 2 ==== command_reply(tid 1: 0 ) ==== 8+0+52 (secure 0 0 0) 0x7fd9441071d0 con 0x7fd92c043340
2024-09-21T11:48:47.367 INFO:teuthology.orchestra.run.smithi107.stdout:/usr/bin/ceph: stderr
2024-09-21T11:48:46.331+0000 7fd94a44e640 1 -- 172.21.15.107:0/571584542 >> [v2:172.21.15.107:6800/2130999972,v1:172.21.15.107:6801/2130999972] conn(0x7fd92c043340 msgr2=0x7fd92c045730 secure :-1 s=STATE_CONNECTION_ESTABLISHED l=1).mark_down
2024-09-21T11:48:47.367 INFO:teuthology.orchestra.run.smithi107.stdout:/usr/bin/ceph: stderr
2024-09-21T11:48:46.331+0000 7fd94a44e640 1 --2- 172.21.15.107:0/571584542 >> [v2:172.21.15.107:6800/2130999972,v1:172.21.15.107:6801/2130999972] conn(0x7fd92c043340 0x7fd92c045730 secure :-1 s=READY pgs=1 cs=0 l=1 rev1=1 crypto rx=0x7fd938003980 tx=0x7fd9380092b0 comp rx=0 tx=0).stop
2024-09-21T11:48:47.367 INFO:teuthology.orchestra.run.smithi107.stdout:/usr/bin/ceph: stderr
2024-09-21T11:48:46.331+0000 7fd94a44e640 1 -- 172.21.15.107:0/571584542 >> [v2:172.21.15.107:3300/0,v1:172.21.15.107:6789/0] conn(0x7fd944079b60 msgr2=0x7fd94419a5a0 secure :-1 s=STATE_CONNECTION_ESTABLISHED l=1).mark_down
2024-09-21T11:48:47.367 INFO:teuthology.orchestra.run.smithi107.stdout:/usr/bin/ceph: stderr
2024-09-21T11:48:46.331+0000 7fd94a44e640 1 --2- 172.21.15.107:0/571584542 >> [v2:172.21.15.107:3300/0,v1:172.21.15.107:6789/0] conn(0x7fd944079b60 0x7fd94419a5a0 secure :-1 s=READY pgs=62 cs=0 l=1 rev1=1 crypto rx=0x7fd9340097f0 tx=0x7fd934030ad0 comp rx=0 tx=0).stop
2024-09-21T11:48:47.367 INFO:teuthology.orchestra.run.smithi107.stdout:/usr/bin/ceph: stderr
2024-09-21T11:48:46.331+0000 7fd94a44e640 1 -- 172.21.15.107:0/571584542 shutdown_connections
2024-09-21T11:48:47.367 INFO:teuthology.orchestra.run.smithi107.stdout:/usr/bin/ceph: stderr
2024-09-21T11:48:46.331+0000 7fd94a44e640 1 --2- 172.21.15.107:0/571584542 >> [v2:172.21.15.107:6800/2130999972,v1:172.21.15.107:6801/2130999972] conn(0x7fd92c043340 0x7fd92c045730 unknown :-1 s=CLOSED pgs=1 cs=0 l=1 rev1=1 crypto rx=0 tx=0 comp rx=0 tx=0).stop
2024-09-21T11:48:47.368 INFO:teuthology.orchestra.run.smithi107.stdout:/usr/bin/ceph: stderr
2024-09-21T11:48:46.331+0000 7fd94a44e640 1 --2- 172.21.15.107:0/571584542 >> [v2:172.21.15.107:6800/1807990149,v1:172.21.15.107:6801/1807990149] conn(0x7fd92c03f8a0 0x7fd92c041d60 unknown :-1 s=CLOSED pgs=0 cs=0 l=1 rev1=0 crypto rx=0 tx=0 comp rx=0 tx=0).stop
2024-09-21T11:48:47.368 INFO:teuthology.orchestra.run.smithi107.stdout:/usr/bin/ceph: stderr
2024-09-21T11:48:46.331+0000 7fd94a44e640 1 --2- 172.21.15.107:0/571584542 >> [v2:172.21.15.107:3300/0,v1:172.21.15.107:6789/0] conn(0x7fd944079b60 0x7fd94419a5a0 unknown :-1 s=CLOSED pgs=62 cs=0 l=1 rev1=1 crypto rx=0 tx=0 comp rx=0 tx=0).stop
2024-09-21T11:48:47.368 INFO:teuthology.orchestra.run.smithi107.stdout:/usr/bin/ceph: stderr
2024-09-21T11:48:46.331+0000 7fd94a44e640 1 -- 172.21.15.107:0/571584542 >> 172.21.15.107:0/571584542 conn(0x7fd944100df0 msgr2=0x7fd944101a20 unknown :-1 s=STATE_NONE l=0).mark_down
2024-09-21T11:48:47.368 INFO:teuthology.orchestra.run.smithi107.stdout:/usr/bin/ceph: stderr
2024-09-21T11:48:46.331+0000 7fd94a44e640 1 -- 172.21.15.107:0/571584542 shutdown_connections
2024-09-21T11:48:47.368 INFO:teuthology.orchestra.run.smithi107.stdout:/usr/bin/ceph: stderr
2024-09-21T11:48:46.331+0000 7fd94a44e640 1 -- 172.21.15.107:0/571584542 wait complete.
2024-09-21T11:48:47.368 INFO:teuthology.orchestra.run.smithi107.stdout:mgr epoch 10 is available
2024-09-21T11:48:47.368 INFO:teuthology.orchestra.run.smithi107.stdout:Using certmgr to generate dashboard self-signed certificate...
2024-09-21T11:48:48.254 INFO:journalctl@ceph.mon.a.smithi107.stdout:Sep 21 11:48:47 smithi107 ceph-mon[30293]: from='client.14156 -' entity='client.admin' cmd=[{"prefix": "get_command_descriptions"}]: dispatch
2024-09-21T11:48:48.254 INFO:journalctl@ceph.mon.a.smithi107.stdout:Sep 21 11:48:47 smithi107 ceph-mon[30293]: from='client.14156 -' entity='client.admin' cmd=[{"prefix": "mgr_status"}]: dispatch
2024-09-21T11:48:48.254 INFO:journalctl@ceph.mon.a.smithi107.stdout:Sep 21 11:48:47 smithi107 ceph-mon[30293]: [21/Sep/2024:11:48:46] ENGINE Serving on http://172.21.15.107:8765
2024-09-21T11:48:48.254 INFO:journalctl@ceph.mon.a.smithi107.stdout:Sep 21 11:48:47 smithi107 ceph-mon[30293]: [21/Sep/2024:11:48:46] ENGINE Serving on https://172.21.15.107:7150
2024-09-21T11:48:48.254 INFO:journalctl@ceph.mon.a.smithi107.stdout:Sep 21 11:48:47 smithi107 ceph-mon[30293]: [21/Sep/2024:11:48:46] ENGINE Bus STARTED
2024-09-21T11:48:48.254 INFO:journalctl@ceph.mon.a.smithi107.stdout:Sep 21 11:48:47 smithi107 ceph-mon[30293]: [21/Sep/2024:11:48:46] ENGINE Error in HTTPServer.serve
2024-09-21T11:48:48.254 INFO:journalctl@ceph.mon.a.smithi107.stdout: Traceback (most recent call last):
2024-09-21T11:48:48.254 INFO:journalctl@ceph.mon.a.smithi107.stdout: File "/lib/python3.9/site-packages/cheroot/server.py", line 1823, in serve
2024-09-21T11:48:48.254 INFO:journalctl@ceph.mon.a.smithi107.stdout: self._connections.run(self.expiration_interval)
2024-09-21T11:48:48.254 INFO:journalctl@ceph.mon.a.smithi107.stdout: File "/lib/python3.9/site-packages/cheroot/connections.py", line 203, in run
2024-09-21T11:48:48.254 INFO:journalctl@ceph.mon.a.smithi107.stdout: self._run(expiration_interval)
2024-09-21T11:48:48.254 INFO:journalctl@ceph.mon.a.smithi107.stdout: File "/lib/python3.9/site-packages/cheroot/connections.py", line 246, in _run
2024-09-21T11:48:48.255 INFO:journalctl@ceph.mon.a.smithi107.stdout: new_conn = self._from_server_socket(self.server.socket)
2024-09-21T11:48:48.255 INFO:journalctl@ceph.mon.a.smithi107.stdout: File "/lib/python3.9/site-packages/cheroot/connections.py", line 300, in _from_server_socket
2024-09-21T11:48:48.255 INFO:journalctl@ceph.mon.a.smithi107.stdout: s, ssl_env = self.server.ssl_adapter.wrap(s)
2024-09-21T11:48:48.255 INFO:journalctl@ceph.mon.a.smithi107.stdout: File "/lib/python3.9/site-packages/cheroot/ssl/builtin.py", line 277, in wrap
2024-09-21T11:48:48.255 INFO:journalctl@ceph.mon.a.smithi107.stdout: s = self.context.wrap_socket(
2024-09-21T11:48:48.255 INFO:journalctl@ceph.mon.a.smithi107.stdout: File "/lib64/python3.9/ssl.py", line 501, in wrap_socket
2024-09-21T11:48:48.255 INFO:journalctl@ceph.mon.a.smithi107.stdout: return self.sslsocket_class._create(
2024-09-21T11:48:48.255 INFO:journalctl@ceph.mon.a.smithi107.stdout: File "/lib64/python3.9/ssl.py", line 1074, in _create
2024-09-21T11:48:48.255 INFO:journalctl@ceph.mon.a.smithi107.stdout: self.do_handshake()
2024-09-21T11:48:48.255 INFO:journalctl@ceph.mon.a.smithi107.stdout: File "/lib64/python3.9/ssl.py", line 1343, in do_handshake
2024-09-21T11:48:48.255 INFO:journalctl@ceph.mon.a.smithi107.stdout: self._sslobj.do_handshake()
2024-09-21T11:48:48.255 INFO:journalctl@ceph.mon.a.smithi107.stdout: ssl.SSLZeroReturnError: TLS/SSL connection has been closed (EOF) (_ssl.c:1133)
2024-09-21T11:48:48.255 INFO:journalctl@ceph.mon.a.smithi107.stdout:Sep 21 11:48:47 smithi107 ceph-mon[30293]: from='mgr.14152 172.21.15.107:0/1948709593' entity='mgr.y'
2024-09-21T11:48:48.255 INFO:journalctl@ceph.mon.a.smithi107.stdout:Sep 21 11:48:47 smithi107 ceph-mon[30293]: from='mgr.14152 172.21.15.107:0/1948709593' entity='mgr.y'
2024-09-21T11:48:49.253 INFO:journalctl@ceph.mon.a.smithi107.stdout:Sep 21 11:48:48 smithi107 ceph-mon[30293]: mgrmap e13: y(active, since 2s)
2024-09-21T11:48:49.254 INFO:journalctl@ceph.mon.a.smithi107.stdout:Sep 21 11:48:48 smithi107 ceph-mon[30293]: from='client.14164 -' entity='client.admin' cmd=[{"prefix": "orch certmgr generate-certificates", "module_name": "dashboard", "target": ["mon-mgr", ""]}]: dispatch
2024-09-21T11:48:49.790 INFO:teuthology.orchestra.run.smithi107.stdout:/usr/bin/ceph: stdout {"cert": "-----BEGIN CERTIFICATE-----\nMIIFETCCAvmgAwIBAgIURre9Ti6RrhsKGSVrw0FZ5OGybl4wDQYJKoZIhvcNAQEL\nBQAwFzEVMBMGA1UEAwwMY2VwaGFkbS1yb290MB4XDTI0MDkyMTExNDg0OFoXDTM0\nMDkyMjExNDg0OFowGDEWMBQGA1UEAwwNMTcyLjIxLjE1LjEwNzCCAiIwDQYJKoZI\nhvcNAQEBBQADggIPADCCAgoCggIBAKNsJ3OZ2iNyQDsKvCnj53ogiAACArG7AGF6\n7kixPf628LumAMU+mKxMIFrZDXp6Tptc/GK3bm/+CEhh925PBuSGwRMxW/GH1zpL\ng35+qGaRVCPm0Ti3bmUL7FZ8TYBGnaN6LJbJPjbsqIZBOJKQh/flyjxGGUrt3F3F\nTH97qGuZRqIMEkGNxi63M0zTMVYCIZJQam2E7mxHcwBLS78xcz3pySIAwvqsFeTn\n81IzDY3BLPAoZFV/tqo8PJIltAgwz1qZedeJfMc/pi8WjvK0nyE9lPK+Qbhfiatz\nqCNeKsfB4kOu4f6k4lu7ZitjzhXIoDMFENt9CawU5d0GgOc/60HCeFM2XbvhzBP2\nWtC8nJgKcet8uOW+0C0BQj6g/UA5xgx6Ps7L+WbvfkvslHj53R79z2C+SthWuE1Z\nTSEvE8cg8nacmEigJbj1lg6+IrjKo7S3IpPUkVp7ADKRwF3TLnYfY4J4kvMiyvRS\n56xFyC4RGQHuJDV1laZxUvBHxM65UNguWVn+u2yAY0XKKoRgmJBw0nNHBgk9O1Wc\nIi3wV7pRXjEunhoACKKPpM6g6w/jlXloa4ys8cNKp/nd6ojQw9KCdBs7XtqikqlH\nSB5WhAMrK7j9hM9KKafuw9C14XytjFHR7Cmbbs/qUZEe5nLXJDhLISC+skKBVily\nAeqBEjPJAgMBAAGjVDBSMEIGA1UdEQQ7MDmCHnNtaXRoaTEwNy5mcm9udC5zZXBp\nYS5jZXBoLmNvbYIRZGFzaGJvYXJkX3NlcnZlcnOHBKwVD2swDAYDVR0TAQH/BAIw\nADANBgkqhkiG9w0BAQsFAAOCAgEAa6NbVv9IRO0f/1Siq4SQSz41ReMvYz9u3GIp\nN18FpEd1bZY+HXSblnsZBGnDjupvoiZ6LdwJrNFojevdp5L5AbpFaX5jmCiUU6k3\nwEszgoEVCQ9O6pEz6WLYnWLiFNw1fvKtRRVp9BZUsliW/FEs7/hJ47/eTq06tXD2\nZ6+Ml/B9ncAkkF+HvFLjcendb/p23RQPIkrGIoAw1vlZNubWbJSgiPDVwHtJCNkN\nFb+faMs114vjk9TiFezK8HYo3v2fWFqL6l4T8CajOET9HSbW3oHMZnTV53eNJsKm\ngEf8QuupABL1QZR3vIiMOVcEW5FJQcc6B3PTijRPJQCduTfx2A48y3r+JED2EIwo\n6ktLsjumLk3gQVY0z1VsjBOubzO3TQZtncTtW9te7ECBTdgn7ccC6BkfXzHGwf82\n9xhrP46CJD9V/1q+okXrKotheAl772E2CJ2tmWwfuytxs6sBuhpvwqfnLpim8PS7\n1533PcQ6H5GrIx8Ep5fBS5r9XqyRWKGRvoD/d5mPD239UpxicDAElqJaZmwaSICY\nuoKZe74paO4u4O+ULNAQFJMkcwYonf3VUgyx61nTy1ZWHhdmZAHuECYF+o2Ruf1d\n6COhCWNyTkHnT9X5dyo4t7LoIsWwYfcKtM12XMLpum3ZgtR6l3J33TMuEe8ZAk7Y\nvz8NSkQ=\n-----END CERTIFICATE-----\n", "key": "-----BEGIN RSA PRIVATE KEY-----\nMIIJKAIBAAKCAgEAo2wnc5naI3JAOwq8KePneiCIAAICsbsAYXruSLE9/rbwu6YA\nxT6YrEwgWtkNenpOm1z8Yrdub/4ISGH3bk8G5IbBEzFb8YfXOkuDfn6oZpFUI+bR\nOLduZQvsVnxNgEado3oslsk+NuyohkE4kpCH9+XKPEYZSu3cXcVMf3uoa5lGogwS\nQY3GLrczTNMxVgIhklBqbYTubEdzAEtLvzFzPenJIgDC+qwV5OfzUjMNjcEs8Chk\nVX+2qjw8kiW0CDDPWpl514l8xz+mLxaO8rSfIT2U8r5BuF+Jq3OoI14qx8HiQ67h\n/qTiW7tmK2POFcigMwUQ230JrBTl3QaA5z/rQcJ4UzZdu+HME/Za0LycmApx63y4\n5b7QLQFCPqD9QDnGDHo+zsv5Zu9+S+yUePndHv3PYL5K2Fa4TVlNIS8TxyDydpyY\nSKAluPWWDr4iuMqjtLcik9SRWnsAMpHAXdMudh9jgniS8yLK9FLnrEXILhEZAe4k\nNXWVpnFS8EfEzrlQ2C5ZWf67bIBjRcoqhGCYkHDSc0cGCT07VZwiLfBXulFeMS6e\nGgAIoo+kzqDrD+OVeWhrjKzxw0qn+d3qiNDD0oJ0Gzte2qKSqUdIHlaEAysruP2E\nz0opp+7D0LXhfK2MUdHsKZtuz+pRkR7mctckOEshIL6yQoFWKXIB6oESM8kCAwEA\nAQKCAgAJrY1iDxPQKtNTM8nsJKkoDj5jmrrgXeHSRAqRvz5bw+d6g2STCceWl40I\neEdwMAdQ89cl/PUzOGzy5WtW6uLufGz5dyA56+ii9Qcg4f0U0ukz1ZbhGBrXbNb2\nkbawwK3T+TekB9+xdr8tsTXZlynYNFFvU5rqmS7GVll3CMKS+bEpRlP78hqRGGwX\nMgAfVvG4RZ8h5IAOpUYSF8Nw+4uWuG4+/2LMn82NoG9kWC3mrdCcmdXESvONPhM7\nt/QjEonrFID20tdzAMnVis1VIf11BV25aOtBMRY48zjbPFfF++1LgxMy5n6Zvl24\n9tiE6XxUPSnwB6X/nP62YczXNQ24X0BHEZLOxKDdviyUVHf7i7+tqGde2/H2kpnw\ne68BsgFu6ug090KrciDevq0e7o0velTUNCN9nvoirJ9HAfakcquR1OklcAqWcnHI\nKt45dIEzpXhJ2X+cYWYVFBq4njnWWXkQkAwqOMufOTgJH1sgcP6D0+dpMyZ0PPZm\nZZDvRjTPE/dXgY/yp5zkJ0/rEQPgLpNjG6n8SApKiNOXKYVDDQc2us2kcQts44hY\nTP2dFxvbR3vbjOUp5i8COOMVYaWHs2jPGdMufKFt7JRJlrCnzt7wEBfEtTAdEMpr\nq//KzZOVsQdCc9lrYnEg3W8D7rytA22wxv1Q+gTZSvoQou+mIQKCAQEA42nxOVbe\nshYFWPuFZwfsHX/hLwjd9TopHGhhRbh9RHoxXRIZgYPodoWZdUKTbq0Zmu/jACZT\nnOYvYdYGbYqewtjcEnrDtlpppUebBZisFC5kKaDfN4AUuQgtk+XE1N5NnLIFUb1e\n3wt3i97dG3jQjqsGyDYa2L5kiKWdX5rJCkW3xQ8Jd6ADeHj7mbflyH53Krk3rz7q\ndkLa2ZxxBx3fMBW6P6kZb3hKwcBUXvASmgJX33gEmYNJ+EhxYj/cUYSqw1wSiOIb\n9h7+QxMVQWlYUFt6s7Ngzy1ciVB6NDXHMdcmuJn/2ItBzhdBdFkJFfN5cA8IJO17\n4waecoG2j4pqoQKCAQEAt/cA5X7SvGMlMfnWwS66osyySEbp5RYu3OCWSNM8RlhA\n1dBdK4wyC9HDoy8g42jxW6FQJl0P7+ZGQFrB/ZdHbkRx2gC8z3lv+ngEH2lR/0KB\nzjWwoxKM2p2dPYTNOI8YiTIxBJX+AGV5o2xrcMWpcDHJngtiKtGCgYfkd4gZrUo/\nkU8IVRRJ6xy9dTb9vwfSrt0W8taIpmXgwFqd/jsph4U/FrTfaEd2F06tI/MNZmci\neAxWrgMDc97eDHQ7C/ZWQrvBQOB4/7+orJ1OvOpq549/2+xGKCa3CINxY//OB3Ov\nZCf1RCeaOR4Vrt073NZMKRR5PK8vMVj+9Z26qLMgKQKCAQEAtQX4BvSngIsW5qYQ\notsjkLfiwFYGmNYbM4nDJISe8otyD+wAcaBWw0HFzhmY0ljoMPUTdWMM27A/t1lu\n9HOLvP5y8CLY96cwwWgmdmX5VHc5NAnipYNG+6MO5NPZwrjSfxEWOuLLSjEOkEBv\nMRcSrP5m/6hR5oZn8H4kr52+unaUukAmARtWp+dmIA7K0rYYleGp+c3TRSAipWZq\ncofMybIB9/rbTGgs2d4HSys/I2kKGdCnmKtxjjncR6Ed96XraGc6OcwDBf/V1f6y\nxMbejdjD65e2UDSDnKp7HGRSk9H3+KpdhjoTv8GzULIvEVImMJVGnl6MZ0M1jWDD\nua8tAQKCAQAo4bdNSNXED7RgWskivSO0shCch0XLJxba9v3uySKH72zZFyjdWJZ2\nkfML/JkucE/SsRKCtAOqqF3MR1783/V7x7IVZDyRTsdXvfwMjvct5rW6AaxzUNgE\nbSpYVX7VptcpBgJmpn5/0A0sCBgIQ6TXzfikKptyMIT0DCL1fUVXgTyHKi0L2ypi\nGUzxE3toTHDBc1h6Nrq/X7yGgpzBtpwQBchzX1aWcesIWu+XIZhEvX6ndvZ8TScj\nRM/LrLjCe8fHpLnZlQjOrOTrFzo8OUvwka80TFl66r+aILu+IUbD2S2M8GRM9RAM\nyWbAKWH4PZdHOcmHdtbh/IkMRDUK8GOhAoIBAACimf6vxrWacCI1UTyRKfivy4WV\nWvxf6U3Gzsz6i4TRiMbsjJBuOwNByu8uEzPuR/LCxU/h0v8QaXLuyd3OpcRCKkUv\n4neKFZfDwZh3WHboPDZau1zkwvoC/bdvJu1ZssWV4hx6bNU8Ddq10w4OFv+jSgQV\n2P2Sy0H3o7rFJBz3n46piOqOwRbQdu19mJvfzUQgMCp6UX9NnxgLWnFL8RTPnF01\nlwtKFRDbYghVZs+79YxKlzuxNfgfPiIxls2wV+ycOFSyAT3W5sOSusNePJSO1TCN\n3VOuLeFsjMKSPyEGhtNRHoFyZn+DXhsoFpaNh73pt+tmU+ZttumY2KvPBec=\n-----END RSA PRIVATE KEY-----\n"}
2024-09-21T11:48:49.790 INFO:teuthology.orchestra.run.smithi107.stdout:/usr/bin/ceph: stderr
2024-09-21T11:48:47.851+0000 7fef0423a640 1 Processor -- start
2024-09-21T11:48:49.790 INFO:teuthology.orchestra.run.smithi107.stdout:/usr/bin/ceph: stderr
2024-09-21T11:48:47.852+0000 7fef0423a640 1 -- start start
2024-09-21T11:48:49.791 INFO:teuthology.orchestra.run.smithi107.stdout:/usr/bin/ceph: stderr
2024-09-21T11:48:47.852+0000 7fef0423a640 1 --2- >> [v2:172.21.15.107:3300/0,v1:172.21.15.107:6789/0] conn(0x7feefc106610 0x7feefc106a10 unknown :-1 s=NONE pgs=0 cs=0 l=0 rev1=0 crypto rx=0 tx=0 comp rx=0 tx=0).connect
2024-09-21T11:48:49.791 INFO:teuthology.orchestra.run.smithi107.stdout:/usr/bin/ceph: stderr
2024-09-21T11:48:47.852+0000 7fef0423a640 1 -- --> [v2:172.21.15.107:3300/0,v1:172.21.15.107:6789/0] -- mon_getmap magic: 0 -- 0x7feefc107000 con 0x7feefc106610
2024-09-21T11:48:49.791 INFO:teuthology.orchestra.run.smithi107.stdout:/usr/bin/ceph: stderr
2024-09-21T11:48:47.852+0000 7fef01fd6640 1 --2- >> [v2:172.21.15.107:3300/0,v1:172.21.15.107:6789/0] conn(0x7feefc106610 0x7feefc106a10 unknown :-1 s=BANNER_CONNECTING pgs=0 cs=0 l=0 rev1=0 crypto rx=0 tx=0 comp rx=0 tx=0)._handle_peer_banner_payload supported=3 required=0
2024-09-21T11:48:49.791 INFO:teuthology.orchestra.run.smithi107.stdout:/usr/bin/ceph: stderr
2024-09-21T11:48:47.852+0000 7fef01fd6640 1 --2- >> [v2:172.21.15.107:3300/0,v1:172.21.15.107:6789/0] conn(0x7feefc106610 0x7feefc106a10 unknown :-1 s=HELLO_CONNECTING pgs=0 cs=0 l=0 rev1=1 crypto rx=0 tx=0 comp rx=0 tx=0).handle_hello peer v2:172.21.15.107:3300/0 says I am v2:172.21.15.107:53142/0 (socket says 172.21.15.107:53142)
2024-09-21T11:48:49.791 INFO:teuthology.orchestra.run.smithi107.stdout:/usr/bin/ceph: stderr
2024-09-21T11:48:47.852+0000 7fef01fd6640 1 -- 172.21.15.107:0/2398635144 learned_addr learned my addr 172.21.15.107:0/2398635144 (peer_addr_for_me v2:172.21.15.107:0/0)
2024-09-21T11:48:49.791 INFO:teuthology.orchestra.run.smithi107.stdout:/usr/bin/ceph: stderr
2024-09-21T11:48:47.853+0000 7fef01fd6640 1 -- 172.21.15.107:0/2398635144 --> [v2:172.21.15.107:3300/0,v1:172.21.15.107:6789/0] -- mon_subscribe({config=0+,monmap=0+}) -- 0x7feefc107180 con 0x7feefc106610
2024-09-21T11:48:49.791 INFO:teuthology.orchestra.run.smithi107.stdout:/usr/bin/ceph: stderr
2024-09-21T11:48:47.853+0000 7fef01fd6640 1 --2- 172.21.15.107:0/2398635144 >> [v2:172.21.15.107:3300/0,v1:172.21.15.107:6789/0] conn(0x7feefc106610 0x7feefc106a10 secure :-1 s=READY pgs=70 cs=0 l=1 rev1=1 crypto rx=0x7feef0009820 tx=0x7feef002a270 comp rx=0 tx=0).ready entity=mon.0 client_cookie=8ef326a53f11f8de server_cookie=0 in_seq=0 out_seq=0
2024-09-21T11:48:49.791 INFO:teuthology.orchestra.run.smithi107.stdout:/usr/bin/ceph: stderr
2024-09-21T11:48:47.853+0000 7fef00fd4640 1 -- 172.21.15.107:0/2398635144 <== mon.0 v2:172.21.15.107:3300/0 1 ==== mon_map magic: 0 ==== 205+0+0 (secure 0 0 0) 0x7feef0037070 con 0x7feefc106610
2024-09-21T11:48:49.791 INFO:teuthology.orchestra.run.smithi107.stdout:/usr/bin/ceph: stderr
2024-09-21T11:48:47.853+0000 7fef00fd4640 1 -- 172.21.15.107:0/2398635144 <== mon.0 v2:172.21.15.107:3300/0 2 ==== config(23 keys) ==== 1003+0+0 (secure 0 0 0) 0x7feef0032890 con 0x7feefc106610
2024-09-21T11:48:49.791 INFO:teuthology.orchestra.run.smithi107.stdout:/usr/bin/ceph: stderr
2024-09-21T11:48:47.853+0000 7fef00fd4640 1 -- 172.21.15.107:0/2398635144 <== mon.0 v2:172.21.15.107:3300/0 3 ==== mon_map magic: 0 ==== 205+0+0 (secure 0 0 0) 0x7feef0030550 con 0x7feefc106610
2024-09-21T11:48:49.791 INFO:teuthology.orchestra.run.smithi107.stdout:/usr/bin/ceph: stderr
2024-09-21T11:48:47.854+0000 7fef0423a640 1 -- 172.21.15.107:0/2398635144 >> [v2:172.21.15.107:3300/0,v1:172.21.15.107:6789/0] conn(0x7feefc106610 msgr2=0x7feefc106a10 secure :-1 s=STATE_CONNECTION_ESTABLISHED l=1).mark_down
2024-09-21T11:48:49.791 INFO:teuthology.orchestra.run.smithi107.stdout:/usr/bin/ceph: stderr
2024-09-21T11:48:47.854+0000 7fef0423a640 1 --2- 172.21.15.107:0/2398635144 >> [v2:172.21.15.107:3300/0,v1:172.21.15.107:6789/0] conn(0x7feefc106610 0x7feefc106a10 secure :-1 s=READY pgs=70 cs=0 l=1 rev1=1 crypto rx=0x7feef0009820 tx=0x7feef002a270 comp rx=0 tx=0).stop
2024-09-21T11:48:49.791 INFO:teuthology.orchestra.run.smithi107.stdout:/usr/bin/ceph: stderr
2024-09-21T11:48:47.854+0000 7fef0423a640 1 -- 172.21.15.107:0/2398635144 shutdown_connections
2024-09-21T11:48:49.792 INFO:teuthology.orchestra.run.smithi107.stdout:/usr/bin/ceph: stderr
2024-09-21T11:48:47.854+0000 7fef0423a640 1 --2- 172.21.15.107:0/2398635144 >> [v2:172.21.15.107:3300/0,v1:172.21.15.107:6789/0] conn(0x7feefc106610 0x7feefc106a10 unknown :-1 s=CLOSED pgs=70 cs=0 l=1 rev1=1 crypto rx=0 tx=0 comp rx=0 tx=0).stop
2024-09-21T11:48:49.792 INFO:teuthology.orchestra.run.smithi107.stdout:/usr/bin/ceph: stderr
2024-09-21T11:48:47.854+0000 7fef0423a640 1 -- 172.21.15.107:0/2398635144 >> 172.21.15.107:0/2398635144 conn(0x7feefc101f00 msgr2=0x7feefc104320 unknown :-1 s=STATE_NONE l=0).mark_down
2024-09-21T11:48:49.792 INFO:teuthology.orchestra.run.smithi107.stdout:/usr/bin/ceph: stderr
2024-09-21T11:48:47.854+0000 7fef0423a640 1 -- 172.21.15.107:0/2398635144 shutdown_connections
2024-09-21T11:48:49.792 INFO:teuthology.orchestra.run.smithi107.stdout:/usr/bin/ceph: stderr
2024-09-21T11:48:47.854+0000 7fef0423a640 1 -- 172.21.15.107:0/2398635144 wait complete.
2024-09-21T11:48:49.792 INFO:teuthology.orchestra.run.smithi107.stdout:/usr/bin/ceph: stderr
2024-09-21T11:48:47.855+0000 7fef0423a640 1 Processor -- start
2024-09-21T11:48:49.792 INFO:teuthology.orchestra.run.smithi107.stdout:/usr/bin/ceph: stderr
2024-09-21T11:48:47.855+0000 7fef0423a640 1 -- start start
2024-09-21T11:48:49.792 INFO:teuthology.orchestra.run.smithi107.stdout:/usr/bin/ceph: stderr
2024-09-21T11:48:47.855+0000 7fef0423a640 1 --2- >> [v2:172.21.15.107:3300/0,v1:172.21.15.107:6789/0] conn(0x7feefc106610 0x7feefc19a5d0 unknown :-1 s=NONE pgs=0 cs=0 l=1 rev1=0 crypto rx=0 tx=0 comp rx=0 tx=0).connect
2024-09-21T11:48:49.792 INFO:teuthology.orchestra.run.smithi107.stdout:/usr/bin/ceph: stderr
2024-09-21T11:48:47.855+0000 7fef0423a640 1 -- --> [v2:172.21.15.107:3300/0,v1:172.21.15.107:6789/0] -- mon_getmap magic: 0 -- 0x7feefc10aa90 con 0x7feefc106610
2024-09-21T11:48:49.792 INFO:teuthology.orchestra.run.smithi107.stdout:/usr/bin/ceph: stderr
2024-09-21T11:48:47.855+0000 7fef01fd6640 1 --2- >> [v2:172.21.15.107:3300/0,v1:172.21.15.107:6789/0] conn(0x7feefc106610 0x7feefc19a5d0 unknown :-1 s=BANNER_CONNECTING pgs=0 cs=0 l=1 rev1=0 crypto rx=0 tx=0 comp rx=0 tx=0)._handle_peer_banner_payload supported=3 required=0
2024-09-21T11:48:49.792 INFO:teuthology.orchestra.run.smithi107.stdout:/usr/bin/ceph: stderr
2024-09-21T11:48:47.855+0000 7fef01fd6640 1 --2- >> [v2:172.21.15.107:3300/0,v1:172.21.15.107:6789/0] conn(0x7feefc106610 0x7feefc19a5d0 unknown :-1 s=HELLO_CONNECTING pgs=0 cs=0 l=1 rev1=1 crypto rx=0 tx=0 comp rx=0 tx=0).handle_hello peer v2:172.21.15.107:3300/0 says I am v2:172.21.15.107:53152/0 (socket says 172.21.15.107:53152)
2024-09-21T11:48:49.792 INFO:teuthology.orchestra.run.smithi107.stdout:/usr/bin/ceph: stderr
2024-09-21T11:48:47.855+0000 7fef01fd6640 1 -- 172.21.15.107:0/3170480632 learned_addr learned my addr 172.21.15.107:0/3170480632 (peer_addr_for_me v2:172.21.15.107:0/0)
2024-09-21T11:48:49.792 INFO:teuthology.orchestra.run.smithi107.stdout:/usr/bin/ceph: stderr
2024-09-21T11:48:47.855+0000 7fef01fd6640 1 -- 172.21.15.107:0/3170480632 --> [v2:172.21.15.107:3300/0,v1:172.21.15.107:6789/0] -- mon_subscribe({config=0+,monmap=0+}) -- 0x7feefc19ab30 con 0x7feefc106610
2024-09-21T11:48:49.792 INFO:teuthology.orchestra.run.smithi107.stdout:/usr/bin/ceph: stderr
2024-09-21T11:48:47.855+0000 7fef01fd6640 1 --2- 172.21.15.107:0/3170480632 >> [v2:172.21.15.107:3300/0,v1:172.21.15.107:6789/0] conn(0x7feefc106610 0x7feefc19a5d0 secure :-1 s=READY pgs=71 cs=0 l=1 rev1=1 crypto rx=0x7feef00097f0 tx=0x7feef0030ad0 comp rx=0 tx=0).ready entity=mon.0 client_cookie=0 server_cookie=0 in_seq=0 out_seq=0
2024-09-21T11:48:49.792 INFO:teuthology.orchestra.run.smithi107.stdout:/usr/bin/ceph: stderr
2024-09-21T11:48:47.856+0000 7feeeeffd640 1 -- 172.21.15.107:0/3170480632 <== mon.0 v2:172.21.15.107:3300/0 1 ==== mon_map magic: 0 ==== 205+0+0 (secure 0 0 0) 0x7feef0037040 con 0x7feefc106610
2024-09-21T11:48:49.793 INFO:teuthology.orchestra.run.smithi107.stdout:/usr/bin/ceph: stderr
2024-09-21T11:48:47.856+0000 7feeeeffd640 1 -- 172.21.15.107:0/3170480632 <== mon.0 v2:172.21.15.107:3300/0 2 ==== config(23 keys) ==== 1003+0+0 (secure 0 0 0) 0x7feef0040070 con 0x7feefc106610
2024-09-21T11:48:49.793 INFO:teuthology.orchestra.run.smithi107.stdout:/usr/bin/ceph: stderr
2024-09-21T11:48:47.856+0000 7feeeeffd640 1 -- 172.21.15.107:0/3170480632 <== mon.0 v2:172.21.15.107:3300/0 3 ==== mon_map magic: 0 ==== 205+0+0 (secure 0 0 0) 0x7feef003bd40 con 0x7feefc106610
2024-09-21T11:48:49.793 INFO:teuthology.orchestra.run.smithi107.stdout:/usr/bin/ceph: stderr
2024-09-21T11:48:47.856+0000 7fef0423a640 1 -- 172.21.15.107:0/3170480632 --> [v2:172.21.15.107:3300/0,v1:172.21.15.107:6789/0] -- mon_subscribe({mgrmap=0+}) -- 0x7feefc19adc0 con 0x7feefc106610
2024-09-21T11:48:49.793 INFO:teuthology.orchestra.run.smithi107.stdout:/usr/bin/ceph: stderr
2024-09-21T11:48:47.856+0000 7fef0423a640 1 -- 172.21.15.107:0/3170480632 --> [v2:172.21.15.107:3300/0,v1:172.21.15.107:6789/0] -- mon_subscribe({osdmap=0}) -- 0x7feefc19b780 con 0x7feefc106610
2024-09-21T11:48:49.793 INFO:teuthology.orchestra.run.smithi107.stdout:/usr/bin/ceph: stderr
2024-09-21T11:48:47.857+0000 7feeeeffd640 1 -- 172.21.15.107:0/3170480632 <== mon.0 v2:172.21.15.107:3300/0 4 ==== mgrmap(e 12) ==== 51749+0+0 (secure 0 0 0) 0x7feef003b430 con 0x7feefc106610
2024-09-21T11:48:49.793 INFO:teuthology.orchestra.run.smithi107.stdout:/usr/bin/ceph: stderr
2024-09-21T11:48:47.857+0000 7fef0423a640 1 -- 172.21.15.107:0/3170480632 --> [v2:172.21.15.107:3300/0,v1:172.21.15.107:6789/0] -- mon_command({"prefix": "get_command_descriptions"} v 0) -- 0x7feefc10ac10 con 0x7feefc106610
2024-09-21T11:48:49.793 INFO:teuthology.orchestra.run.smithi107.stdout:/usr/bin/ceph: stderr
2024-09-21T11:48:47.857+0000 7feeeeffd640 1 --2- 172.21.15.107:0/3170480632 >> [v2:172.21.15.107:6800/2130999972,v1:172.21.15.107:6801/2130999972] conn(0x7feee803f730 0x7feee8041bf0 unknown :-1 s=NONE pgs=0 cs=0 l=1 rev1=0 crypto rx=0 tx=0 comp rx=0 tx=0).connect
2024-09-21T11:48:49.793 INFO:teuthology.orchestra.run.smithi107.stdout:/usr/bin/ceph: stderr
2024-09-21T11:48:47.857+0000 7feeeeffd640 1 -- 172.21.15.107:0/3170480632 <== mon.0 v2:172.21.15.107:3300/0 5 ==== osd_map(3..3 src has 1..3) ==== 1155+0+0 (secure 0 0 0) 0x7feef0074320 con 0x7feefc106610
2024-09-21T11:48:49.793 INFO:teuthology.orchestra.run.smithi107.stdout:/usr/bin/ceph: stderr
2024-09-21T11:48:47.857+0000 7fef017d5640 1 --2- 172.21.15.107:0/3170480632 >> [v2:172.21.15.107:6800/2130999972,v1:172.21.15.107:6801/2130999972] conn(0x7feee803f730 0x7feee8041bf0 unknown :-1 s=BANNER_CONNECTING pgs=0 cs=0 l=1 rev1=0 crypto rx=0 tx=0 comp rx=0 tx=0)._handle_peer_banner_payload supported=3 required=0
2024-09-21T11:48:49.793 INFO:teuthology.orchestra.run.smithi107.stdout:/usr/bin/ceph: stderr
2024-09-21T11:48:47.857+0000 7fef017d5640 1 --2- 172.21.15.107:0/3170480632 >> [v2:172.21.15.107:6800/2130999972,v1:172.21.15.107:6801/2130999972] conn(0x7feee803f730 0x7feee8041bf0 secure :-1 s=READY pgs=7 cs=0 l=1 rev1=1 crypto rx=0x7feef80098c0 tx=0x7feef8006db0 comp rx=0 tx=0).ready entity=mgr.14152 client_cookie=0 server_cookie=0 in_seq=0 out_seq=0
2024-09-21T11:48:49.793 INFO:teuthology.orchestra.run.smithi107.stdout:/usr/bin/ceph: stderr
2024-09-21T11:48:47.862+0000 7feeeeffd640 1 -- 172.21.15.107:0/3170480632 <== mon.0 v2:172.21.15.107:3300/0 6 ==== mon_command_ack([{"prefix": "get_command_descriptions"}]=0 v0) ==== 72+0+198400 (secure 0 0 0) 0x7feef002e200 con 0x7feefc106610
2024-09-21T11:48:49.793 INFO:teuthology.orchestra.run.smithi107.stdout:/usr/bin/ceph: stderr
2024-09-21T11:48:47.989+0000 7feeeeffd640 1 -- 172.21.15.107:0/3170480632 <== mon.0 v2:172.21.15.107:3300/0 7 ==== mgrmap(e 13) ==== 51855+0+0 (secure 0 0 0) 0x7feef0041d60 con 0x7feefc106610
2024-09-21T11:48:49.793 INFO:teuthology.orchestra.run.smithi107.stdout:/usr/bin/ceph: stderr
2024-09-21T11:48:48.059+0000 7fef0423a640 1 -- 172.21.15.107:0/3170480632 --> [v2:172.21.15.107:6800/2130999972,v1:172.21.15.107:6801/2130999972] -- mgr_command(tid 0: {"prefix": "orch certmgr generate-certificates", "module_name": "dashboard", "target": ["mon-mgr", ""]}) -- 0x7feefc103170 con 0x7feee803f730
2024-09-21T11:48:49.793 INFO:teuthology.orchestra.run.smithi107.stdout:/usr/bin/ceph: stderr
2024-09-21T11:48:48.779+0000 7feeeeffd640 1 -- 172.21.15.107:0/3170480632 <== mgr.14152 v2:172.21.15.107:6800/2130999972 1 ==== mgr_command_reply(tid 0: 0 ) ==== 8+0+5166 (secure 0 0 0) 0x7feefc103170 con 0x7feee803f730
2024-09-21T11:48:49.793 INFO:teuthology.orchestra.run.smithi107.stdout:/usr/bin/ceph: stderr
2024-09-21T11:48:48.782+0000 7fef0423a640 1 -- 172.21.15.107:0/3170480632 >> [v2:172.21.15.107:6800/2130999972,v1:172.21.15.107:6801/2130999972] conn(0x7feee803f730 msgr2=0x7feee8041bf0 secure :-1 s=STATE_CONNECTION_ESTABLISHED l=1).mark_down
2024-09-21T11:48:49.794 INFO:teuthology.orchestra.run.smithi107.stdout:/usr/bin/ceph: stderr
2024-09-21T11:48:48.782+0000 7fef0423a640 1 --2- 172.21.15.107:0/3170480632 >> [v2:172.21.15.107:6800/2130999972,v1:172.21.15.107:6801/2130999972] conn(0x7feee803f730 0x7feee8041bf0 secure :-1 s=READY pgs=7 cs=0 l=1 rev1=1 crypto rx=0x7feef80098c0 tx=0x7feef8006db0 comp rx=0 tx=0).stop
2024-09-21T11:48:49.794 INFO:teuthology.orchestra.run.smithi107.stdout:/usr/bin/ceph: stderr
2024-09-21T11:48:48.782+0000 7fef0423a640 1 -- 172.21.15.107:0/3170480632 >> [v2:172.21.15.107:3300/0,v1:172.21.15.107:6789/0] conn(0x7feefc106610 msgr2=0x7feefc19a5d0 secure :-1 s=STATE_CONNECTION_ESTABLISHED l=1).mark_down
2024-09-21T11:48:49.794 INFO:teuthology.orchestra.run.smithi107.stdout:/usr/bin/ceph: stderr
2024-09-21T11:48:48.782+0000 7fef0423a640 1 --2- 172.21.15.107:0/3170480632 >> [v2:172.21.15.107:3300/0,v1:172.21.15.107:6789/0] conn(0x7feefc106610 0x7feefc19a5d0 secure :-1 s=READY pgs=71 cs=0 l=1 rev1=1 crypto rx=0x7feef00097f0 tx=0x7feef0030ad0 comp rx=0 tx=0).stop
2024-09-21T11:48:49.794 INFO:teuthology.orchestra.run.smithi107.stdout:/usr/bin/ceph: stderr
2024-09-21T11:48:48.782+0000 7fef0423a640 1 -- 172.21.15.107:0/3170480632 shutdown_connections
2024-09-21T11:48:49.794 INFO:teuthology.orchestra.run.smithi107.stdout:/usr/bin/ceph: stderr
2024-09-21T11:48:48.782+0000 7fef0423a640 1 --2- 172.21.15.107:0/3170480632 >> [v2:172.21.15.107:6800/2130999972,v1:172.21.15.107:6801/2130999972] conn(0x7feee803f730 0x7feee8041bf0 unknown :-1 s=CLOSED pgs=7 cs=0 l=1 rev1=1 crypto rx=0 tx=0 comp rx=0 tx=0).stop
2024-09-21T11:48:49.794 INFO:teuthology.orchestra.run.smithi107.stdout:/usr/bin/ceph: stderr
2024-09-21T11:48:48.782+0000 7fef0423a640 1 --2- 172.21.15.107:0/3170480632 >> [v2:172.21.15.107:3300/0,v1:172.21.15.107:6789/0] conn(0x7feefc106610 0x7feefc19a5d0 unknown :-1 s=CLOSED pgs=71 cs=0 l=1 rev1=1 crypto rx=0 tx=0 comp rx=0 tx=0).stop
2024-09-21T11:48:49.794 INFO:teuthology.orchestra.run.smithi107.stdout:/usr/bin/ceph: stderr
2024-09-21T11:48:48.782+0000 7fef0423a640 1 -- 172.21.15.107:0/3170480632 >> 172.21.15.107:0/3170480632 conn(0x7feefc101f00 msgr2=0x7feefc102a60 unknown :-1 s=STATE_NONE l=0).mark_down
2024-09-21T11:48:49.794 INFO:teuthology.orchestra.run.smithi107.stdout:/usr/bin/ceph: stderr
2024-09-21T11:48:48.782+0000 7fef0423a640 1 -- 172.21.15.107:0/3170480632 shutdown_connections
2024-09-21T11:48:49.794 INFO:teuthology.orchestra.run.smithi107.stdout:/usr/bin/ceph: stderr
2024-09-21T11:48:48.782+0000 7fef0423a640 1 -- 172.21.15.107:0/3170480632 wait complete.
2024-09-21T11:48:51.056 INFO:teuthology.orchestra.run.smithi107.stdout:/usr/bin/ceph: stdout SSL certificate updated
2024-09-21T11:48:51.056 INFO:teuthology.orchestra.run.smithi107.stdout:/usr/bin/ceph: stderr
2024-09-21T11:48:50.236+0000 7f7383805640 1 Processor -- start
2024-09-21T11:48:51.056 INFO:teuthology.orchestra.run.smithi107.stdout:/usr/bin/ceph: stderr
2024-09-21T11:48:50.236+0000 7f7383805640 1 -- start start
2024-09-21T11:48:51.056 INFO:teuthology.orchestra.run.smithi107.stdout:/usr/bin/ceph: stderr
2024-09-21T11:48:50.236+0000 7f7383805640 1 --2- >> [v2:172.21.15.107:3300/0,v1:172.21.15.107:6789/0] conn(0x7f737c07a450 0x7f737c1091d0 unknown :-1 s=NONE pgs=0 cs=0 l=0 rev1=0 crypto rx=0 tx=0 comp rx=0 tx=0).connect
2024-09-21T11:48:51.056 INFO:teuthology.orchestra.run.smithi107.stdout:/usr/bin/ceph: stderr
2024-09-21T11:48:50.236+0000 7f7383805640 1 -- --> [v2:172.21.15.107:3300/0,v1:172.21.15.107:6789/0] -- mon_getmap magic: 0 -- 0x7f737c109710 con 0x7f737c07a450
2024-09-21T11:48:51.056 INFO:teuthology.orchestra.run.smithi107.stdout:/usr/bin/ceph: stderr
2024-09-21T11:48:50.236+0000 7f73815a1640 1 --2- >> [v2:172.21.15.107:3300/0,v1:172.21.15.107:6789/0] conn(0x7f737c07a450 0x7f737c1091d0 unknown :-1 s=BANNER_CONNECTING pgs=0 cs=0 l=0 rev1=0 crypto rx=0 tx=0 comp rx=0 tx=0)._handle_peer_banner_payload supported=3 required=0
2024-09-21T11:48:51.056 INFO:teuthology.orchestra.run.smithi107.stdout:/usr/bin/ceph: stderr
2024-09-21T11:48:50.236+0000 7f73815a1640 1 --2- >> [v2:172.21.15.107:3300/0,v1:172.21.15.107:6789/0] conn(0x7f737c07a450 0x7f737c1091d0 unknown :-1 s=HELLO_CONNECTING pgs=0 cs=0 l=0 rev1=1 crypto rx=0 tx=0 comp rx=0 tx=0).handle_hello peer v2:172.21.15.107:3300/0 says I am v2:172.21.15.107:53162/0 (socket says 172.21.15.107:53162)
2024-09-21T11:48:51.056 INFO:teuthology.orchestra.run.smithi107.stdout:/usr/bin/ceph: stderr
2024-09-21T11:48:50.236+0000 7f73815a1640 1 -- 172.21.15.107:0/2460111660 learned_addr learned my addr 172.21.15.107:0/2460111660 (peer_addr_for_me v2:172.21.15.107:0/0)
2024-09-21T11:48:51.056 INFO:teuthology.orchestra.run.smithi107.stdout:/usr/bin/ceph: stderr
2024-09-21T11:48:50.236+0000 7f73815a1640 1 -- 172.21.15.107:0/2460111660 --> [v2:172.21.15.107:3300/0,v1:172.21.15.107:6789/0] -- mon_subscribe({config=0+,monmap=0+}) -- 0x7f737c109890 con 0x7f737c07a450
2024-09-21T11:48:51.056 INFO:teuthology.orchestra.run.smithi107.stdout:/usr/bin/ceph: stderr
2024-09-21T11:48:50.237+0000 7f73815a1640 1 --2- 172.21.15.107:0/2460111660 >> [v2:172.21.15.107:3300/0,v1:172.21.15.107:6789/0] conn(0x7f737c07a450 0x7f737c1091d0 secure :-1 s=READY pgs=72 cs=0 l=1 rev1=1 crypto rx=0x7f7378009e80 tx=0x7f737802a830 comp rx=0 tx=0).ready entity=mon.0 client_cookie=a872df637987373d server_cookie=0 in_seq=0 out_seq=0
2024-09-21T11:48:51.056 INFO:teuthology.orchestra.run.smithi107.stdout:/usr/bin/ceph: stderr
2024-09-21T11:48:50.237+0000 7f7373fff640 1 -- 172.21.15.107:0/2460111660 <== mon.0 v2:172.21.15.107:3300/0 1 ==== mon_map magic: 0 ==== 205+0+0 (secure 0 0 0) 0x7f7378036070 con 0x7f737c07a450
2024-09-21T11:48:51.057 INFO:teuthology.orchestra.run.smithi107.stdout:/usr/bin/ceph: stderr
2024-09-21T11:48:50.237+0000 7f7373fff640 1 -- 172.21.15.107:0/2460111660 <== mon.0 v2:172.21.15.107:3300/0 2 ==== config(23 keys) ==== 1003+0+0 (secure 0 0 0) 0x7f7378031850 con 0x7f737c07a450
2024-09-21T11:48:51.057 INFO:teuthology.orchestra.run.smithi107.stdout:/usr/bin/ceph: stderr
2024-09-21T11:48:50.237+0000 7f7373fff640 1 -- 172.21.15.107:0/2460111660 <== mon.0 v2:172.21.15.107:3300/0 3 ==== mon_map magic: 0 ==== 205+0+0 (secure 0 0 0) 0x7f73780076d0 con 0x7f737c07a450
2024-09-21T11:48:51.057 INFO:teuthology.orchestra.run.smithi107.stdout:/usr/bin/ceph: stderr
2024-09-21T11:48:50.238+0000 7f7383805640 1 -- 172.21.15.107:0/2460111660 >> [v2:172.21.15.107:3300/0,v1:172.21.15.107:6789/0] conn(0x7f737c07a450 msgr2=0x7f737c1091d0 secure :-1 s=STATE_CONNECTION_ESTABLISHED l=1).mark_down
2024-09-21T11:48:51.057 INFO:teuthology.orchestra.run.smithi107.stdout:/usr/bin/ceph: stderr
2024-09-21T11:48:50.238+0000 7f7383805640 1 --2- 172.21.15.107:0/2460111660 >> [v2:172.21.15.107:3300/0,v1:172.21.15.107:6789/0] conn(0x7f737c07a450 0x7f737c1091d0 secure :-1 s=READY pgs=72 cs=0 l=1 rev1=1 crypto rx=0x7f7378009e80 tx=0x7f737802a830 comp rx=0 tx=0).stop
2024-09-21T11:48:51.057 INFO:teuthology.orchestra.run.smithi107.stdout:/usr/bin/ceph: stderr
2024-09-21T11:48:50.238+0000 7f7383805640 1 -- 172.21.15.107:0/2460111660 shutdown_connections
2024-09-21T11:48:51.057 INFO:teuthology.orchestra.run.smithi107.stdout:/usr/bin/ceph: stderr
2024-09-21T11:48:50.238+0000 7f7383805640 1 --2- 172.21.15.107:0/2460111660 >> [v2:172.21.15.107:3300/0,v1:172.21.15.107:6789/0] conn(0x7f737c07a450 0x7f737c1091d0 unknown :-1 s=CLOSED pgs=72 cs=0 l=1 rev1=1 crypto rx=0 tx=0 comp rx=0 tx=0).stop
2024-09-21T11:48:51.057 INFO:teuthology.orchestra.run.smithi107.stdout:/usr/bin/ceph: stderr
2024-09-21T11:48:50.238+0000 7f7383805640 1 -- 172.21.15.107:0/2460111660 >> 172.21.15.107:0/2460111660 conn(0x7f737c100e00 msgr2=0x7f737c103220 unknown :-1 s=STATE_NONE l=0).mark_down
2024-09-21T11:48:51.057 INFO:teuthology.orchestra.run.smithi107.stdout:/usr/bin/ceph: stderr
2024-09-21T11:48:50.238+0000 7f7383805640 1 -- 172.21.15.107:0/2460111660 shutdown_connections
2024-09-21T11:48:51.057 INFO:teuthology.orchestra.run.smithi107.stdout:/usr/bin/ceph: stderr
2024-09-21T11:48:50.238+0000 7f7383805640 1 -- 172.21.15.107:0/2460111660 wait complete.
2024-09-21T11:48:51.057 INFO:teuthology.orchestra.run.smithi107.stdout:/usr/bin/ceph: stderr
2024-09-21T11:48:50.238+0000 7f7383805640 1 Processor -- start
2024-09-21T11:48:51.057 INFO:teuthology.orchestra.run.smithi107.stdout:/usr/bin/ceph: stderr
2024-09-21T11:48:50.239+0000 7f7383805640 1 -- start start
2024-09-21T11:48:51.057 INFO:teuthology.orchestra.run.smithi107.stdout:/usr/bin/ceph: stderr
2024-09-21T11:48:50.239+0000 7f7383805640 1 --2- >> [v2:172.21.15.107:3300/0,v1:172.21.15.107:6789/0] conn(0x7f737c07a450 0x7f737c19a5d0 unknown :-1 s=NONE pgs=0 cs=0 l=1 rev1=0 crypto rx=0 tx=0 comp rx=0 tx=0).connect
2024-09-21T11:48:51.057 INFO:teuthology.orchestra.run.smithi107.stdout:/usr/bin/ceph: stderr
2024-09-21T11:48:50.239+0000 7f7383805640 1 -- --> [v2:172.21.15.107:3300/0,v1:172.21.15.107:6789/0] -- mon_getmap magic: 0 -- 0x7f737c10a940 con 0x7f737c07a450
2024-09-21T11:48:51.058 INFO:teuthology.orchestra.run.smithi107.stdout:/usr/bin/ceph: stderr
2024-09-21T11:48:50.239+0000 7f73815a1640 1 --2- >> [v2:172.21.15.107:3300/0,v1:172.21.15.107:6789/0] conn(0x7f737c07a450 0x7f737c19a5d0 unknown :-1 s=BANNER_CONNECTING pgs=0 cs=0 l=1 rev1=0 crypto rx=0 tx=0 comp rx=0 tx=0)._handle_peer_banner_payload supported=3 required=0
2024-09-21T11:48:51.058 INFO:teuthology.orchestra.run.smithi107.stdout:/usr/bin/ceph: stderr
2024-09-21T11:48:50.239+0000 7f73815a1640 1 --2- >> [v2:172.21.15.107:3300/0,v1:172.21.15.107:6789/0] conn(0x7f737c07a450 0x7f737c19a5d0 unknown :-1 s=HELLO_CONNECTING pgs=0 cs=0 l=1 rev1=1 crypto rx=0 tx=0 comp rx=0 tx=0).handle_hello peer v2:172.21.15.107:3300/0 says I am v2:172.21.15.107:53176/0 (socket says 172.21.15.107:53176)
2024-09-21T11:48:51.058 INFO:teuthology.orchestra.run.smithi107.stdout:/usr/bin/ceph: stderr
2024-09-21T11:48:50.239+0000 7f73815a1640 1 -- 172.21.15.107:0/334960655 learned_addr learned my addr 172.21.15.107:0/334960655 (peer_addr_for_me v2:172.21.15.107:0/0)
2024-09-21T11:48:51.058 INFO:teuthology.orchestra.run.smithi107.stdout:/usr/bin/ceph: stderr
2024-09-21T11:48:50.239+0000 7f73815a1640 1 -- 172.21.15.107:0/334960655 --> [v2:172.21.15.107:3300/0,v1:172.21.15.107:6789/0] -- mon_subscribe({config=0+,monmap=0+}) -- 0x7f737c19ab30 con 0x7f737c07a450
2024-09-21T11:48:51.058 INFO:teuthology.orchestra.run.smithi107.stdout:/usr/bin/ceph: stderr
2024-09-21T11:48:50.239+0000 7f73815a1640 1 --2- 172.21.15.107:0/334960655 >> [v2:172.21.15.107:3300/0,v1:172.21.15.107:6789/0] conn(0x7f737c07a450 0x7f737c19a5d0 secure :-1 s=READY pgs=73 cs=0 l=1 rev1=1 crypto rx=0x7f7378000f80 tx=0x7f7378007800 comp rx=0 tx=0).ready entity=mon.0 client_cookie=0 server_cookie=0 in_seq=0 out_seq=0
2024-09-21T11:48:51.058 INFO:teuthology.orchestra.run.smithi107.stdout:/usr/bin/ceph: stderr
2024-09-21T11:48:50.239+0000 7f73727fc640 1 -- 172.21.15.107:0/334960655 <== mon.0 v2:172.21.15.107:3300/0 1 ==== mon_map magic: 0 ==== 205+0+0 (secure 0 0 0) 0x7f7378041020 con 0x7f737c07a450
2024-09-21T11:48:51.058 INFO:teuthology.orchestra.run.smithi107.stdout:/usr/bin/ceph: stderr
2024-09-21T11:48:50.239+0000 7f73727fc640 1 -- 172.21.15.107:0/334960655 <== mon.0 v2:172.21.15.107:3300/0 2 ==== config(23 keys) ==== 1003+0+0 (secure 0 0 0) 0x7f737803c470 con 0x7f737c07a450
2024-09-21T11:48:51.058 INFO:teuthology.orchestra.run.smithi107.stdout:/usr/bin/ceph: stderr
2024-09-21T11:48:50.239+0000 7f7383805640 1 -- 172.21.15.107:0/334960655 --> [v2:172.21.15.107:3300/0,v1:172.21.15.107:6789/0] -- mon_subscribe({mgrmap=0+}) -- 0x7f737c19adc0 con 0x7f737c07a450
2024-09-21T11:48:51.058 INFO:teuthology.orchestra.run.smithi107.stdout:/usr/bin/ceph: stderr
2024-09-21T11:48:50.239+0000 7f73727fc640 1 -- 172.21.15.107:0/334960655 <== mon.0 v2:172.21.15.107:3300/0 3 ==== mon_map magic: 0 ==== 205+0+0 (secure 0 0 0) 0x7f7378036040 con 0x7f737c07a450
2024-09-21T11:48:51.058 INFO:teuthology.orchestra.run.smithi107.stdout:/usr/bin/ceph: stderr
2024-09-21T11:48:50.239+0000 7f7383805640 1 -- 172.21.15.107:0/334960655 --> [v2:172.21.15.107:3300/0,v1:172.21.15.107:6789/0] -- mon_subscribe({osdmap=0}) -- 0x7f737c19b800 con 0x7f737c07a450
2024-09-21T11:48:51.058 INFO:teuthology.orchestra.run.smithi107.stdout:/usr/bin/ceph: stderr
2024-09-21T11:48:50.240+0000 7f7383805640 1 -- 172.21.15.107:0/334960655 --> [v2:172.21.15.107:3300/0,v1:172.21.15.107:6789/0] -- mon_command({"prefix": "get_command_descriptions"} v 0) -- 0x7f737c1071c0 con 0x7f737c07a450
2024-09-21T11:48:51.058 INFO:teuthology.orchestra.run.smithi107.stdout:/usr/bin/ceph: stderr
