2024-09-21T11:48:26.340+0000 7fa9feffd640 1 -- 172.21.15.107:0/2012467809 <== mgr.14118 v2:172.21.15.107:6800/1807990149 1 ==== mgr_command_reply(tid 0: 0 ) ==== 8+0+0 (secure 0 0 0) 0x7faa0819c030 con 0x7fa9f403f840
2024-09-21T11:48:26.906 INFO:teuthology.orchestra.run.smithi107.stdout:/usr/bin/ceph: stderr
2024-09-21T11:48:26.343+0000 7faa0fac2640 1 -- 172.21.15.107:0/2012467809 >> [v2:172.21.15.107:6800/1807990149,v1:172.21.15.107:6801/1807990149] conn(0x7fa9f403f840 msgr2=0x7fa9f4041d00 secure :-1 s=STATE_CONNECTION_ESTABLISHED l=1).mark_down
2024-09-21T11:48:26.907 INFO:teuthology.orchestra.run.smithi107.stdout:/usr/bin/ceph: stderr
2024-09-21T11:48:26.343+0000 7faa0fac2640 1 --2- 172.21.15.107:0/2012467809 >> [v2:172.21.15.107:6800/1807990149,v1:172.21.15.107:6801/1807990149] conn(0x7fa9f403f840 0x7fa9f4041d00 secure :-1 s=READY pgs=10 cs=0 l=1 rev1=1 crypto rx=0x7fa9f80098c0 tx=0x7fa9f8006db0 comp rx=0 tx=0).stop
2024-09-21T11:48:26.907 INFO:teuthology.orchestra.run.smithi107.stdout:/usr/bin/ceph: stderr
2024-09-21T11:48:26.343+0000 7faa0fac2640 1 -- 172.21.15.107:0/2012467809 >> [v2:172.21.15.107:3300/0,v1:172.21.15.107:6789/0] conn(0x7faa08079b60 msgr2=0x7faa0819a620 secure :-1 s=STATE_CONNECTION_ESTABLISHED l=1).mark_down
2024-09-21T11:48:26.907 INFO:teuthology.orchestra.run.smithi107.stdout:/usr/bin/ceph: stderr
2024-09-21T11:48:26.343+0000 7faa0fac2640 1 --2- 172.21.15.107:0/2012467809 >> [v2:172.21.15.107:3300/0,v1:172.21.15.107:6789/0] conn(0x7faa08079b60 0x7faa0819a620 secure :-1 s=READY pgs=42 cs=0 l=1 rev1=1 crypto rx=0x7faa040090b0 tx=0x7faa04030b50 comp rx=0 tx=0).stop
2024-09-21T11:48:26.907 INFO:teuthology.orchestra.run.smithi107.stdout:/usr/bin/ceph: stderr
2024-09-21T11:48:26.343+0000 7faa0fac2640 1 -- 172.21.15.107:0/2012467809 shutdown_connections
2024-09-21T11:48:26.907 INFO:teuthology.orchestra.run.smithi107.stdout:/usr/bin/ceph: stderr
2024-09-21T11:48:26.343+0000 7faa0fac2640 1 --2- 172.21.15.107:0/2012467809 >> [v2:172.21.15.107:6800/1807990149,v1:172.21.15.107:6801/1807990149] conn(0x7fa9f403f840 0x7fa9f4041d00 unknown :-1 s=CLOSED pgs=10 cs=0 l=1 rev1=1 crypto rx=0 tx=0 comp rx=0 tx=0).stop
2024-09-21T11:48:26.907 INFO:teuthology.orchestra.run.smithi107.stdout:/usr/bin/ceph: stderr
2024-09-21T11:48:26.343+0000 7faa0fac2640 1 --2- 172.21.15.107:0/2012467809 >> [v2:172.21.15.107:3300/0,v1:172.21.15.107:6789/0] conn(0x7faa08079b60 0x7faa0819a620 unknown :-1 s=CLOSED pgs=42 cs=0 l=1 rev1=1 crypto rx=0 tx=0 comp rx=0 tx=0).stop
2024-09-21T11:48:26.907 INFO:teuthology.orchestra.run.smithi107.stdout:/usr/bin/ceph: stderr
2024-09-21T11:48:26.343+0000 7faa0fac2640 1 -- 172.21.15.107:0/2012467809 >> 172.21.15.107:0/2012467809 conn(0x7faa08100df0 msgr2=0x7faa08101ad0 unknown :-1 s=STATE_NONE l=0).mark_down
2024-09-21T11:48:26.907 INFO:teuthology.orchestra.run.smithi107.stdout:/usr/bin/ceph: stderr
2024-09-21T11:48:26.343+0000 7faa0fac2640 1 -- 172.21.15.107:0/2012467809 shutdown_connections
2024-09-21T11:48:26.907 INFO:teuthology.orchestra.run.smithi107.stdout:/usr/bin/ceph: stderr
2024-09-21T11:48:26.343+0000 7faa0fac2640 1 -- 172.21.15.107:0/2012467809 wait complete.
2024-09-21T11:48:28.077 INFO:teuthology.orchestra.run.smithi107.stdout:/usr/bin/ceph: stdout ssh-rsa AAAAB3NzaC1yc2EAAAADAQABAAABgQDmi6N2/z/7fw83ritsvqKgbLCCyfCu+B+dlD2ZTYj9sIsBR3gqPQ6GHBguZNl0YORpmlI86IPqVgBV9mX14cQypwfTE8IY6P3VMKDBVyc8Gvrol5y0h1WKz8xWST9r/gqkfIO64jBP0pBNjQktL/NBgIGfohyw2satdthCDYdU7ut2L5+8p5Uq8E+W+GoeKxXOTLS76XT01eNIKejdiDM9EWRWErA2yzMz1QhteE1IIp4rv+TEJH87ydTiuvXPm3jYqIpf6Wd3u/eSeOO4E349NJhK9RNVdOvVokxWmgDXdNibmjARbPweFG74QblCjcmtREmfZKTKTTvDvr5El5qhFgH/CcG7e0DxdfyNuHb3bGRghGu7cOF+x034rUWzZYJcSv1YDNkWuzgmgo5TpcILnFSWbHNz6z9cyGKUeSo5I/zfl9gQkgTKtbpEnFx+vXjJ3h084XtGdzK/7sc7HOUR8XOO7NWxoEaVkuVolz6bmCBXmSN+Ag7Qvl1zCMl6N08= ceph-1795c04c-780f-11ef-baf6-efdc52797490
2024-09-21T11:48:28.078 INFO:teuthology.orchestra.run.smithi107.stdout:/usr/bin/ceph: stderr
2024-09-21T11:48:27.317+0000 7f32351d3640 1 Processor -- start
2024-09-21T11:48:28.078 INFO:teuthology.orchestra.run.smithi107.stdout:/usr/bin/ceph: stderr
2024-09-21T11:48:27.317+0000 7f32351d3640 1 -- start start
2024-09-21T11:48:28.078 INFO:teuthology.orchestra.run.smithi107.stdout:/usr/bin/ceph: stderr
2024-09-21T11:48:27.317+0000 7f32351d3640 1 --2- >> [v2:172.21.15.107:3300/0,v1:172.21.15.107:6789/0] conn(0x7f3230106610 0x7f3230106a10 unknown :-1 s=NONE pgs=0 cs=0 l=0 rev1=0 crypto rx=0 tx=0 comp rx=0 tx=0).connect
2024-09-21T11:48:28.078 INFO:teuthology.orchestra.run.smithi107.stdout:/usr/bin/ceph: stderr
2024-09-21T11:48:27.317+0000 7f32351d3640 1 -- --> [v2:172.21.15.107:3300/0,v1:172.21.15.107:6789/0] -- mon_getmap magic: 0 -- 0x7f3230107000 con 0x7f3230106610
2024-09-21T11:48:28.078 INFO:teuthology.orchestra.run.smithi107.stdout:/usr/bin/ceph: stderr
2024-09-21T11:48:27.317+0000 7f322ed9d640 1 --2- >> [v2:172.21.15.107:3300/0,v1:172.21.15.107:6789/0] conn(0x7f3230106610 0x7f3230106a10 unknown :-1 s=BANNER_CONNECTING pgs=0 cs=0 l=0 rev1=0 crypto rx=0 tx=0 comp rx=0 tx=0)._handle_peer_banner_payload supported=3 required=0
2024-09-21T11:48:28.078 INFO:teuthology.orchestra.run.smithi107.stdout:/usr/bin/ceph: stderr
2024-09-21T11:48:27.317+0000 7f322ed9d640 1 --2- >> [v2:172.21.15.107:3300/0,v1:172.21.15.107:6789/0] conn(0x7f3230106610 0x7f3230106a10 unknown :-1 s=HELLO_CONNECTING pgs=0 cs=0 l=0 rev1=1 crypto rx=0 tx=0 comp rx=0 tx=0).handle_hello peer v2:172.21.15.107:3300/0 says I am v2:172.21.15.107:60342/0 (socket says 172.21.15.107:60342)
2024-09-21T11:48:28.078 INFO:teuthology.orchestra.run.smithi107.stdout:/usr/bin/ceph: stderr
2024-09-21T11:48:27.317+0000 7f322ed9d640 1 -- 172.21.15.107:0/352682070 learned_addr learned my addr 172.21.15.107:0/352682070 (peer_addr_for_me v2:172.21.15.107:0/0)
2024-09-21T11:48:28.078 INFO:teuthology.orchestra.run.smithi107.stdout:/usr/bin/ceph: stderr
2024-09-21T11:48:27.317+0000 7f322ed9d640 1 -- 172.21.15.107:0/352682070 --> [v2:172.21.15.107:3300/0,v1:172.21.15.107:6789/0] -- mon_subscribe({config=0+,monmap=0+}) -- 0x7f3230107180 con 0x7f3230106610
2024-09-21T11:48:28.078 INFO:teuthology.orchestra.run.smithi107.stdout:/usr/bin/ceph: stderr
2024-09-21T11:48:27.318+0000 7f322ed9d640 1 --2- 172.21.15.107:0/352682070 >> [v2:172.21.15.107:3300/0,v1:172.21.15.107:6789/0] conn(0x7f3230106610 0x7f3230106a10 secure :-1 s=READY pgs=43 cs=0 l=1 rev1=1 crypto rx=0x7f3220009820 tx=0x7f322002a270 comp rx=0 tx=0).ready entity=mon.0 client_cookie=d730b90422c5f460 server_cookie=0 in_seq=0 out_seq=0
2024-09-21T11:48:28.078 INFO:teuthology.orchestra.run.smithi107.stdout:/usr/bin/ceph: stderr
2024-09-21T11:48:27.318+0000 7f322dd9b640 1 -- 172.21.15.107:0/352682070 <== mon.0 v2:172.21.15.107:3300/0 1 ==== mon_map magic: 0 ==== 205+0+0 (secure 0 0 0) 0x7f3220037070 con 0x7f3230106610
2024-09-21T11:48:28.078 INFO:teuthology.orchestra.run.smithi107.stdout:/usr/bin/ceph: stderr
2024-09-21T11:48:27.318+0000 7f322dd9b640 1 -- 172.21.15.107:0/352682070 <== mon.0 v2:172.21.15.107:3300/0 2 ==== config(23 keys) ==== 972+0+0 (secure 0 0 0) 0x7f3220032870 con 0x7f3230106610
2024-09-21T11:48:28.079 INFO:teuthology.orchestra.run.smithi107.stdout:/usr/bin/ceph: stderr
2024-09-21T11:48:27.318+0000 7f322dd9b640 1 -- 172.21.15.107:0/352682070 <== mon.0 v2:172.21.15.107:3300/0 3 ==== mon_map magic: 0 ==== 205+0+0 (secure 0 0 0) 0x7f32200305d0 con 0x7f3230106610
2024-09-21T11:48:28.079 INFO:teuthology.orchestra.run.smithi107.stdout:/usr/bin/ceph: stderr
2024-09-21T11:48:27.319+0000 7f32351d3640 1 -- 172.21.15.107:0/352682070 >> [v2:172.21.15.107:3300/0,v1:172.21.15.107:6789/0] conn(0x7f3230106610 msgr2=0x7f3230106a10 secure :-1 s=STATE_CONNECTION_ESTABLISHED l=1).mark_down
2024-09-21T11:48:28.079 INFO:teuthology.orchestra.run.smithi107.stdout:/usr/bin/ceph: stderr
2024-09-21T11:48:27.319+0000 7f32351d3640 1 --2- 172.21.15.107:0/352682070 >> [v2:172.21.15.107:3300/0,v1:172.21.15.107:6789/0] conn(0x7f3230106610 0x7f3230106a10 secure :-1 s=READY pgs=43 cs=0 l=1 rev1=1 crypto rx=0x7f3220009820 tx=0x7f322002a270 comp rx=0 tx=0).stop
2024-09-21T11:48:28.079 INFO:teuthology.orchestra.run.smithi107.stdout:/usr/bin/ceph: stderr
2024-09-21T11:48:27.319+0000 7f32351d3640 1 -- 172.21.15.107:0/352682070 shutdown_connections
2024-09-21T11:48:28.079 INFO:teuthology.orchestra.run.smithi107.stdout:/usr/bin/ceph: stderr
2024-09-21T11:48:27.319+0000 7f32351d3640 1 --2- 172.21.15.107:0/352682070 >> [v2:172.21.15.107:3300/0,v1:172.21.15.107:6789/0] conn(0x7f3230106610 0x7f3230106a10 unknown :-1 s=CLOSED pgs=43 cs=0 l=1 rev1=1 crypto rx=0 tx=0 comp rx=0 tx=0).stop
2024-09-21T11:48:28.079 INFO:teuthology.orchestra.run.smithi107.stdout:/usr/bin/ceph: stderr
2024-09-21T11:48:27.319+0000 7f32351d3640 1 -- 172.21.15.107:0/352682070 >> 172.21.15.107:0/352682070 conn(0x7f3230101f00 msgr2=0x7f3230104320 unknown :-1 s=STATE_NONE l=0).mark_down
2024-09-21T11:48:28.079 INFO:teuthology.orchestra.run.smithi107.stdout:/usr/bin/ceph: stderr
2024-09-21T11:48:27.319+0000 7f32351d3640 1 -- 172.21.15.107:0/352682070 shutdown_connections
2024-09-21T11:48:28.079 INFO:teuthology.orchestra.run.smithi107.stdout:/usr/bin/ceph: stderr
2024-09-21T11:48:27.319+0000 7f32351d3640 1 -- 172.21.15.107:0/352682070 wait complete.
2024-09-21T11:48:28.079 INFO:teuthology.orchestra.run.smithi107.stdout:/usr/bin/ceph: stderr
2024-09-21T11:48:27.319+0000 7f32351d3640 1 Processor -- start
2024-09-21T11:48:28.079 INFO:teuthology.orchestra.run.smithi107.stdout:/usr/bin/ceph: stderr
2024-09-21T11:48:27.320+0000 7f32351d3640 1 -- start start
2024-09-21T11:48:28.079 INFO:teuthology.orchestra.run.smithi107.stdout:/usr/bin/ceph: stderr
2024-09-21T11:48:27.320+0000 7f32351d3640 1 --2- >> [v2:172.21.15.107:3300/0,v1:172.21.15.107:6789/0] conn(0x7f3230106610 0x7f323007c180 unknown :-1 s=NONE pgs=0 cs=0 l=1 rev1=0 crypto rx=0 tx=0 comp rx=0 tx=0).connect
2024-09-21T11:48:28.079 INFO:teuthology.orchestra.run.smithi107.stdout:/usr/bin/ceph: stderr
2024-09-21T11:48:27.320+0000 7f32351d3640 1 -- --> [v2:172.21.15.107:3300/0,v1:172.21.15.107:6789/0] -- mon_getmap magic: 0 -- 0x7f323010aa90 con 0x7f3230106610
2024-09-21T11:48:28.079 INFO:teuthology.orchestra.run.smithi107.stdout:/usr/bin/ceph: stderr
2024-09-21T11:48:27.320+0000 7f322ed9d640 1 --2- >> [v2:172.21.15.107:3300/0,v1:172.21.15.107:6789/0] conn(0x7f3230106610 0x7f323007c180 unknown :-1 s=BANNER_CONNECTING pgs=0 cs=0 l=1 rev1=0 crypto rx=0 tx=0 comp rx=0 tx=0)._handle_peer_banner_payload supported=3 required=0
2024-09-21T11:48:28.079 INFO:teuthology.orchestra.run.smithi107.stdout:/usr/bin/ceph: stderr
2024-09-21T11:48:27.320+0000 7f322ed9d640 1 --2- >> [v2:172.21.15.107:3300/0,v1:172.21.15.107:6789/0] conn(0x7f3230106610 0x7f323007c180 unknown :-1 s=HELLO_CONNECTING pgs=0 cs=0 l=1 rev1=1 crypto rx=0 tx=0 comp rx=0 tx=0).handle_hello peer v2:172.21.15.107:3300/0 says I am v2:172.21.15.107:60356/0 (socket says 172.21.15.107:60356)
2024-09-21T11:48:28.079 INFO:teuthology.orchestra.run.smithi107.stdout:/usr/bin/ceph: stderr
2024-09-21T11:48:27.320+0000 7f322ed9d640 1 -- 172.21.15.107:0/1242766059 learned_addr learned my addr 172.21.15.107:0/1242766059 (peer_addr_for_me v2:172.21.15.107:0/0)
2024-09-21T11:48:28.080 INFO:teuthology.orchestra.run.smithi107.stdout:/usr/bin/ceph: stderr
2024-09-21T11:48:27.320+0000 7f322ed9d640 1 -- 172.21.15.107:0/1242766059 --> [v2:172.21.15.107:3300/0,v1:172.21.15.107:6789/0] -- mon_subscribe({config=0+,monmap=0+}) -- 0x7f323007c6e0 con 0x7f3230106610
2024-09-21T11:48:28.080 INFO:teuthology.orchestra.run.smithi107.stdout:/usr/bin/ceph: stderr
2024-09-21T11:48:27.320+0000 7f322ed9d640 1 --2- 172.21.15.107:0/1242766059 >> [v2:172.21.15.107:3300/0,v1:172.21.15.107:6789/0] conn(0x7f3230106610 0x7f323007c180 secure :-1 s=READY pgs=44 cs=0 l=1 rev1=1 crypto rx=0x7f32200090b0 tx=0x7f32200307c0 comp rx=0 tx=0).ready entity=mon.0 client_cookie=0 server_cookie=0 in_seq=0 out_seq=0
2024-09-21T11:48:28.080 INFO:teuthology.orchestra.run.smithi107.stdout:/usr/bin/ceph: stderr
2024-09-21T11:48:27.320+0000 7f3217fff640 1 -- 172.21.15.107:0/1242766059 <== mon.0 v2:172.21.15.107:3300/0 1 ==== mon_map magic: 0 ==== 205+0+0 (secure 0 0 0) 0x7f322003f020 con 0x7f3230106610
2024-09-21T11:48:28.080 INFO:teuthology.orchestra.run.smithi107.stdout:/usr/bin/ceph: stderr
2024-09-21T11:48:27.320+0000 7f3217fff640 1 -- 172.21.15.107:0/1242766059 <== mon.0 v2:172.21.15.107:3300/0 2 ==== config(23 keys) ==== 972+0+0 (secure 0 0 0) 0x7f3220030e20 con 0x7f3230106610
2024-09-21T11:48:28.080 INFO:teuthology.orchestra.run.smithi107.stdout:/usr/bin/ceph: stderr
2024-09-21T11:48:27.321+0000 7f32351d3640 1 -- 172.21.15.107:0/1242766059 --> [v2:172.21.15.107:3300/0,v1:172.21.15.107:6789/0] -- mon_subscribe({mgrmap=0+}) -- 0x7f323007aad0 con 0x7f3230106610
2024-09-21T11:48:28.080 INFO:teuthology.orchestra.run.smithi107.stdout:/usr/bin/ceph: stderr
2024-09-21T11:48:27.321+0000 7f3217fff640 1 -- 172.21.15.107:0/1242766059 <== mon.0 v2:172.21.15.107:3300/0 3 ==== mon_map magic: 0 ==== 205+0+0 (secure 0 0 0) 0x7f3220037040 con 0x7f3230106610
2024-09-21T11:48:28.080 INFO:teuthology.orchestra.run.smithi107.stdout:/usr/bin/ceph: stderr
2024-09-21T11:48:27.321+0000 7f32351d3640 1 -- 172.21.15.107:0/1242766059 --> [v2:172.21.15.107:3300/0,v1:172.21.15.107:6789/0] -- mon_subscribe({osdmap=0}) -- 0x7f323007b050 con 0x7f3230106610
2024-09-21T11:48:28.080 INFO:teuthology.orchestra.run.smithi107.stdout:/usr/bin/ceph: stderr
2024-09-21T11:48:27.322+0000 7f32351d3640 1 -- 172.21.15.107:0/1242766059 --> [v2:172.21.15.107:3300/0,v1:172.21.15.107:6789/0] -- mon_command({"prefix": "get_command_descriptions"} v 0) -- 0x7f323010ac10 con 0x7f3230106610
2024-09-21T11:48:28.080 INFO:teuthology.orchestra.run.smithi107.stdout:/usr/bin/ceph: stderr
2024-09-21T11:48:27.322+0000 7f3217fff640 1 -- 172.21.15.107:0/1242766059 <== mon.0 v2:172.21.15.107:3300/0 4 ==== mgrmap(e 9) ==== 51842+0+0 (secure 0 0 0) 0x7f3220042020 con 0x7f3230106610
2024-09-21T11:48:28.080 INFO:teuthology.orchestra.run.smithi107.stdout:/usr/bin/ceph: stderr
2024-09-21T11:48:27.322+0000 7f3217fff640 1 --2- 172.21.15.107:0/1242766059 >> [v2:172.21.15.107:6800/1807990149,v1:172.21.15.107:6801/1807990149] conn(0x7f321803f840 0x7f3218041d00 unknown :-1 s=NONE pgs=0 cs=0 l=1 rev1=0 crypto rx=0 tx=0 comp rx=0 tx=0).connect
2024-09-21T11:48:28.080 INFO:teuthology.orchestra.run.smithi107.stdout:/usr/bin/ceph: stderr
2024-09-21T11:48:27.322+0000 7f3217fff640 1 -- 172.21.15.107:0/1242766059 <== mon.0 v2:172.21.15.107:3300/0 5 ==== osd_map(2..2 src has 1..2) ==== 940+0+0 (secure 0 0 0) 0x7f32200748a0 con 0x7f3230106610
2024-09-21T11:48:28.080 INFO:teuthology.orchestra.run.smithi107.stdout:/usr/bin/ceph: stderr
2024-09-21T11:48:27.322+0000 7f322e59c640 1 --2- 172.21.15.107:0/1242766059 >> [v2:172.21.15.107:6800/1807990149,v1:172.21.15.107:6801/1807990149] conn(0x7f321803f840 0x7f3218041d00 unknown :-1 s=BANNER_CONNECTING pgs=0 cs=0 l=1 rev1=0 crypto rx=0 tx=0 comp rx=0 tx=0)._handle_peer_banner_payload supported=3 required=0
2024-09-21T11:48:28.080 INFO:teuthology.orchestra.run.smithi107.stdout:/usr/bin/ceph: stderr
2024-09-21T11:48:27.322+0000 7f322e59c640 1 --2- 172.21.15.107:0/1242766059 >> [v2:172.21.15.107:6800/1807990149,v1:172.21.15.107:6801/1807990149] conn(0x7f321803f840 0x7f3218041d00 secure :-1 s=READY pgs=11 cs=0 l=1 rev1=1 crypto rx=0x7f32240098c0 tx=0x7f3224006db0 comp rx=0 tx=0).ready entity=mgr.14118 client_cookie=0 server_cookie=0 in_seq=0 out_seq=0
2024-09-21T11:48:28.080 INFO:teuthology.orchestra.run.smithi107.stdout:/usr/bin/ceph: stderr
2024-09-21T11:48:27.326+0000 7f3217fff640 1 -- 172.21.15.107:0/1242766059 <== mon.0 v2:172.21.15.107:3300/0 6 ==== mon_command_ack([{"prefix": "get_command_descriptions"}]=0 v0) ==== 72+0+198400 (secure 0 0 0) 0x7f3220049020 con 0x7f3230106610
2024-09-21T11:48:28.081 INFO:teuthology.orchestra.run.smithi107.stdout:/usr/bin/ceph: stderr
2024-09-21T11:48:27.510+0000 7f32351d3640 1 -- 172.21.15.107:0/1242766059 --> [v2:172.21.15.107:6800/1807990149,v1:172.21.15.107:6801/1807990149] -- mgr_command(tid 0: {"prefix": "cephadm get-pub-key", "target": ["mon-mgr", ""]}) -- 0x7f323007b6a0 con 0x7f321803f840
2024-09-21T11:48:28.081 INFO:teuthology.orchestra.run.smithi107.stdout:/usr/bin/ceph: stderr
2024-09-21T11:48:27.510+0000 7f3217fff640 1 -- 172.21.15.107:0/1242766059 <== mgr.14118 v2:172.21.15.107:6800/1807990149 1 ==== mgr_command_reply(tid 0: 0 ) ==== 8+0+595 (secure 0 0 0) 0x7f323007b6a0 con 0x7f321803f840
2024-09-21T11:48:28.081 INFO:teuthology.orchestra.run.smithi107.stdout:/usr/bin/ceph: stderr
2024-09-21T11:48:27.513+0000 7f32351d3640 1 -- 172.21.15.107:0/1242766059 >> [v2:172.21.15.107:6800/1807990149,v1:172.21.15.107:6801/1807990149] conn(0x7f321803f840 msgr2=0x7f3218041d00 secure :-1 s=STATE_CONNECTION_ESTABLISHED l=1).mark_down
2024-09-21T11:48:28.081 INFO:teuthology.orchestra.run.smithi107.stdout:/usr/bin/ceph: stderr
2024-09-21T11:48:27.513+0000 7f32351d3640 1 --2- 172.21.15.107:0/1242766059 >> [v2:172.21.15.107:6800/1807990149,v1:172.21.15.107:6801/1807990149] conn(0x7f321803f840 0x7f3218041d00 secure :-1 s=READY pgs=11 cs=0 l=1 rev1=1 crypto rx=0x7f32240098c0 tx=0x7f3224006db0 comp rx=0 tx=0).stop
2024-09-21T11:48:28.081 INFO:teuthology.orchestra.run.smithi107.stdout:/usr/bin/ceph: stderr
2024-09-21T11:48:27.513+0000 7f32351d3640 1 -- 172.21.15.107:0/1242766059 >> [v2:172.21.15.107:3300/0,v1:172.21.15.107:6789/0] conn(0x7f3230106610 msgr2=0x7f323007c180 secure :-1 s=STATE_CONNECTION_ESTABLISHED l=1).mark_down
2024-09-21T11:48:28.081 INFO:teuthology.orchestra.run.smithi107.stdout:/usr/bin/ceph: stderr
2024-09-21T11:48:27.513+0000 7f32351d3640 1 --2- 172.21.15.107:0/1242766059 >> [v2:172.21.15.107:3300/0,v1:172.21.15.107:6789/0] conn(0x7f3230106610 0x7f323007c180 secure :-1 s=READY pgs=44 cs=0 l=1 rev1=1 crypto rx=0x7f32200090b0 tx=0x7f32200307c0 comp rx=0 tx=0).stop
2024-09-21T11:48:28.081 INFO:teuthology.orchestra.run.smithi107.stdout:/usr/bin/ceph: stderr
2024-09-21T11:48:27.513+0000 7f32351d3640 1 -- 172.21.15.107:0/1242766059 shutdown_connections
2024-09-21T11:48:28.081 INFO:teuthology.orchestra.run.smithi107.stdout:/usr/bin/ceph: stderr
2024-09-21T11:48:27.513+0000 7f32351d3640 1 --2- 172.21.15.107:0/1242766059 >> [v2:172.21.15.107:6800/1807990149,v1:172.21.15.107:6801/1807990149] conn(0x7f321803f840 0x7f3218041d00 unknown :-1 s=CLOSED pgs=11 cs=0 l=1 rev1=1 crypto rx=0 tx=0 comp rx=0 tx=0).stop
2024-09-21T11:48:28.081 INFO:teuthology.orchestra.run.smithi107.stdout:/usr/bin/ceph: stderr
2024-09-21T11:48:27.513+0000 7f32351d3640 1 --2- 172.21.15.107:0/1242766059 >> [v2:172.21.15.107:3300/0,v1:172.21.15.107:6789/0] conn(0x7f3230106610 0x7f323007c180 unknown :-1 s=CLOSED pgs=44 cs=0 l=1 rev1=1 crypto rx=0 tx=0 comp rx=0 tx=0).stop
2024-09-21T11:48:28.081 INFO:teuthology.orchestra.run.smithi107.stdout:/usr/bin/ceph: stderr
2024-09-21T11:48:27.513+0000 7f32351d3640 1 -- 172.21.15.107:0/1242766059 >> 172.21.15.107:0/1242766059 conn(0x7f3230101f00 msgr2=0x7f3230102ad0 unknown :-1 s=STATE_NONE l=0).mark_down
2024-09-21T11:48:28.081 INFO:teuthology.orchestra.run.smithi107.stdout:/usr/bin/ceph: stderr
2024-09-21T11:48:27.513+0000 7f32351d3640 1 -- 172.21.15.107:0/1242766059 shutdown_connections
2024-09-21T11:48:28.081 INFO:teuthology.orchestra.run.smithi107.stdout:/usr/bin/ceph: stderr
2024-09-21T11:48:27.513+0000 7f32351d3640 1 -- 172.21.15.107:0/1242766059 wait complete.
2024-09-21T11:48:28.081 INFO:teuthology.orchestra.run.smithi107.stdout:Wrote public SSH key to /home/ubuntu/cephtest/ceph.pub
2024-09-21T11:48:28.081 INFO:teuthology.orchestra.run.smithi107.stdout:Adding key to root@localhost authorized_keys...
2024-09-21T11:48:28.082 INFO:teuthology.orchestra.run.smithi107.stdout:Adding host smithi107...
2024-09-21T11:48:28.678 INFO:journalctl@ceph.mon.a.smithi107.stdout:Sep 21 11:48:28 smithi107 ceph-mon[30293]: from='client.14138 -' entity='client.admin' cmd=[{"prefix": "cephadm get-pub-key", "target": ["mon-mgr", ""]}]: dispatch
2024-09-21T11:48:29.503 INFO:journalctl@ceph.mon.a.smithi107.stdout:Sep 21 11:48:29 smithi107 ceph-mon[30293]: from='client.14140 -' entity='client.admin' cmd=[{"prefix": "orch host add", "hostname": "smithi107", "addr": "172.21.15.107", "target": ["mon-mgr", ""]}]: dispatch
2024-09-21T11:48:30.753 INFO:journalctl@ceph.mon.a.smithi107.stdout:Sep 21 11:48:30 smithi107 ceph-mon[30293]: Deploying cephadm binary to smithi107
2024-09-21T11:48:32.293 INFO:teuthology.orchestra.run.smithi107.stdout:/usr/bin/ceph: stdout Added host 'smithi107' with addr '172.21.15.107'
2024-09-21T11:48:32.293 INFO:teuthology.orchestra.run.smithi107.stdout:/usr/bin/ceph: stderr
2024-09-21T11:48:28.487+0000 7f29e405d640 1 Processor -- start
2024-09-21T11:48:32.293 INFO:teuthology.orchestra.run.smithi107.stdout:/usr/bin/ceph: stderr
2024-09-21T11:48:28.487+0000 7f29e405d640 1 -- start start
2024-09-21T11:48:32.293 INFO:teuthology.orchestra.run.smithi107.stdout:/usr/bin/ceph: stderr
2024-09-21T11:48:28.487+0000 7f29e405d640 1 --2- >> [v2:172.21.15.107:3300/0,v1:172.21.15.107:6789/0] conn(0x7f29dc07c510 0x7f29dc07ab70 unknown :-1 s=NONE pgs=0 cs=0 l=0 rev1=0 crypto rx=0 tx=0 comp rx=0 tx=0).connect
2024-09-21T11:48:32.293 INFO:teuthology.orchestra.run.smithi107.stdout:/usr/bin/ceph: stderr
2024-09-21T11:48:28.487+0000 7f29e405d640 1 -- --> [v2:172.21.15.107:3300/0,v1:172.21.15.107:6789/0] -- mon_getmap magic: 0 -- 0x7f29dc07b0b0 con 0x7f29dc07c510
2024-09-21T11:48:32.294 INFO:teuthology.orchestra.run.smithi107.stdout:/usr/bin/ceph: stderr
2024-09-21T11:48:28.487+0000 7f29e1df9640 1 --2- >> [v2:172.21.15.107:3300/0,v1:172.21.15.107:6789/0] conn(0x7f29dc07c510 0x7f29dc07ab70 unknown :-1 s=BANNER_CONNECTING pgs=0 cs=0 l=0 rev1=0 crypto rx=0 tx=0 comp rx=0 tx=0)._handle_peer_banner_payload supported=3 required=0
2024-09-21T11:48:32.294 INFO:teuthology.orchestra.run.smithi107.stdout:/usr/bin/ceph: stderr
2024-09-21T11:48:28.487+0000 7f29e1df9640 1 --2- >> [v2:172.21.15.107:3300/0,v1:172.21.15.107:6789/0] conn(0x7f29dc07c510 0x7f29dc07ab70 unknown :-1 s=HELLO_CONNECTING pgs=0 cs=0 l=0 rev1=1 crypto rx=0 tx=0 comp rx=0 tx=0).handle_hello peer v2:172.21.15.107:3300/0 says I am v2:172.21.15.107:60372/0 (socket says 172.21.15.107:60372)
2024-09-21T11:48:32.294 INFO:teuthology.orchestra.run.smithi107.stdout:/usr/bin/ceph: stderr
2024-09-21T11:48:28.487+0000 7f29e1df9640 1 -- 172.21.15.107:0/3431436408 learned_addr learned my addr 172.21.15.107:0/3431436408 (peer_addr_for_me v2:172.21.15.107:0/0)
2024-09-21T11:48:32.294 INFO:teuthology.orchestra.run.smithi107.stdout:/usr/bin/ceph: stderr
2024-09-21T11:48:28.487+0000 7f29e1df9640 1 -- 172.21.15.107:0/3431436408 --> [v2:172.21.15.107:3300/0,v1:172.21.15.107:6789/0] -- mon_subscribe({config=0+,monmap=0+}) -- 0x7f29dc07b230 con 0x7f29dc07c510
2024-09-21T11:48:32.294 INFO:teuthology.orchestra.run.smithi107.stdout:/usr/bin/ceph: stderr
2024-09-21T11:48:28.488+0000 7f29e1df9640 1 --2- 172.21.15.107:0/3431436408 >> [v2:172.21.15.107:3300/0,v1:172.21.15.107:6789/0] conn(0x7f29dc07c510 0x7f29dc07ab70 secure :-1 s=READY pgs=45 cs=0 l=1 rev1=1 crypto rx=0x7f29d8009820 tx=0x7f29d802a270 comp rx=0 tx=0).ready entity=mon.0 client_cookie=9a001ec913cc2a9c server_cookie=0 in_seq=0 out_seq=0
2024-09-21T11:48:32.294 INFO:teuthology.orchestra.run.smithi107.stdout:/usr/bin/ceph: stderr
2024-09-21T11:48:28.488+0000 7f29e0df7640 1 -- 172.21.15.107:0/3431436408 <== mon.0 v2:172.21.15.107:3300/0 1 ==== mon_map magic: 0 ==== 205+0+0 (secure 0 0 0) 0x7f29d8037070 con 0x7f29dc07c510
2024-09-21T11:48:32.294 INFO:teuthology.orchestra.run.smithi107.stdout:/usr/bin/ceph: stderr
2024-09-21T11:48:28.488+0000 7f29e0df7640 1 -- 172.21.15.107:0/3431436408 <== mon.0 v2:172.21.15.107:3300/0 2 ==== config(23 keys) ==== 972+0+0 (secure 0 0 0) 0x7f29d8032870 con 0x7f29dc07c510
2024-09-21T11:48:32.294 INFO:teuthology.orchestra.run.smithi107.stdout:/usr/bin/ceph: stderr
2024-09-21T11:48:28.488+0000 7f29e0df7640 1 -- 172.21.15.107:0/3431436408 <== mon.0 v2:172.21.15.107:3300/0 3 ==== mon_map magic: 0 ==== 205+0+0 (secure 0 0 0) 0x7f29d80305d0 con 0x7f29dc07c510
2024-09-21T11:48:32.294 INFO:teuthology.orchestra.run.smithi107.stdout:/usr/bin/ceph: stderr
2024-09-21T11:48:28.489+0000 7f29e405d640 1 -- 172.21.15.107:0/3431436408 >> [v2:172.21.15.107:3300/0,v1:172.21.15.107:6789/0] conn(0x7f29dc07c510 msgr2=0x7f29dc07ab70 secure :-1 s=STATE_CONNECTION_ESTABLISHED l=1).mark_down
2024-09-21T11:48:32.294 INFO:teuthology.orchestra.run.smithi107.stdout:/usr/bin/ceph: stderr
2024-09-21T11:48:28.489+0000 7f29e405d640 1 --2- 172.21.15.107:0/3431436408 >> [v2:172.21.15.107:3300/0,v1:172.21.15.107:6789/0] conn(0x7f29dc07c510 0x7f29dc07ab70 secure :-1 s=READY pgs=45 cs=0 l=1 rev1=1 crypto rx=0x7f29d8009820 tx=0x7f29d802a270 comp rx=0 tx=0).stop
2024-09-21T11:48:32.294 INFO:teuthology.orchestra.run.smithi107.stdout:/usr/bin/ceph: stderr
2024-09-21T11:48:28.489+0000 7f29e405d640 1 -- 172.21.15.107:0/3431436408 shutdown_connections
2024-09-21T11:48:32.294 INFO:teuthology.orchestra.run.smithi107.stdout:/usr/bin/ceph: stderr
2024-09-21T11:48:28.489+0000 7f29e405d640 1 --2- 172.21.15.107:0/3431436408 >> [v2:172.21.15.107:3300/0,v1:172.21.15.107:6789/0] conn(0x7f29dc07c510 0x7f29dc07ab70 unknown :-1 s=CLOSED pgs=45 cs=0 l=1 rev1=1 crypto rx=0 tx=0 comp rx=0 tx=0).stop
2024-09-21T11:48:32.295 INFO:teuthology.orchestra.run.smithi107.stdout:/usr/bin/ceph: stderr
2024-09-21T11:48:28.489+0000 7f29e405d640 1 -- 172.21.15.107:0/3431436408 >> 172.21.15.107:0/3431436408 conn(0x7f29dc101f00 msgr2=0x7f29dc104320 unknown :-1 s=STATE_NONE l=0).mark_down
2024-09-21T11:48:32.295 INFO:teuthology.orchestra.run.smithi107.stdout:/usr/bin/ceph: stderr
2024-09-21T11:48:28.489+0000 7f29e405d640 1 -- 172.21.15.107:0/3431436408 shutdown_connections
2024-09-21T11:48:32.295 INFO:teuthology.orchestra.run.smithi107.stdout:/usr/bin/ceph: stderr
2024-09-21T11:48:28.489+0000 7f29e405d640 1 -- 172.21.15.107:0/3431436408 wait complete.
2024-09-21T11:48:32.295 INFO:teuthology.orchestra.run.smithi107.stdout:/usr/bin/ceph: stderr
2024-09-21T11:48:28.490+0000 7f29e405d640 1 Processor -- start
2024-09-21T11:48:32.295 INFO:teuthology.orchestra.run.smithi107.stdout:/usr/bin/ceph: stderr
2024-09-21T11:48:28.490+0000 7f29e405d640 1 -- start start
2024-09-21T11:48:32.295 INFO:teuthology.orchestra.run.smithi107.stdout:/usr/bin/ceph: stderr
2024-09-21T11:48:28.490+0000 7f29e405d640 1 --2- >> [v2:172.21.15.107:3300/0,v1:172.21.15.107:6789/0] conn(0x7f29dc07c510 0x7f29dc1a0ca0 unknown :-1 s=NONE pgs=0 cs=0 l=1 rev1=0 crypto rx=0 tx=0 comp rx=0 tx=0).connect
2024-09-21T11:48:32.295 INFO:teuthology.orchestra.run.smithi107.stdout:/usr/bin/ceph: stderr
2024-09-21T11:48:28.490+0000 7f29e405d640 1 -- --> [v2:172.21.15.107:3300/0,v1:172.21.15.107:6789/0] -- mon_getmap magic: 0 -- 0x7f29dc108760 con 0x7f29dc07c510
2024-09-21T11:48:32.295 INFO:teuthology.orchestra.run.smithi107.stdout:/usr/bin/ceph: stderr
2024-09-21T11:48:28.490+0000 7f29e1df9640 1 --2- >> [v2:172.21.15.107:3300/0,v1:172.21.15.107:6789/0] conn(0x7f29dc07c510 0x7f29dc1a0ca0 unknown :-1 s=BANNER_CONNECTING pgs=0 cs=0 l=1 rev1=0 crypto rx=0 tx=0 comp rx=0 tx=0)._handle_peer_banner_payload supported=3 required=0
2024-09-21T11:48:32.295 INFO:teuthology.orchestra.run.smithi107.stdout:/usr/bin/ceph: stderr
2024-09-21T11:48:28.490+0000 7f29e1df9640 1 --2- >> [v2:172.21.15.107:3300/0,v1:172.21.15.107:6789/0] conn(0x7f29dc07c510 0x7f29dc1a0ca0 unknown :-1 s=HELLO_CONNECTING pgs=0 cs=0 l=1 rev1=1 crypto rx=0 tx=0 comp rx=0 tx=0).handle_hello peer v2:172.21.15.107:3300/0 says I am v2:172.21.15.107:60380/0 (socket says 172.21.15.107:60380)
2024-09-21T11:48:32.295 INFO:teuthology.orchestra.run.smithi107.stdout:/usr/bin/ceph: stderr
2024-09-21T11:48:28.490+0000 7f29e1df9640 1 -- 172.21.15.107:0/2988849554 learned_addr learned my addr 172.21.15.107:0/2988849554 (peer_addr_for_me v2:172.21.15.107:0/0)
2024-09-21T11:48:32.295 INFO:teuthology.orchestra.run.smithi107.stdout:/usr/bin/ceph: stderr
2024-09-21T11:48:28.490+0000 7f29e1df9640 1 -- 172.21.15.107:0/2988849554 --> [v2:172.21.15.107:3300/0,v1:172.21.15.107:6789/0] -- mon_subscribe({config=0+,monmap=0+}) -- 0x7f29dc1a1200 con 0x7f29dc07c510
2024-09-21T11:48:32.295 INFO:teuthology.orchestra.run.smithi107.stdout:/usr/bin/ceph: stderr
2024-09-21T11:48:28.490+0000 7f29e1df9640 1 --2- 172.21.15.107:0/2988849554 >> [v2:172.21.15.107:3300/0,v1:172.21.15.107:6789/0] conn(0x7f29dc07c510 0x7f29dc1a0ca0 secure :-1 s=READY pgs=46 cs=0 l=1 rev1=1 crypto rx=0x7f29d80090b0 tx=0x7f29d80307c0 comp rx=0 tx=0).ready entity=mon.0 client_cookie=0 server_cookie=0 in_seq=0 out_seq=0
2024-09-21T11:48:32.295 INFO:teuthology.orchestra.run.smithi107.stdout:/usr/bin/ceph: stderr
2024-09-21T11:48:28.490+0000 7f29d2ffd640 1 -- 172.21.15.107:0/2988849554 <== mon.0 v2:172.21.15.107:3300/0 1 ==== mon_map magic: 0 ==== 205+0+0 (secure 0 0 0) 0x7f29d803f020 con 0x7f29dc07c510
2024-09-21T11:48:32.295 INFO:teuthology.orchestra.run.smithi107.stdout:/usr/bin/ceph: stderr
2024-09-21T11:48:28.490+0000 7f29d2ffd640 1 -- 172.21.15.107:0/2988849554 <== mon.0 v2:172.21.15.107:3300/0 2 ==== config(23 keys) ==== 972+0+0 (secure 0 0 0) 0x7f29d8030e20 con 0x7f29dc07c510
2024-09-21T11:48:32.295 INFO:teuthology.orchestra.run.smithi107.stdout:/usr/bin/ceph: stderr
2024-09-21T11:48:28.490+0000 7f29d2ffd640 1 -- 172.21.15.107:0/2988849554 <== mon.0 v2:172.21.15.107:3300/0 3 ==== mon_map magic: 0 ==== 205+0+0 (secure 0 0 0) 0x7f29d8037040 con 0x7f29dc07c510
2024-09-21T11:48:32.296 INFO:teuthology.orchestra.run.smithi107.stdout:/usr/bin/ceph: stderr
2024-09-21T11:48:28.490+0000 7f29e405d640 1 -- 172.21.15.107:0/2988849554 --> [v2:172.21.15.107:3300/0,v1:172.21.15.107:6789/0] -- mon_subscribe({mgrmap=0+}) -- 0x7f29dc1a1490 con 0x7f29dc07c510
2024-09-21T11:48:32.296 INFO:teuthology.orchestra.run.smithi107.stdout:/usr/bin/ceph: stderr
2024-09-21T11:48:28.490+0000 7f29e405d640 1 -- 172.21.15.107:0/2988849554 --> [v2:172.21.15.107:3300/0,v1:172.21.15.107:6789/0] -- mon_subscribe({osdmap=0}) -- 0x7f29dc1a1e50 con 0x7f29dc07c510
2024-09-21T11:48:32.296 INFO:teuthology.orchestra.run.smithi107.stdout:/usr/bin/ceph: stderr
2024-09-21T11:48:28.491+0000 7f29d2ffd640 1 -- 172.21.15.107:0/2988849554 <== mon.0 v2:172.21.15.107:3300/0 4 ==== mgrmap(e 9) ==== 51842+0+0 (secure 0 0 0) 0x7f29d8042020 con 0x7f29dc07c510
2024-09-21T11:48:32.296 INFO:teuthology.orchestra.run.smithi107.stdout:/usr/bin/ceph: stderr
2024-09-21T11:48:28.491+0000 7f29e405d640 1 -- 172.21.15.107:0/2988849554 --> [v2:172.21.15.107:3300/0,v1:172.21.15.107:6789/0] -- mon_command({"prefix": "get_command_descriptions"} v 0) -- 0x7f29dc07abf0 con 0x7f29dc07c510
2024-09-21T11:48:32.296 INFO:teuthology.orchestra.run.smithi107.stdout:/usr/bin/ceph: stderr
2024-09-21T11:48:28.491+0000 7f29d2ffd640 1 --2- 172.21.15.107:0/2988849554 >> [v2:172.21.15.107:6800/1807990149,v1:172.21.15.107:6801/1807990149] conn(0x7f29c803f7f0 0x7f29c8041cb0 unknown :-1 s=NONE pgs=0 cs=0 l=1 rev1=0 crypto rx=0 tx=0 comp rx=0 tx=0).connect
2024-09-21T11:48:32.296 INFO:teuthology.orchestra.run.smithi107.stdout:/usr/bin/ceph: stderr
2024-09-21T11:48:28.492+0000 7f29d2ffd640 1 -- 172.21.15.107:0/2988849554 <== mon.0 v2:172.21.15.107:3300/0 5 ==== osd_map(2..2 src has 1..2) ==== 940+0+0 (secure 0 0 0) 0x7f29d8074790 con 0x7f29dc07c510
2024-09-21T11:48:32.296 INFO:teuthology.orchestra.run.smithi107.stdout:/usr/bin/ceph: stderr
2024-09-21T11:48:28.492+0000 7f29e15f8640 1 --2- 172.21.15.107:0/2988849554 >> [v2:172.21.15.107:6800/1807990149,v1:172.21.15.107:6801/1807990149] conn(0x7f29c803f7f0 0x7f29c8041cb0 unknown :-1 s=BANNER_CONNECTING pgs=0 cs=0 l=1 rev1=0 crypto rx=0 tx=0 comp rx=0 tx=0)._handle_peer_banner_payload supported=3 required=0
2024-09-21T11:48:32.296 INFO:teuthology.orchestra.run.smithi107.stdout:/usr/bin/ceph: stderr
2024-09-21T11:48:28.492+0000 7f29e15f8640 1 --2- 172.21.15.107:0/2988849554 >> [v2:172.21.15.107:6800/1807990149,v1:172.21.15.107:6801/1807990149] conn(0x7f29c803f7f0 0x7f29c8041cb0 secure :-1 s=READY pgs=12 cs=0 l=1 rev1=1 crypto rx=0x7f29cc0098c0 tx=0x7f29cc006db0 comp rx=0 tx=0).ready entity=mgr.14118 client_cookie=0 server_cookie=0 in_seq=0 out_seq=0
2024-09-21T11:48:32.296 INFO:teuthology.orchestra.run.smithi107.stdout:/usr/bin/ceph: stderr
2024-09-21T11:48:28.496+0000 7f29d2ffd640 1 -- 172.21.15.107:0/2988849554 <== mon.0 v2:172.21.15.107:3300/0 6 ==== mon_command_ack([{"prefix": "get_command_descriptions"}]=0 v0) ==== 72+0+198400 (secure 0 0 0) 0x7f29d8049020 con 0x7f29dc07c510
2024-09-21T11:48:32.296 INFO:teuthology.orchestra.run.smithi107.stdout:/usr/bin/ceph: stderr
2024-09-21T11:48:28.676+0000 7f29e405d640 1 -- 172.21.15.107:0/2988849554 --> [v2:172.21.15.107:6800/1807990149,v1:172.21.15.107:6801/1807990149] -- mgr_command(tid 0: {"prefix": "orch host add", "hostname": "smithi107", "addr": "172.21.15.107", "target": ["mon-mgr", ""]}) -- 0x7f29dc1a2170 con 0x7f29c803f7f0
2024-09-21T11:48:32.296 INFO:teuthology.orchestra.run.smithi107.stdout:/usr/bin/ceph: stderr
2024-09-21T11:48:31.741+0000 7f29d2ffd640 1 -- 172.21.15.107:0/2988849554 <== mgr.14118 v2:172.21.15.107:6800/1807990149 1 ==== mgr_command_reply(tid 0: 0 ) ==== 8+0+49 (secure 0 0 0) 0x7f29dc1a2170 con 0x7f29c803f7f0
2024-09-21T11:48:32.296 INFO:teuthology.orchestra.run.smithi107.stdout:/usr/bin/ceph: stderr
2024-09-21T11:48:31.743+0000 7f29e405d640 1 -- 172.21.15.107:0/2988849554 >> [v2:172.21.15.107:6800/1807990149,v1:172.21.15.107:6801/1807990149] conn(0x7f29c803f7f0 msgr2=0x7f29c8041cb0 secure :-1 s=STATE_CONNECTION_ESTABLISHED l=1).mark_down
2024-09-21T11:48:32.296 INFO:teuthology.orchestra.run.smithi107.stdout:/usr/bin/ceph: stderr
2024-09-21T11:48:31.743+0000 7f29e405d640 1 --2- 172.21.15.107:0/2988849554 >> [v2:172.21.15.107:6800/1807990149,v1:172.21.15.107:6801/1807990149] conn(0x7f29c803f7f0 0x7f29c8041cb0 secure :-1 s=READY pgs=12 cs=0 l=1 rev1=1 crypto rx=0x7f29cc0098c0 tx=0x7f29cc006db0 comp rx=0 tx=0).stop
2024-09-21T11:48:32.297 INFO:teuthology.orchestra.run.smithi107.stdout:/usr/bin/ceph: stderr
2024-09-21T11:48:31.743+0000 7f29e405d640 1 -- 172.21.15.107:0/2988849554 >> [v2:172.21.15.107:3300/0,v1:172.21.15.107:6789/0] conn(0x7f29dc07c510 msgr2=0x7f29dc1a0ca0 secure :-1 s=STATE_CONNECTION_ESTABLISHED l=1).mark_down
2024-09-21T11:48:32.297 INFO:teuthology.orchestra.run.smithi107.stdout:/usr/bin/ceph: stderr
2024-09-21T11:48:31.743+0000 7f29e405d640 1 --2- 172.21.15.107:0/2988849554 >> [v2:172.21.15.107:3300/0,v1:172.21.15.107:6789/0] conn(0x7f29dc07c510 0x7f29dc1a0ca0 secure :-1 s=READY pgs=46 cs=0 l=1 rev1=1 crypto rx=0x7f29d80090b0 tx=0x7f29d80307c0 comp rx=0 tx=0).stop
2024-09-21T11:48:32.297 INFO:teuthology.orchestra.run.smithi107.stdout:/usr/bin/ceph: stderr
2024-09-21T11:48:31.743+0000 7f29e405d640 1 -- 172.21.15.107:0/2988849554 shutdown_connections
2024-09-21T11:48:32.297 INFO:teuthology.orchestra.run.smithi107.stdout:/usr/bin/ceph: stderr
2024-09-21T11:48:31.743+0000 7f29e405d640 1 --2- 172.21.15.107:0/2988849554 >> [v2:172.21.15.107:6800/1807990149,v1:172.21.15.107:6801/1807990149] conn(0x7f29c803f7f0 0x7f29c8041cb0 unknown :-1 s=CLOSED pgs=12 cs=0 l=1 rev1=1 crypto rx=0 tx=0 comp rx=0 tx=0).stop
2024-09-21T11:48:32.297 INFO:teuthology.orchestra.run.smithi107.stdout:/usr/bin/ceph: stderr
2024-09-21T11:48:31.743+0000 7f29e405d640 1 --2- 172.21.15.107:0/2988849554 >> [v2:172.21.15.107:3300/0,v1:172.21.15.107:6789/0] conn(0x7f29dc07c510 0x7f29dc1a0ca0 unknown :-1 s=CLOSED pgs=46 cs=0 l=1 rev1=1 crypto rx=0 tx=0 comp rx=0 tx=0).stop
2024-09-21T11:48:32.297 INFO:teuthology.orchestra.run.smithi107.stdout:/usr/bin/ceph: stderr
2024-09-21T11:48:31.744+0000 7f29e405d640 1 -- 172.21.15.107:0/2988849554 >> 172.21.15.107:0/2988849554 conn(0x7f29dc101f00 msgr2=0x7f29dc1042f0 unknown :-1 s=STATE_NONE l=0).mark_down
2024-09-21T11:48:32.297 INFO:teuthology.orchestra.run.smithi107.stdout:/usr/bin/ceph: stderr
2024-09-21T11:48:31.744+0000 7f29e405d640 1 -- 172.21.15.107:0/2988849554 shutdown_connections
2024-09-21T11:48:32.297 INFO:teuthology.orchestra.run.smithi107.stdout:/usr/bin/ceph: stderr
2024-09-21T11:48:31.744+0000 7f29e405d640 1 -- 172.21.15.107:0/2988849554 wait complete.
2024-09-21T11:48:32.297 INFO:teuthology.orchestra.run.smithi107.stdout:Deploying unmanaged mon service...
2024-09-21T11:48:33.003 INFO:journalctl@ceph.mon.a.smithi107.stdout:Sep 21 11:48:32 smithi107 ceph-mon[30293]: from='mgr.14118 172.21.15.107:0/2556961702' entity='mgr.y'
2024-09-21T11:48:33.004 INFO:journalctl@ceph.mon.a.smithi107.stdout:Sep 21 11:48:32 smithi107 ceph-mon[30293]: Added host smithi107
2024-09-21T11:48:33.004 INFO:journalctl@ceph.mon.a.smithi107.stdout:Sep 21 11:48:32 smithi107 ceph-mon[30293]: from='mgr.14118 172.21.15.107:0/2556961702' entity='mgr.y' cmd={"prefix": "config dump", "format": "json"} : dispatch
2024-09-21T11:48:33.819 INFO:teuthology.orchestra.run.smithi107.stdout:/usr/bin/ceph: stdout Scheduled mon update...
2024-09-21T11:48:33.819 INFO:teuthology.orchestra.run.smithi107.stdout:/usr/bin/ceph: stderr
2024-09-21T11:48:32.728+0000 7fdf3c0f3640 1 Processor -- start
2024-09-21T11:48:33.819 INFO:teuthology.orchestra.run.smithi107.stdout:/usr/bin/ceph: stderr
2024-09-21T11:48:32.728+0000 7fdf3c0f3640 1 -- start start
2024-09-21T11:48:33.819 INFO:teuthology.orchestra.run.smithi107.stdout:/usr/bin/ceph: stderr
2024-09-21T11:48:32.729+0000 7fdf3c0f3640 1 --2- >> [v2:172.21.15.107:3300/0,v1:172.21.15.107:6789/0] conn(0x7fdf34079b60 0x7fdf341091e0 unknown :-1 s=NONE pgs=0 cs=0 l=0 rev1=0 crypto rx=0 tx=0 comp rx=0 tx=0).connect
2024-09-21T11:48:33.819 INFO:teuthology.orchestra.run.smithi107.stdout:/usr/bin/ceph: stderr
2024-09-21T11:48:32.729+0000 7fdf3c0f3640 1 -- --> [v2:172.21.15.107:3300/0,v1:172.21.15.107:6789/0] -- mon_getmap magic: 0 -- 0x7fdf34109720 con 0x7fdf34079b60
2024-09-21T11:48:33.819 INFO:teuthology.orchestra.run.smithi107.stdout:/usr/bin/ceph: stderr
2024-09-21T11:48:32.729+0000 7fdf39e8f640 1 --2- >> [v2:172.21.15.107:3300/0,v1:172.21.15.107:6789/0] conn(0x7fdf34079b60 0x7fdf341091e0 unknown :-1 s=BANNER_CONNECTING pgs=0 cs=0 l=0 rev1=0 crypto rx=0 tx=0 comp rx=0 tx=0)._handle_peer_banner_payload supported=3 required=0
2024-09-21T11:48:33.819 INFO:teuthology.orchestra.run.smithi107.stdout:/usr/bin/ceph: stderr
2024-09-21T11:48:32.729+0000 7fdf39e8f640 1 --2- >> [v2:172.21.15.107:3300/0,v1:172.21.15.107:6789/0] conn(0x7fdf34079b60 0x7fdf341091e0 unknown :-1 s=HELLO_CONNECTING pgs=0 cs=0 l=0 rev1=1 crypto rx=0 tx=0 comp rx=0 tx=0).handle_hello peer v2:172.21.15.107:3300/0 says I am v2:172.21.15.107:60382/0 (socket says 172.21.15.107:60382)
2024-09-21T11:48:33.819 INFO:teuthology.orchestra.run.smithi107.stdout:/usr/bin/ceph: stderr
2024-09-21T11:48:32.729+0000 7fdf39e8f640 1 -- 172.21.15.107:0/583521325 learned_addr learned my addr 172.21.15.107:0/583521325 (peer_addr_for_me v2:172.21.15.107:0/0)
2024-09-21T11:48:33.819 INFO:teuthology.orchestra.run.smithi107.stdout:/usr/bin/ceph: stderr
2024-09-21T11:48:32.729+0000 7fdf39e8f640 1 -- 172.21.15.107:0/583521325 --> [v2:172.21.15.107:3300/0,v1:172.21.15.107:6789/0] -- mon_subscribe({config=0+,monmap=0+}) -- 0x7fdf341098a0 con 0x7fdf34079b60
2024-09-21T11:48:33.819 INFO:teuthology.orchestra.run.smithi107.stdout:/usr/bin/ceph: stderr
2024-09-21T11:48:32.730+0000 7fdf39e8f640 1 --2- 172.21.15.107:0/583521325 >> [v2:172.21.15.107:3300/0,v1:172.21.15.107:6789/0] conn(0x7fdf34079b60 0x7fdf341091e0 secure :-1 s=READY pgs=47 cs=0 l=1 rev1=1 crypto rx=0x7fdf30009820 tx=0x7fdf3002a270 comp rx=0 tx=0).ready entity=mon.0 client_cookie=ccd1d93c16d5e1ed server_cookie=0 in_seq=0 out_seq=0
2024-09-21T11:48:33.820 INFO:teuthology.orchestra.run.smithi107.stdout:/usr/bin/ceph: stderr
2024-09-21T11:48:32.730+0000 7fdf38e8d640 1 -- 172.21.15.107:0/583521325 <== mon.0 v2:172.21.15.107:3300/0 1 ==== mon_map magic: 0 ==== 205+0+0 (secure 0 0 0) 0x7fdf30037070 con 0x7fdf34079b60
2024-09-21T11:48:33.820 INFO:teuthology.orchestra.run.smithi107.stdout:/usr/bin/ceph: stderr
2024-09-21T11:48:32.730+0000 7fdf38e8d640 1 -- 172.21.15.107:0/583521325 <== mon.0 v2:172.21.15.107:3300/0 2 ==== config(23 keys) ==== 972+0+0 (secure 0 0 0) 0x7fdf30032870 con 0x7fdf34079b60
2024-09-21T11:48:33.820 INFO:teuthology.orchestra.run.smithi107.stdout:/usr/bin/ceph: stderr
2024-09-21T11:48:32.730+0000 7fdf38e8d640 1 -- 172.21.15.107:0/583521325 <== mon.0 v2:172.21.15.107:3300/0 3 ==== mon_map magic: 0 ==== 205+0+0 (secure 0 0 0) 0x7fdf300305d0 con 0x7fdf34079b60
2024-09-21T11:48:33.820 INFO:teuthology.orchestra.run.smithi107.stdout:/usr/bin/ceph: stderr
2024-09-21T11:48:32.731+0000 7fdf3c0f3640 1 -- 172.21.15.107:0/583521325 >> [v2:172.21.15.107:3300/0,v1:172.21.15.107:6789/0] conn(0x7fdf34079b60 msgr2=0x7fdf341091e0 secure :-1 s=STATE_CONNECTION_ESTABLISHED l=1).mark_down
2024-09-21T11:48:33.820 INFO:teuthology.orchestra.run.smithi107.stdout:/usr/bin/ceph: stderr
2024-09-21T11:48:32.731+0000 7fdf3c0f3640 1 --2- 172.21.15.107:0/583521325 >> [v2:172.21.15.107:3300/0,v1:172.21.15.107:6789/0] conn(0x7fdf34079b60 0x7fdf341091e0 secure :-1 s=READY pgs=47 cs=0 l=1 rev1=1 crypto rx=0x7fdf30009820 tx=0x7fdf3002a270 comp rx=0 tx=0).stop
2024-09-21T11:48:33.820 INFO:teuthology.orchestra.run.smithi107.stdout:/usr/bin/ceph: stderr
2024-09-21T11:48:32.731+0000 7fdf3c0f3640 1 -- 172.21.15.107:0/583521325 shutdown_connections
2024-09-21T11:48:33.820 INFO:teuthology.orchestra.run.smithi107.stdout:/usr/bin/ceph: stderr
2024-09-21T11:48:32.731+0000 7fdf3c0f3640 1 --2- 172.21.15.107:0/583521325 >> [v2:172.21.15.107:3300/0,v1:172.21.15.107:6789/0] conn(0x7fdf34079b60 0x7fdf341091e0 unknown :-1 s=CLOSED pgs=47 cs=0 l=1 rev1=1 crypto rx=0 tx=0 comp rx=0 tx=0).stop
2024-09-21T11:48:33.820 INFO:teuthology.orchestra.run.smithi107.stdout:/usr/bin/ceph: stderr
2024-09-21T11:48:32.731+0000 7fdf3c0f3640 1 -- 172.21.15.107:0/583521325 >> 172.21.15.107:0/583521325 conn(0x7fdf34100df0 msgr2=0x7fdf34103210 unknown :-1 s=STATE_NONE l=0).mark_down
2024-09-21T11:48:33.820 INFO:teuthology.orchestra.run.smithi107.stdout:/usr/bin/ceph: stderr
2024-09-21T11:48:32.731+0000 7fdf3c0f3640 1 -- 172.21.15.107:0/583521325 shutdown_connections
2024-09-21T11:48:33.820 INFO:teuthology.orchestra.run.smithi107.stdout:/usr/bin/ceph: stderr
2024-09-21T11:48:32.731+0000 7fdf3c0f3640 1 -- 172.21.15.107:0/583521325 wait complete.
2024-09-21T11:48:33.820 INFO:teuthology.orchestra.run.smithi107.stdout:/usr/bin/ceph: stderr
2024-09-21T11:48:32.731+0000 7fdf3c0f3640 1 Processor -- start
2024-09-21T11:48:33.820 INFO:teuthology.orchestra.run.smithi107.stdout:/usr/bin/ceph: stderr
2024-09-21T11:48:32.731+0000 7fdf3c0f3640 1 -- start start
2024-09-21T11:48:33.820 INFO:teuthology.orchestra.run.smithi107.stdout:/usr/bin/ceph: stderr
2024-09-21T11:48:32.732+0000 7fdf3c0f3640 1 --2- >> [v2:172.21.15.107:3300/0,v1:172.21.15.107:6789/0] conn(0x7fdf34079b60 0x7fdf3419a620 unknown :-1 s=NONE pgs=0 cs=0 l=1 rev1=0 crypto rx=0 tx=0 comp rx=0 tx=0).connect
2024-09-21T11:48:33.820 INFO:teuthology.orchestra.run.smithi107.stdout:/usr/bin/ceph: stderr
2024-09-21T11:48:32.732+0000 7fdf3c0f3640 1 -- --> [v2:172.21.15.107:3300/0,v1:172.21.15.107:6789/0] -- mon_getmap magic: 0 -- 0x7fdf3410a840 con 0x7fdf34079b60
2024-09-21T11:48:33.821 INFO:teuthology.orchestra.run.smithi107.stdout:/usr/bin/ceph: stderr
2024-09-21T11:48:32.732+0000 7fdf39e8f640 1 --2- >> [v2:172.21.15.107:3300/0,v1:172.21.15.107:6789/0] conn(0x7fdf34079b60 0x7fdf3419a620 unknown :-1 s=BANNER_CONNECTING pgs=0 cs=0 l=1 rev1=0 crypto rx=0 tx=0 comp rx=0 tx=0)._handle_peer_banner_payload supported=3 required=0
2024-09-21T11:48:33.821 INFO:teuthology.orchestra.run.smithi107.stdout:/usr/bin/ceph: stderr
2024-09-21T11:48:32.732+0000 7fdf39e8f640 1 --2- >> [v2:172.21.15.107:3300/0,v1:172.21.15.107:6789/0] conn(0x7fdf34079b60 0x7fdf3419a620 unknown :-1 s=HELLO_CONNECTING pgs=0 cs=0 l=1 rev1=1 crypto rx=0 tx=0 comp rx=0 tx=0).handle_hello peer v2:172.21.15.107:3300/0 says I am v2:172.21.15.107:60396/0 (socket says 172.21.15.107:60396)
2024-09-21T11:48:33.821 INFO:teuthology.orchestra.run.smithi107.stdout:/usr/bin/ceph: stderr
2024-09-21T11:48:32.732+0000 7fdf39e8f640 1 -- 172.21.15.107:0/2209100068 learned_addr learned my addr 172.21.15.107:0/2209100068 (peer_addr_for_me v2:172.21.15.107:0/0)
2024-09-21T11:48:33.821 INFO:teuthology.orchestra.run.smithi107.stdout:/usr/bin/ceph: stderr
2024-09-21T11:48:32.732+0000 7fdf39e8f640 1 -- 172.21.15.107:0/2209100068 --> [v2:172.21.15.107:3300/0,v1:172.21.15.107:6789/0] -- mon_subscribe({config=0+,monmap=0+}) -- 0x7fdf3419ab80 con 0x7fdf34079b60
2024-09-21T11:48:33.821 INFO:teuthology.orchestra.run.smithi107.stdout:/usr/bin/ceph: stderr
2024-09-21T11:48:32.732+0000 7fdf39e8f640 1 --2- 172.21.15.107:0/2209100068 >> [v2:172.21.15.107:3300/0,v1:172.21.15.107:6789/0] conn(0x7fdf34079b60 0x7fdf3419a620 secure :-1 s=READY pgs=48 cs=0 l=1 rev1=1 crypto rx=0x7fdf300090b0 tx=0x7fdf30030b50 comp rx=0 tx=0).ready entity=mon.0 client_cookie=0 server_cookie=0 in_seq=0 out_seq=0
2024-09-21T11:48:33.821 INFO:teuthology.orchestra.run.smithi107.stdout:/usr/bin/ceph: stderr
2024-09-21T11:48:32.732+0000 7fdf2affd640 1 -- 172.21.15.107:0/2209100068 <== mon.0 v2:172.21.15.107:3300/0 1 ==== mon_map magic: 0 ==== 205+0+0 (secure 0 0 0) 0x7fdf3003f020 con 0x7fdf34079b60
2024-09-21T11:48:33.821 INFO:teuthology.orchestra.run.smithi107.stdout:/usr/bin/ceph: stderr
2024-09-21T11:48:32.732+0000 7fdf2affd640 1 -- 172.21.15.107:0/2209100068 <== mon.0 v2:172.21.15.107:3300/0 2 ==== config(23 keys) ==== 972+0+0 (secure 0 0 0) 0x7fdf30030e10 con 0x7fdf34079b60
2024-09-21T11:48:33.821 INFO:teuthology.orchestra.run.smithi107.stdout:/usr/bin/ceph: stderr
2024-09-21T11:48:32.732+0000 7fdf2affd640 1 -- 172.21.15.107:0/2209100068 <== mon.0 v2:172.21.15.107:3300/0 3 ==== mon_map magic: 0 ==== 205+0+0 (secure 0 0 0) 0x7fdf30037040 con 0x7fdf34079b60
2024-09-21T11:48:33.821 INFO:teuthology.orchestra.run.smithi107.stdout:/usr/bin/ceph: stderr
2024-09-21T11:48:32.732+0000 7fdf3c0f3640 1 -- 172.21.15.107:0/2209100068 --> [v2:172.21.15.107:3300/0,v1:172.21.15.107:6789/0] -- mon_subscribe({mgrmap=0+}) -- 0x7fdf3419ae10 con 0x7fdf34079b60
2024-09-21T11:48:33.821 INFO:teuthology.orchestra.run.smithi107.stdout:/usr/bin/ceph: stderr
2024-09-21T11:48:32.732+0000 7fdf3c0f3640 1 -- 172.21.15.107:0/2209100068 --> [v2:172.21.15.107:3300/0,v1:172.21.15.107:6789/0] -- mon_subscribe({osdmap=0}) -- 0x7fdf3419b850 con 0x7fdf34079b60
2024-09-21T11:48:33.821 INFO:teuthology.orchestra.run.smithi107.stdout:/usr/bin/ceph: stderr
2024-09-21T11:48:32.733+0000 7fdf2affd640 1 -- 172.21.15.107:0/2209100068 <== mon.0 v2:172.21.15.107:3300/0 4 ==== mgrmap(e 9) ==== 51842+0+0 (secure 0 0 0) 0x7fdf30042020 con 0x7fdf34079b60
2024-09-21T11:48:33.821 INFO:teuthology.orchestra.run.smithi107.stdout:/usr/bin/ceph: stderr
2024-09-21T11:48:32.733+0000 7fdf3c0f3640 1 -- 172.21.15.107:0/2209100068 --> [v2:172.21.15.107:3300/0,v1:172.21.15.107:6789/0] -- mon_command({"prefix": "get_command_descriptions"} v 0) -- 0x7fdf34107250 con 0x7fdf34079b60
2024-09-21T11:48:33.821 INFO:teuthology.orchestra.run.smithi107.stdout:/usr/bin/ceph: stderr
2024-09-21T11:48:32.734+0000 7fdf2affd640 1 --2- 172.21.15.107:0/2209100068 >> [v2:172.21.15.107:6800/1807990149,v1:172.21.15.107:6801/1807990149] conn(0x7fdf2003f840 0x7fdf20041d00 unknown :-1 s=NONE pgs=0 cs=0 l=1 rev1=0 crypto rx=0 tx=0 comp rx=0 tx=0).connect
2024-09-21T11:48:33.821 INFO:teuthology.orchestra.run.smithi107.stdout:/usr/bin/ceph: stderr
2024-09-21T11:48:32.734+0000 7fdf2affd640 1 -- 172.21.15.107:0/2209100068 <== mon.0 v2:172.21.15.107:3300/0 5 ==== osd_map(2..2 src has 1..2) ==== 940+0+0 (secure 0 0 0) 0x7fdf300746e0 con 0x7fdf34079b60
2024-09-21T11:48:33.822 INFO:teuthology.orchestra.run.smithi107.stdout:/usr/bin/ceph: stderr
2024-09-21T11:48:32.734+0000 7fdf3968e640 1 --2- 172.21.15.107:0/2209100068 >> [v2:172.21.15.107:6800/1807990149,v1:172.21.15.107:6801/1807990149] conn(0x7fdf2003f840 0x7fdf20041d00 unknown :-1 s=BANNER_CONNECTING pgs=0 cs=0 l=1 rev1=0 crypto rx=0 tx=0 comp rx=0 tx=0)._handle_peer_banner_payload supported=3 required=0
2024-09-21T11:48:33.822 INFO:teuthology.orchestra.run.smithi107.stdout:/usr/bin/ceph: stderr
2024-09-21T11:48:32.734+0000 7fdf3968e640 1 --2- 172.21.15.107:0/2209100068 >> [v2:172.21.15.107:6800/1807990149,v1:172.21.15.107:6801/1807990149] conn(0x7fdf2003f840 0x7fdf20041d00 secure :-1 s=READY pgs=13 cs=0 l=1 rev1=1 crypto rx=0x7fdf240098c0 tx=0x7fdf24006db0 comp rx=0 tx=0).ready entity=mgr.14118 client_cookie=0 server_cookie=0 in_seq=0 out_seq=0
2024-09-21T11:48:33.822 INFO:teuthology.orchestra.run.smithi107.stdout:/usr/bin/ceph: stderr
2024-09-21T11:48:32.738+0000 7fdf2affd640 1 -- 172.21.15.107:0/2209100068 <== mon.0 v2:172.21.15.107:3300/0 6 ==== mon_command_ack([{"prefix": "get_command_descriptions"}]=0 v0) ==== 72+0+198400 (secure 0 0 0) 0x7fdf30049020 con 0x7fdf34079b60
2024-09-21T11:48:33.822 INFO:teuthology.orchestra.run.smithi107.stdout:/usr/bin/ceph: stderr
2024-09-21T11:48:32.940+0000 7fdf3c0f3640 1 -- 172.21.15.107:0/2209100068 --> [v2:172.21.15.107:6800/1807990149,v1:172.21.15.107:6801/1807990149] -- mgr_command(tid 0: {"prefix": "orch apply", "service_type": "mon", "unmanaged": true, "target": ["mon-mgr", ""]}) -- 0x7fdf3419c030 con 0x7fdf2003f840
2024-09-21T11:48:33.822 INFO:teuthology.orchestra.run.smithi107.stdout:/usr/bin/ceph: stderr
2024-09-21T11:48:32.945+0000 7fdf2affd640 1 -- 172.21.15.107:0/2209100068 <== mgr.14118 v2:172.21.15.107:6800/1807990149 1 ==== mgr_command_reply(tid 0: 0 ) ==== 8+0+24 (secure 0 0 0) 0x7fdf3419c030 con 0x7fdf2003f840
2024-09-21T11:48:33.822 INFO:teuthology.orchestra.run.smithi107.stdout:/usr/bin/ceph: stderr
2024-09-21T11:48:32.947+0000 7fdf3c0f3640 1 -- 172.21.15.107:0/2209100068 >> [v2:172.21.15.107:6800/1807990149,v1:172.21.15.107:6801/1807990149] conn(0x7fdf2003f840 msgr2=0x7fdf20041d00 secure :-1 s=STATE_CONNECTION_ESTABLISHED l=1).mark_down
2024-09-21T11:48:33.822 INFO:teuthology.orchestra.run.smithi107.stdout:/usr/bin/ceph: stderr
