2024-09-21T13:33:52.011+0000 7fa9757fa640 1 -- 172.21.15.2:0/3095766144 <== mon.0 v2:172.21.15.2:3300/0 5 ==== osd_map(2..2 src has 1..2) ==== 897+0+0 (secure 0 0 0) 0x7fa968074080 con 0x7fa97807a430
2024-09-21T13:33:53.964 INFO:teuthology.orchestra.run.smithi002.stdout:/usr/bin/ceph: stderr
2024-09-21T13:33:52.012+0000 7fa9777fe640 1 --2- 172.21.15.2:0/3095766144 >> v2:172.21.15.2:6800/2044640733 conn(0x7fa96003f870 0x7fa960041d30 unknown :-1 s=BANNER_CONNECTING pgs=0 cs=0 l=1 rev1=0 crypto rx=0 tx=0 comp rx=0 tx=0)._handle_peer_banner_payload supported=3 required=0
2024-09-21T13:33:53.964 INFO:teuthology.orchestra.run.smithi002.stdout:/usr/bin/ceph: stderr
2024-09-21T13:33:52.012+0000 7fa9777fe640 1 --2- 172.21.15.2:0/3095766144 >> v2:172.21.15.2:6800/2044640733 conn(0x7fa96003f870 0x7fa960041d30 secure :-1 s=READY pgs=17 cs=0 l=1 rev1=1 crypto rx=0x7fa96c0098c0 tx=0x7fa96c006db0 comp rx=0 tx=0).ready entity=mgr.14118 client_cookie=0 server_cookie=0 in_seq=0 out_seq=0
2024-09-21T13:33:53.964 INFO:teuthology.orchestra.run.smithi002.stdout:/usr/bin/ceph: stderr
2024-09-21T13:33:52.017+0000 7fa9757fa640 1 -- 172.21.15.2:0/3095766144 <== mon.0 v2:172.21.15.2:3300/0 6 ==== mon_command_ack([{"prefix": "get_command_descriptions"}]=0 v0) ==== 72+0+198400 (secure 0 0 0) 0x7fa968030de0 con 0x7fa97807a430
2024-09-21T13:33:53.965 INFO:teuthology.orchestra.run.smithi002.stdout:/usr/bin/ceph: stderr
2024-09-21T13:33:52.292+0000 7fa97e813640 1 -- 172.21.15.2:0/3095766144 --> [v2:172.21.15.2:3300/0,v1:172.21.15.2:6789/0] -- mon_command({"prefix": "mgr module enable", "module": "dashboard"} v 0) -- 0x7fa978105f80 con 0x7fa97807a430
2024-09-21T13:33:53.965 INFO:teuthology.orchestra.run.smithi002.stdout:/usr/bin/ceph: stderr
2024-09-21T13:33:52.815+0000 7fa9757fa640 1 -- 172.21.15.2:0/3095766144 <== mon.0 v2:172.21.15.2:3300/0 7 ==== mon_command_ack([{"prefix": "mgr module enable", "module": "dashboard"}]=0 v9) ==== 88+0+0 (secure 0 0 0) 0x7fa968073de0 con 0x7fa97807a430
2024-09-21T13:33:53.965 INFO:teuthology.orchestra.run.smithi002.stdout:/usr/bin/ceph: stderr
2024-09-21T13:33:52.818+0000 7fa9757fa640 1 -- 172.21.15.2:0/3095766144 <== mon.0 v2:172.21.15.2:3300/0 8 ==== mgrmap(e 9) ==== 51820+0+0 (secure 0 0 0) 0x7fa968045ad0 con 0x7fa97807a430
2024-09-21T13:33:53.965 INFO:teuthology.orchestra.run.smithi002.stdout:/usr/bin/ceph: stderr
2024-09-21T13:33:52.819+0000 7fa97e813640 1 -- 172.21.15.2:0/3095766144 >> v2:172.21.15.2:6800/2044640733 conn(0x7fa96003f870 msgr2=0x7fa960041d30 secure :-1 s=STATE_CONNECTION_ESTABLISHED l=1).mark_down
2024-09-21T13:33:53.965 INFO:teuthology.orchestra.run.smithi002.stdout:/usr/bin/ceph: stderr
2024-09-21T13:33:52.819+0000 7fa97e813640 1 --2- 172.21.15.2:0/3095766144 >> v2:172.21.15.2:6800/2044640733 conn(0x7fa96003f870 0x7fa960041d30 secure :-1 s=READY pgs=17 cs=0 l=1 rev1=1 crypto rx=0x7fa96c0098c0 tx=0x7fa96c006db0 comp rx=0 tx=0).stop
2024-09-21T13:33:53.965 INFO:teuthology.orchestra.run.smithi002.stdout:/usr/bin/ceph: stderr
2024-09-21T13:33:52.819+0000 7fa97e813640 1 -- 172.21.15.2:0/3095766144 >> [v2:172.21.15.2:3300/0,v1:172.21.15.2:6789/0] conn(0x7fa97807a430 msgr2=0x7fa978106b80 secure :-1 s=STATE_CONNECTION_ESTABLISHED l=1).mark_down
2024-09-21T13:33:53.965 INFO:teuthology.orchestra.run.smithi002.stdout:/usr/bin/ceph: stderr
2024-09-21T13:33:52.819+0000 7fa97e813640 1 --2- 172.21.15.2:0/3095766144 >> [v2:172.21.15.2:3300/0,v1:172.21.15.2:6789/0] conn(0x7fa97807a430 0x7fa978106b80 secure :-1 s=READY pgs=56 cs=0 l=1 rev1=1 crypto rx=0x7fa968000c00 tx=0x7fa968030a60 comp rx=0 tx=0).stop
2024-09-21T13:33:53.965 INFO:teuthology.orchestra.run.smithi002.stdout:/usr/bin/ceph: stderr
2024-09-21T13:33:52.819+0000 7fa97e813640 1 -- 172.21.15.2:0/3095766144 shutdown_connections
2024-09-21T13:33:53.965 INFO:teuthology.orchestra.run.smithi002.stdout:/usr/bin/ceph: stderr
2024-09-21T13:33:52.819+0000 7fa97e813640 1 --2- 172.21.15.2:0/3095766144 >> v2:172.21.15.2:6800/2044640733 conn(0x7fa96003f870 0x7fa960041d30 unknown :-1 s=CLOSED pgs=17 cs=0 l=1 rev1=1 crypto rx=0 tx=0 comp rx=0 tx=0).stop
2024-09-21T13:33:53.965 INFO:teuthology.orchestra.run.smithi002.stdout:/usr/bin/ceph: stderr
2024-09-21T13:33:52.819+0000 7fa97e813640 1 --2- 172.21.15.2:0/3095766144 >> [v2:172.21.15.2:3300/0,v1:172.21.15.2:6789/0] conn(0x7fa97807a430 0x7fa978106b80 unknown :-1 s=CLOSED pgs=56 cs=0 l=1 rev1=1 crypto rx=0 tx=0 comp rx=0 tx=0).stop
2024-09-21T13:33:53.965 INFO:teuthology.orchestra.run.smithi002.stdout:/usr/bin/ceph: stderr
2024-09-21T13:33:52.819+0000 7fa97e813640 1 -- 172.21.15.2:0/3095766144 >> 172.21.15.2:0/3095766144 conn(0x7fa9781011c0 msgr2=0x7fa978101bf0 unknown :-1 s=STATE_NONE l=0).mark_down
2024-09-21T13:33:53.965 INFO:teuthology.orchestra.run.smithi002.stdout:/usr/bin/ceph: stderr
2024-09-21T13:33:52.819+0000 7fa97e813640 1 -- 172.21.15.2:0/3095766144 shutdown_connections
2024-09-21T13:33:53.965 INFO:teuthology.orchestra.run.smithi002.stdout:/usr/bin/ceph: stderr
2024-09-21T13:33:52.819+0000 7fa97e813640 1 -- 172.21.15.2:0/3095766144 wait complete.
2024-09-21T13:33:55.350 INFO:journalctl@ceph.mon.a.smithi002.stdout:Sep 21 13:33:55 smithi002 ceph-mon[30076]: from='client.? 172.21.15.2:0/274421425' entity='client.admin' cmd={"prefix": "mgr stat"} : dispatch
2024-09-21T13:33:55.704 INFO:teuthology.orchestra.run.smithi002.stdout:/usr/bin/ceph: stdout {
2024-09-21T13:33:55.704 INFO:teuthology.orchestra.run.smithi002.stdout:/usr/bin/ceph: stdout "epoch": 9,
2024-09-21T13:33:55.705 INFO:teuthology.orchestra.run.smithi002.stdout:/usr/bin/ceph: stdout "available": true,
2024-09-21T13:33:55.705 INFO:teuthology.orchestra.run.smithi002.stdout:/usr/bin/ceph: stdout "active_name": "y",
2024-09-21T13:33:55.705 INFO:teuthology.orchestra.run.smithi002.stdout:/usr/bin/ceph: stdout "num_standby": 0
2024-09-21T13:33:55.705 INFO:teuthology.orchestra.run.smithi002.stdout:/usr/bin/ceph: stdout }
2024-09-21T13:33:55.705 INFO:teuthology.orchestra.run.smithi002.stdout:/usr/bin/ceph: stderr
2024-09-21T13:33:54.852+0000 7f23cb1e8640 1 Processor -- start
2024-09-21T13:33:55.705 INFO:teuthology.orchestra.run.smithi002.stdout:/usr/bin/ceph: stderr
2024-09-21T13:33:54.852+0000 7f23cb1e8640 1 -- start start
2024-09-21T13:33:55.705 INFO:teuthology.orchestra.run.smithi002.stdout:/usr/bin/ceph: stderr
2024-09-21T13:33:54.852+0000 7f23cb1e8640 1 --2- >> [v2:172.21.15.2:3300/0,v1:172.21.15.2:6789/0] conn(0x7f23c407a430 0x7f23c4109530 unknown :-1 s=NONE pgs=0 cs=0 l=0 rev1=0 crypto rx=0 tx=0 comp rx=0 tx=0).connect
2024-09-21T13:33:55.705 INFO:teuthology.orchestra.run.smithi002.stdout:/usr/bin/ceph: stderr
2024-09-21T13:33:54.852+0000 7f23cb1e8640 1 -- --> [v2:172.21.15.2:3300/0,v1:172.21.15.2:6789/0] -- mon_getmap magic: 0 -- 0x7f23c4109a70 con 0x7f23c407a430
2024-09-21T13:33:55.705 INFO:teuthology.orchestra.run.smithi002.stdout:/usr/bin/ceph: stderr
2024-09-21T13:33:54.852+0000 7f23c8f84640 1 --2- >> [v2:172.21.15.2:3300/0,v1:172.21.15.2:6789/0] conn(0x7f23c407a430 0x7f23c4109530 unknown :-1 s=BANNER_CONNECTING pgs=0 cs=0 l=0 rev1=0 crypto rx=0 tx=0 comp rx=0 tx=0)._handle_peer_banner_payload supported=3 required=0
2024-09-21T13:33:55.705 INFO:teuthology.orchestra.run.smithi002.stdout:/usr/bin/ceph: stderr
2024-09-21T13:33:54.852+0000 7f23c8f84640 1 --2- >> [v2:172.21.15.2:3300/0,v1:172.21.15.2:6789/0] conn(0x7f23c407a430 0x7f23c4109530 unknown :-1 s=HELLO_CONNECTING pgs=0 cs=0 l=0 rev1=1 crypto rx=0 tx=0 comp rx=0 tx=0).handle_hello peer v2:172.21.15.2:3300/0 says I am v2:172.21.15.2:49684/0 (socket says 172.21.15.2:49684)
2024-09-21T13:33:55.705 INFO:teuthology.orchestra.run.smithi002.stdout:/usr/bin/ceph: stderr
2024-09-21T13:33:54.852+0000 7f23c8f84640 1 -- 172.21.15.2:0/3532069255 learned_addr learned my addr 172.21.15.2:0/3532069255 (peer_addr_for_me v2:172.21.15.2:0/0)
2024-09-21T13:33:55.705 INFO:teuthology.orchestra.run.smithi002.stdout:/usr/bin/ceph: stderr
2024-09-21T13:33:54.853+0000 7f23c8f84640 1 -- 172.21.15.2:0/3532069255 --> [v2:172.21.15.2:3300/0,v1:172.21.15.2:6789/0] -- mon_subscribe({config=0+,monmap=0+}) -- 0x7f23c4109bf0 con 0x7f23c407a430
2024-09-21T13:33:55.705 INFO:teuthology.orchestra.run.smithi002.stdout:/usr/bin/ceph: stderr
2024-09-21T13:33:54.853+0000 7f23c8f84640 1 --2- 172.21.15.2:0/3532069255 >> [v2:172.21.15.2:3300/0,v1:172.21.15.2:6789/0] conn(0x7f23c407a430 0x7f23c4109530 secure :-1 s=READY pgs=59 cs=0 l=1 rev1=1 crypto rx=0x7f23b8009820 tx=0x7f23b802a300 comp rx=0 tx=0).ready entity=mon.0 client_cookie=a8cd90377c3ad0e2 server_cookie=0 in_seq=0 out_seq=0
2024-09-21T13:33:55.705 INFO:teuthology.orchestra.run.smithi002.stdout:/usr/bin/ceph: stderr
2024-09-21T13:33:54.853+0000 7f23c37fe640 1 -- 172.21.15.2:0/3532069255 <== mon.0 v2:172.21.15.2:3300/0 1 ==== mon_map magic: 0 ==== 205+0+0 (secure 0 0 0) 0x7f23b8037070 con 0x7f23c407a430
2024-09-21T13:33:55.706 INFO:teuthology.orchestra.run.smithi002.stdout:/usr/bin/ceph: stderr
2024-09-21T13:33:54.854+0000 7f23c37fe640 1 -- 172.21.15.2:0/3532069255 <== mon.0 v2:172.21.15.2:3300/0 2 ==== config(25 keys) ==== 1054+0+0 (secure 0 0 0) 0x7f23b80328c0 con 0x7f23c407a430
2024-09-21T13:33:55.706 INFO:teuthology.orchestra.run.smithi002.stdout:/usr/bin/ceph: stderr
2024-09-21T13:33:54.854+0000 7f23c37fe640 1 -- 172.21.15.2:0/3532069255 <== mon.0 v2:172.21.15.2:3300/0 3 ==== mon_map magic: 0 ==== 205+0+0 (secure 0 0 0) 0x7f23b80306d0 con 0x7f23c407a430
2024-09-21T13:33:55.706 INFO:teuthology.orchestra.run.smithi002.stdout:/usr/bin/ceph: stderr
2024-09-21T13:33:54.854+0000 7f23cb1e8640 1 -- 172.21.15.2:0/3532069255 >> [v2:172.21.15.2:3300/0,v1:172.21.15.2:6789/0] conn(0x7f23c407a430 msgr2=0x7f23c4109530 secure :-1 s=STATE_CONNECTION_ESTABLISHED l=1).mark_down
2024-09-21T13:33:55.706 INFO:teuthology.orchestra.run.smithi002.stdout:/usr/bin/ceph: stderr
2024-09-21T13:33:54.854+0000 7f23cb1e8640 1 --2- 172.21.15.2:0/3532069255 >> [v2:172.21.15.2:3300/0,v1:172.21.15.2:6789/0] conn(0x7f23c407a430 0x7f23c4109530 secure :-1 s=READY pgs=59 cs=0 l=1 rev1=1 crypto rx=0x7f23b8009820 tx=0x7f23b802a300 comp rx=0 tx=0).stop
2024-09-21T13:33:55.706 INFO:teuthology.orchestra.run.smithi002.stdout:/usr/bin/ceph: stderr
2024-09-21T13:33:54.854+0000 7f23cb1e8640 1 -- 172.21.15.2:0/3532069255 shutdown_connections
2024-09-21T13:33:55.706 INFO:teuthology.orchestra.run.smithi002.stdout:/usr/bin/ceph: stderr
2024-09-21T13:33:54.854+0000 7f23cb1e8640 1 --2- 172.21.15.2:0/3532069255 >> [v2:172.21.15.2:3300/0,v1:172.21.15.2:6789/0] conn(0x7f23c407a430 0x7f23c4109530 unknown :-1 s=CLOSED pgs=59 cs=0 l=1 rev1=1 crypto rx=0 tx=0 comp rx=0 tx=0).stop
2024-09-21T13:33:55.706 INFO:teuthology.orchestra.run.smithi002.stdout:/usr/bin/ceph: stderr
2024-09-21T13:33:54.854+0000 7f23cb1e8640 1 -- 172.21.15.2:0/3532069255 >> 172.21.15.2:0/3532069255 conn(0x7f23c41011c0 msgr2=0x7f23c41035e0 unknown :-1 s=STATE_NONE l=0).mark_down
2024-09-21T13:33:55.706 INFO:teuthology.orchestra.run.smithi002.stdout:/usr/bin/ceph: stderr
2024-09-21T13:33:54.854+0000 7f23cb1e8640 1 -- 172.21.15.2:0/3532069255 shutdown_connections
2024-09-21T13:33:55.706 INFO:teuthology.orchestra.run.smithi002.stdout:/usr/bin/ceph: stderr
2024-09-21T13:33:54.854+0000 7f23cb1e8640 1 -- 172.21.15.2:0/3532069255 wait complete.
2024-09-21T13:33:55.706 INFO:teuthology.orchestra.run.smithi002.stdout:/usr/bin/ceph: stderr
2024-09-21T13:33:54.855+0000 7f23cb1e8640 1 Processor -- start
2024-09-21T13:33:55.706 INFO:teuthology.orchestra.run.smithi002.stdout:/usr/bin/ceph: stderr
2024-09-21T13:33:54.855+0000 7f23cb1e8640 1 -- start start
2024-09-21T13:33:55.706 INFO:teuthology.orchestra.run.smithi002.stdout:/usr/bin/ceph: stderr
2024-09-21T13:33:54.855+0000 7f23cb1e8640 1 --2- >> [v2:172.21.15.2:3300/0,v1:172.21.15.2:6789/0] conn(0x7f23c407a430 0x7f23c419ca70 unknown :-1 s=NONE pgs=0 cs=0 l=1 rev1=0 crypto rx=0 tx=0 comp rx=0 tx=0).connect
2024-09-21T13:33:55.706 INFO:teuthology.orchestra.run.smithi002.stdout:/usr/bin/ceph: stderr
2024-09-21T13:33:54.855+0000 7f23cb1e8640 1 -- --> [v2:172.21.15.2:3300/0,v1:172.21.15.2:6789/0] -- mon_getmap magic: 0 -- 0x7f23c410acf0 con 0x7f23c407a430
2024-09-21T13:33:55.706 INFO:teuthology.orchestra.run.smithi002.stdout:/usr/bin/ceph: stderr
2024-09-21T13:33:54.855+0000 7f23c8f84640 1 --2- >> [v2:172.21.15.2:3300/0,v1:172.21.15.2:6789/0] conn(0x7f23c407a430 0x7f23c419ca70 unknown :-1 s=BANNER_CONNECTING pgs=0 cs=0 l=1 rev1=0 crypto rx=0 tx=0 comp rx=0 tx=0)._handle_peer_banner_payload supported=3 required=0
2024-09-21T13:33:55.707 INFO:teuthology.orchestra.run.smithi002.stdout:/usr/bin/ceph: stderr
2024-09-21T13:33:54.855+0000 7f23c8f84640 1 --2- >> [v2:172.21.15.2:3300/0,v1:172.21.15.2:6789/0] conn(0x7f23c407a430 0x7f23c419ca70 unknown :-1 s=HELLO_CONNECTING pgs=0 cs=0 l=1 rev1=1 crypto rx=0 tx=0 comp rx=0 tx=0).handle_hello peer v2:172.21.15.2:3300/0 says I am v2:172.21.15.2:49688/0 (socket says 172.21.15.2:49688)
2024-09-21T13:33:55.707 INFO:teuthology.orchestra.run.smithi002.stdout:/usr/bin/ceph: stderr
2024-09-21T13:33:54.855+0000 7f23c8f84640 1 -- 172.21.15.2:0/274421425 learned_addr learned my addr 172.21.15.2:0/274421425 (peer_addr_for_me v2:172.21.15.2:0/0)
2024-09-21T13:33:55.707 INFO:teuthology.orchestra.run.smithi002.stdout:/usr/bin/ceph: stderr
2024-09-21T13:33:54.855+0000 7f23c8f84640 1 -- 172.21.15.2:0/274421425 --> [v2:172.21.15.2:3300/0,v1:172.21.15.2:6789/0] -- mon_subscribe({config=0+,monmap=0+}) -- 0x7f23c419cfd0 con 0x7f23c407a430
2024-09-21T13:33:55.707 INFO:teuthology.orchestra.run.smithi002.stdout:/usr/bin/ceph: stderr
2024-09-21T13:33:54.856+0000 7f23c8f84640 1 --2- 172.21.15.2:0/274421425 >> [v2:172.21.15.2:3300/0,v1:172.21.15.2:6789/0] conn(0x7f23c407a430 0x7f23c419ca70 secure :-1 s=READY pgs=60 cs=0 l=1 rev1=1 crypto rx=0x7f23b8032b90 tx=0x7f23b8032790 comp rx=0 tx=0).ready entity=mon.0 client_cookie=0 server_cookie=0 in_seq=0 out_seq=0
2024-09-21T13:33:55.707 INFO:teuthology.orchestra.run.smithi002.stdout:/usr/bin/ceph: stderr
2024-09-21T13:33:54.856+0000 7f23c1ffb640 1 -- 172.21.15.2:0/274421425 <== mon.0 v2:172.21.15.2:3300/0 1 ==== mon_map magic: 0 ==== 205+0+0 (secure 0 0 0) 0x7f23b8037040 con 0x7f23c407a430
2024-09-21T13:33:55.707 INFO:teuthology.orchestra.run.smithi002.stdout:/usr/bin/ceph: stderr
2024-09-21T13:33:54.856+0000 7f23c1ffb640 1 -- 172.21.15.2:0/274421425 <== mon.0 v2:172.21.15.2:3300/0 2 ==== config(25 keys) ==== 1054+0+0 (secure 0 0 0) 0x7f23b8040070 con 0x7f23c407a430
2024-09-21T13:33:55.707 INFO:teuthology.orchestra.run.smithi002.stdout:/usr/bin/ceph: stderr
2024-09-21T13:33:54.856+0000 7f23cb1e8640 1 -- 172.21.15.2:0/274421425 --> [v2:172.21.15.2:3300/0,v1:172.21.15.2:6789/0] -- mon_subscribe({mgrmap=0+}) -- 0x7f23c419d260 con 0x7f23c407a430
2024-09-21T13:33:55.707 INFO:teuthology.orchestra.run.smithi002.stdout:/usr/bin/ceph: stderr
2024-09-21T13:33:54.856+0000 7f23c1ffb640 1 -- 172.21.15.2:0/274421425 <== mon.0 v2:172.21.15.2:3300/0 3 ==== mon_map magic: 0 ==== 205+0+0 (secure 0 0 0) 0x7f23b803be30 con 0x7f23c407a430
2024-09-21T13:33:55.707 INFO:teuthology.orchestra.run.smithi002.stdout:/usr/bin/ceph: stderr
2024-09-21T13:33:54.856+0000 7f23cb1e8640 1 -- 172.21.15.2:0/274421425 --> [v2:172.21.15.2:3300/0,v1:172.21.15.2:6789/0] -- mon_subscribe({osdmap=0}) -- 0x7f23c419dc20 con 0x7f23c407a430
2024-09-21T13:33:55.707 INFO:teuthology.orchestra.run.smithi002.stdout:/usr/bin/ceph: stderr
2024-09-21T13:33:54.857+0000 7f23c1ffb640 1 -- 172.21.15.2:0/274421425 <== mon.0 v2:172.21.15.2:3300/0 4 ==== mgrmap(e 9) ==== 51820+0+0 (secure 0 0 0) 0x7f23b803a470 con 0x7f23c407a430
2024-09-21T13:33:55.707 INFO:teuthology.orchestra.run.smithi002.stdout:/usr/bin/ceph: stderr
2024-09-21T13:33:54.857+0000 7f23cb1e8640 1 -- 172.21.15.2:0/274421425 --> [v2:172.21.15.2:3300/0,v1:172.21.15.2:6789/0] -- mon_command({"prefix": "get_command_descriptions"} v 0) -- 0x7f23c4107520 con 0x7f23c407a430
2024-09-21T13:33:55.707 INFO:teuthology.orchestra.run.smithi002.stdout:/usr/bin/ceph: stderr
2024-09-21T13:33:54.857+0000 7f23c1ffb640 1 --2- 172.21.15.2:0/274421425 >> v2:172.21.15.2:6800/2044640733 conn(0x7f23b403f8c0 0x7f23b4041d80 unknown :-1 s=NONE pgs=0 cs=0 l=1 rev1=0 crypto rx=0 tx=0 comp rx=0 tx=0).connect
2024-09-21T13:33:55.707 INFO:teuthology.orchestra.run.smithi002.stdout:/usr/bin/ceph: stderr
2024-09-21T13:33:54.857+0000 7f23c3fff640 1 -- 172.21.15.2:0/274421425 >> v2:172.21.15.2:6800/2044640733 conn(0x7f23b403f8c0 msgr2=0x7f23b4041d80 unknown :-1 s=STATE_CONNECTING_RE l=1).process reconnect failed to v2:172.21.15.2:6800/2044640733
2024-09-21T13:33:55.708 INFO:teuthology.orchestra.run.smithi002.stdout:/usr/bin/ceph: stderr
2024-09-21T13:33:54.857+0000 7f23c1ffb640 1 -- 172.21.15.2:0/274421425 <== mon.0 v2:172.21.15.2:3300/0 5 ==== osd_map(2..2 src has 1..2) ==== 897+0+0 (secure 0 0 0) 0x7f23b803b470 con 0x7f23c407a430
2024-09-21T13:33:55.708 INFO:teuthology.orchestra.run.smithi002.stdout:/usr/bin/ceph: stderr
2024-09-21T13:33:54.857+0000 7f23c3fff640 1 --2- 172.21.15.2:0/274421425 >> v2:172.21.15.2:6800/2044640733 conn(0x7f23b403f8c0 0x7f23b4041d80 unknown :-1 s=START_CONNECT pgs=0 cs=0 l=1 rev1=0 crypto rx=0 tx=0 comp rx=0 tx=0)._fault waiting 0.200000
2024-09-21T13:33:55.708 INFO:teuthology.orchestra.run.smithi002.stdout:/usr/bin/ceph: stderr
2024-09-21T13:33:54.862+0000 7f23c1ffb640 1 -- 172.21.15.2:0/274421425 <== mon.0 v2:172.21.15.2:3300/0 6 ==== mon_command_ack([{"prefix": "get_command_descriptions"}]=0 v0) ==== 72+0+198400 (secure 0 0 0) 0x7f23b8036170 con 0x7f23c407a430
2024-09-21T13:33:55.708 INFO:teuthology.orchestra.run.smithi002.stdout:/usr/bin/ceph: stderr
2024-09-21T13:33:55.058+0000 7f23c3fff640 1 -- 172.21.15.2:0/274421425 >> v2:172.21.15.2:6800/2044640733 conn(0x7f23b403f8c0 msgr2=0x7f23b4041d80 unknown :-1 s=STATE_CONNECTING_RE l=1).process reconnect failed to v2:172.21.15.2:6800/2044640733
2024-09-21T13:33:55.708 INFO:teuthology.orchestra.run.smithi002.stdout:/usr/bin/ceph: stderr
2024-09-21T13:33:55.058+0000 7f23c3fff640 1 --2- 172.21.15.2:0/274421425 >> v2:172.21.15.2:6800/2044640733 conn(0x7f23b403f8c0 0x7f23b4041d80 unknown :-1 s=START_CONNECT pgs=0 cs=0 l=1 rev1=0 crypto rx=0 tx=0 comp rx=0 tx=0)._fault waiting 0.400000
2024-09-21T13:33:55.708 INFO:teuthology.orchestra.run.smithi002.stdout:/usr/bin/ceph: stderr
2024-09-21T13:33:55.099+0000 7f23cb1e8640 1 -- 172.21.15.2:0/274421425 --> [v2:172.21.15.2:3300/0,v1:172.21.15.2:6789/0] -- mon_command({"prefix": "mgr stat"} v 0) -- 0x7f23c419e480 con 0x7f23c407a430
2024-09-21T13:33:55.708 INFO:teuthology.orchestra.run.smithi002.stdout:/usr/bin/ceph: stderr
2024-09-21T13:33:55.100+0000 7f23c1ffb640 1 -- 172.21.15.2:0/274421425 <== mon.0 v2:172.21.15.2:3300/0 7 ==== mon_command_ack([{"prefix": "mgr stat"}]=0 v9) ==== 56+0+88 (secure 0 0 0) 0x7f23b8049dc0 con 0x7f23c407a430
2024-09-21T13:33:55.708 INFO:teuthology.orchestra.run.smithi002.stdout:/usr/bin/ceph: stderr
2024-09-21T13:33:55.102+0000 7f23cb1e8640 1 -- 172.21.15.2:0/274421425 >> v2:172.21.15.2:6800/2044640733 conn(0x7f23b403f8c0 msgr2=0x7f23b4041d80 unknown :-1 s=STATE_CONNECTING l=1).mark_down
2024-09-21T13:33:55.708 INFO:teuthology.orchestra.run.smithi002.stdout:/usr/bin/ceph: stderr
2024-09-21T13:33:55.102+0000 7f23cb1e8640 1 --2- 172.21.15.2:0/274421425 >> v2:172.21.15.2:6800/2044640733 conn(0x7f23b403f8c0 0x7f23b4041d80 unknown :-1 s=START_CONNECT pgs=0 cs=0 l=1 rev1=0 crypto rx=0 tx=0 comp rx=0 tx=0).stop
2024-09-21T13:33:55.708 INFO:teuthology.orchestra.run.smithi002.stdout:/usr/bin/ceph: stderr
2024-09-21T13:33:55.102+0000 7f23cb1e8640 1 -- 172.21.15.2:0/274421425 >> [v2:172.21.15.2:3300/0,v1:172.21.15.2:6789/0] conn(0x7f23c407a430 msgr2=0x7f23c419ca70 secure :-1 s=STATE_CONNECTION_ESTABLISHED l=1).mark_down
2024-09-21T13:33:55.708 INFO:teuthology.orchestra.run.smithi002.stdout:/usr/bin/ceph: stderr
2024-09-21T13:33:55.102+0000 7f23cb1e8640 1 --2- 172.21.15.2:0/274421425 >> [v2:172.21.15.2:3300/0,v1:172.21.15.2:6789/0] conn(0x7f23c407a430 0x7f23c419ca70 secure :-1 s=READY pgs=60 cs=0 l=1 rev1=1 crypto rx=0x7f23b8032b90 tx=0x7f23b8032790 comp rx=0 tx=0).stop
2024-09-21T13:33:55.708 INFO:teuthology.orchestra.run.smithi002.stdout:/usr/bin/ceph: stderr
2024-09-21T13:33:55.102+0000 7f23cb1e8640 1 -- 172.21.15.2:0/274421425 shutdown_connections
2024-09-21T13:33:55.708 INFO:teuthology.orchestra.run.smithi002.stdout:/usr/bin/ceph: stderr
2024-09-21T13:33:55.102+0000 7f23cb1e8640 1 --2- 172.21.15.2:0/274421425 >> v2:172.21.15.2:6800/2044640733 conn(0x7f23b403f8c0 0x7f23b4041d80 unknown :-1 s=CLOSED pgs=0 cs=0 l=1 rev1=0 crypto rx=0 tx=0 comp rx=0 tx=0).stop
2024-09-21T13:33:55.708 INFO:teuthology.orchestra.run.smithi002.stdout:/usr/bin/ceph: stderr
2024-09-21T13:33:55.102+0000 7f23cb1e8640 1 --2- 172.21.15.2:0/274421425 >> [v2:172.21.15.2:3300/0,v1:172.21.15.2:6789/0] conn(0x7f23c407a430 0x7f23c419ca70 unknown :-1 s=CLOSED pgs=60 cs=0 l=1 rev1=1 crypto rx=0 tx=0 comp rx=0 tx=0).stop
2024-09-21T13:33:55.709 INFO:teuthology.orchestra.run.smithi002.stdout:/usr/bin/ceph: stderr
2024-09-21T13:33:55.102+0000 7f23cb1e8640 1 -- 172.21.15.2:0/274421425 >> 172.21.15.2:0/274421425 conn(0x7f23c41011c0 msgr2=0x7f23c4101bb0 unknown :-1 s=STATE_NONE l=0).mark_down
2024-09-21T13:33:55.709 INFO:teuthology.orchestra.run.smithi002.stdout:/usr/bin/ceph: stderr
2024-09-21T13:33:55.102+0000 7f23cb1e8640 1 -- 172.21.15.2:0/274421425 shutdown_connections
2024-09-21T13:33:55.709 INFO:teuthology.orchestra.run.smithi002.stdout:/usr/bin/ceph: stderr
2024-09-21T13:33:55.102+0000 7f23cb1e8640 1 -- 172.21.15.2:0/274421425 wait complete.
2024-09-21T13:33:55.709 INFO:teuthology.orchestra.run.smithi002.stdout:Waiting for the mgr to restart...
2024-09-21T13:33:55.709 INFO:teuthology.orchestra.run.smithi002.stdout:Waiting for mgr epoch 9...
2024-09-21T13:33:58.600 INFO:journalctl@ceph.mon.a.smithi002.stdout:Sep 21 13:33:58 smithi002 ceph-mon[30076]: Active manager daemon y restarted
2024-09-21T13:33:58.600 INFO:journalctl@ceph.mon.a.smithi002.stdout:Sep 21 13:33:58 smithi002 ceph-mon[30076]: Activating manager daemon y
2024-09-21T13:33:58.600 INFO:journalctl@ceph.mon.a.smithi002.stdout:Sep 21 13:33:58 smithi002 ceph-mon[30076]: osdmap e3: 0 total, 0 up, 0 in
2024-09-21T13:33:58.601 INFO:journalctl@ceph.mon.a.smithi002.stdout:Sep 21 13:33:58 smithi002 ceph-mon[30076]: mgrmap e10: y(active, starting, since 0.00356443s)
2024-09-21T13:33:58.601 INFO:journalctl@ceph.mon.a.smithi002.stdout:Sep 21 13:33:58 smithi002 ceph-mon[30076]: from='mgr.14152 172.21.15.2:0/1530208758' entity='mgr.y' cmd={"prefix": "mon metadata", "id": "a"} : dispatch
2024-09-21T13:33:58.601 INFO:journalctl@ceph.mon.a.smithi002.stdout:Sep 21 13:33:58 smithi002 ceph-mon[30076]: from='mgr.14152 172.21.15.2:0/1530208758' entity='mgr.y' cmd={"prefix": "mgr metadata", "who": "y", "id": "y"} : dispatch
2024-09-21T13:33:58.601 INFO:journalctl@ceph.mon.a.smithi002.stdout:Sep 21 13:33:58 smithi002 ceph-mon[30076]: from='mgr.14152 172.21.15.2:0/1530208758' entity='mgr.y' cmd={"prefix": "mds metadata"} : dispatch
2024-09-21T13:33:58.601 INFO:journalctl@ceph.mon.a.smithi002.stdout:Sep 21 13:33:58 smithi002 ceph-mon[30076]: from='mgr.14152 172.21.15.2:0/1530208758' entity='mgr.y' cmd={"prefix": "osd metadata"} : dispatch
2024-09-21T13:33:58.601 INFO:journalctl@ceph.mon.a.smithi002.stdout:Sep 21 13:33:58 smithi002 ceph-mon[30076]: from='mgr.14152 172.21.15.2:0/1530208758' entity='mgr.y' cmd={"prefix": "mon metadata"} : dispatch
2024-09-21T13:33:58.601 INFO:journalctl@ceph.mon.a.smithi002.stdout:Sep 21 13:33:58 smithi002 ceph-mon[30076]: Manager daemon y is now available
2024-09-21T13:33:59.578 INFO:journalctl@ceph.mon.a.smithi002.stdout:Sep 21 13:33:59 smithi002 ceph-mon[30076]: from='mgr.14152 172.21.15.2:0/1530208758' entity='mgr.y' cmd={"prefix": "config dump", "format": "json"} : dispatch
2024-09-21T13:33:59.578 INFO:journalctl@ceph.mon.a.smithi002.stdout:Sep 21 13:33:59 smithi002 ceph-mon[30076]: from='mgr.14152 172.21.15.2:0/1530208758' entity='mgr.y' cmd={"prefix":"config rm","who":"mgr","name":"mgr/rbd_support/y/mirror_snapshot_schedule"} : dispatch
2024-09-21T13:33:59.578 INFO:journalctl@ceph.mon.a.smithi002.stdout:Sep 21 13:33:59 smithi002 ceph-mon[30076]: from='mgr.14152 172.21.15.2:0/1530208758' entity='mgr.y' cmd={"prefix":"config rm","who":"mgr","name":"mgr/rbd_support/y/trash_purge_schedule"} : dispatch
2024-09-21T13:33:59.578 INFO:journalctl@ceph.mon.a.smithi002.stdout:Sep 21 13:33:59 smithi002 ceph-mon[30076]: mgrmap e11: y(active, since 1.00685s)
2024-09-21T13:33:59.896 INFO:teuthology.orchestra.run.smithi002.stdout:/usr/bin/ceph: stdout {
2024-09-21T13:33:59.897 INFO:teuthology.orchestra.run.smithi002.stdout:/usr/bin/ceph: stdout "mgrmap_epoch": 11,
2024-09-21T13:33:59.897 INFO:teuthology.orchestra.run.smithi002.stdout:/usr/bin/ceph: stdout "initialized": true
2024-09-21T13:33:59.897 INFO:teuthology.orchestra.run.smithi002.stdout:/usr/bin/ceph: stdout }
2024-09-21T13:33:59.897 INFO:teuthology.orchestra.run.smithi002.stdout:/usr/bin/ceph: stderr
2024-09-21T13:33:56.171+0000 7fdf457b8640 1 Processor -- start
2024-09-21T13:33:59.897 INFO:teuthology.orchestra.run.smithi002.stdout:/usr/bin/ceph: stderr
2024-09-21T13:33:56.171+0000 7fdf457b8640 1 -- start start
2024-09-21T13:33:59.897 INFO:teuthology.orchestra.run.smithi002.stdout:/usr/bin/ceph: stderr
2024-09-21T13:33:56.172+0000 7fdf457b8640 1 --2- >> [v2:172.21.15.2:3300/0,v1:172.21.15.2:6789/0] conn(0x7fdf40106970 0x7fdf40106d70 unknown :-1 s=NONE pgs=0 cs=0 l=0 rev1=0 crypto rx=0 tx=0 comp rx=0 tx=0).connect
2024-09-21T13:33:59.897 INFO:teuthology.orchestra.run.smithi002.stdout:/usr/bin/ceph: stderr
2024-09-21T13:33:56.172+0000 7fdf457b8640 1 -- --> [v2:172.21.15.2:3300/0,v1:172.21.15.2:6789/0] -- mon_getmap magic: 0 -- 0x7fdf40107360 con 0x7fdf40106970
2024-09-21T13:33:59.897 INFO:teuthology.orchestra.run.smithi002.stdout:/usr/bin/ceph: stderr
2024-09-21T13:33:56.172+0000 7fdf3effd640 1 --2- >> [v2:172.21.15.2:3300/0,v1:172.21.15.2:6789/0] conn(0x7fdf40106970 0x7fdf40106d70 unknown :-1 s=BANNER_CONNECTING pgs=0 cs=0 l=0 rev1=0 crypto rx=0 tx=0 comp rx=0 tx=0)._handle_peer_banner_payload supported=3 required=0
2024-09-21T13:33:59.897 INFO:teuthology.orchestra.run.smithi002.stdout:/usr/bin/ceph: stderr
2024-09-21T13:33:56.172+0000 7fdf3effd640 1 --2- >> [v2:172.21.15.2:3300/0,v1:172.21.15.2:6789/0] conn(0x7fdf40106970 0x7fdf40106d70 unknown :-1 s=HELLO_CONNECTING pgs=0 cs=0 l=0 rev1=1 crypto rx=0 tx=0 comp rx=0 tx=0).handle_hello peer v2:172.21.15.2:3300/0 says I am v2:172.21.15.2:47964/0 (socket says 172.21.15.2:47964)
2024-09-21T13:33:59.897 INFO:teuthology.orchestra.run.smithi002.stdout:/usr/bin/ceph: stderr
2024-09-21T13:33:56.172+0000 7fdf3effd640 1 -- 172.21.15.2:0/1605996267 learned_addr learned my addr 172.21.15.2:0/1605996267 (peer_addr_for_me v2:172.21.15.2:0/0)
2024-09-21T13:33:59.897 INFO:teuthology.orchestra.run.smithi002.stdout:/usr/bin/ceph: stderr
2024-09-21T13:33:56.172+0000 7fdf3effd640 1 -- 172.21.15.2:0/1605996267 --> [v2:172.21.15.2:3300/0,v1:172.21.15.2:6789/0] -- mon_subscribe({config=0+,monmap=0+}) -- 0x7fdf401074e0 con 0x7fdf40106970
2024-09-21T13:33:59.897 INFO:teuthology.orchestra.run.smithi002.stdout:/usr/bin/ceph: stderr
2024-09-21T13:33:56.173+0000 7fdf3effd640 1 --2- 172.21.15.2:0/1605996267 >> [v2:172.21.15.2:3300/0,v1:172.21.15.2:6789/0] conn(0x7fdf40106970 0x7fdf40106d70 secure :-1 s=READY pgs=61 cs=0 l=1 rev1=1 crypto rx=0x7fdf30009820 tx=0x7fdf3002a270 comp rx=0 tx=0).ready entity=mon.0 client_cookie=8f5be95678fb1519 server_cookie=0 in_seq=0 out_seq=0
2024-09-21T13:33:59.897 INFO:teuthology.orchestra.run.smithi002.stdout:/usr/bin/ceph: stderr
2024-09-21T13:33:56.173+0000 7fdf3dffb640 1 -- 172.21.15.2:0/1605996267 <== mon.0 v2:172.21.15.2:3300/0 1 ==== mon_map magic: 0 ==== 205+0+0 (secure 0 0 0) 0x7fdf30037070 con 0x7fdf40106970
2024-09-21T13:33:59.898 INFO:teuthology.orchestra.run.smithi002.stdout:/usr/bin/ceph: stderr
2024-09-21T13:33:56.173+0000 7fdf3dffb640 1 -- 172.21.15.2:0/1605996267 <== mon.0 v2:172.21.15.2:3300/0 2 ==== config(25 keys) ==== 1054+0+0 (secure 0 0 0) 0x7fdf300328c0 con 0x7fdf40106970
2024-09-21T13:33:59.898 INFO:teuthology.orchestra.run.smithi002.stdout:/usr/bin/ceph: stderr
2024-09-21T13:33:56.173+0000 7fdf3dffb640 1 -- 172.21.15.2:0/1605996267 <== mon.0 v2:172.21.15.2:3300/0 3 ==== mon_map magic: 0 ==== 205+0+0 (secure 0 0 0) 0x7fdf30030640 con 0x7fdf40106970
2024-09-21T13:33:59.898 INFO:teuthology.orchestra.run.smithi002.stdout:/usr/bin/ceph: stderr
2024-09-21T13:33:56.174+0000 7fdf457b8640 1 -- 172.21.15.2:0/1605996267 >> [v2:172.21.15.2:3300/0,v1:172.21.15.2:6789/0] conn(0x7fdf40106970 msgr2=0x7fdf40106d70 secure :-1 s=STATE_CONNECTION_ESTABLISHED l=1).mark_down
2024-09-21T13:33:59.898 INFO:teuthology.orchestra.run.smithi002.stdout:/usr/bin/ceph: stderr
2024-09-21T13:33:56.174+0000 7fdf457b8640 1 --2- 172.21.15.2:0/1605996267 >> [v2:172.21.15.2:3300/0,v1:172.21.15.2:6789/0] conn(0x7fdf40106970 0x7fdf40106d70 secure :-1 s=READY pgs=61 cs=0 l=1 rev1=1 crypto rx=0x7fdf30009820 tx=0x7fdf3002a270 comp rx=0 tx=0).stop
2024-09-21T13:33:59.898 INFO:teuthology.orchestra.run.smithi002.stdout:/usr/bin/ceph: stderr
2024-09-21T13:33:56.174+0000 7fdf457b8640 1 -- 172.21.15.2:0/1605996267 shutdown_connections
2024-09-21T13:33:59.898 INFO:teuthology.orchestra.run.smithi002.stdout:/usr/bin/ceph: stderr
2024-09-21T13:33:56.174+0000 7fdf457b8640 1 --2- 172.21.15.2:0/1605996267 >> [v2:172.21.15.2:3300/0,v1:172.21.15.2:6789/0] conn(0x7fdf40106970 0x7fdf40106d70 unknown :-1 s=CLOSED pgs=61 cs=0 l=1 rev1=1 crypto rx=0 tx=0 comp rx=0 tx=0).stop
2024-09-21T13:33:59.898 INFO:teuthology.orchestra.run.smithi002.stdout:/usr/bin/ceph: stderr
2024-09-21T13:33:56.174+0000 7fdf457b8640 1 -- 172.21.15.2:0/1605996267 >> 172.21.15.2:0/1605996267 conn(0x7fdf40102280 msgr2=0x7fdf401046a0 unknown :-1 s=STATE_NONE l=0).mark_down
2024-09-21T13:33:59.898 INFO:teuthology.orchestra.run.smithi002.stdout:/usr/bin/ceph: stderr
2024-09-21T13:33:56.174+0000 7fdf457b8640 1 -- 172.21.15.2:0/1605996267 shutdown_connections
2024-09-21T13:33:59.898 INFO:teuthology.orchestra.run.smithi002.stdout:/usr/bin/ceph: stderr
2024-09-21T13:33:56.174+0000 7fdf457b8640 1 -- 172.21.15.2:0/1605996267 wait complete.
2024-09-21T13:33:59.898 INFO:teuthology.orchestra.run.smithi002.stdout:/usr/bin/ceph: stderr
2024-09-21T13:33:56.174+0000 7fdf457b8640 1 Processor -- start
2024-09-21T13:33:59.898 INFO:teuthology.orchestra.run.smithi002.stdout:/usr/bin/ceph: stderr
2024-09-21T13:33:56.174+0000 7fdf457b8640 1 -- start start
2024-09-21T13:33:59.898 INFO:teuthology.orchestra.run.smithi002.stdout:/usr/bin/ceph: stderr
2024-09-21T13:33:56.175+0000 7fdf457b8640 1 --2- >> [v2:172.21.15.2:3300/0,v1:172.21.15.2:6789/0] conn(0x7fdf40106970 0x7fdf4007c980 unknown :-1 s=NONE pgs=0 cs=0 l=1 rev1=0 crypto rx=0 tx=0 comp rx=0 tx=0).connect
2024-09-21T13:33:59.898 INFO:teuthology.orchestra.run.smithi002.stdout:/usr/bin/ceph: stderr
2024-09-21T13:33:56.175+0000 7fdf457b8640 1 -- --> [v2:172.21.15.2:3300/0,v1:172.21.15.2:6789/0] -- mon_getmap magic: 0 -- 0x7fdf4010adf0 con 0x7fdf40106970
2024-09-21T13:33:59.899 INFO:teuthology.orchestra.run.smithi002.stdout:/usr/bin/ceph: stderr
2024-09-21T13:33:56.175+0000 7fdf3effd640 1 --2- >> [v2:172.21.15.2:3300/0,v1:172.21.15.2:6789/0] conn(0x7fdf40106970 0x7fdf4007c980 unknown :-1 s=BANNER_CONNECTING pgs=0 cs=0 l=1 rev1=0 crypto rx=0 tx=0 comp rx=0 tx=0)._handle_peer_banner_payload supported=3 required=0
2024-09-21T13:33:59.899 INFO:teuthology.orchestra.run.smithi002.stdout:/usr/bin/ceph: stderr
2024-09-21T13:33:56.175+0000 7fdf3effd640 1 --2- >> [v2:172.21.15.2:3300/0,v1:172.21.15.2:6789/0] conn(0x7fdf40106970 0x7fdf4007c980 unknown :-1 s=HELLO_CONNECTING pgs=0 cs=0 l=1 rev1=1 crypto rx=0 tx=0 comp rx=0 tx=0).handle_hello peer v2:172.21.15.2:3300/0 says I am v2:172.21.15.2:47980/0 (socket says 172.21.15.2:47980)
2024-09-21T13:33:59.899 INFO:teuthology.orchestra.run.smithi002.stdout:/usr/bin/ceph: stderr
2024-09-21T13:33:56.175+0000 7fdf3effd640 1 -- 172.21.15.2:0/460640374 learned_addr learned my addr 172.21.15.2:0/460640374 (peer_addr_for_me v2:172.21.15.2:0/0)
2024-09-21T13:33:59.899 INFO:teuthology.orchestra.run.smithi002.stdout:/usr/bin/ceph: stderr
2024-09-21T13:33:56.175+0000 7fdf3effd640 1 -- 172.21.15.2:0/460640374 --> [v2:172.21.15.2:3300/0,v1:172.21.15.2:6789/0] -- mon_subscribe({config=0+,monmap=0+}) -- 0x7fdf4007cee0 con 0x7fdf40106970
2024-09-21T13:33:59.899 INFO:teuthology.orchestra.run.smithi002.stdout:/usr/bin/ceph: stderr
2024-09-21T13:33:56.175+0000 7fdf3effd640 1 --2- 172.21.15.2:0/460640374 >> [v2:172.21.15.2:3300/0,v1:172.21.15.2:6789/0] conn(0x7fdf40106970 0x7fdf4007c980 secure :-1 s=READY pgs=62 cs=0 l=1 rev1=1 crypto rx=0x7fdf3002a830 tx=0x7fdf30030bc0 comp rx=0 tx=0).ready entity=mon.0 client_cookie=0 server_cookie=0 in_seq=0 out_seq=0
2024-09-21T13:33:59.899 INFO:teuthology.orchestra.run.smithi002.stdout:/usr/bin/ceph: stderr
2024-09-21T13:33:56.175+0000 7fdf37fff640 1 -- 172.21.15.2:0/460640374 <== mon.0 v2:172.21.15.2:3300/0 1 ==== mon_map magic: 0 ==== 205+0+0 (secure 0 0 0) 0x7fdf30037040 con 0x7fdf40106970
2024-09-21T13:33:59.899 INFO:teuthology.orchestra.run.smithi002.stdout:/usr/bin/ceph: stderr
2024-09-21T13:33:56.175+0000 7fdf37fff640 1 -- 172.21.15.2:0/460640374 <== mon.0 v2:172.21.15.2:3300/0 2 ==== config(25 keys) ==== 1054+0+0 (secure 0 0 0) 0x7fdf30040070 con 0x7fdf40106970
2024-09-21T13:33:59.899 INFO:teuthology.orchestra.run.smithi002.stdout:/usr/bin/ceph: stderr
2024-09-21T13:33:56.175+0000 7fdf457b8640 1 -- 172.21.15.2:0/460640374 --> [v2:172.21.15.2:3300/0,v1:172.21.15.2:6789/0] -- mon_subscribe({mgrmap=0+}) -- 0x7fdf4007b2d0 con 0x7fdf40106970
2024-09-21T13:33:59.899 INFO:teuthology.orchestra.run.smithi002.stdout:/usr/bin/ceph: stderr
2024-09-21T13:33:56.175+0000 7fdf37fff640 1 -- 172.21.15.2:0/460640374 <== mon.0 v2:172.21.15.2:3300/0 3 ==== mon_map magic: 0 ==== 205+0+0 (secure 0 0 0) 0x7fdf3003be40 con 0x7fdf40106970
2024-09-21T13:33:59.899 INFO:teuthology.orchestra.run.smithi002.stdout:/usr/bin/ceph: stderr
2024-09-21T13:33:56.175+0000 7fdf457b8640 1 -- 172.21.15.2:0/460640374 --> [v2:172.21.15.2:3300/0,v1:172.21.15.2:6789/0] -- mon_subscribe({osdmap=0}) -- 0x7fdf4007b850 con 0x7fdf40106970
2024-09-21T13:33:59.899 INFO:teuthology.orchestra.run.smithi002.stdout:/usr/bin/ceph: stderr
2024-09-21T13:33:56.176+0000 7fdf37fff640 1 -- 172.21.15.2:0/460640374 <== mon.0 v2:172.21.15.2:3300/0 4 ==== mgrmap(e 9) ==== 51820+0+0 (secure 0 0 0) 0x7fdf3003a4a0 con 0x7fdf40106970
2024-09-21T13:33:59.900 INFO:teuthology.orchestra.run.smithi002.stdout:/usr/bin/ceph: stderr
2024-09-21T13:33:56.177+0000 7fdf37fff640 1 --2- 172.21.15.2:0/460640374 >> v2:172.21.15.2:6800/2044640733 conn(0x7fdf2c03f910 0x7fdf2c041dd0 unknown :-1 s=NONE pgs=0 cs=0 l=1 rev1=0 crypto rx=0 tx=0 comp rx=0 tx=0).connect
2024-09-21T13:33:59.900 INFO:teuthology.orchestra.run.smithi002.stdout:/usr/bin/ceph: stderr
2024-09-21T13:33:56.177+0000 7fdf457b8640 1 -- 172.21.15.2:0/460640374 --> v2:172.21.15.2:6800/2044640733 -- command(tid 0: {"prefix": "get_command_descriptions"}) -- 0x7fdf4007d170 con 0x7fdf2c03f910
2024-09-21T13:33:59.900 INFO:teuthology.orchestra.run.smithi002.stdout:/usr/bin/ceph: stderr
2024-09-21T13:33:56.177+0000 7fdf3e7fc640 1 -- 172.21.15.2:0/460640374 >> v2:172.21.15.2:6800/2044640733 conn(0x7fdf2c03f910 msgr2=0x7fdf2c041dd0 unknown :-1 s=STATE_CONNECTING_RE l=1).process reconnect failed to v2:172.21.15.2:6800/2044640733
2024-09-21T13:33:59.900 INFO:teuthology.orchestra.run.smithi002.stdout:/usr/bin/ceph: stderr
2024-09-21T13:33:56.177+0000 7fdf37fff640 1 -- 172.21.15.2:0/460640374 <== mon.0 v2:172.21.15.2:3300/0 5 ==== osd_map(2..2 src has 1..2) ==== 897+0+0 (secure 0 0 0) 0x7fdf30074110 con 0x7fdf40106970
2024-09-21T13:33:59.900 INFO:teuthology.orchestra.run.smithi002.stdout:/usr/bin/ceph: stderr
2024-09-21T13:33:56.177+0000 7fdf3e7fc640 1 --2- 172.21.15.2:0/460640374 >> v2:172.21.15.2:6800/2044640733 conn(0x7fdf2c03f910 0x7fdf2c041dd0 unknown :-1 s=START_CONNECT pgs=0 cs=0 l=1 rev1=0 crypto rx=0 tx=0 comp rx=0 tx=0)._fault waiting 0.200000
2024-09-21T13:33:59.900 INFO:teuthology.orchestra.run.smithi002.stdout:/usr/bin/ceph: stderr
2024-09-21T13:33:56.378+0000 7fdf3e7fc640 1 -- 172.21.15.2:0/460640374 >> v2:172.21.15.2:6800/2044640733 conn(0x7fdf2c03f910 msgr2=0x7fdf2c041dd0 unknown :-1 s=STATE_CONNECTING_RE l=1).process reconnect failed to v2:172.21.15.2:6800/2044640733
2024-09-21T13:33:59.900 INFO:teuthology.orchestra.run.smithi002.stdout:/usr/bin/ceph: stderr
2024-09-21T13:33:56.378+0000 7fdf3e7fc640 1 --2- 172.21.15.2:0/460640374 >> v2:172.21.15.2:6800/2044640733 conn(0x7fdf2c03f910 0x7fdf2c041dd0 unknown :-1 s=START_CONNECT pgs=0 cs=0 l=1 rev1=0 crypto rx=0 tx=0 comp rx=0 tx=0)._fault waiting 0.400000
2024-09-21T13:33:59.901 INFO:teuthology.orchestra.run.smithi002.stdout:/usr/bin/ceph: stderr
2024-09-21T13:33:56.779+0000 7fdf3e7fc640 1 -- 172.21.15.2:0/460640374 >> v2:172.21.15.2:6800/2044640733 conn(0x7fdf2c03f910 msgr2=0x7fdf2c041dd0 unknown :-1 s=STATE_CONNECTING_RE l=1).process reconnect failed to v2:172.21.15.2:6800/2044640733
2024-09-21T13:33:59.901 INFO:teuthology.orchestra.run.smithi002.stdout:/usr/bin/ceph: stderr
2024-09-21T13:33:56.779+0000 7fdf3e7fc640 1 --2- 172.21.15.2:0/460640374 >> v2:172.21.15.2:6800/2044640733 conn(0x7fdf2c03f910 0x7fdf2c041dd0 unknown :-1 s=START_CONNECT pgs=0 cs=0 l=1 rev1=0 crypto rx=0 tx=0 comp rx=0 tx=0)._fault waiting 0.800000
2024-09-21T13:33:59.901 INFO:teuthology.orchestra.run.smithi002.stdout:/usr/bin/ceph: stderr
2024-09-21T13:33:57.581+0000 7fdf3e7fc640 1 -- 172.21.15.2:0/460640374 >> v2:172.21.15.2:6800/2044640733 conn(0x7fdf2c03f910 msgr2=0x7fdf2c041dd0 unknown :-1 s=STATE_CONNECTING_RE l=1).process reconnect failed to v2:172.21.15.2:6800/2044640733
2024-09-21T13:33:59.901 INFO:teuthology.orchestra.run.smithi002.stdout:/usr/bin/ceph: stderr
2024-09-21T13:33:57.581+0000 7fdf3e7fc640 1 --2- 172.21.15.2:0/460640374 >> v2:172.21.15.2:6800/2044640733 conn(0x7fdf2c03f910 0x7fdf2c041dd0 unknown :-1 s=START_CONNECT pgs=0 cs=0 l=1 rev1=0 crypto rx=0 tx=0 comp rx=0 tx=0)._fault waiting 1.600000
2024-09-21T13:33:59.901 INFO:teuthology.orchestra.run.smithi002.stdout:/usr/bin/ceph: stderr
2024-09-21T13:33:58.103+0000 7fdf37fff640 1 -- 172.21.15.2:0/460640374 <== mon.0 v2:172.21.15.2:3300/0 6 ==== mgrmap(e 10) ==== 51622+0+0 (secure 0 0 0) 0x7fdf30041d60 con 0x7fdf40106970
2024-09-21T13:33:59.901 INFO:teuthology.orchestra.run.smithi002.stdout:/usr/bin/ceph: stderr
2024-09-21T13:33:58.103+0000 7fdf37fff640 1 -- 172.21.15.2:0/460640374 >> v2:172.21.15.2:6800/2044640733 conn(0x7fdf2c03f910 msgr2=0x7fdf2c041dd0 unknown :-1 s=STATE_CONNECTING l=1).mark_down
2024-09-21T13:33:59.901 INFO:teuthology.orchestra.run.smithi002.stdout:/usr/bin/ceph: stderr
2024-09-21T13:33:58.103+0000 7fdf37fff640 1 --2- 172.21.15.2:0/460640374 >> v2:172.21.15.2:6800/2044640733 conn(0x7fdf2c03f910 0x7fdf2c041dd0 unknown :-1 s=START_CONNECT pgs=0 cs=0 l=1 rev1=0 crypto rx=0 tx=0 comp rx=0 tx=0).stop
2024-09-21T13:33:59.901 INFO:teuthology.orchestra.run.smithi002.stdout:/usr/bin/ceph: stderr
2024-09-21T13:33:59.104+0000 7fdf37fff640 1 -- 172.21.15.2:0/460640374 <== mon.0 v2:172.21.15.2:3300/0 7 ==== mgrmap(e 11) ==== 51714+0+0 (secure 0 0 0) 0x7fdf30042be0 con 0x7fdf40106970
2024-09-21T13:33:59.901 INFO:teuthology.orchestra.run.smithi002.stdout:/usr/bin/ceph: stderr
2024-09-21T13:33:59.104+0000 7fdf37fff640 1 --2- 172.21.15.2:0/460640374 >> v2:172.21.15.2:6800/3897423974 conn(0x7fdf2c042ff0 0x7fdf2c0453e0 unknown :-1 s=NONE pgs=0 cs=0 l=1 rev1=0 crypto rx=0 tx=0 comp rx=0 tx=0).connect
2024-09-21T13:33:59.901 INFO:teuthology.orchestra.run.smithi002.stdout:/usr/bin/ceph: stderr
2024-09-21T13:33:59.104+0000 7fdf37fff640 1 -- 172.21.15.2:0/460640374 --> v2:172.21.15.2:6800/3897423974 -- command(tid 0: {"prefix": "get_command_descriptions"}) -- 0x7fdf3003de70 con 0x7fdf2c042ff0
2024-09-21T13:33:59.901 INFO:teuthology.orchestra.run.smithi002.stdout:/usr/bin/ceph: stderr
2024-09-21T13:33:59.106+0000 7fdf3e7fc640 1 --2- 172.21.15.2:0/460640374 >> v2:172.21.15.2:6800/3897423974 conn(0x7fdf2c042ff0 0x7fdf2c0453e0 unknown :-1 s=BANNER_CONNECTING pgs=0 cs=0 l=1 rev1=0 crypto rx=0 tx=0 comp rx=0 tx=0)._handle_peer_banner_payload supported=3 required=0
2024-09-21T13:33:59.901 INFO:teuthology.orchestra.run.smithi002.stdout:/usr/bin/ceph: stderr
2024-09-21T13:33:59.107+0000 7fdf3e7fc640 1 --2- 172.21.15.2:0/460640374 >> v2:172.21.15.2:6800/3897423974 conn(0x7fdf2c042ff0 0x7fdf2c0453e0 secure :-1 s=READY pgs=4 cs=0 l=1 rev1=1 crypto rx=0x7fdf28003980 tx=0x7fdf280092b0 comp rx=0 tx=0).ready entity=mgr.14152 client_cookie=0 server_cookie=0 in_seq=0 out_seq=0
2024-09-21T13:33:59.901 INFO:teuthology.orchestra.run.smithi002.stdout:/usr/bin/ceph: stderr
2024-09-21T13:33:59.107+0000 7fdf37fff640 1 -- 172.21.15.2:0/460640374 <== mgr.14152 v2:172.21.15.2:6800/3897423974 1 ==== command_reply(tid 0: 0 ) ==== 8+0+9564 (secure 0 0 0) 0x7fdf3003de70 con 0x7fdf2c042ff0
2024-09-21T13:33:59.901 INFO:teuthology.orchestra.run.smithi002.stdout:/usr/bin/ceph: stderr
2024-09-21T13:33:59.115+0000 7fdf457b8640 1 -- 172.21.15.2:0/460640374 --> v2:172.21.15.2:6800/3897423974 -- command(tid 1: {"prefix": "mgr_status"}) -- 0x7fdf40106d70 con 0x7fdf2c042ff0
2024-09-21T13:33:59.902 INFO:teuthology.orchestra.run.smithi002.stdout:/usr/bin/ceph: stderr
2024-09-21T13:33:59.115+0000 7fdf37fff640 1 -- 172.21.15.2:0/460640374 <== mgr.14152 v2:172.21.15.2:6800/3897423974 2 ==== command_reply(tid 1: 0 ) ==== 8+0+52 (secure 0 0 0) 0x7fdf40106d70 con 0x7fdf2c042ff0
2024-09-21T13:33:59.902 INFO:teuthology.orchestra.run.smithi002.stdout:/usr/bin/ceph: stderr
2024-09-21T13:33:59.116+0000 7fdf457b8640 1 -- 172.21.15.2:0/460640374 >> v2:172.21.15.2:6800/3897423974 conn(0x7fdf2c042ff0 msgr2=0x7fdf2c0453e0 secure :-1 s=STATE_CONNECTION_ESTABLISHED l=1).mark_down
2024-09-21T13:33:59.902 INFO:teuthology.orchestra.run.smithi002.stdout:/usr/bin/ceph: stderr
2024-09-21T13:33:59.116+0000 7fdf457b8640 1 --2- 172.21.15.2:0/460640374 >> v2:172.21.15.2:6800/3897423974 conn(0x7fdf2c042ff0 0x7fdf2c0453e0 secure :-1 s=READY pgs=4 cs=0 l=1 rev1=1 crypto rx=0x7fdf28003980 tx=0x7fdf280092b0 comp rx=0 tx=0).stop
2024-09-21T13:33:59.902 INFO:teuthology.orchestra.run.smithi002.stdout:/usr/bin/ceph: stderr
2024-09-21T13:33:59.116+0000 7fdf457b8640 1 -- 172.21.15.2:0/460640374 >> [v2:172.21.15.2:3300/0,v1:172.21.15.2:6789/0] conn(0x7fdf40106970 msgr2=0x7fdf4007c980 secure :-1 s=STATE_CONNECTION_ESTABLISHED l=1).mark_down
2024-09-21T13:33:59.902 INFO:teuthology.orchestra.run.smithi002.stdout:/usr/bin/ceph: stderr
2024-09-21T13:33:59.116+0000 7fdf457b8640 1 --2- 172.21.15.2:0/460640374 >> [v2:172.21.15.2:3300/0,v1:172.21.15.2:6789/0] conn(0x7fdf40106970 0x7fdf4007c980 secure :-1 s=READY pgs=62 cs=0 l=1 rev1=1 crypto rx=0x7fdf3002a830 tx=0x7fdf30030bc0 comp rx=0 tx=0).stop
2024-09-21T13:33:59.902 INFO:teuthology.orchestra.run.smithi002.stdout:/usr/bin/ceph: stderr
2024-09-21T13:33:59.116+0000 7fdf457b8640 1 -- 172.21.15.2:0/460640374 shutdown_connections
2024-09-21T13:33:59.902 INFO:teuthology.orchestra.run.smithi002.stdout:/usr/bin/ceph: stderr
2024-09-21T13:33:59.116+0000 7fdf457b8640 1 --2- 172.21.15.2:0/460640374 >> v2:172.21.15.2:6800/3897423974 conn(0x7fdf2c042ff0 0x7fdf2c0453e0 unknown :-1 s=CLOSED pgs=4 cs=0 l=1 rev1=1 crypto rx=0 tx=0 comp rx=0 tx=0).stop
2024-09-21T13:33:59.902 INFO:teuthology.orchestra.run.smithi002.stdout:/usr/bin/ceph: stderr
2024-09-21T13:33:59.116+0000 7fdf457b8640 1 --2- 172.21.15.2:0/460640374 >> v2:172.21.15.2:6800/2044640733 conn(0x7fdf2c03f910 0x7fdf2c041dd0 unknown :-1 s=CLOSED pgs=0 cs=0 l=1 rev1=0 crypto rx=0 tx=0 comp rx=0 tx=0).stop
2024-09-21T13:33:59.902 INFO:teuthology.orchestra.run.smithi002.stdout:/usr/bin/ceph: stderr
2024-09-21T13:33:59.116+0000 7fdf457b8640 1 --2- 172.21.15.2:0/460640374 >> [v2:172.21.15.2:3300/0,v1:172.21.15.2:6789/0] conn(0x7fdf40106970 0x7fdf4007c980 unknown :-1 s=CLOSED pgs=62 cs=0 l=1 rev1=1 crypto rx=0 tx=0 comp rx=0 tx=0).stop
2024-09-21T13:33:59.902 INFO:teuthology.orchestra.run.smithi002.stdout:/usr/bin/ceph: stderr
2024-09-21T13:33:59.116+0000 7fdf457b8640 1 -- 172.21.15.2:0/460640374 >> 172.21.15.2:0/460640374 conn(0x7fdf40102280 msgr2=0x7fdf40102d00 unknown :-1 s=STATE_NONE l=0).mark_down
2024-09-21T13:33:59.902 INFO:teuthology.orchestra.run.smithi002.stdout:/usr/bin/ceph: stderr
2024-09-21T13:33:59.116+0000 7fdf457b8640 1 -- 172.21.15.2:0/460640374 shutdown_connections
2024-09-21T13:33:59.903 INFO:teuthology.orchestra.run.smithi002.stdout:/usr/bin/ceph: stderr
2024-09-21T13:33:59.116+0000 7fdf457b8640 1 -- 172.21.15.2:0/460640374 wait complete.
2024-09-21T13:33:59.903 INFO:teuthology.orchestra.run.smithi002.stdout:mgr epoch 9 is available
2024-09-21T13:33:59.903 INFO:teuthology.orchestra.run.smithi002.stdout:Using certmgr to generate dashboard self-signed certificate...
2024-09-21T13:34:00.600 INFO:journalctl@ceph.mon.a.smithi002.stdout:Sep 21 13:34:00 smithi002 ceph-mon[30076]: from='client.14156 -' entity='client.admin' cmd=[{"prefix": "get_command_descriptions"}]: dispatch
2024-09-21T13:34:00.600 INFO:journalctl@ceph.mon.a.smithi002.stdout:Sep 21 13:34:00 smithi002 ceph-mon[30076]: from='client.14156 -' entity='client.admin' cmd=[{"prefix": "mgr_status"}]: dispatch
2024-09-21T13:34:01.350 INFO:journalctl@ceph.mon.a.smithi002.stdout:Sep 21 13:34:01 smithi002 ceph-mon[30076]: mgrmap e12: y(active, since 2s)
2024-09-21T13:34:01.350 INFO:journalctl@ceph.mon.a.smithi002.stdout:Sep 21 13:34:01 smithi002 ceph-mon[30076]: from='mgr.14152 172.21.15.2:0/1530208758' entity='mgr.y'
2024-09-21T13:34:01.850 INFO:journalctl@ceph.mgr.y.smithi002.stdout:Sep 21 13:34:01 smithi002 ceph-e6144070-781d-11ef-baf6-efdc52797490-mgr-y[30335]:
2024-09-21T13:34:01.604+0000 7f99abaf8640 -1 log_channel(cephadm) log [ERR] : [21/Sep/2024:13:34:01] ENGINE Error in HTTPServer.serve
2024-09-21T13:34:01.851 INFO:journalctl@ceph.mgr.y.smithi002.stdout:Sep 21 13:34:01 smithi002 ceph-e6144070-781d-11ef-baf6-efdc52797490-mgr-y[30335]: Traceback (most recent call last):
2024-09-21T13:34:01.851 INFO:journalctl@ceph.mgr.y.smithi002.stdout:Sep 21 13:34:01 smithi002 ceph-e6144070-781d-11ef-baf6-efdc52797490-mgr-y[30335]: File "/lib/python3.9/site-packages/cheroot/server.py", line 1823, in serve
2024-09-21T13:34:01.851 INFO:journalctl@ceph.mgr.y.smithi002.stdout:Sep 21 13:34:01 smithi002 ceph-e6144070-781d-11ef-baf6-efdc52797490-mgr-y[30335]: self._connections.run(self.expiration_interval)
2024-09-21T13:34:01.851 INFO:journalctl@ceph.mgr.y.smithi002.stdout:Sep 21 13:34:01 smithi002 ceph-e6144070-781d-11ef-baf6-efdc52797490-mgr-y[30335]: File "/lib/python3.9/site-packages/cheroot/connections.py", line 203, in run
2024-09-21T13:34:01.851 INFO:journalctl@ceph.mgr.y.smithi002.stdout:Sep 21 13:34:01 smithi002 ceph-e6144070-781d-11ef-baf6-efdc52797490-mgr-y[30335]: self._run(expiration_interval)
2024-09-21T13:34:01.851 INFO:journalctl@ceph.mgr.y.smithi002.stdout:Sep 21 13:34:01 smithi002 ceph-e6144070-781d-11ef-baf6-efdc52797490-mgr-y[30335]: File "/lib/python3.9/site-packages/cheroot/connections.py", line 246, in _run
2024-09-21T13:34:01.851 INFO:journalctl@ceph.mgr.y.smithi002.stdout:Sep 21 13:34:01 smithi002 ceph-e6144070-781d-11ef-baf6-efdc52797490-mgr-y[30335]: new_conn = self._from_server_socket(self.server.socket)
2024-09-21T13:34:01.851 INFO:journalctl@ceph.mgr.y.smithi002.stdout:Sep 21 13:34:01 smithi002 ceph-e6144070-781d-11ef-baf6-efdc52797490-mgr-y[30335]: File "/lib/python3.9/site-packages/cheroot/connections.py", line 300, in _from_server_socket
2024-09-21T13:34:01.851 INFO:journalctl@ceph.mgr.y.smithi002.stdout:Sep 21 13:34:01 smithi002 ceph-e6144070-781d-11ef-baf6-efdc52797490-mgr-y[30335]: s, ssl_env = self.server.ssl_adapter.wrap(s)
2024-09-21T13:34:01.851 INFO:journalctl@ceph.mgr.y.smithi002.stdout:Sep 21 13:34:01 smithi002 ceph-e6144070-781d-11ef-baf6-efdc52797490-mgr-y[30335]: File "/lib/python3.9/site-packages/cheroot/ssl/builtin.py", line 277, in wrap
2024-09-21T13:34:01.851 INFO:journalctl@ceph.mgr.y.smithi002.stdout:Sep 21 13:34:01 smithi002 ceph-e6144070-781d-11ef-baf6-efdc52797490-mgr-y[30335]: s = self.context.wrap_socket(
2024-09-21T13:34:01.851 INFO:journalctl@ceph.mgr.y.smithi002.stdout:Sep 21 13:34:01 smithi002 ceph-e6144070-781d-11ef-baf6-efdc52797490-mgr-y[30335]: File "/lib64/python3.9/ssl.py", line 501, in wrap_socket
2024-09-21T13:34:01.851 INFO:journalctl@ceph.mgr.y.smithi002.stdout:Sep 21 13:34:01 smithi002 ceph-e6144070-781d-11ef-baf6-efdc52797490-mgr-y[30335]: return self.sslsocket_class._create(
2024-09-21T13:34:01.852 INFO:journalctl@ceph.mgr.y.smithi002.stdout:Sep 21 13:34:01 smithi002 ceph-e6144070-781d-11ef-baf6-efdc52797490-mgr-y[30335]: File "/lib64/python3.9/ssl.py", line 1074, in _create
2024-09-21T13:34:01.852 INFO:journalctl@ceph.mgr.y.smithi002.stdout:Sep 21 13:34:01 smithi002 ceph-e6144070-781d-11ef-baf6-efdc52797490-mgr-y[30335]: self.do_handshake()
2024-09-21T13:34:01.852 INFO:journalctl@ceph.mgr.y.smithi002.stdout:Sep 21 13:34:01 smithi002 ceph-e6144070-781d-11ef-baf6-efdc52797490-mgr-y[30335]: File "/lib64/python3.9/ssl.py", line 1343, in do_handshake
2024-09-21T13:34:01.852 INFO:journalctl@ceph.mgr.y.smithi002.stdout:Sep 21 13:34:01 smithi002 ceph-e6144070-781d-11ef-baf6-efdc52797490-mgr-y[30335]: self._sslobj.do_handshake()
2024-09-21T13:34:01.852 INFO:journalctl@ceph.mgr.y.smithi002.stdout:Sep 21 13:34:01 smithi002 ceph-e6144070-781d-11ef-baf6-efdc52797490-mgr-y[30335]: ssl.SSLZeroReturnError: TLS/SSL connection has been closed (EOF) (_ssl.c:1133)
2024-09-21T13:34:01.852 INFO:journalctl@ceph.mgr.y.smithi002.stdout:Sep 21 13:34:01 smithi002 ceph-e6144070-781d-11ef-baf6-efdc52797490-mgr-y[30335]:
