2024-09-21T13:33:34.808+0000 7f469effd640 1 --2- 172.21.15.2:0/1742805888 >> [v2:172.21.15.2:3300/0,v1:172.21.15.2:6789/0] conn(0x7f46a0106970 0x7f46a019a8d0 secure :-1 s=READY pgs=38 cs=0 l=1 rev1=1 crypto rx=0x7f4690008dc0 tx=0x7f4690008df0 comp rx=0 tx=0).ready entity=mon.0 client_cookie=0 server_cookie=0 in_seq=0 out_seq=0
2024-09-21T13:33:35.615 INFO:teuthology.orchestra.run.smithi002.stdout:/usr/bin/ceph: stderr
2024-09-21T13:33:34.808+0000 7f46a48f9640 1 -- 172.21.15.2:0/1742805888 <== mon.0 v2:172.21.15.2:3300/0 1 ==== mon_map magic: 0 ==== 205+0+0 (secure 0 0 0) 0x7f4690041020 con 0x7f46a0106970
2024-09-21T13:33:35.615 INFO:teuthology.orchestra.run.smithi002.stdout:/usr/bin/ceph: stderr
2024-09-21T13:33:34.808+0000 7f46a48f9640 1 -- 172.21.15.2:0/1742805888 <== mon.0 v2:172.21.15.2:3300/0 2 ==== config(25 keys) ==== 1023+0+0 (secure 0 0 0) 0x7f4690031a10 con 0x7f46a0106970
2024-09-21T13:33:35.615 INFO:teuthology.orchestra.run.smithi002.stdout:/usr/bin/ceph: stderr
2024-09-21T13:33:34.808+0000 7f46a58fb640 1 -- 172.21.15.2:0/1742805888 --> [v2:172.21.15.2:3300/0,v1:172.21.15.2:6789/0] -- mon_subscribe({mgrmap=0+}) -- 0x7f46a019b0c0 con 0x7f46a0106970
2024-09-21T13:33:35.615 INFO:teuthology.orchestra.run.smithi002.stdout:/usr/bin/ceph: stderr
2024-09-21T13:33:34.808+0000 7f46a48f9640 1 -- 172.21.15.2:0/1742805888 <== mon.0 v2:172.21.15.2:3300/0 3 ==== mon_map magic: 0 ==== 205+0+0 (secure 0 0 0) 0x7f4690036040 con 0x7f46a0106970
2024-09-21T13:33:35.615 INFO:teuthology.orchestra.run.smithi002.stdout:/usr/bin/ceph: stderr
2024-09-21T13:33:34.808+0000 7f46a58fb640 1 -- 172.21.15.2:0/1742805888 --> [v2:172.21.15.2:3300/0,v1:172.21.15.2:6789/0] -- mon_subscribe({osdmap=0}) -- 0x7f46a019bb00 con 0x7f46a0106970
2024-09-21T13:33:35.615 INFO:teuthology.orchestra.run.smithi002.stdout:/usr/bin/ceph: stderr
2024-09-21T13:33:34.809+0000 7f46a48f9640 1 -- 172.21.15.2:0/1742805888 <== mon.0 v2:172.21.15.2:3300/0 4 ==== mgrmap(e 8) ==== 51807+0+0 (secure 0 0 0) 0x7f4690044020 con 0x7f46a0106970
2024-09-21T13:33:35.615 INFO:teuthology.orchestra.run.smithi002.stdout:/usr/bin/ceph: stderr
2024-09-21T13:33:34.809+0000 7f46a58fb640 1 -- 172.21.15.2:0/1742805888 --> [v2:172.21.15.2:3300/0,v1:172.21.15.2:6789/0] -- mon_command({"prefix": "get_command_descriptions"} v 0) -- 0x7f46a0106df0 con 0x7f46a0106970
2024-09-21T13:33:35.616 INFO:teuthology.orchestra.run.smithi002.stdout:/usr/bin/ceph: stderr
2024-09-21T13:33:34.810+0000 7f46a48f9640 1 --2- 172.21.15.2:0/1742805888 >> v2:172.21.15.2:6800/2044640733 conn(0x7f468c03f8c0 0x7f468c041d80 unknown :-1 s=NONE pgs=0 cs=0 l=1 rev1=0 crypto rx=0 tx=0 comp rx=0 tx=0).connect
2024-09-21T13:33:35.616 INFO:teuthology.orchestra.run.smithi002.stdout:/usr/bin/ceph: stderr
2024-09-21T13:33:34.810+0000 7f46a48f9640 1 -- 172.21.15.2:0/1742805888 <== mon.0 v2:172.21.15.2:3300/0 5 ==== osd_map(2..2 src has 1..2) ==== 897+0+0 (secure 0 0 0) 0x7f46900756b0 con 0x7f46a0106970
2024-09-21T13:33:35.616 INFO:teuthology.orchestra.run.smithi002.stdout:/usr/bin/ceph: stderr
2024-09-21T13:33:34.810+0000 7f469e7fc640 1 --2- 172.21.15.2:0/1742805888 >> v2:172.21.15.2:6800/2044640733 conn(0x7f468c03f8c0 0x7f468c041d80 unknown :-1 s=BANNER_CONNECTING pgs=0 cs=0 l=1 rev1=0 crypto rx=0 tx=0 comp rx=0 tx=0)._handle_peer_banner_payload supported=3 required=0
2024-09-21T13:33:35.616 INFO:teuthology.orchestra.run.smithi002.stdout:/usr/bin/ceph: stderr
2024-09-21T13:33:34.810+0000 7f469e7fc640 1 --2- 172.21.15.2:0/1742805888 >> v2:172.21.15.2:6800/2044640733 conn(0x7f468c03f8c0 0x7f468c041d80 secure :-1 s=READY pgs=8 cs=0 l=1 rev1=1 crypto rx=0x7f46880098c0 tx=0x7f4688006db0 comp rx=0 tx=0).ready entity=mgr.14118 client_cookie=0 server_cookie=0 in_seq=0 out_seq=0
2024-09-21T13:33:35.616 INFO:teuthology.orchestra.run.smithi002.stdout:/usr/bin/ceph: stderr
2024-09-21T13:33:34.814+0000 7f46a48f9640 1 -- 172.21.15.2:0/1742805888 <== mon.0 v2:172.21.15.2:3300/0 6 ==== mon_command_ack([{"prefix": "get_command_descriptions"}]=0 v0) ==== 72+0+198400 (secure 0 0 0) 0x7f469004b020 con 0x7f46a0106970
2024-09-21T13:33:35.616 INFO:teuthology.orchestra.run.smithi002.stdout:/usr/bin/ceph: stderr
2024-09-21T13:33:35.019+0000 7f46a58fb640 1 -- 172.21.15.2:0/1742805888 --> v2:172.21.15.2:6800/2044640733 -- mgr_command(tid 0: {"prefix": "orch set backend", "module_name": "cephadm", "target": ["mon-mgr", ""]}) -- 0x7f46a0103430 con 0x7f468c03f8c0
2024-09-21T13:33:35.616 INFO:teuthology.orchestra.run.smithi002.stdout:/usr/bin/ceph: stderr
2024-09-21T13:33:35.024+0000 7f46a48f9640 1 -- 172.21.15.2:0/1742805888 <== mgr.14118 v2:172.21.15.2:6800/2044640733 1 ==== mgr_command_reply(tid 0: 0 ) ==== 8+0+0 (secure 0 0 0) 0x7f46a0103430 con 0x7f468c03f8c0
2024-09-21T13:33:35.616 INFO:teuthology.orchestra.run.smithi002.stdout:/usr/bin/ceph: stderr
2024-09-21T13:33:35.026+0000 7f46a58fb640 1 -- 172.21.15.2:0/1742805888 >> v2:172.21.15.2:6800/2044640733 conn(0x7f468c03f8c0 msgr2=0x7f468c041d80 secure :-1 s=STATE_CONNECTION_ESTABLISHED l=1).mark_down
2024-09-21T13:33:35.616 INFO:teuthology.orchestra.run.smithi002.stdout:/usr/bin/ceph: stderr
2024-09-21T13:33:35.027+0000 7f46a58fb640 1 --2- 172.21.15.2:0/1742805888 >> v2:172.21.15.2:6800/2044640733 conn(0x7f468c03f8c0 0x7f468c041d80 secure :-1 s=READY pgs=8 cs=0 l=1 rev1=1 crypto rx=0x7f46880098c0 tx=0x7f4688006db0 comp rx=0 tx=0).stop
2024-09-21T13:33:35.616 INFO:teuthology.orchestra.run.smithi002.stdout:/usr/bin/ceph: stderr
2024-09-21T13:33:35.027+0000 7f46a58fb640 1 -- 172.21.15.2:0/1742805888 >> [v2:172.21.15.2:3300/0,v1:172.21.15.2:6789/0] conn(0x7f46a0106970 msgr2=0x7f46a019a8d0 secure :-1 s=STATE_CONNECTION_ESTABLISHED l=1).mark_down
2024-09-21T13:33:35.616 INFO:teuthology.orchestra.run.smithi002.stdout:/usr/bin/ceph: stderr
2024-09-21T13:33:35.027+0000 7f46a58fb640 1 --2- 172.21.15.2:0/1742805888 >> [v2:172.21.15.2:3300/0,v1:172.21.15.2:6789/0] conn(0x7f46a0106970 0x7f46a019a8d0 secure :-1 s=READY pgs=38 cs=0 l=1 rev1=1 crypto rx=0x7f4690008dc0 tx=0x7f4690008df0 comp rx=0 tx=0).stop
2024-09-21T13:33:35.616 INFO:teuthology.orchestra.run.smithi002.stdout:/usr/bin/ceph: stderr
2024-09-21T13:33:35.027+0000 7f46a58fb640 1 -- 172.21.15.2:0/1742805888 shutdown_connections
2024-09-21T13:33:35.616 INFO:teuthology.orchestra.run.smithi002.stdout:/usr/bin/ceph: stderr
2024-09-21T13:33:35.027+0000 7f46a58fb640 1 --2- 172.21.15.2:0/1742805888 >> v2:172.21.15.2:6800/2044640733 conn(0x7f468c03f8c0 0x7f468c041d80 unknown :-1 s=CLOSED pgs=8 cs=0 l=1 rev1=1 crypto rx=0 tx=0 comp rx=0 tx=0).stop
2024-09-21T13:33:35.616 INFO:teuthology.orchestra.run.smithi002.stdout:/usr/bin/ceph: stderr
2024-09-21T13:33:35.027+0000 7f46a58fb640 1 --2- 172.21.15.2:0/1742805888 >> [v2:172.21.15.2:3300/0,v1:172.21.15.2:6789/0] conn(0x7f46a0106970 0x7f46a019a8d0 unknown :-1 s=CLOSED pgs=38 cs=0 l=1 rev1=1 crypto rx=0 tx=0 comp rx=0 tx=0).stop
2024-09-21T13:33:35.617 INFO:teuthology.orchestra.run.smithi002.stdout:/usr/bin/ceph: stderr
2024-09-21T13:33:35.027+0000 7f46a58fb640 1 -- 172.21.15.2:0/1742805888 >> 172.21.15.2:0/1742805888 conn(0x7f46a0102280 msgr2=0x7f46a0102d20 unknown :-1 s=STATE_NONE l=0).mark_down
2024-09-21T13:33:35.617 INFO:teuthology.orchestra.run.smithi002.stdout:/usr/bin/ceph: stderr
2024-09-21T13:33:35.027+0000 7f46a58fb640 1 -- 172.21.15.2:0/1742805888 shutdown_connections
2024-09-21T13:33:35.617 INFO:teuthology.orchestra.run.smithi002.stdout:/usr/bin/ceph: stderr
2024-09-21T13:33:35.027+0000 7f46a58fb640 1 -- 172.21.15.2:0/1742805888 wait complete.
2024-09-21T13:33:36.119 INFO:journalctl@ceph.mon.a.smithi002.stdout:Sep 21 13:33:36 smithi002 ceph-mon[30076]: from='client.14132 -' entity='client.admin' cmd=[{"prefix": "orch set backend", "module_name": "cephadm", "target": ["mon-mgr", ""]}]: dispatch
2024-09-21T13:33:36.119 INFO:journalctl@ceph.mon.a.smithi002.stdout:Sep 21 13:33:36 smithi002 ceph-mon[30076]: from='mgr.14118 172.21.15.2:0/4238019204' entity='mgr.y'
2024-09-21T13:33:36.119 INFO:journalctl@ceph.mon.a.smithi002.stdout:Sep 21 13:33:36 smithi002 ceph-mon[30076]: from='mgr.14118 172.21.15.2:0/4238019204' entity='mgr.y' cmd={"prefix": "config dump", "format": "json"} : dispatch
2024-09-21T13:33:36.902 INFO:teuthology.orchestra.run.smithi002.stdout:/usr/bin/ceph: stdout value unchanged
2024-09-21T13:33:36.902 INFO:teuthology.orchestra.run.smithi002.stdout:/usr/bin/ceph: stderr
2024-09-21T13:33:36.117+0000 7f440063a640 1 Processor -- start
2024-09-21T13:33:36.902 INFO:teuthology.orchestra.run.smithi002.stdout:/usr/bin/ceph: stderr
2024-09-21T13:33:36.117+0000 7f440063a640 1 -- start start
2024-09-21T13:33:36.902 INFO:teuthology.orchestra.run.smithi002.stdout:/usr/bin/ceph: stderr
2024-09-21T13:33:36.117+0000 7f440063a640 1 --2- >> [v2:172.21.15.2:3300/0,v1:172.21.15.2:6789/0] conn(0x7f43f8106970 0x7f43f8106d70 unknown :-1 s=NONE pgs=0 cs=0 l=0 rev1=0 crypto rx=0 tx=0 comp rx=0 tx=0).connect
2024-09-21T13:33:36.902 INFO:teuthology.orchestra.run.smithi002.stdout:/usr/bin/ceph: stderr
2024-09-21T13:33:36.117+0000 7f440063a640 1 -- --> [v2:172.21.15.2:3300/0,v1:172.21.15.2:6789/0] -- mon_getmap magic: 0 -- 0x7f43f8107360 con 0x7f43f8106970
2024-09-21T13:33:36.903 INFO:teuthology.orchestra.run.smithi002.stdout:/usr/bin/ceph: stderr
2024-09-21T13:33:36.118+0000 7f43fe3d6640 1 --2- >> [v2:172.21.15.2:3300/0,v1:172.21.15.2:6789/0] conn(0x7f43f8106970 0x7f43f8106d70 unknown :-1 s=BANNER_CONNECTING pgs=0 cs=0 l=0 rev1=0 crypto rx=0 tx=0 comp rx=0 tx=0)._handle_peer_banner_payload supported=3 required=0
2024-09-21T13:33:36.903 INFO:teuthology.orchestra.run.smithi002.stdout:/usr/bin/ceph: stderr
2024-09-21T13:33:36.118+0000 7f43fe3d6640 1 --2- >> [v2:172.21.15.2:3300/0,v1:172.21.15.2:6789/0] conn(0x7f43f8106970 0x7f43f8106d70 unknown :-1 s=HELLO_CONNECTING pgs=0 cs=0 l=0 rev1=1 crypto rx=0 tx=0 comp rx=0 tx=0).handle_hello peer v2:172.21.15.2:3300/0 says I am v2:172.21.15.2:52660/0 (socket says 172.21.15.2:52660)
2024-09-21T13:33:36.903 INFO:teuthology.orchestra.run.smithi002.stdout:/usr/bin/ceph: stderr
2024-09-21T13:33:36.118+0000 7f43fe3d6640 1 -- 172.21.15.2:0/3922552378 learned_addr learned my addr 172.21.15.2:0/3922552378 (peer_addr_for_me v2:172.21.15.2:0/0)
2024-09-21T13:33:36.903 INFO:teuthology.orchestra.run.smithi002.stdout:/usr/bin/ceph: stderr
2024-09-21T13:33:36.118+0000 7f43fe3d6640 1 -- 172.21.15.2:0/3922552378 --> [v2:172.21.15.2:3300/0,v1:172.21.15.2:6789/0] -- mon_subscribe({config=0+,monmap=0+}) -- 0x7f43f81074e0 con 0x7f43f8106970
2024-09-21T13:33:36.903 INFO:teuthology.orchestra.run.smithi002.stdout:/usr/bin/ceph: stderr
2024-09-21T13:33:36.119+0000 7f43fe3d6640 1 --2- 172.21.15.2:0/3922552378 >> [v2:172.21.15.2:3300/0,v1:172.21.15.2:6789/0] conn(0x7f43f8106970 0x7f43f8106d70 secure :-1 s=READY pgs=39 cs=0 l=1 rev1=1 crypto rx=0x7f43e8009e80 tx=0x7f43e802a7a0 comp rx=0 tx=0).ready entity=mon.0 client_cookie=4ae5a6792a95edf server_cookie=0 in_seq=0 out_seq=0
2024-09-21T13:33:36.903 INFO:teuthology.orchestra.run.smithi002.stdout:/usr/bin/ceph: stderr
2024-09-21T13:33:36.119+0000 7f43fd3d4640 1 -- 172.21.15.2:0/3922552378 <== mon.0 v2:172.21.15.2:3300/0 1 ==== mon_map magic: 0 ==== 205+0+0 (secure 0 0 0) 0x7f43e8036070 con 0x7f43f8106970
2024-09-21T13:33:36.903 INFO:teuthology.orchestra.run.smithi002.stdout:/usr/bin/ceph: stderr
2024-09-21T13:33:36.119+0000 7f43fd3d4640 1 -- 172.21.15.2:0/3922552378 <== mon.0 v2:172.21.15.2:3300/0 2 ==== config(25 keys) ==== 1023+0+0 (secure 0 0 0) 0x7f43e8031860 con 0x7f43f8106970
2024-09-21T13:33:36.903 INFO:teuthology.orchestra.run.smithi002.stdout:/usr/bin/ceph: stderr
2024-09-21T13:33:36.119+0000 7f43fd3d4640 1 -- 172.21.15.2:0/3922552378 <== mon.0 v2:172.21.15.2:3300/0 3 ==== mon_map magic: 0 ==== 205+0+0 (secure 0 0 0) 0x7f43e8007880 con 0x7f43f8106970
2024-09-21T13:33:36.903 INFO:teuthology.orchestra.run.smithi002.stdout:/usr/bin/ceph: stderr
2024-09-21T13:33:36.120+0000 7f440063a640 1 -- 172.21.15.2:0/3922552378 >> [v2:172.21.15.2:3300/0,v1:172.21.15.2:6789/0] conn(0x7f43f8106970 msgr2=0x7f43f8106d70 secure :-1 s=STATE_CONNECTION_ESTABLISHED l=1).mark_down
2024-09-21T13:33:36.903 INFO:teuthology.orchestra.run.smithi002.stdout:/usr/bin/ceph: stderr
2024-09-21T13:33:36.120+0000 7f440063a640 1 --2- 172.21.15.2:0/3922552378 >> [v2:172.21.15.2:3300/0,v1:172.21.15.2:6789/0] conn(0x7f43f8106970 0x7f43f8106d70 secure :-1 s=READY pgs=39 cs=0 l=1 rev1=1 crypto rx=0x7f43e8009e80 tx=0x7f43e802a7a0 comp rx=0 tx=0).stop
2024-09-21T13:33:36.903 INFO:teuthology.orchestra.run.smithi002.stdout:/usr/bin/ceph: stderr
2024-09-21T13:33:36.120+0000 7f440063a640 1 -- 172.21.15.2:0/3922552378 shutdown_connections
2024-09-21T13:33:36.903 INFO:teuthology.orchestra.run.smithi002.stdout:/usr/bin/ceph: stderr
2024-09-21T13:33:36.120+0000 7f440063a640 1 --2- 172.21.15.2:0/3922552378 >> [v2:172.21.15.2:3300/0,v1:172.21.15.2:6789/0] conn(0x7f43f8106970 0x7f43f8106d70 unknown :-1 s=CLOSED pgs=39 cs=0 l=1 rev1=1 crypto rx=0 tx=0 comp rx=0 tx=0).stop
2024-09-21T13:33:36.903 INFO:teuthology.orchestra.run.smithi002.stdout:/usr/bin/ceph: stderr
2024-09-21T13:33:36.120+0000 7f440063a640 1 -- 172.21.15.2:0/3922552378 >> 172.21.15.2:0/3922552378 conn(0x7f43f8102280 msgr2=0x7f43f81046a0 unknown :-1 s=STATE_NONE l=0).mark_down
2024-09-21T13:33:36.904 INFO:teuthology.orchestra.run.smithi002.stdout:/usr/bin/ceph: stderr
2024-09-21T13:33:36.120+0000 7f440063a640 1 -- 172.21.15.2:0/3922552378 shutdown_connections
2024-09-21T13:33:36.904 INFO:teuthology.orchestra.run.smithi002.stdout:/usr/bin/ceph: stderr
2024-09-21T13:33:36.120+0000 7f440063a640 1 -- 172.21.15.2:0/3922552378 wait complete.
2024-09-21T13:33:36.904 INFO:teuthology.orchestra.run.smithi002.stdout:/usr/bin/ceph: stderr
2024-09-21T13:33:36.120+0000 7f440063a640 1 Processor -- start
2024-09-21T13:33:36.904 INFO:teuthology.orchestra.run.smithi002.stdout:/usr/bin/ceph: stderr
2024-09-21T13:33:36.120+0000 7f440063a640 1 -- start start
2024-09-21T13:33:36.904 INFO:teuthology.orchestra.run.smithi002.stdout:/usr/bin/ceph: stderr
2024-09-21T13:33:36.121+0000 7f440063a640 1 --2- >> [v2:172.21.15.2:3300/0,v1:172.21.15.2:6789/0] conn(0x7f43f8106970 0x7f43f819a8f0 unknown :-1 s=NONE pgs=0 cs=0 l=1 rev1=0 crypto rx=0 tx=0 comp rx=0 tx=0).connect
2024-09-21T13:33:36.904 INFO:teuthology.orchestra.run.smithi002.stdout:/usr/bin/ceph: stderr
2024-09-21T13:33:36.121+0000 7f440063a640 1 -- --> [v2:172.21.15.2:3300/0,v1:172.21.15.2:6789/0] -- mon_getmap magic: 0 -- 0x7f43f810adf0 con 0x7f43f8106970
2024-09-21T13:33:36.904 INFO:teuthology.orchestra.run.smithi002.stdout:/usr/bin/ceph: stderr
2024-09-21T13:33:36.121+0000 7f43fe3d6640 1 --2- >> [v2:172.21.15.2:3300/0,v1:172.21.15.2:6789/0] conn(0x7f43f8106970 0x7f43f819a8f0 unknown :-1 s=BANNER_CONNECTING pgs=0 cs=0 l=1 rev1=0 crypto rx=0 tx=0 comp rx=0 tx=0)._handle_peer_banner_payload supported=3 required=0
2024-09-21T13:33:36.904 INFO:teuthology.orchestra.run.smithi002.stdout:/usr/bin/ceph: stderr
2024-09-21T13:33:36.121+0000 7f43fe3d6640 1 --2- >> [v2:172.21.15.2:3300/0,v1:172.21.15.2:6789/0] conn(0x7f43f8106970 0x7f43f819a8f0 unknown :-1 s=HELLO_CONNECTING pgs=0 cs=0 l=1 rev1=1 crypto rx=0 tx=0 comp rx=0 tx=0).handle_hello peer v2:172.21.15.2:3300/0 says I am v2:172.21.15.2:52676/0 (socket says 172.21.15.2:52676)
2024-09-21T13:33:36.904 INFO:teuthology.orchestra.run.smithi002.stdout:/usr/bin/ceph: stderr
2024-09-21T13:33:36.121+0000 7f43fe3d6640 1 -- 172.21.15.2:0/2397335880 learned_addr learned my addr 172.21.15.2:0/2397335880 (peer_addr_for_me v2:172.21.15.2:0/0)
2024-09-21T13:33:36.904 INFO:teuthology.orchestra.run.smithi002.stdout:/usr/bin/ceph: stderr
2024-09-21T13:33:36.121+0000 7f43fe3d6640 1 -- 172.21.15.2:0/2397335880 --> [v2:172.21.15.2:3300/0,v1:172.21.15.2:6789/0] -- mon_subscribe({config=0+,monmap=0+}) -- 0x7f43f819ae50 con 0x7f43f8106970
2024-09-21T13:33:36.904 INFO:teuthology.orchestra.run.smithi002.stdout:/usr/bin/ceph: stderr
2024-09-21T13:33:36.121+0000 7f43fe3d6640 1 --2- 172.21.15.2:0/2397335880 >> [v2:172.21.15.2:3300/0,v1:172.21.15.2:6789/0] conn(0x7f43f8106970 0x7f43f819a8f0 secure :-1 s=READY pgs=40 cs=0 l=1 rev1=1 crypto rx=0x7f43e8008dc0 tx=0x7f43e8008df0 comp rx=0 tx=0).ready entity=mon.0 client_cookie=0 server_cookie=0 in_seq=0 out_seq=0
2024-09-21T13:33:36.904 INFO:teuthology.orchestra.run.smithi002.stdout:/usr/bin/ceph: stderr
2024-09-21T13:33:36.121+0000 7f43f77fe640 1 -- 172.21.15.2:0/2397335880 <== mon.0 v2:172.21.15.2:3300/0 1 ==== mon_map magic: 0 ==== 205+0+0 (secure 0 0 0) 0x7f43e8041020 con 0x7f43f8106970
2024-09-21T13:33:36.904 INFO:teuthology.orchestra.run.smithi002.stdout:/usr/bin/ceph: stderr
2024-09-21T13:33:36.121+0000 7f43f77fe640 1 -- 172.21.15.2:0/2397335880 <== mon.0 v2:172.21.15.2:3300/0 2 ==== config(25 keys) ==== 1023+0+0 (secure 0 0 0) 0x7f43e8031a10 con 0x7f43f8106970
2024-09-21T13:33:36.904 INFO:teuthology.orchestra.run.smithi002.stdout:/usr/bin/ceph: stderr
2024-09-21T13:33:36.121+0000 7f440063a640 1 -- 172.21.15.2:0/2397335880 --> [v2:172.21.15.2:3300/0,v1:172.21.15.2:6789/0] -- mon_subscribe({mgrmap=0+}) -- 0x7f43f819b0e0 con 0x7f43f8106970
2024-09-21T13:33:36.905 INFO:teuthology.orchestra.run.smithi002.stdout:/usr/bin/ceph: stderr
2024-09-21T13:33:36.121+0000 7f43f77fe640 1 -- 172.21.15.2:0/2397335880 <== mon.0 v2:172.21.15.2:3300/0 3 ==== mon_map magic: 0 ==== 205+0+0 (secure 0 0 0) 0x7f43e8036040 con 0x7f43f8106970
2024-09-21T13:33:36.905 INFO:teuthology.orchestra.run.smithi002.stdout:/usr/bin/ceph: stderr
2024-09-21T13:33:36.122+0000 7f440063a640 1 -- 172.21.15.2:0/2397335880 --> [v2:172.21.15.2:3300/0,v1:172.21.15.2:6789/0] -- mon_subscribe({osdmap=0}) -- 0x7f43f819bb20 con 0x7f43f8106970
2024-09-21T13:33:36.905 INFO:teuthology.orchestra.run.smithi002.stdout:/usr/bin/ceph: stderr
2024-09-21T13:33:36.122+0000 7f43f77fe640 1 -- 172.21.15.2:0/2397335880 <== mon.0 v2:172.21.15.2:3300/0 4 ==== mgrmap(e 8) ==== 51807+0+0 (secure 0 0 0) 0x7f43e8044020 con 0x7f43f8106970
2024-09-21T13:33:36.905 INFO:teuthology.orchestra.run.smithi002.stdout:/usr/bin/ceph: stderr
2024-09-21T13:33:36.123+0000 7f440063a640 1 -- 172.21.15.2:0/2397335880 --> [v2:172.21.15.2:3300/0,v1:172.21.15.2:6789/0] -- mon_command({"prefix": "get_command_descriptions"} v 0) -- 0x7f43f8106df0 con 0x7f43f8106970
2024-09-21T13:33:36.905 INFO:teuthology.orchestra.run.smithi002.stdout:/usr/bin/ceph: stderr
2024-09-21T13:33:36.123+0000 7f43f77fe640 1 --2- 172.21.15.2:0/2397335880 >> v2:172.21.15.2:6800/2044640733 conn(0x7f43e003f870 0x7f43e0041d30 unknown :-1 s=NONE pgs=0 cs=0 l=1 rev1=0 crypto rx=0 tx=0 comp rx=0 tx=0).connect
2024-09-21T13:33:36.905 INFO:teuthology.orchestra.run.smithi002.stdout:/usr/bin/ceph: stderr
2024-09-21T13:33:36.123+0000 7f43f77fe640 1 -- 172.21.15.2:0/2397335880 <== mon.0 v2:172.21.15.2:3300/0 5 ==== osd_map(2..2 src has 1..2) ==== 897+0+0 (secure 0 0 0) 0x7f43e8075600 con 0x7f43f8106970
2024-09-21T13:33:36.905 INFO:teuthology.orchestra.run.smithi002.stdout:/usr/bin/ceph: stderr
2024-09-21T13:33:36.123+0000 7f43fdbd5640 1 --2- 172.21.15.2:0/2397335880 >> v2:172.21.15.2:6800/2044640733 conn(0x7f43e003f870 0x7f43e0041d30 unknown :-1 s=BANNER_CONNECTING pgs=0 cs=0 l=1 rev1=0 crypto rx=0 tx=0 comp rx=0 tx=0)._handle_peer_banner_payload supported=3 required=0
2024-09-21T13:33:36.905 INFO:teuthology.orchestra.run.smithi002.stdout:/usr/bin/ceph: stderr
2024-09-21T13:33:36.123+0000 7f43fdbd5640 1 --2- 172.21.15.2:0/2397335880 >> v2:172.21.15.2:6800/2044640733 conn(0x7f43e003f870 0x7f43e0041d30 secure :-1 s=READY pgs=9 cs=0 l=1 rev1=1 crypto rx=0x7f43ec0098c0 tx=0x7f43ec006db0 comp rx=0 tx=0).ready entity=mgr.14118 client_cookie=0 server_cookie=0 in_seq=0 out_seq=0
2024-09-21T13:33:36.905 INFO:teuthology.orchestra.run.smithi002.stdout:/usr/bin/ceph: stderr
2024-09-21T13:33:36.128+0000 7f43f77fe640 1 -- 172.21.15.2:0/2397335880 <== mon.0 v2:172.21.15.2:3300/0 6 ==== mon_command_ack([{"prefix": "get_command_descriptions"}]=0 v0) ==== 72+0+198400 (secure 0 0 0) 0x7f43e804b020 con 0x7f43f8106970
2024-09-21T13:33:36.905 INFO:teuthology.orchestra.run.smithi002.stdout:/usr/bin/ceph: stderr
2024-09-21T13:33:36.316+0000 7f440063a640 1 -- 172.21.15.2:0/2397335880 --> v2:172.21.15.2:6800/2044640733 -- mgr_command(tid 0: {"prefix": "cephadm set-user", "user": "root", "target": ["mon-mgr", ""]}) -- 0x7f43f819c3c0 con 0x7f43e003f870
2024-09-21T13:33:36.905 INFO:teuthology.orchestra.run.smithi002.stdout:/usr/bin/ceph: stderr
2024-09-21T13:33:36.317+0000 7f43f77fe640 1 -- 172.21.15.2:0/2397335880 <== mgr.14118 v2:172.21.15.2:6800/2044640733 1 ==== mgr_command_reply(tid 0: 0 ) ==== 8+0+16 (secure 0 0 0) 0x7f43f819c3c0 con 0x7f43e003f870
2024-09-21T13:33:36.905 INFO:teuthology.orchestra.run.smithi002.stdout:/usr/bin/ceph: stderr
2024-09-21T13:33:36.319+0000 7f440063a640 1 -- 172.21.15.2:0/2397335880 >> v2:172.21.15.2:6800/2044640733 conn(0x7f43e003f870 msgr2=0x7f43e0041d30 secure :-1 s=STATE_CONNECTION_ESTABLISHED l=1).mark_down
2024-09-21T13:33:36.905 INFO:teuthology.orchestra.run.smithi002.stdout:/usr/bin/ceph: stderr
2024-09-21T13:33:36.319+0000 7f440063a640 1 --2- 172.21.15.2:0/2397335880 >> v2:172.21.15.2:6800/2044640733 conn(0x7f43e003f870 0x7f43e0041d30 secure :-1 s=READY pgs=9 cs=0 l=1 rev1=1 crypto rx=0x7f43ec0098c0 tx=0x7f43ec006db0 comp rx=0 tx=0).stop
2024-09-21T13:33:36.905 INFO:teuthology.orchestra.run.smithi002.stdout:/usr/bin/ceph: stderr
2024-09-21T13:33:36.319+0000 7f440063a640 1 -- 172.21.15.2:0/2397335880 >> [v2:172.21.15.2:3300/0,v1:172.21.15.2:6789/0] conn(0x7f43f8106970 msgr2=0x7f43f819a8f0 secure :-1 s=STATE_CONNECTION_ESTABLISHED l=1).mark_down
2024-09-21T13:33:36.906 INFO:teuthology.orchestra.run.smithi002.stdout:/usr/bin/ceph: stderr
2024-09-21T13:33:36.319+0000 7f440063a640 1 --2- 172.21.15.2:0/2397335880 >> [v2:172.21.15.2:3300/0,v1:172.21.15.2:6789/0] conn(0x7f43f8106970 0x7f43f819a8f0 secure :-1 s=READY pgs=40 cs=0 l=1 rev1=1 crypto rx=0x7f43e8008dc0 tx=0x7f43e8008df0 comp rx=0 tx=0).stop
2024-09-21T13:33:36.906 INFO:teuthology.orchestra.run.smithi002.stdout:/usr/bin/ceph: stderr
2024-09-21T13:33:36.319+0000 7f440063a640 1 -- 172.21.15.2:0/2397335880 shutdown_connections
2024-09-21T13:33:36.906 INFO:teuthology.orchestra.run.smithi002.stdout:/usr/bin/ceph: stderr
2024-09-21T13:33:36.319+0000 7f440063a640 1 --2- 172.21.15.2:0/2397335880 >> v2:172.21.15.2:6800/2044640733 conn(0x7f43e003f870 0x7f43e0041d30 unknown :-1 s=CLOSED pgs=9 cs=0 l=1 rev1=1 crypto rx=0 tx=0 comp rx=0 tx=0).stop
2024-09-21T13:33:36.906 INFO:teuthology.orchestra.run.smithi002.stdout:/usr/bin/ceph: stderr
2024-09-21T13:33:36.319+0000 7f440063a640 1 --2- 172.21.15.2:0/2397335880 >> [v2:172.21.15.2:3300/0,v1:172.21.15.2:6789/0] conn(0x7f43f8106970 0x7f43f819a8f0 unknown :-1 s=CLOSED pgs=40 cs=0 l=1 rev1=1 crypto rx=0 tx=0 comp rx=0 tx=0).stop
2024-09-21T13:33:36.906 INFO:teuthology.orchestra.run.smithi002.stdout:/usr/bin/ceph: stderr
2024-09-21T13:33:36.319+0000 7f440063a640 1 -- 172.21.15.2:0/2397335880 >> 172.21.15.2:0/2397335880 conn(0x7f43f8102280 msgr2=0x7f43f8102cf0 unknown :-1 s=STATE_NONE l=0).mark_down
2024-09-21T13:33:36.906 INFO:teuthology.orchestra.run.smithi002.stdout:/usr/bin/ceph: stderr
2024-09-21T13:33:36.319+0000 7f440063a640 1 -- 172.21.15.2:0/2397335880 shutdown_connections
2024-09-21T13:33:36.906 INFO:teuthology.orchestra.run.smithi002.stdout:/usr/bin/ceph: stderr
2024-09-21T13:33:36.319+0000 7f440063a640 1 -- 172.21.15.2:0/2397335880 wait complete.
2024-09-21T13:33:36.906 INFO:teuthology.orchestra.run.smithi002.stdout:Generating ssh key...
2024-09-21T13:33:37.154 INFO:journalctl@ceph.mon.a.smithi002.stdout:Sep 21 13:33:37 smithi002 ceph-mon[30076]: from='client.14134 -' entity='client.admin' cmd=[{"prefix": "cephadm set-user", "user": "root", "target": ["mon-mgr", ""]}]: dispatch
2024-09-21T13:33:38.259 INFO:journalctl@ceph.mon.a.smithi002.stdout:Sep 21 13:33:38 smithi002 ceph-mon[30076]: from='client.14136 -' entity='client.admin' cmd=[{"prefix": "cephadm generate-key", "target": ["mon-mgr", ""]}]: dispatch
2024-09-21T13:33:38.259 INFO:journalctl@ceph.mon.a.smithi002.stdout:Sep 21 13:33:38 smithi002 ceph-mon[30076]: Generating ssh key...
2024-09-21T13:33:38.260 INFO:journalctl@ceph.mon.a.smithi002.stdout:Sep 21 13:33:38 smithi002 ceph-mon[30076]: from='mgr.14118 172.21.15.2:0/4238019204' entity='mgr.y'
2024-09-21T13:33:38.260 INFO:journalctl@ceph.mon.a.smithi002.stdout:Sep 21 13:33:38 smithi002 ceph-mon[30076]: from='mgr.14118 172.21.15.2:0/4238019204' entity='mgr.y'
2024-09-21T13:33:38.260 INFO:journalctl@ceph.mgr.y.smithi002.stdout:Sep 21 13:33:37 smithi002 ceph-e6144070-781d-11ef-baf6-efdc52797490-mgr-y[30335]: Generating public/private rsa key pair.
2024-09-21T13:33:38.260 INFO:journalctl@ceph.mgr.y.smithi002.stdout:Sep 21 13:33:37 smithi002 ceph-e6144070-781d-11ef-baf6-efdc52797490-mgr-y[30335]: Your identification has been saved in /tmp/tmp44d4b8x1/key
2024-09-21T13:33:38.260 INFO:journalctl@ceph.mgr.y.smithi002.stdout:Sep 21 13:33:37 smithi002 ceph-e6144070-781d-11ef-baf6-efdc52797490-mgr-y[30335]: Your public key has been saved in /tmp/tmp44d4b8x1/key.pub
2024-09-21T13:33:38.260 INFO:journalctl@ceph.mgr.y.smithi002.stdout:Sep 21 13:33:37 smithi002 ceph-e6144070-781d-11ef-baf6-efdc52797490-mgr-y[30335]: The key fingerprint is:
2024-09-21T13:33:38.260 INFO:journalctl@ceph.mgr.y.smithi002.stdout:Sep 21 13:33:37 smithi002 ceph-e6144070-781d-11ef-baf6-efdc52797490-mgr-y[30335]: SHA256:btP855PiynNjMaFjq7jE0aGZ8kGYQLJquPEnyvHUGwY ceph-e6144070-781d-11ef-baf6-efdc52797490
2024-09-21T13:33:38.260 INFO:journalctl@ceph.mgr.y.smithi002.stdout:Sep 21 13:33:37 smithi002 ceph-e6144070-781d-11ef-baf6-efdc52797490-mgr-y[30335]: The key's randomart image is:
2024-09-21T13:33:38.260 INFO:journalctl@ceph.mgr.y.smithi002.stdout:Sep 21 13:33:37 smithi002 ceph-e6144070-781d-11ef-baf6-efdc52797490-mgr-y[30335]: +---[RSA 3072]----+
2024-09-21T13:33:38.260 INFO:journalctl@ceph.mgr.y.smithi002.stdout:Sep 21 13:33:37 smithi002 ceph-e6144070-781d-11ef-baf6-efdc52797490-mgr-y[30335]: |..o |
2024-09-21T13:33:38.260 INFO:journalctl@ceph.mgr.y.smithi002.stdout:Sep 21 13:33:37 smithi002 ceph-e6144070-781d-11ef-baf6-efdc52797490-mgr-y[30335]: | o . o |
2024-09-21T13:33:38.260 INFO:journalctl@ceph.mgr.y.smithi002.stdout:Sep 21 13:33:37 smithi002 ceph-e6144070-781d-11ef-baf6-efdc52797490-mgr-y[30335]: |. o . . |
2024-09-21T13:33:38.260 INFO:journalctl@ceph.mgr.y.smithi002.stdout:Sep 21 13:33:37 smithi002 ceph-e6144070-781d-11ef-baf6-efdc52797490-mgr-y[30335]: |o . = . . |
2024-09-21T13:33:38.261 INFO:journalctl@ceph.mgr.y.smithi002.stdout:Sep 21 13:33:37 smithi002 ceph-e6144070-781d-11ef-baf6-efdc52797490-mgr-y[30335]: |+. E. * S . . |
2024-09-21T13:33:38.261 INFO:journalctl@ceph.mgr.y.smithi002.stdout:Sep 21 13:33:37 smithi002 ceph-e6144070-781d-11ef-baf6-efdc52797490-mgr-y[30335]: |.+ o+ + o+ o |
2024-09-21T13:33:38.261 INFO:journalctl@ceph.mgr.y.smithi002.stdout:Sep 21 13:33:37 smithi002 ceph-e6144070-781d-11ef-baf6-efdc52797490-mgr-y[30335]: |..o..++ +.oo o . |
2024-09-21T13:33:38.261 INFO:journalctl@ceph.mgr.y.smithi002.stdout:Sep 21 13:33:37 smithi002 ceph-e6144070-781d-11ef-baf6-efdc52797490-mgr-y[30335]: |..+o..oo oo.= + |
2024-09-21T13:33:38.261 INFO:journalctl@ceph.mgr.y.smithi002.stdout:Sep 21 13:33:37 smithi002 ceph-e6144070-781d-11ef-baf6-efdc52797490-mgr-y[30335]: |.. . .o...o*o=.. |
2024-09-21T13:33:38.261 INFO:journalctl@ceph.mgr.y.smithi002.stdout:Sep 21 13:33:37 smithi002 ceph-e6144070-781d-11ef-baf6-efdc52797490-mgr-y[30335]: +----[SHA256]-----+
2024-09-21T13:33:38.559 INFO:teuthology.orchestra.run.smithi002.stdout:/usr/bin/ceph: stderr
2024-09-21T13:33:37.336+0000 7faf9fbb2640 1 Processor -- start
2024-09-21T13:33:38.559 INFO:teuthology.orchestra.run.smithi002.stdout:/usr/bin/ceph: stderr
2024-09-21T13:33:37.336+0000 7faf9fbb2640 1 -- start start
2024-09-21T13:33:38.559 INFO:teuthology.orchestra.run.smithi002.stdout:/usr/bin/ceph: stderr
2024-09-21T13:33:37.336+0000 7faf9fbb2640 1 --2- >> [v2:172.21.15.2:3300/0,v1:172.21.15.2:6789/0] conn(0x7faf98106970 0x7faf98106d70 unknown :-1 s=NONE pgs=0 cs=0 l=0 rev1=0 crypto rx=0 tx=0 comp rx=0 tx=0).connect
2024-09-21T13:33:38.559 INFO:teuthology.orchestra.run.smithi002.stdout:/usr/bin/ceph: stderr
2024-09-21T13:33:37.336+0000 7faf9fbb2640 1 -- --> [v2:172.21.15.2:3300/0,v1:172.21.15.2:6789/0] -- mon_getmap magic: 0 -- 0x7faf98107360 con 0x7faf98106970
2024-09-21T13:33:38.559 INFO:teuthology.orchestra.run.smithi002.stdout:/usr/bin/ceph: stderr
2024-09-21T13:33:37.336+0000 7faf9d94e640 1 --2- >> [v2:172.21.15.2:3300/0,v1:172.21.15.2:6789/0] conn(0x7faf98106970 0x7faf98106d70 unknown :-1 s=BANNER_CONNECTING pgs=0 cs=0 l=0 rev1=0 crypto rx=0 tx=0 comp rx=0 tx=0)._handle_peer_banner_payload supported=3 required=0
2024-09-21T13:33:38.559 INFO:teuthology.orchestra.run.smithi002.stdout:/usr/bin/ceph: stderr
2024-09-21T13:33:37.336+0000 7faf9d94e640 1 --2- >> [v2:172.21.15.2:3300/0,v1:172.21.15.2:6789/0] conn(0x7faf98106970 0x7faf98106d70 unknown :-1 s=HELLO_CONNECTING pgs=0 cs=0 l=0 rev1=1 crypto rx=0 tx=0 comp rx=0 tx=0).handle_hello peer v2:172.21.15.2:3300/0 says I am v2:172.21.15.2:52680/0 (socket says 172.21.15.2:52680)
2024-09-21T13:33:38.560 INFO:teuthology.orchestra.run.smithi002.stdout:/usr/bin/ceph: stderr
2024-09-21T13:33:37.336+0000 7faf9d94e640 1 -- 172.21.15.2:0/429290552 learned_addr learned my addr 172.21.15.2:0/429290552 (peer_addr_for_me v2:172.21.15.2:0/0)
2024-09-21T13:33:38.560 INFO:teuthology.orchestra.run.smithi002.stdout:/usr/bin/ceph: stderr
2024-09-21T13:33:37.336+0000 7faf9d94e640 1 -- 172.21.15.2:0/429290552 --> [v2:172.21.15.2:3300/0,v1:172.21.15.2:6789/0] -- mon_subscribe({config=0+,monmap=0+}) -- 0x7faf981074e0 con 0x7faf98106970
2024-09-21T13:33:38.560 INFO:teuthology.orchestra.run.smithi002.stdout:/usr/bin/ceph: stderr
2024-09-21T13:33:37.337+0000 7faf9d94e640 1 --2- 172.21.15.2:0/429290552 >> [v2:172.21.15.2:3300/0,v1:172.21.15.2:6789/0] conn(0x7faf98106970 0x7faf98106d70 secure :-1 s=READY pgs=41 cs=0 l=1 rev1=1 crypto rx=0x7faf94009820 tx=0x7faf9402a270 comp rx=0 tx=0).ready entity=mon.0 client_cookie=e090694ccfa44e18 server_cookie=0 in_seq=0 out_seq=0
2024-09-21T13:33:38.560 INFO:teuthology.orchestra.run.smithi002.stdout:/usr/bin/ceph: stderr
2024-09-21T13:33:37.337+0000 7faf9c94c640 1 -- 172.21.15.2:0/429290552 <== mon.0 v2:172.21.15.2:3300/0 1 ==== mon_map magic: 0 ==== 205+0+0 (secure 0 0 0) 0x7faf94037070 con 0x7faf98106970
2024-09-21T13:33:38.560 INFO:teuthology.orchestra.run.smithi002.stdout:/usr/bin/ceph: stderr
2024-09-21T13:33:37.337+0000 7faf9c94c640 1 -- 172.21.15.2:0/429290552 <== mon.0 v2:172.21.15.2:3300/0 2 ==== config(25 keys) ==== 1023+0+0 (secure 0 0 0) 0x7faf940328a0 con 0x7faf98106970
2024-09-21T13:33:38.560 INFO:teuthology.orchestra.run.smithi002.stdout:/usr/bin/ceph: stderr
2024-09-21T13:33:37.337+0000 7faf9c94c640 1 -- 172.21.15.2:0/429290552 <== mon.0 v2:172.21.15.2:3300/0 3 ==== mon_map magic: 0 ==== 205+0+0 (secure 0 0 0) 0x7faf94030690 con 0x7faf98106970
2024-09-21T13:33:38.560 INFO:teuthology.orchestra.run.smithi002.stdout:/usr/bin/ceph: stderr
2024-09-21T13:33:37.338+0000 7faf9fbb2640 1 -- 172.21.15.2:0/429290552 >> [v2:172.21.15.2:3300/0,v1:172.21.15.2:6789/0] conn(0x7faf98106970 msgr2=0x7faf98106d70 secure :-1 s=STATE_CONNECTION_ESTABLISHED l=1).mark_down
2024-09-21T13:33:38.560 INFO:teuthology.orchestra.run.smithi002.stdout:/usr/bin/ceph: stderr
2024-09-21T13:33:37.338+0000 7faf9fbb2640 1 --2- 172.21.15.2:0/429290552 >> [v2:172.21.15.2:3300/0,v1:172.21.15.2:6789/0] conn(0x7faf98106970 0x7faf98106d70 secure :-1 s=READY pgs=41 cs=0 l=1 rev1=1 crypto rx=0x7faf94009820 tx=0x7faf9402a270 comp rx=0 tx=0).stop
2024-09-21T13:33:38.560 INFO:teuthology.orchestra.run.smithi002.stdout:/usr/bin/ceph: stderr
2024-09-21T13:33:37.338+0000 7faf9fbb2640 1 -- 172.21.15.2:0/429290552 shutdown_connections
2024-09-21T13:33:38.560 INFO:teuthology.orchestra.run.smithi002.stdout:/usr/bin/ceph: stderr
2024-09-21T13:33:37.338+0000 7faf9fbb2640 1 --2- 172.21.15.2:0/429290552 >> [v2:172.21.15.2:3300/0,v1:172.21.15.2:6789/0] conn(0x7faf98106970 0x7faf98106d70 unknown :-1 s=CLOSED pgs=41 cs=0 l=1 rev1=1 crypto rx=0 tx=0 comp rx=0 tx=0).stop
2024-09-21T13:33:38.560 INFO:teuthology.orchestra.run.smithi002.stdout:/usr/bin/ceph: stderr
2024-09-21T13:33:37.338+0000 7faf9fbb2640 1 -- 172.21.15.2:0/429290552 >> 172.21.15.2:0/429290552 conn(0x7faf98102280 msgr2=0x7faf981046a0 unknown :-1 s=STATE_NONE l=0).mark_down
2024-09-21T13:33:38.560 INFO:teuthology.orchestra.run.smithi002.stdout:/usr/bin/ceph: stderr
2024-09-21T13:33:37.338+0000 7faf9fbb2640 1 -- 172.21.15.2:0/429290552 shutdown_connections
2024-09-21T13:33:38.560 INFO:teuthology.orchestra.run.smithi002.stdout:/usr/bin/ceph: stderr
2024-09-21T13:33:37.338+0000 7faf9fbb2640 1 -- 172.21.15.2:0/429290552 wait complete.
2024-09-21T13:33:38.560 INFO:teuthology.orchestra.run.smithi002.stdout:/usr/bin/ceph: stderr
2024-09-21T13:33:37.339+0000 7faf9fbb2640 1 Processor -- start
2024-09-21T13:33:38.561 INFO:teuthology.orchestra.run.smithi002.stdout:/usr/bin/ceph: stderr
2024-09-21T13:33:37.339+0000 7faf9fbb2640 1 -- start start
2024-09-21T13:33:38.561 INFO:teuthology.orchestra.run.smithi002.stdout:/usr/bin/ceph: stderr
2024-09-21T13:33:37.339+0000 7faf9fbb2640 1 --2- >> [v2:172.21.15.2:3300/0,v1:172.21.15.2:6789/0] conn(0x7faf98106970 0x7faf9819a8f0 unknown :-1 s=NONE pgs=0 cs=0 l=1 rev1=0 crypto rx=0 tx=0 comp rx=0 tx=0).connect
2024-09-21T13:33:38.561 INFO:teuthology.orchestra.run.smithi002.stdout:/usr/bin/ceph: stderr
2024-09-21T13:33:37.339+0000 7faf9fbb2640 1 -- --> [v2:172.21.15.2:3300/0,v1:172.21.15.2:6789/0] -- mon_getmap magic: 0 -- 0x7faf9810adf0 con 0x7faf98106970
2024-09-21T13:33:38.561 INFO:teuthology.orchestra.run.smithi002.stdout:/usr/bin/ceph: stderr
2024-09-21T13:33:37.339+0000 7faf9d94e640 1 --2- >> [v2:172.21.15.2:3300/0,v1:172.21.15.2:6789/0] conn(0x7faf98106970 0x7faf9819a8f0 unknown :-1 s=BANNER_CONNECTING pgs=0 cs=0 l=1 rev1=0 crypto rx=0 tx=0 comp rx=0 tx=0)._handle_peer_banner_payload supported=3 required=0
2024-09-21T13:33:38.561 INFO:teuthology.orchestra.run.smithi002.stdout:/usr/bin/ceph: stderr
2024-09-21T13:33:37.339+0000 7faf9d94e640 1 --2- >> [v2:172.21.15.2:3300/0,v1:172.21.15.2:6789/0] conn(0x7faf98106970 0x7faf9819a8f0 unknown :-1 s=HELLO_CONNECTING pgs=0 cs=0 l=1 rev1=1 crypto rx=0 tx=0 comp rx=0 tx=0).handle_hello peer v2:172.21.15.2:3300/0 says I am v2:172.21.15.2:52694/0 (socket says 172.21.15.2:52694)
2024-09-21T13:33:38.561 INFO:teuthology.orchestra.run.smithi002.stdout:/usr/bin/ceph: stderr
2024-09-21T13:33:37.339+0000 7faf9d94e640 1 -- 172.21.15.2:0/2750430828 learned_addr learned my addr 172.21.15.2:0/2750430828 (peer_addr_for_me v2:172.21.15.2:0/0)
2024-09-21T13:33:38.561 INFO:teuthology.orchestra.run.smithi002.stdout:/usr/bin/ceph: stderr
2024-09-21T13:33:37.339+0000 7faf9d94e640 1 -- 172.21.15.2:0/2750430828 --> [v2:172.21.15.2:3300/0,v1:172.21.15.2:6789/0] -- mon_subscribe({config=0+,monmap=0+}) -- 0x7faf9819ae50 con 0x7faf98106970
2024-09-21T13:33:38.561 INFO:teuthology.orchestra.run.smithi002.stdout:/usr/bin/ceph: stderr
2024-09-21T13:33:37.339+0000 7faf9d94e640 1 --2- 172.21.15.2:0/2750430828 >> [v2:172.21.15.2:3300/0,v1:172.21.15.2:6789/0] conn(0x7faf98106970 0x7faf9819a8f0 secure :-1 s=READY pgs=42 cs=0 l=1 rev1=1 crypto rx=0x7faf94006f10 tx=0x7faf94032670 comp rx=0 tx=0).ready entity=mon.0 client_cookie=0 server_cookie=0 in_seq=0 out_seq=0
2024-09-21T13:33:38.561 INFO:teuthology.orchestra.run.smithi002.stdout:/usr/bin/ceph: stderr
2024-09-21T13:33:37.339+0000 7faf8effd640 1 -- 172.21.15.2:0/2750430828 <== mon.0 v2:172.21.15.2:3300/0 1 ==== mon_map magic: 0 ==== 205+0+0 (secure 0 0 0) 0x7faf94037040 con 0x7faf98106970
2024-09-21T13:33:38.561 INFO:teuthology.orchestra.run.smithi002.stdout:/usr/bin/ceph: stderr
2024-09-21T13:33:37.339+0000 7faf8effd640 1 -- 172.21.15.2:0/2750430828 <== mon.0 v2:172.21.15.2:3300/0 2 ==== config(25 keys) ==== 1023+0+0 (secure 0 0 0) 0x7faf94040070 con 0x7faf98106970
2024-09-21T13:33:38.561 INFO:teuthology.orchestra.run.smithi002.stdout:/usr/bin/ceph: stderr
2024-09-21T13:33:37.339+0000 7faf9fbb2640 1 -- 172.21.15.2:0/2750430828 --> [v2:172.21.15.2:3300/0,v1:172.21.15.2:6789/0] -- mon_subscribe({mgrmap=0+}) -- 0x7faf9819b0e0 con 0x7faf98106970
2024-09-21T13:33:38.561 INFO:teuthology.orchestra.run.smithi002.stdout:/usr/bin/ceph: stderr
2024-09-21T13:33:37.339+0000 7faf8effd640 1 -- 172.21.15.2:0/2750430828 <== mon.0 v2:172.21.15.2:3300/0 3 ==== mon_map magic: 0 ==== 205+0+0 (secure 0 0 0) 0x7faf9403a390 con 0x7faf98106970
2024-09-21T13:33:38.561 INFO:teuthology.orchestra.run.smithi002.stdout:/usr/bin/ceph: stderr
2024-09-21T13:33:37.340+0000 7faf9fbb2640 1 -- 172.21.15.2:0/2750430828 --> [v2:172.21.15.2:3300/0,v1:172.21.15.2:6789/0] -- mon_subscribe({osdmap=0}) -- 0x7faf9819baa0 con 0x7faf98106970
2024-09-21T13:33:38.561 INFO:teuthology.orchestra.run.smithi002.stdout:/usr/bin/ceph: stderr
2024-09-21T13:33:37.340+0000 7faf8effd640 1 -- 172.21.15.2:0/2750430828 <== mon.0 v2:172.21.15.2:3300/0 4 ==== mgrmap(e 8) ==== 51807+0+0 (secure 0 0 0) 0x7faf9403b430 con 0x7faf98106970
2024-09-21T13:33:38.561 INFO:teuthology.orchestra.run.smithi002.stdout:/usr/bin/ceph: stderr
2024-09-21T13:33:37.340+0000 7faf9fbb2640 1 -- 172.21.15.2:0/2750430828 --> [v2:172.21.15.2:3300/0,v1:172.21.15.2:6789/0] -- mon_command({"prefix": "get_command_descriptions"} v 0) -- 0x7faf98106df0 con 0x7faf98106970
2024-09-21T13:33:38.562 INFO:teuthology.orchestra.run.smithi002.stdout:/usr/bin/ceph: stderr
2024-09-21T13:33:37.341+0000 7faf8effd640 1 --2- 172.21.15.2:0/2750430828 >> v2:172.21.15.2:6800/2044640733 conn(0x7faf8403f8c0 0x7faf84041d80 unknown :-1 s=NONE pgs=0 cs=0 l=1 rev1=0 crypto rx=0 tx=0 comp rx=0 tx=0).connect
2024-09-21T13:33:38.562 INFO:teuthology.orchestra.run.smithi002.stdout:/usr/bin/ceph: stderr
2024-09-21T13:33:37.341+0000 7faf8effd640 1 -- 172.21.15.2:0/2750430828 <== mon.0 v2:172.21.15.2:3300/0 5 ==== osd_map(2..2 src has 1..2) ==== 897+0+0 (secure 0 0 0) 0x7faf94073ec0 con 0x7faf98106970
2024-09-21T13:33:38.562 INFO:teuthology.orchestra.run.smithi002.stdout:/usr/bin/ceph: stderr
2024-09-21T13:33:37.341+0000 7faf9d14d640 1 --2- 172.21.15.2:0/2750430828 >> v2:172.21.15.2:6800/2044640733 conn(0x7faf8403f8c0 0x7faf84041d80 unknown :-1 s=BANNER_CONNECTING pgs=0 cs=0 l=1 rev1=0 crypto rx=0 tx=0 comp rx=0 tx=0)._handle_peer_banner_payload supported=3 required=0
2024-09-21T13:33:38.562 INFO:teuthology.orchestra.run.smithi002.stdout:/usr/bin/ceph: stderr
2024-09-21T13:33:37.341+0000 7faf9d14d640 1 --2- 172.21.15.2:0/2750430828 >> v2:172.21.15.2:6800/2044640733 conn(0x7faf8403f8c0 0x7faf84041d80 secure :-1 s=READY pgs=10 cs=0 l=1 rev1=1 crypto rx=0x7faf880098c0 tx=0x7faf88006db0 comp rx=0 tx=0).ready entity=mgr.14118 client_cookie=0 server_cookie=0 in_seq=0 out_seq=0
2024-09-21T13:33:38.562 INFO:teuthology.orchestra.run.smithi002.stdout:/usr/bin/ceph: stderr
2024-09-21T13:33:37.345+0000 7faf8effd640 1 -- 172.21.15.2:0/2750430828 <== mon.0 v2:172.21.15.2:3300/0 6 ==== mon_command_ack([{"prefix": "get_command_descriptions"}]=0 v0) ==== 72+0+198400 (secure 0 0 0) 0x7faf94043360 con 0x7faf98106970
2024-09-21T13:33:38.562 INFO:teuthology.orchestra.run.smithi002.stdout:/usr/bin/ceph: stderr
2024-09-21T13:33:37.534+0000 7faf9fbb2640 1 -- 172.21.15.2:0/2750430828 --> v2:172.21.15.2:6800/2044640733 -- mgr_command(tid 0: {"prefix": "cephadm generate-key", "target": ["mon-mgr", ""]}) -- 0x7faf981033e0 con 0x7faf8403f8c0
2024-09-21T13:33:38.562 INFO:teuthology.orchestra.run.smithi002.stdout:/usr/bin/ceph: stderr
2024-09-21T13:33:37.900+0000 7faf8effd640 1 -- 172.21.15.2:0/2750430828 <== mgr.14118 v2:172.21.15.2:6800/2044640733 1 ==== mgr_command_reply(tid 0: 0 ) ==== 8+0+0 (secure 0 0 0) 0x7faf981033e0 con 0x7faf8403f8c0
2024-09-21T13:33:38.562 INFO:teuthology.orchestra.run.smithi002.stdout:/usr/bin/ceph: stderr
2024-09-21T13:33:37.902+0000 7faf9fbb2640 1 -- 172.21.15.2:0/2750430828 >> v2:172.21.15.2:6800/2044640733 conn(0x7faf8403f8c0 msgr2=0x7faf84041d80 secure :-1 s=STATE_CONNECTION_ESTABLISHED l=1).mark_down
2024-09-21T13:33:38.562 INFO:teuthology.orchestra.run.smithi002.stdout:/usr/bin/ceph: stderr
2024-09-21T13:33:37.902+0000 7faf9fbb2640 1 --2- 172.21.15.2:0/2750430828 >> v2:172.21.15.2:6800/2044640733 conn(0x7faf8403f8c0 0x7faf84041d80 secure :-1 s=READY pgs=10 cs=0 l=1 rev1=1 crypto rx=0x7faf880098c0 tx=0x7faf88006db0 comp rx=0 tx=0).stop
2024-09-21T13:33:38.562 INFO:teuthology.orchestra.run.smithi002.stdout:/usr/bin/ceph: stderr
2024-09-21T13:33:37.902+0000 7faf9fbb2640 1 -- 172.21.15.2:0/2750430828 >> [v2:172.21.15.2:3300/0,v1:172.21.15.2:6789/0] conn(0x7faf98106970 msgr2=0x7faf9819a8f0 secure :-1 s=STATE_CONNECTION_ESTABLISHED l=1).mark_down
2024-09-21T13:33:38.562 INFO:teuthology.orchestra.run.smithi002.stdout:/usr/bin/ceph: stderr
2024-09-21T13:33:37.902+0000 7faf9fbb2640 1 --2- 172.21.15.2:0/2750430828 >> [v2:172.21.15.2:3300/0,v1:172.21.15.2:6789/0] conn(0x7faf98106970 0x7faf9819a8f0 secure :-1 s=READY pgs=42 cs=0 l=1 rev1=1 crypto rx=0x7faf94006f10 tx=0x7faf94032670 comp rx=0 tx=0).stop
2024-09-21T13:33:38.562 INFO:teuthology.orchestra.run.smithi002.stdout:/usr/bin/ceph: stderr
2024-09-21T13:33:37.902+0000 7faf9fbb2640 1 -- 172.21.15.2:0/2750430828 shutdown_connections
2024-09-21T13:33:38.563 INFO:teuthology.orchestra.run.smithi002.stdout:/usr/bin/ceph: stderr
2024-09-21T13:33:37.902+0000 7faf9fbb2640 1 --2- 172.21.15.2:0/2750430828 >> v2:172.21.15.2:6800/2044640733 conn(0x7faf8403f8c0 0x7faf84041d80 unknown :-1 s=CLOSED pgs=10 cs=0 l=1 rev1=1 crypto rx=0 tx=0 comp rx=0 tx=0).stop
2024-09-21T13:33:38.563 INFO:teuthology.orchestra.run.smithi002.stdout:/usr/bin/ceph: stderr
2024-09-21T13:33:37.902+0000 7faf9fbb2640 1 --2- 172.21.15.2:0/2750430828 >> [v2:172.21.15.2:3300/0,v1:172.21.15.2:6789/0] conn(0x7faf98106970 0x7faf9819a8f0 unknown :-1 s=CLOSED pgs=42 cs=0 l=1 rev1=1 crypto rx=0 tx=0 comp rx=0 tx=0).stop
2024-09-21T13:33:38.563 INFO:teuthology.orchestra.run.smithi002.stdout:/usr/bin/ceph: stderr
2024-09-21T13:33:37.902+0000 7faf9fbb2640 1 -- 172.21.15.2:0/2750430828 >> 172.21.15.2:0/2750430828 conn(0x7faf98102280 msgr2=0x7faf98102cd0 unknown :-1 s=STATE_NONE l=0).mark_down
2024-09-21T13:33:38.563 INFO:teuthology.orchestra.run.smithi002.stdout:/usr/bin/ceph: stderr
2024-09-21T13:33:37.902+0000 7faf9fbb2640 1 -- 172.21.15.2:0/2750430828 shutdown_connections
2024-09-21T13:33:38.563 INFO:teuthology.orchestra.run.smithi002.stdout:/usr/bin/ceph: stderr
2024-09-21T13:33:37.902+0000 7faf9fbb2640 1 -- 172.21.15.2:0/2750430828 wait complete.
2024-09-21T13:33:39.831 INFO:teuthology.orchestra.run.smithi002.stdout:/usr/bin/ceph: stdout ssh-rsa AAAAB3NzaC1yc2EAAAADAQABAAABgQC3zMyC5P7LNjaLyLtf3jtF9mXkLf9WuKWyW0Rm0bO1qPK0qmLs3FESiEEBFYrEm/6eR3GF0k6yP0C1kywxg/cmszkvq6paKPblGVOKLmm+NsISkLkhLC04xTxnjsImdnUHnKYpNkt47eFDoVD1Oj1+8iaV50uLIKyVEgOCjhI0aYyYdIiZTUJp/UQbn/IpPf7UWbMocJWg+esWQBIGWJY4sBYgWGzdZRYg8RhEnrlEzFzOshubHgveWDxrNqq7GxuMGTlNdS+A+nkBIUpqa83+8PE5KdOyma5c5SwnOWQ5j/Qnp7AY9iiB3Zt3bTvhoc9K3dDXXn7mgBJSOmPsMjI8lyh6UefZW+7lHolGKe/pg/BG0WZu66A3VcMe7LqS+r3ucdZsYoyCHSzzgtnNiyGc0QrP85T66/PIA5ToyqMTV7u6YLCptgWSoLrFnfy7rGeBzaLj7cxZwts1sEaOOvIo4VZVkRUyap6naSaWVa5TFYdTg3C0LeNZxSXTlmyXC8s= ceph-e6144070-781d-11ef-baf6-efdc52797490
2024-09-21T13:33:39.832 INFO:teuthology.orchestra.run.smithi002.stdout:/usr/bin/ceph: stderr
2024-09-21T13:33:39.009+0000 7fe30191f640 1 Processor -- start
2024-09-21T13:33:39.832 INFO:teuthology.orchestra.run.smithi002.stdout:/usr/bin/ceph: stderr
2024-09-21T13:33:39.009+0000 7fe30191f640 1 -- start start
2024-09-21T13:33:39.832 INFO:teuthology.orchestra.run.smithi002.stdout:/usr/bin/ceph: stderr
2024-09-21T13:33:39.009+0000 7fe30191f640 1 --2- >> [v2:172.21.15.2:3300/0,v1:172.21.15.2:6789/0] conn(0x7fe2fc106970 0x7fe2fc106d70 unknown :-1 s=NONE pgs=0 cs=0 l=0 rev1=0 crypto rx=0 tx=0 comp rx=0 tx=0).connect
2024-09-21T13:33:39.832 INFO:teuthology.orchestra.run.smithi002.stdout:/usr/bin/ceph: stderr
2024-09-21T13:33:39.009+0000 7fe30191f640 1 -- --> [v2:172.21.15.2:3300/0,v1:172.21.15.2:6789/0] -- mon_getmap magic: 0 -- 0x7fe2fc107360 con 0x7fe2fc106970
2024-09-21T13:33:39.832 INFO:teuthology.orchestra.run.smithi002.stdout:/usr/bin/ceph: stderr
2024-09-21T13:33:39.009+0000 7fe2faffd640 1 --2- >> [v2:172.21.15.2:3300/0,v1:172.21.15.2:6789/0] conn(0x7fe2fc106970 0x7fe2fc106d70 unknown :-1 s=BANNER_CONNECTING pgs=0 cs=0 l=0 rev1=0 crypto rx=0 tx=0 comp rx=0 tx=0)._handle_peer_banner_payload supported=3 required=0
2024-09-21T13:33:39.832 INFO:teuthology.orchestra.run.smithi002.stdout:/usr/bin/ceph: stderr
2024-09-21T13:33:39.009+0000 7fe2faffd640 1 --2- >> [v2:172.21.15.2:3300/0,v1:172.21.15.2:6789/0] conn(0x7fe2fc106970 0x7fe2fc106d70 unknown :-1 s=HELLO_CONNECTING pgs=0 cs=0 l=0 rev1=1 crypto rx=0 tx=0 comp rx=0 tx=0).handle_hello peer v2:172.21.15.2:3300/0 says I am v2:172.21.15.2:52710/0 (socket says 172.21.15.2:52710)
2024-09-21T13:33:39.832 INFO:teuthology.orchestra.run.smithi002.stdout:/usr/bin/ceph: stderr
2024-09-21T13:33:39.010+0000 7fe2faffd640 1 -- 172.21.15.2:0/1760551721 learned_addr learned my addr 172.21.15.2:0/1760551721 (peer_addr_for_me v2:172.21.15.2:0/0)
2024-09-21T13:33:39.832 INFO:teuthology.orchestra.run.smithi002.stdout:/usr/bin/ceph: stderr
2024-09-21T13:33:39.010+0000 7fe2faffd640 1 -- 172.21.15.2:0/1760551721 --> [v2:172.21.15.2:3300/0,v1:172.21.15.2:6789/0] -- mon_subscribe({config=0+,monmap=0+}) -- 0x7fe2fc1074e0 con 0x7fe2fc106970
2024-09-21T13:33:39.832 INFO:teuthology.orchestra.run.smithi002.stdout:/usr/bin/ceph: stderr
2024-09-21T13:33:39.010+0000 7fe2faffd640 1 --2- 172.21.15.2:0/1760551721 >> [v2:172.21.15.2:3300/0,v1:172.21.15.2:6789/0] conn(0x7fe2fc106970 0x7fe2fc106d70 secure :-1 s=READY pgs=43 cs=0 l=1 rev1=1 crypto rx=0x7fe2ec009820 tx=0x7fe2ec02a270 comp rx=0 tx=0).ready entity=mon.0 client_cookie=2b7b5e95331045f8 server_cookie=0 in_seq=0 out_seq=0
2024-09-21T13:33:39.832 INFO:teuthology.orchestra.run.smithi002.stdout:/usr/bin/ceph: stderr
2024-09-21T13:33:39.011+0000 7fe2f9ffb640 1 -- 172.21.15.2:0/1760551721 <== mon.0 v2:172.21.15.2:3300/0 1 ==== mon_map magic: 0 ==== 205+0+0 (secure 0 0 0) 0x7fe2ec037070 con 0x7fe2fc106970
2024-09-21T13:33:39.832 INFO:teuthology.orchestra.run.smithi002.stdout:/usr/bin/ceph: stderr
2024-09-21T13:33:39.011+0000 7fe2f9ffb640 1 -- 172.21.15.2:0/1760551721 <== mon.0 v2:172.21.15.2:3300/0 2 ==== config(25 keys) ==== 1023+0+0 (secure 0 0 0) 0x7fe2ec0328a0 con 0x7fe2fc106970
2024-09-21T13:33:39.832 INFO:teuthology.orchestra.run.smithi002.stdout:/usr/bin/ceph: stderr
2024-09-21T13:33:39.011+0000 7fe2f9ffb640 1 -- 172.21.15.2:0/1760551721 <== mon.0 v2:172.21.15.2:3300/0 3 ==== mon_map magic: 0 ==== 205+0+0 (secure 0 0 0) 0x7fe2ec030690 con 0x7fe2fc106970
2024-09-21T13:33:39.833 INFO:teuthology.orchestra.run.smithi002.stdout:/usr/bin/ceph: stderr
2024-09-21T13:33:39.011+0000 7fe30191f640 1 -- 172.21.15.2:0/1760551721 >> [v2:172.21.15.2:3300/0,v1:172.21.15.2:6789/0] conn(0x7fe2fc106970 msgr2=0x7fe2fc106d70 secure :-1 s=STATE_CONNECTION_ESTABLISHED l=1).mark_down
2024-09-21T13:33:39.833 INFO:teuthology.orchestra.run.smithi002.stdout:/usr/bin/ceph: stderr
2024-09-21T13:33:39.011+0000 7fe30191f640 1 --2- 172.21.15.2:0/1760551721 >> [v2:172.21.15.2:3300/0,v1:172.21.15.2:6789/0] conn(0x7fe2fc106970 0x7fe2fc106d70 secure :-1 s=READY pgs=43 cs=0 l=1 rev1=1 crypto rx=0x7fe2ec009820 tx=0x7fe2ec02a270 comp rx=0 tx=0).stop
2024-09-21T13:33:39.833 INFO:teuthology.orchestra.run.smithi002.stdout:/usr/bin/ceph: stderr
2024-09-21T13:33:39.011+0000 7fe30191f640 1 -- 172.21.15.2:0/1760551721 shutdown_connections
2024-09-21T13:33:39.833 INFO:teuthology.orchestra.run.smithi002.stdout:/usr/bin/ceph: stderr
2024-09-21T13:33:39.011+0000 7fe30191f640 1 --2- 172.21.15.2:0/1760551721 >> [v2:172.21.15.2:3300/0,v1:172.21.15.2:6789/0] conn(0x7fe2fc106970 0x7fe2fc106d70 unknown :-1 s=CLOSED pgs=43 cs=0 l=1 rev1=1 crypto rx=0 tx=0 comp rx=0 tx=0).stop
2024-09-21T13:33:39.833 INFO:teuthology.orchestra.run.smithi002.stdout:/usr/bin/ceph: stderr
2024-09-21T13:33:39.011+0000 7fe30191f640 1 -- 172.21.15.2:0/1760551721 >> 172.21.15.2:0/1760551721 conn(0x7fe2fc102280 msgr2=0x7fe2fc1046a0 unknown :-1 s=STATE_NONE l=0).mark_down
2024-09-21T13:33:39.833 INFO:teuthology.orchestra.run.smithi002.stdout:/usr/bin/ceph: stderr
2024-09-21T13:33:39.011+0000 7fe30191f640 1 -- 172.21.15.2:0/1760551721 shutdown_connections
2024-09-21T13:33:39.833 INFO:teuthology.orchestra.run.smithi002.stdout:/usr/bin/ceph: stderr
2024-09-21T13:33:39.011+0000 7fe30191f640 1 -- 172.21.15.2:0/1760551721 wait complete.
2024-09-21T13:33:39.833 INFO:teuthology.orchestra.run.smithi002.stdout:/usr/bin/ceph: stderr
2024-09-21T13:33:39.012+0000 7fe30191f640 1 Processor -- start
2024-09-21T13:33:39.833 INFO:teuthology.orchestra.run.smithi002.stdout:/usr/bin/ceph: stderr
2024-09-21T13:33:39.012+0000 7fe30191f640 1 -- start start
2024-09-21T13:33:39.833 INFO:teuthology.orchestra.run.smithi002.stdout:/usr/bin/ceph: stderr
2024-09-21T13:33:39.012+0000 7fe30191f640 1 --2- >> [v2:172.21.15.2:3300/0,v1:172.21.15.2:6789/0] conn(0x7fe2fc106970 0x7fe2fc19a8f0 unknown :-1 s=NONE pgs=0 cs=0 l=1 rev1=0 crypto rx=0 tx=0 comp rx=0 tx=0).connect
2024-09-21T13:33:39.833 INFO:teuthology.orchestra.run.smithi002.stdout:/usr/bin/ceph: stderr
2024-09-21T13:33:39.012+0000 7fe30191f640 1 -- --> [v2:172.21.15.2:3300/0,v1:172.21.15.2:6789/0] -- mon_getmap magic: 0 -- 0x7fe2fc10adf0 con 0x7fe2fc106970
2024-09-21T13:33:39.833 INFO:teuthology.orchestra.run.smithi002.stdout:/usr/bin/ceph: stderr
2024-09-21T13:33:39.013+0000 7fe2faffd640 1 --2- >> [v2:172.21.15.2:3300/0,v1:172.21.15.2:6789/0] conn(0x7fe2fc106970 0x7fe2fc19a8f0 unknown :-1 s=BANNER_CONNECTING pgs=0 cs=0 l=1 rev1=0 crypto rx=0 tx=0 comp rx=0 tx=0)._handle_peer_banner_payload supported=3 required=0
2024-09-21T13:33:39.833 INFO:teuthology.orchestra.run.smithi002.stdout:/usr/bin/ceph: stderr
