2024-09-05T11:46:37.852 INFO:teuthology.orchestra.run.smithi037.stdout:/usr/bin/ceph: stderr
2024-09-05T11:46:36.562+0000 7f92ef40d640 1 -- 172.21.15.37:0/92339453 shutdown_connections
2024-09-05T11:46:37.852 INFO:teuthology.orchestra.run.smithi037.stdout:/usr/bin/ceph: stderr
2024-09-05T11:46:36.563+0000 7f92ef40d640 1 -- 172.21.15.37:0/92339453 wait complete.
2024-09-05T11:46:37.852 INFO:teuthology.orchestra.run.smithi037.stdout:Enabling the dashboard module...
2024-09-05T11:46:39.382 INFO:journalctl@ceph.mon.a.smithi037.stdout:Sep 05 11:46:39 smithi037 ceph-mon[30914]: from='mgr.14118 172.21.15.37:0/4164871194' entity='mgr.x'
2024-09-05T11:46:39.382 INFO:journalctl@ceph.mon.a.smithi037.stdout:Sep 05 11:46:39 smithi037 ceph-mon[30914]: from='client.? 172.21.15.37:0/1072486636' entity='client.admin' cmd=[{"prefix": "mgr module enable", "module": "dashboard"}]: dispatch
2024-09-05T11:46:39.382 INFO:journalctl@ceph.mgr.x.smithi037.stdout:Sep 05 11:46:39 smithi037 ceph-210ae282-6b7c-11ef-bcd6-c7b262605968-mgr-x[31141]: ignoring --setuser ceph since I am not root
2024-09-05T11:46:39.383 INFO:journalctl@ceph.mgr.x.smithi037.stdout:Sep 05 11:46:39 smithi037 ceph-210ae282-6b7c-11ef-bcd6-c7b262605968-mgr-x[31141]: ignoring --setgroup ceph since I am not root
2024-09-05T11:46:39.383 INFO:journalctl@ceph.mgr.x.smithi037.stdout:Sep 05 11:46:39 smithi037 ceph-210ae282-6b7c-11ef-bcd6-c7b262605968-mgr-x[31141]:
2024-09-05T11:46:39.285+0000 7fbd68bf3040 -1 mgr[py] Module osd_perf_query has missing NOTIFY_TYPES member
2024-09-05T11:46:39.383 INFO:journalctl@ceph.mgr.x.smithi037.stdout:Sep 05 11:46:39 smithi037 ceph-210ae282-6b7c-11ef-bcd6-c7b262605968-mgr-x[31141]:
2024-09-05T11:46:39.344+0000 7fbd68bf3040 -1 mgr[py] Module osd_support has missing NOTIFY_TYPES member
2024-09-05T11:46:39.720 INFO:journalctl@ceph.mgr.x.smithi037.stdout:Sep 05 11:46:39 smithi037 ceph-210ae282-6b7c-11ef-bcd6-c7b262605968-mgr-x[31141]:
2024-09-05T11:46:39.498+0000 7fbd68bf3040 -1 mgr[py] Module diskprediction_local has missing NOTIFY_TYPES member
2024-09-05T11:46:39.721 INFO:journalctl@ceph.mgr.x.smithi037.stdout:Sep 05 11:46:39 smithi037 ceph-210ae282-6b7c-11ef-bcd6-c7b262605968-mgr-x[31141]:
2024-09-05T11:46:39.566+0000 7fbd68bf3040 -1 mgr[py] Module crash has missing NOTIFY_TYPES member
2024-09-05T11:46:39.721 INFO:journalctl@ceph.mgr.x.smithi037.stdout:Sep 05 11:46:39 smithi037 ceph-210ae282-6b7c-11ef-bcd6-c7b262605968-mgr-x[31141]:
2024-09-05T11:46:39.719+0000 7fbd68bf3040 -1 mgr[py] Module test_orchestrator has missing NOTIFY_TYPES member
2024-09-05T11:46:40.132 INFO:journalctl@ceph.mgr.x.smithi037.stdout:Sep 05 11:46:39 smithi037 ceph-210ae282-6b7c-11ef-bcd6-c7b262605968-mgr-x[31141]:
2024-09-05T11:46:39.865+0000 7fbd68bf3040 -1 mgr[py] Module snap_schedule has missing NOTIFY_TYPES member
2024-09-05T11:46:40.145 INFO:teuthology.orchestra.run.smithi037.stdout:/usr/bin/ceph: stderr
2024-09-05T11:46:38.308+0000 7f928f836640 1 Processor -- start
2024-09-05T11:46:40.145 INFO:teuthology.orchestra.run.smithi037.stdout:/usr/bin/ceph: stderr
2024-09-05T11:46:38.309+0000 7f928f836640 1 -- start start
2024-09-05T11:46:40.145 INFO:teuthology.orchestra.run.smithi037.stdout:/usr/bin/ceph: stderr
2024-09-05T11:46:38.309+0000 7f928f836640 1 --2- >> [v2:172.21.15.37:3300/0,v1:172.21.15.37:6789/0] conn(0x7f9288106a00 0x7f9288106e00 unknown :-1 s=NONE pgs=0 cs=0 l=0 rev1=0 crypto rx=0 tx=0 comp rx=0 tx=0).connect
2024-09-05T11:46:40.145 INFO:teuthology.orchestra.run.smithi037.stdout:/usr/bin/ceph: stderr
2024-09-05T11:46:38.309+0000 7f928f836640 1 -- --> [v2:172.21.15.37:3300/0,v1:172.21.15.37:6789/0] -- mon_getmap magic: 0 -- 0x7f92881073d0 con 0x7f9288106a00
2024-09-05T11:46:40.145 INFO:teuthology.orchestra.run.smithi037.stdout:/usr/bin/ceph: stderr
2024-09-05T11:46:38.309+0000 7f928d5d2640 1 --2- >> [v2:172.21.15.37:3300/0,v1:172.21.15.37:6789/0] conn(0x7f9288106a00 0x7f9288106e00 unknown :-1 s=BANNER_CONNECTING pgs=0 cs=0 l=0 rev1=0 crypto rx=0 tx=0 comp rx=0 tx=0)._handle_peer_banner_payload supported=3 required=0
2024-09-05T11:46:40.145 INFO:teuthology.orchestra.run.smithi037.stdout:/usr/bin/ceph: stderr
2024-09-05T11:46:38.309+0000 7f928d5d2640 1 --2- >> [v2:172.21.15.37:3300/0,v1:172.21.15.37:6789/0] conn(0x7f9288106a00 0x7f9288106e00 unknown :-1 s=HELLO_CONNECTING pgs=0 cs=0 l=0 rev1=1 crypto rx=0 tx=0 comp rx=0 tx=0).handle_hello peer v2:172.21.15.37:3300/0 says I am v2:172.21.15.37:32934/0 (socket says 172.21.15.37:32934)
2024-09-05T11:46:40.145 INFO:teuthology.orchestra.run.smithi037.stdout:/usr/bin/ceph: stderr
2024-09-05T11:46:38.309+0000 7f928d5d2640 1 -- 172.21.15.37:0/1679831012 learned_addr learned my addr 172.21.15.37:0/1679831012 (peer_addr_for_me v2:172.21.15.37:0/0)
2024-09-05T11:46:40.145 INFO:teuthology.orchestra.run.smithi037.stdout:/usr/bin/ceph: stderr
2024-09-05T11:46:38.309+0000 7f928d5d2640 1 -- 172.21.15.37:0/1679831012 --> [v2:172.21.15.37:3300/0,v1:172.21.15.37:6789/0] -- mon_subscribe({config=0+,monmap=0+}) -- 0x7f9288107c00 con 0x7f9288106a00
2024-09-05T11:46:40.145 INFO:teuthology.orchestra.run.smithi037.stdout:/usr/bin/ceph: stderr
2024-09-05T11:46:38.310+0000 7f928d5d2640 1 --2- 172.21.15.37:0/1679831012 >> [v2:172.21.15.37:3300/0,v1:172.21.15.37:6789/0] conn(0x7f9288106a00 0x7f9288106e00 secure :-1 s=READY pgs=53 cs=0 l=1 rev1=1 crypto rx=0x7f9284009820 tx=0x7f928402a270 comp rx=0 tx=0).ready entity=mon.0 client_cookie=7518bbcb0140ea09 server_cookie=0 in_seq=0 out_seq=0
2024-09-05T11:46:40.145 INFO:teuthology.orchestra.run.smithi037.stdout:/usr/bin/ceph: stderr
2024-09-05T11:46:38.310+0000 7f927ffff640 1 -- 172.21.15.37:0/1679831012 <== mon.0 v2:172.21.15.37:3300/0 1 ==== mon_map magic: 0 ==== 205+0+0 (secure 0 0 0) 0x7f9284037070 con 0x7f9288106a00
2024-09-05T11:46:40.146 INFO:teuthology.orchestra.run.smithi037.stdout:/usr/bin/ceph: stderr
2024-09-05T11:46:38.310+0000 7f927ffff640 1 -- 172.21.15.37:0/1679831012 <== mon.0 v2:172.21.15.37:3300/0 2 ==== config(29 keys) ==== 1209+0+0 (secure 0 0 0) 0x7f9284032960 con 0x7f9288106a00
2024-09-05T11:46:40.146 INFO:teuthology.orchestra.run.smithi037.stdout:/usr/bin/ceph: stderr
2024-09-05T11:46:38.310+0000 7f927ffff640 1 -- 172.21.15.37:0/1679831012 <== mon.0 v2:172.21.15.37:3300/0 3 ==== mon_map magic: 0 ==== 205+0+0 (secure 0 0 0) 0x7f9284030980 con 0x7f9288106a00
2024-09-05T11:46:40.146 INFO:teuthology.orchestra.run.smithi037.stdout:/usr/bin/ceph: stderr
2024-09-05T11:46:38.311+0000 7f928f836640 1 -- 172.21.15.37:0/1679831012 >> [v2:172.21.15.37:3300/0,v1:172.21.15.37:6789/0] conn(0x7f9288106a00 msgr2=0x7f9288106e00 secure :-1 s=STATE_CONNECTION_ESTABLISHED l=1).mark_down
2024-09-05T11:46:40.146 INFO:teuthology.orchestra.run.smithi037.stdout:/usr/bin/ceph: stderr
2024-09-05T11:46:38.311+0000 7f928f836640 1 --2- 172.21.15.37:0/1679831012 >> [v2:172.21.15.37:3300/0,v1:172.21.15.37:6789/0] conn(0x7f9288106a00 0x7f9288106e00 secure :-1 s=READY pgs=53 cs=0 l=1 rev1=1 crypto rx=0x7f9284009820 tx=0x7f928402a270 comp rx=0 tx=0).stop
2024-09-05T11:46:40.146 INFO:teuthology.orchestra.run.smithi037.stdout:/usr/bin/ceph: stderr
2024-09-05T11:46:38.311+0000 7f928f836640 1 -- 172.21.15.37:0/1679831012 shutdown_connections
2024-09-05T11:46:40.146 INFO:teuthology.orchestra.run.smithi037.stdout:/usr/bin/ceph: stderr
2024-09-05T11:46:38.311+0000 7f928f836640 1 --2- 172.21.15.37:0/1679831012 >> [v2:172.21.15.37:3300/0,v1:172.21.15.37:6789/0] conn(0x7f9288106a00 0x7f9288106e00 unknown :-1 s=CLOSED pgs=53 cs=0 l=1 rev1=1 crypto rx=0 tx=0 comp rx=0 tx=0).stop
2024-09-05T11:46:40.146 INFO:teuthology.orchestra.run.smithi037.stdout:/usr/bin/ceph: stderr
2024-09-05T11:46:38.311+0000 7f928f836640 1 -- 172.21.15.37:0/1679831012 >> 172.21.15.37:0/1679831012 conn(0x7f92881021d0 msgr2=0x7f92881045f0 unknown :-1 s=STATE_NONE l=0).mark_down
2024-09-05T11:46:40.146 INFO:teuthology.orchestra.run.smithi037.stdout:/usr/bin/ceph: stderr
2024-09-05T11:46:38.311+0000 7f928f836640 1 -- 172.21.15.37:0/1679831012 shutdown_connections
2024-09-05T11:46:40.146 INFO:teuthology.orchestra.run.smithi037.stdout:/usr/bin/ceph: stderr
2024-09-05T11:46:38.311+0000 7f928f836640 1 -- 172.21.15.37:0/1679831012 wait complete.
2024-09-05T11:46:40.146 INFO:teuthology.orchestra.run.smithi037.stdout:/usr/bin/ceph: stderr
2024-09-05T11:46:38.312+0000 7f928f836640 1 Processor -- start
2024-09-05T11:46:40.146 INFO:teuthology.orchestra.run.smithi037.stdout:/usr/bin/ceph: stderr
2024-09-05T11:46:38.312+0000 7f928f836640 1 -- start start
2024-09-05T11:46:40.146 INFO:teuthology.orchestra.run.smithi037.stdout:/usr/bin/ceph: stderr
2024-09-05T11:46:38.312+0000 7f928f836640 1 --2- >> [v2:172.21.15.37:3300/0,v1:172.21.15.37:6789/0] conn(0x7f9288106a00 0x7f928819aa80 unknown :-1 s=NONE pgs=0 cs=0 l=1 rev1=0 crypto rx=0 tx=0 comp rx=0 tx=0).connect
2024-09-05T11:46:40.146 INFO:teuthology.orchestra.run.smithi037.stdout:/usr/bin/ceph: stderr
2024-09-05T11:46:38.312+0000 7f928f836640 1 -- --> [v2:172.21.15.37:3300/0,v1:172.21.15.37:6789/0] -- mon_getmap magic: 0 -- 0x7f928810afb0 con 0x7f9288106a00
2024-09-05T11:46:40.147 INFO:teuthology.orchestra.run.smithi037.stdout:/usr/bin/ceph: stderr
2024-09-05T11:46:38.312+0000 7f928d5d2640 1 --2- >> [v2:172.21.15.37:3300/0,v1:172.21.15.37:6789/0] conn(0x7f9288106a00 0x7f928819aa80 unknown :-1 s=BANNER_CONNECTING pgs=0 cs=0 l=1 rev1=0 crypto rx=0 tx=0 comp rx=0 tx=0)._handle_peer_banner_payload supported=3 required=0
2024-09-05T11:46:40.147 INFO:teuthology.orchestra.run.smithi037.stdout:/usr/bin/ceph: stderr
2024-09-05T11:46:38.312+0000 7f928d5d2640 1 --2- >> [v2:172.21.15.37:3300/0,v1:172.21.15.37:6789/0] conn(0x7f9288106a00 0x7f928819aa80 unknown :-1 s=HELLO_CONNECTING pgs=0 cs=0 l=1 rev1=1 crypto rx=0 tx=0 comp rx=0 tx=0).handle_hello peer v2:172.21.15.37:3300/0 says I am v2:172.21.15.37:32944/0 (socket says 172.21.15.37:32944)
2024-09-05T11:46:40.147 INFO:teuthology.orchestra.run.smithi037.stdout:/usr/bin/ceph: stderr
2024-09-05T11:46:38.312+0000 7f928d5d2640 1 -- 172.21.15.37:0/1072486636 learned_addr learned my addr 172.21.15.37:0/1072486636 (peer_addr_for_me v2:172.21.15.37:0/0)
2024-09-05T11:46:40.147 INFO:teuthology.orchestra.run.smithi037.stdout:/usr/bin/ceph: stderr
2024-09-05T11:46:38.313+0000 7f928d5d2640 1 -- 172.21.15.37:0/1072486636 --> [v2:172.21.15.37:3300/0,v1:172.21.15.37:6789/0] -- mon_subscribe({config=0+,monmap=0+}) -- 0x7f928819afc0 con 0x7f9288106a00
2024-09-05T11:46:40.147 INFO:teuthology.orchestra.run.smithi037.stdout:/usr/bin/ceph: stderr
2024-09-05T11:46:38.313+0000 7f928d5d2640 1 --2- 172.21.15.37:0/1072486636 >> [v2:172.21.15.37:3300/0,v1:172.21.15.37:6789/0] conn(0x7f9288106a00 0x7f928819aa80 secure :-1 s=READY pgs=54 cs=0 l=1 rev1=1 crypto rx=0x7f9284032ea0 tx=0x7f9284032ed0 comp rx=0 tx=0).ready entity=mon.0 client_cookie=0 server_cookie=0 in_seq=0 out_seq=0
2024-09-05T11:46:40.147 INFO:teuthology.orchestra.run.smithi037.stdout:/usr/bin/ceph: stderr
2024-09-05T11:46:38.313+0000 7f927e7fc640 1 -- 172.21.15.37:0/1072486636 <== mon.0 v2:172.21.15.37:3300/0 1 ==== mon_map magic: 0 ==== 205+0+0 (secure 0 0 0) 0x7f9284042070 con 0x7f9288106a00
2024-09-05T11:46:40.147 INFO:teuthology.orchestra.run.smithi037.stdout:/usr/bin/ceph: stderr
2024-09-05T11:46:38.313+0000 7f927e7fc640 1 -- 172.21.15.37:0/1072486636 <== mon.0 v2:172.21.15.37:3300/0 2 ==== config(29 keys) ==== 1209+0+0 (secure 0 0 0) 0x7f92840326c0 con 0x7f9288106a00
2024-09-05T11:46:40.147 INFO:teuthology.orchestra.run.smithi037.stdout:/usr/bin/ceph: stderr
2024-09-05T11:46:38.313+0000 7f928f836640 1 -- 172.21.15.37:0/1072486636 --> [v2:172.21.15.37:3300/0,v1:172.21.15.37:6789/0] -- mon_subscribe({mgrmap=0+}) -- 0x7f928819b250 con 0x7f9288106a00
2024-09-05T11:46:40.147 INFO:teuthology.orchestra.run.smithi037.stdout:/usr/bin/ceph: stderr
2024-09-05T11:46:38.313+0000 7f927e7fc640 1 -- 172.21.15.37:0/1072486636 <== mon.0 v2:172.21.15.37:3300/0 3 ==== mon_map magic: 0 ==== 205+0+0 (secure 0 0 0) 0x7f9284037040 con 0x7f9288106a00
2024-09-05T11:46:40.147 INFO:teuthology.orchestra.run.smithi037.stdout:/usr/bin/ceph: stderr
2024-09-05T11:46:38.313+0000 7f928f836640 1 -- 172.21.15.37:0/1072486636 --> [v2:172.21.15.37:3300/0,v1:172.21.15.37:6789/0] -- mon_subscribe({osdmap=0}) -- 0x7f928819df40 con 0x7f9288106a00
2024-09-05T11:46:40.147 INFO:teuthology.orchestra.run.smithi037.stdout:/usr/bin/ceph: stderr
2024-09-05T11:46:38.314+0000 7f928f836640 1 -- 172.21.15.37:0/1072486636 --> [v2:172.21.15.37:3300/0,v1:172.21.15.37:6789/0] -- mon_command({"prefix": "get_command_descriptions"} v 0) -- 0x7f9288106e00 con 0x7f9288106a00
2024-09-05T11:46:40.147 INFO:teuthology.orchestra.run.smithi037.stdout:/usr/bin/ceph: stderr
2024-09-05T11:46:38.314+0000 7f927e7fc640 1 -- 172.21.15.37:0/1072486636 <== mon.0 v2:172.21.15.37:3300/0 4 ==== mgrmap(e 8) ==== 46287+0+0 (secure 0 0 0) 0x7f9284045070 con 0x7f9288106a00
2024-09-05T11:46:40.148 INFO:teuthology.orchestra.run.smithi037.stdout:/usr/bin/ceph: stderr
2024-09-05T11:46:38.315+0000 7f927e7fc640 1 --2- 172.21.15.37:0/1072486636 >> [v2:172.21.15.37:6800/2760112276,v1:172.21.15.37:6801/2760112276] conn(0x7f9274038fc0 0x7f927403b480 unknown :-1 s=NONE pgs=0 cs=0 l=1 rev1=0 crypto rx=0 tx=0 comp rx=0 tx=0).connect
2024-09-05T11:46:40.148 INFO:teuthology.orchestra.run.smithi037.stdout:/usr/bin/ceph: stderr
2024-09-05T11:46:38.315+0000 7f927e7fc640 1 -- 172.21.15.37:0/1072486636 <== mon.0 v2:172.21.15.37:3300/0 5 ==== osd_map(2..2 src has 1..2) ==== 940+0+0 (secure 0 0 0) 0x7f928406c0b0 con 0x7f9288106a00
2024-09-05T11:46:40.148 INFO:teuthology.orchestra.run.smithi037.stdout:/usr/bin/ceph: stderr
2024-09-05T11:46:38.315+0000 7f928cdd1640 1 --2- 172.21.15.37:0/1072486636 >> [v2:172.21.15.37:6800/2760112276,v1:172.21.15.37:6801/2760112276] conn(0x7f9274038fc0 0x7f927403b480 unknown :-1 s=BANNER_CONNECTING pgs=0 cs=0 l=1 rev1=0 crypto rx=0 tx=0 comp rx=0 tx=0)._handle_peer_banner_payload supported=3 required=0
2024-09-05T11:46:40.148 INFO:teuthology.orchestra.run.smithi037.stdout:/usr/bin/ceph: stderr
2024-09-05T11:46:38.315+0000 7f928cdd1640 1 --2- 172.21.15.37:0/1072486636 >> [v2:172.21.15.37:6800/2760112276,v1:172.21.15.37:6801/2760112276] conn(0x7f9274038fc0 0x7f927403b480 secure :-1 s=READY pgs=16 cs=0 l=1 rev1=1 crypto rx=0x7f92780098c0 tx=0x7f9278006db0 comp rx=0 tx=0).ready entity=mgr.14118 client_cookie=0 server_cookie=0 in_seq=0 out_seq=0
2024-09-05T11:46:40.148 INFO:teuthology.orchestra.run.smithi037.stdout:/usr/bin/ceph: stderr
2024-09-05T11:46:38.320+0000 7f927e7fc640 1 -- 172.21.15.37:0/1072486636 <== mon.0 v2:172.21.15.37:3300/0 6 ==== mon_command_ack([{"prefix": "get_command_descriptions"}]=0 v0) ==== 72+0+188821 (secure 0 0 0) 0x7f928404b170 con 0x7f9288106a00
2024-09-05T11:46:40.148 INFO:teuthology.orchestra.run.smithi037.stdout:/usr/bin/ceph: stderr
2024-09-05T11:46:38.563+0000 7f928f836640 1 -- 172.21.15.37:0/1072486636 --> [v2:172.21.15.37:3300/0,v1:172.21.15.37:6789/0] -- mon_command({"prefix": "mgr module enable", "module": "dashboard"} v 0) -- 0x7f928819e380 con 0x7f9288106a00
2024-09-05T11:46:40.148 INFO:teuthology.orchestra.run.smithi037.stdout:/usr/bin/ceph: stderr
2024-09-05T11:46:39.132+0000 7f927e7fc640 1 -- 172.21.15.37:0/1072486636 <== mon.0 v2:172.21.15.37:3300/0 7 ==== mon_command_ack([{"prefix": "mgr module enable", "module": "dashboard"}]=0 v9) ==== 88+0+0 (secure 0 0 0) 0x7f928403dc80 con 0x7f9288106a00
2024-09-05T11:46:40.148 INFO:teuthology.orchestra.run.smithi037.stdout:/usr/bin/ceph: stderr
2024-09-05T11:46:39.134+0000 7f927e7fc640 1 -- 172.21.15.37:0/1072486636 <== mon.0 v2:172.21.15.37:3300/0 8 ==== mgrmap(e 9) ==== 46300+0+0 (secure 0 0 0) 0x7f928406e0e0 con 0x7f9288106a00
2024-09-05T11:46:40.148 INFO:teuthology.orchestra.run.smithi037.stdout:/usr/bin/ceph: stderr
2024-09-05T11:46:39.135+0000 7f928f836640 1 -- 172.21.15.37:0/1072486636 >> [v2:172.21.15.37:6800/2760112276,v1:172.21.15.37:6801/2760112276] conn(0x7f9274038fc0 msgr2=0x7f927403b480 secure :-1 s=STATE_CONNECTION_ESTABLISHED l=1).mark_down
2024-09-05T11:46:40.148 INFO:teuthology.orchestra.run.smithi037.stdout:/usr/bin/ceph: stderr
2024-09-05T11:46:39.135+0000 7f928f836640 1 --2- 172.21.15.37:0/1072486636 >> [v2:172.21.15.37:6800/2760112276,v1:172.21.15.37:6801/2760112276] conn(0x7f9274038fc0 0x7f927403b480 secure :-1 s=READY pgs=16 cs=0 l=1 rev1=1 crypto rx=0x7f92780098c0 tx=0x7f9278006db0 comp rx=0 tx=0).stop
2024-09-05T11:46:40.148 INFO:teuthology.orchestra.run.smithi037.stdout:/usr/bin/ceph: stderr
2024-09-05T11:46:39.135+0000 7f928f836640 1 -- 172.21.15.37:0/1072486636 >> [v2:172.21.15.37:3300/0,v1:172.21.15.37:6789/0] conn(0x7f9288106a00 msgr2=0x7f928819aa80 secure :-1 s=STATE_CONNECTION_ESTABLISHED l=1).mark_down
2024-09-05T11:46:40.149 INFO:teuthology.orchestra.run.smithi037.stdout:/usr/bin/ceph: stderr
2024-09-05T11:46:39.135+0000 7f928f836640 1 --2- 172.21.15.37:0/1072486636 >> [v2:172.21.15.37:3300/0,v1:172.21.15.37:6789/0] conn(0x7f9288106a00 0x7f928819aa80 secure :-1 s=READY pgs=54 cs=0 l=1 rev1=1 crypto rx=0x7f9284032ea0 tx=0x7f9284032ed0 comp rx=0 tx=0).stop
2024-09-05T11:46:40.149 INFO:teuthology.orchestra.run.smithi037.stdout:/usr/bin/ceph: stderr
2024-09-05T11:46:39.135+0000 7f928f836640 1 -- 172.21.15.37:0/1072486636 shutdown_connections
2024-09-05T11:46:40.149 INFO:teuthology.orchestra.run.smithi037.stdout:/usr/bin/ceph: stderr
2024-09-05T11:46:39.135+0000 7f928f836640 1 --2- 172.21.15.37:0/1072486636 >> [v2:172.21.15.37:6800/2760112276,v1:172.21.15.37:6801/2760112276] conn(0x7f9274038fc0 0x7f927403b480 unknown :-1 s=CLOSED pgs=16 cs=0 l=1 rev1=1 crypto rx=0 tx=0 comp rx=0 tx=0).stop
2024-09-05T11:46:40.149 INFO:teuthology.orchestra.run.smithi037.stdout:/usr/bin/ceph: stderr
2024-09-05T11:46:39.135+0000 7f928f836640 1 --2- 172.21.15.37:0/1072486636 >> [v2:172.21.15.37:3300/0,v1:172.21.15.37:6789/0] conn(0x7f9288106a00 0x7f928819aa80 unknown :-1 s=CLOSED pgs=54 cs=0 l=1 rev1=1 crypto rx=0 tx=0 comp rx=0 tx=0).stop
2024-09-05T11:46:40.149 INFO:teuthology.orchestra.run.smithi037.stdout:/usr/bin/ceph: stderr
2024-09-05T11:46:39.135+0000 7f928f836640 1 -- 172.21.15.37:0/1072486636 >> 172.21.15.37:0/1072486636 conn(0x7f92881021d0 msgr2=0x7f9288102d80 unknown :-1 s=STATE_NONE l=0).mark_down
2024-09-05T11:46:40.149 INFO:teuthology.orchestra.run.smithi037.stdout:/usr/bin/ceph: stderr
2024-09-05T11:46:39.135+0000 7f928f836640 1 -- 172.21.15.37:0/1072486636 shutdown_connections
2024-09-05T11:46:40.149 INFO:teuthology.orchestra.run.smithi037.stdout:/usr/bin/ceph: stderr
2024-09-05T11:46:39.135+0000 7f928f836640 1 -- 172.21.15.37:0/1072486636 wait complete.
2024-09-05T11:46:40.385 INFO:journalctl@ceph.mon.a.smithi037.stdout:Sep 05 11:46:40 smithi037 ceph-mon[30914]: from='client.? 172.21.15.37:0/1072486636' entity='client.admin' cmd='[{"prefix": "mgr module enable", "module": "dashboard"}]': finished
2024-09-05T11:46:40.385 INFO:journalctl@ceph.mon.a.smithi037.stdout:Sep 05 11:46:40 smithi037 ceph-mon[30914]: mgrmap e9: x(active, since 19s)
2024-09-05T11:46:40.385 INFO:journalctl@ceph.mgr.x.smithi037.stdout:Sep 05 11:46:40 smithi037 ceph-210ae282-6b7c-11ef-bcd6-c7b262605968-mgr-x[31141]:
2024-09-05T11:46:40.194+0000 7fbd68bf3040 -1 mgr[py] Module prometheus has missing NOTIFY_TYPES member
2024-09-05T11:46:40.385 INFO:journalctl@ceph.mgr.x.smithi037.stdout:Sep 05 11:46:40 smithi037 ceph-210ae282-6b7c-11ef-bcd6-c7b262605968-mgr-x[31141]:
2024-09-05T11:46:40.256+0000 7fbd68bf3040 -1 mgr[py] Module selftest has missing NOTIFY_TYPES member
2024-09-05T11:46:40.769 INFO:journalctl@ceph.mgr.x.smithi037.stdout:Sep 05 11:46:40 smithi037 ceph-210ae282-6b7c-11ef-bcd6-c7b262605968-mgr-x[31141]:
2024-09-05T11:46:40.457+0000 7fbd68bf3040 -1 mgr[py] Module volumes has missing NOTIFY_TYPES member
2024-09-05T11:46:41.385 INFO:teuthology.orchestra.run.smithi037.stdout:/usr/bin/ceph: stdout {
2024-09-05T11:46:41.385 INFO:teuthology.orchestra.run.smithi037.stdout:/usr/bin/ceph: stdout "epoch": 9,
2024-09-05T11:46:41.386 INFO:teuthology.orchestra.run.smithi037.stdout:/usr/bin/ceph: stdout "available": true,
2024-09-05T11:46:41.386 INFO:teuthology.orchestra.run.smithi037.stdout:/usr/bin/ceph: stdout "active_name": "x",
2024-09-05T11:46:41.386 INFO:teuthology.orchestra.run.smithi037.stdout:/usr/bin/ceph: stdout "num_standby": 0
2024-09-05T11:46:41.386 INFO:teuthology.orchestra.run.smithi037.stdout:/usr/bin/ceph: stdout }
2024-09-05T11:46:41.386 INFO:teuthology.orchestra.run.smithi037.stdout:/usr/bin/ceph: stderr
2024-09-05T11:46:40.561+0000 7f06368f5640 1 Processor -- start
2024-09-05T11:46:41.386 INFO:teuthology.orchestra.run.smithi037.stdout:/usr/bin/ceph: stderr
2024-09-05T11:46:40.561+0000 7f06368f5640 1 -- start start
2024-09-05T11:46:41.386 INFO:teuthology.orchestra.run.smithi037.stdout:/usr/bin/ceph: stderr
2024-09-05T11:46:40.561+0000 7f06368f5640 1 --2- >> [v2:172.21.15.37:3300/0,v1:172.21.15.37:6789/0] conn(0x7f06301063e0 0x7f06301067e0 unknown :-1 s=NONE pgs=0 cs=0 l=0 rev1=0 crypto rx=0 tx=0 comp rx=0 tx=0).connect
2024-09-05T11:46:41.386 INFO:teuthology.orchestra.run.smithi037.stdout:/usr/bin/ceph: stderr
2024-09-05T11:46:40.561+0000 7f06368f5640 1 -- --> [v2:172.21.15.37:3300/0,v1:172.21.15.37:6789/0] -- mon_getmap magic: 0 -- 0x7f063007bdd0 con 0x7f06301063e0
2024-09-05T11:46:41.386 INFO:teuthology.orchestra.run.smithi037.stdout:/usr/bin/ceph: stderr
2024-09-05T11:46:40.562+0000 7f062ffff640 1 --2- >> [v2:172.21.15.37:3300/0,v1:172.21.15.37:6789/0] conn(0x7f06301063e0 0x7f06301067e0 unknown :-1 s=BANNER_CONNECTING pgs=0 cs=0 l=0 rev1=0 crypto rx=0 tx=0 comp rx=0 tx=0)._handle_peer_banner_payload supported=3 required=0
2024-09-05T11:46:41.386 INFO:teuthology.orchestra.run.smithi037.stdout:/usr/bin/ceph: stderr
2024-09-05T11:46:40.562+0000 7f062ffff640 1 --2- >> [v2:172.21.15.37:3300/0,v1:172.21.15.37:6789/0] conn(0x7f06301063e0 0x7f06301067e0 unknown :-1 s=HELLO_CONNECTING pgs=0 cs=0 l=0 rev1=1 crypto rx=0 tx=0 comp rx=0 tx=0).handle_hello peer v2:172.21.15.37:3300/0 says I am v2:172.21.15.37:32966/0 (socket says 172.21.15.37:32966)
2024-09-05T11:46:41.386 INFO:teuthology.orchestra.run.smithi037.stdout:/usr/bin/ceph: stderr
2024-09-05T11:46:40.562+0000 7f062ffff640 1 -- 172.21.15.37:0/3076990340 learned_addr learned my addr 172.21.15.37:0/3076990340 (peer_addr_for_me v2:172.21.15.37:0/0)
2024-09-05T11:46:41.386 INFO:teuthology.orchestra.run.smithi037.stdout:/usr/bin/ceph: stderr
2024-09-05T11:46:40.562+0000 7f062ffff640 1 -- 172.21.15.37:0/3076990340 --> [v2:172.21.15.37:3300/0,v1:172.21.15.37:6789/0] -- mon_subscribe({config=0+,monmap=0+}) -- 0x7f0630106d20 con 0x7f06301063e0
2024-09-05T11:46:41.387 INFO:teuthology.orchestra.run.smithi037.stdout:/usr/bin/ceph: stderr
2024-09-05T11:46:40.563+0000 7f062ffff640 1 --2- 172.21.15.37:0/3076990340 >> [v2:172.21.15.37:3300/0,v1:172.21.15.37:6789/0] conn(0x7f06301063e0 0x7f06301067e0 secure :-1 s=READY pgs=57 cs=0 l=1 rev1=1 crypto rx=0x7f0620009820 tx=0x7f062002a270 comp rx=0 tx=0).ready entity=mon.0 client_cookie=9a5ae5baa1d782ee server_cookie=0 in_seq=0 out_seq=0
2024-09-05T11:46:41.387 INFO:teuthology.orchestra.run.smithi037.stdout:/usr/bin/ceph: stderr
2024-09-05T11:46:40.563+0000 7f062effd640 1 -- 172.21.15.37:0/3076990340 <== mon.0 v2:172.21.15.37:3300/0 1 ==== mon_map magic: 0 ==== 205+0+0 (secure 0 0 0) 0x7f0620037070 con 0x7f06301063e0
2024-09-05T11:46:41.387 INFO:teuthology.orchestra.run.smithi037.stdout:/usr/bin/ceph: stderr
2024-09-05T11:46:40.563+0000 7f062effd640 1 -- 172.21.15.37:0/3076990340 <== mon.0 v2:172.21.15.37:3300/0 2 ==== config(29 keys) ==== 1209+0+0 (secure 0 0 0) 0x7f0620032960 con 0x7f06301063e0
2024-09-05T11:46:41.387 INFO:teuthology.orchestra.run.smithi037.stdout:/usr/bin/ceph: stderr
2024-09-05T11:46:40.563+0000 7f062effd640 1 -- 172.21.15.37:0/3076990340 <== mon.0 v2:172.21.15.37:3300/0 3 ==== mon_map magic: 0 ==== 205+0+0 (secure 0 0 0) 0x7f0620030980 con 0x7f06301063e0
2024-09-05T11:46:41.387 INFO:teuthology.orchestra.run.smithi037.stdout:/usr/bin/ceph: stderr
2024-09-05T11:46:40.563+0000 7f06368f5640 1 -- 172.21.15.37:0/3076990340 >> [v2:172.21.15.37:3300/0,v1:172.21.15.37:6789/0] conn(0x7f06301063e0 msgr2=0x7f06301067e0 secure :-1 s=STATE_CONNECTION_ESTABLISHED l=1).mark_down
2024-09-05T11:46:41.387 INFO:teuthology.orchestra.run.smithi037.stdout:/usr/bin/ceph: stderr
2024-09-05T11:46:40.563+0000 7f06368f5640 1 --2- 172.21.15.37:0/3076990340 >> [v2:172.21.15.37:3300/0,v1:172.21.15.37:6789/0] conn(0x7f06301063e0 0x7f06301067e0 secure :-1 s=READY pgs=57 cs=0 l=1 rev1=1 crypto rx=0x7f0620009820 tx=0x7f062002a270 comp rx=0 tx=0).stop
2024-09-05T11:46:41.387 INFO:teuthology.orchestra.run.smithi037.stdout:/usr/bin/ceph: stderr
2024-09-05T11:46:40.564+0000 7f06368f5640 1 -- 172.21.15.37:0/3076990340 shutdown_connections
2024-09-05T11:46:41.387 INFO:teuthology.orchestra.run.smithi037.stdout:/usr/bin/ceph: stderr
2024-09-05T11:46:40.564+0000 7f06368f5640 1 --2- 172.21.15.37:0/3076990340 >> [v2:172.21.15.37:3300/0,v1:172.21.15.37:6789/0] conn(0x7f06301063e0 0x7f06301067e0 unknown :-1 s=CLOSED pgs=57 cs=0 l=1 rev1=1 crypto rx=0 tx=0 comp rx=0 tx=0).stop
2024-09-05T11:46:41.387 INFO:teuthology.orchestra.run.smithi037.stdout:/usr/bin/ceph: stderr
2024-09-05T11:46:40.564+0000 7f06368f5640 1 -- 172.21.15.37:0/3076990340 >> 172.21.15.37:0/3076990340 conn(0x7f06301021d0 msgr2=0x7f06301045f0 unknown :-1 s=STATE_NONE l=0).mark_down
2024-09-05T11:46:41.387 INFO:teuthology.orchestra.run.smithi037.stdout:/usr/bin/ceph: stderr
2024-09-05T11:46:40.564+0000 7f06368f5640 1 -- 172.21.15.37:0/3076990340 shutdown_connections
2024-09-05T11:46:41.387 INFO:teuthology.orchestra.run.smithi037.stdout:/usr/bin/ceph: stderr
2024-09-05T11:46:40.564+0000 7f06368f5640 1 -- 172.21.15.37:0/3076990340 wait complete.
2024-09-05T11:46:41.388 INFO:teuthology.orchestra.run.smithi037.stdout:/usr/bin/ceph: stderr
2024-09-05T11:46:40.564+0000 7f06368f5640 1 Processor -- start
2024-09-05T11:46:41.388 INFO:teuthology.orchestra.run.smithi037.stdout:/usr/bin/ceph: stderr
2024-09-05T11:46:40.564+0000 7f06368f5640 1 -- start start
2024-09-05T11:46:41.388 INFO:teuthology.orchestra.run.smithi037.stdout:/usr/bin/ceph: stderr
2024-09-05T11:46:40.565+0000 7f06368f5640 1 --2- >> [v2:172.21.15.37:3300/0,v1:172.21.15.37:6789/0] conn(0x7f06301063e0 0x7f063019dd30 unknown :-1 s=NONE pgs=0 cs=0 l=1 rev1=0 crypto rx=0 tx=0 comp rx=0 tx=0).connect
2024-09-05T11:46:41.388 INFO:teuthology.orchestra.run.smithi037.stdout:/usr/bin/ceph: stderr
2024-09-05T11:46:40.565+0000 7f06368f5640 1 -- --> [v2:172.21.15.37:3300/0,v1:172.21.15.37:6789/0] -- mon_getmap magic: 0 -- 0x7f0630107f20 con 0x7f06301063e0
2024-09-05T11:46:41.388 INFO:teuthology.orchestra.run.smithi037.stdout:/usr/bin/ceph: stderr
2024-09-05T11:46:40.565+0000 7f062ffff640 1 --2- >> [v2:172.21.15.37:3300/0,v1:172.21.15.37:6789/0] conn(0x7f06301063e0 0x7f063019dd30 unknown :-1 s=BANNER_CONNECTING pgs=0 cs=0 l=1 rev1=0 crypto rx=0 tx=0 comp rx=0 tx=0)._handle_peer_banner_payload supported=3 required=0
2024-09-05T11:46:41.388 INFO:teuthology.orchestra.run.smithi037.stdout:/usr/bin/ceph: stderr
2024-09-05T11:46:40.565+0000 7f062ffff640 1 --2- >> [v2:172.21.15.37:3300/0,v1:172.21.15.37:6789/0] conn(0x7f06301063e0 0x7f063019dd30 unknown :-1 s=HELLO_CONNECTING pgs=0 cs=0 l=1 rev1=1 crypto rx=0 tx=0 comp rx=0 tx=0).handle_hello peer v2:172.21.15.37:3300/0 says I am v2:172.21.15.37:32976/0 (socket says 172.21.15.37:32976)
2024-09-05T11:46:41.388 INFO:teuthology.orchestra.run.smithi037.stdout:/usr/bin/ceph: stderr
2024-09-05T11:46:40.565+0000 7f062ffff640 1 -- 172.21.15.37:0/1531312412 learned_addr learned my addr 172.21.15.37:0/1531312412 (peer_addr_for_me v2:172.21.15.37:0/0)
2024-09-05T11:46:41.388 INFO:teuthology.orchestra.run.smithi037.stdout:/usr/bin/ceph: stderr
2024-09-05T11:46:40.565+0000 7f062ffff640 1 -- 172.21.15.37:0/1531312412 --> [v2:172.21.15.37:3300/0,v1:172.21.15.37:6789/0] -- mon_subscribe({config=0+,monmap=0+}) -- 0x7f063019e270 con 0x7f06301063e0
2024-09-05T11:46:41.388 INFO:teuthology.orchestra.run.smithi037.stdout:/usr/bin/ceph: stderr
2024-09-05T11:46:40.565+0000 7f062ffff640 1 --2- 172.21.15.37:0/1531312412 >> [v2:172.21.15.37:3300/0,v1:172.21.15.37:6789/0] conn(0x7f06301063e0 0x7f063019dd30 secure :-1 s=READY pgs=58 cs=0 l=1 rev1=1 crypto rx=0x7f0620009940 tx=0x7f0620032670 comp rx=0 tx=0).ready entity=mon.0 client_cookie=0 server_cookie=0 in_seq=0 out_seq=0
2024-09-05T11:46:41.388 INFO:teuthology.orchestra.run.smithi037.stdout:/usr/bin/ceph: stderr
2024-09-05T11:46:40.565+0000 7f062d7fa640 1 -- 172.21.15.37:0/1531312412 <== mon.0 v2:172.21.15.37:3300/0 1 ==== mon_map magic: 0 ==== 205+0+0 (secure 0 0 0) 0x7f0620042070 con 0x7f06301063e0
2024-09-05T11:46:41.388 INFO:teuthology.orchestra.run.smithi037.stdout:/usr/bin/ceph: stderr
2024-09-05T11:46:40.565+0000 7f062d7fa640 1 -- 172.21.15.37:0/1531312412 <== mon.0 v2:172.21.15.37:3300/0 2 ==== config(29 keys) ==== 1209+0+0 (secure 0 0 0) 0x7f062003d950 con 0x7f06301063e0
2024-09-05T11:46:41.388 INFO:teuthology.orchestra.run.smithi037.stdout:/usr/bin/ceph: stderr
2024-09-05T11:46:40.565+0000 7f06368f5640 1 -- 172.21.15.37:0/1531312412 --> [v2:172.21.15.37:3300/0,v1:172.21.15.37:6789/0] -- mon_subscribe({mgrmap=0+}) -- 0x7f063019e500 con 0x7f06301063e0
2024-09-05T11:46:41.388 INFO:teuthology.orchestra.run.smithi037.stdout:/usr/bin/ceph: stderr
2024-09-05T11:46:40.565+0000 7f06368f5640 1 -- 172.21.15.37:0/1531312412 --> [v2:172.21.15.37:3300/0,v1:172.21.15.37:6789/0] -- mon_subscribe({osdmap=0}) -- 0x7f06301a11f0 con 0x7f06301063e0
2024-09-05T11:46:41.389 INFO:teuthology.orchestra.run.smithi037.stdout:/usr/bin/ceph: stderr
2024-09-05T11:46:40.566+0000 7f062d7fa640 1 -- 172.21.15.37:0/1531312412 <== mon.0 v2:172.21.15.37:3300/0 3 ==== mon_map magic: 0 ==== 205+0+0 (secure 0 0 0) 0x7f0620037040 con 0x7f06301063e0
2024-09-05T11:46:41.389 INFO:teuthology.orchestra.run.smithi037.stdout:/usr/bin/ceph: stderr
2024-09-05T11:46:40.566+0000 7f062d7fa640 1 -- 172.21.15.37:0/1531312412 <== mon.0 v2:172.21.15.37:3300/0 4 ==== mgrmap(e 9) ==== 46300+0+0 (secure 0 0 0) 0x7f0620045070 con 0x7f06301063e0
2024-09-05T11:46:41.389 INFO:teuthology.orchestra.run.smithi037.stdout:/usr/bin/ceph: stderr
2024-09-05T11:46:40.567+0000 7f06368f5640 1 -- 172.21.15.37:0/1531312412 --> [v2:172.21.15.37:3300/0,v1:172.21.15.37:6789/0] -- mon_command({"prefix": "get_command_descriptions"} v 0) -- 0x7f06301067e0 con 0x7f06301063e0
2024-09-05T11:46:41.389 INFO:teuthology.orchestra.run.smithi037.stdout:/usr/bin/ceph: stderr
2024-09-05T11:46:40.567+0000 7f062d7fa640 1 --2- 172.21.15.37:0/1531312412 >> [v2:172.21.15.37:6800/2760112276,v1:172.21.15.37:6801/2760112276] conn(0x7f0618038fc0 0x7f061803b480 unknown :-1 s=NONE pgs=0 cs=0 l=1 rev1=0 crypto rx=0 tx=0 comp rx=0 tx=0).connect
2024-09-05T11:46:41.389 INFO:teuthology.orchestra.run.smithi037.stdout:/usr/bin/ceph: stderr
2024-09-05T11:46:40.567+0000 7f062d7fa640 1 -- 172.21.15.37:0/1531312412 <== mon.0 v2:172.21.15.37:3300/0 5 ==== osd_map(2..2 src has 1..2) ==== 940+0+0 (secure 0 0 0) 0x7f062006c100 con 0x7f06301063e0
2024-09-05T11:46:41.389 INFO:teuthology.orchestra.run.smithi037.stdout:/usr/bin/ceph: stderr
2024-09-05T11:46:40.567+0000 7f062f7fe640 1 -- 172.21.15.37:0/1531312412 >> [v2:172.21.15.37:6800/2760112276,v1:172.21.15.37:6801/2760112276] conn(0x7f0618038fc0 msgr2=0x7f061803b480 unknown :-1 s=STATE_CONNECTING_RE l=1).process reconnect failed to v2:172.21.15.37:6800/2760112276
2024-09-05T11:46:41.389 INFO:teuthology.orchestra.run.smithi037.stdout:/usr/bin/ceph: stderr
2024-09-05T11:46:40.567+0000 7f062f7fe640 1 --2- 172.21.15.37:0/1531312412 >> [v2:172.21.15.37:6800/2760112276,v1:172.21.15.37:6801/2760112276] conn(0x7f0618038fc0 0x7f061803b480 unknown :-1 s=START_CONNECT pgs=0 cs=0 l=1 rev1=0 crypto rx=0 tx=0 comp rx=0 tx=0)._fault waiting 0.200000
2024-09-05T11:46:41.389 INFO:teuthology.orchestra.run.smithi037.stdout:/usr/bin/ceph: stderr
2024-09-05T11:46:40.575+0000 7f062d7fa640 1 -- 172.21.15.37:0/1531312412 <== mon.0 v2:172.21.15.37:3300/0 6 ==== mon_command_ack([{"prefix": "get_command_descriptions"}]=0 v0) ==== 72+0+188821 (secure 0 0 0) 0x7f062004b170 con 0x7f06301063e0
2024-09-05T11:46:41.389 INFO:teuthology.orchestra.run.smithi037.stdout:/usr/bin/ceph: stderr
2024-09-05T11:46:40.768+0000 7f062f7fe640 1 -- 172.21.15.37:0/1531312412 >> [v2:172.21.15.37:6800/2760112276,v1:172.21.15.37:6801/2760112276] conn(0x7f0618038fc0 msgr2=0x7f061803b480 unknown :-1 s=STATE_CONNECTING_RE l=1).process reconnect failed to v2:172.21.15.37:6800/2760112276
2024-09-05T11:46:41.389 INFO:teuthology.orchestra.run.smithi037.stdout:/usr/bin/ceph: stderr
2024-09-05T11:46:40.768+0000 7f062f7fe640 1 --2- 172.21.15.37:0/1531312412 >> [v2:172.21.15.37:6800/2760112276,v1:172.21.15.37:6801/2760112276] conn(0x7f0618038fc0 0x7f061803b480 unknown :-1 s=START_CONNECT pgs=0 cs=0 l=1 rev1=0 crypto rx=0 tx=0 comp rx=0 tx=0)._fault waiting 0.400000
2024-09-05T11:46:41.389 INFO:teuthology.orchestra.run.smithi037.stdout:/usr/bin/ceph: stderr
2024-09-05T11:46:40.798+0000 7f06368f5640 1 -- 172.21.15.37:0/1531312412 --> [v2:172.21.15.37:3300/0,v1:172.21.15.37:6789/0] -- mon_command({"prefix": "mgr stat"} v 0) -- 0x7f06301a13c0 con 0x7f06301063e0
2024-09-05T11:46:41.390 INFO:teuthology.orchestra.run.smithi037.stdout:/usr/bin/ceph: stderr
2024-09-05T11:46:40.798+0000 7f062d7fa640 1 -- 172.21.15.37:0/1531312412 <== mon.0 v2:172.21.15.37:3300/0 7 ==== mon_command_ack([{"prefix": "mgr stat"}]=0 v9) ==== 56+0+88 (secure 0 0 0) 0x7f0620042d00 con 0x7f06301063e0
2024-09-05T11:46:41.390 INFO:teuthology.orchestra.run.smithi037.stdout:/usr/bin/ceph: stderr
2024-09-05T11:46:40.800+0000 7f06368f5640 1 -- 172.21.15.37:0/1531312412 >> [v2:172.21.15.37:6800/2760112276,v1:172.21.15.37:6801/2760112276] conn(0x7f0618038fc0 msgr2=0x7f061803b480 unknown :-1 s=STATE_CONNECTING l=1).mark_down
2024-09-05T11:46:41.390 INFO:teuthology.orchestra.run.smithi037.stdout:/usr/bin/ceph: stderr
2024-09-05T11:46:40.800+0000 7f06368f5640 1 --2- 172.21.15.37:0/1531312412 >> [v2:172.21.15.37:6800/2760112276,v1:172.21.15.37:6801/2760112276] conn(0x7f0618038fc0 0x7f061803b480 unknown :-1 s=START_CONNECT pgs=0 cs=0 l=1 rev1=0 crypto rx=0 tx=0 comp rx=0 tx=0).stop
2024-09-05T11:46:41.390 INFO:teuthology.orchestra.run.smithi037.stdout:/usr/bin/ceph: stderr
2024-09-05T11:46:40.800+0000 7f06368f5640 1 -- 172.21.15.37:0/1531312412 >> [v2:172.21.15.37:3300/0,v1:172.21.15.37:6789/0] conn(0x7f06301063e0 msgr2=0x7f063019dd30 secure :-1 s=STATE_CONNECTION_ESTABLISHED l=1).mark_down
2024-09-05T11:46:41.390 INFO:teuthology.orchestra.run.smithi037.stdout:/usr/bin/ceph: stderr
2024-09-05T11:46:40.800+0000 7f06368f5640 1 --2- 172.21.15.37:0/1531312412 >> [v2:172.21.15.37:3300/0,v1:172.21.15.37:6789/0] conn(0x7f06301063e0 0x7f063019dd30 secure :-1 s=READY pgs=58 cs=0 l=1 rev1=1 crypto rx=0x7f0620009940 tx=0x7f0620032670 comp rx=0 tx=0).stop
2024-09-05T11:46:41.390 INFO:teuthology.orchestra.run.smithi037.stdout:/usr/bin/ceph: stderr
2024-09-05T11:46:40.800+0000 7f06368f5640 1 -- 172.21.15.37:0/1531312412 shutdown_connections
2024-09-05T11:46:41.390 INFO:teuthology.orchestra.run.smithi037.stdout:/usr/bin/ceph: stderr
2024-09-05T11:46:40.800+0000 7f06368f5640 1 --2- 172.21.15.37:0/1531312412 >> [v2:172.21.15.37:6800/2760112276,v1:172.21.15.37:6801/2760112276] conn(0x7f0618038fc0 0x7f061803b480 unknown :-1 s=CLOSED pgs=0 cs=0 l=1 rev1=0 crypto rx=0 tx=0 comp rx=0 tx=0).stop
2024-09-05T11:46:41.390 INFO:teuthology.orchestra.run.smithi037.stdout:/usr/bin/ceph: stderr
2024-09-05T11:46:40.800+0000 7f06368f5640 1 --2- 172.21.15.37:0/1531312412 >> [v2:172.21.15.37:3300/0,v1:172.21.15.37:6789/0] conn(0x7f06301063e0 0x7f063019dd30 unknown :-1 s=CLOSED pgs=58 cs=0 l=1 rev1=1 crypto rx=0 tx=0 comp rx=0 tx=0).stop
2024-09-05T11:46:41.390 INFO:teuthology.orchestra.run.smithi037.stdout:/usr/bin/ceph: stderr
2024-09-05T11:46:40.800+0000 7f06368f5640 1 -- 172.21.15.37:0/1531312412 >> 172.21.15.37:0/1531312412 conn(0x7f06301021d0 msgr2=0x7f0630192030 unknown :-1 s=STATE_NONE l=0).mark_down
2024-09-05T11:46:41.390 INFO:teuthology.orchestra.run.smithi037.stdout:/usr/bin/ceph: stderr
2024-09-05T11:46:40.800+0000 7f06368f5640 1 -- 172.21.15.37:0/1531312412 shutdown_connections
2024-09-05T11:46:41.390 INFO:teuthology.orchestra.run.smithi037.stdout:/usr/bin/ceph: stderr
2024-09-05T11:46:40.800+0000 7f06368f5640 1 -- 172.21.15.37:0/1531312412 wait complete.
2024-09-05T11:46:41.390 INFO:teuthology.orchestra.run.smithi037.stdout:Waiting for the mgr to restart...
2024-09-05T11:46:41.390 INFO:teuthology.orchestra.run.smithi037.stdout:Waiting for mgr epoch 9...
2024-09-05T11:46:41.391 INFO:journalctl@ceph.mon.a.smithi037.stdout:Sep 05 11:46:41 smithi037 ceph-mon[30914]: from='client.? 172.21.15.37:0/1531312412' entity='client.admin' cmd=[{"prefix": "mgr stat"}]: dispatch
2024-09-05T11:46:41.814 INFO:journalctl@ceph.mgr.x.smithi037.stdout:Sep 05 11:46:41 smithi037 ceph-210ae282-6b7c-11ef-bcd6-c7b262605968-mgr-x[31141]:
2024-09-05T11:46:41.384+0000 7fbd68bf3040 -1 mgr[py] Module telemetry has missing NOTIFY_TYPES member
2024-09-05T11:46:41.814 INFO:journalctl@ceph.mgr.x.smithi037.stdout:Sep 05 11:46:41 smithi037 ceph-210ae282-6b7c-11ef-bcd6-c7b262605968-mgr-x[31141]:
2024-09-05T11:46:41.457+0000 7fbd68bf3040 -1 mgr[py] Module balancer has missing NOTIFY_TYPES member
2024-09-05T11:46:42.381 INFO:journalctl@ceph.mgr.x.smithi037.stdout:Sep 05 11:46:42 smithi037 ceph-210ae282-6b7c-11ef-bcd6-c7b262605968-mgr-x[31141]:
2024-09-05T11:46:42.202+0000 7fbd68bf3040 -1 mgr[py] Module rook has missing NOTIFY_TYPES member
2024-09-05T11:46:42.382 INFO:journalctl@ceph.mgr.x.smithi037.stdout:Sep 05 11:46:42 smithi037 ceph-210ae282-6b7c-11ef-bcd6-c7b262605968-mgr-x[31141]:
2024-09-05T11:46:42.321+0000 7fbd68bf3040 -1 mgr[py] Module iostat has missing NOTIFY_TYPES member
2024-09-05T11:46:42.756 INFO:journalctl@ceph.mgr.x.smithi037.stdout:Sep 05 11:46:42 smithi037 ceph-210ae282-6b7c-11ef-bcd6-c7b262605968-mgr-x[31141]:
2024-09-05T11:46:42.468+0000 7fbd68bf3040 -1 mgr[py] Module orchestrator has missing NOTIFY_TYPES member
2024-09-05T11:46:42.756 INFO:journalctl@ceph.mgr.x.smithi037.stdout:Sep 05 11:46:42 smithi037 ceph-210ae282-6b7c-11ef-bcd6-c7b262605968-mgr-x[31141]:
2024-09-05T11:46:42.531+0000 7fbd68bf3040 -1 mgr[py] Module devicehealth has missing NOTIFY_TYPES member
2024-09-05T11:46:42.757 INFO:journalctl@ceph.mgr.x.smithi037.stdout:Sep 05 11:46:42 smithi037 ceph-210ae282-6b7c-11ef-bcd6-c7b262605968-mgr-x[31141]:
2024-09-05T11:46:42.685+0000 7fbd68bf3040 -1 mgr[py] Module rgw has missing NOTIFY_TYPES member
2024-09-05T11:46:42.757 INFO:journalctl@ceph.mgr.x.smithi037.stdout:Sep 05 11:46:42 smithi037 ceph-210ae282-6b7c-11ef-bcd6-c7b262605968-mgr-x[31141]:
2024-09-05T11:46:42.755+0000 7fbd68bf3040 -1 mgr[py] Module alerts has missing NOTIFY_TYPES member
2024-09-05T11:46:43.049 INFO:journalctl@ceph.mgr.x.smithi037.stdout:Sep 05 11:46:42 smithi037 ceph-210ae282-6b7c-11ef-bcd6-c7b262605968-mgr-x[31141]:
2024-09-05T11:46:42.817+0000 7fbd68bf3040 -1 mgr[py] Module progress has missing NOTIFY_TYPES member
2024-09-05T11:46:43.049 INFO:journalctl@ceph.mgr.x.smithi037.stdout:Sep 05 11:46:42 smithi037 ceph-210ae282-6b7c-11ef-bcd6-c7b262605968-mgr-x[31141]:
2024-09-05T11:46:42.981+0000 7fbd68bf3040 -1 mgr[py] Module nfs has missing NOTIFY_TYPES member
2024-09-05T11:46:43.049 INFO:journalctl@ceph.mgr.x.smithi037.stdout:Sep 05 11:46:43 smithi037 ceph-210ae282-6b7c-11ef-bcd6-c7b262605968-mgr-x[31141]:
2024-09-05T11:46:43.048+0000 7fbd68bf3040 -1 mgr[py] Module status has missing NOTIFY_TYPES member
2024-09-05T11:46:43.302 INFO:journalctl@ceph.mgr.x.smithi037.stdout:Sep 05 11:46:43 smithi037 ceph-210ae282-6b7c-11ef-bcd6-c7b262605968-mgr-x[31141]:
2024-09-05T11:46:43.116+0000 7fbd68bf3040 -1 mgr[py] Module pg_autoscaler has missing NOTIFY_TYPES member
2024-09-05T11:46:43.302 INFO:journalctl@ceph.mgr.x.smithi037.stdout:Sep 05 11:46:43 smithi037 ceph-210ae282-6b7c-11ef-bcd6-c7b262605968-mgr-x[31141]:
2024-09-05T11:46:43.202+0000 7fbd68bf3040 -1 mgr[py] Module rbd_support has missing NOTIFY_TYPES member
2024-09-05T11:46:43.302 INFO:journalctl@ceph.mgr.x.smithi037.stdout:Sep 05 11:46:43 smithi037 ceph-210ae282-6b7c-11ef-bcd6-c7b262605968-mgr-x[31141]:
2024-09-05T11:46:43.263+0000 7fbd68bf3040 -1 mgr[py] Module influx has missing NOTIFY_TYPES member
2024-09-05T11:46:43.632 INFO:journalctl@ceph.mgr.x.smithi037.stdout:Sep 05 11:46:43 smithi037 ceph-210ae282-6b7c-11ef-bcd6-c7b262605968-mgr-x[31141]:
2024-09-05T11:46:43.324+0000 7fbd68bf3040 -1 mgr[py] Module zabbix has missing NOTIFY_TYPES member
2024-09-05T11:46:44.410 INFO:journalctl@ceph.mgr.x.smithi037.stdout:Sep 05 11:46:44 smithi037 ceph-210ae282-6b7c-11ef-bcd6-c7b262605968-mgr-x[31141]:
2024-09-05T11:46:44.142+0000 7fbd68bf3040 -1 mgr[py] Module telegraf has missing NOTIFY_TYPES member
2024-09-05T11:46:44.410 INFO:journalctl@ceph.mon.a.smithi037.stdout:Sep 05 11:46:44 smithi037 ceph-mon[30914]: Active manager daemon x restarted
2024-09-05T11:46:44.410 INFO:journalctl@ceph.mon.a.smithi037.stdout:Sep 05 11:46:44 smithi037 ceph-mon[30914]: Activating manager daemon x
2024-09-05T11:46:44.410 INFO:journalctl@ceph.mon.a.smithi037.stdout:Sep 05 11:46:44 smithi037 ceph-mon[30914]: osdmap e3: 0 total, 0 up, 0 in
2024-09-05T11:46:44.410 INFO:journalctl@ceph.mon.a.smithi037.stdout:Sep 05 11:46:44 smithi037 ceph-mon[30914]: mgrmap e10: x(active, starting, since 0.00329133s)
2024-09-05T11:46:44.411 INFO:journalctl@ceph.mon.a.smithi037.stdout:Sep 05 11:46:44 smithi037 ceph-mon[30914]: from='mgr.14150 172.21.15.37:0/1127997660' entity='mgr.x' cmd=[{"prefix": "mon metadata", "id": "a"}]: dispatch
2024-09-05T11:46:44.411 INFO:journalctl@ceph.mon.a.smithi037.stdout:Sep 05 11:46:44 smithi037 ceph-mon[30914]: from='mgr.14150 172.21.15.37:0/1127997660' entity='mgr.x' cmd=[{"prefix": "mgr metadata", "who": "x", "id": "x"}]: dispatch
2024-09-05T11:46:44.411 INFO:journalctl@ceph.mon.a.smithi037.stdout:Sep 05 11:46:44 smithi037 ceph-mon[30914]: from='mgr.14150 172.21.15.37:0/1127997660' entity='mgr.x' cmd=[{"prefix": "mds metadata"}]: dispatch
2024-09-05T11:46:44.411 INFO:journalctl@ceph.mon.a.smithi037.stdout:Sep 05 11:46:44 smithi037 ceph-mon[30914]: from='mgr.14150 172.21.15.37:0/1127997660' entity='mgr.x' cmd=[{"prefix": "osd metadata"}]: dispatch
2024-09-05T11:46:44.411 INFO:journalctl@ceph.mon.a.smithi037.stdout:Sep 05 11:46:44 smithi037 ceph-mon[30914]: from='mgr.14150 172.21.15.37:0/1127997660' entity='mgr.x' cmd=[{"prefix": "mon metadata"}]: dispatch
2024-09-05T11:46:44.411 INFO:journalctl@ceph.mon.a.smithi037.stdout:Sep 05 11:46:44 smithi037 ceph-mon[30914]: Manager daemon x is now available
2024-09-05T11:46:44.411 INFO:journalctl@ceph.mon.a.smithi037.stdout:Sep 05 11:46:44 smithi037 ceph-mon[30914]: from='mgr.14150 172.21.15.37:0/1127997660' entity='mgr.x' cmd=[{"prefix": "config dump", "format": "json"}]: dispatch
2024-09-05T11:46:44.411 INFO:journalctl@ceph.mon.a.smithi037.stdout:Sep 05 11:46:44 smithi037 ceph-mon[30914]: from='mgr.14150 172.21.15.37:0/1127997660' entity='mgr.x' cmd=[{"prefix":"config rm","who":"mgr","name":"mgr/rbd_support/x/mirror_snapshot_schedule"}]: dispatch
2024-09-05T11:46:44.412 INFO:journalctl@ceph.mon.a.smithi037.stdout:Sep 05 11:46:44 smithi037 ceph-mon[30914]: from='mgr.14150 172.21.15.37:0/1127997660' entity='mgr.x' cmd=[{"prefix":"config rm","who":"mgr","name":"mgr/rbd_support/x/trash_purge_schedule"}]: dispatch
2024-09-05T11:46:45.938 INFO:teuthology.orchestra.run.smithi037.stdout:/usr/bin/ceph: stdout {
2024-09-05T11:46:45.938 INFO:teuthology.orchestra.run.smithi037.stdout:/usr/bin/ceph: stdout "mgrmap_epoch": 11,
2024-09-05T11:46:45.938 INFO:teuthology.orchestra.run.smithi037.stdout:/usr/bin/ceph: stdout "initialized": true
2024-09-05T11:46:45.938 INFO:teuthology.orchestra.run.smithi037.stdout:/usr/bin/ceph: stdout }
2024-09-05T11:46:45.938 INFO:teuthology.orchestra.run.smithi037.stdout:/usr/bin/ceph: stderr
2024-09-05T11:46:41.892+0000 7f7018e99640 1 Processor -- start
2024-09-05T11:46:45.938 INFO:teuthology.orchestra.run.smithi037.stdout:/usr/bin/ceph: stderr
2024-09-05T11:46:41.892+0000 7f7018e99640 1 -- start start
2024-09-05T11:46:45.938 INFO:teuthology.orchestra.run.smithi037.stdout:/usr/bin/ceph: stderr
2024-09-05T11:46:41.892+0000 7f7018e99640 1 --2- >> [v2:172.21.15.37:3300/0,v1:172.21.15.37:6789/0] conn(0x7f701407dcc0 0x7f701407c280 unknown :-1 s=NONE pgs=0 cs=0 l=0 rev1=0 crypto rx=0 tx=0 comp rx=0 tx=0).connect
2024-09-05T11:46:45.938 INFO:teuthology.orchestra.run.smithi037.stdout:/usr/bin/ceph: stderr
2024-09-05T11:46:41.893+0000 7f7018e99640 1 -- --> [v2:172.21.15.37:3300/0,v1:172.21.15.37:6789/0] -- mon_getmap magic: 0 -- 0x7f701407e0c0 con 0x7f701407dcc0
2024-09-05T11:46:45.938 INFO:teuthology.orchestra.run.smithi037.stdout:/usr/bin/ceph: stderr
2024-09-05T11:46:41.893+0000 7f701259c640 1 --2- >> [v2:172.21.15.37:3300/0,v1:172.21.15.37:6789/0] conn(0x7f701407dcc0 0x7f701407c280 unknown :-1 s=BANNER_CONNECTING pgs=0 cs=0 l=0 rev1=0 crypto rx=0 tx=0 comp rx=0 tx=0)._handle_peer_banner_payload supported=3 required=0
2024-09-05T11:46:45.938 INFO:teuthology.orchestra.run.smithi037.stdout:/usr/bin/ceph: stderr
2024-09-05T11:46:41.893+0000 7f701259c640 1 --2- >> [v2:172.21.15.37:3300/0,v1:172.21.15.37:6789/0] conn(0x7f701407dcc0 0x7f701407c280 unknown :-1 s=HELLO_CONNECTING pgs=0 cs=0 l=0 rev1=1 crypto rx=0 tx=0 comp rx=0 tx=0).handle_hello peer v2:172.21.15.37:3300/0 says I am v2:172.21.15.37:32988/0 (socket says 172.21.15.37:32988)
2024-09-05T11:46:45.939 INFO:teuthology.orchestra.run.smithi037.stdout:/usr/bin/ceph: stderr
2024-09-05T11:46:41.893+0000 7f701259c640 1 -- 172.21.15.37:0/466186009 learned_addr learned my addr 172.21.15.37:0/466186009 (peer_addr_for_me v2:172.21.15.37:0/0)
2024-09-05T11:46:45.939 INFO:teuthology.orchestra.run.smithi037.stdout:/usr/bin/ceph: stderr
2024-09-05T11:46:41.893+0000 7f701259c640 1 -- 172.21.15.37:0/466186009 --> [v2:172.21.15.37:3300/0,v1:172.21.15.37:6789/0] -- mon_subscribe({config=0+,monmap=0+}) -- 0x7f701407c7c0 con 0x7f701407dcc0
2024-09-05T11:46:45.939 INFO:teuthology.orchestra.run.smithi037.stdout:/usr/bin/ceph: stderr
2024-09-05T11:46:41.894+0000 7f701259c640 1 --2- 172.21.15.37:0/466186009 >> [v2:172.21.15.37:3300/0,v1:172.21.15.37:6789/0] conn(0x7f701407dcc0 0x7f701407c280 secure :-1 s=READY pgs=59 cs=0 l=1 rev1=1 crypto rx=0x7f7004009e80 tx=0x7f700402a7a0 comp rx=0 tx=0).ready entity=mon.0 client_cookie=553bc196b75798ad server_cookie=0 in_seq=0 out_seq=0
2024-09-05T11:46:45.939 INFO:teuthology.orchestra.run.smithi037.stdout:/usr/bin/ceph: stderr
2024-09-05T11:46:41.894+0000 7f701159a640 1 -- 172.21.15.37:0/466186009 <== mon.0 v2:172.21.15.37:3300/0 1 ==== mon_map magic: 0 ==== 205+0+0 (secure 0 0 0) 0x7f7004036070 con 0x7f701407dcc0
2024-09-05T11:46:45.939 INFO:teuthology.orchestra.run.smithi037.stdout:/usr/bin/ceph: stderr
2024-09-05T11:46:41.894+0000 7f701159a640 1 -- 172.21.15.37:0/466186009 <== mon.0 v2:172.21.15.37:3300/0 2 ==== config(29 keys) ==== 1209+0+0 (secure 0 0 0) 0x7f7004031920 con 0x7f701407dcc0
2024-09-05T11:46:45.939 INFO:teuthology.orchestra.run.smithi037.stdout:/usr/bin/ceph: stderr
2024-09-05T11:46:41.894+0000 7f701159a640 1 -- 172.21.15.37:0/466186009 <== mon.0 v2:172.21.15.37:3300/0 3 ==== mon_map magic: 0 ==== 205+0+0 (secure 0 0 0) 0x7f7004007bc0 con 0x7f701407dcc0
2024-09-05T11:46:45.939 INFO:teuthology.orchestra.run.smithi037.stdout:/usr/bin/ceph: stderr
2024-09-05T11:46:41.894+0000 7f7018e99640 1 -- 172.21.15.37:0/466186009 >> [v2:172.21.15.37:3300/0,v1:172.21.15.37:6789/0] conn(0x7f701407dcc0 msgr2=0x7f701407c280 secure :-1 s=STATE_CONNECTION_ESTABLISHED l=1).mark_down
2024-09-05T11:46:45.939 INFO:teuthology.orchestra.run.smithi037.stdout:/usr/bin/ceph: stderr
2024-09-05T11:46:41.894+0000 7f7018e99640 1 --2- 172.21.15.37:0/466186009 >> [v2:172.21.15.37:3300/0,v1:172.21.15.37:6789/0] conn(0x7f701407dcc0 0x7f701407c280 secure :-1 s=READY pgs=59 cs=0 l=1 rev1=1 crypto rx=0x7f7004009e80 tx=0x7f700402a7a0 comp rx=0 tx=0).stop
2024-09-05T11:46:45.939 INFO:teuthology.orchestra.run.smithi037.stdout:/usr/bin/ceph: stderr
2024-09-05T11:46:41.895+0000 7f7018e99640 1 -- 172.21.15.37:0/466186009 shutdown_connections
2024-09-05T11:46:45.939 INFO:teuthology.orchestra.run.smithi037.stdout:/usr/bin/ceph: stderr
2024-09-05T11:46:41.895+0000 7f7018e99640 1 --2- 172.21.15.37:0/466186009 >> [v2:172.21.15.37:3300/0,v1:172.21.15.37:6789/0] conn(0x7f701407dcc0 0x7f701407c280 unknown :-1 s=CLOSED pgs=59 cs=0 l=1 rev1=1 crypto rx=0 tx=0 comp rx=0 tx=0).stop
2024-09-05T11:46:45.939 INFO:teuthology.orchestra.run.smithi037.stdout:/usr/bin/ceph: stderr
2024-09-05T11:46:41.895+0000 7f7018e99640 1 -- 172.21.15.37:0/466186009 >> 172.21.15.37:0/466186009 conn(0x7f70141033b0 msgr2=0x7f70141057f0 unknown :-1 s=STATE_NONE l=0).mark_down
2024-09-05T11:46:45.939 INFO:teuthology.orchestra.run.smithi037.stdout:/usr/bin/ceph: stderr
2024-09-05T11:46:41.895+0000 7f7018e99640 1 -- 172.21.15.37:0/466186009 shutdown_connections
2024-09-05T11:46:45.939 INFO:teuthology.orchestra.run.smithi037.stdout:/usr/bin/ceph: stderr
2024-09-05T11:46:41.895+0000 7f7018e99640 1 -- 172.21.15.37:0/466186009 wait complete.
2024-09-05T11:46:45.940 INFO:teuthology.orchestra.run.smithi037.stdout:/usr/bin/ceph: stderr
2024-09-05T11:46:41.895+0000 7f7018e99640 1 Processor -- start
2024-09-05T11:46:45.940 INFO:teuthology.orchestra.run.smithi037.stdout:/usr/bin/ceph: stderr
2024-09-05T11:46:41.895+0000 7f7018e99640 1 -- start start
2024-09-05T11:46:45.940 INFO:teuthology.orchestra.run.smithi037.stdout:/usr/bin/ceph: stderr
2024-09-05T11:46:41.896+0000 7f7018e99640 1 --2- >> [v2:172.21.15.37:3300/0,v1:172.21.15.37:6789/0] conn(0x7f701407dcc0 0x7f701419ddb0 unknown :-1 s=NONE pgs=0 cs=0 l=1 rev1=0 crypto rx=0 tx=0 comp rx=0 tx=0).connect
2024-09-05T11:46:45.940 INFO:teuthology.orchestra.run.smithi037.stdout:/usr/bin/ceph: stderr
2024-09-05T11:46:41.896+0000 7f7018e99640 1 -- --> [v2:172.21.15.37:3300/0,v1:172.21.15.37:6789/0] -- mon_getmap magic: 0 -- 0x7f701410e130 con 0x7f701407dcc0
