2024-09-05T11:46:32.086+0000 7fc276bf7640 1 --2- 172.21.15.37:0/333265376 >> [v2:172.21.15.37:3300/0,v1:172.21.15.37:6789/0] conn(0x7fc270107bd0 0x7fc27007db10 secure :-1 s=READY pgs=46 cs=0 l=1 rev1=1 crypto rx=0x7fc2640097f0 tx=0x7fc264032e60 comp rx=0 tx=0).stop
2024-09-05T11:46:32.871 INFO:teuthology.orchestra.run.smithi037.stdout:/usr/bin/ceph: stderr
2024-09-05T11:46:32.086+0000 7fc276bf7640 1 -- 172.21.15.37:0/333265376 shutdown_connections
2024-09-05T11:46:32.871 INFO:teuthology.orchestra.run.smithi037.stdout:/usr/bin/ceph: stderr
2024-09-05T11:46:32.086+0000 7fc276bf7640 1 --2- 172.21.15.37:0/333265376 >> [v2:172.21.15.37:6800/2760112276,v1:172.21.15.37:6801/2760112276] conn(0x7fc260038fc0 0x7fc26003b480 unknown :-1 s=CLOSED pgs=12 cs=0 l=1 rev1=1 crypto rx=0 tx=0 comp rx=0 tx=0).stop
2024-09-05T11:46:32.871 INFO:teuthology.orchestra.run.smithi037.stdout:/usr/bin/ceph: stderr
2024-09-05T11:46:32.086+0000 7fc276bf7640 1 --2- 172.21.15.37:0/333265376 >> [v2:172.21.15.37:3300/0,v1:172.21.15.37:6789/0] conn(0x7fc270107bd0 0x7fc27007db10 unknown :-1 s=CLOSED pgs=46 cs=0 l=1 rev1=1 crypto rx=0 tx=0 comp rx=0 tx=0).stop
2024-09-05T11:46:32.872 INFO:teuthology.orchestra.run.smithi037.stdout:/usr/bin/ceph: stderr
2024-09-05T11:46:32.086+0000 7fc276bf7640 1 -- 172.21.15.37:0/333265376 >> 172.21.15.37:0/333265376 conn(0x7fc2701033c0 msgr2=0x7fc270103fc0 unknown :-1 s=STATE_NONE l=0).mark_down
2024-09-05T11:46:32.872 INFO:teuthology.orchestra.run.smithi037.stdout:/usr/bin/ceph: stderr
2024-09-05T11:46:32.086+0000 7fc276bf7640 1 -- 172.21.15.37:0/333265376 shutdown_connections
2024-09-05T11:46:32.872 INFO:teuthology.orchestra.run.smithi037.stdout:/usr/bin/ceph: stderr
2024-09-05T11:46:32.086+0000 7fc276bf7640 1 -- 172.21.15.37:0/333265376 wait complete.
2024-09-05T11:46:32.872 INFO:teuthology.orchestra.run.smithi037.stdout:Deploying unmanaged mgr service...
2024-09-05T11:46:33.111 INFO:journalctl@ceph.mon.a.smithi037.stdout:Sep 05 11:46:33 smithi037 ceph-mon[30914]: from='client.14140 -' entity='client.admin' cmd=[{"prefix": "orch apply", "service_type": "mon", "unmanaged": true, "target": ["mon-mgr", ""]}]: dispatch
2024-09-05T11:46:33.111 INFO:journalctl@ceph.mon.a.smithi037.stdout:Sep 05 11:46:33 smithi037 ceph-mon[30914]: Saving service mon spec with placement count:5
2024-09-05T11:46:33.111 INFO:journalctl@ceph.mon.a.smithi037.stdout:Sep 05 11:46:33 smithi037 ceph-mon[30914]: from='mgr.14118 172.21.15.37:0/4164871194' entity='mgr.x'
2024-09-05T11:46:34.831 INFO:journalctl@ceph.mon.a.smithi037.stdout:Sep 05 11:46:34 smithi037 ceph-mon[30914]: from='client.14142 -' entity='client.admin' cmd=[{"prefix": "orch apply", "service_type": "mgr", "unmanaged": true, "target": ["mon-mgr", ""]}]: dispatch
2024-09-05T11:46:34.831 INFO:journalctl@ceph.mon.a.smithi037.stdout:Sep 05 11:46:34 smithi037 ceph-mon[30914]: Saving service mgr spec with placement count:2
2024-09-05T11:46:34.832 INFO:journalctl@ceph.mon.a.smithi037.stdout:Sep 05 11:46:34 smithi037 ceph-mon[30914]: from='mgr.14118 172.21.15.37:0/4164871194' entity='mgr.x'
2024-09-05T11:46:34.832 INFO:journalctl@ceph.mon.a.smithi037.stdout:Sep 05 11:46:34 smithi037 ceph-mon[30914]: from='mgr.14118 172.21.15.37:0/4164871194' entity='mgr.x'
2024-09-05T11:46:34.838 INFO:teuthology.orchestra.run.smithi037.stdout:/usr/bin/ceph: stdout Scheduled mgr update...
2024-09-05T11:46:34.838 INFO:teuthology.orchestra.run.smithi037.stdout:/usr/bin/ceph: stderr
2024-09-05T11:46:33.460+0000 7f98b0818640 1 Processor -- start
2024-09-05T11:46:34.838 INFO:teuthology.orchestra.run.smithi037.stdout:/usr/bin/ceph: stderr
2024-09-05T11:46:33.460+0000 7f98b0818640 1 -- start start
2024-09-05T11:46:34.838 INFO:teuthology.orchestra.run.smithi037.stdout:/usr/bin/ceph: stderr
2024-09-05T11:46:33.460+0000 7f98b0818640 1 --2- >> [v2:172.21.15.37:3300/0,v1:172.21.15.37:6789/0] conn(0x7f98ac108650 0x7f98ac10aa40 unknown :-1 s=NONE pgs=0 cs=0 l=0 rev1=0 crypto rx=0 tx=0 comp rx=0 tx=0).connect
2024-09-05T11:46:34.838 INFO:teuthology.orchestra.run.smithi037.stdout:/usr/bin/ceph: stderr
2024-09-05T11:46:33.460+0000 7f98b0818640 1 -- --> [v2:172.21.15.37:3300/0,v1:172.21.15.37:6789/0] -- mon_getmap magic: 0 -- 0x7f98ac07bdf0 con 0x7f98ac108650
2024-09-05T11:46:34.838 INFO:teuthology.orchestra.run.smithi037.stdout:/usr/bin/ceph: stderr
2024-09-05T11:46:33.460+0000 7f98aa59c640 1 --2- >> [v2:172.21.15.37:3300/0,v1:172.21.15.37:6789/0] conn(0x7f98ac108650 0x7f98ac10aa40 unknown :-1 s=BANNER_CONNECTING pgs=0 cs=0 l=0 rev1=0 crypto rx=0 tx=0 comp rx=0 tx=0)._handle_peer_banner_payload supported=3 required=0
2024-09-05T11:46:34.838 INFO:teuthology.orchestra.run.smithi037.stdout:/usr/bin/ceph: stderr
2024-09-05T11:46:33.460+0000 7f98aa59c640 1 --2- >> [v2:172.21.15.37:3300/0,v1:172.21.15.37:6789/0] conn(0x7f98ac108650 0x7f98ac10aa40 unknown :-1 s=HELLO_CONNECTING pgs=0 cs=0 l=0 rev1=1 crypto rx=0 tx=0 comp rx=0 tx=0).handle_hello peer v2:172.21.15.37:3300/0 says I am v2:172.21.15.37:54620/0 (socket says 172.21.15.37:54620)
2024-09-05T11:46:34.838 INFO:teuthology.orchestra.run.smithi037.stdout:/usr/bin/ceph: stderr
2024-09-05T11:46:33.460+0000 7f98aa59c640 1 -- 172.21.15.37:0/3868102445 learned_addr learned my addr 172.21.15.37:0/3868102445 (peer_addr_for_me v2:172.21.15.37:0/0)
2024-09-05T11:46:34.838 INFO:teuthology.orchestra.run.smithi037.stdout:/usr/bin/ceph: stderr
2024-09-05T11:46:33.460+0000 7f98aa59c640 1 -- 172.21.15.37:0/3868102445 --> [v2:172.21.15.37:3300/0,v1:172.21.15.37:6789/0] -- mon_subscribe({config=0+,monmap=0+}) -- 0x7f98ac10af80 con 0x7f98ac108650
2024-09-05T11:46:34.839 INFO:teuthology.orchestra.run.smithi037.stdout:/usr/bin/ceph: stderr
2024-09-05T11:46:33.461+0000 7f98aa59c640 1 --2- 172.21.15.37:0/3868102445 >> [v2:172.21.15.37:3300/0,v1:172.21.15.37:6789/0] conn(0x7f98ac108650 0x7f98ac10aa40 secure :-1 s=READY pgs=47 cs=0 l=1 rev1=1 crypto rx=0x7f989c009820 tx=0x7f989c02a270 comp rx=0 tx=0).ready entity=mon.0 client_cookie=3f90d52ffcf5f460 server_cookie=0 in_seq=0 out_seq=0
2024-09-05T11:46:34.839 INFO:teuthology.orchestra.run.smithi037.stdout:/usr/bin/ceph: stderr
2024-09-05T11:46:33.461+0000 7f98a959a640 1 -- 172.21.15.37:0/3868102445 <== mon.0 v2:172.21.15.37:3300/0 1 ==== mon_map magic: 0 ==== 205+0+0 (secure 0 0 0) 0x7f989c037070 con 0x7f98ac108650
2024-09-05T11:46:34.839 INFO:teuthology.orchestra.run.smithi037.stdout:/usr/bin/ceph: stderr
2024-09-05T11:46:33.461+0000 7f98a959a640 1 -- 172.21.15.37:0/3868102445 <== mon.0 v2:172.21.15.37:3300/0 2 ==== config(29 keys) ==== 1178+0+0 (secure 0 0 0) 0x7f989c032940 con 0x7f98ac108650
2024-09-05T11:46:34.839 INFO:teuthology.orchestra.run.smithi037.stdout:/usr/bin/ceph: stderr
2024-09-05T11:46:33.461+0000 7f98a959a640 1 -- 172.21.15.37:0/3868102445 <== mon.0 v2:172.21.15.37:3300/0 3 ==== mon_map magic: 0 ==== 205+0+0 (secure 0 0 0) 0x7f989c0309c0 con 0x7f98ac108650
2024-09-05T11:46:34.839 INFO:teuthology.orchestra.run.smithi037.stdout:/usr/bin/ceph: stderr
2024-09-05T11:46:33.462+0000 7f98b0818640 1 -- 172.21.15.37:0/3868102445 >> [v2:172.21.15.37:3300/0,v1:172.21.15.37:6789/0] conn(0x7f98ac108650 msgr2=0x7f98ac10aa40 secure :-1 s=STATE_CONNECTION_ESTABLISHED l=1).mark_down
2024-09-05T11:46:34.839 INFO:teuthology.orchestra.run.smithi037.stdout:/usr/bin/ceph: stderr
2024-09-05T11:46:33.462+0000 7f98b0818640 1 --2- 172.21.15.37:0/3868102445 >> [v2:172.21.15.37:3300/0,v1:172.21.15.37:6789/0] conn(0x7f98ac108650 0x7f98ac10aa40 secure :-1 s=READY pgs=47 cs=0 l=1 rev1=1 crypto rx=0x7f989c009820 tx=0x7f989c02a270 comp rx=0 tx=0).stop
2024-09-05T11:46:34.839 INFO:teuthology.orchestra.run.smithi037.stdout:/usr/bin/ceph: stderr
2024-09-05T11:46:33.462+0000 7f98b0818640 1 -- 172.21.15.37:0/3868102445 shutdown_connections
2024-09-05T11:46:34.839 INFO:teuthology.orchestra.run.smithi037.stdout:/usr/bin/ceph: stderr
2024-09-05T11:46:33.462+0000 7f98b0818640 1 --2- 172.21.15.37:0/3868102445 >> [v2:172.21.15.37:3300/0,v1:172.21.15.37:6789/0] conn(0x7f98ac108650 0x7f98ac10aa40 unknown :-1 s=CLOSED pgs=47 cs=0 l=1 rev1=1 crypto rx=0 tx=0 comp rx=0 tx=0).stop
2024-09-05T11:46:34.839 INFO:teuthology.orchestra.run.smithi037.stdout:/usr/bin/ceph: stderr
2024-09-05T11:46:33.462+0000 7f98b0818640 1 -- 172.21.15.37:0/3868102445 >> 172.21.15.37:0/3868102445 conn(0x7f98ac102250 msgr2=0x7f98ac104670 unknown :-1 s=STATE_NONE l=0).mark_down
2024-09-05T11:46:34.839 INFO:teuthology.orchestra.run.smithi037.stdout:/usr/bin/ceph: stderr
2024-09-05T11:46:33.462+0000 7f98b0818640 1 -- 172.21.15.37:0/3868102445 shutdown_connections
2024-09-05T11:46:34.839 INFO:teuthology.orchestra.run.smithi037.stdout:/usr/bin/ceph: stderr
2024-09-05T11:46:33.462+0000 7f98b0818640 1 -- 172.21.15.37:0/3868102445 wait complete.
2024-09-05T11:46:34.839 INFO:teuthology.orchestra.run.smithi037.stdout:/usr/bin/ceph: stderr
2024-09-05T11:46:33.463+0000 7f98b0818640 1 Processor -- start
2024-09-05T11:46:34.839 INFO:teuthology.orchestra.run.smithi037.stdout:/usr/bin/ceph: stderr
2024-09-05T11:46:33.463+0000 7f98b0818640 1 -- start start
2024-09-05T11:46:34.839 INFO:teuthology.orchestra.run.smithi037.stdout:/usr/bin/ceph: stderr
2024-09-05T11:46:33.463+0000 7f98b0818640 1 --2- >> [v2:172.21.15.37:3300/0,v1:172.21.15.37:6789/0] conn(0x7f98ac108650 0x7f98ac19bc40 unknown :-1 s=NONE pgs=0 cs=0 l=1 rev1=0 crypto rx=0 tx=0 comp rx=0 tx=0).connect
2024-09-05T11:46:34.840 INFO:teuthology.orchestra.run.smithi037.stdout:/usr/bin/ceph: stderr
2024-09-05T11:46:33.463+0000 7f98b0818640 1 -- --> [v2:172.21.15.37:3300/0,v1:172.21.15.37:6789/0] -- mon_getmap magic: 0 -- 0x7f98ac10c080 con 0x7f98ac108650
2024-09-05T11:46:34.840 INFO:teuthology.orchestra.run.smithi037.stdout:/usr/bin/ceph: stderr
2024-09-05T11:46:33.463+0000 7f98aa59c640 1 --2- >> [v2:172.21.15.37:3300/0,v1:172.21.15.37:6789/0] conn(0x7f98ac108650 0x7f98ac19bc40 unknown :-1 s=BANNER_CONNECTING pgs=0 cs=0 l=1 rev1=0 crypto rx=0 tx=0 comp rx=0 tx=0)._handle_peer_banner_payload supported=3 required=0
2024-09-05T11:46:34.840 INFO:teuthology.orchestra.run.smithi037.stdout:/usr/bin/ceph: stderr
2024-09-05T11:46:33.463+0000 7f98aa59c640 1 --2- >> [v2:172.21.15.37:3300/0,v1:172.21.15.37:6789/0] conn(0x7f98ac108650 0x7f98ac19bc40 unknown :-1 s=HELLO_CONNECTING pgs=0 cs=0 l=1 rev1=1 crypto rx=0 tx=0 comp rx=0 tx=0).handle_hello peer v2:172.21.15.37:3300/0 says I am v2:172.21.15.37:54628/0 (socket says 172.21.15.37:54628)
2024-09-05T11:46:34.840 INFO:teuthology.orchestra.run.smithi037.stdout:/usr/bin/ceph: stderr
2024-09-05T11:46:33.463+0000 7f98aa59c640 1 -- 172.21.15.37:0/1988488798 learned_addr learned my addr 172.21.15.37:0/1988488798 (peer_addr_for_me v2:172.21.15.37:0/0)
2024-09-05T11:46:34.840 INFO:teuthology.orchestra.run.smithi037.stdout:/usr/bin/ceph: stderr
2024-09-05T11:46:33.463+0000 7f98aa59c640 1 -- 172.21.15.37:0/1988488798 --> [v2:172.21.15.37:3300/0,v1:172.21.15.37:6789/0] -- mon_subscribe({config=0+,monmap=0+}) -- 0x7f98ac19c180 con 0x7f98ac108650
2024-09-05T11:46:34.840 INFO:teuthology.orchestra.run.smithi037.stdout:/usr/bin/ceph: stderr
2024-09-05T11:46:33.464+0000 7f98aa59c640 1 --2- 172.21.15.37:0/1988488798 >> [v2:172.21.15.37:3300/0,v1:172.21.15.37:6789/0] conn(0x7f98ac108650 0x7f98ac19bc40 secure :-1 s=READY pgs=48 cs=0 l=1 rev1=1 crypto rx=0x7f989c009940 tx=0x7f989c032670 comp rx=0 tx=0).ready entity=mon.0 client_cookie=0 server_cookie=0 in_seq=0 out_seq=0
2024-09-05T11:46:34.840 INFO:teuthology.orchestra.run.smithi037.stdout:/usr/bin/ceph: stderr
2024-09-05T11:46:33.464+0000 7f989b7fe640 1 -- 172.21.15.37:0/1988488798 <== mon.0 v2:172.21.15.37:3300/0 1 ==== mon_map magic: 0 ==== 205+0+0 (secure 0 0 0) 0x7f989c042070 con 0x7f98ac108650
2024-09-05T11:46:34.840 INFO:teuthology.orchestra.run.smithi037.stdout:/usr/bin/ceph: stderr
2024-09-05T11:46:33.464+0000 7f989b7fe640 1 -- 172.21.15.37:0/1988488798 <== mon.0 v2:172.21.15.37:3300/0 2 ==== config(29 keys) ==== 1178+0+0 (secure 0 0 0) 0x7f989c030e50 con 0x7f98ac108650
2024-09-05T11:46:34.840 INFO:teuthology.orchestra.run.smithi037.stdout:/usr/bin/ceph: stderr
2024-09-05T11:46:33.464+0000 7f989b7fe640 1 -- 172.21.15.37:0/1988488798 <== mon.0 v2:172.21.15.37:3300/0 3 ==== mon_map magic: 0 ==== 205+0+0 (secure 0 0 0) 0x7f989c037040 con 0x7f98ac108650
2024-09-05T11:46:34.840 INFO:teuthology.orchestra.run.smithi037.stdout:/usr/bin/ceph: stderr
2024-09-05T11:46:33.464+0000 7f98b0818640 1 -- 172.21.15.37:0/1988488798 --> [v2:172.21.15.37:3300/0,v1:172.21.15.37:6789/0] -- mon_subscribe({mgrmap=0+}) -- 0x7f98ac19c410 con 0x7f98ac108650
2024-09-05T11:46:34.840 INFO:teuthology.orchestra.run.smithi037.stdout:/usr/bin/ceph: stderr
2024-09-05T11:46:33.464+0000 7f98b0818640 1 -- 172.21.15.37:0/1988488798 --> [v2:172.21.15.37:3300/0,v1:172.21.15.37:6789/0] -- mon_subscribe({osdmap=0}) -- 0x7f98ac19f100 con 0x7f98ac108650
2024-09-05T11:46:34.840 INFO:teuthology.orchestra.run.smithi037.stdout:/usr/bin/ceph: stderr
2024-09-05T11:46:33.465+0000 7f989b7fe640 1 -- 172.21.15.37:0/1988488798 <== mon.0 v2:172.21.15.37:3300/0 4 ==== mgrmap(e 8) ==== 46287+0+0 (secure 0 0 0) 0x7f989c045070 con 0x7f98ac108650
2024-09-05T11:46:34.840 INFO:teuthology.orchestra.run.smithi037.stdout:/usr/bin/ceph: stderr
2024-09-05T11:46:33.465+0000 7f989b7fe640 1 --2- 172.21.15.37:0/1988488798 >> [v2:172.21.15.37:6800/2760112276,v1:172.21.15.37:6801/2760112276] conn(0x7f9894038fc0 0x7f989403b480 unknown :-1 s=NONE pgs=0 cs=0 l=1 rev1=0 crypto rx=0 tx=0 comp rx=0 tx=0).connect
2024-09-05T11:46:34.840 INFO:teuthology.orchestra.run.smithi037.stdout:/usr/bin/ceph: stderr
2024-09-05T11:46:33.465+0000 7f98b0818640 1 -- 172.21.15.37:0/1988488798 --> [v2:172.21.15.37:3300/0,v1:172.21.15.37:6789/0] -- mon_command({"prefix": "get_command_descriptions"} v 0) -- 0x7f98ac108ab0 con 0x7f98ac108650
2024-09-05T11:46:34.841 INFO:teuthology.orchestra.run.smithi037.stdout:/usr/bin/ceph: stderr
2024-09-05T11:46:33.465+0000 7f989b7fe640 1 -- 172.21.15.37:0/1988488798 <== mon.0 v2:172.21.15.37:3300/0 5 ==== osd_map(2..2 src has 1..2) ==== 940+0+0 (secure 0 0 0) 0x7f989c06bfa0 con 0x7f98ac108650
2024-09-05T11:46:34.841 INFO:teuthology.orchestra.run.smithi037.stdout:/usr/bin/ceph: stderr
2024-09-05T11:46:33.465+0000 7f98a9d9b640 1 --2- 172.21.15.37:0/1988488798 >> [v2:172.21.15.37:6800/2760112276,v1:172.21.15.37:6801/2760112276] conn(0x7f9894038fc0 0x7f989403b480 unknown :-1 s=BANNER_CONNECTING pgs=0 cs=0 l=1 rev1=0 crypto rx=0 tx=0 comp rx=0 tx=0)._handle_peer_banner_payload supported=3 required=0
2024-09-05T11:46:34.841 INFO:teuthology.orchestra.run.smithi037.stdout:/usr/bin/ceph: stderr
2024-09-05T11:46:33.465+0000 7f98a9d9b640 1 --2- 172.21.15.37:0/1988488798 >> [v2:172.21.15.37:6800/2760112276,v1:172.21.15.37:6801/2760112276] conn(0x7f9894038fc0 0x7f989403b480 secure :-1 s=READY pgs=13 cs=0 l=1 rev1=1 crypto rx=0x7f98a00098c0 tx=0x7f98a0006db0 comp rx=0 tx=0).ready entity=mgr.14118 client_cookie=0 server_cookie=0 in_seq=0 out_seq=0
2024-09-05T11:46:34.841 INFO:teuthology.orchestra.run.smithi037.stdout:/usr/bin/ceph: stderr
2024-09-05T11:46:33.470+0000 7f989b7fe640 1 -- 172.21.15.37:0/1988488798 <== mon.0 v2:172.21.15.37:3300/0 6 ==== mon_command_ack([{"prefix": "get_command_descriptions"}]=0 v0) ==== 72+0+188821 (secure 0 0 0) 0x7f989c032910 con 0x7f98ac108650
2024-09-05T11:46:34.841 INFO:teuthology.orchestra.run.smithi037.stdout:/usr/bin/ceph: stderr
2024-09-05T11:46:33.660+0000 7f98b0818640 1 -- 172.21.15.37:0/1988488798 --> [v2:172.21.15.37:6800/2760112276,v1:172.21.15.37:6801/2760112276] -- mgr_command(tid 0: {"prefix": "orch apply", "service_type": "mgr", "unmanaged": true, "target": ["mon-mgr", ""]}) -- 0x7f98ac103540 con 0x7f9894038fc0
2024-09-05T11:46:34.841 INFO:teuthology.orchestra.run.smithi037.stdout:/usr/bin/ceph: stderr
2024-09-05T11:46:33.664+0000 7f989b7fe640 1 -- 172.21.15.37:0/1988488798 <== mgr.14118 v2:172.21.15.37:6800/2760112276 1 ==== mgr_command_reply(tid 0: 0 ) ==== 8+0+24 (secure 0 0 0) 0x7f98ac103540 con 0x7f9894038fc0
2024-09-05T11:46:34.841 INFO:teuthology.orchestra.run.smithi037.stdout:/usr/bin/ceph: stderr
2024-09-05T11:46:33.668+0000 7f98b0818640 1 -- 172.21.15.37:0/1988488798 >> [v2:172.21.15.37:6800/2760112276,v1:172.21.15.37:6801/2760112276] conn(0x7f9894038fc0 msgr2=0x7f989403b480 secure :-1 s=STATE_CONNECTION_ESTABLISHED l=1).mark_down
2024-09-05T11:46:34.841 INFO:teuthology.orchestra.run.smithi037.stdout:/usr/bin/ceph: stderr
2024-09-05T11:46:33.668+0000 7f98b0818640 1 --2- 172.21.15.37:0/1988488798 >> [v2:172.21.15.37:6800/2760112276,v1:172.21.15.37:6801/2760112276] conn(0x7f9894038fc0 0x7f989403b480 secure :-1 s=READY pgs=13 cs=0 l=1 rev1=1 crypto rx=0x7f98a00098c0 tx=0x7f98a0006db0 comp rx=0 tx=0).stop
2024-09-05T11:46:34.841 INFO:teuthology.orchestra.run.smithi037.stdout:/usr/bin/ceph: stderr
2024-09-05T11:46:33.668+0000 7f98b0818640 1 -- 172.21.15.37:0/1988488798 >> [v2:172.21.15.37:3300/0,v1:172.21.15.37:6789/0] conn(0x7f98ac108650 msgr2=0x7f98ac19bc40 secure :-1 s=STATE_CONNECTION_ESTABLISHED l=1).mark_down
2024-09-05T11:46:34.841 INFO:teuthology.orchestra.run.smithi037.stdout:/usr/bin/ceph: stderr
2024-09-05T11:46:33.668+0000 7f98b0818640 1 --2- 172.21.15.37:0/1988488798 >> [v2:172.21.15.37:3300/0,v1:172.21.15.37:6789/0] conn(0x7f98ac108650 0x7f98ac19bc40 secure :-1 s=READY pgs=48 cs=0 l=1 rev1=1 crypto rx=0x7f989c009940 tx=0x7f989c032670 comp rx=0 tx=0).stop
2024-09-05T11:46:34.841 INFO:teuthology.orchestra.run.smithi037.stdout:/usr/bin/ceph: stderr
2024-09-05T11:46:33.668+0000 7f98b0818640 1 -- 172.21.15.37:0/1988488798 shutdown_connections
2024-09-05T11:46:34.841 INFO:teuthology.orchestra.run.smithi037.stdout:/usr/bin/ceph: stderr
2024-09-05T11:46:33.668+0000 7f98b0818640 1 --2- 172.21.15.37:0/1988488798 >> [v2:172.21.15.37:6800/2760112276,v1:172.21.15.37:6801/2760112276] conn(0x7f9894038fc0 0x7f989403b480 unknown :-1 s=CLOSED pgs=13 cs=0 l=1 rev1=1 crypto rx=0 tx=0 comp rx=0 tx=0).stop
2024-09-05T11:46:34.841 INFO:teuthology.orchestra.run.smithi037.stdout:/usr/bin/ceph: stderr
2024-09-05T11:46:33.668+0000 7f98b0818640 1 --2- 172.21.15.37:0/1988488798 >> [v2:172.21.15.37:3300/0,v1:172.21.15.37:6789/0] conn(0x7f98ac108650 0x7f98ac19bc40 unknown :-1 s=CLOSED pgs=48 cs=0 l=1 rev1=1 crypto rx=0 tx=0 comp rx=0 tx=0).stop
2024-09-05T11:46:34.842 INFO:teuthology.orchestra.run.smithi037.stdout:/usr/bin/ceph: stderr
2024-09-05T11:46:33.668+0000 7f98b0818640 1 -- 172.21.15.37:0/1988488798 >> 172.21.15.37:0/1988488798 conn(0x7f98ac102250 msgr2=0x7f98ac102e30 unknown :-1 s=STATE_NONE l=0).mark_down
2024-09-05T11:46:34.842 INFO:teuthology.orchestra.run.smithi037.stdout:/usr/bin/ceph: stderr
2024-09-05T11:46:33.668+0000 7f98b0818640 1 -- 172.21.15.37:0/1988488798 shutdown_connections
2024-09-05T11:46:34.842 INFO:teuthology.orchestra.run.smithi037.stdout:/usr/bin/ceph: stderr
2024-09-05T11:46:33.668+0000 7f98b0818640 1 -- 172.21.15.37:0/1988488798 wait complete.
2024-09-05T11:46:36.004 INFO:teuthology.orchestra.run.smithi037.stdout:/usr/bin/ceph: stderr
2024-09-05T11:46:35.249+0000 7f18bf557640 1 Processor -- start
2024-09-05T11:46:36.004 INFO:teuthology.orchestra.run.smithi037.stdout:/usr/bin/ceph: stderr
2024-09-05T11:46:35.249+0000 7f18bf557640 1 -- start start
2024-09-05T11:46:36.004 INFO:teuthology.orchestra.run.smithi037.stdout:/usr/bin/ceph: stderr
2024-09-05T11:46:35.249+0000 7f18bf557640 1 --2- >> [v2:172.21.15.37:3300/0,v1:172.21.15.37:6789/0] conn(0x7f18b807dd80 0x7f18b807c280 unknown :-1 s=NONE pgs=0 cs=0 l=0 rev1=0 crypto rx=0 tx=0 comp rx=0 tx=0).connect
2024-09-05T11:46:36.004 INFO:teuthology.orchestra.run.smithi037.stdout:/usr/bin/ceph: stderr
2024-09-05T11:46:35.249+0000 7f18bf557640 1 -- --> [v2:172.21.15.37:3300/0,v1:172.21.15.37:6789/0] -- mon_getmap magic: 0 -- 0x7f18b807c7c0 con 0x7f18b807dd80
2024-09-05T11:46:36.004 INFO:teuthology.orchestra.run.smithi037.stdout:/usr/bin/ceph: stderr
2024-09-05T11:46:35.250+0000 7f18bd2f3640 1 --2- >> [v2:172.21.15.37:3300/0,v1:172.21.15.37:6789/0] conn(0x7f18b807dd80 0x7f18b807c280 unknown :-1 s=BANNER_CONNECTING pgs=0 cs=0 l=0 rev1=0 crypto rx=0 tx=0 comp rx=0 tx=0)._handle_peer_banner_payload supported=3 required=0
2024-09-05T11:46:36.005 INFO:teuthology.orchestra.run.smithi037.stdout:/usr/bin/ceph: stderr
2024-09-05T11:46:35.250+0000 7f18bd2f3640 1 --2- >> [v2:172.21.15.37:3300/0,v1:172.21.15.37:6789/0] conn(0x7f18b807dd80 0x7f18b807c280 unknown :-1 s=HELLO_CONNECTING pgs=0 cs=0 l=0 rev1=1 crypto rx=0 tx=0 comp rx=0 tx=0).handle_hello peer v2:172.21.15.37:3300/0 says I am v2:172.21.15.37:54632/0 (socket says 172.21.15.37:54632)
2024-09-05T11:46:36.005 INFO:teuthology.orchestra.run.smithi037.stdout:/usr/bin/ceph: stderr
2024-09-05T11:46:35.250+0000 7f18bd2f3640 1 -- 172.21.15.37:0/1853521513 learned_addr learned my addr 172.21.15.37:0/1853521513 (peer_addr_for_me v2:172.21.15.37:0/0)
2024-09-05T11:46:36.005 INFO:teuthology.orchestra.run.smithi037.stdout:/usr/bin/ceph: stderr
2024-09-05T11:46:35.250+0000 7f18bd2f3640 1 -- 172.21.15.37:0/1853521513 --> [v2:172.21.15.37:3300/0,v1:172.21.15.37:6789/0] -- mon_subscribe({config=0+,monmap=0+}) -- 0x7f18b807c940 con 0x7f18b807dd80
2024-09-05T11:46:36.005 INFO:teuthology.orchestra.run.smithi037.stdout:/usr/bin/ceph: stderr
2024-09-05T11:46:35.251+0000 7f18bd2f3640 1 --2- 172.21.15.37:0/1853521513 >> [v2:172.21.15.37:3300/0,v1:172.21.15.37:6789/0] conn(0x7f18b807dd80 0x7f18b807c280 secure :-1 s=READY pgs=49 cs=0 l=1 rev1=1 crypto rx=0x7f18b4009820 tx=0x7f18b402a270 comp rx=0 tx=0).ready entity=mon.0 client_cookie=94967d1175827f84 server_cookie=0 in_seq=0 out_seq=0
2024-09-05T11:46:36.005 INFO:teuthology.orchestra.run.smithi037.stdout:/usr/bin/ceph: stderr
2024-09-05T11:46:35.251+0000 7f18affff640 1 -- 172.21.15.37:0/1853521513 <== mon.0 v2:172.21.15.37:3300/0 1 ==== mon_map magic: 0 ==== 205+0+0 (secure 0 0 0) 0x7f18b4037070 con 0x7f18b807dd80
2024-09-05T11:46:36.005 INFO:teuthology.orchestra.run.smithi037.stdout:/usr/bin/ceph: stderr
2024-09-05T11:46:35.251+0000 7f18affff640 1 -- 172.21.15.37:0/1853521513 <== mon.0 v2:172.21.15.37:3300/0 2 ==== config(29 keys) ==== 1209+0+0 (secure 0 0 0) 0x7f18b4032960 con 0x7f18b807dd80
2024-09-05T11:46:36.005 INFO:teuthology.orchestra.run.smithi037.stdout:/usr/bin/ceph: stderr
2024-09-05T11:46:35.251+0000 7f18affff640 1 -- 172.21.15.37:0/1853521513 <== mon.0 v2:172.21.15.37:3300/0 3 ==== mon_map magic: 0 ==== 205+0+0 (secure 0 0 0) 0x7f18b4030980 con 0x7f18b807dd80
2024-09-05T11:46:36.005 INFO:teuthology.orchestra.run.smithi037.stdout:/usr/bin/ceph: stderr
2024-09-05T11:46:35.251+0000 7f18bf557640 1 -- 172.21.15.37:0/1853521513 >> [v2:172.21.15.37:3300/0,v1:172.21.15.37:6789/0] conn(0x7f18b807dd80 msgr2=0x7f18b807c280 secure :-1 s=STATE_CONNECTION_ESTABLISHED l=1).mark_down
2024-09-05T11:46:36.005 INFO:teuthology.orchestra.run.smithi037.stdout:/usr/bin/ceph: stderr
2024-09-05T11:46:35.251+0000 7f18bf557640 1 --2- 172.21.15.37:0/1853521513 >> [v2:172.21.15.37:3300/0,v1:172.21.15.37:6789/0] conn(0x7f18b807dd80 0x7f18b807c280 secure :-1 s=READY pgs=49 cs=0 l=1 rev1=1 crypto rx=0x7f18b4009820 tx=0x7f18b402a270 comp rx=0 tx=0).stop
2024-09-05T11:46:36.005 INFO:teuthology.orchestra.run.smithi037.stdout:/usr/bin/ceph: stderr
2024-09-05T11:46:35.251+0000 7f18bf557640 1 -- 172.21.15.37:0/1853521513 shutdown_connections
2024-09-05T11:46:36.005 INFO:teuthology.orchestra.run.smithi037.stdout:/usr/bin/ceph: stderr
2024-09-05T11:46:35.251+0000 7f18bf557640 1 --2- 172.21.15.37:0/1853521513 >> [v2:172.21.15.37:3300/0,v1:172.21.15.37:6789/0] conn(0x7f18b807dd80 0x7f18b807c280 unknown :-1 s=CLOSED pgs=49 cs=0 l=1 rev1=1 crypto rx=0 tx=0 comp rx=0 tx=0).stop
2024-09-05T11:46:36.005 INFO:teuthology.orchestra.run.smithi037.stdout:/usr/bin/ceph: stderr
2024-09-05T11:46:35.251+0000 7f18bf557640 1 -- 172.21.15.37:0/1853521513 >> 172.21.15.37:0/1853521513 conn(0x7f18b81033c0 msgr2=0x7f18b81057e0 unknown :-1 s=STATE_NONE l=0).mark_down
2024-09-05T11:46:36.005 INFO:teuthology.orchestra.run.smithi037.stdout:/usr/bin/ceph: stderr
2024-09-05T11:46:35.252+0000 7f18bf557640 1 -- 172.21.15.37:0/1853521513 shutdown_connections
2024-09-05T11:46:36.006 INFO:teuthology.orchestra.run.smithi037.stdout:/usr/bin/ceph: stderr
2024-09-05T11:46:35.252+0000 7f18bf557640 1 -- 172.21.15.37:0/1853521513 wait complete.
2024-09-05T11:46:36.006 INFO:teuthology.orchestra.run.smithi037.stdout:/usr/bin/ceph: stderr
2024-09-05T11:46:35.252+0000 7f18bf557640 1 Processor -- start
2024-09-05T11:46:36.006 INFO:teuthology.orchestra.run.smithi037.stdout:/usr/bin/ceph: stderr
2024-09-05T11:46:35.252+0000 7f18bf557640 1 -- start start
2024-09-05T11:46:36.006 INFO:teuthology.orchestra.run.smithi037.stdout:/usr/bin/ceph: stderr
2024-09-05T11:46:35.252+0000 7f18bf557640 1 --2- >> [v2:172.21.15.37:3300/0,v1:172.21.15.37:6789/0] conn(0x7f18b807dd80 0x7f18b819dda0 unknown :-1 s=NONE pgs=0 cs=0 l=1 rev1=0 crypto rx=0 tx=0 comp rx=0 tx=0).connect
2024-09-05T11:46:36.006 INFO:teuthology.orchestra.run.smithi037.stdout:/usr/bin/ceph: stderr
2024-09-05T11:46:35.252+0000 7f18bf557640 1 -- --> [v2:172.21.15.37:3300/0,v1:172.21.15.37:6789/0] -- mon_getmap magic: 0 -- 0x7f18b810e260 con 0x7f18b807dd80
2024-09-05T11:46:36.006 INFO:teuthology.orchestra.run.smithi037.stdout:/usr/bin/ceph: stderr
2024-09-05T11:46:35.252+0000 7f18bd2f3640 1 --2- >> [v2:172.21.15.37:3300/0,v1:172.21.15.37:6789/0] conn(0x7f18b807dd80 0x7f18b819dda0 unknown :-1 s=BANNER_CONNECTING pgs=0 cs=0 l=1 rev1=0 crypto rx=0 tx=0 comp rx=0 tx=0)._handle_peer_banner_payload supported=3 required=0
2024-09-05T11:46:36.006 INFO:teuthology.orchestra.run.smithi037.stdout:/usr/bin/ceph: stderr
2024-09-05T11:46:35.252+0000 7f18bd2f3640 1 --2- >> [v2:172.21.15.37:3300/0,v1:172.21.15.37:6789/0] conn(0x7f18b807dd80 0x7f18b819dda0 unknown :-1 s=HELLO_CONNECTING pgs=0 cs=0 l=1 rev1=1 crypto rx=0 tx=0 comp rx=0 tx=0).handle_hello peer v2:172.21.15.37:3300/0 says I am v2:172.21.15.37:54644/0 (socket says 172.21.15.37:54644)
2024-09-05T11:46:36.006 INFO:teuthology.orchestra.run.smithi037.stdout:/usr/bin/ceph: stderr
2024-09-05T11:46:35.252+0000 7f18bd2f3640 1 -- 172.21.15.37:0/1533586644 learned_addr learned my addr 172.21.15.37:0/1533586644 (peer_addr_for_me v2:172.21.15.37:0/0)
2024-09-05T11:46:36.006 INFO:teuthology.orchestra.run.smithi037.stdout:/usr/bin/ceph: stderr
2024-09-05T11:46:35.253+0000 7f18bd2f3640 1 -- 172.21.15.37:0/1533586644 --> [v2:172.21.15.37:3300/0,v1:172.21.15.37:6789/0] -- mon_subscribe({config=0+,monmap=0+}) -- 0x7f18b819e2e0 con 0x7f18b807dd80
2024-09-05T11:46:36.006 INFO:teuthology.orchestra.run.smithi037.stdout:/usr/bin/ceph: stderr
2024-09-05T11:46:35.253+0000 7f18bd2f3640 1 --2- 172.21.15.37:0/1533586644 >> [v2:172.21.15.37:3300/0,v1:172.21.15.37:6789/0] conn(0x7f18b807dd80 0x7f18b819dda0 secure :-1 s=READY pgs=50 cs=0 l=1 rev1=1 crypto rx=0x7f18b4032e80 tx=0x7f18b4032eb0 comp rx=0 tx=0).ready entity=mon.0 client_cookie=0 server_cookie=0 in_seq=0 out_seq=0
2024-09-05T11:46:36.006 INFO:teuthology.orchestra.run.smithi037.stdout:/usr/bin/ceph: stderr
2024-09-05T11:46:35.253+0000 7f18ae7fc640 1 -- 172.21.15.37:0/1533586644 <== mon.0 v2:172.21.15.37:3300/0 1 ==== mon_map magic: 0 ==== 205+0+0 (secure 0 0 0) 0x7f18b4042070 con 0x7f18b807dd80
2024-09-05T11:46:36.006 INFO:teuthology.orchestra.run.smithi037.stdout:/usr/bin/ceph: stderr
2024-09-05T11:46:35.253+0000 7f18ae7fc640 1 -- 172.21.15.37:0/1533586644 <== mon.0 v2:172.21.15.37:3300/0 2 ==== config(29 keys) ==== 1209+0+0 (secure 0 0 0) 0x7f18b4032670 con 0x7f18b807dd80
2024-09-05T11:46:36.007 INFO:teuthology.orchestra.run.smithi037.stdout:/usr/bin/ceph: stderr
2024-09-05T11:46:35.253+0000 7f18bf557640 1 -- 172.21.15.37:0/1533586644 --> [v2:172.21.15.37:3300/0,v1:172.21.15.37:6789/0] -- mon_subscribe({mgrmap=0+}) -- 0x7f18b819e570 con 0x7f18b807dd80
2024-09-05T11:46:36.007 INFO:teuthology.orchestra.run.smithi037.stdout:/usr/bin/ceph: stderr
2024-09-05T11:46:35.253+0000 7f18ae7fc640 1 -- 172.21.15.37:0/1533586644 <== mon.0 v2:172.21.15.37:3300/0 3 ==== mon_map magic: 0 ==== 205+0+0 (secure 0 0 0) 0x7f18b4037040 con 0x7f18b807dd80
2024-09-05T11:46:36.007 INFO:teuthology.orchestra.run.smithi037.stdout:/usr/bin/ceph: stderr
2024-09-05T11:46:35.253+0000 7f18bf557640 1 -- 172.21.15.37:0/1533586644 --> [v2:172.21.15.37:3300/0,v1:172.21.15.37:6789/0] -- mon_subscribe({osdmap=0}) -- 0x7f18b81a1260 con 0x7f18b807dd80
2024-09-05T11:46:36.007 INFO:teuthology.orchestra.run.smithi037.stdout:/usr/bin/ceph: stderr
2024-09-05T11:46:35.254+0000 7f18ae7fc640 1 -- 172.21.15.37:0/1533586644 <== mon.0 v2:172.21.15.37:3300/0 4 ==== mgrmap(e 8) ==== 46287+0+0 (secure 0 0 0) 0x7f18b4045070 con 0x7f18b807dd80
2024-09-05T11:46:36.007 INFO:teuthology.orchestra.run.smithi037.stdout:/usr/bin/ceph: stderr
2024-09-05T11:46:35.254+0000 7f18ae7fc640 1 --2- 172.21.15.37:0/1533586644 >> [v2:172.21.15.37:6800/2760112276,v1:172.21.15.37:6801/2760112276] conn(0x7f18a4038fc0 0x7f18a403b480 unknown :-1 s=NONE pgs=0 cs=0 l=1 rev1=0 crypto rx=0 tx=0 comp rx=0 tx=0).connect
2024-09-05T11:46:36.007 INFO:teuthology.orchestra.run.smithi037.stdout:/usr/bin/ceph: stderr
2024-09-05T11:46:35.254+0000 7f18ae7fc640 1 -- 172.21.15.37:0/1533586644 <== mon.0 v2:172.21.15.37:3300/0 5 ==== osd_map(2..2 src has 1..2) ==== 940+0+0 (secure 0 0 0) 0x7f18b406bf40 con 0x7f18b807dd80
2024-09-05T11:46:36.007 INFO:teuthology.orchestra.run.smithi037.stdout:/usr/bin/ceph: stderr
2024-09-05T11:46:35.254+0000 7f18bf557640 1 -- 172.21.15.37:0/1533586644 --> [v2:172.21.15.37:3300/0,v1:172.21.15.37:6789/0] -- mon_command({"prefix": "get_command_descriptions"} v 0) -- 0x7f18b807c280 con 0x7f18b807dd80
2024-09-05T11:46:36.007 INFO:teuthology.orchestra.run.smithi037.stdout:/usr/bin/ceph: stderr
2024-09-05T11:46:35.254+0000 7f18bcaf2640 1 --2- 172.21.15.37:0/1533586644 >> [v2:172.21.15.37:6800/2760112276,v1:172.21.15.37:6801/2760112276] conn(0x7f18a4038fc0 0x7f18a403b480 unknown :-1 s=BANNER_CONNECTING pgs=0 cs=0 l=1 rev1=0 crypto rx=0 tx=0 comp rx=0 tx=0)._handle_peer_banner_payload supported=3 required=0
2024-09-05T11:46:36.007 INFO:teuthology.orchestra.run.smithi037.stdout:/usr/bin/ceph: stderr
2024-09-05T11:46:35.255+0000 7f18bcaf2640 1 --2- 172.21.15.37:0/1533586644 >> [v2:172.21.15.37:6800/2760112276,v1:172.21.15.37:6801/2760112276] conn(0x7f18a4038fc0 0x7f18a403b480 secure :-1 s=READY pgs=14 cs=0 l=1 rev1=1 crypto rx=0x7f18a80098c0 tx=0x7f18a8006db0 comp rx=0 tx=0).ready entity=mgr.14118 client_cookie=0 server_cookie=0 in_seq=0 out_seq=0
2024-09-05T11:46:36.007 INFO:teuthology.orchestra.run.smithi037.stdout:/usr/bin/ceph: stderr
2024-09-05T11:46:35.259+0000 7f18ae7fc640 1 -- 172.21.15.37:0/1533586644 <== mon.0 v2:172.21.15.37:3300/0 6 ==== mon_command_ack([{"prefix": "get_command_descriptions"}]=0 v0) ==== 72+0+188821 (secure 0 0 0) 0x7f18b403cd60 con 0x7f18b807dd80
2024-09-05T11:46:36.007 INFO:teuthology.orchestra.run.smithi037.stdout:/usr/bin/ceph: stderr
2024-09-05T11:46:35.454+0000 7f18bf557640 1 -- 172.21.15.37:0/1533586644 --> [v2:172.21.15.37:3300/0,v1:172.21.15.37:6789/0] -- mon_command([{prefix=config set, name=mgr/cephadm/container_init}] v 0) -- 0x7f18b81a1620 con 0x7f18b807dd80
2024-09-05T11:46:36.007 INFO:teuthology.orchestra.run.smithi037.stdout:/usr/bin/ceph: stderr
2024-09-05T11:46:35.457+0000 7f18ae7fc640 1 -- 172.21.15.37:0/1533586644 <== mon.0 v2:172.21.15.37:3300/0 7 ==== mon_command_ack([{prefix=config set, name=mgr/cephadm/container_init}]=0 v7)=0 v7) ==== 142+0+0 (secure 0 0 0) 0x7f18b403dcc0 con 0x7f18b807dd80
2024-09-05T11:46:36.007 INFO:teuthology.orchestra.run.smithi037.stdout:/usr/bin/ceph: stderr
2024-09-05T11:46:35.460+0000 7f18bf557640 1 -- 172.21.15.37:0/1533586644 >> [v2:172.21.15.37:6800/2760112276,v1:172.21.15.37:6801/2760112276] conn(0x7f18a4038fc0 msgr2=0x7f18a403b480 secure :-1 s=STATE_CONNECTION_ESTABLISHED l=1).mark_down
2024-09-05T11:46:36.007 INFO:teuthology.orchestra.run.smithi037.stdout:/usr/bin/ceph: stderr
2024-09-05T11:46:35.460+0000 7f18bf557640 1 --2- 172.21.15.37:0/1533586644 >> [v2:172.21.15.37:6800/2760112276,v1:172.21.15.37:6801/2760112276] conn(0x7f18a4038fc0 0x7f18a403b480 secure :-1 s=READY pgs=14 cs=0 l=1 rev1=1 crypto rx=0x7f18a80098c0 tx=0x7f18a8006db0 comp rx=0 tx=0).stop
2024-09-05T11:46:36.007 INFO:teuthology.orchestra.run.smithi037.stdout:/usr/bin/ceph: stderr
2024-09-05T11:46:35.460+0000 7f18bf557640 1 -- 172.21.15.37:0/1533586644 >> [v2:172.21.15.37:3300/0,v1:172.21.15.37:6789/0] conn(0x7f18b807dd80 msgr2=0x7f18b819dda0 secure :-1 s=STATE_CONNECTION_ESTABLISHED l=1).mark_down
2024-09-05T11:46:36.008 INFO:teuthology.orchestra.run.smithi037.stdout:/usr/bin/ceph: stderr
2024-09-05T11:46:35.460+0000 7f18bf557640 1 --2- 172.21.15.37:0/1533586644 >> [v2:172.21.15.37:3300/0,v1:172.21.15.37:6789/0] conn(0x7f18b807dd80 0x7f18b819dda0 secure :-1 s=READY pgs=50 cs=0 l=1 rev1=1 crypto rx=0x7f18b4032e80 tx=0x7f18b4032eb0 comp rx=0 tx=0).stop
2024-09-05T11:46:36.008 INFO:teuthology.orchestra.run.smithi037.stdout:/usr/bin/ceph: stderr
2024-09-05T11:46:35.460+0000 7f18bf557640 1 -- 172.21.15.37:0/1533586644 shutdown_connections
2024-09-05T11:46:36.008 INFO:teuthology.orchestra.run.smithi037.stdout:/usr/bin/ceph: stderr
2024-09-05T11:46:35.460+0000 7f18bf557640 1 --2- 172.21.15.37:0/1533586644 >> [v2:172.21.15.37:6800/2760112276,v1:172.21.15.37:6801/2760112276] conn(0x7f18a4038fc0 0x7f18a403b480 unknown :-1 s=CLOSED pgs=14 cs=0 l=1 rev1=1 crypto rx=0 tx=0 comp rx=0 tx=0).stop
2024-09-05T11:46:36.008 INFO:teuthology.orchestra.run.smithi037.stdout:/usr/bin/ceph: stderr
2024-09-05T11:46:35.460+0000 7f18bf557640 1 --2- 172.21.15.37:0/1533586644 >> [v2:172.21.15.37:3300/0,v1:172.21.15.37:6789/0] conn(0x7f18b807dd80 0x7f18b819dda0 unknown :-1 s=CLOSED pgs=50 cs=0 l=1 rev1=1 crypto rx=0 tx=0 comp rx=0 tx=0).stop
2024-09-05T11:46:36.008 INFO:teuthology.orchestra.run.smithi037.stdout:/usr/bin/ceph: stderr
2024-09-05T11:46:35.460+0000 7f18bf557640 1 -- 172.21.15.37:0/1533586644 >> 172.21.15.37:0/1533586644 conn(0x7f18b81033c0 msgr2=0x7f18b8103ef0 unknown :-1 s=STATE_NONE l=0).mark_down
2024-09-05T11:46:36.008 INFO:teuthology.orchestra.run.smithi037.stdout:/usr/bin/ceph: stderr
2024-09-05T11:46:35.460+0000 7f18bf557640 1 -- 172.21.15.37:0/1533586644 shutdown_connections
2024-09-05T11:46:36.008 INFO:teuthology.orchestra.run.smithi037.stdout:/usr/bin/ceph: stderr
2024-09-05T11:46:35.460+0000 7f18bf557640 1 -- 172.21.15.37:0/1533586644 wait complete.
2024-09-05T11:46:36.557 INFO:journalctl@ceph.mon.a.smithi037.stdout:Sep 05 11:46:36 smithi037 ceph-mon[30914]: from='mgr.14118 172.21.15.37:0/4164871194' entity='mgr.x'
2024-09-05T11:46:36.557 INFO:journalctl@ceph.mon.a.smithi037.stdout:Sep 05 11:46:36 smithi037 ceph-mon[30914]: from='client.? 172.21.15.37:0/1533586644' entity='client.admin'
2024-09-05T11:46:37.713 INFO:journalctl@ceph.mon.a.smithi037.stdout:Sep 05 11:46:37 smithi037 ceph-mon[30914]: from='client.? 172.21.15.37:0/92339453' entity='client.admin'
2024-09-05T11:46:37.713 INFO:journalctl@ceph.mon.a.smithi037.stdout:Sep 05 11:46:37 smithi037 ceph-mon[30914]: from='mgr.14118 172.21.15.37:0/4164871194' entity='mgr.x'
2024-09-05T11:46:37.848 INFO:teuthology.orchestra.run.smithi037.stdout:/usr/bin/ceph: stderr
2024-09-05T11:46:36.364+0000 7f92ef40d640 1 Processor -- start
2024-09-05T11:46:37.849 INFO:teuthology.orchestra.run.smithi037.stdout:/usr/bin/ceph: stderr
2024-09-05T11:46:36.364+0000 7f92ef40d640 1 -- start start
2024-09-05T11:46:37.849 INFO:teuthology.orchestra.run.smithi037.stdout:/usr/bin/ceph: stderr
2024-09-05T11:46:36.364+0000 7f92ef40d640 1 --2- >> [v2:172.21.15.37:3300/0,v1:172.21.15.37:6789/0] conn(0x7f92e8108630 0x7f92e810aa20 unknown :-1 s=NONE pgs=0 cs=0 l=0 rev1=0 crypto rx=0 tx=0 comp rx=0 tx=0).connect
2024-09-05T11:46:37.849 INFO:teuthology.orchestra.run.smithi037.stdout:/usr/bin/ceph: stderr
2024-09-05T11:46:36.364+0000 7f92ef40d640 1 -- --> [v2:172.21.15.37:3300/0,v1:172.21.15.37:6789/0] -- mon_getmap magic: 0 -- 0x7f92e807be10 con 0x7f92e8108630
2024-09-05T11:46:37.849 INFO:teuthology.orchestra.run.smithi037.stdout:/usr/bin/ceph: stderr
2024-09-05T11:46:36.364+0000 7f92ed1a9640 1 --2- >> [v2:172.21.15.37:3300/0,v1:172.21.15.37:6789/0] conn(0x7f92e8108630 0x7f92e810aa20 unknown :-1 s=BANNER_CONNECTING pgs=0 cs=0 l=0 rev1=0 crypto rx=0 tx=0 comp rx=0 tx=0)._handle_peer_banner_payload supported=3 required=0
2024-09-05T11:46:37.849 INFO:teuthology.orchestra.run.smithi037.stdout:/usr/bin/ceph: stderr
2024-09-05T11:46:36.364+0000 7f92ed1a9640 1 --2- >> [v2:172.21.15.37:3300/0,v1:172.21.15.37:6789/0] conn(0x7f92e8108630 0x7f92e810aa20 unknown :-1 s=HELLO_CONNECTING pgs=0 cs=0 l=0 rev1=1 crypto rx=0 tx=0 comp rx=0 tx=0).handle_hello peer v2:172.21.15.37:3300/0 says I am v2:172.21.15.37:54648/0 (socket says 172.21.15.37:54648)
2024-09-05T11:46:37.849 INFO:teuthology.orchestra.run.smithi037.stdout:/usr/bin/ceph: stderr
2024-09-05T11:46:36.364+0000 7f92ed1a9640 1 -- 172.21.15.37:0/3621488444 learned_addr learned my addr 172.21.15.37:0/3621488444 (peer_addr_for_me v2:172.21.15.37:0/0)
2024-09-05T11:46:37.849 INFO:teuthology.orchestra.run.smithi037.stdout:/usr/bin/ceph: stderr
2024-09-05T11:46:36.365+0000 7f92ed1a9640 1 -- 172.21.15.37:0/3621488444 --> [v2:172.21.15.37:3300/0,v1:172.21.15.37:6789/0] -- mon_subscribe({config=0+,monmap=0+}) -- 0x7f92e810af60 con 0x7f92e8108630
2024-09-05T11:46:37.849 INFO:teuthology.orchestra.run.smithi037.stdout:/usr/bin/ceph: stderr
2024-09-05T11:46:36.365+0000 7f92ed1a9640 1 --2- 172.21.15.37:0/3621488444 >> [v2:172.21.15.37:3300/0,v1:172.21.15.37:6789/0] conn(0x7f92e8108630 0x7f92e810aa20 secure :-1 s=READY pgs=51 cs=0 l=1 rev1=1 crypto rx=0x7f92e4009820 tx=0x7f92e402a270 comp rx=0 tx=0).ready entity=mon.0 client_cookie=7a0ae368d9863cc8 server_cookie=0 in_seq=0 out_seq=0
2024-09-05T11:46:37.849 INFO:teuthology.orchestra.run.smithi037.stdout:/usr/bin/ceph: stderr
2024-09-05T11:46:36.366+0000 7f92dffff640 1 -- 172.21.15.37:0/3621488444 <== mon.0 v2:172.21.15.37:3300/0 1 ==== mon_map magic: 0 ==== 205+0+0 (secure 0 0 0) 0x7f92e4037070 con 0x7f92e8108630
2024-09-05T11:46:37.849 INFO:teuthology.orchestra.run.smithi037.stdout:/usr/bin/ceph: stderr
2024-09-05T11:46:36.366+0000 7f92dffff640 1 -- 172.21.15.37:0/3621488444 <== mon.0 v2:172.21.15.37:3300/0 2 ==== config(29 keys) ==== 1209+0+0 (secure 0 0 0) 0x7f92e4032960 con 0x7f92e8108630
2024-09-05T11:46:37.849 INFO:teuthology.orchestra.run.smithi037.stdout:/usr/bin/ceph: stderr
2024-09-05T11:46:36.366+0000 7f92dffff640 1 -- 172.21.15.37:0/3621488444 <== mon.0 v2:172.21.15.37:3300/0 3 ==== mon_map magic: 0 ==== 205+0+0 (secure 0 0 0) 0x7f92e4030980 con 0x7f92e8108630
2024-09-05T11:46:37.849 INFO:teuthology.orchestra.run.smithi037.stdout:/usr/bin/ceph: stderr
2024-09-05T11:46:36.366+0000 7f92ef40d640 1 -- 172.21.15.37:0/3621488444 >> [v2:172.21.15.37:3300/0,v1:172.21.15.37:6789/0] conn(0x7f92e8108630 msgr2=0x7f92e810aa20 secure :-1 s=STATE_CONNECTION_ESTABLISHED l=1).mark_down
2024-09-05T11:46:37.850 INFO:teuthology.orchestra.run.smithi037.stdout:/usr/bin/ceph: stderr
2024-09-05T11:46:36.366+0000 7f92ef40d640 1 --2- 172.21.15.37:0/3621488444 >> [v2:172.21.15.37:3300/0,v1:172.21.15.37:6789/0] conn(0x7f92e8108630 0x7f92e810aa20 secure :-1 s=READY pgs=51 cs=0 l=1 rev1=1 crypto rx=0x7f92e4009820 tx=0x7f92e402a270 comp rx=0 tx=0).stop
2024-09-05T11:46:37.850 INFO:teuthology.orchestra.run.smithi037.stdout:/usr/bin/ceph: stderr
2024-09-05T11:46:36.366+0000 7f92ef40d640 1 -- 172.21.15.37:0/3621488444 shutdown_connections
2024-09-05T11:46:37.850 INFO:teuthology.orchestra.run.smithi037.stdout:/usr/bin/ceph: stderr
2024-09-05T11:46:36.366+0000 7f92ef40d640 1 --2- 172.21.15.37:0/3621488444 >> [v2:172.21.15.37:3300/0,v1:172.21.15.37:6789/0] conn(0x7f92e8108630 0x7f92e810aa20 unknown :-1 s=CLOSED pgs=51 cs=0 l=1 rev1=1 crypto rx=0 tx=0 comp rx=0 tx=0).stop
2024-09-05T11:46:37.850 INFO:teuthology.orchestra.run.smithi037.stdout:/usr/bin/ceph: stderr
2024-09-05T11:46:36.366+0000 7f92ef40d640 1 -- 172.21.15.37:0/3621488444 >> 172.21.15.37:0/3621488444 conn(0x7f92e8102250 msgr2=0x7f92e8104670 unknown :-1 s=STATE_NONE l=0).mark_down
2024-09-05T11:46:37.850 INFO:teuthology.orchestra.run.smithi037.stdout:/usr/bin/ceph: stderr
2024-09-05T11:46:36.366+0000 7f92ef40d640 1 -- 172.21.15.37:0/3621488444 shutdown_connections
2024-09-05T11:46:37.850 INFO:teuthology.orchestra.run.smithi037.stdout:/usr/bin/ceph: stderr
2024-09-05T11:46:36.366+0000 7f92ef40d640 1 -- 172.21.15.37:0/3621488444 wait complete.
2024-09-05T11:46:37.850 INFO:teuthology.orchestra.run.smithi037.stdout:/usr/bin/ceph: stderr
2024-09-05T11:46:36.367+0000 7f92ef40d640 1 Processor -- start
2024-09-05T11:46:37.850 INFO:teuthology.orchestra.run.smithi037.stdout:/usr/bin/ceph: stderr
2024-09-05T11:46:36.367+0000 7f92ef40d640 1 -- start start
2024-09-05T11:46:37.850 INFO:teuthology.orchestra.run.smithi037.stdout:/usr/bin/ceph: stderr
2024-09-05T11:46:36.367+0000 7f92ef40d640 1 --2- >> [v2:172.21.15.37:3300/0,v1:172.21.15.37:6789/0] conn(0x7f92e8108630 0x7f92e819bbf0 unknown :-1 s=NONE pgs=0 cs=0 l=1 rev1=0 crypto rx=0 tx=0 comp rx=0 tx=0).connect
2024-09-05T11:46:37.850 INFO:teuthology.orchestra.run.smithi037.stdout:/usr/bin/ceph: stderr
2024-09-05T11:46:36.367+0000 7f92ef40d640 1 -- --> [v2:172.21.15.37:3300/0,v1:172.21.15.37:6789/0] -- mon_getmap magic: 0 -- 0x7f92e810c0a0 con 0x7f92e8108630
2024-09-05T11:46:37.850 INFO:teuthology.orchestra.run.smithi037.stdout:/usr/bin/ceph: stderr
2024-09-05T11:46:36.367+0000 7f92ed1a9640 1 --2- >> [v2:172.21.15.37:3300/0,v1:172.21.15.37:6789/0] conn(0x7f92e8108630 0x7f92e819bbf0 unknown :-1 s=BANNER_CONNECTING pgs=0 cs=0 l=1 rev1=0 crypto rx=0 tx=0 comp rx=0 tx=0)._handle_peer_banner_payload supported=3 required=0
2024-09-05T11:46:37.850 INFO:teuthology.orchestra.run.smithi037.stdout:/usr/bin/ceph: stderr
2024-09-05T11:46:36.367+0000 7f92ed1a9640 1 --2- >> [v2:172.21.15.37:3300/0,v1:172.21.15.37:6789/0] conn(0x7f92e8108630 0x7f92e819bbf0 unknown :-1 s=HELLO_CONNECTING pgs=0 cs=0 l=1 rev1=1 crypto rx=0 tx=0 comp rx=0 tx=0).handle_hello peer v2:172.21.15.37:3300/0 says I am v2:172.21.15.37:54660/0 (socket says 172.21.15.37:54660)
2024-09-05T11:46:37.850 INFO:teuthology.orchestra.run.smithi037.stdout:/usr/bin/ceph: stderr
2024-09-05T11:46:36.367+0000 7f92ed1a9640 1 -- 172.21.15.37:0/92339453 learned_addr learned my addr 172.21.15.37:0/92339453 (peer_addr_for_me v2:172.21.15.37:0/0)
2024-09-05T11:46:37.851 INFO:teuthology.orchestra.run.smithi037.stdout:/usr/bin/ceph: stderr
2024-09-05T11:46:36.367+0000 7f92ed1a9640 1 -- 172.21.15.37:0/92339453 --> [v2:172.21.15.37:3300/0,v1:172.21.15.37:6789/0] -- mon_subscribe({config=0+,monmap=0+}) -- 0x7f92e819c130 con 0x7f92e8108630
2024-09-05T11:46:37.851 INFO:teuthology.orchestra.run.smithi037.stdout:/usr/bin/ceph: stderr
2024-09-05T11:46:36.368+0000 7f92ed1a9640 1 --2- 172.21.15.37:0/92339453 >> [v2:172.21.15.37:3300/0,v1:172.21.15.37:6789/0] conn(0x7f92e8108630 0x7f92e819bbf0 secure :-1 s=READY pgs=52 cs=0 l=1 rev1=1 crypto rx=0x7f92e4032e80 tx=0x7f92e4032eb0 comp rx=0 tx=0).ready entity=mon.0 client_cookie=0 server_cookie=0 in_seq=0 out_seq=0
2024-09-05T11:46:37.851 INFO:teuthology.orchestra.run.smithi037.stdout:/usr/bin/ceph: stderr
2024-09-05T11:46:36.368+0000 7f92de7fc640 1 -- 172.21.15.37:0/92339453 <== mon.0 v2:172.21.15.37:3300/0 1 ==== mon_map magic: 0 ==== 205+0+0 (secure 0 0 0) 0x7f92e4042070 con 0x7f92e8108630
2024-09-05T11:46:37.851 INFO:teuthology.orchestra.run.smithi037.stdout:/usr/bin/ceph: stderr
2024-09-05T11:46:36.368+0000 7f92de7fc640 1 -- 172.21.15.37:0/92339453 <== mon.0 v2:172.21.15.37:3300/0 2 ==== config(29 keys) ==== 1209+0+0 (secure 0 0 0) 0x7f92e4032670 con 0x7f92e8108630
2024-09-05T11:46:37.851 INFO:teuthology.orchestra.run.smithi037.stdout:/usr/bin/ceph: stderr
2024-09-05T11:46:36.368+0000 7f92ef40d640 1 -- 172.21.15.37:0/92339453 --> [v2:172.21.15.37:3300/0,v1:172.21.15.37:6789/0] -- mon_subscribe({mgrmap=0+}) -- 0x7f92e819c3c0 con 0x7f92e8108630
2024-09-05T11:46:37.851 INFO:teuthology.orchestra.run.smithi037.stdout:/usr/bin/ceph: stderr
2024-09-05T11:46:36.368+0000 7f92de7fc640 1 -- 172.21.15.37:0/92339453 <== mon.0 v2:172.21.15.37:3300/0 3 ==== mon_map magic: 0 ==== 205+0+0 (secure 0 0 0) 0x7f92e4037040 con 0x7f92e8108630
2024-09-05T11:46:37.851 INFO:teuthology.orchestra.run.smithi037.stdout:/usr/bin/ceph: stderr
2024-09-05T11:46:36.368+0000 7f92ef40d640 1 -- 172.21.15.37:0/92339453 --> [v2:172.21.15.37:3300/0,v1:172.21.15.37:6789/0] -- mon_subscribe({osdmap=0}) -- 0x7f92e819f0b0 con 0x7f92e8108630
2024-09-05T11:46:37.851 INFO:teuthology.orchestra.run.smithi037.stdout:/usr/bin/ceph: stderr
2024-09-05T11:46:36.369+0000 7f92de7fc640 1 -- 172.21.15.37:0/92339453 <== mon.0 v2:172.21.15.37:3300/0 4 ==== mgrmap(e 8) ==== 46287+0+0 (secure 0 0 0) 0x7f92e4045070 con 0x7f92e8108630
2024-09-05T11:46:37.851 INFO:teuthology.orchestra.run.smithi037.stdout:/usr/bin/ceph: stderr
2024-09-05T11:46:36.369+0000 7f92ef40d640 1 -- 172.21.15.37:0/92339453 --> [v2:172.21.15.37:3300/0,v1:172.21.15.37:6789/0] -- mon_command({"prefix": "get_command_descriptions"} v 0) -- 0x7f92e8108a10 con 0x7f92e8108630
2024-09-05T11:46:37.851 INFO:teuthology.orchestra.run.smithi037.stdout:/usr/bin/ceph: stderr
2024-09-05T11:46:36.369+0000 7f92de7fc640 1 --2- 172.21.15.37:0/92339453 >> [v2:172.21.15.37:6800/2760112276,v1:172.21.15.37:6801/2760112276] conn(0x7f92d4038fc0 0x7f92d403b480 unknown :-1 s=NONE pgs=0 cs=0 l=1 rev1=0 crypto rx=0 tx=0 comp rx=0 tx=0).connect
2024-09-05T11:46:37.851 INFO:teuthology.orchestra.run.smithi037.stdout:/usr/bin/ceph: stderr
2024-09-05T11:46:36.369+0000 7f92de7fc640 1 -- 172.21.15.37:0/92339453 <== mon.0 v2:172.21.15.37:3300/0 5 ==== osd_map(2..2 src has 1..2) ==== 940+0+0 (secure 0 0 0) 0x7f92e406bf40 con 0x7f92e8108630
2024-09-05T11:46:37.851 INFO:teuthology.orchestra.run.smithi037.stdout:/usr/bin/ceph: stderr
2024-09-05T11:46:36.369+0000 7f92ec9a8640 1 --2- 172.21.15.37:0/92339453 >> [v2:172.21.15.37:6800/2760112276,v1:172.21.15.37:6801/2760112276] conn(0x7f92d4038fc0 0x7f92d403b480 unknown :-1 s=BANNER_CONNECTING pgs=0 cs=0 l=1 rev1=0 crypto rx=0 tx=0 comp rx=0 tx=0)._handle_peer_banner_payload supported=3 required=0
2024-09-05T11:46:37.851 INFO:teuthology.orchestra.run.smithi037.stdout:/usr/bin/ceph: stderr
2024-09-05T11:46:36.369+0000 7f92ec9a8640 1 --2- 172.21.15.37:0/92339453 >> [v2:172.21.15.37:6800/2760112276,v1:172.21.15.37:6801/2760112276] conn(0x7f92d4038fc0 0x7f92d403b480 secure :-1 s=READY pgs=15 cs=0 l=1 rev1=1 crypto rx=0x7f92d80098c0 tx=0x7f92d8006db0 comp rx=0 tx=0).ready entity=mgr.14118 client_cookie=0 server_cookie=0 in_seq=0 out_seq=0
2024-09-05T11:46:37.851 INFO:teuthology.orchestra.run.smithi037.stdout:/usr/bin/ceph: stderr
2024-09-05T11:46:36.374+0000 7f92de7fc640 1 -- 172.21.15.37:0/92339453 <== mon.0 v2:172.21.15.37:3300/0 6 ==== mon_command_ack([{"prefix": "get_command_descriptions"}]=0 v0) ==== 72+0+188821 (secure 0 0 0) 0x7f92e404b170 con 0x7f92e8108630
2024-09-05T11:46:37.851 INFO:teuthology.orchestra.run.smithi037.stdout:/usr/bin/ceph: stderr
2024-09-05T11:46:36.556+0000 7f92ef40d640 1 -- 172.21.15.37:0/92339453 --> [v2:172.21.15.37:3300/0,v1:172.21.15.37:6789/0] -- mon_command([{prefix=config set, name=mgr/dashboard/ssl_server_port}] v 0) -- 0x7f92e819f5b0 con 0x7f92e8108630
2024-09-05T11:46:37.852 INFO:teuthology.orchestra.run.smithi037.stdout:/usr/bin/ceph: stderr
2024-09-05T11:46:36.559+0000 7f92de7fc640 1 -- 172.21.15.37:0/92339453 <== mon.0 v2:172.21.15.37:3300/0 7 ==== mon_command_ack([{prefix=config set, name=mgr/dashboard/ssl_server_port}]=0 v8)=0 v8) ==== 130+0+0 (secure 0 0 0) 0x7f92e4032820 con 0x7f92e8108630
2024-09-05T11:46:37.852 INFO:teuthology.orchestra.run.smithi037.stdout:/usr/bin/ceph: stderr
2024-09-05T11:46:36.562+0000 7f92ef40d640 1 -- 172.21.15.37:0/92339453 >> [v2:172.21.15.37:6800/2760112276,v1:172.21.15.37:6801/2760112276] conn(0x7f92d4038fc0 msgr2=0x7f92d403b480 secure :-1 s=STATE_CONNECTION_ESTABLISHED l=1).mark_down
2024-09-05T11:46:37.852 INFO:teuthology.orchestra.run.smithi037.stdout:/usr/bin/ceph: stderr
2024-09-05T11:46:36.562+0000 7f92ef40d640 1 --2- 172.21.15.37:0/92339453 >> [v2:172.21.15.37:6800/2760112276,v1:172.21.15.37:6801/2760112276] conn(0x7f92d4038fc0 0x7f92d403b480 secure :-1 s=READY pgs=15 cs=0 l=1 rev1=1 crypto rx=0x7f92d80098c0 tx=0x7f92d8006db0 comp rx=0 tx=0).stop
2024-09-05T11:46:37.852 INFO:teuthology.orchestra.run.smithi037.stdout:/usr/bin/ceph: stderr
2024-09-05T11:46:36.562+0000 7f92ef40d640 1 -- 172.21.15.37:0/92339453 >> [v2:172.21.15.37:3300/0,v1:172.21.15.37:6789/0] conn(0x7f92e8108630 msgr2=0x7f92e819bbf0 secure :-1 s=STATE_CONNECTION_ESTABLISHED l=1).mark_down
2024-09-05T11:46:37.852 INFO:teuthology.orchestra.run.smithi037.stdout:/usr/bin/ceph: stderr
2024-09-05T11:46:36.562+0000 7f92ef40d640 1 --2- 172.21.15.37:0/92339453 >> [v2:172.21.15.37:3300/0,v1:172.21.15.37:6789/0] conn(0x7f92e8108630 0x7f92e819bbf0 secure :-1 s=READY pgs=52 cs=0 l=1 rev1=1 crypto rx=0x7f92e4032e80 tx=0x7f92e4032eb0 comp rx=0 tx=0).stop
2024-09-05T11:46:37.852 INFO:teuthology.orchestra.run.smithi037.stdout:/usr/bin/ceph: stderr
2024-09-05T11:46:36.562+0000 7f92ef40d640 1 -- 172.21.15.37:0/92339453 shutdown_connections
2024-09-05T11:46:37.852 INFO:teuthology.orchestra.run.smithi037.stdout:/usr/bin/ceph: stderr
2024-09-05T11:46:36.562+0000 7f92ef40d640 1 --2- 172.21.15.37:0/92339453 >> [v2:172.21.15.37:6800/2760112276,v1:172.21.15.37:6801/2760112276] conn(0x7f92d4038fc0 0x7f92d403b480 unknown :-1 s=CLOSED pgs=15 cs=0 l=1 rev1=1 crypto rx=0 tx=0 comp rx=0 tx=0).stop
2024-09-05T11:46:37.852 INFO:teuthology.orchestra.run.smithi037.stdout:/usr/bin/ceph: stderr
2024-09-05T11:46:36.562+0000 7f92ef40d640 1 --2- 172.21.15.37:0/92339453 >> [v2:172.21.15.37:3300/0,v1:172.21.15.37:6789/0] conn(0x7f92e8108630 0x7f92e819bbf0 unknown :-1 s=CLOSED pgs=52 cs=0 l=1 rev1=1 crypto rx=0 tx=0 comp rx=0 tx=0).stop
2024-09-05T11:46:37.852 INFO:teuthology.orchestra.run.smithi037.stdout:/usr/bin/ceph: stderr
2024-09-05T11:46:36.562+0000 7f92ef40d640 1 -- 172.21.15.37:0/92339453 >> 172.21.15.37:0/92339453 conn(0x7f92e8102250 msgr2=0x7f92e8102d70 unknown :-1 s=STATE_NONE l=0).mark_down
