2024-09-05T11:46:12.898 INFO:teuthology.orchestra.run.smithi037.stdout:/usr/bin/ceph: stderr
2024-09-05T11:46:12.129+0000 7f8dc0bba640 1 Processor -- start
2024-09-05T11:46:12.898 INFO:teuthology.orchestra.run.smithi037.stdout:/usr/bin/ceph: stderr
2024-09-05T11:46:12.129+0000 7f8dc0bba640 1 -- start start
2024-09-05T11:46:12.898 INFO:teuthology.orchestra.run.smithi037.stdout:/usr/bin/ceph: stderr
2024-09-05T11:46:12.129+0000 7f8dc0bba640 1 --2- >> [v2:172.21.15.37:3300/0,v1:172.21.15.37:6789/0] conn(0x7f8dbc107210 0x7f8dbc19bbf0 unknown :-1 s=NONE pgs=0 cs=0 l=1 rev1=0 crypto rx=0 tx=0 comp rx=0 tx=0).connect
2024-09-05T11:46:12.898 INFO:teuthology.orchestra.run.smithi037.stdout:/usr/bin/ceph: stderr
2024-09-05T11:46:12.129+0000 7f8dc0bba640 1 -- --> [v2:172.21.15.37:3300/0,v1:172.21.15.37:6789/0] -- mon_getmap magic: 0 -- 0x7f8dbc10af00 con 0x7f8dbc107210
2024-09-05T11:46:12.899 INFO:teuthology.orchestra.run.smithi037.stdout:/usr/bin/ceph: stderr
2024-09-05T11:46:12.129+0000 7f8dba59c640 1 --2- >> [v2:172.21.15.37:3300/0,v1:172.21.15.37:6789/0] conn(0x7f8dbc107210 0x7f8dbc19bbf0 unknown :-1 s=BANNER_CONNECTING pgs=0 cs=0 l=1 rev1=0 crypto rx=0 tx=0 comp rx=0 tx=0)._handle_peer_banner_payload supported=3 required=0
2024-09-05T11:46:12.899 INFO:teuthology.orchestra.run.smithi037.stdout:/usr/bin/ceph: stderr
2024-09-05T11:46:12.129+0000 7f8dba59c640 1 --2- >> [v2:172.21.15.37:3300/0,v1:172.21.15.37:6789/0] conn(0x7f8dbc107210 0x7f8dbc19bbf0 unknown :-1 s=HELLO_CONNECTING pgs=0 cs=0 l=1 rev1=1 crypto rx=0 tx=0 comp rx=0 tx=0).handle_hello peer v2:172.21.15.37:3300/0 says I am v2:172.21.15.37:35432/0 (socket says 172.21.15.37:35432)
2024-09-05T11:46:12.899 INFO:teuthology.orchestra.run.smithi037.stdout:/usr/bin/ceph: stderr
2024-09-05T11:46:12.129+0000 7f8dba59c640 1 -- 172.21.15.37:0/2604076088 learned_addr learned my addr 172.21.15.37:0/2604076088 (peer_addr_for_me v2:172.21.15.37:0/0)
2024-09-05T11:46:12.899 INFO:teuthology.orchestra.run.smithi037.stdout:/usr/bin/ceph: stderr
2024-09-05T11:46:12.129+0000 7f8dba59c640 1 -- 172.21.15.37:0/2604076088 --> [v2:172.21.15.37:3300/0,v1:172.21.15.37:6789/0] -- mon_subscribe({config=0+,monmap=0+}) -- 0x7f8dbc19c130 con 0x7f8dbc107210
2024-09-05T11:46:12.899 INFO:teuthology.orchestra.run.smithi037.stdout:/usr/bin/ceph: stderr
2024-09-05T11:46:12.129+0000 7f8dba59c640 1 --2- 172.21.15.37:0/2604076088 >> [v2:172.21.15.37:3300/0,v1:172.21.15.37:6789/0] conn(0x7f8dbc107210 0x7f8dbc19bbf0 secure :-1 s=READY pgs=17 cs=0 l=1 rev1=1 crypto rx=0x7f8dac032e60 tx=0x7f8dac032e90 comp rx=0 tx=0).ready entity=mon.0 client_cookie=0 server_cookie=0 in_seq=0 out_seq=0
2024-09-05T11:46:12.899 INFO:teuthology.orchestra.run.smithi037.stdout:/usr/bin/ceph: stderr
2024-09-05T11:46:12.130+0000 7f8db37fe640 1 -- 172.21.15.37:0/2604076088 <== mon.0 v2:172.21.15.37:3300/0 1 ==== mon_map magic: 0 ==== 205+0+0 (secure 0 0 0) 0x7f8dac042070 con 0x7f8dbc107210
2024-09-05T11:46:12.899 INFO:teuthology.orchestra.run.smithi037.stdout:/usr/bin/ceph: stderr
2024-09-05T11:46:12.130+0000 7f8dc0bba640 1 -- 172.21.15.37:0/2604076088 --> [v2:172.21.15.37:3300/0,v1:172.21.15.37:6789/0] -- mon_subscribe({mgrmap=0+}) -- 0x7f8dbc19c3c0 con 0x7f8dbc107210
2024-09-05T11:46:12.899 INFO:teuthology.orchestra.run.smithi037.stdout:/usr/bin/ceph: stderr
2024-09-05T11:46:12.130+0000 7f8db37fe640 1 -- 172.21.15.37:0/2604076088 <== mon.0 v2:172.21.15.37:3300/0 2 ==== config(29 keys) ==== 1178+0+0 (secure 0 0 0) 0x7f8dac032570 con 0x7f8dbc107210
2024-09-05T11:46:12.899 INFO:teuthology.orchestra.run.smithi037.stdout:/usr/bin/ceph: stderr
2024-09-05T11:46:12.130+0000 7f8db37fe640 1 -- 172.21.15.37:0/2604076088 <== mon.0 v2:172.21.15.37:3300/0 3 ==== mon_map magic: 0 ==== 205+0+0 (secure 0 0 0) 0x7f8dac037040 con 0x7f8dbc107210
2024-09-05T11:46:12.899 INFO:teuthology.orchestra.run.smithi037.stdout:/usr/bin/ceph: stderr
2024-09-05T11:46:12.130+0000 7f8dc0bba640 1 -- 172.21.15.37:0/2604076088 --> [v2:172.21.15.37:3300/0,v1:172.21.15.37:6789/0] -- mon_subscribe({osdmap=0}) -- 0x7f8dbc19f0b0 con 0x7f8dbc107210
2024-09-05T11:46:12.899 INFO:teuthology.orchestra.run.smithi037.stdout:/usr/bin/ceph: stderr
2024-09-05T11:46:12.131+0000 7f8db37fe640 1 -- 172.21.15.37:0/2604076088 <== mon.0 v2:172.21.15.37:3300/0 4 ==== mgrmap(e 4) ==== 46276+0+0 (secure 0 0 0) 0x7f8dac045070 con 0x7f8dbc107210
2024-09-05T11:46:12.899 INFO:teuthology.orchestra.run.smithi037.stdout:/usr/bin/ceph: stderr
2024-09-05T11:46:12.131+0000 7f8dc0bba640 1 -- 172.21.15.37:0/2604076088 --> [v2:172.21.15.37:3300/0,v1:172.21.15.37:6789/0] -- mon_command({"prefix": "get_command_descriptions"} v 0) -- 0x7f8dbc107670 con 0x7f8dbc107210
2024-09-05T11:46:12.900 INFO:teuthology.orchestra.run.smithi037.stdout:/usr/bin/ceph: stderr
2024-09-05T11:46:12.131+0000 7f8db37fe640 1 --2- 172.21.15.37:0/2604076088 >> [v2:172.21.15.37:6800/3667861321,v1:172.21.15.37:6801/3667861321] conn(0x7f8da8038f20 0x7f8da803b3e0 unknown :-1 s=NONE pgs=0 cs=0 l=1 rev1=0 crypto rx=0 tx=0 comp rx=0 tx=0).connect
2024-09-05T11:46:12.900 INFO:teuthology.orchestra.run.smithi037.stdout:/usr/bin/ceph: stderr
2024-09-05T11:46:12.131+0000 7f8db37fe640 1 -- 172.21.15.37:0/2604076088 <== mon.0 v2:172.21.15.37:3300/0 5 ==== osd_map(1..1 src has 1..1) ==== 725+0+0 (secure 0 0 0) 0x7f8dac06bfe0 con 0x7f8dbc107210
2024-09-05T11:46:12.900 INFO:teuthology.orchestra.run.smithi037.stdout:/usr/bin/ceph: stderr
2024-09-05T11:46:12.131+0000 7f8db3fff640 1 --2- 172.21.15.37:0/2604076088 >> [v2:172.21.15.37:6800/3667861321,v1:172.21.15.37:6801/3667861321] conn(0x7f8da8038f20 0x7f8da803b3e0 unknown :-1 s=BANNER_CONNECTING pgs=0 cs=0 l=1 rev1=0 crypto rx=0 tx=0 comp rx=0 tx=0)._handle_peer_banner_payload supported=3 required=0
2024-09-05T11:46:12.900 INFO:teuthology.orchestra.run.smithi037.stdout:/usr/bin/ceph: stderr
2024-09-05T11:46:12.131+0000 7f8db3fff640 1 --2- 172.21.15.37:0/2604076088 >> [v2:172.21.15.37:6800/3667861321,v1:172.21.15.37:6801/3667861321] conn(0x7f8da8038f20 0x7f8da803b3e0 secure :-1 s=READY pgs=6 cs=0 l=1 rev1=1 crypto rx=0x7f8da40098c0 tx=0x7f8da4006db0 comp rx=0 tx=0).ready entity=mgr.14100 client_cookie=0 server_cookie=0 in_seq=0 out_seq=0
2024-09-05T11:46:12.900 INFO:teuthology.orchestra.run.smithi037.stdout:/usr/bin/ceph: stderr
2024-09-05T11:46:12.136+0000 7f8db37fe640 1 -- 172.21.15.37:0/2604076088 <== mon.0 v2:172.21.15.37:3300/0 6 ==== mon_command_ack([{"prefix": "get_command_descriptions"}]=0 v0) ==== 72+0+188821 (secure 0 0 0) 0x7f8dac03ce10 con 0x7f8dbc107210
2024-09-05T11:46:12.900 INFO:teuthology.orchestra.run.smithi037.stdout:/usr/bin/ceph: stderr
2024-09-05T11:46:12.379+0000 7f8dc0bba640 1 -- 172.21.15.37:0/2604076088 --> [v2:172.21.15.37:3300/0,v1:172.21.15.37:6789/0] -- mon_command({"prefix": "status", "format": "json-pretty"} v 0) -- 0x7f8dbc02d900 con 0x7f8dbc107210
2024-09-05T11:46:12.900 INFO:teuthology.orchestra.run.smithi037.stdout:/usr/bin/ceph: stderr
2024-09-05T11:46:12.380+0000 7f8db37fe640 1 -- 172.21.15.37:0/2604076088 <== mon.0 v2:172.21.15.37:3300/0 7 ==== mon_command_ack([{"prefix": "status", "format": "json-pretty"}]=0 v0) ==== 79+0+1290 (secure 0 0 0) 0x7f8dac06ba00 con 0x7f8dbc107210
2024-09-05T11:46:12.900 INFO:teuthology.orchestra.run.smithi037.stdout:/usr/bin/ceph: stderr
2024-09-05T11:46:12.383+0000 7f8dc0bba640 1 -- 172.21.15.37:0/2604076088 >> [v2:172.21.15.37:6800/3667861321,v1:172.21.15.37:6801/3667861321] conn(0x7f8da8038f20 msgr2=0x7f8da803b3e0 secure :-1 s=STATE_CONNECTION_ESTABLISHED l=1).mark_down
2024-09-05T11:46:12.900 INFO:teuthology.orchestra.run.smithi037.stdout:/usr/bin/ceph: stderr
2024-09-05T11:46:12.383+0000 7f8dc0bba640 1 --2- 172.21.15.37:0/2604076088 >> [v2:172.21.15.37:6800/3667861321,v1:172.21.15.37:6801/3667861321] conn(0x7f8da8038f20 0x7f8da803b3e0 secure :-1 s=READY pgs=6 cs=0 l=1 rev1=1 crypto rx=0x7f8da40098c0 tx=0x7f8da4006db0 comp rx=0 tx=0).stop
2024-09-05T11:46:12.900 INFO:teuthology.orchestra.run.smithi037.stdout:/usr/bin/ceph: stderr
2024-09-05T11:46:12.383+0000 7f8dc0bba640 1 -- 172.21.15.37:0/2604076088 >> [v2:172.21.15.37:3300/0,v1:172.21.15.37:6789/0] conn(0x7f8dbc107210 msgr2=0x7f8dbc19bbf0 secure :-1 s=STATE_CONNECTION_ESTABLISHED l=1).mark_down
2024-09-05T11:46:12.900 INFO:teuthology.orchestra.run.smithi037.stdout:/usr/bin/ceph: stderr
2024-09-05T11:46:12.383+0000 7f8dc0bba640 1 --2- 172.21.15.37:0/2604076088 >> [v2:172.21.15.37:3300/0,v1:172.21.15.37:6789/0] conn(0x7f8dbc107210 0x7f8dbc19bbf0 secure :-1 s=READY pgs=17 cs=0 l=1 rev1=1 crypto rx=0x7f8dac032e60 tx=0x7f8dac032e90 comp rx=0 tx=0).stop
2024-09-05T11:46:12.900 INFO:teuthology.orchestra.run.smithi037.stdout:/usr/bin/ceph: stderr
2024-09-05T11:46:12.383+0000 7f8dc0bba640 1 -- 172.21.15.37:0/2604076088 shutdown_connections
2024-09-05T11:46:12.901 INFO:teuthology.orchestra.run.smithi037.stdout:/usr/bin/ceph: stderr
2024-09-05T11:46:12.383+0000 7f8dc0bba640 1 --2- 172.21.15.37:0/2604076088 >> [v2:172.21.15.37:6800/3667861321,v1:172.21.15.37:6801/3667861321] conn(0x7f8da8038f20 0x7f8da803b3e0 unknown :-1 s=CLOSED pgs=6 cs=0 l=1 rev1=1 crypto rx=0 tx=0 comp rx=0 tx=0).stop
2024-09-05T11:46:12.901 INFO:teuthology.orchestra.run.smithi037.stdout:/usr/bin/ceph: stderr
2024-09-05T11:46:12.383+0000 7f8dc0bba640 1 --2- 172.21.15.37:0/2604076088 >> [v2:172.21.15.37:3300/0,v1:172.21.15.37:6789/0] conn(0x7f8dbc107210 0x7f8dbc19bbf0 unknown :-1 s=CLOSED pgs=17 cs=0 l=1 rev1=1 crypto rx=0 tx=0 comp rx=0 tx=0).stop
2024-09-05T11:46:12.901 INFO:teuthology.orchestra.run.smithi037.stdout:/usr/bin/ceph: stderr
2024-09-05T11:46:12.383+0000 7f8dc0bba640 1 -- 172.21.15.37:0/2604076088 >> 172.21.15.37:0/2604076088 conn(0x7f8dbc101550 msgr2=0x7f8dbc102450 unknown :-1 s=STATE_NONE l=0).mark_down
2024-09-05T11:46:12.901 INFO:teuthology.orchestra.run.smithi037.stdout:/usr/bin/ceph: stderr
2024-09-05T11:46:12.383+0000 7f8dc0bba640 1 -- 172.21.15.37:0/2604076088 shutdown_connections
2024-09-05T11:46:12.901 INFO:teuthology.orchestra.run.smithi037.stdout:/usr/bin/ceph: stderr
2024-09-05T11:46:12.383+0000 7f8dc0bba640 1 -- 172.21.15.37:0/2604076088 wait complete.
2024-09-05T11:46:12.901 INFO:teuthology.orchestra.run.smithi037.stdout:mgr is available
2024-09-05T11:46:13.120 INFO:journalctl@ceph.mon.a.smithi037.stdout:Sep 05 11:46:12 smithi037 ceph-mon[30914]: mgrmap e4: x(active, since 2s)
2024-09-05T11:46:13.120 INFO:journalctl@ceph.mon.a.smithi037.stdout:Sep 05 11:46:12 smithi037 ceph-mon[30914]: from='client.? 172.21.15.37:0/2604076088' entity='client.admin' cmd=[{"prefix": "status", "format": "json-pretty"}]: dispatch
2024-09-05T11:46:14.110 INFO:journalctl@ceph.mon.a.smithi037.stdout:Sep 05 11:46:13 smithi037 ceph-mon[30914]: from='client.? 172.21.15.37:0/2602601783' entity='client.admin' cmd=[{"prefix": "config assimilate-conf"}]: dispatch
2024-09-05T11:46:14.112 INFO:teuthology.orchestra.run.smithi037.stdout:/usr/bin/ceph: stdout
2024-09-05T11:46:14.119 INFO:teuthology.orchestra.run.smithi037.stdout:/usr/bin/ceph: stdout [global]
2024-09-05T11:46:14.119 INFO:teuthology.orchestra.run.smithi037.stdout:/usr/bin/ceph: stdout fsid = 210ae282-6b7c-11ef-bcd6-c7b262605968
2024-09-05T11:46:14.119 INFO:teuthology.orchestra.run.smithi037.stdout:/usr/bin/ceph: stdout mon_host = [v2:172.21.15.37:3300,v1:172.21.15.37:6789]
2024-09-05T11:46:14.119 INFO:teuthology.orchestra.run.smithi037.stdout:/usr/bin/ceph: stdout mon_osd_allow_pg_remap = true
2024-09-05T11:46:14.119 INFO:teuthology.orchestra.run.smithi037.stdout:/usr/bin/ceph: stdout mon_osd_allow_primary_affinity = true
2024-09-05T11:46:14.120 INFO:teuthology.orchestra.run.smithi037.stdout:/usr/bin/ceph: stdout mon_warn_on_no_sortbitwise = false
2024-09-05T11:46:14.120 INFO:teuthology.orchestra.run.smithi037.stdout:/usr/bin/ceph: stdout osd_crush_chooseleaf_type = 0
2024-09-05T11:46:14.120 INFO:teuthology.orchestra.run.smithi037.stdout:/usr/bin/ceph: stdout
2024-09-05T11:46:14.120 INFO:teuthology.orchestra.run.smithi037.stdout:/usr/bin/ceph: stdout [mgr]
2024-09-05T11:46:14.120 INFO:teuthology.orchestra.run.smithi037.stdout:/usr/bin/ceph: stdout mgr/telemetry/nag = false
2024-09-05T11:46:14.120 INFO:teuthology.orchestra.run.smithi037.stdout:/usr/bin/ceph: stdout
2024-09-05T11:46:14.120 INFO:teuthology.orchestra.run.smithi037.stdout:/usr/bin/ceph: stdout [osd]
2024-09-05T11:46:14.120 INFO:teuthology.orchestra.run.smithi037.stdout:/usr/bin/ceph: stdout mon_osd_backfillfull_ratio = 0.85
2024-09-05T11:46:14.120 INFO:teuthology.orchestra.run.smithi037.stdout:/usr/bin/ceph: stdout mon_osd_full_ratio = 0.9
2024-09-05T11:46:14.120 INFO:teuthology.orchestra.run.smithi037.stdout:/usr/bin/ceph: stdout mon_osd_nearfull_ratio = 0.8
2024-09-05T11:46:14.120 INFO:teuthology.orchestra.run.smithi037.stdout:/usr/bin/ceph: stdout osd_map_max_advance = 10
2024-09-05T11:46:14.120 INFO:teuthology.orchestra.run.smithi037.stdout:/usr/bin/ceph: stdout osd_sloppy_crc = true
2024-09-05T11:46:14.120 INFO:teuthology.orchestra.run.smithi037.stdout:/usr/bin/ceph: stderr
2024-09-05T11:46:13.302+0000 7f07b0722640 1 Processor -- start
2024-09-05T11:46:14.121 INFO:teuthology.orchestra.run.smithi037.stdout:/usr/bin/ceph: stderr
2024-09-05T11:46:13.302+0000 7f07b0722640 1 -- start start
2024-09-05T11:46:14.121 INFO:teuthology.orchestra.run.smithi037.stdout:/usr/bin/ceph: stderr
2024-09-05T11:46:13.302+0000 7f07b0722640 1 --2- >> [v2:172.21.15.37:3300/0,v1:172.21.15.37:6789/0] conn(0x7f07a807dda0 0x7f07a807c2a0 unknown :-1 s=NONE pgs=0 cs=0 l=0 rev1=0 crypto rx=0 tx=0 comp rx=0 tx=0).connect
2024-09-05T11:46:14.121 INFO:teuthology.orchestra.run.smithi037.stdout:/usr/bin/ceph: stderr
2024-09-05T11:46:13.302+0000 7f07b0722640 1 -- --> [v2:172.21.15.37:3300/0,v1:172.21.15.37:6789/0] -- mon_getmap magic: 0 -- 0x7f07a807c7e0 con 0x7f07a807dda0
2024-09-05T11:46:14.121 INFO:teuthology.orchestra.run.smithi037.stdout:/usr/bin/ceph: stderr
2024-09-05T11:46:13.302+0000 7f07ae4be640 1 --2- >> [v2:172.21.15.37:3300/0,v1:172.21.15.37:6789/0] conn(0x7f07a807dda0 0x7f07a807c2a0 unknown :-1 s=BANNER_CONNECTING pgs=0 cs=0 l=0 rev1=0 crypto rx=0 tx=0 comp rx=0 tx=0)._handle_peer_banner_payload supported=3 required=0
2024-09-05T11:46:14.121 INFO:teuthology.orchestra.run.smithi037.stdout:/usr/bin/ceph: stderr
2024-09-05T11:46:13.302+0000 7f07ae4be640 1 --2- >> [v2:172.21.15.37:3300/0,v1:172.21.15.37:6789/0] conn(0x7f07a807dda0 0x7f07a807c2a0 unknown :-1 s=HELLO_CONNECTING pgs=0 cs=0 l=0 rev1=1 crypto rx=0 tx=0 comp rx=0 tx=0).handle_hello peer v2:172.21.15.37:3300/0 says I am v2:172.21.15.37:35448/0 (socket says 172.21.15.37:35448)
2024-09-05T11:46:14.121 INFO:teuthology.orchestra.run.smithi037.stdout:/usr/bin/ceph: stderr
2024-09-05T11:46:13.302+0000 7f07ae4be640 1 -- 172.21.15.37:0/3264378908 learned_addr learned my addr 172.21.15.37:0/3264378908 (peer_addr_for_me v2:172.21.15.37:0/0)
2024-09-05T11:46:14.121 INFO:teuthology.orchestra.run.smithi037.stdout:/usr/bin/ceph: stderr
2024-09-05T11:46:13.303+0000 7f07ae4be640 1 -- 172.21.15.37:0/3264378908 --> [v2:172.21.15.37:3300/0,v1:172.21.15.37:6789/0] -- mon_subscribe({config=0+,monmap=0+}) -- 0x7f07a807c960 con 0x7f07a807dda0
2024-09-05T11:46:14.121 INFO:teuthology.orchestra.run.smithi037.stdout:/usr/bin/ceph: stderr
2024-09-05T11:46:13.303+0000 7f07ae4be640 1 --2- 172.21.15.37:0/3264378908 >> [v2:172.21.15.37:3300/0,v1:172.21.15.37:6789/0] conn(0x7f07a807dda0 0x7f07a807c2a0 secure :-1 s=READY pgs=18 cs=0 l=1 rev1=1 crypto rx=0x7f07a4009820 tx=0x7f07a402a270 comp rx=0 tx=0).ready entity=mon.0 client_cookie=b528da114568c493 server_cookie=0 in_seq=0 out_seq=0
2024-09-05T11:46:14.121 INFO:teuthology.orchestra.run.smithi037.stdout:/usr/bin/ceph: stderr
2024-09-05T11:46:13.303+0000 7f07ad4bc640 1 -- 172.21.15.37:0/3264378908 <== mon.0 v2:172.21.15.37:3300/0 1 ==== mon_map magic: 0 ==== 205+0+0 (secure 0 0 0) 0x7f07a4037070 con 0x7f07a807dda0
2024-09-05T11:46:14.121 INFO:teuthology.orchestra.run.smithi037.stdout:/usr/bin/ceph: stderr
2024-09-05T11:46:13.303+0000 7f07ad4bc640 1 -- 172.21.15.37:0/3264378908 <== mon.0 v2:172.21.15.37:3300/0 2 ==== config(29 keys) ==== 1178+0+0 (secure 0 0 0) 0x7f07a4032940 con 0x7f07a807dda0
2024-09-05T11:46:14.121 INFO:teuthology.orchestra.run.smithi037.stdout:/usr/bin/ceph: stderr
2024-09-05T11:46:13.303+0000 7f07ad4bc640 1 -- 172.21.15.37:0/3264378908 <== mon.0 v2:172.21.15.37:3300/0 3 ==== mon_map magic: 0 ==== 205+0+0 (secure 0 0 0) 0x7f07a40309c0 con 0x7f07a807dda0
2024-09-05T11:46:14.121 INFO:teuthology.orchestra.run.smithi037.stdout:/usr/bin/ceph: stderr
2024-09-05T11:46:13.304+0000 7f07b0722640 1 -- 172.21.15.37:0/3264378908 >> [v2:172.21.15.37:3300/0,v1:172.21.15.37:6789/0] conn(0x7f07a807dda0 msgr2=0x7f07a807c2a0 secure :-1 s=STATE_CONNECTION_ESTABLISHED l=1).mark_down
2024-09-05T11:46:14.122 INFO:teuthology.orchestra.run.smithi037.stdout:/usr/bin/ceph: stderr
2024-09-05T11:46:13.304+0000 7f07b0722640 1 --2- 172.21.15.37:0/3264378908 >> [v2:172.21.15.37:3300/0,v1:172.21.15.37:6789/0] conn(0x7f07a807dda0 0x7f07a807c2a0 secure :-1 s=READY pgs=18 cs=0 l=1 rev1=1 crypto rx=0x7f07a4009820 tx=0x7f07a402a270 comp rx=0 tx=0).stop
2024-09-05T11:46:14.122 INFO:teuthology.orchestra.run.smithi037.stdout:/usr/bin/ceph: stderr
2024-09-05T11:46:13.304+0000 7f07b0722640 1 -- 172.21.15.37:0/3264378908 shutdown_connections
2024-09-05T11:46:14.122 INFO:teuthology.orchestra.run.smithi037.stdout:/usr/bin/ceph: stderr
2024-09-05T11:46:13.304+0000 7f07b0722640 1 --2- 172.21.15.37:0/3264378908 >> [v2:172.21.15.37:3300/0,v1:172.21.15.37:6789/0] conn(0x7f07a807dda0 0x7f07a807c2a0 unknown :-1 s=CLOSED pgs=18 cs=0 l=1 rev1=1 crypto rx=0 tx=0 comp rx=0 tx=0).stop
2024-09-05T11:46:14.122 INFO:teuthology.orchestra.run.smithi037.stdout:/usr/bin/ceph: stderr
2024-09-05T11:46:13.304+0000 7f07b0722640 1 -- 172.21.15.37:0/3264378908 >> 172.21.15.37:0/3264378908 conn(0x7f07a81033c0 msgr2=0x7f07a81057e0 unknown :-1 s=STATE_NONE l=0).mark_down
2024-09-05T11:46:14.122 INFO:teuthology.orchestra.run.smithi037.stdout:/usr/bin/ceph: stderr
2024-09-05T11:46:13.304+0000 7f07b0722640 1 -- 172.21.15.37:0/3264378908 shutdown_connections
2024-09-05T11:46:14.122 INFO:teuthology.orchestra.run.smithi037.stdout:/usr/bin/ceph: stderr
2024-09-05T11:46:13.304+0000 7f07b0722640 1 -- 172.21.15.37:0/3264378908 wait complete.
2024-09-05T11:46:14.122 INFO:teuthology.orchestra.run.smithi037.stdout:/usr/bin/ceph: stderr
2024-09-05T11:46:13.305+0000 7f07b0722640 1 Processor -- start
2024-09-05T11:46:14.122 INFO:teuthology.orchestra.run.smithi037.stdout:/usr/bin/ceph: stderr
2024-09-05T11:46:13.305+0000 7f07b0722640 1 -- start start
2024-09-05T11:46:14.122 INFO:teuthology.orchestra.run.smithi037.stdout:/usr/bin/ceph: stderr
2024-09-05T11:46:13.305+0000 7f07b0722640 1 --2- >> [v2:172.21.15.37:3300/0,v1:172.21.15.37:6789/0] conn(0x7f07a807dda0 0x7f07a819de30 unknown :-1 s=NONE pgs=0 cs=0 l=1 rev1=0 crypto rx=0 tx=0 comp rx=0 tx=0).connect
2024-09-05T11:46:14.122 INFO:teuthology.orchestra.run.smithi037.stdout:/usr/bin/ceph: stderr
2024-09-05T11:46:13.305+0000 7f07b0722640 1 -- --> [v2:172.21.15.37:3300/0,v1:172.21.15.37:6789/0] -- mon_getmap magic: 0 -- 0x7f07a810e240 con 0x7f07a807dda0
2024-09-05T11:46:14.122 INFO:teuthology.orchestra.run.smithi037.stdout:/usr/bin/ceph: stderr
2024-09-05T11:46:13.305+0000 7f07ae4be640 1 --2- >> [v2:172.21.15.37:3300/0,v1:172.21.15.37:6789/0] conn(0x7f07a807dda0 0x7f07a819de30 unknown :-1 s=BANNER_CONNECTING pgs=0 cs=0 l=1 rev1=0 crypto rx=0 tx=0 comp rx=0 tx=0)._handle_peer_banner_payload supported=3 required=0
2024-09-05T11:46:14.122 INFO:teuthology.orchestra.run.smithi037.stdout:/usr/bin/ceph: stderr
2024-09-05T11:46:13.305+0000 7f07ae4be640 1 --2- >> [v2:172.21.15.37:3300/0,v1:172.21.15.37:6789/0] conn(0x7f07a807dda0 0x7f07a819de30 unknown :-1 s=HELLO_CONNECTING pgs=0 cs=0 l=1 rev1=1 crypto rx=0 tx=0 comp rx=0 tx=0).handle_hello peer v2:172.21.15.37:3300/0 says I am v2:172.21.15.37:35456/0 (socket says 172.21.15.37:35456)
2024-09-05T11:46:14.122 INFO:teuthology.orchestra.run.smithi037.stdout:/usr/bin/ceph: stderr
2024-09-05T11:46:13.305+0000 7f07ae4be640 1 -- 172.21.15.37:0/2602601783 learned_addr learned my addr 172.21.15.37:0/2602601783 (peer_addr_for_me v2:172.21.15.37:0/0)
2024-09-05T11:46:14.122 INFO:teuthology.orchestra.run.smithi037.stdout:/usr/bin/ceph: stderr
2024-09-05T11:46:13.305+0000 7f07ae4be640 1 -- 172.21.15.37:0/2602601783 --> [v2:172.21.15.37:3300/0,v1:172.21.15.37:6789/0] -- mon_subscribe({config=0+,monmap=0+}) -- 0x7f07a819e370 con 0x7f07a807dda0
2024-09-05T11:46:14.123 INFO:teuthology.orchestra.run.smithi037.stdout:/usr/bin/ceph: stderr
2024-09-05T11:46:13.305+0000 7f07ae4be640 1 --2- 172.21.15.37:0/2602601783 >> [v2:172.21.15.37:3300/0,v1:172.21.15.37:6789/0] conn(0x7f07a807dda0 0x7f07a819de30 secure :-1 s=READY pgs=19 cs=0 l=1 rev1=1 crypto rx=0x7f07a4009940 tx=0x7f07a4032670 comp rx=0 tx=0).ready entity=mon.0 client_cookie=0 server_cookie=0 in_seq=0 out_seq=0
2024-09-05T11:46:14.123 INFO:teuthology.orchestra.run.smithi037.stdout:/usr/bin/ceph: stderr
2024-09-05T11:46:13.306+0000 7f079f7fe640 1 -- 172.21.15.37:0/2602601783 <== mon.0 v2:172.21.15.37:3300/0 1 ==== mon_map magic: 0 ==== 205+0+0 (secure 0 0 0) 0x7f07a4042070 con 0x7f07a807dda0
2024-09-05T11:46:14.123 INFO:teuthology.orchestra.run.smithi037.stdout:/usr/bin/ceph: stderr
2024-09-05T11:46:13.306+0000 7f079f7fe640 1 -- 172.21.15.37:0/2602601783 <== mon.0 v2:172.21.15.37:3300/0 2 ==== config(29 keys) ==== 1178+0+0 (secure 0 0 0) 0x7f07a4030e50 con 0x7f07a807dda0
2024-09-05T11:46:14.123 INFO:teuthology.orchestra.run.smithi037.stdout:/usr/bin/ceph: stderr
2024-09-05T11:46:13.306+0000 7f07b0722640 1 -- 172.21.15.37:0/2602601783 --> [v2:172.21.15.37:3300/0,v1:172.21.15.37:6789/0] -- mon_subscribe({mgrmap=0+}) -- 0x7f07a819e600 con 0x7f07a807dda0
2024-09-05T11:46:14.123 INFO:teuthology.orchestra.run.smithi037.stdout:/usr/bin/ceph: stderr
2024-09-05T11:46:13.306+0000 7f079f7fe640 1 -- 172.21.15.37:0/2602601783 <== mon.0 v2:172.21.15.37:3300/0 3 ==== mon_map magic: 0 ==== 205+0+0 (secure 0 0 0) 0x7f07a4037040 con 0x7f07a807dda0
2024-09-05T11:46:14.123 INFO:teuthology.orchestra.run.smithi037.stdout:/usr/bin/ceph: stderr
2024-09-05T11:46:13.306+0000 7f07b0722640 1 -- 172.21.15.37:0/2602601783 --> [v2:172.21.15.37:3300/0,v1:172.21.15.37:6789/0] -- mon_subscribe({osdmap=0}) -- 0x7f07a81a12f0 con 0x7f07a807dda0
2024-09-05T11:46:14.123 INFO:teuthology.orchestra.run.smithi037.stdout:/usr/bin/ceph: stderr
2024-09-05T11:46:13.306+0000 7f079f7fe640 1 -- 172.21.15.37:0/2602601783 <== mon.0 v2:172.21.15.37:3300/0 4 ==== mgrmap(e 4) ==== 46276+0+0 (secure 0 0 0) 0x7f07a4045070 con 0x7f07a807dda0
2024-09-05T11:46:14.124 INFO:teuthology.orchestra.run.smithi037.stdout:/usr/bin/ceph: stderr
2024-09-05T11:46:13.307+0000 7f079f7fe640 1 --2- 172.21.15.37:0/2602601783 >> [v2:172.21.15.37:6800/3667861321,v1:172.21.15.37:6801/3667861321] conn(0x7f0794038f20 0x7f079403b3e0 unknown :-1 s=NONE pgs=0 cs=0 l=1 rev1=0 crypto rx=0 tx=0 comp rx=0 tx=0).connect
2024-09-05T11:46:14.124 INFO:teuthology.orchestra.run.smithi037.stdout:/usr/bin/ceph: stderr
2024-09-05T11:46:13.307+0000 7f079f7fe640 1 -- 172.21.15.37:0/2602601783 <== mon.0 v2:172.21.15.37:3300/0 5 ==== osd_map(1..1 src has 1..1) ==== 725+0+0 (secure 0 0 0) 0x7f07a406d0a0 con 0x7f07a807dda0
2024-09-05T11:46:14.124 INFO:teuthology.orchestra.run.smithi037.stdout:/usr/bin/ceph: stderr
2024-09-05T11:46:13.307+0000 7f07adcbd640 1 --2- 172.21.15.37:0/2602601783 >> [v2:172.21.15.37:6800/3667861321,v1:172.21.15.37:6801/3667861321] conn(0x7f0794038f20 0x7f079403b3e0 unknown :-1 s=BANNER_CONNECTING pgs=0 cs=0 l=1 rev1=0 crypto rx=0 tx=0 comp rx=0 tx=0)._handle_peer_banner_payload supported=3 required=0
2024-09-05T11:46:14.124 INFO:teuthology.orchestra.run.smithi037.stdout:/usr/bin/ceph: stderr
2024-09-05T11:46:13.307+0000 7f07b0722640 1 -- 172.21.15.37:0/2602601783 --> [v2:172.21.15.37:3300/0,v1:172.21.15.37:6789/0] -- mon_command({"prefix": "get_command_descriptions"} v 0) -- 0x7f07a807c320 con 0x7f07a807dda0
2024-09-05T11:46:14.124 INFO:teuthology.orchestra.run.smithi037.stdout:/usr/bin/ceph: stderr
2024-09-05T11:46:13.307+0000 7f07adcbd640 1 --2- 172.21.15.37:0/2602601783 >> [v2:172.21.15.37:6800/3667861321,v1:172.21.15.37:6801/3667861321] conn(0x7f0794038f20 0x7f079403b3e0 secure :-1 s=READY pgs=7 cs=0 l=1 rev1=1 crypto rx=0x7f07980098c0 tx=0x7f0798006db0 comp rx=0 tx=0).ready entity=mgr.14100 client_cookie=0 server_cookie=0 in_seq=0 out_seq=0
2024-09-05T11:46:14.124 INFO:teuthology.orchestra.run.smithi037.stdout:/usr/bin/ceph: stderr
2024-09-05T11:46:13.312+0000 7f079f7fe640 1 -- 172.21.15.37:0/2602601783 <== mon.0 v2:172.21.15.37:3300/0 6 ==== mon_command_ack([{"prefix": "get_command_descriptions"}]=0 v0) ==== 72+0+188821 (secure 0 0 0) 0x7f07a403c8f0 con 0x7f07a807dda0
2024-09-05T11:46:14.124 INFO:teuthology.orchestra.run.smithi037.stdout:/usr/bin/ceph: stderr
2024-09-05T11:46:13.488+0000 7f07b0722640 1 -- 172.21.15.37:0/2602601783 --> [v2:172.21.15.37:3300/0,v1:172.21.15.37:6789/0] -- mon_command({"prefix": "config assimilate-conf"} v 0) -- 0x7f07a81a2890 con 0x7f07a807dda0
2024-09-05T11:46:14.124 INFO:teuthology.orchestra.run.smithi037.stdout:/usr/bin/ceph: stderr
2024-09-05T11:46:13.489+0000 7f079f7fe640 1 -- 172.21.15.37:0/2602601783 <== mon.0 v2:172.21.15.37:3300/0 7 ==== mon_command_ack([{"prefix": "config assimilate-conf"}]=0 v3) ==== 70+0+429 (secure 0 0 0) 0x7f07a4045360 con 0x7f07a807dda0
2024-09-05T11:46:14.124 INFO:teuthology.orchestra.run.smithi037.stdout:/usr/bin/ceph: stderr
2024-09-05T11:46:13.492+0000 7f07b0722640 1 -- 172.21.15.37:0/2602601783 >> [v2:172.21.15.37:6800/3667861321,v1:172.21.15.37:6801/3667861321] conn(0x7f0794038f20 msgr2=0x7f079403b3e0 secure :-1 s=STATE_CONNECTION_ESTABLISHED l=1).mark_down
2024-09-05T11:46:14.124 INFO:teuthology.orchestra.run.smithi037.stdout:/usr/bin/ceph: stderr
2024-09-05T11:46:13.492+0000 7f07b0722640 1 --2- 172.21.15.37:0/2602601783 >> [v2:172.21.15.37:6800/3667861321,v1:172.21.15.37:6801/3667861321] conn(0x7f0794038f20 0x7f079403b3e0 secure :-1 s=READY pgs=7 cs=0 l=1 rev1=1 crypto rx=0x7f07980098c0 tx=0x7f0798006db0 comp rx=0 tx=0).stop
2024-09-05T11:46:14.125 INFO:teuthology.orchestra.run.smithi037.stdout:/usr/bin/ceph: stderr
2024-09-05T11:46:13.492+0000 7f07b0722640 1 -- 172.21.15.37:0/2602601783 >> [v2:172.21.15.37:3300/0,v1:172.21.15.37:6789/0] conn(0x7f07a807dda0 msgr2=0x7f07a819de30 secure :-1 s=STATE_CONNECTION_ESTABLISHED l=1).mark_down
2024-09-05T11:46:14.125 INFO:teuthology.orchestra.run.smithi037.stdout:/usr/bin/ceph: stderr
2024-09-05T11:46:13.492+0000 7f07b0722640 1 --2- 172.21.15.37:0/2602601783 >> [v2:172.21.15.37:3300/0,v1:172.21.15.37:6789/0] conn(0x7f07a807dda0 0x7f07a819de30 secure :-1 s=READY pgs=19 cs=0 l=1 rev1=1 crypto rx=0x7f07a4009940 tx=0x7f07a4032670 comp rx=0 tx=0).stop
2024-09-05T11:46:14.125 INFO:teuthology.orchestra.run.smithi037.stdout:/usr/bin/ceph: stderr
2024-09-05T11:46:13.492+0000 7f07b0722640 1 -- 172.21.15.37:0/2602601783 shutdown_connections
2024-09-05T11:46:14.125 INFO:teuthology.orchestra.run.smithi037.stdout:/usr/bin/ceph: stderr
2024-09-05T11:46:13.492+0000 7f07b0722640 1 --2- 172.21.15.37:0/2602601783 >> [v2:172.21.15.37:6800/3667861321,v1:172.21.15.37:6801/3667861321] conn(0x7f0794038f20 0x7f079403b3e0 unknown :-1 s=CLOSED pgs=7 cs=0 l=1 rev1=1 crypto rx=0 tx=0 comp rx=0 tx=0).stop
2024-09-05T11:46:14.125 INFO:teuthology.orchestra.run.smithi037.stdout:/usr/bin/ceph: stderr
2024-09-05T11:46:13.492+0000 7f07b0722640 1 --2- 172.21.15.37:0/2602601783 >> [v2:172.21.15.37:3300/0,v1:172.21.15.37:6789/0] conn(0x7f07a807dda0 0x7f07a819de30 unknown :-1 s=CLOSED pgs=19 cs=0 l=1 rev1=1 crypto rx=0 tx=0 comp rx=0 tx=0).stop
2024-09-05T11:46:14.125 INFO:teuthology.orchestra.run.smithi037.stdout:/usr/bin/ceph: stderr
2024-09-05T11:46:13.492+0000 7f07b0722640 1 -- 172.21.15.37:0/2602601783 >> 172.21.15.37:0/2602601783 conn(0x7f07a81033c0 msgr2=0x7f07a8103fc0 unknown :-1 s=STATE_NONE l=0).mark_down
2024-09-05T11:46:14.125 INFO:teuthology.orchestra.run.smithi037.stdout:/usr/bin/ceph: stderr
2024-09-05T11:46:13.492+0000 7f07b0722640 1 -- 172.21.15.37:0/2602601783 shutdown_connections
2024-09-05T11:46:14.125 INFO:teuthology.orchestra.run.smithi037.stdout:/usr/bin/ceph: stderr
2024-09-05T11:46:13.492+0000 7f07b0722640 1 -- 172.21.15.37:0/2602601783 wait complete.
2024-09-05T11:46:14.125 INFO:teuthology.orchestra.run.smithi037.stdout:Enabling cephadm module...
2024-09-05T11:46:15.069 INFO:journalctl@ceph.mon.a.smithi037.stdout:Sep 05 11:46:14 smithi037 ceph-mon[30914]: from='client.? 172.21.15.37:0/3145797387' entity='client.admin' cmd=[{"prefix": "mgr module enable", "module": "cephadm"}]: dispatch
2024-09-05T11:46:15.070 INFO:journalctl@ceph.mgr.x.smithi037.stdout:Sep 05 11:46:14 smithi037 ceph-210ae282-6b7c-11ef-bcd6-c7b262605968-mgr-x[31141]: ignoring --setuser ceph since I am not root
2024-09-05T11:46:15.070 INFO:journalctl@ceph.mgr.x.smithi037.stdout:Sep 05 11:46:14 smithi037 ceph-210ae282-6b7c-11ef-bcd6-c7b262605968-mgr-x[31141]: ignoring --setgroup ceph since I am not root
2024-09-05T11:46:15.070 INFO:journalctl@ceph.mgr.x.smithi037.stdout:Sep 05 11:46:15 smithi037 ceph-210ae282-6b7c-11ef-bcd6-c7b262605968-mgr-x[31141]:
2024-09-05T11:46:15.067+0000 7f09004ac040 -1 mgr[py] Module osd_perf_query has missing NOTIFY_TYPES member
2024-09-05T11:46:15.349 INFO:journalctl@ceph.mgr.x.smithi037.stdout:Sep 05 11:46:15 smithi037 ceph-210ae282-6b7c-11ef-bcd6-c7b262605968-mgr-x[31141]:
2024-09-05T11:46:15.126+0000 7f09004ac040 -1 mgr[py] Module osd_support has missing NOTIFY_TYPES member
2024-09-05T11:46:15.349 INFO:journalctl@ceph.mgr.x.smithi037.stdout:Sep 05 11:46:15 smithi037 ceph-210ae282-6b7c-11ef-bcd6-c7b262605968-mgr-x[31141]:
2024-09-05T11:46:15.278+0000 7f09004ac040 -1 mgr[py] Module diskprediction_local has missing NOTIFY_TYPES member
2024-09-05T11:46:15.349 INFO:journalctl@ceph.mgr.x.smithi037.stdout:Sep 05 11:46:15 smithi037 ceph-210ae282-6b7c-11ef-bcd6-c7b262605968-mgr-x[31141]:
2024-09-05T11:46:15.347+0000 7f09004ac040 -1 mgr[py] Module crash has missing NOTIFY_TYPES member
2024-09-05T11:46:15.491 INFO:teuthology.orchestra.run.smithi037.stdout:/usr/bin/ceph: stderr
2024-09-05T11:46:14.517+0000 7f35513ae640 1 Processor -- start
2024-09-05T11:46:15.492 INFO:teuthology.orchestra.run.smithi037.stdout:/usr/bin/ceph: stderr
2024-09-05T11:46:14.517+0000 7f35513ae640 1 -- start start
2024-09-05T11:46:15.492 INFO:teuthology.orchestra.run.smithi037.stdout:/usr/bin/ceph: stderr
2024-09-05T11:46:14.517+0000 7f35513ae640 1 --2- >> [v2:172.21.15.37:3300/0,v1:172.21.15.37:6789/0] conn(0x7f354c07ddc0 0x7f354c07c2c0 unknown :-1 s=NONE pgs=0 cs=0 l=0 rev1=0 crypto rx=0 tx=0 comp rx=0 tx=0).connect
2024-09-05T11:46:15.492 INFO:teuthology.orchestra.run.smithi037.stdout:/usr/bin/ceph: stderr
2024-09-05T11:46:14.517+0000 7f35513ae640 1 -- --> [v2:172.21.15.37:3300/0,v1:172.21.15.37:6789/0] -- mon_getmap magic: 0 -- 0x7f354c07c800 con 0x7f354c07ddc0
2024-09-05T11:46:15.492 INFO:teuthology.orchestra.run.smithi037.stdout:/usr/bin/ceph: stderr
2024-09-05T11:46:14.517+0000 7f354affd640 1 --2- >> [v2:172.21.15.37:3300/0,v1:172.21.15.37:6789/0] conn(0x7f354c07ddc0 0x7f354c07c2c0 unknown :-1 s=BANNER_CONNECTING pgs=0 cs=0 l=0 rev1=0 crypto rx=0 tx=0 comp rx=0 tx=0)._handle_peer_banner_payload supported=3 required=0
2024-09-05T11:46:15.492 INFO:teuthology.orchestra.run.smithi037.stdout:/usr/bin/ceph: stderr
2024-09-05T11:46:14.517+0000 7f354affd640 1 --2- >> [v2:172.21.15.37:3300/0,v1:172.21.15.37:6789/0] conn(0x7f354c07ddc0 0x7f354c07c2c0 unknown :-1 s=HELLO_CONNECTING pgs=0 cs=0 l=0 rev1=1 crypto rx=0 tx=0 comp rx=0 tx=0).handle_hello peer v2:172.21.15.37:3300/0 says I am v2:172.21.15.37:35464/0 (socket says 172.21.15.37:35464)
2024-09-05T11:46:15.492 INFO:teuthology.orchestra.run.smithi037.stdout:/usr/bin/ceph: stderr
2024-09-05T11:46:14.517+0000 7f354affd640 1 -- 172.21.15.37:0/12738672 learned_addr learned my addr 172.21.15.37:0/12738672 (peer_addr_for_me v2:172.21.15.37:0/0)
2024-09-05T11:46:15.492 INFO:teuthology.orchestra.run.smithi037.stdout:/usr/bin/ceph: stderr
2024-09-05T11:46:14.517+0000 7f354affd640 1 -- 172.21.15.37:0/12738672 --> [v2:172.21.15.37:3300/0,v1:172.21.15.37:6789/0] -- mon_subscribe({config=0+,monmap=0+}) -- 0x7f354c07c980 con 0x7f354c07ddc0
2024-09-05T11:46:15.492 INFO:teuthology.orchestra.run.smithi037.stdout:/usr/bin/ceph: stderr
2024-09-05T11:46:14.518+0000 7f354affd640 1 --2- 172.21.15.37:0/12738672 >> [v2:172.21.15.37:3300/0,v1:172.21.15.37:6789/0] conn(0x7f354c07ddc0 0x7f354c07c2c0 secure :-1 s=READY pgs=20 cs=0 l=1 rev1=1 crypto rx=0x7f3534009820 tx=0x7f353402a270 comp rx=0 tx=0).ready entity=mon.0 client_cookie=8b3affdd6ffea8e3 server_cookie=0 in_seq=0 out_seq=0
2024-09-05T11:46:15.492 INFO:teuthology.orchestra.run.smithi037.stdout:/usr/bin/ceph: stderr
2024-09-05T11:46:14.518+0000 7f3549ffb640 1 -- 172.21.15.37:0/12738672 <== mon.0 v2:172.21.15.37:3300/0 1 ==== mon_map magic: 0 ==== 205+0+0 (secure 0 0 0) 0x7f3534037070 con 0x7f354c07ddc0
2024-09-05T11:46:15.492 INFO:teuthology.orchestra.run.smithi037.stdout:/usr/bin/ceph: stderr
2024-09-05T11:46:14.518+0000 7f3549ffb640 1 -- 172.21.15.37:0/12738672 <== mon.0 v2:172.21.15.37:3300/0 2 ==== config(29 keys) ==== 1178+0+0 (secure 0 0 0) 0x7f3534032940 con 0x7f354c07ddc0
2024-09-05T11:46:15.492 INFO:teuthology.orchestra.run.smithi037.stdout:/usr/bin/ceph: stderr
2024-09-05T11:46:14.518+0000 7f3549ffb640 1 -- 172.21.15.37:0/12738672 <== mon.0 v2:172.21.15.37:3300/0 3 ==== mon_map magic: 0 ==== 205+0+0 (secure 0 0 0) 0x7f35340309c0 con 0x7f354c07ddc0
2024-09-05T11:46:15.492 INFO:teuthology.orchestra.run.smithi037.stdout:/usr/bin/ceph: stderr
2024-09-05T11:46:14.519+0000 7f35513ae640 1 -- 172.21.15.37:0/12738672 >> [v2:172.21.15.37:3300/0,v1:172.21.15.37:6789/0] conn(0x7f354c07ddc0 msgr2=0x7f354c07c2c0 secure :-1 s=STATE_CONNECTION_ESTABLISHED l=1).mark_down
2024-09-05T11:46:15.493 INFO:teuthology.orchestra.run.smithi037.stdout:/usr/bin/ceph: stderr
2024-09-05T11:46:14.519+0000 7f35513ae640 1 --2- 172.21.15.37:0/12738672 >> [v2:172.21.15.37:3300/0,v1:172.21.15.37:6789/0] conn(0x7f354c07ddc0 0x7f354c07c2c0 secure :-1 s=READY pgs=20 cs=0 l=1 rev1=1 crypto rx=0x7f3534009820 tx=0x7f353402a270 comp rx=0 tx=0).stop
2024-09-05T11:46:15.493 INFO:teuthology.orchestra.run.smithi037.stdout:/usr/bin/ceph: stderr
2024-09-05T11:46:14.519+0000 7f35513ae640 1 -- 172.21.15.37:0/12738672 shutdown_connections
2024-09-05T11:46:15.493 INFO:teuthology.orchestra.run.smithi037.stdout:/usr/bin/ceph: stderr
2024-09-05T11:46:14.519+0000 7f35513ae640 1 --2- 172.21.15.37:0/12738672 >> [v2:172.21.15.37:3300/0,v1:172.21.15.37:6789/0] conn(0x7f354c07ddc0 0x7f354c07c2c0 unknown :-1 s=CLOSED pgs=20 cs=0 l=1 rev1=1 crypto rx=0 tx=0 comp rx=0 tx=0).stop
2024-09-05T11:46:15.493 INFO:teuthology.orchestra.run.smithi037.stdout:/usr/bin/ceph: stderr
2024-09-05T11:46:14.519+0000 7f35513ae640 1 -- 172.21.15.37:0/12738672 >> 172.21.15.37:0/12738672 conn(0x7f354c1033c0 msgr2=0x7f354c1057e0 unknown :-1 s=STATE_NONE l=0).mark_down
2024-09-05T11:46:15.493 INFO:teuthology.orchestra.run.smithi037.stdout:/usr/bin/ceph: stderr
2024-09-05T11:46:14.519+0000 7f35513ae640 1 -- 172.21.15.37:0/12738672 shutdown_connections
2024-09-05T11:46:15.493 INFO:teuthology.orchestra.run.smithi037.stdout:/usr/bin/ceph: stderr
2024-09-05T11:46:14.519+0000 7f35513ae640 1 -- 172.21.15.37:0/12738672 wait complete.
2024-09-05T11:46:15.493 INFO:teuthology.orchestra.run.smithi037.stdout:/usr/bin/ceph: stderr
2024-09-05T11:46:14.519+0000 7f35513ae640 1 Processor -- start
2024-09-05T11:46:15.493 INFO:teuthology.orchestra.run.smithi037.stdout:/usr/bin/ceph: stderr
2024-09-05T11:46:14.520+0000 7f35513ae640 1 -- start start
2024-09-05T11:46:15.493 INFO:teuthology.orchestra.run.smithi037.stdout:/usr/bin/ceph: stderr
2024-09-05T11:46:14.520+0000 7f35513ae640 1 --2- >> [v2:172.21.15.37:3300/0,v1:172.21.15.37:6789/0] conn(0x7f354c07ddc0 0x7f354c19de80 unknown :-1 s=NONE pgs=0 cs=0 l=1 rev1=0 crypto rx=0 tx=0 comp rx=0 tx=0).connect
2024-09-05T11:46:15.493 INFO:teuthology.orchestra.run.smithi037.stdout:/usr/bin/ceph: stderr
2024-09-05T11:46:14.520+0000 7f35513ae640 1 -- --> [v2:172.21.15.37:3300/0,v1:172.21.15.37:6789/0] -- mon_getmap magic: 0 -- 0x7f354c10e280 con 0x7f354c07ddc0
2024-09-05T11:46:15.493 INFO:teuthology.orchestra.run.smithi037.stdout:/usr/bin/ceph: stderr
2024-09-05T11:46:14.520+0000 7f354affd640 1 --2- >> [v2:172.21.15.37:3300/0,v1:172.21.15.37:6789/0] conn(0x7f354c07ddc0 0x7f354c19de80 unknown :-1 s=BANNER_CONNECTING pgs=0 cs=0 l=1 rev1=0 crypto rx=0 tx=0 comp rx=0 tx=0)._handle_peer_banner_payload supported=3 required=0
2024-09-05T11:46:15.493 INFO:teuthology.orchestra.run.smithi037.stdout:/usr/bin/ceph: stderr
2024-09-05T11:46:14.520+0000 7f354affd640 1 --2- >> [v2:172.21.15.37:3300/0,v1:172.21.15.37:6789/0] conn(0x7f354c07ddc0 0x7f354c19de80 unknown :-1 s=HELLO_CONNECTING pgs=0 cs=0 l=1 rev1=1 crypto rx=0 tx=0 comp rx=0 tx=0).handle_hello peer v2:172.21.15.37:3300/0 says I am v2:172.21.15.37:35470/0 (socket says 172.21.15.37:35470)
2024-09-05T11:46:15.493 INFO:teuthology.orchestra.run.smithi037.stdout:/usr/bin/ceph: stderr
2024-09-05T11:46:14.520+0000 7f354affd640 1 -- 172.21.15.37:0/3145797387 learned_addr learned my addr 172.21.15.37:0/3145797387 (peer_addr_for_me v2:172.21.15.37:0/0)
2024-09-05T11:46:15.494 INFO:teuthology.orchestra.run.smithi037.stdout:/usr/bin/ceph: stderr
2024-09-05T11:46:14.520+0000 7f354affd640 1 -- 172.21.15.37:0/3145797387 --> [v2:172.21.15.37:3300/0,v1:172.21.15.37:6789/0] -- mon_subscribe({config=0+,monmap=0+}) -- 0x7f354c19e3c0 con 0x7f354c07ddc0
2024-09-05T11:46:15.494 INFO:teuthology.orchestra.run.smithi037.stdout:/usr/bin/ceph: stderr
2024-09-05T11:46:14.520+0000 7f354affd640 1 --2- 172.21.15.37:0/3145797387 >> [v2:172.21.15.37:3300/0,v1:172.21.15.37:6789/0] conn(0x7f354c07ddc0 0x7f354c19de80 secure :-1 s=READY pgs=21 cs=0 l=1 rev1=1 crypto rx=0x7f3534032e60 tx=0x7f3534032e90 comp rx=0 tx=0).ready entity=mon.0 client_cookie=0 server_cookie=0 in_seq=0 out_seq=0
2024-09-05T11:46:15.494 INFO:teuthology.orchestra.run.smithi037.stdout:/usr/bin/ceph: stderr
2024-09-05T11:46:14.520+0000 7f3543fff640 1 -- 172.21.15.37:0/3145797387 <== mon.0 v2:172.21.15.37:3300/0 1 ==== mon_map magic: 0 ==== 205+0+0 (secure 0 0 0) 0x7f3534042070 con 0x7f354c07ddc0
2024-09-05T11:46:15.494 INFO:teuthology.orchestra.run.smithi037.stdout:/usr/bin/ceph: stderr
2024-09-05T11:46:14.521+0000 7f35513ae640 1 -- 172.21.15.37:0/3145797387 --> [v2:172.21.15.37:3300/0,v1:172.21.15.37:6789/0] -- mon_subscribe({mgrmap=0+}) -- 0x7f354c19e650 con 0x7f354c07ddc0
2024-09-05T11:46:15.494 INFO:teuthology.orchestra.run.smithi037.stdout:/usr/bin/ceph: stderr
2024-09-05T11:46:14.521+0000 7f3543fff640 1 -- 172.21.15.37:0/3145797387 <== mon.0 v2:172.21.15.37:3300/0 2 ==== config(29 keys) ==== 1178+0+0 (secure 0 0 0) 0x7f35340325f0 con 0x7f354c07ddc0
2024-09-05T11:46:15.494 INFO:teuthology.orchestra.run.smithi037.stdout:/usr/bin/ceph: stderr
2024-09-05T11:46:14.521+0000 7f3543fff640 1 -- 172.21.15.37:0/3145797387 <== mon.0 v2:172.21.15.37:3300/0 3 ==== mon_map magic: 0 ==== 205+0+0 (secure 0 0 0) 0x7f3534037040 con 0x7f354c07ddc0
2024-09-05T11:46:15.494 INFO:teuthology.orchestra.run.smithi037.stdout:/usr/bin/ceph: stderr
2024-09-05T11:46:14.521+0000 7f35513ae640 1 -- 172.21.15.37:0/3145797387 --> [v2:172.21.15.37:3300/0,v1:172.21.15.37:6789/0] -- mon_subscribe({osdmap=0}) -- 0x7f354c1a1340 con 0x7f354c07ddc0
2024-09-05T11:46:15.494 INFO:teuthology.orchestra.run.smithi037.stdout:/usr/bin/ceph: stderr
2024-09-05T11:46:14.521+0000 7f3543fff640 1 -- 172.21.15.37:0/3145797387 <== mon.0 v2:172.21.15.37:3300/0 4 ==== mgrmap(e 4) ==== 46276+0+0 (secure 0 0 0) 0x7f3534045070 con 0x7f354c07ddc0
2024-09-05T11:46:15.494 INFO:teuthology.orchestra.run.smithi037.stdout:/usr/bin/ceph: stderr
2024-09-05T11:46:14.522+0000 7f35513ae640 1 -- 172.21.15.37:0/3145797387 --> [v2:172.21.15.37:3300/0,v1:172.21.15.37:6789/0] -- mon_command({"prefix": "get_command_descriptions"} v 0) -- 0x7f354c07c340 con 0x7f354c07ddc0
2024-09-05T11:46:15.494 INFO:teuthology.orchestra.run.smithi037.stdout:/usr/bin/ceph: stderr
2024-09-05T11:46:14.522+0000 7f3543fff640 1 --2- 172.21.15.37:0/3145797387 >> [v2:172.21.15.37:6800/3667861321,v1:172.21.15.37:6801/3667861321] conn(0x7f3538038f20 0x7f353803b3e0 unknown :-1 s=NONE pgs=0 cs=0 l=1 rev1=0 crypto rx=0 tx=0 comp rx=0 tx=0).connect
2024-09-05T11:46:15.494 INFO:teuthology.orchestra.run.smithi037.stdout:/usr/bin/ceph: stderr
2024-09-05T11:46:14.522+0000 7f3543fff640 1 -- 172.21.15.37:0/3145797387 <== mon.0 v2:172.21.15.37:3300/0 5 ==== osd_map(1..1 src has 1..1) ==== 725+0+0 (secure 0 0 0) 0x7f353406bf10 con 0x7f354c07ddc0
2024-09-05T11:46:15.494 INFO:teuthology.orchestra.run.smithi037.stdout:/usr/bin/ceph: stderr
2024-09-05T11:46:14.522+0000 7f354a7fc640 1 --2- 172.21.15.37:0/3145797387 >> [v2:172.21.15.37:6800/3667861321,v1:172.21.15.37:6801/3667861321] conn(0x7f3538038f20 0x7f353803b3e0 unknown :-1 s=BANNER_CONNECTING pgs=0 cs=0 l=1 rev1=0 crypto rx=0 tx=0 comp rx=0 tx=0)._handle_peer_banner_payload supported=3 required=0
2024-09-05T11:46:15.495 INFO:teuthology.orchestra.run.smithi037.stdout:/usr/bin/ceph: stderr
2024-09-05T11:46:14.522+0000 7f354a7fc640 1 --2- 172.21.15.37:0/3145797387 >> [v2:172.21.15.37:6800/3667861321,v1:172.21.15.37:6801/3667861321] conn(0x7f3538038f20 0x7f353803b3e0 secure :-1 s=READY pgs=8 cs=0 l=1 rev1=1 crypto rx=0x7f353c0098c0 tx=0x7f353c006db0 comp rx=0 tx=0).ready entity=mgr.14100 client_cookie=0 server_cookie=0 in_seq=0 out_seq=0
2024-09-05T11:46:15.495 INFO:teuthology.orchestra.run.smithi037.stdout:/usr/bin/ceph: stderr
2024-09-05T11:46:14.526+0000 7f3543fff640 1 -- 172.21.15.37:0/3145797387 <== mon.0 v2:172.21.15.37:3300/0 6 ==== mon_command_ack([{"prefix": "get_command_descriptions"}]=0 v0) ==== 72+0+188821 (secure 0 0 0) 0x7f353403ce10 con 0x7f354c07ddc0
2024-09-05T11:46:15.495 INFO:teuthology.orchestra.run.smithi037.stdout:/usr/bin/ceph: stderr
2024-09-05T11:46:14.750+0000 7f35513ae640 1 -- 172.21.15.37:0/3145797387 --> [v2:172.21.15.37:3300/0,v1:172.21.15.37:6789/0] -- mon_command({"prefix": "mgr module enable", "module": "cephadm"} v 0) -- 0x7f354c1a1510 con 0x7f354c07ddc0
2024-09-05T11:46:15.495 INFO:teuthology.orchestra.run.smithi037.stdout:/usr/bin/ceph: stderr
2024-09-05T11:46:14.928+0000 7f3543fff640 1 -- 172.21.15.37:0/3145797387 <== mon.0 v2:172.21.15.37:3300/0 7 ==== mon_command_ack([{"prefix": "mgr module enable", "module": "cephadm"}]=0 v5) ==== 86+0+0 (secure 0 0 0) 0x7f353406b930 con 0x7f354c07ddc0
2024-09-05T11:46:15.495 INFO:teuthology.orchestra.run.smithi037.stdout:/usr/bin/ceph: stderr
2024-09-05T11:46:14.930+0000 7f3543fff640 1 -- 172.21.15.37:0/3145797387 <== mon.0 v2:172.21.15.37:3300/0 8 ==== mgrmap(e 5) ==== 46287+0+0 (secure 0 0 0) 0x7f353403c8f0 con 0x7f354c07ddc0
2024-09-05T11:46:15.495 INFO:teuthology.orchestra.run.smithi037.stdout:/usr/bin/ceph: stderr
2024-09-05T11:46:14.932+0000 7f35513ae640 1 -- 172.21.15.37:0/3145797387 >> [v2:172.21.15.37:6800/3667861321,v1:172.21.15.37:6801/3667861321] conn(0x7f3538038f20 msgr2=0x7f353803b3e0 secure :-1 s=STATE_CONNECTION_ESTABLISHED l=1).mark_down
2024-09-05T11:46:15.495 INFO:teuthology.orchestra.run.smithi037.stdout:/usr/bin/ceph: stderr
2024-09-05T11:46:14.932+0000 7f35513ae640 1 --2- 172.21.15.37:0/3145797387 >> [v2:172.21.15.37:6800/3667861321,v1:172.21.15.37:6801/3667861321] conn(0x7f3538038f20 0x7f353803b3e0 secure :-1 s=READY pgs=8 cs=0 l=1 rev1=1 crypto rx=0x7f353c0098c0 tx=0x7f353c006db0 comp rx=0 tx=0).stop
2024-09-05T11:46:15.495 INFO:teuthology.orchestra.run.smithi037.stdout:/usr/bin/ceph: stderr
2024-09-05T11:46:14.932+0000 7f35513ae640 1 -- 172.21.15.37:0/3145797387 >> [v2:172.21.15.37:3300/0,v1:172.21.15.37:6789/0] conn(0x7f354c07ddc0 msgr2=0x7f354c19de80 secure :-1 s=STATE_CONNECTION_ESTABLISHED l=1).mark_down
2024-09-05T11:46:15.495 INFO:teuthology.orchestra.run.smithi037.stdout:/usr/bin/ceph: stderr
2024-09-05T11:46:14.932+0000 7f35513ae640 1 --2- 172.21.15.37:0/3145797387 >> [v2:172.21.15.37:3300/0,v1:172.21.15.37:6789/0] conn(0x7f354c07ddc0 0x7f354c19de80 secure :-1 s=READY pgs=21 cs=0 l=1 rev1=1 crypto rx=0x7f3534032e60 tx=0x7f3534032e90 comp rx=0 tx=0).stop
2024-09-05T11:46:15.495 INFO:teuthology.orchestra.run.smithi037.stdout:/usr/bin/ceph: stderr
2024-09-05T11:46:14.932+0000 7f35513ae640 1 -- 172.21.15.37:0/3145797387 shutdown_connections
2024-09-05T11:46:15.495 INFO:teuthology.orchestra.run.smithi037.stdout:/usr/bin/ceph: stderr
2024-09-05T11:46:14.932+0000 7f35513ae640 1 --2- 172.21.15.37:0/3145797387 >> [v2:172.21.15.37:6800/3667861321,v1:172.21.15.37:6801/3667861321] conn(0x7f3538038f20 0x7f353803b3e0 unknown :-1 s=CLOSED pgs=8 cs=0 l=1 rev1=1 crypto rx=0 tx=0 comp rx=0 tx=0).stop
2024-09-05T11:46:15.495 INFO:teuthology.orchestra.run.smithi037.stdout:/usr/bin/ceph: stderr
2024-09-05T11:46:14.932+0000 7f35513ae640 1 --2- 172.21.15.37:0/3145797387 >> [v2:172.21.15.37:3300/0,v1:172.21.15.37:6789/0] conn(0x7f354c07ddc0 0x7f354c19de80 unknown :-1 s=CLOSED pgs=21 cs=0 l=1 rev1=1 crypto rx=0 tx=0 comp rx=0 tx=0).stop
2024-09-05T11:46:15.495 INFO:teuthology.orchestra.run.smithi037.stdout:/usr/bin/ceph: stderr
2024-09-05T11:46:14.932+0000 7f35513ae640 1 -- 172.21.15.37:0/3145797387 >> 172.21.15.37:0/3145797387 conn(0x7f354c1033c0 msgr2=0x7f354c103fa0 unknown :-1 s=STATE_NONE l=0).mark_down
2024-09-05T11:46:15.495 INFO:teuthology.orchestra.run.smithi037.stdout:/usr/bin/ceph: stderr
2024-09-05T11:46:14.932+0000 7f35513ae640 1 -- 172.21.15.37:0/3145797387 shutdown_connections
2024-09-05T11:46:15.496 INFO:teuthology.orchestra.run.smithi037.stdout:/usr/bin/ceph: stderr
2024-09-05T11:46:14.932+0000 7f35513ae640 1 -- 172.21.15.37:0/3145797387 wait complete.
2024-09-05T11:46:15.613 INFO:journalctl@ceph.mgr.x.smithi037.stdout:Sep 05 11:46:15 smithi037 ceph-210ae282-6b7c-11ef-bcd6-c7b262605968-mgr-x[31141]:
2024-09-05T11:46:15.502+0000 7f09004ac040 -1 mgr[py] Module test_orchestrator has missing NOTIFY_TYPES member
2024-09-05T11:46:15.881 INFO:journalctl@ceph.mgr.x.smithi037.stdout:Sep 05 11:46:15 smithi037 ceph-210ae282-6b7c-11ef-bcd6-c7b262605968-mgr-x[31141]:
2024-09-05T11:46:15.652+0000 7f09004ac040 -1 mgr[py] Module snap_schedule has missing NOTIFY_TYPES member
2024-09-05T11:46:16.243 INFO:journalctl@ceph.mon.a.smithi037.stdout:Sep 05 11:46:15 smithi037 ceph-mon[30914]: from='client.? 172.21.15.37:0/3145797387' entity='client.admin' cmd='[{"prefix": "mgr module enable", "module": "cephadm"}]': finished
2024-09-05T11:46:16.243 INFO:journalctl@ceph.mon.a.smithi037.stdout:Sep 05 11:46:15 smithi037 ceph-mon[30914]: mgrmap e5: x(active, since 5s)
2024-09-05T11:46:16.244 INFO:journalctl@ceph.mgr.x.smithi037.stdout:Sep 05 11:46:15 smithi037 ceph-210ae282-6b7c-11ef-bcd6-c7b262605968-mgr-x[31141]:
2024-09-05T11:46:15.982+0000 7f09004ac040 -1 mgr[py] Module prometheus has missing NOTIFY_TYPES member
2024-09-05T11:46:16.244 INFO:journalctl@ceph.mgr.x.smithi037.stdout:Sep 05 11:46:16 smithi037 ceph-210ae282-6b7c-11ef-bcd6-c7b262605968-mgr-x[31141]:
2024-09-05T11:46:16.045+0000 7f09004ac040 -1 mgr[py] Module selftest has missing NOTIFY_TYPES member
2024-09-05T11:46:16.244 INFO:journalctl@ceph.mgr.x.smithi037.stdout:Sep 05 11:46:16 smithi037 ceph-210ae282-6b7c-11ef-bcd6-c7b262605968-mgr-x[31141]:
2024-09-05T11:46:16.241+0000 7f09004ac040 -1 mgr[py] Module volumes has missing NOTIFY_TYPES member
2024-09-05T11:46:16.751 INFO:teuthology.orchestra.run.smithi037.stdout:/usr/bin/ceph: stdout {
2024-09-05T11:46:16.751 INFO:teuthology.orchestra.run.smithi037.stdout:/usr/bin/ceph: stdout "epoch": 5,
2024-09-05T11:46:16.751 INFO:teuthology.orchestra.run.smithi037.stdout:/usr/bin/ceph: stdout "available": true,
2024-09-05T11:46:16.751 INFO:teuthology.orchestra.run.smithi037.stdout:/usr/bin/ceph: stdout "active_name": "x",
2024-09-05T11:46:16.751 INFO:teuthology.orchestra.run.smithi037.stdout:/usr/bin/ceph: stdout "num_standby": 0
2024-09-05T11:46:16.751 INFO:teuthology.orchestra.run.smithi037.stdout:/usr/bin/ceph: stdout }
2024-09-05T11:46:16.751 INFO:teuthology.orchestra.run.smithi037.stdout:/usr/bin/ceph: stderr
2024-09-05T11:46:15.921+0000 7f3c81cb4640 1 Processor -- start
2024-09-05T11:46:16.751 INFO:teuthology.orchestra.run.smithi037.stdout:/usr/bin/ceph: stderr
2024-09-05T11:46:15.921+0000 7f3c81cb4640 1 -- start start
2024-09-05T11:46:16.752 INFO:teuthology.orchestra.run.smithi037.stdout:/usr/bin/ceph: stderr
2024-09-05T11:46:15.921+0000 7f3c81cb4640 1 --2- >> [v2:172.21.15.37:3300/0,v1:172.21.15.37:6789/0] conn(0x7f3c7c109100 0x7f3c7c109500 unknown :-1 s=NONE pgs=0 cs=0 l=0 rev1=0 crypto rx=0 tx=0 comp rx=0 tx=0).connect
2024-09-05T11:46:16.752 INFO:teuthology.orchestra.run.smithi037.stdout:/usr/bin/ceph: stderr
2024-09-05T11:46:15.921+0000 7f3c81cb4640 1 -- --> [v2:172.21.15.37:3300/0,v1:172.21.15.37:6789/0] -- mon_getmap magic: 0 -- 0x7f3c7c109ad0 con 0x7f3c7c109100
2024-09-05T11:46:16.752 INFO:teuthology.orchestra.run.smithi037.stdout:/usr/bin/ceph: stderr
2024-09-05T11:46:15.921+0000 7f3c7b7fe640 1 --2- >> [v2:172.21.15.37:3300/0,v1:172.21.15.37:6789/0] conn(0x7f3c7c109100 0x7f3c7c109500 unknown :-1 s=BANNER_CONNECTING pgs=0 cs=0 l=0 rev1=0 crypto rx=0 tx=0 comp rx=0 tx=0)._handle_peer_banner_payload supported=3 required=0
2024-09-05T11:46:16.752 INFO:teuthology.orchestra.run.smithi037.stdout:/usr/bin/ceph: stderr
2024-09-05T11:46:15.921+0000 7f3c7b7fe640 1 --2- >> [v2:172.21.15.37:3300/0,v1:172.21.15.37:6789/0] conn(0x7f3c7c109100 0x7f3c7c109500 unknown :-1 s=HELLO_CONNECTING pgs=0 cs=0 l=0 rev1=1 crypto rx=0 tx=0 comp rx=0 tx=0).handle_hello peer v2:172.21.15.37:3300/0 says I am v2:172.21.15.37:35490/0 (socket says 172.21.15.37:35490)
2024-09-05T11:46:16.752 INFO:teuthology.orchestra.run.smithi037.stdout:/usr/bin/ceph: stderr
2024-09-05T11:46:15.921+0000 7f3c7b7fe640 1 -- 172.21.15.37:0/1448525822 learned_addr learned my addr 172.21.15.37:0/1448525822 (peer_addr_for_me v2:172.21.15.37:0/0)
2024-09-05T11:46:16.752 INFO:teuthology.orchestra.run.smithi037.stdout:/usr/bin/ceph: stderr
