2024-09-05T12:17:28.253 INFO:teuthology.orchestra.run.smithi071.stdout:/usr/bin/ceph: stderr
2024-09-05T12:17:26.601+0000 7f1198200640 1 -- 172.21.15.71:0/848519932 shutdown_connections
2024-09-05T12:17:28.253 INFO:teuthology.orchestra.run.smithi071.stdout:/usr/bin/ceph: stderr
2024-09-05T12:17:26.601+0000 7f1198200640 1 --2- 172.21.15.71:0/848519932 >> [v2:172.21.15.71:3300/0,v1:172.21.15.71:6789/0] conn(0x7f1190107530 0x7f1190107930 unknown :-1 s=CLOSED pgs=53 cs=0 l=1 rev1=1 crypto rx=0 tx=0 comp rx=0 tx=0).stop
2024-09-05T12:17:28.253 INFO:teuthology.orchestra.run.smithi071.stdout:/usr/bin/ceph: stderr
2024-09-05T12:17:26.601+0000 7f1198200640 1 -- 172.21.15.71:0/848519932 >> 172.21.15.71:0/848519932 conn(0x7f1190102cc0 msgr2=0x7f1190105100 unknown :-1 s=STATE_NONE l=0).mark_down
2024-09-05T12:17:28.253 INFO:teuthology.orchestra.run.smithi071.stdout:/usr/bin/ceph: stderr
2024-09-05T12:17:26.601+0000 7f1198200640 1 -- 172.21.15.71:0/848519932 shutdown_connections
2024-09-05T12:17:28.253 INFO:teuthology.orchestra.run.smithi071.stdout:/usr/bin/ceph: stderr
2024-09-05T12:17:26.601+0000 7f1198200640 1 -- 172.21.15.71:0/848519932 wait complete.
2024-09-05T12:17:28.253 INFO:teuthology.orchestra.run.smithi071.stdout:/usr/bin/ceph: stderr
2024-09-05T12:17:26.602+0000 7f1198200640 1 Processor -- start
2024-09-05T12:17:28.253 INFO:teuthology.orchestra.run.smithi071.stdout:/usr/bin/ceph: stderr
2024-09-05T12:17:26.602+0000 7f1198200640 1 -- start start
2024-09-05T12:17:28.253 INFO:teuthology.orchestra.run.smithi071.stdout:/usr/bin/ceph: stderr
2024-09-05T12:17:26.602+0000 7f1198200640 1 --2- >> [v2:172.21.15.71:3300/0,v1:172.21.15.71:6789/0] conn(0x7f1190107530 0x7f119007db10 unknown :-1 s=NONE pgs=0 cs=0 l=1 rev1=0 crypto rx=0 tx=0 comp rx=0 tx=0).connect
2024-09-05T12:17:28.254 INFO:teuthology.orchestra.run.smithi071.stdout:/usr/bin/ceph: stderr
2024-09-05T12:17:26.602+0000 7f1198200640 1 -- --> [v2:172.21.15.71:3300/0,v1:172.21.15.71:6789/0] -- mon_getmap magic: 0 -- 0x7f119010bae0 con 0x7f1190107530
2024-09-05T12:17:28.254 INFO:teuthology.orchestra.run.smithi071.stdout:/usr/bin/ceph: stderr
2024-09-05T12:17:26.602+0000 7f1195800640 1 --2- >> [v2:172.21.15.71:3300/0,v1:172.21.15.71:6789/0] conn(0x7f1190107530 0x7f119007db10 unknown :-1 s=BANNER_CONNECTING pgs=0 cs=0 l=1 rev1=0 crypto rx=0 tx=0 comp rx=0 tx=0)._handle_peer_banner_payload supported=3 required=0
2024-09-05T12:17:28.254 INFO:teuthology.orchestra.run.smithi071.stdout:/usr/bin/ceph: stderr
2024-09-05T12:17:26.602+0000 7f1195800640 1 --2- >> [v2:172.21.15.71:3300/0,v1:172.21.15.71:6789/0] conn(0x7f1190107530 0x7f119007db10 unknown :-1 s=HELLO_CONNECTING pgs=0 cs=0 l=1 rev1=1 crypto rx=0 tx=0 comp rx=0 tx=0).handle_hello peer v2:172.21.15.71:3300/0 says I am v2:172.21.15.71:55550/0 (socket says 172.21.15.71:55550)
2024-09-05T12:17:28.254 INFO:teuthology.orchestra.run.smithi071.stdout:/usr/bin/ceph: stderr
2024-09-05T12:17:26.602+0000 7f1195800640 1 -- 172.21.15.71:0/571008490 learned_addr learned my addr 172.21.15.71:0/571008490 (peer_addr_for_me v2:172.21.15.71:0/0)
2024-09-05T12:17:28.254 INFO:teuthology.orchestra.run.smithi071.stdout:/usr/bin/ceph: stderr
2024-09-05T12:17:26.603+0000 7f1195800640 1 -- 172.21.15.71:0/571008490 --> [v2:172.21.15.71:3300/0,v1:172.21.15.71:6789/0] -- mon_subscribe({config=0+,monmap=0+}) -- 0x7f119007e050 con 0x7f1190107530
2024-09-05T12:17:28.254 INFO:teuthology.orchestra.run.smithi071.stdout:/usr/bin/ceph: stderr
2024-09-05T12:17:26.603+0000 7f1195800640 1 --2- 172.21.15.71:0/571008490 >> [v2:172.21.15.71:3300/0,v1:172.21.15.71:6789/0] conn(0x7f1190107530 0x7f119007db10 secure :-1 s=READY pgs=54 cs=0 l=1 rev1=1 crypto rx=0x7f11840097f0 tx=0x7f11840327b0 comp rx=0 tx=0).ready entity=mon.0 client_cookie=0 server_cookie=0 in_seq=0 out_seq=0
2024-09-05T12:17:28.254 INFO:teuthology.orchestra.run.smithi071.stdout:/usr/bin/ceph: stderr
2024-09-05T12:17:26.603+0000 7f118e000640 1 -- 172.21.15.71:0/571008490 <== mon.0 v2:172.21.15.71:3300/0 1 ==== mon_map magic: 0 ==== 205+0+0 (secure 0 0 0) 0x7f1184037040 con 0x7f1190107530
2024-09-05T12:17:28.254 INFO:teuthology.orchestra.run.smithi071.stdout:/usr/bin/ceph: stderr
2024-09-05T12:17:26.603+0000 7f118e000640 1 -- 172.21.15.71:0/571008490 <== mon.0 v2:172.21.15.71:3300/0 2 ==== config(27 keys) ==== 1140+0+0 (secure 0 0 0) 0x7f1184030cc0 con 0x7f1190107530
2024-09-05T12:17:28.254 INFO:teuthology.orchestra.run.smithi071.stdout:/usr/bin/ceph: stderr
2024-09-05T12:17:26.603+0000 7f118e000640 1 -- 172.21.15.71:0/571008490 <== mon.0 v2:172.21.15.71:3300/0 3 ==== mon_map magic: 0 ==== 205+0+0 (secure 0 0 0) 0x7f118403a640 con 0x7f1190107530
2024-09-05T12:17:28.254 INFO:teuthology.orchestra.run.smithi071.stdout:/usr/bin/ceph: stderr
2024-09-05T12:17:26.603+0000 7f1198200640 1 -- 172.21.15.71:0/571008490 --> [v2:172.21.15.71:3300/0,v1:172.21.15.71:6789/0] -- mon_subscribe({mgrmap=0+}) -- 0x7f119007c240 con 0x7f1190107530
2024-09-05T12:17:28.254 INFO:teuthology.orchestra.run.smithi071.stdout:/usr/bin/ceph: stderr
2024-09-05T12:17:26.604+0000 7f1198200640 1 -- 172.21.15.71:0/571008490 --> [v2:172.21.15.71:3300/0,v1:172.21.15.71:6789/0] -- mon_subscribe({osdmap=0}) -- 0x7f119007c780 con 0x7f1190107530
2024-09-05T12:17:28.254 INFO:teuthology.orchestra.run.smithi071.stdout:/usr/bin/ceph: stderr
2024-09-05T12:17:26.605+0000 7f1198200640 1 -- 172.21.15.71:0/571008490 --> [v2:172.21.15.71:3300/0,v1:172.21.15.71:6789/0] -- mon_command({"prefix": "get_command_descriptions"} v 0) -- 0x7f119010bc60 con 0x7f1190107530
2024-09-05T12:17:28.254 INFO:teuthology.orchestra.run.smithi071.stdout:/usr/bin/ceph: stderr
2024-09-05T12:17:26.605+0000 7f118e000640 1 -- 172.21.15.71:0/571008490 <== mon.0 v2:172.21.15.71:3300/0 4 ==== mgrmap(e 8) ==== 46287+0+0 (secure 0 0 0) 0x7f118403b3f0 con 0x7f1190107530
2024-09-05T12:17:28.255 INFO:teuthology.orchestra.run.smithi071.stdout:/usr/bin/ceph: stderr
2024-09-05T12:17:26.606+0000 7f118e000640 1 --2- 172.21.15.71:0/571008490 >> [v2:172.21.15.71:6800/3648851306,v1:172.21.15.71:6801/3648851306] conn(0x7f1178038fc0 0x7f117803b480 unknown :-1 s=NONE pgs=0 cs=0 l=1 rev1=0 crypto rx=0 tx=0 comp rx=0 tx=0).connect
2024-09-05T12:17:28.255 INFO:teuthology.orchestra.run.smithi071.stdout:/usr/bin/ceph: stderr
2024-09-05T12:17:26.606+0000 7f118e000640 1 -- 172.21.15.71:0/571008490 <== mon.0 v2:172.21.15.71:3300/0 5 ==== osd_map(2..2 src has 1..2) ==== 940+0+0 (secure 0 0 0) 0x7f118406c4c0 con 0x7f1190107530
2024-09-05T12:17:28.255 INFO:teuthology.orchestra.run.smithi071.stdout:/usr/bin/ceph: stderr
2024-09-05T12:17:26.606+0000 7f1194e00640 1 --2- 172.21.15.71:0/571008490 >> [v2:172.21.15.71:6800/3648851306,v1:172.21.15.71:6801/3648851306] conn(0x7f1178038fc0 0x7f117803b480 unknown :-1 s=BANNER_CONNECTING pgs=0 cs=0 l=1 rev1=0 crypto rx=0 tx=0 comp rx=0 tx=0)._handle_peer_banner_payload supported=3 required=0
2024-09-05T12:17:28.255 INFO:teuthology.orchestra.run.smithi071.stdout:/usr/bin/ceph: stderr
2024-09-05T12:17:26.607+0000 7f1194e00640 1 --2- 172.21.15.71:0/571008490 >> [v2:172.21.15.71:6800/3648851306,v1:172.21.15.71:6801/3648851306] conn(0x7f1178038fc0 0x7f117803b480 secure :-1 s=READY pgs=16 cs=0 l=1 rev1=1 crypto rx=0x7f117c0098c0 tx=0x7f117c006db0 comp rx=0 tx=0).ready entity=mgr.14118 client_cookie=0 server_cookie=0 in_seq=0 out_seq=0
2024-09-05T12:17:28.255 INFO:teuthology.orchestra.run.smithi071.stdout:/usr/bin/ceph: stderr
2024-09-05T12:17:26.611+0000 7f118e000640 1 -- 172.21.15.71:0/571008490 <== mon.0 v2:172.21.15.71:3300/0 6 ==== mon_command_ack([{"prefix": "get_command_descriptions"}]=0 v0) ==== 72+0+188821 (secure 0 0 0) 0x7f1184049020 con 0x7f1190107530
2024-09-05T12:17:28.255 INFO:teuthology.orchestra.run.smithi071.stdout:/usr/bin/ceph: stderr
2024-09-05T12:17:26.854+0000 7f1198200640 1 -- 172.21.15.71:0/571008490 --> [v2:172.21.15.71:3300/0,v1:172.21.15.71:6789/0] -- mon_command({"prefix": "mgr module enable", "module": "dashboard"} v 0) -- 0x7f119007ce70 con 0x7f1190107530
2024-09-05T12:17:28.255 INFO:teuthology.orchestra.run.smithi071.stdout:/usr/bin/ceph: stderr
2024-09-05T12:17:27.120+0000 7f118e000640 1 -- 172.21.15.71:0/571008490 <== mon.0 v2:172.21.15.71:3300/0 7 ==== mon_command_ack([{"prefix": "mgr module enable", "module": "dashboard"}]=0 v9) ==== 88+0+0 (secure 0 0 0) 0x7f118406be10 con 0x7f1190107530
2024-09-05T12:17:28.255 INFO:teuthology.orchestra.run.smithi071.stdout:/usr/bin/ceph: stderr
2024-09-05T12:17:27.122+0000 7f118e000640 1 -- 172.21.15.71:0/571008490 <== mon.0 v2:172.21.15.71:3300/0 8 ==== mgrmap(e 9) ==== 46300+0+0 (secure 0 0 0) 0x7f118403a7e0 con 0x7f1190107530
2024-09-05T12:17:28.255 INFO:teuthology.orchestra.run.smithi071.stdout:/usr/bin/ceph: stderr
2024-09-05T12:17:27.124+0000 7f1198200640 1 -- 172.21.15.71:0/571008490 >> [v2:172.21.15.71:6800/3648851306,v1:172.21.15.71:6801/3648851306] conn(0x7f1178038fc0 msgr2=0x7f117803b480 secure :-1 s=STATE_CONNECTION_ESTABLISHED l=1).mark_down
2024-09-05T12:17:28.255 INFO:teuthology.orchestra.run.smithi071.stdout:/usr/bin/ceph: stderr
2024-09-05T12:17:27.124+0000 7f1198200640 1 --2- 172.21.15.71:0/571008490 >> [v2:172.21.15.71:6800/3648851306,v1:172.21.15.71:6801/3648851306] conn(0x7f1178038fc0 0x7f117803b480 secure :-1 s=READY pgs=16 cs=0 l=1 rev1=1 crypto rx=0x7f117c0098c0 tx=0x7f117c006db0 comp rx=0 tx=0).stop
2024-09-05T12:17:28.255 INFO:teuthology.orchestra.run.smithi071.stdout:/usr/bin/ceph: stderr
2024-09-05T12:17:27.124+0000 7f1198200640 1 -- 172.21.15.71:0/571008490 >> [v2:172.21.15.71:3300/0,v1:172.21.15.71:6789/0] conn(0x7f1190107530 msgr2=0x7f119007db10 secure :-1 s=STATE_CONNECTION_ESTABLISHED l=1).mark_down
2024-09-05T12:17:28.255 INFO:teuthology.orchestra.run.smithi071.stdout:/usr/bin/ceph: stderr
2024-09-05T12:17:27.124+0000 7f1198200640 1 --2- 172.21.15.71:0/571008490 >> [v2:172.21.15.71:3300/0,v1:172.21.15.71:6789/0] conn(0x7f1190107530 0x7f119007db10 secure :-1 s=READY pgs=54 cs=0 l=1 rev1=1 crypto rx=0x7f11840097f0 tx=0x7f11840327b0 comp rx=0 tx=0).stop
2024-09-05T12:17:28.255 INFO:teuthology.orchestra.run.smithi071.stdout:/usr/bin/ceph: stderr
2024-09-05T12:17:27.124+0000 7f1198200640 1 -- 172.21.15.71:0/571008490 shutdown_connections
2024-09-05T12:17:28.256 INFO:teuthology.orchestra.run.smithi071.stdout:/usr/bin/ceph: stderr
2024-09-05T12:17:27.124+0000 7f1198200640 1 --2- 172.21.15.71:0/571008490 >> [v2:172.21.15.71:6800/3648851306,v1:172.21.15.71:6801/3648851306] conn(0x7f1178038fc0 0x7f117803b480 unknown :-1 s=CLOSED pgs=16 cs=0 l=1 rev1=1 crypto rx=0 tx=0 comp rx=0 tx=0).stop
2024-09-05T12:17:28.256 INFO:teuthology.orchestra.run.smithi071.stdout:/usr/bin/ceph: stderr
2024-09-05T12:17:27.124+0000 7f1198200640 1 --2- 172.21.15.71:0/571008490 >> [v2:172.21.15.71:3300/0,v1:172.21.15.71:6789/0] conn(0x7f1190107530 0x7f119007db10 unknown :-1 s=CLOSED pgs=54 cs=0 l=1 rev1=1 crypto rx=0 tx=0 comp rx=0 tx=0).stop
2024-09-05T12:17:28.256 INFO:teuthology.orchestra.run.smithi071.stdout:/usr/bin/ceph: stderr
2024-09-05T12:17:27.124+0000 7f1198200640 1 -- 172.21.15.71:0/571008490 >> 172.21.15.71:0/571008490 conn(0x7f1190102cc0 msgr2=0x7f11901038a0 unknown :-1 s=STATE_NONE l=0).mark_down
2024-09-05T12:17:28.256 INFO:teuthology.orchestra.run.smithi071.stdout:/usr/bin/ceph: stderr
2024-09-05T12:17:27.124+0000 7f1198200640 1 -- 172.21.15.71:0/571008490 shutdown_connections
2024-09-05T12:17:28.256 INFO:teuthology.orchestra.run.smithi071.stdout:/usr/bin/ceph: stderr
2024-09-05T12:17:27.124+0000 7f1198200640 1 -- 172.21.15.71:0/571008490 wait complete.
2024-09-05T12:17:28.660 INFO:journalctl@ceph.mgr.x.smithi071.stdout:Sep 05 12:17:28 smithi071 ceph-8c9ae41c-6b80-11ef-bcd6-c7b262605968-mgr-x[30082]:
2024-09-05T12:17:28.415+0000 7f1742ded040 -1 mgr[py] Module prometheus has missing NOTIFY_TYPES member
2024-09-05T12:17:28.661 INFO:journalctl@ceph.mgr.x.smithi071.stdout:Sep 05 12:17:28 smithi071 ceph-8c9ae41c-6b80-11ef-bcd6-c7b262605968-mgr-x[30082]:
2024-09-05T12:17:28.486+0000 7f1742ded040 -1 mgr[py] Module selftest has missing NOTIFY_TYPES member
2024-09-05T12:17:28.954 INFO:journalctl@ceph.mgr.x.smithi071.stdout:Sep 05 12:17:28 smithi071 ceph-8c9ae41c-6b80-11ef-bcd6-c7b262605968-mgr-x[30082]:
2024-09-05T12:17:28.697+0000 7f1742ded040 -1 mgr[py] Module volumes has missing NOTIFY_TYPES member
2024-09-05T12:17:29.661 INFO:journalctl@ceph.mon.a.smithi071.stdout:Sep 05 12:17:29 smithi071 ceph-mon[29845]: from='client.? 172.21.15.71:0/78724399' entity='client.admin' cmd=[{"prefix": "mgr stat"}]: dispatch
2024-09-05T12:17:30.160 INFO:journalctl@ceph.mgr.x.smithi071.stdout:Sep 05 12:17:29 smithi071 ceph-8c9ae41c-6b80-11ef-bcd6-c7b262605968-mgr-x[30082]:
2024-09-05T12:17:29.826+0000 7f1742ded040 -1 mgr[py] Module telemetry has missing NOTIFY_TYPES member
2024-09-05T12:17:30.161 INFO:journalctl@ceph.mgr.x.smithi071.stdout:Sep 05 12:17:29 smithi071 ceph-8c9ae41c-6b80-11ef-bcd6-c7b262605968-mgr-x[30082]:
2024-09-05T12:17:29.907+0000 7f1742ded040 -1 mgr[py] Module balancer has missing NOTIFY_TYPES member
2024-09-05T12:17:30.215 INFO:teuthology.orchestra.run.smithi071.stdout:/usr/bin/ceph: stdout {
2024-09-05T12:17:30.222 INFO:teuthology.orchestra.run.smithi071.stdout:/usr/bin/ceph: stdout "epoch": 9,
2024-09-05T12:17:30.223 INFO:teuthology.orchestra.run.smithi071.stdout:/usr/bin/ceph: stdout "available": true,
2024-09-05T12:17:30.223 INFO:teuthology.orchestra.run.smithi071.stdout:/usr/bin/ceph: stdout "active_name": "x",
2024-09-05T12:17:30.223 INFO:teuthology.orchestra.run.smithi071.stdout:/usr/bin/ceph: stdout "num_standby": 0
2024-09-05T12:17:30.223 INFO:teuthology.orchestra.run.smithi071.stdout:/usr/bin/ceph: stdout }
2024-09-05T12:17:30.223 INFO:teuthology.orchestra.run.smithi071.stdout:/usr/bin/ceph: stderr
2024-09-05T12:17:29.161+0000 7f44b0a00640 1 Processor -- start
2024-09-05T12:17:30.223 INFO:teuthology.orchestra.run.smithi071.stdout:/usr/bin/ceph: stderr
2024-09-05T12:17:29.161+0000 7f44b0a00640 1 -- start start
2024-09-05T12:17:30.223 INFO:teuthology.orchestra.run.smithi071.stdout:/usr/bin/ceph: stderr
2024-09-05T12:17:29.162+0000 7f44b0a00640 1 --2- >> [v2:172.21.15.71:3300/0,v1:172.21.15.71:6789/0] conn(0x7f44ac1073a0 0x7f44ac1077a0 unknown :-1 s=NONE pgs=0 cs=0 l=0 rev1=0 crypto rx=0 tx=0 comp rx=0 tx=0).connect
2024-09-05T12:17:30.223 INFO:teuthology.orchestra.run.smithi071.stdout:/usr/bin/ceph: stderr
2024-09-05T12:17:29.162+0000 7f44b0a00640 1 -- --> [v2:172.21.15.71:3300/0,v1:172.21.15.71:6789/0] -- mon_getmap magic: 0 -- 0x7f44ac107d70 con 0x7f44ac1073a0
2024-09-05T12:17:30.223 INFO:teuthology.orchestra.run.smithi071.stdout:/usr/bin/ceph: stderr
2024-09-05T12:17:29.162+0000 7f44ab400640 1 --2- >> [v2:172.21.15.71:3300/0,v1:172.21.15.71:6789/0] conn(0x7f44ac1073a0 0x7f44ac1077a0 unknown :-1 s=BANNER_CONNECTING pgs=0 cs=0 l=0 rev1=0 crypto rx=0 tx=0 comp rx=0 tx=0)._handle_peer_banner_payload supported=3 required=0
2024-09-05T12:17:30.223 INFO:teuthology.orchestra.run.smithi071.stdout:/usr/bin/ceph: stderr
2024-09-05T12:17:29.162+0000 7f44ab400640 1 --2- >> [v2:172.21.15.71:3300/0,v1:172.21.15.71:6789/0] conn(0x7f44ac1073a0 0x7f44ac1077a0 unknown :-1 s=HELLO_CONNECTING pgs=0 cs=0 l=0 rev1=1 crypto rx=0 tx=0 comp rx=0 tx=0).handle_hello peer v2:172.21.15.71:3300/0 says I am v2:172.21.15.71:55576/0 (socket says 172.21.15.71:55576)
2024-09-05T12:17:30.223 INFO:teuthology.orchestra.run.smithi071.stdout:/usr/bin/ceph: stderr
2024-09-05T12:17:29.162+0000 7f44ab400640 1 -- 172.21.15.71:0/1239680549 learned_addr learned my addr 172.21.15.71:0/1239680549 (peer_addr_for_me v2:172.21.15.71:0/0)
2024-09-05T12:17:30.223 INFO:teuthology.orchestra.run.smithi071.stdout:/usr/bin/ceph: stderr
2024-09-05T12:17:29.162+0000 7f44ab400640 1 -- 172.21.15.71:0/1239680549 --> [v2:172.21.15.71:3300/0,v1:172.21.15.71:6789/0] -- mon_subscribe({config=0+,monmap=0+}) -- 0x7f44ac1085a0 con 0x7f44ac1073a0
2024-09-05T12:17:30.223 INFO:teuthology.orchestra.run.smithi071.stdout:/usr/bin/ceph: stderr
2024-09-05T12:17:29.163+0000 7f44ab400640 1 --2- 172.21.15.71:0/1239680549 >> [v2:172.21.15.71:3300/0,v1:172.21.15.71:6789/0] conn(0x7f44ac1073a0 0x7f44ac1077a0 secure :-1 s=READY pgs=57 cs=0 l=1 rev1=1 crypto rx=0x7f449c009820 tx=0x7f449c02a270 comp rx=0 tx=0).ready entity=mon.0 client_cookie=733fc7d1f3b1f72a server_cookie=0 in_seq=0 out_seq=0
2024-09-05T12:17:30.224 INFO:teuthology.orchestra.run.smithi071.stdout:/usr/bin/ceph: stderr
2024-09-05T12:17:29.164+0000 7f44aa000640 1 -- 172.21.15.71:0/1239680549 <== mon.0 v2:172.21.15.71:3300/0 1 ==== mon_map magic: 0 ==== 205+0+0 (secure 0 0 0) 0x7f449c037070 con 0x7f44ac1073a0
2024-09-05T12:17:30.224 INFO:teuthology.orchestra.run.smithi071.stdout:/usr/bin/ceph: stderr
2024-09-05T12:17:29.164+0000 7f44aa000640 1 -- 172.21.15.71:0/1239680549 <== mon.0 v2:172.21.15.71:3300/0 2 ==== config(27 keys) ==== 1140+0+0 (secure 0 0 0) 0x7f449c032920 con 0x7f44ac1073a0
2024-09-05T12:17:30.224 INFO:teuthology.orchestra.run.smithi071.stdout:/usr/bin/ceph: stderr
2024-09-05T12:17:29.164+0000 7f44aa000640 1 -- 172.21.15.71:0/1239680549 <== mon.0 v2:172.21.15.71:3300/0 3 ==== mon_map magic: 0 ==== 205+0+0 (secure 0 0 0) 0x7f449c030810 con 0x7f44ac1073a0
2024-09-05T12:17:30.224 INFO:teuthology.orchestra.run.smithi071.stdout:/usr/bin/ceph: stderr
2024-09-05T12:17:29.164+0000 7f44b0a00640 1 -- 172.21.15.71:0/1239680549 >> [v2:172.21.15.71:3300/0,v1:172.21.15.71:6789/0] conn(0x7f44ac1073a0 msgr2=0x7f44ac1077a0 secure :-1 s=STATE_CONNECTION_ESTABLISHED l=1).mark_down
2024-09-05T12:17:30.224 INFO:teuthology.orchestra.run.smithi071.stdout:/usr/bin/ceph: stderr
2024-09-05T12:17:29.164+0000 7f44b0a00640 1 --2- 172.21.15.71:0/1239680549 >> [v2:172.21.15.71:3300/0,v1:172.21.15.71:6789/0] conn(0x7f44ac1073a0 0x7f44ac1077a0 secure :-1 s=READY pgs=57 cs=0 l=1 rev1=1 crypto rx=0x7f449c009820 tx=0x7f449c02a270 comp rx=0 tx=0).stop
2024-09-05T12:17:30.224 INFO:teuthology.orchestra.run.smithi071.stdout:/usr/bin/ceph: stderr
2024-09-05T12:17:29.165+0000 7f44b0a00640 1 -- 172.21.15.71:0/1239680549 shutdown_connections
2024-09-05T12:17:30.224 INFO:teuthology.orchestra.run.smithi071.stdout:/usr/bin/ceph: stderr
2024-09-05T12:17:29.165+0000 7f44b0a00640 1 --2- 172.21.15.71:0/1239680549 >> [v2:172.21.15.71:3300/0,v1:172.21.15.71:6789/0] conn(0x7f44ac1073a0 0x7f44ac1077a0 unknown :-1 s=CLOSED pgs=57 cs=0 l=1 rev1=1 crypto rx=0 tx=0 comp rx=0 tx=0).stop
2024-09-05T12:17:30.224 INFO:teuthology.orchestra.run.smithi071.stdout:/usr/bin/ceph: stderr
2024-09-05T12:17:29.165+0000 7f44b0a00640 1 -- 172.21.15.71:0/1239680549 >> 172.21.15.71:0/1239680549 conn(0x7f44ac102b90 msgr2=0x7f44ac104fb0 unknown :-1 s=STATE_NONE l=0).mark_down
2024-09-05T12:17:30.224 INFO:teuthology.orchestra.run.smithi071.stdout:/usr/bin/ceph: stderr
2024-09-05T12:17:29.165+0000 7f44b0a00640 1 -- 172.21.15.71:0/1239680549 shutdown_connections
2024-09-05T12:17:30.224 INFO:teuthology.orchestra.run.smithi071.stdout:/usr/bin/ceph: stderr
2024-09-05T12:17:29.165+0000 7f44b0a00640 1 -- 172.21.15.71:0/1239680549 wait complete.
2024-09-05T12:17:30.224 INFO:teuthology.orchestra.run.smithi071.stdout:/usr/bin/ceph: stderr
2024-09-05T12:17:29.166+0000 7f44b0a00640 1 Processor -- start
2024-09-05T12:17:30.224 INFO:teuthology.orchestra.run.smithi071.stdout:/usr/bin/ceph: stderr
2024-09-05T12:17:29.166+0000 7f44b0a00640 1 -- start start
2024-09-05T12:17:30.225 INFO:teuthology.orchestra.run.smithi071.stdout:/usr/bin/ceph: stderr
2024-09-05T12:17:29.166+0000 7f44b0a00640 1 --2- >> [v2:172.21.15.71:3300/0,v1:172.21.15.71:6789/0] conn(0x7f44ac1073a0 0x7f44ac19b3a0 unknown :-1 s=NONE pgs=0 cs=0 l=1 rev1=0 crypto rx=0 tx=0 comp rx=0 tx=0).connect
2024-09-05T12:17:30.225 INFO:teuthology.orchestra.run.smithi071.stdout:/usr/bin/ceph: stderr
2024-09-05T12:17:29.166+0000 7f44b0a00640 1 -- --> [v2:172.21.15.71:3300/0,v1:172.21.15.71:6789/0] -- mon_getmap magic: 0 -- 0x7f44ac10b950 con 0x7f44ac1073a0
2024-09-05T12:17:30.225 INFO:teuthology.orchestra.run.smithi071.stdout:/usr/bin/ceph: stderr
2024-09-05T12:17:29.166+0000 7f44ab400640 1 --2- >> [v2:172.21.15.71:3300/0,v1:172.21.15.71:6789/0] conn(0x7f44ac1073a0 0x7f44ac19b3a0 unknown :-1 s=BANNER_CONNECTING pgs=0 cs=0 l=1 rev1=0 crypto rx=0 tx=0 comp rx=0 tx=0)._handle_peer_banner_payload supported=3 required=0
2024-09-05T12:17:30.225 INFO:teuthology.orchestra.run.smithi071.stdout:/usr/bin/ceph: stderr
2024-09-05T12:17:29.166+0000 7f44ab400640 1 --2- >> [v2:172.21.15.71:3300/0,v1:172.21.15.71:6789/0] conn(0x7f44ac1073a0 0x7f44ac19b3a0 unknown :-1 s=HELLO_CONNECTING pgs=0 cs=0 l=1 rev1=1 crypto rx=0 tx=0 comp rx=0 tx=0).handle_hello peer v2:172.21.15.71:3300/0 says I am v2:172.21.15.71:55592/0 (socket says 172.21.15.71:55592)
2024-09-05T12:17:30.225 INFO:teuthology.orchestra.run.smithi071.stdout:/usr/bin/ceph: stderr
2024-09-05T12:17:29.166+0000 7f44ab400640 1 -- 172.21.15.71:0/78724399 learned_addr learned my addr 172.21.15.71:0/78724399 (peer_addr_for_me v2:172.21.15.71:0/0)
2024-09-05T12:17:30.225 INFO:teuthology.orchestra.run.smithi071.stdout:/usr/bin/ceph: stderr
2024-09-05T12:17:29.167+0000 7f44ab400640 1 -- 172.21.15.71:0/78724399 --> [v2:172.21.15.71:3300/0,v1:172.21.15.71:6789/0] -- mon_subscribe({config=0+,monmap=0+}) -- 0x7f44ac19b8e0 con 0x7f44ac1073a0
2024-09-05T12:17:30.225 INFO:teuthology.orchestra.run.smithi071.stdout:/usr/bin/ceph: stderr
2024-09-05T12:17:29.167+0000 7f44ab400640 1 --2- 172.21.15.71:0/78724399 >> [v2:172.21.15.71:3300/0,v1:172.21.15.71:6789/0] conn(0x7f44ac1073a0 0x7f44ac19b3a0 secure :-1 s=READY pgs=58 cs=0 l=1 rev1=1 crypto rx=0x7f449c0097f0 tx=0x7f449c0327b0 comp rx=0 tx=0).ready entity=mon.0 client_cookie=0 server_cookie=0 in_seq=0 out_seq=0
2024-09-05T12:17:30.225 INFO:teuthology.orchestra.run.smithi071.stdout:/usr/bin/ceph: stderr
2024-09-05T12:17:29.167+0000 7f44a3e00640 1 -- 172.21.15.71:0/78724399 <== mon.0 v2:172.21.15.71:3300/0 1 ==== mon_map magic: 0 ==== 205+0+0 (secure 0 0 0) 0x7f449c037040 con 0x7f44ac1073a0
2024-09-05T12:17:30.225 INFO:teuthology.orchestra.run.smithi071.stdout:/usr/bin/ceph: stderr
2024-09-05T12:17:29.167+0000 7f44a3e00640 1 -- 172.21.15.71:0/78724399 <== mon.0 v2:172.21.15.71:3300/0 2 ==== config(27 keys) ==== 1140+0+0 (secure 0 0 0) 0x7f449c030cc0 con 0x7f44ac1073a0
2024-09-05T12:17:30.225 INFO:teuthology.orchestra.run.smithi071.stdout:/usr/bin/ceph: stderr
2024-09-05T12:17:29.167+0000 7f44b0a00640 1 -- 172.21.15.71:0/78724399 --> [v2:172.21.15.71:3300/0,v1:172.21.15.71:6789/0] -- mon_subscribe({mgrmap=0+}) -- 0x7f44ac19bb70 con 0x7f44ac1073a0
2024-09-05T12:17:30.225 INFO:teuthology.orchestra.run.smithi071.stdout:/usr/bin/ceph: stderr
2024-09-05T12:17:29.167+0000 7f44b0a00640 1 -- 172.21.15.71:0/78724399 --> [v2:172.21.15.71:3300/0,v1:172.21.15.71:6789/0] -- mon_subscribe({osdmap=0}) -- 0x7f44ac19e860 con 0x7f44ac1073a0
2024-09-05T12:17:30.225 INFO:teuthology.orchestra.run.smithi071.stdout:/usr/bin/ceph: stderr
2024-09-05T12:17:29.168+0000 7f44a3e00640 1 -- 172.21.15.71:0/78724399 <== mon.0 v2:172.21.15.71:3300/0 3 ==== mon_map magic: 0 ==== 205+0+0 (secure 0 0 0) 0x7f449c03a640 con 0x7f44ac1073a0
2024-09-05T12:17:30.225 INFO:teuthology.orchestra.run.smithi071.stdout:/usr/bin/ceph: stderr
2024-09-05T12:17:29.168+0000 7f44a3e00640 1 -- 172.21.15.71:0/78724399 <== mon.0 v2:172.21.15.71:3300/0 4 ==== mgrmap(e 9) ==== 46300+0+0 (secure 0 0 0) 0x7f449c03a8f0 con 0x7f44ac1073a0
2024-09-05T12:17:30.225 INFO:teuthology.orchestra.run.smithi071.stdout:/usr/bin/ceph: stderr
2024-09-05T12:17:29.169+0000 7f44b0a00640 1 -- 172.21.15.71:0/78724399 --> [v2:172.21.15.71:3300/0,v1:172.21.15.71:6789/0] -- mon_command({"prefix": "get_command_descriptions"} v 0) -- 0x7f448c0052c0 con 0x7f44ac1073a0
2024-09-05T12:17:30.226 INFO:teuthology.orchestra.run.smithi071.stdout:/usr/bin/ceph: stderr
2024-09-05T12:17:29.169+0000 7f44a3e00640 1 --2- 172.21.15.71:0/78724399 >> [v2:172.21.15.71:6800/3648851306,v1:172.21.15.71:6801/3648851306] conn(0x7f4490039020 0x7f449003b4e0 unknown :-1 s=NONE pgs=0 cs=0 l=1 rev1=0 crypto rx=0 tx=0 comp rx=0 tx=0).connect
2024-09-05T12:17:30.226 INFO:teuthology.orchestra.run.smithi071.stdout:/usr/bin/ceph: stderr
2024-09-05T12:17:29.169+0000 7f44a3e00640 1 -- 172.21.15.71:0/78724399 <== mon.0 v2:172.21.15.71:3300/0 5 ==== osd_map(2..2 src has 1..2) ==== 940+0+0 (secure 0 0 0) 0x7f449c03b800 con 0x7f44ac1073a0
2024-09-05T12:17:30.226 INFO:teuthology.orchestra.run.smithi071.stdout:/usr/bin/ceph: stderr
2024-09-05T12:17:29.169+0000 7f44aaa00640 1 -- 172.21.15.71:0/78724399 >> [v2:172.21.15.71:6800/3648851306,v1:172.21.15.71:6801/3648851306] conn(0x7f4490039020 msgr2=0x7f449003b4e0 unknown :-1 s=STATE_CONNECTING_RE l=1).process reconnect failed to v2:172.21.15.71:6800/3648851306
2024-09-05T12:17:30.226 INFO:teuthology.orchestra.run.smithi071.stdout:/usr/bin/ceph: stderr
2024-09-05T12:17:29.169+0000 7f44aaa00640 1 --2- 172.21.15.71:0/78724399 >> [v2:172.21.15.71:6800/3648851306,v1:172.21.15.71:6801/3648851306] conn(0x7f4490039020 0x7f449003b4e0 unknown :-1 s=START_CONNECT pgs=0 cs=0 l=1 rev1=0 crypto rx=0 tx=0 comp rx=0 tx=0)._fault waiting 0.200000
2024-09-05T12:17:30.226 INFO:teuthology.orchestra.run.smithi071.stdout:/usr/bin/ceph: stderr
2024-09-05T12:17:29.174+0000 7f44a3e00640 1 -- 172.21.15.71:0/78724399 <== mon.0 v2:172.21.15.71:3300/0 6 ==== mon_command_ack([{"prefix": "get_command_descriptions"}]=0 v0) ==== 72+0+188821 (secure 0 0 0) 0x7f449c031e80 con 0x7f44ac1073a0
2024-09-05T12:17:30.226 INFO:teuthology.orchestra.run.smithi071.stdout:/usr/bin/ceph: stderr
2024-09-05T12:17:29.370+0000 7f44aaa00640 1 -- 172.21.15.71:0/78724399 >> [v2:172.21.15.71:6800/3648851306,v1:172.21.15.71:6801/3648851306] conn(0x7f4490039020 msgr2=0x7f449003b4e0 unknown :-1 s=STATE_CONNECTING_RE l=1).process reconnect failed to v2:172.21.15.71:6800/3648851306
2024-09-05T12:17:30.226 INFO:teuthology.orchestra.run.smithi071.stdout:/usr/bin/ceph: stderr
2024-09-05T12:17:29.370+0000 7f44aaa00640 1 --2- 172.21.15.71:0/78724399 >> [v2:172.21.15.71:6800/3648851306,v1:172.21.15.71:6801/3648851306] conn(0x7f4490039020 0x7f449003b4e0 unknown :-1 s=START_CONNECT pgs=0 cs=0 l=1 rev1=0 crypto rx=0 tx=0 comp rx=0 tx=0)._fault waiting 0.400000
2024-09-05T12:17:30.226 INFO:teuthology.orchestra.run.smithi071.stdout:/usr/bin/ceph: stderr
2024-09-05T12:17:29.401+0000 7f44b0a00640 1 -- 172.21.15.71:0/78724399 --> [v2:172.21.15.71:3300/0,v1:172.21.15.71:6789/0] -- mon_command({"prefix": "mgr stat"} v 0) -- 0x7f448c005880 con 0x7f44ac1073a0
2024-09-05T12:17:30.226 INFO:teuthology.orchestra.run.smithi071.stdout:/usr/bin/ceph: stderr
2024-09-05T12:17:29.402+0000 7f44a3e00640 1 -- 172.21.15.71:0/78724399 <== mon.0 v2:172.21.15.71:3300/0 7 ==== mon_command_ack([{"prefix": "mgr stat"}]=0 v9) ==== 56+0+88 (secure 0 0 0) 0x7f449c0328c0 con 0x7f44ac1073a0
2024-09-05T12:17:30.226 INFO:teuthology.orchestra.run.smithi071.stdout:/usr/bin/ceph: stderr
2024-09-05T12:17:29.404+0000 7f44b0a00640 1 -- 172.21.15.71:0/78724399 >> [v2:172.21.15.71:6800/3648851306,v1:172.21.15.71:6801/3648851306] conn(0x7f4490039020 msgr2=0x7f449003b4e0 unknown :-1 s=STATE_CONNECTING l=1).mark_down
2024-09-05T12:17:30.226 INFO:teuthology.orchestra.run.smithi071.stdout:/usr/bin/ceph: stderr
2024-09-05T12:17:29.404+0000 7f44b0a00640 1 --2- 172.21.15.71:0/78724399 >> [v2:172.21.15.71:6800/3648851306,v1:172.21.15.71:6801/3648851306] conn(0x7f4490039020 0x7f449003b4e0 unknown :-1 s=START_CONNECT pgs=0 cs=0 l=1 rev1=0 crypto rx=0 tx=0 comp rx=0 tx=0).stop
2024-09-05T12:17:30.226 INFO:teuthology.orchestra.run.smithi071.stdout:/usr/bin/ceph: stderr
2024-09-05T12:17:29.404+0000 7f44b0a00640 1 -- 172.21.15.71:0/78724399 >> [v2:172.21.15.71:3300/0,v1:172.21.15.71:6789/0] conn(0x7f44ac1073a0 msgr2=0x7f44ac19b3a0 secure :-1 s=STATE_CONNECTION_ESTABLISHED l=1).mark_down
2024-09-05T12:17:30.226 INFO:teuthology.orchestra.run.smithi071.stdout:/usr/bin/ceph: stderr
2024-09-05T12:17:29.404+0000 7f44b0a00640 1 --2- 172.21.15.71:0/78724399 >> [v2:172.21.15.71:3300/0,v1:172.21.15.71:6789/0] conn(0x7f44ac1073a0 0x7f44ac19b3a0 secure :-1 s=READY pgs=58 cs=0 l=1 rev1=1 crypto rx=0x7f449c0097f0 tx=0x7f449c0327b0 comp rx=0 tx=0).stop
2024-09-05T12:17:30.227 INFO:teuthology.orchestra.run.smithi071.stdout:/usr/bin/ceph: stderr
2024-09-05T12:17:29.404+0000 7f44b0a00640 1 -- 172.21.15.71:0/78724399 shutdown_connections
2024-09-05T12:17:30.227 INFO:teuthology.orchestra.run.smithi071.stdout:/usr/bin/ceph: stderr
2024-09-05T12:17:29.404+0000 7f44b0a00640 1 --2- 172.21.15.71:0/78724399 >> [v2:172.21.15.71:6800/3648851306,v1:172.21.15.71:6801/3648851306] conn(0x7f4490039020 0x7f449003b4e0 unknown :-1 s=CLOSED pgs=0 cs=0 l=1 rev1=0 crypto rx=0 tx=0 comp rx=0 tx=0).stop
2024-09-05T12:17:30.227 INFO:teuthology.orchestra.run.smithi071.stdout:/usr/bin/ceph: stderr
2024-09-05T12:17:29.404+0000 7f44b0a00640 1 --2- 172.21.15.71:0/78724399 >> [v2:172.21.15.71:3300/0,v1:172.21.15.71:6789/0] conn(0x7f44ac1073a0 0x7f44ac19b3a0 unknown :-1 s=CLOSED pgs=58 cs=0 l=1 rev1=1 crypto rx=0 tx=0 comp rx=0 tx=0).stop
2024-09-05T12:17:30.227 INFO:teuthology.orchestra.run.smithi071.stdout:/usr/bin/ceph: stderr
2024-09-05T12:17:29.404+0000 7f44b0a00640 1 -- 172.21.15.71:0/78724399 >> 172.21.15.71:0/78724399 conn(0x7f44ac102b90 msgr2=0x7f44ac103740 unknown :-1 s=STATE_NONE l=0).mark_down
2024-09-05T12:17:30.227 INFO:teuthology.orchestra.run.smithi071.stdout:/usr/bin/ceph: stderr
2024-09-05T12:17:29.404+0000 7f44b0a00640 1 -- 172.21.15.71:0/78724399 shutdown_connections
2024-09-05T12:17:30.227 INFO:teuthology.orchestra.run.smithi071.stdout:/usr/bin/ceph: stderr
2024-09-05T12:17:29.404+0000 7f44b0a00640 1 -- 172.21.15.71:0/78724399 wait complete.
2024-09-05T12:17:30.227 INFO:teuthology.orchestra.run.smithi071.stdout:Waiting for the mgr to restart...
2024-09-05T12:17:30.227 INFO:teuthology.orchestra.run.smithi071.stdout:Waiting for mgr epoch 9...
2024-09-05T12:17:31.149 INFO:journalctl@ceph.mgr.x.smithi071.stdout:Sep 05 12:17:30 smithi071 ceph-8c9ae41c-6b80-11ef-bcd6-c7b262605968-mgr-x[30082]:
2024-09-05T12:17:30.852+0000 7f1742ded040 -1 mgr[py] Module rook has missing NOTIFY_TYPES member
2024-09-05T12:17:31.149 INFO:journalctl@ceph.mgr.x.smithi071.stdout:Sep 05 12:17:30 smithi071 ceph-8c9ae41c-6b80-11ef-bcd6-c7b262605968-mgr-x[30082]:
2024-09-05T12:17:30.987+0000 7f1742ded040 -1 mgr[py] Module iostat has missing NOTIFY_TYPES member
2024-09-05T12:17:31.149 INFO:journalctl@ceph.mgr.x.smithi071.stdout:Sep 05 12:17:31 smithi071 ceph-8c9ae41c-6b80-11ef-bcd6-c7b262605968-mgr-x[30082]:
2024-09-05T12:17:31.147+0000 7f1742ded040 -1 mgr[py] Module orchestrator has missing NOTIFY_TYPES member
2024-09-05T12:17:31.404 INFO:journalctl@ceph.mgr.x.smithi071.stdout:Sep 05 12:17:31 smithi071 ceph-8c9ae41c-6b80-11ef-bcd6-c7b262605968-mgr-x[30082]:
2024-09-05T12:17:31.219+0000 7f1742ded040 -1 mgr[py] Module devicehealth has missing NOTIFY_TYPES member
2024-09-05T12:17:31.660 INFO:journalctl@ceph.mgr.x.smithi071.stdout:Sep 05 12:17:31 smithi071 ceph-8c9ae41c-6b80-11ef-bcd6-c7b262605968-mgr-x[30082]:
2024-09-05T12:17:31.416+0000 7f1742ded040 -1 mgr[py] Module rgw has missing NOTIFY_TYPES member
2024-09-05T12:17:31.661 INFO:journalctl@ceph.mgr.x.smithi071.stdout:Sep 05 12:17:31 smithi071 ceph-8c9ae41c-6b80-11ef-bcd6-c7b262605968-mgr-x[30082]:
2024-09-05T12:17:31.500+0000 7f1742ded040 -1 mgr[py] Module alerts has missing NOTIFY_TYPES member
2024-09-05T12:17:31.661 INFO:journalctl@ceph.mgr.x.smithi071.stdout:Sep 05 12:17:31 smithi071 ceph-8c9ae41c-6b80-11ef-bcd6-c7b262605968-mgr-x[30082]:
2024-09-05T12:17:31.571+0000 7f1742ded040 -1 mgr[py] Module progress has missing NOTIFY_TYPES member
2024-09-05T12:17:32.068 INFO:journalctl@ceph.mgr.x.smithi071.stdout:Sep 05 12:17:31 smithi071 ceph-8c9ae41c-6b80-11ef-bcd6-c7b262605968-mgr-x[30082]:
2024-09-05T12:17:31.749+0000 7f1742ded040 -1 mgr[py] Module nfs has missing NOTIFY_TYPES member
2024-09-05T12:17:32.069 INFO:journalctl@ceph.mgr.x.smithi071.stdout:Sep 05 12:17:31 smithi071 ceph-8c9ae41c-6b80-11ef-bcd6-c7b262605968-mgr-x[30082]:
2024-09-05T12:17:31.825+0000 7f1742ded040 -1 mgr[py] Module status has missing NOTIFY_TYPES member
2024-09-05T12:17:32.069 INFO:journalctl@ceph.mgr.x.smithi071.stdout:Sep 05 12:17:31 smithi071 ceph-8c9ae41c-6b80-11ef-bcd6-c7b262605968-mgr-x[30082]:
2024-09-05T12:17:31.903+0000 7f1742ded040 -1 mgr[py] Module pg_autoscaler has missing NOTIFY_TYPES member
2024-09-05T12:17:32.069 INFO:journalctl@ceph.mgr.x.smithi071.stdout:Sep 05 12:17:31 smithi071 ceph-8c9ae41c-6b80-11ef-bcd6-c7b262605968-mgr-x[30082]:
2024-09-05T12:17:31.998+0000 7f1742ded040 -1 mgr[py] Module rbd_support has missing NOTIFY_TYPES member
2024-09-05T12:17:32.069 INFO:journalctl@ceph.mgr.x.smithi071.stdout:Sep 05 12:17:32 smithi071 ceph-8c9ae41c-6b80-11ef-bcd6-c7b262605968-mgr-x[30082]:
2024-09-05T12:17:32.067+0000 7f1742ded040 -1 mgr[py] Module influx has missing NOTIFY_TYPES member
2024-09-05T12:17:32.410 INFO:journalctl@ceph.mgr.x.smithi071.stdout:Sep 05 12:17:32 smithi071 ceph-8c9ae41c-6b80-11ef-bcd6-c7b262605968-mgr-x[30082]:
2024-09-05T12:17:32.137+0000 7f1742ded040 -1 mgr[py] Module zabbix has missing NOTIFY_TYPES member
2024-09-05T12:17:33.411 INFO:journalctl@ceph.mgr.x.smithi071.stdout:Sep 05 12:17:33 smithi071 ceph-8c9ae41c-6b80-11ef-bcd6-c7b262605968-mgr-x[30082]:
2024-09-05T12:17:33.043+0000 7f1742ded040 -1 mgr[py] Module telegraf has missing NOTIFY_TYPES member
2024-09-05T12:17:33.411 INFO:journalctl@ceph.mon.a.smithi071.stdout:Sep 05 12:17:33 smithi071 ceph-mon[29845]: Active manager daemon x restarted
2024-09-05T12:17:33.411 INFO:journalctl@ceph.mon.a.smithi071.stdout:Sep 05 12:17:33 smithi071 ceph-mon[29845]: Activating manager daemon x
2024-09-05T12:17:33.411 INFO:journalctl@ceph.mon.a.smithi071.stdout:Sep 05 12:17:33 smithi071 ceph-mon[29845]: osdmap e3: 0 total, 0 up, 0 in
2024-09-05T12:17:33.411 INFO:journalctl@ceph.mon.a.smithi071.stdout:Sep 05 12:17:33 smithi071 ceph-mon[29845]: mgrmap e10: x(active, starting, since 0.0041671s)
2024-09-05T12:17:33.411 INFO:journalctl@ceph.mon.a.smithi071.stdout:Sep 05 12:17:33 smithi071 ceph-mon[29845]: from='mgr.14150 172.21.15.71:0/3160655641' entity='mgr.x' cmd=[{"prefix": "mon metadata", "id": "a"}]: dispatch
2024-09-05T12:17:33.411 INFO:journalctl@ceph.mon.a.smithi071.stdout:Sep 05 12:17:33 smithi071 ceph-mon[29845]: from='mgr.14150 172.21.15.71:0/3160655641' entity='mgr.x' cmd=[{"prefix": "mgr metadata", "who": "x", "id": "x"}]: dispatch
2024-09-05T12:17:33.411 INFO:journalctl@ceph.mon.a.smithi071.stdout:Sep 05 12:17:33 smithi071 ceph-mon[29845]: from='mgr.14150 172.21.15.71:0/3160655641' entity='mgr.x' cmd=[{"prefix": "mds metadata"}]: dispatch
2024-09-05T12:17:33.411 INFO:journalctl@ceph.mon.a.smithi071.stdout:Sep 05 12:17:33 smithi071 ceph-mon[29845]: from='mgr.14150 172.21.15.71:0/3160655641' entity='mgr.x' cmd=[{"prefix": "osd metadata"}]: dispatch
2024-09-05T12:17:33.412 INFO:journalctl@ceph.mon.a.smithi071.stdout:Sep 05 12:17:33 smithi071 ceph-mon[29845]: from='mgr.14150 172.21.15.71:0/3160655641' entity='mgr.x' cmd=[{"prefix": "mon metadata"}]: dispatch
2024-09-05T12:17:33.412 INFO:journalctl@ceph.mon.a.smithi071.stdout:Sep 05 12:17:33 smithi071 ceph-mon[29845]: Manager daemon x is now available
2024-09-05T12:17:33.412 INFO:journalctl@ceph.mon.a.smithi071.stdout:Sep 05 12:17:33 smithi071 ceph-mon[29845]: from='mgr.14150 172.21.15.71:0/3160655641' entity='mgr.x' cmd=[{"prefix": "config dump", "format": "json"}]: dispatch
2024-09-05T12:17:34.411 INFO:journalctl@ceph.mon.a.smithi071.stdout:Sep 05 12:17:34 smithi071 ceph-mon[29845]: from='mgr.14150 172.21.15.71:0/3160655641' entity='mgr.x' cmd=[{"prefix":"config rm","who":"mgr","name":"mgr/rbd_support/x/mirror_snapshot_schedule"}]: dispatch
2024-09-05T12:17:34.411 INFO:journalctl@ceph.mon.a.smithi071.stdout:Sep 05 12:17:34 smithi071 ceph-mon[29845]: from='mgr.14150 172.21.15.71:0/3160655641' entity='mgr.x' cmd=[{"prefix":"config rm","who":"mgr","name":"mgr/rbd_support/x/trash_purge_schedule"}]: dispatch
2024-09-05T12:17:34.411 INFO:journalctl@ceph.mon.a.smithi071.stdout:Sep 05 12:17:34 smithi071 ceph-mon[29845]: mgrmap e11: x(active, since 1.00945s)
2024-09-05T12:17:35.045 INFO:teuthology.orchestra.run.smithi071.stdout:/usr/bin/ceph: stdout {
2024-09-05T12:17:35.045 INFO:teuthology.orchestra.run.smithi071.stdout:/usr/bin/ceph: stdout "mgrmap_epoch": 11,
2024-09-05T12:17:35.045 INFO:teuthology.orchestra.run.smithi071.stdout:/usr/bin/ceph: stdout "initialized": true
2024-09-05T12:17:35.045 INFO:teuthology.orchestra.run.smithi071.stdout:/usr/bin/ceph: stdout }
2024-09-05T12:17:35.045 INFO:teuthology.orchestra.run.smithi071.stdout:/usr/bin/ceph: stderr
2024-09-05T12:17:30.825+0000 7f56bbe00640 1 Processor -- start
2024-09-05T12:17:35.045 INFO:teuthology.orchestra.run.smithi071.stdout:/usr/bin/ceph: stderr
2024-09-05T12:17:30.825+0000 7f56bbe00640 1 -- start start
2024-09-05T12:17:35.045 INFO:teuthology.orchestra.run.smithi071.stdout:/usr/bin/ceph: stderr
2024-09-05T12:17:30.825+0000 7f56bbe00640 1 --2- >> [v2:172.21.15.71:3300/0,v1:172.21.15.71:6789/0] conn(0x7f56bc07cd10 0x7f56bc07b170 unknown :-1 s=NONE pgs=0 cs=0 l=0 rev1=0 crypto rx=0 tx=0 comp rx=0 tx=0).connect
2024-09-05T12:17:35.045 INFO:teuthology.orchestra.run.smithi071.stdout:/usr/bin/ceph: stderr
2024-09-05T12:17:30.825+0000 7f56bbe00640 1 -- --> [v2:172.21.15.71:3300/0,v1:172.21.15.71:6789/0] -- mon_getmap magic: 0 -- 0x7f56bc07b740 con 0x7f56bc07cd10
2024-09-05T12:17:35.045 INFO:teuthology.orchestra.run.smithi071.stdout:/usr/bin/ceph: stderr
2024-09-05T12:17:30.825+0000 7f56baa00640 1 --2- >> [v2:172.21.15.71:3300/0,v1:172.21.15.71:6789/0] conn(0x7f56bc07cd10 0x7f56bc07b170 unknown :-1 s=BANNER_CONNECTING pgs=0 cs=0 l=0 rev1=0 crypto rx=0 tx=0 comp rx=0 tx=0)._handle_peer_banner_payload supported=3 required=0
2024-09-05T12:17:35.046 INFO:teuthology.orchestra.run.smithi071.stdout:/usr/bin/ceph: stderr
2024-09-05T12:17:30.826+0000 7f56baa00640 1 --2- >> [v2:172.21.15.71:3300/0,v1:172.21.15.71:6789/0] conn(0x7f56bc07cd10 0x7f56bc07b170 unknown :-1 s=HELLO_CONNECTING pgs=0 cs=0 l=0 rev1=1 crypto rx=0 tx=0 comp rx=0 tx=0).handle_hello peer v2:172.21.15.71:3300/0 says I am v2:172.21.15.71:55608/0 (socket says 172.21.15.71:55608)
2024-09-05T12:17:35.046 INFO:teuthology.orchestra.run.smithi071.stdout:/usr/bin/ceph: stderr
2024-09-05T12:17:30.826+0000 7f56baa00640 1 -- 172.21.15.71:0/1058124805 learned_addr learned my addr 172.21.15.71:0/1058124805 (peer_addr_for_me v2:172.21.15.71:0/0)
2024-09-05T12:17:35.046 INFO:teuthology.orchestra.run.smithi071.stdout:/usr/bin/ceph: stderr
2024-09-05T12:17:30.826+0000 7f56baa00640 1 -- 172.21.15.71:0/1058124805 --> [v2:172.21.15.71:3300/0,v1:172.21.15.71:6789/0] -- mon_subscribe({config=0+,monmap=0+}) -- 0x7f56bc07b8c0 con 0x7f56bc07cd10
2024-09-05T12:17:35.046 INFO:teuthology.orchestra.run.smithi071.stdout:/usr/bin/ceph: stderr
2024-09-05T12:17:30.827+0000 7f56baa00640 1 --2- 172.21.15.71:0/1058124805 >> [v2:172.21.15.71:3300/0,v1:172.21.15.71:6789/0] conn(0x7f56bc07cd10 0x7f56bc07b170 secure :-1 s=READY pgs=59 cs=0 l=1 rev1=1 crypto rx=0x7f56ac009820 tx=0x7f56ac02a270 comp rx=0 tx=0).ready entity=mon.0 client_cookie=b4c211c40f333542 server_cookie=0 in_seq=0 out_seq=0
2024-09-05T12:17:35.046 INFO:teuthology.orchestra.run.smithi071.stdout:/usr/bin/ceph: stderr
2024-09-05T12:17:30.827+0000 7f56b9600640 1 -- 172.21.15.71:0/1058124805 <== mon.0 v2:172.21.15.71:3300/0 1 ==== mon_map magic: 0 ==== 205+0+0 (secure 0 0 0) 0x7f56ac037070 con 0x7f56bc07cd10
2024-09-05T12:17:35.046 INFO:teuthology.orchestra.run.smithi071.stdout:/usr/bin/ceph: stderr
2024-09-05T12:17:30.827+0000 7f56b9600640 1 -- 172.21.15.71:0/1058124805 <== mon.0 v2:172.21.15.71:3300/0 2 ==== config(27 keys) ==== 1140+0+0 (secure 0 0 0) 0x7f56ac032920 con 0x7f56bc07cd10
2024-09-05T12:17:35.046 INFO:teuthology.orchestra.run.smithi071.stdout:/usr/bin/ceph: stderr
2024-09-05T12:17:30.827+0000 7f56b9600640 1 -- 172.21.15.71:0/1058124805 <== mon.0 v2:172.21.15.71:3300/0 3 ==== mon_map magic: 0 ==== 205+0+0 (secure 0 0 0) 0x7f56ac030810 con 0x7f56bc07cd10
2024-09-05T12:17:35.046 INFO:teuthology.orchestra.run.smithi071.stdout:/usr/bin/ceph: stderr
2024-09-05T12:17:30.828+0000 7f56bbe00640 1 -- 172.21.15.71:0/1058124805 >> [v2:172.21.15.71:3300/0,v1:172.21.15.71:6789/0] conn(0x7f56bc07cd10 msgr2=0x7f56bc07b170 secure :-1 s=STATE_CONNECTION_ESTABLISHED l=1).mark_down
2024-09-05T12:17:35.046 INFO:teuthology.orchestra.run.smithi071.stdout:/usr/bin/ceph: stderr
2024-09-05T12:17:30.828+0000 7f56bbe00640 1 --2- 172.21.15.71:0/1058124805 >> [v2:172.21.15.71:3300/0,v1:172.21.15.71:6789/0] conn(0x7f56bc07cd10 0x7f56bc07b170 secure :-1 s=READY pgs=59 cs=0 l=1 rev1=1 crypto rx=0x7f56ac009820 tx=0x7f56ac02a270 comp rx=0 tx=0).stop
2024-09-05T12:17:35.046 INFO:teuthology.orchestra.run.smithi071.stdout:/usr/bin/ceph: stderr
2024-09-05T12:17:30.828+0000 7f56bbe00640 1 -- 172.21.15.71:0/1058124805 shutdown_connections
2024-09-05T12:17:35.046 INFO:teuthology.orchestra.run.smithi071.stdout:/usr/bin/ceph: stderr
2024-09-05T12:17:30.828+0000 7f56bbe00640 1 --2- 172.21.15.71:0/1058124805 >> [v2:172.21.15.71:3300/0,v1:172.21.15.71:6789/0] conn(0x7f56bc07cd10 0x7f56bc07b170 unknown :-1 s=CLOSED pgs=59 cs=0 l=1 rev1=1 crypto rx=0 tx=0 comp rx=0 tx=0).stop
2024-09-05T12:17:35.047 INFO:teuthology.orchestra.run.smithi071.stdout:/usr/bin/ceph: stderr
2024-09-05T12:17:30.828+0000 7f56bbe00640 1 -- 172.21.15.71:0/1058124805 >> 172.21.15.71:0/1058124805 conn(0x7f56bc102b90 msgr2=0x7f56bc104fb0 unknown :-1 s=STATE_NONE l=0).mark_down
2024-09-05T12:17:35.047 INFO:teuthology.orchestra.run.smithi071.stdout:/usr/bin/ceph: stderr
2024-09-05T12:17:30.828+0000 7f56bbe00640 1 -- 172.21.15.71:0/1058124805 shutdown_connections
2024-09-05T12:17:35.047 INFO:teuthology.orchestra.run.smithi071.stdout:/usr/bin/ceph: stderr
2024-09-05T12:17:30.828+0000 7f56bbe00640 1 -- 172.21.15.71:0/1058124805 wait complete.
2024-09-05T12:17:35.047 INFO:teuthology.orchestra.run.smithi071.stdout:/usr/bin/ceph: stderr
2024-09-05T12:17:30.829+0000 7f56bbe00640 1 Processor -- start
2024-09-05T12:17:35.047 INFO:teuthology.orchestra.run.smithi071.stdout:/usr/bin/ceph: stderr
2024-09-05T12:17:30.829+0000 7f56bbe00640 1 -- start start
2024-09-05T12:17:35.047 INFO:teuthology.orchestra.run.smithi071.stdout:/usr/bin/ceph: stderr
2024-09-05T12:17:30.830+0000 7f56bbe00640 1 --2- >> [v2:172.21.15.71:3300/0,v1:172.21.15.71:6789/0] conn(0x7f56bc07cd10 0x7f56bc19d570 unknown :-1 s=NONE pgs=0 cs=0 l=1 rev1=0 crypto rx=0 tx=0 comp rx=0 tx=0).connect
2024-09-05T12:17:35.047 INFO:teuthology.orchestra.run.smithi071.stdout:/usr/bin/ceph: stderr
2024-09-05T12:17:30.830+0000 7f56bbe00640 1 -- --> [v2:172.21.15.71:3300/0,v1:172.21.15.71:6789/0] -- mon_getmap magic: 0 -- 0x7f56bc10da30 con 0x7f56bc07cd10
2024-09-05T12:17:35.047 INFO:teuthology.orchestra.run.smithi071.stdout:/usr/bin/ceph: stderr
2024-09-05T12:17:30.830+0000 7f56baa00640 1 --2- >> [v2:172.21.15.71:3300/0,v1:172.21.15.71:6789/0] conn(0x7f56bc07cd10 0x7f56bc19d570 unknown :-1 s=BANNER_CONNECTING pgs=0 cs=0 l=1 rev1=0 crypto rx=0 tx=0 comp rx=0 tx=0)._handle_peer_banner_payload supported=3 required=0
2024-09-05T12:17:35.047 INFO:teuthology.orchestra.run.smithi071.stdout:/usr/bin/ceph: stderr
2024-09-05T12:17:30.830+0000 7f56baa00640 1 --2- >> [v2:172.21.15.71:3300/0,v1:172.21.15.71:6789/0] conn(0x7f56bc07cd10 0x7f56bc19d570 unknown :-1 s=HELLO_CONNECTING pgs=0 cs=0 l=1 rev1=1 crypto rx=0 tx=0 comp rx=0 tx=0).handle_hello peer v2:172.21.15.71:3300/0 says I am v2:172.21.15.71:55620/0 (socket says 172.21.15.71:55620)
2024-09-05T12:17:35.047 INFO:teuthology.orchestra.run.smithi071.stdout:/usr/bin/ceph: stderr
2024-09-05T12:17:30.830+0000 7f56baa00640 1 -- 172.21.15.71:0/3636486665 learned_addr learned my addr 172.21.15.71:0/3636486665 (peer_addr_for_me v2:172.21.15.71:0/0)
2024-09-05T12:17:35.048 INFO:teuthology.orchestra.run.smithi071.stdout:/usr/bin/ceph: stderr
2024-09-05T12:17:30.830+0000 7f56baa00640 1 -- 172.21.15.71:0/3636486665 --> [v2:172.21.15.71:3300/0,v1:172.21.15.71:6789/0] -- mon_subscribe({config=0+,monmap=0+}) -- 0x7f56bc19dab0 con 0x7f56bc07cd10
2024-09-05T12:17:35.048 INFO:teuthology.orchestra.run.smithi071.stdout:/usr/bin/ceph: stderr
2024-09-05T12:17:30.830+0000 7f56baa00640 1 --2- 172.21.15.71:0/3636486665 >> [v2:172.21.15.71:3300/0,v1:172.21.15.71:6789/0] conn(0x7f56bc07cd10 0x7f56bc19d570 secure :-1 s=READY pgs=60 cs=0 l=1 rev1=1 crypto rx=0x7f56ac030380 tx=0x7f56ac032670 comp rx=0 tx=0).ready entity=mon.0 client_cookie=0 server_cookie=0 in_seq=0 out_seq=0
2024-09-05T12:17:35.048 INFO:teuthology.orchestra.run.smithi071.stdout:/usr/bin/ceph: stderr
2024-09-05T12:17:30.831+0000 7f56c0a00640 1 -- 172.21.15.71:0/3636486665 <== mon.0 v2:172.21.15.71:3300/0 1 ==== mon_map magic: 0 ==== 205+0+0 (secure 0 0 0) 0x7f56ac037040 con 0x7f56bc07cd10
2024-09-05T12:17:35.048 INFO:teuthology.orchestra.run.smithi071.stdout:/usr/bin/ceph: stderr
2024-09-05T12:17:30.831+0000 7f56c0a00640 1 -- 172.21.15.71:0/3636486665 <== mon.0 v2:172.21.15.71:3300/0 2 ==== config(27 keys) ==== 1140+0+0 (secure 0 0 0) 0x7f56ac040070 con 0x7f56bc07cd10
2024-09-05T12:17:35.048 INFO:teuthology.orchestra.run.smithi071.stdout:/usr/bin/ceph: stderr
2024-09-05T12:17:30.831+0000 7f56bbe00640 1 -- 172.21.15.71:0/3636486665 --> [v2:172.21.15.71:3300/0,v1:172.21.15.71:6789/0] -- mon_subscribe({mgrmap=0+}) -- 0x7f56bc19dd40 con 0x7f56bc07cd10
2024-09-05T12:17:35.048 INFO:teuthology.orchestra.run.smithi071.stdout:/usr/bin/ceph: stderr
2024-09-05T12:17:30.831+0000 7f56c0a00640 1 -- 172.21.15.71:0/3636486665 <== mon.0 v2:172.21.15.71:3300/0 3 ==== mon_map magic: 0 ==== 205+0+0 (secure 0 0 0) 0x7f56ac03a7b0 con 0x7f56bc07cd10
2024-09-05T12:17:35.048 INFO:teuthology.orchestra.run.smithi071.stdout:/usr/bin/ceph: stderr
2024-09-05T12:17:30.831+0000 7f56bbe00640 1 -- 172.21.15.71:0/3636486665 --> [v2:172.21.15.71:3300/0,v1:172.21.15.71:6789/0] -- mon_subscribe({osdmap=0}) -- 0x7f56bc1a0a30 con 0x7f56bc07cd10
2024-09-05T12:17:35.048 INFO:teuthology.orchestra.run.smithi071.stdout:/usr/bin/ceph: stderr
2024-09-05T12:17:30.832+0000 7f56c0a00640 1 -- 172.21.15.71:0/3636486665 <== mon.0 v2:172.21.15.71:3300/0 4 ==== mgrmap(e 9) ==== 46300+0+0 (secure 0 0 0) 0x7f56ac03aa30 con 0x7f56bc07cd10
2024-09-05T12:17:35.048 INFO:teuthology.orchestra.run.smithi071.stdout:/usr/bin/ceph: stderr
2024-09-05T12:17:30.833+0000 7f56c0a00640 1 --2- 172.21.15.71:0/3636486665 >> [v2:172.21.15.71:6800/3648851306,v1:172.21.15.71:6801/3648851306] conn(0x7f56a0038fc0 0x7f56a003b480 unknown :-1 s=NONE pgs=0 cs=0 l=1 rev1=0 crypto rx=0 tx=0 comp rx=0 tx=0).connect
2024-09-05T12:17:35.048 INFO:teuthology.orchestra.run.smithi071.stdout:/usr/bin/ceph: stderr
2024-09-05T12:17:30.833+0000 7f56c0a00640 1 -- 172.21.15.71:0/3636486665 --> [v2:172.21.15.71:6800/3648851306,v1:172.21.15.71:6801/3648851306] -- command(tid 0: {"prefix": "get_command_descriptions"}) -- 0x7f56a003bb90 con 0x7f56a0038fc0
2024-09-05T12:17:35.048 INFO:teuthology.orchestra.run.smithi071.stdout:/usr/bin/ceph: stderr
2024-09-05T12:17:30.833+0000 7f56c0a00640 1 -- 172.21.15.71:0/3636486665 <== mon.0 v2:172.21.15.71:3300/0 5 ==== osd_map(2..2 src has 1..2) ==== 940+0+0 (secure 0 0 0) 0x7f56ac06c730 con 0x7f56bc07cd10
2024-09-05T12:17:35.048 INFO:teuthology.orchestra.run.smithi071.stdout:/usr/bin/ceph: stderr
2024-09-05T12:17:30.833+0000 7f56ba000640 1 -- 172.21.15.71:0/3636486665 >> [v2:172.21.15.71:6800/3648851306,v1:172.21.15.71:6801/3648851306] conn(0x7f56a0038fc0 msgr2=0x7f56a003b480 unknown :-1 s=STATE_CONNECTING_RE l=1).process reconnect failed to v2:172.21.15.71:6800/3648851306
2024-09-05T12:17:35.048 INFO:teuthology.orchestra.run.smithi071.stdout:/usr/bin/ceph: stderr
2024-09-05T12:17:30.833+0000 7f56ba000640 1 --2- 172.21.15.71:0/3636486665 >> [v2:172.21.15.71:6800/3648851306,v1:172.21.15.71:6801/3648851306] conn(0x7f56a0038fc0 0x7f56a003b480 unknown :-1 s=START_CONNECT pgs=0 cs=0 l=1 rev1=0 crypto rx=0 tx=0 comp rx=0 tx=0)._fault waiting 0.200000
2024-09-05T12:17:35.049 INFO:teuthology.orchestra.run.smithi071.stdout:/usr/bin/ceph: stderr
2024-09-05T12:17:31.034+0000 7f56ba000640 1 -- 172.21.15.71:0/3636486665 >> [v2:172.21.15.71:6800/3648851306,v1:172.21.15.71:6801/3648851306] conn(0x7f56a0038fc0 msgr2=0x7f56a003b480 unknown :-1 s=STATE_CONNECTING_RE l=1).process reconnect failed to v2:172.21.15.71:6800/3648851306
2024-09-05T12:17:35.049 INFO:teuthology.orchestra.run.smithi071.stdout:/usr/bin/ceph: stderr
2024-09-05T12:17:31.034+0000 7f56ba000640 1 --2- 172.21.15.71:0/3636486665 >> [v2:172.21.15.71:6800/3648851306,v1:172.21.15.71:6801/3648851306] conn(0x7f56a0038fc0 0x7f56a003b480 unknown :-1 s=START_CONNECT pgs=0 cs=0 l=1 rev1=0 crypto rx=0 tx=0 comp rx=0 tx=0)._fault waiting 0.400000
2024-09-05T12:17:35.049 INFO:teuthology.orchestra.run.smithi071.stdout:/usr/bin/ceph: stderr
2024-09-05T12:17:31.435+0000 7f56ba000640 1 -- 172.21.15.71:0/3636486665 >> [v2:172.21.15.71:6800/3648851306,v1:172.21.15.71:6801/3648851306] conn(0x7f56a0038fc0 msgr2=0x7f56a003b480 unknown :-1 s=STATE_CONNECTING_RE l=1).process reconnect failed to v2:172.21.15.71:6800/3648851306
2024-09-05T12:17:35.049 INFO:teuthology.orchestra.run.smithi071.stdout:/usr/bin/ceph: stderr
2024-09-05T12:17:31.435+0000 7f56ba000640 1 --2- 172.21.15.71:0/3636486665 >> [v2:172.21.15.71:6800/3648851306,v1:172.21.15.71:6801/3648851306] conn(0x7f56a0038fc0 0x7f56a003b480 unknown :-1 s=START_CONNECT pgs=0 cs=0 l=1 rev1=0 crypto rx=0 tx=0 comp rx=0 tx=0)._fault waiting 0.800000
2024-09-05T12:17:35.049 INFO:teuthology.orchestra.run.smithi071.stdout:/usr/bin/ceph: stderr
2024-09-05T12:17:32.236+0000 7f56ba000640 1 -- 172.21.15.71:0/3636486665 >> [v2:172.21.15.71:6800/3648851306,v1:172.21.15.71:6801/3648851306] conn(0x7f56a0038fc0 msgr2=0x7f56a003b480 unknown :-1 s=STATE_CONNECTING_RE l=1).process reconnect failed to v2:172.21.15.71:6800/3648851306
2024-09-05T12:17:35.049 INFO:teuthology.orchestra.run.smithi071.stdout:/usr/bin/ceph: stderr
