2024-09-05T12:17:07.061+0000 7f4c4d800640 1 -- 172.21.15.71:0/2649962909 --> [v2:172.21.15.71:3300/0,v1:172.21.15.71:6789/0] -- mon_subscribe({mgrmap=0+}) -- 0x7f4c4819dd40 con 0x7f4c481095b0
2024-09-05T12:17:08.015 INFO:teuthology.orchestra.run.smithi071.stdout:/usr/bin/ceph: stderr
2024-09-05T12:17:07.061+0000 7f4c44c00640 1 -- 172.21.15.71:0/2649962909 <== mon.0 v2:172.21.15.71:3300/0 3 ==== mon_map magic: 0 ==== 205+0+0 (secure 0 0 0) 0x7f4c3803a390 con 0x7f4c481095b0
2024-09-05T12:17:08.015 INFO:teuthology.orchestra.run.smithi071.stdout:/usr/bin/ceph: stderr
2024-09-05T12:17:07.061+0000 7f4c4d800640 1 -- 172.21.15.71:0/2649962909 --> [v2:172.21.15.71:3300/0,v1:172.21.15.71:6789/0] -- mon_subscribe({osdmap=0}) -- 0x7f4c481a0a30 con 0x7f4c481095b0
2024-09-05T12:17:08.015 INFO:teuthology.orchestra.run.smithi071.stdout:/usr/bin/ceph: stderr
2024-09-05T12:17:07.062+0000 7f4c4d800640 1 -- 172.21.15.71:0/2649962909 --> [v2:172.21.15.71:3300/0,v1:172.21.15.71:6789/0] -- mon_command({"prefix": "get_command_descriptions"} v 0) -- 0x7f4c48109a30 con 0x7f4c481095b0
2024-09-05T12:17:08.015 INFO:teuthology.orchestra.run.smithi071.stdout:/usr/bin/ceph: stderr
2024-09-05T12:17:07.062+0000 7f4c44c00640 1 -- 172.21.15.71:0/2649962909 <== mon.0 v2:172.21.15.71:3300/0 4 ==== mgrmap(e 8) ==== 46287+0+0 (secure 0 0 0) 0x7f4c3803b430 con 0x7f4c481095b0
2024-09-05T12:17:08.015 INFO:teuthology.orchestra.run.smithi071.stdout:/usr/bin/ceph: stderr
2024-09-05T12:17:07.063+0000 7f4c44c00640 1 --2- 172.21.15.71:0/2649962909 >> [v2:172.21.15.71:6800/3648851306,v1:172.21.15.71:6801/3648851306] conn(0x7f4c2c038f70 0x7f4c2c03b430 unknown :-1 s=NONE pgs=0 cs=0 l=1 rev1=0 crypto rx=0 tx=0 comp rx=0 tx=0).connect
2024-09-05T12:17:08.015 INFO:teuthology.orchestra.run.smithi071.stdout:/usr/bin/ceph: stderr
2024-09-05T12:17:07.063+0000 7f4c44c00640 1 -- 172.21.15.71:0/2649962909 <== mon.0 v2:172.21.15.71:3300/0 5 ==== osd_map(2..2 src has 1..2) ==== 940+0+0 (secure 0 0 0) 0x7f4c3806c520 con 0x7f4c481095b0
2024-09-05T12:17:08.015 INFO:teuthology.orchestra.run.smithi071.stdout:/usr/bin/ceph: stderr
2024-09-05T12:17:07.063+0000 7f4c47400640 1 --2- 172.21.15.71:0/2649962909 >> [v2:172.21.15.71:6800/3648851306,v1:172.21.15.71:6801/3648851306] conn(0x7f4c2c038f70 0x7f4c2c03b430 unknown :-1 s=BANNER_CONNECTING pgs=0 cs=0 l=1 rev1=0 crypto rx=0 tx=0 comp rx=0 tx=0)._handle_peer_banner_payload supported=3 required=0
2024-09-05T12:17:08.015 INFO:teuthology.orchestra.run.smithi071.stdout:/usr/bin/ceph: stderr
2024-09-05T12:17:07.064+0000 7f4c47400640 1 --2- 172.21.15.71:0/2649962909 >> [v2:172.21.15.71:6800/3648851306,v1:172.21.15.71:6801/3648851306] conn(0x7f4c2c038f70 0x7f4c2c03b430 secure :-1 s=READY pgs=7 cs=0 l=1 rev1=1 crypto rx=0x7f4c340098c0 tx=0x7f4c34006db0 comp rx=0 tx=0).ready entity=mgr.14118 client_cookie=0 server_cookie=0 in_seq=0 out_seq=0
2024-09-05T12:17:08.015 INFO:teuthology.orchestra.run.smithi071.stdout:/usr/bin/ceph: stderr
2024-09-05T12:17:07.068+0000 7f4c44c00640 1 -- 172.21.15.71:0/2649962909 <== mon.0 v2:172.21.15.71:3300/0 6 ==== mon_command_ack([{"prefix": "get_command_descriptions"}]=0 v0) ==== 72+0+188821 (secure 0 0 0) 0x7f4c3806be70 con 0x7f4c481095b0
2024-09-05T12:17:08.015 INFO:teuthology.orchestra.run.smithi071.stdout:/usr/bin/ceph: stderr
2024-09-05T12:17:07.261+0000 7f4c4d800640 1 -- 172.21.15.71:0/2649962909 --> [v2:172.21.15.71:6800/3648851306,v1:172.21.15.71:6801/3648851306] -- mgr_command(tid 0: {"prefix": "orch set backend", "module_name": "cephadm", "target": ["mon-mgr", ""]}) -- 0x7f4c48107210 con 0x7f4c2c038f70
2024-09-05T12:17:08.015 INFO:teuthology.orchestra.run.smithi071.stdout:/usr/bin/ceph: stderr
2024-09-05T12:17:07.267+0000 7f4c44c00640 1 -- 172.21.15.71:0/2649962909 <== mgr.14118 v2:172.21.15.71:6800/3648851306 1 ==== mgr_command_reply(tid 0: 0 ) ==== 8+0+0 (secure 0 0 0) 0x7f4c48107210 con 0x7f4c2c038f70
2024-09-05T12:17:08.015 INFO:teuthology.orchestra.run.smithi071.stdout:/usr/bin/ceph: stderr
2024-09-05T12:17:07.269+0000 7f4c4d800640 1 -- 172.21.15.71:0/2649962909 >> [v2:172.21.15.71:6800/3648851306,v1:172.21.15.71:6801/3648851306] conn(0x7f4c2c038f70 msgr2=0x7f4c2c03b430 secure :-1 s=STATE_CONNECTION_ESTABLISHED l=1).mark_down
2024-09-05T12:17:08.016 INFO:teuthology.orchestra.run.smithi071.stdout:/usr/bin/ceph: stderr
2024-09-05T12:17:07.269+0000 7f4c4d800640 1 --2- 172.21.15.71:0/2649962909 >> [v2:172.21.15.71:6800/3648851306,v1:172.21.15.71:6801/3648851306] conn(0x7f4c2c038f70 0x7f4c2c03b430 secure :-1 s=READY pgs=7 cs=0 l=1 rev1=1 crypto rx=0x7f4c340098c0 tx=0x7f4c34006db0 comp rx=0 tx=0).stop
2024-09-05T12:17:08.016 INFO:teuthology.orchestra.run.smithi071.stdout:/usr/bin/ceph: stderr
2024-09-05T12:17:07.269+0000 7f4c4d800640 1 -- 172.21.15.71:0/2649962909 >> [v2:172.21.15.71:3300/0,v1:172.21.15.71:6789/0] conn(0x7f4c481095b0 msgr2=0x7f4c4819d570 secure :-1 s=STATE_CONNECTION_ESTABLISHED l=1).mark_down
2024-09-05T12:17:08.016 INFO:teuthology.orchestra.run.smithi071.stdout:/usr/bin/ceph: stderr
2024-09-05T12:17:07.269+0000 7f4c4d800640 1 --2- 172.21.15.71:0/2649962909 >> [v2:172.21.15.71:3300/0,v1:172.21.15.71:6789/0] conn(0x7f4c481095b0 0x7f4c4819d570 secure :-1 s=READY pgs=36 cs=0 l=1 rev1=1 crypto rx=0x7f4c380097f0 tx=0x7f4c38030d80 comp rx=0 tx=0).stop
2024-09-05T12:17:08.016 INFO:teuthology.orchestra.run.smithi071.stdout:/usr/bin/ceph: stderr
2024-09-05T12:17:07.269+0000 7f4c4d800640 1 -- 172.21.15.71:0/2649962909 shutdown_connections
2024-09-05T12:17:08.016 INFO:teuthology.orchestra.run.smithi071.stdout:/usr/bin/ceph: stderr
2024-09-05T12:17:07.269+0000 7f4c4d800640 1 --2- 172.21.15.71:0/2649962909 >> [v2:172.21.15.71:6800/3648851306,v1:172.21.15.71:6801/3648851306] conn(0x7f4c2c038f70 0x7f4c2c03b430 unknown :-1 s=CLOSED pgs=7 cs=0 l=1 rev1=1 crypto rx=0 tx=0 comp rx=0 tx=0).stop
2024-09-05T12:17:08.016 INFO:teuthology.orchestra.run.smithi071.stdout:/usr/bin/ceph: stderr
2024-09-05T12:17:07.269+0000 7f4c4d800640 1 --2- 172.21.15.71:0/2649962909 >> [v2:172.21.15.71:3300/0,v1:172.21.15.71:6789/0] conn(0x7f4c481095b0 0x7f4c4819d570 unknown :-1 s=CLOSED pgs=36 cs=0 l=1 rev1=1 crypto rx=0 tx=0 comp rx=0 tx=0).stop
2024-09-05T12:17:08.016 INFO:teuthology.orchestra.run.smithi071.stdout:/usr/bin/ceph: stderr
2024-09-05T12:17:07.269+0000 7f4c4d800640 1 -- 172.21.15.71:0/2649962909 >> 172.21.15.71:0/2649962909 conn(0x7f4c4807cbc0 msgr2=0x7f4c48106b00 unknown :-1 s=STATE_NONE l=0).mark_down
2024-09-05T12:17:08.016 INFO:teuthology.orchestra.run.smithi071.stdout:/usr/bin/ceph: stderr
2024-09-05T12:17:07.269+0000 7f4c4d800640 1 -- 172.21.15.71:0/2649962909 shutdown_connections
2024-09-05T12:17:08.016 INFO:teuthology.orchestra.run.smithi071.stdout:/usr/bin/ceph: stderr
2024-09-05T12:17:07.269+0000 7f4c4d800640 1 -- 172.21.15.71:0/2649962909 wait complete.
2024-09-05T12:17:09.161 INFO:journalctl@ceph.mon.a.smithi071.stdout:Sep 05 12:17:08 smithi071 ceph-mon[29845]: [05/Sep/2024:12:17:07] ENGINE Serving on https://172.21.15.71:7150
2024-09-05T12:17:09.161 INFO:journalctl@ceph.mon.a.smithi071.stdout:Sep 05 12:17:08 smithi071 ceph-mon[29845]: [05/Sep/2024:12:17:07] ENGINE Error in HTTPServer.serve
2024-09-05T12:17:09.161 INFO:journalctl@ceph.mon.a.smithi071.stdout: Traceback (most recent call last):
2024-09-05T12:17:09.161 INFO:journalctl@ceph.mon.a.smithi071.stdout: File "/lib/python3.9/site-packages/cheroot/server.py", line 1823, in serve
2024-09-05T12:17:09.161 INFO:journalctl@ceph.mon.a.smithi071.stdout: self._connections.run(self.expiration_interval)
2024-09-05T12:17:09.161 INFO:journalctl@ceph.mon.a.smithi071.stdout: File "/lib/python3.9/site-packages/cheroot/connections.py", line 203, in run
2024-09-05T12:17:09.161 INFO:journalctl@ceph.mon.a.smithi071.stdout: self._run(expiration_interval)
2024-09-05T12:17:09.161 INFO:journalctl@ceph.mon.a.smithi071.stdout: File "/lib/python3.9/site-packages/cheroot/connections.py", line 246, in _run
2024-09-05T12:17:09.161 INFO:journalctl@ceph.mon.a.smithi071.stdout: new_conn = self._from_server_socket(self.server.socket)
2024-09-05T12:17:09.161 INFO:journalctl@ceph.mon.a.smithi071.stdout: File "/lib/python3.9/site-packages/cheroot/connections.py", line 300, in _from_server_socket
2024-09-05T12:17:09.161 INFO:journalctl@ceph.mon.a.smithi071.stdout: s, ssl_env = self.server.ssl_adapter.wrap(s)
2024-09-05T12:17:09.162 INFO:journalctl@ceph.mon.a.smithi071.stdout: File "/lib/python3.9/site-packages/cheroot/ssl/builtin.py", line 277, in wrap
2024-09-05T12:17:09.162 INFO:journalctl@ceph.mon.a.smithi071.stdout: s = self.context.wrap_socket(
2024-09-05T12:17:09.162 INFO:journalctl@ceph.mon.a.smithi071.stdout: File "/lib64/python3.9/ssl.py", line 501, in wrap_socket
2024-09-05T12:17:09.162 INFO:journalctl@ceph.mon.a.smithi071.stdout: return self.sslsocket_class._create(
2024-09-05T12:17:09.162 INFO:journalctl@ceph.mon.a.smithi071.stdout: File "/lib64/python3.9/ssl.py", line 1074, in _create
2024-09-05T12:17:09.162 INFO:journalctl@ceph.mon.a.smithi071.stdout: self.do_handshake()
2024-09-05T12:17:09.162 INFO:journalctl@ceph.mon.a.smithi071.stdout: File "/lib64/python3.9/ssl.py", line 1343, in do_handshake
2024-09-05T12:17:09.162 INFO:journalctl@ceph.mon.a.smithi071.stdout: self._sslobj.do_handshake()
2024-09-05T12:17:09.162 INFO:journalctl@ceph.mon.a.smithi071.stdout: ssl.SSLZeroReturnError: TLS/SSL connection has been closed (EOF) (_ssl.c:1133)
2024-09-05T12:17:09.162 INFO:journalctl@ceph.mon.a.smithi071.stdout:Sep 05 12:17:08 smithi071 ceph-mon[29845]: from='client.14130 -' entity='client.admin' cmd=[{"prefix": "orch set backend", "module_name": "cephadm", "target": ["mon-mgr", ""]}]: dispatch
2024-09-05T12:17:09.162 INFO:journalctl@ceph.mon.a.smithi071.stdout:Sep 05 12:17:08 smithi071 ceph-mon[29845]: [05/Sep/2024:12:17:07] ENGINE Serving on http://172.21.15.71:8765
2024-09-05T12:17:09.162 INFO:journalctl@ceph.mon.a.smithi071.stdout:Sep 05 12:17:08 smithi071 ceph-mon[29845]: [05/Sep/2024:12:17:07] ENGINE Bus STARTED
2024-09-05T12:17:09.686 INFO:teuthology.orchestra.run.smithi071.stdout:/usr/bin/ceph: stdout value unchanged
2024-09-05T12:17:09.686 INFO:teuthology.orchestra.run.smithi071.stdout:/usr/bin/ceph: stderr
2024-09-05T12:17:08.765+0000 7f8d2d400640 1 Processor -- start
2024-09-05T12:17:09.686 INFO:teuthology.orchestra.run.smithi071.stdout:/usr/bin/ceph: stderr
2024-09-05T12:17:08.765+0000 7f8d2d400640 1 -- start start
2024-09-05T12:17:09.686 INFO:teuthology.orchestra.run.smithi071.stdout:/usr/bin/ceph: stderr
2024-09-05T12:17:08.765+0000 7f8d2d400640 1 --2- >> [v2:172.21.15.71:3300/0,v1:172.21.15.71:6789/0] conn(0x7f8d281095b0 0x7f8d281099b0 unknown :-1 s=NONE pgs=0 cs=0 l=0 rev1=0 crypto rx=0 tx=0 comp rx=0 tx=0).connect
2024-09-05T12:17:09.686 INFO:teuthology.orchestra.run.smithi071.stdout:/usr/bin/ceph: stderr
2024-09-05T12:17:08.765+0000 7f8d2d400640 1 -- --> [v2:172.21.15.71:3300/0,v1:172.21.15.71:6789/0] -- mon_getmap magic: 0 -- 0x7f8d28109f80 con 0x7f8d281095b0
2024-09-05T12:17:09.686 INFO:teuthology.orchestra.run.smithi071.stdout:/usr/bin/ceph: stderr
2024-09-05T12:17:08.765+0000 7f8d27e00640 1 --2- >> [v2:172.21.15.71:3300/0,v1:172.21.15.71:6789/0] conn(0x7f8d281095b0 0x7f8d281099b0 unknown :-1 s=BANNER_CONNECTING pgs=0 cs=0 l=0 rev1=0 crypto rx=0 tx=0 comp rx=0 tx=0)._handle_peer_banner_payload supported=3 required=0
2024-09-05T12:17:09.686 INFO:teuthology.orchestra.run.smithi071.stdout:/usr/bin/ceph: stderr
2024-09-05T12:17:08.766+0000 7f8d27e00640 1 --2- >> [v2:172.21.15.71:3300/0,v1:172.21.15.71:6789/0] conn(0x7f8d281095b0 0x7f8d281099b0 unknown :-1 s=HELLO_CONNECTING pgs=0 cs=0 l=0 rev1=1 crypto rx=0 tx=0 comp rx=0 tx=0).handle_hello peer v2:172.21.15.71:3300/0 says I am v2:172.21.15.71:51690/0 (socket says 172.21.15.71:51690)
2024-09-05T12:17:09.686 INFO:teuthology.orchestra.run.smithi071.stdout:/usr/bin/ceph: stderr
2024-09-05T12:17:08.766+0000 7f8d27e00640 1 -- 172.21.15.71:0/1849735131 learned_addr learned my addr 172.21.15.71:0/1849735131 (peer_addr_for_me v2:172.21.15.71:0/0)
2024-09-05T12:17:09.687 INFO:teuthology.orchestra.run.smithi071.stdout:/usr/bin/ceph: stderr
2024-09-05T12:17:08.766+0000 7f8d27e00640 1 -- 172.21.15.71:0/1849735131 --> [v2:172.21.15.71:3300/0,v1:172.21.15.71:6789/0] -- mon_subscribe({config=0+,monmap=0+}) -- 0x7f8d2810a7b0 con 0x7f8d281095b0
2024-09-05T12:17:09.687 INFO:teuthology.orchestra.run.smithi071.stdout:/usr/bin/ceph: stderr
2024-09-05T12:17:08.767+0000 7f8d27e00640 1 --2- 172.21.15.71:0/1849735131 >> [v2:172.21.15.71:3300/0,v1:172.21.15.71:6789/0] conn(0x7f8d281095b0 0x7f8d281099b0 secure :-1 s=READY pgs=37 cs=0 l=1 rev1=1 crypto rx=0x7f8d18009820 tx=0x7f8d1802a270 comp rx=0 tx=0).ready entity=mon.0 client_cookie=7e5248d61f109b53 server_cookie=0 in_seq=0 out_seq=0
2024-09-05T12:17:09.687 INFO:teuthology.orchestra.run.smithi071.stdout:/usr/bin/ceph: stderr
2024-09-05T12:17:08.767+0000 7f8d27400640 1 -- 172.21.15.71:0/1849735131 <== mon.0 v2:172.21.15.71:3300/0 1 ==== mon_map magic: 0 ==== 205+0+0 (secure 0 0 0) 0x7f8d18037070 con 0x7f8d281095b0
2024-09-05T12:17:09.687 INFO:teuthology.orchestra.run.smithi071.stdout:/usr/bin/ceph: stderr
2024-09-05T12:17:08.767+0000 7f8d27400640 1 -- 172.21.15.71:0/1849735131 <== mon.0 v2:172.21.15.71:3300/0 2 ==== config(27 keys) ==== 1109+0+0 (secure 0 0 0) 0x7f8d18032900 con 0x7f8d281095b0
2024-09-05T12:17:09.687 INFO:teuthology.orchestra.run.smithi071.stdout:/usr/bin/ceph: stderr
2024-09-05T12:17:08.767+0000 7f8d27400640 1 -- 172.21.15.71:0/1849735131 <== mon.0 v2:172.21.15.71:3300/0 3 ==== mon_map magic: 0 ==== 205+0+0 (secure 0 0 0) 0x7f8d18030850 con 0x7f8d281095b0
2024-09-05T12:17:09.687 INFO:teuthology.orchestra.run.smithi071.stdout:/usr/bin/ceph: stderr
2024-09-05T12:17:08.768+0000 7f8d2d400640 1 -- 172.21.15.71:0/1849735131 >> [v2:172.21.15.71:3300/0,v1:172.21.15.71:6789/0] conn(0x7f8d281095b0 msgr2=0x7f8d281099b0 secure :-1 s=STATE_CONNECTION_ESTABLISHED l=1).mark_down
2024-09-05T12:17:09.687 INFO:teuthology.orchestra.run.smithi071.stdout:/usr/bin/ceph: stderr
2024-09-05T12:17:08.768+0000 7f8d2d400640 1 --2- 172.21.15.71:0/1849735131 >> [v2:172.21.15.71:3300/0,v1:172.21.15.71:6789/0] conn(0x7f8d281095b0 0x7f8d281099b0 secure :-1 s=READY pgs=37 cs=0 l=1 rev1=1 crypto rx=0x7f8d18009820 tx=0x7f8d1802a270 comp rx=0 tx=0).stop
2024-09-05T12:17:09.687 INFO:teuthology.orchestra.run.smithi071.stdout:/usr/bin/ceph: stderr
2024-09-05T12:17:08.768+0000 7f8d2d400640 1 -- 172.21.15.71:0/1849735131 shutdown_connections
2024-09-05T12:17:09.687 INFO:teuthology.orchestra.run.smithi071.stdout:/usr/bin/ceph: stderr
2024-09-05T12:17:08.768+0000 7f8d2d400640 1 --2- 172.21.15.71:0/1849735131 >> [v2:172.21.15.71:3300/0,v1:172.21.15.71:6789/0] conn(0x7f8d281095b0 0x7f8d281099b0 unknown :-1 s=CLOSED pgs=37 cs=0 l=1 rev1=1 crypto rx=0 tx=0 comp rx=0 tx=0).stop
2024-09-05T12:17:09.687 INFO:teuthology.orchestra.run.smithi071.stdout:/usr/bin/ceph: stderr
2024-09-05T12:17:08.768+0000 7f8d2d400640 1 -- 172.21.15.71:0/1849735131 >> 172.21.15.71:0/1849735131 conn(0x7f8d2807cbc0 msgr2=0x7f8d28107360 unknown :-1 s=STATE_NONE l=0).mark_down
2024-09-05T12:17:09.687 INFO:teuthology.orchestra.run.smithi071.stdout:/usr/bin/ceph: stderr
2024-09-05T12:17:08.768+0000 7f8d2d400640 1 -- 172.21.15.71:0/1849735131 shutdown_connections
2024-09-05T12:17:09.687 INFO:teuthology.orchestra.run.smithi071.stdout:/usr/bin/ceph: stderr
2024-09-05T12:17:08.768+0000 7f8d2d400640 1 -- 172.21.15.71:0/1849735131 wait complete.
2024-09-05T12:17:09.687 INFO:teuthology.orchestra.run.smithi071.stdout:/usr/bin/ceph: stderr
2024-09-05T12:17:08.769+0000 7f8d2d400640 1 Processor -- start
2024-09-05T12:17:09.688 INFO:teuthology.orchestra.run.smithi071.stdout:/usr/bin/ceph: stderr
2024-09-05T12:17:08.770+0000 7f8d2d400640 1 -- start start
2024-09-05T12:17:09.688 INFO:teuthology.orchestra.run.smithi071.stdout:/usr/bin/ceph: stderr
2024-09-05T12:17:08.770+0000 7f8d2d400640 1 --2- >> [v2:172.21.15.71:3300/0,v1:172.21.15.71:6789/0] conn(0x7f8d281095b0 0x7f8d2819d570 unknown :-1 s=NONE pgs=0 cs=0 l=1 rev1=0 crypto rx=0 tx=0 comp rx=0 tx=0).connect
2024-09-05T12:17:09.688 INFO:teuthology.orchestra.run.smithi071.stdout:/usr/bin/ceph: stderr
2024-09-05T12:17:08.770+0000 7f8d2d400640 1 -- --> [v2:172.21.15.71:3300/0,v1:172.21.15.71:6789/0] -- mon_getmap magic: 0 -- 0x7f8d2810db60 con 0x7f8d281095b0
2024-09-05T12:17:09.688 INFO:teuthology.orchestra.run.smithi071.stdout:/usr/bin/ceph: stderr
2024-09-05T12:17:08.770+0000 7f8d27e00640 1 --2- >> [v2:172.21.15.71:3300/0,v1:172.21.15.71:6789/0] conn(0x7f8d281095b0 0x7f8d2819d570 unknown :-1 s=BANNER_CONNECTING pgs=0 cs=0 l=1 rev1=0 crypto rx=0 tx=0 comp rx=0 tx=0)._handle_peer_banner_payload supported=3 required=0
2024-09-05T12:17:09.688 INFO:teuthology.orchestra.run.smithi071.stdout:/usr/bin/ceph: stderr
2024-09-05T12:17:08.771+0000 7f8d27e00640 1 --2- >> [v2:172.21.15.71:3300/0,v1:172.21.15.71:6789/0] conn(0x7f8d281095b0 0x7f8d2819d570 unknown :-1 s=HELLO_CONNECTING pgs=0 cs=0 l=1 rev1=1 crypto rx=0 tx=0 comp rx=0 tx=0).handle_hello peer v2:172.21.15.71:3300/0 says I am v2:172.21.15.71:51702/0 (socket says 172.21.15.71:51702)
2024-09-05T12:17:09.688 INFO:teuthology.orchestra.run.smithi071.stdout:/usr/bin/ceph: stderr
2024-09-05T12:17:08.771+0000 7f8d27e00640 1 -- 172.21.15.71:0/2889417215 learned_addr learned my addr 172.21.15.71:0/2889417215 (peer_addr_for_me v2:172.21.15.71:0/0)
2024-09-05T12:17:09.688 INFO:teuthology.orchestra.run.smithi071.stdout:/usr/bin/ceph: stderr
2024-09-05T12:17:08.771+0000 7f8d27e00640 1 -- 172.21.15.71:0/2889417215 --> [v2:172.21.15.71:3300/0,v1:172.21.15.71:6789/0] -- mon_subscribe({config=0+,monmap=0+}) -- 0x7f8d2819dab0 con 0x7f8d281095b0
2024-09-05T12:17:09.688 INFO:teuthology.orchestra.run.smithi071.stdout:/usr/bin/ceph: stderr
2024-09-05T12:17:08.771+0000 7f8d27e00640 1 --2- 172.21.15.71:0/2889417215 >> [v2:172.21.15.71:3300/0,v1:172.21.15.71:6789/0] conn(0x7f8d281095b0 0x7f8d2819d570 secure :-1 s=READY pgs=38 cs=0 l=1 rev1=1 crypto rx=0x7f8d180097f0 tx=0x7f8d18030d80 comp rx=0 tx=0).ready entity=mon.0 client_cookie=0 server_cookie=0 in_seq=0 out_seq=0
2024-09-05T12:17:09.688 INFO:teuthology.orchestra.run.smithi071.stdout:/usr/bin/ceph: stderr
2024-09-05T12:17:08.771+0000 7f8d25600640 1 -- 172.21.15.71:0/2889417215 <== mon.0 v2:172.21.15.71:3300/0 1 ==== mon_map magic: 0 ==== 205+0+0 (secure 0 0 0) 0x7f8d18037040 con 0x7f8d281095b0
2024-09-05T12:17:09.688 INFO:teuthology.orchestra.run.smithi071.stdout:/usr/bin/ceph: stderr
2024-09-05T12:17:08.771+0000 7f8d25600640 1 -- 172.21.15.71:0/2889417215 <== mon.0 v2:172.21.15.71:3300/0 2 ==== config(27 keys) ==== 1109+0+0 (secure 0 0 0) 0x7f8d18040070 con 0x7f8d281095b0
2024-09-05T12:17:09.688 INFO:teuthology.orchestra.run.smithi071.stdout:/usr/bin/ceph: stderr
2024-09-05T12:17:08.771+0000 7f8d25600640 1 -- 172.21.15.71:0/2889417215 <== mon.0 v2:172.21.15.71:3300/0 3 ==== mon_map magic: 0 ==== 205+0+0 (secure 0 0 0) 0x7f8d1803a390 con 0x7f8d281095b0
2024-09-05T12:17:09.688 INFO:teuthology.orchestra.run.smithi071.stdout:/usr/bin/ceph: stderr
2024-09-05T12:17:08.772+0000 7f8d2d400640 1 -- 172.21.15.71:0/2889417215 --> [v2:172.21.15.71:3300/0,v1:172.21.15.71:6789/0] -- mon_subscribe({mgrmap=0+}) -- 0x7f8d2819dd40 con 0x7f8d281095b0
2024-09-05T12:17:09.688 INFO:teuthology.orchestra.run.smithi071.stdout:/usr/bin/ceph: stderr
2024-09-05T12:17:08.772+0000 7f8d2d400640 1 -- 172.21.15.71:0/2889417215 --> [v2:172.21.15.71:3300/0,v1:172.21.15.71:6789/0] -- mon_subscribe({osdmap=0}) -- 0x7f8d281a0a30 con 0x7f8d281095b0
2024-09-05T12:17:09.689 INFO:teuthology.orchestra.run.smithi071.stdout:/usr/bin/ceph: stderr
2024-09-05T12:17:08.773+0000 7f8d25600640 1 -- 172.21.15.71:0/2889417215 <== mon.0 v2:172.21.15.71:3300/0 4 ==== mgrmap(e 8) ==== 46287+0+0 (secure 0 0 0) 0x7f8d18032900 con 0x7f8d281095b0
2024-09-05T12:17:09.689 INFO:teuthology.orchestra.run.smithi071.stdout:/usr/bin/ceph: stderr
2024-09-05T12:17:08.773+0000 7f8d2d400640 1 -- 172.21.15.71:0/2889417215 --> [v2:172.21.15.71:3300/0,v1:172.21.15.71:6789/0] -- mon_command({"prefix": "get_command_descriptions"} v 0) -- 0x7f8d28109a30 con 0x7f8d281095b0
2024-09-05T12:17:09.689 INFO:teuthology.orchestra.run.smithi071.stdout:/usr/bin/ceph: stderr
2024-09-05T12:17:08.773+0000 7f8d25600640 1 --2- 172.21.15.71:0/2889417215 >> [v2:172.21.15.71:6800/3648851306,v1:172.21.15.71:6801/3648851306] conn(0x7f8d0c038f70 0x7f8d0c03b430 unknown :-1 s=NONE pgs=0 cs=0 l=1 rev1=0 crypto rx=0 tx=0 comp rx=0 tx=0).connect
2024-09-05T12:17:09.689 INFO:teuthology.orchestra.run.smithi071.stdout:/usr/bin/ceph: stderr
2024-09-05T12:17:08.773+0000 7f8d25600640 1 -- 172.21.15.71:0/2889417215 <== mon.0 v2:172.21.15.71:3300/0 5 ==== osd_map(2..2 src has 1..2) ==== 940+0+0 (secure 0 0 0) 0x7f8d1806c540 con 0x7f8d281095b0
2024-09-05T12:17:09.689 INFO:teuthology.orchestra.run.smithi071.stdout:/usr/bin/ceph: stderr
2024-09-05T12:17:08.773+0000 7f8d1f400640 1 --2- 172.21.15.71:0/2889417215 >> [v2:172.21.15.71:6800/3648851306,v1:172.21.15.71:6801/3648851306] conn(0x7f8d0c038f70 0x7f8d0c03b430 unknown :-1 s=BANNER_CONNECTING pgs=0 cs=0 l=1 rev1=0 crypto rx=0 tx=0 comp rx=0 tx=0)._handle_peer_banner_payload supported=3 required=0
2024-09-05T12:17:09.689 INFO:teuthology.orchestra.run.smithi071.stdout:/usr/bin/ceph: stderr
2024-09-05T12:17:08.774+0000 7f8d1f400640 1 --2- 172.21.15.71:0/2889417215 >> [v2:172.21.15.71:6800/3648851306,v1:172.21.15.71:6801/3648851306] conn(0x7f8d0c038f70 0x7f8d0c03b430 secure :-1 s=READY pgs=8 cs=0 l=1 rev1=1 crypto rx=0x7f8d100098c0 tx=0x7f8d10006db0 comp rx=0 tx=0).ready entity=mgr.14118 client_cookie=0 server_cookie=0 in_seq=0 out_seq=0
2024-09-05T12:17:09.689 INFO:teuthology.orchestra.run.smithi071.stdout:/usr/bin/ceph: stderr
2024-09-05T12:17:08.778+0000 7f8d25600640 1 -- 172.21.15.71:0/2889417215 <== mon.0 v2:172.21.15.71:3300/0 6 ==== mon_command_ack([{"prefix": "get_command_descriptions"}]=0 v0) ==== 72+0+188821 (secure 0 0 0) 0x7f8d1806be90 con 0x7f8d281095b0
2024-09-05T12:17:09.689 INFO:teuthology.orchestra.run.smithi071.stdout:/usr/bin/ceph: stderr
2024-09-05T12:17:08.956+0000 7f8d2d400640 1 -- 172.21.15.71:0/2889417215 --> [v2:172.21.15.71:6800/3648851306,v1:172.21.15.71:6801/3648851306] -- mgr_command(tid 0: {"prefix": "cephadm set-user", "user": "root", "target": ["mon-mgr", ""]}) -- 0x7f8d28107210 con 0x7f8d0c038f70
2024-09-05T12:17:09.689 INFO:teuthology.orchestra.run.smithi071.stdout:/usr/bin/ceph: stderr
2024-09-05T12:17:08.957+0000 7f8d25600640 1 -- 172.21.15.71:0/2889417215 <== mgr.14118 v2:172.21.15.71:6800/3648851306 1 ==== mgr_command_reply(tid 0: 0 ) ==== 8+0+16 (secure 0 0 0) 0x7f8d28107210 con 0x7f8d0c038f70
2024-09-05T12:17:09.689 INFO:teuthology.orchestra.run.smithi071.stdout:/usr/bin/ceph: stderr
2024-09-05T12:17:08.959+0000 7f8d2d400640 1 -- 172.21.15.71:0/2889417215 >> [v2:172.21.15.71:6800/3648851306,v1:172.21.15.71:6801/3648851306] conn(0x7f8d0c038f70 msgr2=0x7f8d0c03b430 secure :-1 s=STATE_CONNECTION_ESTABLISHED l=1).mark_down
2024-09-05T12:17:09.689 INFO:teuthology.orchestra.run.smithi071.stdout:/usr/bin/ceph: stderr
2024-09-05T12:17:08.959+0000 7f8d2d400640 1 --2- 172.21.15.71:0/2889417215 >> [v2:172.21.15.71:6800/3648851306,v1:172.21.15.71:6801/3648851306] conn(0x7f8d0c038f70 0x7f8d0c03b430 secure :-1 s=READY pgs=8 cs=0 l=1 rev1=1 crypto rx=0x7f8d100098c0 tx=0x7f8d10006db0 comp rx=0 tx=0).stop
2024-09-05T12:17:09.689 INFO:teuthology.orchestra.run.smithi071.stdout:/usr/bin/ceph: stderr
2024-09-05T12:17:08.959+0000 7f8d2d400640 1 -- 172.21.15.71:0/2889417215 >> [v2:172.21.15.71:3300/0,v1:172.21.15.71:6789/0] conn(0x7f8d281095b0 msgr2=0x7f8d2819d570 secure :-1 s=STATE_CONNECTION_ESTABLISHED l=1).mark_down
2024-09-05T12:17:09.689 INFO:teuthology.orchestra.run.smithi071.stdout:/usr/bin/ceph: stderr
2024-09-05T12:17:08.959+0000 7f8d2d400640 1 --2- 172.21.15.71:0/2889417215 >> [v2:172.21.15.71:3300/0,v1:172.21.15.71:6789/0] conn(0x7f8d281095b0 0x7f8d2819d570 secure :-1 s=READY pgs=38 cs=0 l=1 rev1=1 crypto rx=0x7f8d180097f0 tx=0x7f8d18030d80 comp rx=0 tx=0).stop
2024-09-05T12:17:09.690 INFO:teuthology.orchestra.run.smithi071.stdout:/usr/bin/ceph: stderr
2024-09-05T12:17:08.960+0000 7f8d2d400640 1 -- 172.21.15.71:0/2889417215 shutdown_connections
2024-09-05T12:17:09.690 INFO:teuthology.orchestra.run.smithi071.stdout:/usr/bin/ceph: stderr
2024-09-05T12:17:08.960+0000 7f8d2d400640 1 --2- 172.21.15.71:0/2889417215 >> [v2:172.21.15.71:6800/3648851306,v1:172.21.15.71:6801/3648851306] conn(0x7f8d0c038f70 0x7f8d0c03b430 unknown :-1 s=CLOSED pgs=8 cs=0 l=1 rev1=1 crypto rx=0 tx=0 comp rx=0 tx=0).stop
2024-09-05T12:17:09.690 INFO:teuthology.orchestra.run.smithi071.stdout:/usr/bin/ceph: stderr
2024-09-05T12:17:08.960+0000 7f8d2d400640 1 --2- 172.21.15.71:0/2889417215 >> [v2:172.21.15.71:3300/0,v1:172.21.15.71:6789/0] conn(0x7f8d281095b0 0x7f8d2819d570 unknown :-1 s=CLOSED pgs=38 cs=0 l=1 rev1=1 crypto rx=0 tx=0 comp rx=0 tx=0).stop
2024-09-05T12:17:09.690 INFO:teuthology.orchestra.run.smithi071.stdout:/usr/bin/ceph: stderr
2024-09-05T12:17:08.960+0000 7f8d2d400640 1 -- 172.21.15.71:0/2889417215 >> 172.21.15.71:0/2889417215 conn(0x7f8d2807cbc0 msgr2=0x7f8d28106b00 unknown :-1 s=STATE_NONE l=0).mark_down
2024-09-05T12:17:09.690 INFO:teuthology.orchestra.run.smithi071.stdout:/usr/bin/ceph: stderr
2024-09-05T12:17:08.960+0000 7f8d2d400640 1 -- 172.21.15.71:0/2889417215 shutdown_connections
2024-09-05T12:17:09.690 INFO:teuthology.orchestra.run.smithi071.stdout:/usr/bin/ceph: stderr
2024-09-05T12:17:08.960+0000 7f8d2d400640 1 -- 172.21.15.71:0/2889417215 wait complete.
2024-09-05T12:17:09.690 INFO:teuthology.orchestra.run.smithi071.stdout:Generating ssh key...
2024-09-05T12:17:09.947 INFO:journalctl@ceph.mon.a.smithi071.stdout:Sep 05 12:17:09 smithi071 ceph-mon[29845]: from='client.14132 -' entity='client.admin' cmd=[{"prefix": "cephadm set-user", "user": "root", "target": ["mon-mgr", ""]}]: dispatch
2024-09-05T12:17:10.911 INFO:journalctl@ceph.mgr.x.smithi071.stdout:Sep 05 12:17:10 smithi071 ceph-8c9ae41c-6b80-11ef-bcd6-c7b262605968-mgr-x[30082]: Generating public/private rsa key pair.
2024-09-05T12:17:10.911 INFO:journalctl@ceph.mgr.x.smithi071.stdout:Sep 05 12:17:10 smithi071 ceph-8c9ae41c-6b80-11ef-bcd6-c7b262605968-mgr-x[30082]: Your identification has been saved in /tmp/tmpcq242iji/key
2024-09-05T12:17:10.911 INFO:journalctl@ceph.mgr.x.smithi071.stdout:Sep 05 12:17:10 smithi071 ceph-8c9ae41c-6b80-11ef-bcd6-c7b262605968-mgr-x[30082]: Your public key has been saved in /tmp/tmpcq242iji/key.pub
2024-09-05T12:17:10.911 INFO:journalctl@ceph.mgr.x.smithi071.stdout:Sep 05 12:17:10 smithi071 ceph-8c9ae41c-6b80-11ef-bcd6-c7b262605968-mgr-x[30082]: The key fingerprint is:
2024-09-05T12:17:10.911 INFO:journalctl@ceph.mgr.x.smithi071.stdout:Sep 05 12:17:10 smithi071 ceph-8c9ae41c-6b80-11ef-bcd6-c7b262605968-mgr-x[30082]: SHA256:i0oZKJijiXPrnj5KTNWwFYBQ9UHtzmjvJAUqz67rLTw ceph-8c9ae41c-6b80-11ef-bcd6-c7b262605968
2024-09-05T12:17:10.911 INFO:journalctl@ceph.mgr.x.smithi071.stdout:Sep 05 12:17:10 smithi071 ceph-8c9ae41c-6b80-11ef-bcd6-c7b262605968-mgr-x[30082]: The key's randomart image is:
2024-09-05T12:17:10.911 INFO:journalctl@ceph.mgr.x.smithi071.stdout:Sep 05 12:17:10 smithi071 ceph-8c9ae41c-6b80-11ef-bcd6-c7b262605968-mgr-x[30082]: +---[RSA 3072]----+
2024-09-05T12:17:10.911 INFO:journalctl@ceph.mgr.x.smithi071.stdout:Sep 05 12:17:10 smithi071 ceph-8c9ae41c-6b80-11ef-bcd6-c7b262605968-mgr-x[30082]: |o.o+o++. |
2024-09-05T12:17:10.912 INFO:journalctl@ceph.mgr.x.smithi071.stdout:Sep 05 12:17:10 smithi071 ceph-8c9ae41c-6b80-11ef-bcd6-c7b262605968-mgr-x[30082]: | . =. .. |
2024-09-05T12:17:10.912 INFO:journalctl@ceph.mgr.x.smithi071.stdout:Sep 05 12:17:10 smithi071 ceph-8c9ae41c-6b80-11ef-bcd6-c7b262605968-mgr-x[30082]: | o .o. |
2024-09-05T12:17:10.912 INFO:journalctl@ceph.mgr.x.smithi071.stdout:Sep 05 12:17:10 smithi071 ceph-8c9ae41c-6b80-11ef-bcd6-c7b262605968-mgr-x[30082]: |.... . .. |
2024-09-05T12:17:10.912 INFO:journalctl@ceph.mgr.x.smithi071.stdout:Sep 05 12:17:10 smithi071 ceph-8c9ae41c-6b80-11ef-bcd6-c7b262605968-mgr-x[30082]: |=.o o +S |
2024-09-05T12:17:10.912 INFO:journalctl@ceph.mgr.x.smithi071.stdout:Sep 05 12:17:10 smithi071 ceph-8c9ae41c-6b80-11ef-bcd6-c7b262605968-mgr-x[30082]: |=+ + oooo. |
2024-09-05T12:17:10.912 INFO:journalctl@ceph.mgr.x.smithi071.stdout:Sep 05 12:17:10 smithi071 ceph-8c9ae41c-6b80-11ef-bcd6-c7b262605968-mgr-x[30082]: |=+. =.o.o |
2024-09-05T12:17:10.912 INFO:journalctl@ceph.mgr.x.smithi071.stdout:Sep 05 12:17:10 smithi071 ceph-8c9ae41c-6b80-11ef-bcd6-c7b262605968-mgr-x[30082]: |.oE* . o. |
2024-09-05T12:17:10.912 INFO:journalctl@ceph.mgr.x.smithi071.stdout:Sep 05 12:17:10 smithi071 ceph-8c9ae41c-6b80-11ef-bcd6-c7b262605968-mgr-x[30082]: |.*X*+ .. |
2024-09-05T12:17:10.912 INFO:journalctl@ceph.mgr.x.smithi071.stdout:Sep 05 12:17:10 smithi071 ceph-8c9ae41c-6b80-11ef-bcd6-c7b262605968-mgr-x[30082]: +----[SHA256]-----+
2024-09-05T12:17:11.350 INFO:teuthology.orchestra.run.smithi071.stdout:/usr/bin/ceph: stderr
2024-09-05T12:17:10.246+0000 7f4563e00640 1 Processor -- start
2024-09-05T12:17:11.350 INFO:teuthology.orchestra.run.smithi071.stdout:/usr/bin/ceph: stderr
2024-09-05T12:17:10.246+0000 7f4563e00640 1 -- start start
2024-09-05T12:17:11.351 INFO:teuthology.orchestra.run.smithi071.stdout:/usr/bin/ceph: stderr
2024-09-05T12:17:10.246+0000 7f4563e00640 1 --2- >> [v2:172.21.15.71:3300/0,v1:172.21.15.71:6789/0] conn(0x7f45641095b0 0x7f45641099b0 unknown :-1 s=NONE pgs=0 cs=0 l=0 rev1=0 crypto rx=0 tx=0 comp rx=0 tx=0).connect
2024-09-05T12:17:11.351 INFO:teuthology.orchestra.run.smithi071.stdout:/usr/bin/ceph: stderr
2024-09-05T12:17:10.246+0000 7f4563e00640 1 -- --> [v2:172.21.15.71:3300/0,v1:172.21.15.71:6789/0] -- mon_getmap magic: 0 -- 0x7f4564109f80 con 0x7f45641095b0
2024-09-05T12:17:11.351 INFO:teuthology.orchestra.run.smithi071.stdout:/usr/bin/ceph: stderr
2024-09-05T12:17:10.246+0000 7f4562a00640 1 --2- >> [v2:172.21.15.71:3300/0,v1:172.21.15.71:6789/0] conn(0x7f45641095b0 0x7f45641099b0 unknown :-1 s=BANNER_CONNECTING pgs=0 cs=0 l=0 rev1=0 crypto rx=0 tx=0 comp rx=0 tx=0)._handle_peer_banner_payload supported=3 required=0
2024-09-05T12:17:11.351 INFO:teuthology.orchestra.run.smithi071.stdout:/usr/bin/ceph: stderr
2024-09-05T12:17:10.246+0000 7f4562a00640 1 --2- >> [v2:172.21.15.71:3300/0,v1:172.21.15.71:6789/0] conn(0x7f45641095b0 0x7f45641099b0 unknown :-1 s=HELLO_CONNECTING pgs=0 cs=0 l=0 rev1=1 crypto rx=0 tx=0 comp rx=0 tx=0).handle_hello peer v2:172.21.15.71:3300/0 says I am v2:172.21.15.71:51716/0 (socket says 172.21.15.71:51716)
2024-09-05T12:17:11.351 INFO:teuthology.orchestra.run.smithi071.stdout:/usr/bin/ceph: stderr
2024-09-05T12:17:10.246+0000 7f4562a00640 1 -- 172.21.15.71:0/3109429007 learned_addr learned my addr 172.21.15.71:0/3109429007 (peer_addr_for_me v2:172.21.15.71:0/0)
2024-09-05T12:17:11.351 INFO:teuthology.orchestra.run.smithi071.stdout:/usr/bin/ceph: stderr
2024-09-05T12:17:10.247+0000 7f4562a00640 1 -- 172.21.15.71:0/3109429007 --> [v2:172.21.15.71:3300/0,v1:172.21.15.71:6789/0] -- mon_subscribe({config=0+,monmap=0+}) -- 0x7f456410a7b0 con 0x7f45641095b0
2024-09-05T12:17:11.351 INFO:teuthology.orchestra.run.smithi071.stdout:/usr/bin/ceph: stderr
2024-09-05T12:17:10.248+0000 7f4562a00640 1 --2- 172.21.15.71:0/3109429007 >> [v2:172.21.15.71:3300/0,v1:172.21.15.71:6789/0] conn(0x7f45641095b0 0x7f45641099b0 secure :-1 s=READY pgs=39 cs=0 l=1 rev1=1 crypto rx=0x7f4554009820 tx=0x7f455402a270 comp rx=0 tx=0).ready entity=mon.0 client_cookie=b382227b7b45ef85 server_cookie=0 in_seq=0 out_seq=0
2024-09-05T12:17:11.351 INFO:teuthology.orchestra.run.smithi071.stdout:/usr/bin/ceph: stderr
2024-09-05T12:17:10.248+0000 7f4561600640 1 -- 172.21.15.71:0/3109429007 <== mon.0 v2:172.21.15.71:3300/0 1 ==== mon_map magic: 0 ==== 205+0+0 (secure 0 0 0) 0x7f4554037070 con 0x7f45641095b0
2024-09-05T12:17:11.351 INFO:teuthology.orchestra.run.smithi071.stdout:/usr/bin/ceph: stderr
2024-09-05T12:17:10.248+0000 7f4561600640 1 -- 172.21.15.71:0/3109429007 <== mon.0 v2:172.21.15.71:3300/0 2 ==== config(27 keys) ==== 1109+0+0 (secure 0 0 0) 0x7f4554032900 con 0x7f45641095b0
2024-09-05T12:17:11.351 INFO:teuthology.orchestra.run.smithi071.stdout:/usr/bin/ceph: stderr
2024-09-05T12:17:10.248+0000 7f4561600640 1 -- 172.21.15.71:0/3109429007 <== mon.0 v2:172.21.15.71:3300/0 3 ==== mon_map magic: 0 ==== 205+0+0 (secure 0 0 0) 0x7f4554030850 con 0x7f45641095b0
2024-09-05T12:17:11.351 INFO:teuthology.orchestra.run.smithi071.stdout:/usr/bin/ceph: stderr
2024-09-05T12:17:10.249+0000 7f4563e00640 1 -- 172.21.15.71:0/3109429007 >> [v2:172.21.15.71:3300/0,v1:172.21.15.71:6789/0] conn(0x7f45641095b0 msgr2=0x7f45641099b0 secure :-1 s=STATE_CONNECTION_ESTABLISHED l=1).mark_down
2024-09-05T12:17:11.351 INFO:teuthology.orchestra.run.smithi071.stdout:/usr/bin/ceph: stderr
2024-09-05T12:17:10.249+0000 7f4563e00640 1 --2- 172.21.15.71:0/3109429007 >> [v2:172.21.15.71:3300/0,v1:172.21.15.71:6789/0] conn(0x7f45641095b0 0x7f45641099b0 secure :-1 s=READY pgs=39 cs=0 l=1 rev1=1 crypto rx=0x7f4554009820 tx=0x7f455402a270 comp rx=0 tx=0).stop
2024-09-05T12:17:11.351 INFO:teuthology.orchestra.run.smithi071.stdout:/usr/bin/ceph: stderr
2024-09-05T12:17:10.249+0000 7f4563e00640 1 -- 172.21.15.71:0/3109429007 shutdown_connections
2024-09-05T12:17:11.352 INFO:teuthology.orchestra.run.smithi071.stdout:/usr/bin/ceph: stderr
2024-09-05T12:17:10.249+0000 7f4563e00640 1 --2- 172.21.15.71:0/3109429007 >> [v2:172.21.15.71:3300/0,v1:172.21.15.71:6789/0] conn(0x7f45641095b0 0x7f45641099b0 unknown :-1 s=CLOSED pgs=39 cs=0 l=1 rev1=1 crypto rx=0 tx=0 comp rx=0 tx=0).stop
2024-09-05T12:17:11.352 INFO:teuthology.orchestra.run.smithi071.stdout:/usr/bin/ceph: stderr
2024-09-05T12:17:10.249+0000 7f4563e00640 1 -- 172.21.15.71:0/3109429007 >> 172.21.15.71:0/3109429007 conn(0x7f456407cbc0 msgr2=0x7f4564107360 unknown :-1 s=STATE_NONE l=0).mark_down
2024-09-05T12:17:11.352 INFO:teuthology.orchestra.run.smithi071.stdout:/usr/bin/ceph: stderr
2024-09-05T12:17:10.249+0000 7f4563e00640 1 -- 172.21.15.71:0/3109429007 shutdown_connections
2024-09-05T12:17:11.352 INFO:teuthology.orchestra.run.smithi071.stdout:/usr/bin/ceph: stderr
2024-09-05T12:17:10.249+0000 7f4563e00640 1 -- 172.21.15.71:0/3109429007 wait complete.
2024-09-05T12:17:11.352 INFO:teuthology.orchestra.run.smithi071.stdout:/usr/bin/ceph: stderr
2024-09-05T12:17:10.250+0000 7f4563e00640 1 Processor -- start
2024-09-05T12:17:11.352 INFO:teuthology.orchestra.run.smithi071.stdout:/usr/bin/ceph: stderr
2024-09-05T12:17:10.250+0000 7f4563e00640 1 -- start start
2024-09-05T12:17:11.352 INFO:teuthology.orchestra.run.smithi071.stdout:/usr/bin/ceph: stderr
2024-09-05T12:17:10.251+0000 7f4563e00640 1 --2- >> [v2:172.21.15.71:3300/0,v1:172.21.15.71:6789/0] conn(0x7f45641095b0 0x7f456419d570 unknown :-1 s=NONE pgs=0 cs=0 l=1 rev1=0 crypto rx=0 tx=0 comp rx=0 tx=0).connect
2024-09-05T12:17:11.352 INFO:teuthology.orchestra.run.smithi071.stdout:/usr/bin/ceph: stderr
2024-09-05T12:17:10.251+0000 7f4563e00640 1 -- --> [v2:172.21.15.71:3300/0,v1:172.21.15.71:6789/0] -- mon_getmap magic: 0 -- 0x7f456410db60 con 0x7f45641095b0
2024-09-05T12:17:11.352 INFO:teuthology.orchestra.run.smithi071.stdout:/usr/bin/ceph: stderr
2024-09-05T12:17:10.251+0000 7f4562a00640 1 --2- >> [v2:172.21.15.71:3300/0,v1:172.21.15.71:6789/0] conn(0x7f45641095b0 0x7f456419d570 unknown :-1 s=BANNER_CONNECTING pgs=0 cs=0 l=1 rev1=0 crypto rx=0 tx=0 comp rx=0 tx=0)._handle_peer_banner_payload supported=3 required=0
2024-09-05T12:17:11.352 INFO:teuthology.orchestra.run.smithi071.stdout:/usr/bin/ceph: stderr
2024-09-05T12:17:10.251+0000 7f4562a00640 1 --2- >> [v2:172.21.15.71:3300/0,v1:172.21.15.71:6789/0] conn(0x7f45641095b0 0x7f456419d570 unknown :-1 s=HELLO_CONNECTING pgs=0 cs=0 l=1 rev1=1 crypto rx=0 tx=0 comp rx=0 tx=0).handle_hello peer v2:172.21.15.71:3300/0 says I am v2:172.21.15.71:51722/0 (socket says 172.21.15.71:51722)
2024-09-05T12:17:11.352 INFO:teuthology.orchestra.run.smithi071.stdout:/usr/bin/ceph: stderr
2024-09-05T12:17:10.251+0000 7f4562a00640 1 -- 172.21.15.71:0/2406822378 learned_addr learned my addr 172.21.15.71:0/2406822378 (peer_addr_for_me v2:172.21.15.71:0/0)
2024-09-05T12:17:11.352 INFO:teuthology.orchestra.run.smithi071.stdout:/usr/bin/ceph: stderr
2024-09-05T12:17:10.251+0000 7f4562a00640 1 -- 172.21.15.71:0/2406822378 --> [v2:172.21.15.71:3300/0,v1:172.21.15.71:6789/0] -- mon_subscribe({config=0+,monmap=0+}) -- 0x7f456419dab0 con 0x7f45641095b0
2024-09-05T12:17:11.352 INFO:teuthology.orchestra.run.smithi071.stdout:/usr/bin/ceph: stderr
2024-09-05T12:17:10.251+0000 7f4562a00640 1 --2- 172.21.15.71:0/2406822378 >> [v2:172.21.15.71:3300/0,v1:172.21.15.71:6789/0] conn(0x7f45641095b0 0x7f456419d570 secure :-1 s=READY pgs=40 cs=0 l=1 rev1=1 crypto rx=0x7f45540097f0 tx=0x7f4554030d80 comp rx=0 tx=0).ready entity=mon.0 client_cookie=0 server_cookie=0 in_seq=0 out_seq=0
2024-09-05T12:17:11.353 INFO:teuthology.orchestra.run.smithi071.stdout:/usr/bin/ceph: stderr
2024-09-05T12:17:10.252+0000 7f455b400640 1 -- 172.21.15.71:0/2406822378 <== mon.0 v2:172.21.15.71:3300/0 1 ==== mon_map magic: 0 ==== 205+0+0 (secure 0 0 0) 0x7f4554037040 con 0x7f45641095b0
2024-09-05T12:17:11.353 INFO:teuthology.orchestra.run.smithi071.stdout:/usr/bin/ceph: stderr
2024-09-05T12:17:10.252+0000 7f455b400640 1 -- 172.21.15.71:0/2406822378 <== mon.0 v2:172.21.15.71:3300/0 2 ==== config(27 keys) ==== 1109+0+0 (secure 0 0 0) 0x7f4554040070 con 0x7f45641095b0
2024-09-05T12:17:11.353 INFO:teuthology.orchestra.run.smithi071.stdout:/usr/bin/ceph: stderr
2024-09-05T12:17:10.252+0000 7f4563e00640 1 -- 172.21.15.71:0/2406822378 --> [v2:172.21.15.71:3300/0,v1:172.21.15.71:6789/0] -- mon_subscribe({mgrmap=0+}) -- 0x7f456419dd40 con 0x7f45641095b0
2024-09-05T12:17:11.353 INFO:teuthology.orchestra.run.smithi071.stdout:/usr/bin/ceph: stderr
2024-09-05T12:17:10.252+0000 7f455b400640 1 -- 172.21.15.71:0/2406822378 <== mon.0 v2:172.21.15.71:3300/0 3 ==== mon_map magic: 0 ==== 205+0+0 (secure 0 0 0) 0x7f455403a390 con 0x7f45641095b0
2024-09-05T12:17:11.353 INFO:teuthology.orchestra.run.smithi071.stdout:/usr/bin/ceph: stderr
2024-09-05T12:17:10.252+0000 7f4563e00640 1 -- 172.21.15.71:0/2406822378 --> [v2:172.21.15.71:3300/0,v1:172.21.15.71:6789/0] -- mon_subscribe({osdmap=0}) -- 0x7f45641a0a30 con 0x7f45641095b0
2024-09-05T12:17:11.353 INFO:teuthology.orchestra.run.smithi071.stdout:/usr/bin/ceph: stderr
2024-09-05T12:17:10.253+0000 7f455b400640 1 -- 172.21.15.71:0/2406822378 <== mon.0 v2:172.21.15.71:3300/0 4 ==== mgrmap(e 8) ==== 46287+0+0 (secure 0 0 0) 0x7f455403b430 con 0x7f45641095b0
2024-09-05T12:17:11.353 INFO:teuthology.orchestra.run.smithi071.stdout:/usr/bin/ceph: stderr
2024-09-05T12:17:10.253+0000 7f4563e00640 1 -- 172.21.15.71:0/2406822378 --> [v2:172.21.15.71:3300/0,v1:172.21.15.71:6789/0] -- mon_command({"prefix": "get_command_descriptions"} v 0) -- 0x7f4564109a30 con 0x7f45641095b0
2024-09-05T12:17:11.353 INFO:teuthology.orchestra.run.smithi071.stdout:/usr/bin/ceph: stderr
2024-09-05T12:17:10.253+0000 7f455b400640 1 --2- 172.21.15.71:0/2406822378 >> [v2:172.21.15.71:6800/3648851306,v1:172.21.15.71:6801/3648851306] conn(0x7f4548038fc0 0x7f454803b480 unknown :-1 s=NONE pgs=0 cs=0 l=1 rev1=0 crypto rx=0 tx=0 comp rx=0 tx=0).connect
2024-09-05T12:17:11.353 INFO:teuthology.orchestra.run.smithi071.stdout:/usr/bin/ceph: stderr
2024-09-05T12:17:10.253+0000 7f455b400640 1 -- 172.21.15.71:0/2406822378 <== mon.0 v2:172.21.15.71:3300/0 5 ==== osd_map(2..2 src has 1..2) ==== 940+0+0 (secure 0 0 0) 0x7f455406c4e0 con 0x7f45641095b0
2024-09-05T12:17:11.353 INFO:teuthology.orchestra.run.smithi071.stdout:/usr/bin/ceph: stderr
2024-09-05T12:17:10.254+0000 7f4562000640 1 --2- 172.21.15.71:0/2406822378 >> [v2:172.21.15.71:6800/3648851306,v1:172.21.15.71:6801/3648851306] conn(0x7f4548038fc0 0x7f454803b480 unknown :-1 s=BANNER_CONNECTING pgs=0 cs=0 l=1 rev1=0 crypto rx=0 tx=0 comp rx=0 tx=0)._handle_peer_banner_payload supported=3 required=0
2024-09-05T12:17:11.353 INFO:teuthology.orchestra.run.smithi071.stdout:/usr/bin/ceph: stderr
2024-09-05T12:17:10.254+0000 7f4562000640 1 --2- 172.21.15.71:0/2406822378 >> [v2:172.21.15.71:6800/3648851306,v1:172.21.15.71:6801/3648851306] conn(0x7f4548038fc0 0x7f454803b480 secure :-1 s=READY pgs=9 cs=0 l=1 rev1=1 crypto rx=0x7f45500098c0 tx=0x7f4550006db0 comp rx=0 tx=0).ready entity=mgr.14118 client_cookie=0 server_cookie=0 in_seq=0 out_seq=0
2024-09-05T12:17:11.353 INFO:teuthology.orchestra.run.smithi071.stdout:/usr/bin/ceph: stderr
2024-09-05T12:17:10.259+0000 7f455b400640 1 -- 172.21.15.71:0/2406822378 <== mon.0 v2:172.21.15.71:3300/0 6 ==== mon_command_ack([{"prefix": "get_command_descriptions"}]=0 v0) ==== 72+0+188821 (secure 0 0 0) 0x7f455406be30 con 0x7f45641095b0
2024-09-05T12:17:11.353 INFO:teuthology.orchestra.run.smithi071.stdout:/usr/bin/ceph: stderr
2024-09-05T12:17:10.432+0000 7f4563e00640 1 -- 172.21.15.71:0/2406822378 --> [v2:172.21.15.71:6800/3648851306,v1:172.21.15.71:6801/3648851306] -- mgr_command(tid 0: {"prefix": "cephadm generate-key", "target": ["mon-mgr", ""]}) -- 0x7f4564107210 con 0x7f4548038fc0
2024-09-05T12:17:11.354 INFO:teuthology.orchestra.run.smithi071.stdout:/usr/bin/ceph: stderr
2024-09-05T12:17:10.605+0000 7f455b400640 1 -- 172.21.15.71:0/2406822378 <== mgr.14118 v2:172.21.15.71:6800/3648851306 1 ==== mgr_command_reply(tid 0: 0 ) ==== 8+0+0 (secure 0 0 0) 0x7f4564107210 con 0x7f4548038fc0
2024-09-05T12:17:11.354 INFO:teuthology.orchestra.run.smithi071.stdout:/usr/bin/ceph: stderr
2024-09-05T12:17:10.607+0000 7f4563e00640 1 -- 172.21.15.71:0/2406822378 >> [v2:172.21.15.71:6800/3648851306,v1:172.21.15.71:6801/3648851306] conn(0x7f4548038fc0 msgr2=0x7f454803b480 secure :-1 s=STATE_CONNECTION_ESTABLISHED l=1).mark_down
2024-09-05T12:17:11.354 INFO:teuthology.orchestra.run.smithi071.stdout:/usr/bin/ceph: stderr
2024-09-05T12:17:10.607+0000 7f4563e00640 1 --2- 172.21.15.71:0/2406822378 >> [v2:172.21.15.71:6800/3648851306,v1:172.21.15.71:6801/3648851306] conn(0x7f4548038fc0 0x7f454803b480 secure :-1 s=READY pgs=9 cs=0 l=1 rev1=1 crypto rx=0x7f45500098c0 tx=0x7f4550006db0 comp rx=0 tx=0).stop
2024-09-05T12:17:11.354 INFO:teuthology.orchestra.run.smithi071.stdout:/usr/bin/ceph: stderr
2024-09-05T12:17:10.607+0000 7f4563e00640 1 -- 172.21.15.71:0/2406822378 >> [v2:172.21.15.71:3300/0,v1:172.21.15.71:6789/0] conn(0x7f45641095b0 msgr2=0x7f456419d570 secure :-1 s=STATE_CONNECTION_ESTABLISHED l=1).mark_down
2024-09-05T12:17:11.354 INFO:teuthology.orchestra.run.smithi071.stdout:/usr/bin/ceph: stderr
2024-09-05T12:17:10.607+0000 7f4563e00640 1 --2- 172.21.15.71:0/2406822378 >> [v2:172.21.15.71:3300/0,v1:172.21.15.71:6789/0] conn(0x7f45641095b0 0x7f456419d570 secure :-1 s=READY pgs=40 cs=0 l=1 rev1=1 crypto rx=0x7f45540097f0 tx=0x7f4554030d80 comp rx=0 tx=0).stop
2024-09-05T12:17:11.354 INFO:teuthology.orchestra.run.smithi071.stdout:/usr/bin/ceph: stderr
2024-09-05T12:17:10.607+0000 7f4563e00640 1 -- 172.21.15.71:0/2406822378 shutdown_connections
2024-09-05T12:17:11.354 INFO:teuthology.orchestra.run.smithi071.stdout:/usr/bin/ceph: stderr
2024-09-05T12:17:10.607+0000 7f4563e00640 1 --2- 172.21.15.71:0/2406822378 >> [v2:172.21.15.71:6800/3648851306,v1:172.21.15.71:6801/3648851306] conn(0x7f4548038fc0 0x7f454803b480 unknown :-1 s=CLOSED pgs=9 cs=0 l=1 rev1=1 crypto rx=0 tx=0 comp rx=0 tx=0).stop
2024-09-05T12:17:11.354 INFO:teuthology.orchestra.run.smithi071.stdout:/usr/bin/ceph: stderr
2024-09-05T12:17:10.607+0000 7f4563e00640 1 --2- 172.21.15.71:0/2406822378 >> [v2:172.21.15.71:3300/0,v1:172.21.15.71:6789/0] conn(0x7f45641095b0 0x7f456419d570 unknown :-1 s=CLOSED pgs=40 cs=0 l=1 rev1=1 crypto rx=0 tx=0 comp rx=0 tx=0).stop
2024-09-05T12:17:11.354 INFO:teuthology.orchestra.run.smithi071.stdout:/usr/bin/ceph: stderr
2024-09-05T12:17:10.607+0000 7f4563e00640 1 -- 172.21.15.71:0/2406822378 >> 172.21.15.71:0/2406822378 conn(0x7f456407cbc0 msgr2=0x7f4564106b00 unknown :-1 s=STATE_NONE l=0).mark_down
2024-09-05T12:17:11.354 INFO:teuthology.orchestra.run.smithi071.stdout:/usr/bin/ceph: stderr
2024-09-05T12:17:10.608+0000 7f4563e00640 1 -- 172.21.15.71:0/2406822378 shutdown_connections
2024-09-05T12:17:11.354 INFO:teuthology.orchestra.run.smithi071.stdout:/usr/bin/ceph: stderr
2024-09-05T12:17:10.608+0000 7f4563e00640 1 -- 172.21.15.71:0/2406822378 wait complete.
2024-09-05T12:17:11.863 INFO:journalctl@ceph.mon.a.smithi071.stdout:Sep 05 12:17:11 smithi071 ceph-mon[29845]: from='client.14134 -' entity='client.admin' cmd=[{"prefix": "cephadm generate-key", "target": ["mon-mgr", ""]}]: dispatch
2024-09-05T12:17:11.863 INFO:journalctl@ceph.mon.a.smithi071.stdout:Sep 05 12:17:11 smithi071 ceph-mon[29845]: Generating ssh key...
2024-09-05T12:17:11.863 INFO:journalctl@ceph.mon.a.smithi071.stdout:Sep 05 12:17:11 smithi071 ceph-mon[29845]: from='mgr.14118 172.21.15.71:0/3710987649' entity='mgr.x'
2024-09-05T12:17:11.863 INFO:journalctl@ceph.mon.a.smithi071.stdout:Sep 05 12:17:11 smithi071 ceph-mon[29845]: from='mgr.14118 172.21.15.71:0/3710987649' entity='mgr.x'
2024-09-05T12:17:12.794 INFO:journalctl@ceph.mon.a.smithi071.stdout:Sep 05 12:17:12 smithi071 ceph-mon[29845]: from='client.14136 -' entity='client.admin' cmd=[{"prefix": "cephadm get-pub-key", "target": ["mon-mgr", ""]}]: dispatch
2024-09-05T12:17:12.805 INFO:teuthology.orchestra.run.smithi071.stdout:/usr/bin/ceph: stdout ssh-rsa AAAAB3NzaC1yc2EAAAADAQABAAABgQD9THxow+IlPvlPL8L3tfhbqYY3jgKTK9BeRBKP5z+rT5SaG9vhHUebRZszj/66M9qb2URG2OZE6GOZodVhEki7rhpMr0lNhVz/T57EDF1h/KbupwGqvqXXXBGZZfDm0GfR7QGvHd2pRhVglDy3sGDDP6kzGtaffl7r6Hc4tfhag8qc4ajaytoWbVWVhURlhDD3wIu7DOMnk/QxdO0ryIeWKAPMjAJwhjj4Y1jVwZq2LC6PB+oZuU3ARvXwwr0SLeSWLzY3bj0Xblnn3HSwmljQfoxESX/UrQz1x+lU+1vHRpkNlP/l2Ti+bkpQmBeGVXxvNX3A6bLION8SpLjssRoHVKMaNnQ/1BAQOGWdNKkFokT5lAIv7fAYpUe66gMOXAcUs4+gvnMAWdqrow2lojcod9uj/P55P/BXFDC8JsYzucN8r2iusCdAYtaTn0jhF6p/vX3CjCadKeZ/J5Jv3hjM5BSaGpXWGKYMJRvNAXOJITn8ub0unc5tmoWCvsVQlzc= ceph-8c9ae41c-6b80-11ef-bcd6-c7b262605968
2024-09-05T12:17:12.805 INFO:teuthology.orchestra.run.smithi071.stdout:/usr/bin/ceph: stderr
2024-09-05T12:17:11.861+0000 7fb6c9a00640 1 Processor -- start
2024-09-05T12:17:12.805 INFO:teuthology.orchestra.run.smithi071.stdout:/usr/bin/ceph: stderr
2024-09-05T12:17:11.861+0000 7fb6c9a00640 1 -- start start
2024-09-05T12:17:12.805 INFO:teuthology.orchestra.run.smithi071.stdout:/usr/bin/ceph: stderr
2024-09-05T12:17:11.861+0000 7fb6c9a00640 1 --2- >> [v2:172.21.15.71:3300/0,v1:172.21.15.71:6789/0] conn(0x7fb6c41095b0 0x7fb6c41099b0 unknown :-1 s=NONE pgs=0 cs=0 l=0 rev1=0 crypto rx=0 tx=0 comp rx=0 tx=0).connect
2024-09-05T12:17:12.805 INFO:teuthology.orchestra.run.smithi071.stdout:/usr/bin/ceph: stderr
2024-09-05T12:17:11.861+0000 7fb6c9a00640 1 -- --> [v2:172.21.15.71:3300/0,v1:172.21.15.71:6789/0] -- mon_getmap magic: 0 -- 0x7fb6c4109f80 con 0x7fb6c41095b0
2024-09-05T12:17:12.805 INFO:teuthology.orchestra.run.smithi071.stdout:/usr/bin/ceph: stderr
2024-09-05T12:17:11.861+0000 7fb6c3e00640 1 --2- >> [v2:172.21.15.71:3300/0,v1:172.21.15.71:6789/0] conn(0x7fb6c41095b0 0x7fb6c41099b0 unknown :-1 s=BANNER_CONNECTING pgs=0 cs=0 l=0 rev1=0 crypto rx=0 tx=0 comp rx=0 tx=0)._handle_peer_banner_payload supported=3 required=0
2024-09-05T12:17:12.805 INFO:teuthology.orchestra.run.smithi071.stdout:/usr/bin/ceph: stderr
2024-09-05T12:17:11.862+0000 7fb6c3e00640 1 --2- >> [v2:172.21.15.71:3300/0,v1:172.21.15.71:6789/0] conn(0x7fb6c41095b0 0x7fb6c41099b0 unknown :-1 s=HELLO_CONNECTING pgs=0 cs=0 l=0 rev1=1 crypto rx=0 tx=0 comp rx=0 tx=0).handle_hello peer v2:172.21.15.71:3300/0 says I am v2:172.21.15.71:51734/0 (socket says 172.21.15.71:51734)
2024-09-05T12:17:12.805 INFO:teuthology.orchestra.run.smithi071.stdout:/usr/bin/ceph: stderr
2024-09-05T12:17:11.862+0000 7fb6c3e00640 1 -- 172.21.15.71:0/276319755 learned_addr learned my addr 172.21.15.71:0/276319755 (peer_addr_for_me v2:172.21.15.71:0/0)
2024-09-05T12:17:12.805 INFO:teuthology.orchestra.run.smithi071.stdout:/usr/bin/ceph: stderr
2024-09-05T12:17:11.862+0000 7fb6c3e00640 1 -- 172.21.15.71:0/276319755 --> [v2:172.21.15.71:3300/0,v1:172.21.15.71:6789/0] -- mon_subscribe({config=0+,monmap=0+}) -- 0x7fb6c410a7b0 con 0x7fb6c41095b0
2024-09-05T12:17:12.805 INFO:teuthology.orchestra.run.smithi071.stdout:/usr/bin/ceph: stderr
2024-09-05T12:17:11.863+0000 7fb6c3e00640 1 --2- 172.21.15.71:0/276319755 >> [v2:172.21.15.71:3300/0,v1:172.21.15.71:6789/0] conn(0x7fb6c41095b0 0x7fb6c41099b0 secure :-1 s=READY pgs=41 cs=0 l=1 rev1=1 crypto rx=0x7fb6b4009820 tx=0x7fb6b402a270 comp rx=0 tx=0).ready entity=mon.0 client_cookie=3a98de3d29ea75af server_cookie=0 in_seq=0 out_seq=0
2024-09-05T12:17:12.805 INFO:teuthology.orchestra.run.smithi071.stdout:/usr/bin/ceph: stderr
2024-09-05T12:17:11.863+0000 7fb6c2a00640 1 -- 172.21.15.71:0/276319755 <== mon.0 v2:172.21.15.71:3300/0 1 ==== mon_map magic: 0 ==== 205+0+0 (secure 0 0 0) 0x7fb6b4037070 con 0x7fb6c41095b0
2024-09-05T12:17:12.805 INFO:teuthology.orchestra.run.smithi071.stdout:/usr/bin/ceph: stderr
2024-09-05T12:17:11.863+0000 7fb6c2a00640 1 -- 172.21.15.71:0/276319755 <== mon.0 v2:172.21.15.71:3300/0 2 ==== config(27 keys) ==== 1109+0+0 (secure 0 0 0) 0x7fb6b4032900 con 0x7fb6c41095b0
2024-09-05T12:17:12.806 INFO:teuthology.orchestra.run.smithi071.stdout:/usr/bin/ceph: stderr
2024-09-05T12:17:11.863+0000 7fb6c2a00640 1 -- 172.21.15.71:0/276319755 <== mon.0 v2:172.21.15.71:3300/0 3 ==== mon_map magic: 0 ==== 205+0+0 (secure 0 0 0) 0x7fb6b4030850 con 0x7fb6c41095b0
2024-09-05T12:17:12.806 INFO:teuthology.orchestra.run.smithi071.stdout:/usr/bin/ceph: stderr
2024-09-05T12:17:11.864+0000 7fb6c9a00640 1 -- 172.21.15.71:0/276319755 >> [v2:172.21.15.71:3300/0,v1:172.21.15.71:6789/0] conn(0x7fb6c41095b0 msgr2=0x7fb6c41099b0 secure :-1 s=STATE_CONNECTION_ESTABLISHED l=1).mark_down
2024-09-05T12:17:12.806 INFO:teuthology.orchestra.run.smithi071.stdout:/usr/bin/ceph: stderr
