2024-09-05T12:17:32.236+0000 7f56ba000640 1 --2- 172.21.15.71:0/3636486665 >> [v2:172.21.15.71:6800/3648851306,v1:172.21.15.71:6801/3648851306] conn(0x7f56a0038fc0 0x7f56a003b480 unknown :-1 s=START_CONNECT pgs=0 cs=0 l=1 rev1=0 crypto rx=0 tx=0 comp rx=0 tx=0)._fault waiting 1.600000
2024-09-05T12:17:35.049 INFO:teuthology.orchestra.run.smithi071.stdout:/usr/bin/ceph: stderr
2024-09-05T12:17:33.047+0000 7f56c0a00640 1 -- 172.21.15.71:0/3636486665 <== mon.0 v2:172.21.15.71:3300/0 6 ==== mgrmap(e 10) ==== 46067+0+0 (secure 0 0 0) 0x7f56ac06b120 con 0x7f56bc07cd10
2024-09-05T12:17:35.049 INFO:teuthology.orchestra.run.smithi071.stdout:/usr/bin/ceph: stderr
2024-09-05T12:17:33.048+0000 7f56c0a00640 1 -- 172.21.15.71:0/3636486665 >> [v2:172.21.15.71:6800/3648851306,v1:172.21.15.71:6801/3648851306] conn(0x7f56a0038fc0 msgr2=0x7f56a003b480 unknown :-1 s=STATE_CONNECTING l=1).mark_down
2024-09-05T12:17:35.049 INFO:teuthology.orchestra.run.smithi071.stdout:/usr/bin/ceph: stderr
2024-09-05T12:17:33.048+0000 7f56c0a00640 1 --2- 172.21.15.71:0/3636486665 >> [v2:172.21.15.71:6800/3648851306,v1:172.21.15.71:6801/3648851306] conn(0x7f56a0038fc0 0x7f56a003b480 unknown :-1 s=START_CONNECT pgs=0 cs=0 l=1 rev1=0 crypto rx=0 tx=0 comp rx=0 tx=0).stop
2024-09-05T12:17:35.049 INFO:teuthology.orchestra.run.smithi071.stdout:/usr/bin/ceph: stderr
2024-09-05T12:17:34.052+0000 7f56c0a00640 1 -- 172.21.15.71:0/3636486665 <== mon.0 v2:172.21.15.71:3300/0 7 ==== mgrmap(e 11) ==== 46194+0+0 (secure 0 0 0) 0x7f56ac045460 con 0x7f56bc07cd10
2024-09-05T12:17:35.049 INFO:teuthology.orchestra.run.smithi071.stdout:/usr/bin/ceph: stderr
2024-09-05T12:17:34.052+0000 7f56c0a00640 1 --2- 172.21.15.71:0/3636486665 >> [v2:172.21.15.71:6800/2050574497,v1:172.21.15.71:6801/2050574497] conn(0x7f56a003ca80 0x7f56a003ee70 unknown :-1 s=NONE pgs=0 cs=0 l=1 rev1=0 crypto rx=0 tx=0 comp rx=0 tx=0).connect
2024-09-05T12:17:35.049 INFO:teuthology.orchestra.run.smithi071.stdout:/usr/bin/ceph: stderr
2024-09-05T12:17:34.052+0000 7f56c0a00640 1 -- 172.21.15.71:0/3636486665 --> [v2:172.21.15.71:6800/2050574497,v1:172.21.15.71:6801/2050574497] -- command(tid 0: {"prefix": "get_command_descriptions"}) -- 0x7f56a003bb90 con 0x7f56a003ca80
2024-09-05T12:17:35.050 INFO:teuthology.orchestra.run.smithi071.stdout:/usr/bin/ceph: stderr
2024-09-05T12:17:34.053+0000 7f56ba000640 1 --2- 172.21.15.71:0/3636486665 >> [v2:172.21.15.71:6800/2050574497,v1:172.21.15.71:6801/2050574497] conn(0x7f56a003ca80 0x7f56a003ee70 unknown :-1 s=BANNER_CONNECTING pgs=0 cs=0 l=1 rev1=0 crypto rx=0 tx=0 comp rx=0 tx=0)._handle_peer_banner_payload supported=3 required=0
2024-09-05T12:17:35.050 INFO:teuthology.orchestra.run.smithi071.stdout:/usr/bin/ceph: stderr
2024-09-05T12:17:34.054+0000 7f56ba000640 1 --2- 172.21.15.71:0/3636486665 >> [v2:172.21.15.71:6800/2050574497,v1:172.21.15.71:6801/2050574497] conn(0x7f56a003ca80 0x7f56a003ee70 secure :-1 s=READY pgs=1 cs=0 l=1 rev1=1 crypto rx=0x7f56a8003980 tx=0x7f56a8006e10 comp rx=0 tx=0).ready entity=mgr.14150 client_cookie=0 server_cookie=0 in_seq=0 out_seq=0
2024-09-05T12:17:35.050 INFO:teuthology.orchestra.run.smithi071.stdout:/usr/bin/ceph: stderr
2024-09-05T12:17:34.055+0000 7f56c0a00640 1 -- 172.21.15.71:0/3636486665 <== mgr.14150 v2:172.21.15.71:6800/2050574497 1 ==== command_reply(tid 0: 0 ) ==== 8+0+9564 (secure 0 0 0) 0x7f56a003bb90 con 0x7f56a003ca80
2024-09-05T12:17:35.050 INFO:teuthology.orchestra.run.smithi071.stdout:/usr/bin/ceph: stderr
2024-09-05T12:17:34.067+0000 7f56bbe00640 1 -- 172.21.15.71:0/3636486665 --> [v2:172.21.15.71:6800/2050574497,v1:172.21.15.71:6801/2050574497] -- command(tid 1: {"prefix": "mgr_status"}) -- 0x7f56bc07b1f0 con 0x7f56a003ca80
2024-09-05T12:17:35.050 INFO:teuthology.orchestra.run.smithi071.stdout:/usr/bin/ceph: stderr
2024-09-05T12:17:34.068+0000 7f56c0a00640 1 -- 172.21.15.71:0/3636486665 <== mgr.14150 v2:172.21.15.71:6800/2050574497 2 ==== command_reply(tid 1: 0 ) ==== 8+0+52 (secure 0 0 0) 0x7f56bc07b1f0 con 0x7f56a003ca80
2024-09-05T12:17:35.050 INFO:teuthology.orchestra.run.smithi071.stdout:/usr/bin/ceph: stderr
2024-09-05T12:17:34.068+0000 7f56bbe00640 1 -- 172.21.15.71:0/3636486665 >> [v2:172.21.15.71:6800/2050574497,v1:172.21.15.71:6801/2050574497] conn(0x7f56a003ca80 msgr2=0x7f56a003ee70 secure :-1 s=STATE_CONNECTION_ESTABLISHED l=1).mark_down
2024-09-05T12:17:35.050 INFO:teuthology.orchestra.run.smithi071.stdout:/usr/bin/ceph: stderr
2024-09-05T12:17:34.068+0000 7f56bbe00640 1 --2- 172.21.15.71:0/3636486665 >> [v2:172.21.15.71:6800/2050574497,v1:172.21.15.71:6801/2050574497] conn(0x7f56a003ca80 0x7f56a003ee70 secure :-1 s=READY pgs=1 cs=0 l=1 rev1=1 crypto rx=0x7f56a8003980 tx=0x7f56a8006e10 comp rx=0 tx=0).stop
2024-09-05T12:17:35.050 INFO:teuthology.orchestra.run.smithi071.stdout:/usr/bin/ceph: stderr
2024-09-05T12:17:34.068+0000 7f56bbe00640 1 -- 172.21.15.71:0/3636486665 >> [v2:172.21.15.71:3300/0,v1:172.21.15.71:6789/0] conn(0x7f56bc07cd10 msgr2=0x7f56bc19d570 secure :-1 s=STATE_CONNECTION_ESTABLISHED l=1).mark_down
2024-09-05T12:17:35.050 INFO:teuthology.orchestra.run.smithi071.stdout:/usr/bin/ceph: stderr
2024-09-05T12:17:34.068+0000 7f56bbe00640 1 --2- 172.21.15.71:0/3636486665 >> [v2:172.21.15.71:3300/0,v1:172.21.15.71:6789/0] conn(0x7f56bc07cd10 0x7f56bc19d570 secure :-1 s=READY pgs=60 cs=0 l=1 rev1=1 crypto rx=0x7f56ac030380 tx=0x7f56ac032670 comp rx=0 tx=0).stop
2024-09-05T12:17:35.050 INFO:teuthology.orchestra.run.smithi071.stdout:/usr/bin/ceph: stderr
2024-09-05T12:17:34.069+0000 7f56bbe00640 1 -- 172.21.15.71:0/3636486665 shutdown_connections
2024-09-05T12:17:35.050 INFO:teuthology.orchestra.run.smithi071.stdout:/usr/bin/ceph: stderr
2024-09-05T12:17:34.069+0000 7f56bbe00640 1 --2- 172.21.15.71:0/3636486665 >> [v2:172.21.15.71:6800/2050574497,v1:172.21.15.71:6801/2050574497] conn(0x7f56a003ca80 0x7f56a003ee70 unknown :-1 s=CLOSED pgs=1 cs=0 l=1 rev1=1 crypto rx=0 tx=0 comp rx=0 tx=0).stop
2024-09-05T12:17:35.050 INFO:teuthology.orchestra.run.smithi071.stdout:/usr/bin/ceph: stderr
2024-09-05T12:17:34.069+0000 7f56bbe00640 1 --2- 172.21.15.71:0/3636486665 >> [v2:172.21.15.71:6800/3648851306,v1:172.21.15.71:6801/3648851306] conn(0x7f56a0038fc0 0x7f56a003b480 unknown :-1 s=CLOSED pgs=0 cs=0 l=1 rev1=0 crypto rx=0 tx=0 comp rx=0 tx=0).stop
2024-09-05T12:17:35.050 INFO:teuthology.orchestra.run.smithi071.stdout:/usr/bin/ceph: stderr
2024-09-05T12:17:34.069+0000 7f56bbe00640 1 --2- 172.21.15.71:0/3636486665 >> [v2:172.21.15.71:3300/0,v1:172.21.15.71:6789/0] conn(0x7f56bc07cd10 0x7f56bc19d570 unknown :-1 s=CLOSED pgs=60 cs=0 l=1 rev1=1 crypto rx=0 tx=0 comp rx=0 tx=0).stop
2024-09-05T12:17:35.051 INFO:teuthology.orchestra.run.smithi071.stdout:/usr/bin/ceph: stderr
2024-09-05T12:17:34.069+0000 7f56bbe00640 1 -- 172.21.15.71:0/3636486665 >> 172.21.15.71:0/3636486665 conn(0x7f56bc102b90 msgr2=0x7f56bc1036a0 unknown :-1 s=STATE_NONE l=0).mark_down
2024-09-05T12:17:35.051 INFO:teuthology.orchestra.run.smithi071.stdout:/usr/bin/ceph: stderr
2024-09-05T12:17:34.069+0000 7f56bbe00640 1 -- 172.21.15.71:0/3636486665 shutdown_connections
2024-09-05T12:17:35.051 INFO:teuthology.orchestra.run.smithi071.stdout:/usr/bin/ceph: stderr
2024-09-05T12:17:34.069+0000 7f56bbe00640 1 -- 172.21.15.71:0/3636486665 wait complete.
2024-09-05T12:17:35.051 INFO:teuthology.orchestra.run.smithi071.stdout:mgr epoch 9 is available
2024-09-05T12:17:35.051 INFO:teuthology.orchestra.run.smithi071.stdout:Generating a dashboard self-signed certificate...
2024-09-05T12:17:35.410 INFO:journalctl@ceph.mon.a.smithi071.stdout:Sep 05 12:17:35 smithi071 ceph-mon[29845]: from='client.14154 -' entity='client.admin' cmd=[{"prefix": "get_command_descriptions"}]: dispatch
2024-09-05T12:17:35.411 INFO:journalctl@ceph.mon.a.smithi071.stdout:Sep 05 12:17:35 smithi071 ceph-mon[29845]: from='client.14154 -' entity='client.admin' cmd=[{"prefix": "mgr_status"}]: dispatch
2024-09-05T12:17:35.411 INFO:journalctl@ceph.mgr.x.smithi071.stdout:Sep 05 12:17:35 smithi071 ceph-8c9ae41c-6b80-11ef-bcd6-c7b262605968-mgr-x[30082]:
2024-09-05T12:17:35.159+0000 7f1698800640 -1 log_channel(cephadm) log [ERR] : [05/Sep/2024:12:17:35] ENGINE Error in HTTPServer.serve
2024-09-05T12:17:35.411 INFO:journalctl@ceph.mgr.x.smithi071.stdout:Sep 05 12:17:35 smithi071 ceph-8c9ae41c-6b80-11ef-bcd6-c7b262605968-mgr-x[30082]: Traceback (most recent call last):
2024-09-05T12:17:35.411 INFO:journalctl@ceph.mgr.x.smithi071.stdout:Sep 05 12:17:35 smithi071 ceph-8c9ae41c-6b80-11ef-bcd6-c7b262605968-mgr-x[30082]: File "/lib/python3.9/site-packages/cheroot/server.py", line 1823, in serve
2024-09-05T12:17:35.412 INFO:journalctl@ceph.mgr.x.smithi071.stdout:Sep 05 12:17:35 smithi071 ceph-8c9ae41c-6b80-11ef-bcd6-c7b262605968-mgr-x[30082]: self._connections.run(self.expiration_interval)
2024-09-05T12:17:35.412 INFO:journalctl@ceph.mgr.x.smithi071.stdout:Sep 05 12:17:35 smithi071 ceph-8c9ae41c-6b80-11ef-bcd6-c7b262605968-mgr-x[30082]: File "/lib/python3.9/site-packages/cheroot/connections.py", line 203, in run
2024-09-05T12:17:35.412 INFO:journalctl@ceph.mgr.x.smithi071.stdout:Sep 05 12:17:35 smithi071 ceph-8c9ae41c-6b80-11ef-bcd6-c7b262605968-mgr-x[30082]: self._run(expiration_interval)
2024-09-05T12:17:35.412 INFO:journalctl@ceph.mgr.x.smithi071.stdout:Sep 05 12:17:35 smithi071 ceph-8c9ae41c-6b80-11ef-bcd6-c7b262605968-mgr-x[30082]: File "/lib/python3.9/site-packages/cheroot/connections.py", line 246, in _run
2024-09-05T12:17:35.412 INFO:journalctl@ceph.mgr.x.smithi071.stdout:Sep 05 12:17:35 smithi071 ceph-8c9ae41c-6b80-11ef-bcd6-c7b262605968-mgr-x[30082]: new_conn = self._from_server_socket(self.server.socket)
2024-09-05T12:17:35.412 INFO:journalctl@ceph.mgr.x.smithi071.stdout:Sep 05 12:17:35 smithi071 ceph-8c9ae41c-6b80-11ef-bcd6-c7b262605968-mgr-x[30082]: File "/lib/python3.9/site-packages/cheroot/connections.py", line 300, in _from_server_socket
2024-09-05T12:17:35.412 INFO:journalctl@ceph.mgr.x.smithi071.stdout:Sep 05 12:17:35 smithi071 ceph-8c9ae41c-6b80-11ef-bcd6-c7b262605968-mgr-x[30082]: s, ssl_env = self.server.ssl_adapter.wrap(s)
2024-09-05T12:17:35.412 INFO:journalctl@ceph.mgr.x.smithi071.stdout:Sep 05 12:17:35 smithi071 ceph-8c9ae41c-6b80-11ef-bcd6-c7b262605968-mgr-x[30082]: File "/lib/python3.9/site-packages/cheroot/ssl/builtin.py", line 277, in wrap
2024-09-05T12:17:35.412 INFO:journalctl@ceph.mgr.x.smithi071.stdout:Sep 05 12:17:35 smithi071 ceph-8c9ae41c-6b80-11ef-bcd6-c7b262605968-mgr-x[30082]: s = self.context.wrap_socket(
2024-09-05T12:17:35.413 INFO:journalctl@ceph.mgr.x.smithi071.stdout:Sep 05 12:17:35 smithi071 ceph-8c9ae41c-6b80-11ef-bcd6-c7b262605968-mgr-x[30082]: File "/lib64/python3.9/ssl.py", line 501, in wrap_socket
2024-09-05T12:17:35.413 INFO:journalctl@ceph.mgr.x.smithi071.stdout:Sep 05 12:17:35 smithi071 ceph-8c9ae41c-6b80-11ef-bcd6-c7b262605968-mgr-x[30082]: return self.sslsocket_class._create(
2024-09-05T12:17:35.413 INFO:journalctl@ceph.mgr.x.smithi071.stdout:Sep 05 12:17:35 smithi071 ceph-8c9ae41c-6b80-11ef-bcd6-c7b262605968-mgr-x[30082]: File "/lib64/python3.9/ssl.py", line 1074, in _create
2024-09-05T12:17:35.413 INFO:journalctl@ceph.mgr.x.smithi071.stdout:Sep 05 12:17:35 smithi071 ceph-8c9ae41c-6b80-11ef-bcd6-c7b262605968-mgr-x[30082]: self.do_handshake()
2024-09-05T12:17:35.413 INFO:journalctl@ceph.mgr.x.smithi071.stdout:Sep 05 12:17:35 smithi071 ceph-8c9ae41c-6b80-11ef-bcd6-c7b262605968-mgr-x[30082]: File "/lib64/python3.9/ssl.py", line 1343, in do_handshake
2024-09-05T12:17:35.413 INFO:journalctl@ceph.mgr.x.smithi071.stdout:Sep 05 12:17:35 smithi071 ceph-8c9ae41c-6b80-11ef-bcd6-c7b262605968-mgr-x[30082]: self._sslobj.do_handshake()
2024-09-05T12:17:35.413 INFO:journalctl@ceph.mgr.x.smithi071.stdout:Sep 05 12:17:35 smithi071 ceph-8c9ae41c-6b80-11ef-bcd6-c7b262605968-mgr-x[30082]: ssl.SSLZeroReturnError: TLS/SSL connection has been closed (EOF) (_ssl.c:1133)
2024-09-05T12:17:35.413 INFO:journalctl@ceph.mgr.x.smithi071.stdout:Sep 05 12:17:35 smithi071 ceph-8c9ae41c-6b80-11ef-bcd6-c7b262605968-mgr-x[30082]:
2024-09-05T12:17:36.161 INFO:journalctl@ceph.mon.a.smithi071.stdout:Sep 05 12:17:36 smithi071 ceph-mon[29845]: [05/Sep/2024:12:17:34] ENGINE Bus STARTING
2024-09-05T12:17:36.161 INFO:journalctl@ceph.mon.a.smithi071.stdout:Sep 05 12:17:36 smithi071 ceph-mon[29845]: [05/Sep/2024:12:17:35] ENGINE Serving on http://172.21.15.71:8765
2024-09-05T12:17:36.161 INFO:journalctl@ceph.mon.a.smithi071.stdout:Sep 05 12:17:36 smithi071 ceph-mon[29845]: mgrmap e12: x(active, since 2s)
2024-09-05T12:17:36.161 INFO:journalctl@ceph.mon.a.smithi071.stdout:Sep 05 12:17:36 smithi071 ceph-mon[29845]: [05/Sep/2024:12:17:35] ENGINE Serving on https://172.21.15.71:7150
2024-09-05T12:17:36.161 INFO:journalctl@ceph.mon.a.smithi071.stdout:Sep 05 12:17:36 smithi071 ceph-mon[29845]: [05/Sep/2024:12:17:35] ENGINE Bus STARTED
2024-09-05T12:17:36.161 INFO:journalctl@ceph.mon.a.smithi071.stdout:Sep 05 12:17:36 smithi071 ceph-mon[29845]: [05/Sep/2024:12:17:35] ENGINE Error in HTTPServer.serve
2024-09-05T12:17:36.161 INFO:journalctl@ceph.mon.a.smithi071.stdout: Traceback (most recent call last):
2024-09-05T12:17:36.161 INFO:journalctl@ceph.mon.a.smithi071.stdout: File "/lib/python3.9/site-packages/cheroot/server.py", line 1823, in serve
2024-09-05T12:17:36.161 INFO:journalctl@ceph.mon.a.smithi071.stdout: self._connections.run(self.expiration_interval)
2024-09-05T12:17:36.162 INFO:journalctl@ceph.mon.a.smithi071.stdout: File "/lib/python3.9/site-packages/cheroot/connections.py", line 203, in run
2024-09-05T12:17:36.162 INFO:journalctl@ceph.mon.a.smithi071.stdout: self._run(expiration_interval)
2024-09-05T12:17:36.162 INFO:journalctl@ceph.mon.a.smithi071.stdout: File "/lib/python3.9/site-packages/cheroot/connections.py", line 246, in _run
2024-09-05T12:17:36.162 INFO:journalctl@ceph.mon.a.smithi071.stdout: new_conn = self._from_server_socket(self.server.socket)
2024-09-05T12:17:36.162 INFO:journalctl@ceph.mon.a.smithi071.stdout: File "/lib/python3.9/site-packages/cheroot/connections.py", line 300, in _from_server_socket
2024-09-05T12:17:36.162 INFO:journalctl@ceph.mon.a.smithi071.stdout: s, ssl_env = self.server.ssl_adapter.wrap(s)
2024-09-05T12:17:36.162 INFO:journalctl@ceph.mon.a.smithi071.stdout: File "/lib/python3.9/site-packages/cheroot/ssl/builtin.py", line 277, in wrap
2024-09-05T12:17:36.162 INFO:journalctl@ceph.mon.a.smithi071.stdout: s = self.context.wrap_socket(
2024-09-05T12:17:36.162 INFO:journalctl@ceph.mon.a.smithi071.stdout: File "/lib64/python3.9/ssl.py", line 501, in wrap_socket
2024-09-05T12:17:36.162 INFO:journalctl@ceph.mon.a.smithi071.stdout: return self.sslsocket_class._create(
2024-09-05T12:17:36.162 INFO:journalctl@ceph.mon.a.smithi071.stdout: File "/lib64/python3.9/ssl.py", line 1074, in _create
2024-09-05T12:17:36.162 INFO:journalctl@ceph.mon.a.smithi071.stdout: self.do_handshake()
2024-09-05T12:17:36.162 INFO:journalctl@ceph.mon.a.smithi071.stdout: File "/lib64/python3.9/ssl.py", line 1343, in do_handshake
2024-09-05T12:17:36.162 INFO:journalctl@ceph.mon.a.smithi071.stdout: self._sslobj.do_handshake()
2024-09-05T12:17:36.163 INFO:journalctl@ceph.mon.a.smithi071.stdout: ssl.SSLZeroReturnError: TLS/SSL connection has been closed (EOF) (_ssl.c:1133)
2024-09-05T12:17:36.163 INFO:journalctl@ceph.mon.a.smithi071.stdout:Sep 05 12:17:36 smithi071 ceph-mon[29845]: from='mgr.14150 172.21.15.71:0/3160655641' entity='mgr.x'
2024-09-05T12:17:36.903 INFO:teuthology.orchestra.run.smithi071.stdout:/usr/bin/ceph: stdout Self-signed certificate created
2024-09-05T12:17:36.903 INFO:teuthology.orchestra.run.smithi071.stdout:/usr/bin/ceph: stderr
2024-09-05T12:17:35.972+0000 7f28fd200640 1 Processor -- start
2024-09-05T12:17:36.903 INFO:teuthology.orchestra.run.smithi071.stdout:/usr/bin/ceph: stderr
2024-09-05T12:17:35.972+0000 7f28fd200640 1 -- start start
2024-09-05T12:17:36.903 INFO:teuthology.orchestra.run.smithi071.stdout:/usr/bin/ceph: stderr
2024-09-05T12:17:35.973+0000 7f28fd200640 1 --2- >> [v2:172.21.15.71:3300/0,v1:172.21.15.71:6789/0] conn(0x7f28f8109810 0x7f28f8109c10 unknown :-1 s=NONE pgs=0 cs=0 l=0 rev1=0 crypto rx=0 tx=0 comp rx=0 tx=0).connect
2024-09-05T12:17:36.903 INFO:teuthology.orchestra.run.smithi071.stdout:/usr/bin/ceph: stderr
2024-09-05T12:17:35.973+0000 7f28fd200640 1 -- --> [v2:172.21.15.71:3300/0,v1:172.21.15.71:6789/0] -- mon_getmap magic: 0 -- 0x7f28f810a1e0 con 0x7f28f8109810
2024-09-05T12:17:36.903 INFO:teuthology.orchestra.run.smithi071.stdout:/usr/bin/ceph: stderr
2024-09-05T12:17:35.973+0000 7f28f5e00640 1 --2- >> [v2:172.21.15.71:3300/0,v1:172.21.15.71:6789/0] conn(0x7f28f8109810 0x7f28f8109c10 unknown :-1 s=BANNER_CONNECTING pgs=0 cs=0 l=0 rev1=0 crypto rx=0 tx=0 comp rx=0 tx=0)._handle_peer_banner_payload supported=3 required=0
2024-09-05T12:17:36.904 INFO:teuthology.orchestra.run.smithi071.stdout:/usr/bin/ceph: stderr
2024-09-05T12:17:35.973+0000 7f28f5e00640 1 --2- >> [v2:172.21.15.71:3300/0,v1:172.21.15.71:6789/0] conn(0x7f28f8109810 0x7f28f8109c10 unknown :-1 s=HELLO_CONNECTING pgs=0 cs=0 l=0 rev1=1 crypto rx=0 tx=0 comp rx=0 tx=0).handle_hello peer v2:172.21.15.71:3300/0 says I am v2:172.21.15.71:49494/0 (socket says 172.21.15.71:49494)
2024-09-05T12:17:36.904 INFO:teuthology.orchestra.run.smithi071.stdout:/usr/bin/ceph: stderr
2024-09-05T12:17:35.973+0000 7f28f5e00640 1 -- 172.21.15.71:0/2732710764 learned_addr learned my addr 172.21.15.71:0/2732710764 (peer_addr_for_me v2:172.21.15.71:0/0)
2024-09-05T12:17:36.904 INFO:teuthology.orchestra.run.smithi071.stdout:/usr/bin/ceph: stderr
2024-09-05T12:17:35.974+0000 7f28f5e00640 1 -- 172.21.15.71:0/2732710764 --> [v2:172.21.15.71:3300/0,v1:172.21.15.71:6789/0] -- mon_subscribe({config=0+,monmap=0+}) -- 0x7f28f810a950 con 0x7f28f8109810
2024-09-05T12:17:36.904 INFO:teuthology.orchestra.run.smithi071.stdout:/usr/bin/ceph: stderr
2024-09-05T12:17:35.975+0000 7f28f5e00640 1 --2- 172.21.15.71:0/2732710764 >> [v2:172.21.15.71:3300/0,v1:172.21.15.71:6789/0] conn(0x7f28f8109810 0x7f28f8109c10 secure :-1 s=READY pgs=68 cs=0 l=1 rev1=1 crypto rx=0x7f28e8009820 tx=0x7f28e802a270 comp rx=0 tx=0).ready entity=mon.0 client_cookie=ee0899cbb5335d9f server_cookie=0 in_seq=0 out_seq=0
2024-09-05T12:17:36.904 INFO:teuthology.orchestra.run.smithi071.stdout:/usr/bin/ceph: stderr
2024-09-05T12:17:35.975+0000 7f28f4a00640 1 -- 172.21.15.71:0/2732710764 <== mon.0 v2:172.21.15.71:3300/0 1 ==== mon_map magic: 0 ==== 205+0+0 (secure 0 0 0) 0x7f28e8037070 con 0x7f28f8109810
2024-09-05T12:17:36.904 INFO:teuthology.orchestra.run.smithi071.stdout:/usr/bin/ceph: stderr
2024-09-05T12:17:35.975+0000 7f28f4a00640 1 -- 172.21.15.71:0/2732710764 <== mon.0 v2:172.21.15.71:3300/0 2 ==== config(27 keys) ==== 1140+0+0 (secure 0 0 0) 0x7f28e8032920 con 0x7f28f8109810
2024-09-05T12:17:36.904 INFO:teuthology.orchestra.run.smithi071.stdout:/usr/bin/ceph: stderr
2024-09-05T12:17:35.975+0000 7f28f4a00640 1 -- 172.21.15.71:0/2732710764 <== mon.0 v2:172.21.15.71:3300/0 3 ==== mon_map magic: 0 ==== 205+0+0 (secure 0 0 0) 0x7f28e8030810 con 0x7f28f8109810
2024-09-05T12:17:36.904 INFO:teuthology.orchestra.run.smithi071.stdout:/usr/bin/ceph: stderr
2024-09-05T12:17:35.976+0000 7f28fd200640 1 -- 172.21.15.71:0/2732710764 >> [v2:172.21.15.71:3300/0,v1:172.21.15.71:6789/0] conn(0x7f28f8109810 msgr2=0x7f28f8109c10 secure :-1 s=STATE_CONNECTION_ESTABLISHED l=1).mark_down
2024-09-05T12:17:36.904 INFO:teuthology.orchestra.run.smithi071.stdout:/usr/bin/ceph: stderr
2024-09-05T12:17:35.976+0000 7f28fd200640 1 --2- 172.21.15.71:0/2732710764 >> [v2:172.21.15.71:3300/0,v1:172.21.15.71:6789/0] conn(0x7f28f8109810 0x7f28f8109c10 secure :-1 s=READY pgs=68 cs=0 l=1 rev1=1 crypto rx=0x7f28e8009820 tx=0x7f28e802a270 comp rx=0 tx=0).stop
2024-09-05T12:17:36.904 INFO:teuthology.orchestra.run.smithi071.stdout:/usr/bin/ceph: stderr
2024-09-05T12:17:35.976+0000 7f28fd200640 1 -- 172.21.15.71:0/2732710764 shutdown_connections
2024-09-05T12:17:36.904 INFO:teuthology.orchestra.run.smithi071.stdout:/usr/bin/ceph: stderr
2024-09-05T12:17:35.976+0000 7f28fd200640 1 --2- 172.21.15.71:0/2732710764 >> [v2:172.21.15.71:3300/0,v1:172.21.15.71:6789/0] conn(0x7f28f8109810 0x7f28f8109c10 unknown :-1 s=CLOSED pgs=68 cs=0 l=1 rev1=1 crypto rx=0 tx=0 comp rx=0 tx=0).stop
2024-09-05T12:17:36.904 INFO:teuthology.orchestra.run.smithi071.stdout:/usr/bin/ceph: stderr
2024-09-05T12:17:35.976+0000 7f28fd200640 1 -- 172.21.15.71:0/2732710764 >> 172.21.15.71:0/2732710764 conn(0x7f28f807ccf0 msgr2=0x7f28f807d120 unknown :-1 s=STATE_NONE l=0).mark_down
2024-09-05T12:17:36.905 INFO:teuthology.orchestra.run.smithi071.stdout:/usr/bin/ceph: stderr
2024-09-05T12:17:35.976+0000 7f28fd200640 1 -- 172.21.15.71:0/2732710764 shutdown_connections
2024-09-05T12:17:36.905 INFO:teuthology.orchestra.run.smithi071.stdout:/usr/bin/ceph: stderr
2024-09-05T12:17:35.976+0000 7f28fd200640 1 -- 172.21.15.71:0/2732710764 wait complete.
2024-09-05T12:17:36.905 INFO:teuthology.orchestra.run.smithi071.stdout:/usr/bin/ceph: stderr
2024-09-05T12:17:35.977+0000 7f28fd200640 1 Processor -- start
2024-09-05T12:17:36.905 INFO:teuthology.orchestra.run.smithi071.stdout:/usr/bin/ceph: stderr
2024-09-05T12:17:35.977+0000 7f28fd200640 1 -- start start
2024-09-05T12:17:36.905 INFO:teuthology.orchestra.run.smithi071.stdout:/usr/bin/ceph: stderr
2024-09-05T12:17:35.977+0000 7f28fd200640 1 --2- >> [v2:172.21.15.71:3300/0,v1:172.21.15.71:6789/0] conn(0x7f28f8109810 0x7f28f819d7c0 unknown :-1 s=NONE pgs=0 cs=0 l=1 rev1=0 crypto rx=0 tx=0 comp rx=0 tx=0).connect
2024-09-05T12:17:36.905 INFO:teuthology.orchestra.run.smithi071.stdout:/usr/bin/ceph: stderr
2024-09-05T12:17:35.977+0000 7f28fd200640 1 -- --> [v2:172.21.15.71:3300/0,v1:172.21.15.71:6789/0] -- mon_getmap magic: 0 -- 0x7f28f810dd00 con 0x7f28f8109810
2024-09-05T12:17:36.905 INFO:teuthology.orchestra.run.smithi071.stdout:/usr/bin/ceph: stderr
2024-09-05T12:17:35.977+0000 7f28f5e00640 1 --2- >> [v2:172.21.15.71:3300/0,v1:172.21.15.71:6789/0] conn(0x7f28f8109810 0x7f28f819d7c0 unknown :-1 s=BANNER_CONNECTING pgs=0 cs=0 l=1 rev1=0 crypto rx=0 tx=0 comp rx=0 tx=0)._handle_peer_banner_payload supported=3 required=0
2024-09-05T12:17:36.905 INFO:teuthology.orchestra.run.smithi071.stdout:/usr/bin/ceph: stderr
2024-09-05T12:17:35.978+0000 7f28f5e00640 1 --2- >> [v2:172.21.15.71:3300/0,v1:172.21.15.71:6789/0] conn(0x7f28f8109810 0x7f28f819d7c0 unknown :-1 s=HELLO_CONNECTING pgs=0 cs=0 l=1 rev1=1 crypto rx=0 tx=0 comp rx=0 tx=0).handle_hello peer v2:172.21.15.71:3300/0 says I am v2:172.21.15.71:49502/0 (socket says 172.21.15.71:49502)
2024-09-05T12:17:36.905 INFO:teuthology.orchestra.run.smithi071.stdout:/usr/bin/ceph: stderr
2024-09-05T12:17:35.978+0000 7f28f5e00640 1 -- 172.21.15.71:0/3740921214 learned_addr learned my addr 172.21.15.71:0/3740921214 (peer_addr_for_me v2:172.21.15.71:0/0)
2024-09-05T12:17:36.905 INFO:teuthology.orchestra.run.smithi071.stdout:/usr/bin/ceph: stderr
2024-09-05T12:17:35.978+0000 7f28f5e00640 1 -- 172.21.15.71:0/3740921214 --> [v2:172.21.15.71:3300/0,v1:172.21.15.71:6789/0] -- mon_subscribe({config=0+,monmap=0+}) -- 0x7f28f819dd00 con 0x7f28f8109810
2024-09-05T12:17:36.905 INFO:teuthology.orchestra.run.smithi071.stdout:/usr/bin/ceph: stderr
2024-09-05T12:17:35.978+0000 7f28f5e00640 1 --2- 172.21.15.71:0/3740921214 >> [v2:172.21.15.71:3300/0,v1:172.21.15.71:6789/0] conn(0x7f28f8109810 0x7f28f819d7c0 secure :-1 s=READY pgs=69 cs=0 l=1 rev1=1 crypto rx=0x7f28e80097f0 tx=0x7f28e80327b0 comp rx=0 tx=0).ready entity=mon.0 client_cookie=0 server_cookie=0 in_seq=0 out_seq=0
2024-09-05T12:17:36.905 INFO:teuthology.orchestra.run.smithi071.stdout:/usr/bin/ceph: stderr
2024-09-05T12:17:35.978+0000 7f28eea00640 1 -- 172.21.15.71:0/3740921214 <== mon.0 v2:172.21.15.71:3300/0 1 ==== mon_map magic: 0 ==== 205+0+0 (secure 0 0 0) 0x7f28e8037040 con 0x7f28f8109810
2024-09-05T12:17:36.905 INFO:teuthology.orchestra.run.smithi071.stdout:/usr/bin/ceph: stderr
2024-09-05T12:17:35.978+0000 7f28eea00640 1 -- 172.21.15.71:0/3740921214 <== mon.0 v2:172.21.15.71:3300/0 2 ==== config(27 keys) ==== 1140+0+0 (secure 0 0 0) 0x7f28e8030c40 con 0x7f28f8109810
2024-09-05T12:17:36.906 INFO:teuthology.orchestra.run.smithi071.stdout:/usr/bin/ceph: stderr
2024-09-05T12:17:35.978+0000 7f28eea00640 1 -- 172.21.15.71:0/3740921214 <== mon.0 v2:172.21.15.71:3300/0 3 ==== mon_map magic: 0 ==== 205+0+0 (secure 0 0 0) 0x7f28e803a5d0 con 0x7f28f8109810
2024-09-05T12:17:36.906 INFO:teuthology.orchestra.run.smithi071.stdout:/usr/bin/ceph: stderr
2024-09-05T12:17:35.978+0000 7f28fd200640 1 -- 172.21.15.71:0/3740921214 --> [v2:172.21.15.71:3300/0,v1:172.21.15.71:6789/0] -- mon_subscribe({mgrmap=0+}) -- 0x7f28f819df90 con 0x7f28f8109810
2024-09-05T12:17:36.906 INFO:teuthology.orchestra.run.smithi071.stdout:/usr/bin/ceph: stderr
2024-09-05T12:17:35.979+0000 7f28fd200640 1 -- 172.21.15.71:0/3740921214 --> [v2:172.21.15.71:3300/0,v1:172.21.15.71:6789/0] -- mon_subscribe({osdmap=0}) -- 0x7f28f81a0c80 con 0x7f28f8109810
2024-09-05T12:17:36.906 INFO:teuthology.orchestra.run.smithi071.stdout:/usr/bin/ceph: stderr
2024-09-05T12:17:35.980+0000 7f28eea00640 1 -- 172.21.15.71:0/3740921214 <== mon.0 v2:172.21.15.71:3300/0 4 ==== mgrmap(e 12) ==== 46300+0+0 (secure 0 0 0) 0x7f28e803b3f0 con 0x7f28f8109810
2024-09-05T12:17:36.906 INFO:teuthology.orchestra.run.smithi071.stdout:/usr/bin/ceph: stderr
2024-09-05T12:17:35.980+0000 7f28fd200640 1 -- 172.21.15.71:0/3740921214 --> [v2:172.21.15.71:3300/0,v1:172.21.15.71:6789/0] -- mon_command({"prefix": "get_command_descriptions"} v 0) -- 0x7f28f8109c90 con 0x7f28f8109810
2024-09-05T12:17:36.906 INFO:teuthology.orchestra.run.smithi071.stdout:/usr/bin/ceph: stderr
2024-09-05T12:17:35.980+0000 7f28eea00640 1 --2- 172.21.15.71:0/3740921214 >> [v2:172.21.15.71:6800/2050574497,v1:172.21.15.71:6801/2050574497] conn(0x7f28dc039020 0x7f28dc03b4e0 unknown :-1 s=NONE pgs=0 cs=0 l=1 rev1=0 crypto rx=0 tx=0 comp rx=0 tx=0).connect
2024-09-05T12:17:36.906 INFO:teuthology.orchestra.run.smithi071.stdout:/usr/bin/ceph: stderr
2024-09-05T12:17:35.981+0000 7f28eea00640 1 -- 172.21.15.71:0/3740921214 <== mon.0 v2:172.21.15.71:3300/0 5 ==== osd_map(3..3 src has 1..3) ==== 1155+0+0 (secure 0 0 0) 0x7f28e806c610 con 0x7f28f8109810
2024-09-05T12:17:36.906 INFO:teuthology.orchestra.run.smithi071.stdout:/usr/bin/ceph: stderr
2024-09-05T12:17:35.982+0000 7f28f5400640 1 --2- 172.21.15.71:0/3740921214 >> [v2:172.21.15.71:6800/2050574497,v1:172.21.15.71:6801/2050574497] conn(0x7f28dc039020 0x7f28dc03b4e0 unknown :-1 s=BANNER_CONNECTING pgs=0 cs=0 l=1 rev1=0 crypto rx=0 tx=0 comp rx=0 tx=0)._handle_peer_banner_payload supported=3 required=0
2024-09-05T12:17:36.906 INFO:teuthology.orchestra.run.smithi071.stdout:/usr/bin/ceph: stderr
2024-09-05T12:17:35.982+0000 7f28f5400640 1 --2- 172.21.15.71:0/3740921214 >> [v2:172.21.15.71:6800/2050574497,v1:172.21.15.71:6801/2050574497] conn(0x7f28dc039020 0x7f28dc03b4e0 secure :-1 s=READY pgs=7 cs=0 l=1 rev1=1 crypto rx=0x7f28e40098c0 tx=0x7f28e4006db0 comp rx=0 tx=0).ready entity=mgr.14150 client_cookie=0 server_cookie=0 in_seq=0 out_seq=0
2024-09-05T12:17:36.906 INFO:teuthology.orchestra.run.smithi071.stdout:/usr/bin/ceph: stderr
2024-09-05T12:17:35.986+0000 7f28eea00640 1 -- 172.21.15.71:0/3740921214 <== mon.0 v2:172.21.15.71:3300/0 6 ==== mon_command_ack([{"prefix": "get_command_descriptions"}]=0 v0) ==== 72+0+188821 (secure 0 0 0) 0x7f28e803b6e0 con 0x7f28f8109810
2024-09-05T12:17:36.906 INFO:teuthology.orchestra.run.smithi071.stdout:/usr/bin/ceph: stderr
2024-09-05T12:17:36.179+0000 7f28fd200640 1 -- 172.21.15.71:0/3740921214 --> [v2:172.21.15.71:6800/2050574497,v1:172.21.15.71:6801/2050574497] -- mgr_command(tid 0: {"prefix": "dashboard create-self-signed-cert", "target": ["mon-mgr", ""]}) -- 0x7f28f8107c80 con 0x7f28dc039020
2024-09-05T12:17:36.906 INFO:teuthology.orchestra.run.smithi071.stdout:/usr/bin/ceph: stderr
2024-09-05T12:17:36.246+0000 7f28eea00640 1 -- 172.21.15.71:0/3740921214 <== mgr.14150 v2:172.21.15.71:6800/2050574497 1 ==== mgr_command_reply(tid 0: 0 ) ==== 8+0+32 (secure 0 0 0) 0x7f28f8107c80 con 0x7f28dc039020
2024-09-05T12:17:36.906 INFO:teuthology.orchestra.run.smithi071.stdout:/usr/bin/ceph: stderr
2024-09-05T12:17:36.248+0000 7f28fd200640 1 -- 172.21.15.71:0/3740921214 >> [v2:172.21.15.71:6800/2050574497,v1:172.21.15.71:6801/2050574497] conn(0x7f28dc039020 msgr2=0x7f28dc03b4e0 secure :-1 s=STATE_CONNECTION_ESTABLISHED l=1).mark_down
2024-09-05T12:17:36.907 INFO:teuthology.orchestra.run.smithi071.stdout:/usr/bin/ceph: stderr
2024-09-05T12:17:36.248+0000 7f28fd200640 1 --2- 172.21.15.71:0/3740921214 >> [v2:172.21.15.71:6800/2050574497,v1:172.21.15.71:6801/2050574497] conn(0x7f28dc039020 0x7f28dc03b4e0 secure :-1 s=READY pgs=7 cs=0 l=1 rev1=1 crypto rx=0x7f28e40098c0 tx=0x7f28e4006db0 comp rx=0 tx=0).stop
2024-09-05T12:17:36.907 INFO:teuthology.orchestra.run.smithi071.stdout:/usr/bin/ceph: stderr
2024-09-05T12:17:36.248+0000 7f28fd200640 1 -- 172.21.15.71:0/3740921214 >> [v2:172.21.15.71:3300/0,v1:172.21.15.71:6789/0] conn(0x7f28f8109810 msgr2=0x7f28f819d7c0 secure :-1 s=STATE_CONNECTION_ESTABLISHED l=1).mark_down
2024-09-05T12:17:36.907 INFO:teuthology.orchestra.run.smithi071.stdout:/usr/bin/ceph: stderr
2024-09-05T12:17:36.248+0000 7f28fd200640 1 --2- 172.21.15.71:0/3740921214 >> [v2:172.21.15.71:3300/0,v1:172.21.15.71:6789/0] conn(0x7f28f8109810 0x7f28f819d7c0 secure :-1 s=READY pgs=69 cs=0 l=1 rev1=1 crypto rx=0x7f28e80097f0 tx=0x7f28e80327b0 comp rx=0 tx=0).stop
2024-09-05T12:17:36.907 INFO:teuthology.orchestra.run.smithi071.stdout:/usr/bin/ceph: stderr
2024-09-05T12:17:36.248+0000 7f28fd200640 1 -- 172.21.15.71:0/3740921214 shutdown_connections
2024-09-05T12:17:36.907 INFO:teuthology.orchestra.run.smithi071.stdout:/usr/bin/ceph: stderr
2024-09-05T12:17:36.248+0000 7f28fd200640 1 --2- 172.21.15.71:0/3740921214 >> [v2:172.21.15.71:6800/2050574497,v1:172.21.15.71:6801/2050574497] conn(0x7f28dc039020 0x7f28dc03b4e0 unknown :-1 s=CLOSED pgs=7 cs=0 l=1 rev1=1 crypto rx=0 tx=0 comp rx=0 tx=0).stop
2024-09-05T12:17:36.907 INFO:teuthology.orchestra.run.smithi071.stdout:/usr/bin/ceph: stderr
2024-09-05T12:17:36.248+0000 7f28fd200640 1 --2- 172.21.15.71:0/3740921214 >> [v2:172.21.15.71:3300/0,v1:172.21.15.71:6789/0] conn(0x7f28f8109810 0x7f28f819d7c0 unknown :-1 s=CLOSED pgs=69 cs=0 l=1 rev1=1 crypto rx=0 tx=0 comp rx=0 tx=0).stop
2024-09-05T12:17:36.907 INFO:teuthology.orchestra.run.smithi071.stdout:/usr/bin/ceph: stderr
2024-09-05T12:17:36.248+0000 7f28fd200640 1 -- 172.21.15.71:0/3740921214 >> 172.21.15.71:0/3740921214 conn(0x7f28f807ccf0 msgr2=0x7f28f8107570 unknown :-1 s=STATE_NONE l=0).mark_down
2024-09-05T12:17:36.907 INFO:teuthology.orchestra.run.smithi071.stdout:/usr/bin/ceph: stderr
2024-09-05T12:17:36.249+0000 7f28fd200640 1 -- 172.21.15.71:0/3740921214 shutdown_connections
2024-09-05T12:17:36.907 INFO:teuthology.orchestra.run.smithi071.stdout:/usr/bin/ceph: stderr
2024-09-05T12:17:36.249+0000 7f28fd200640 1 -- 172.21.15.71:0/3740921214 wait complete.
2024-09-05T12:17:36.907 INFO:teuthology.orchestra.run.smithi071.stdout:Creating initial admin user...
2024-09-05T12:17:37.480 INFO:journalctl@ceph.mon.a.smithi071.stdout:Sep 05 12:17:37 smithi071 ceph-mon[29845]: from='client.14162 -' entity='client.admin' cmd=[{"prefix": "dashboard create-self-signed-cert", "target": ["mon-mgr", ""]}]: dispatch
2024-09-05T12:17:37.480 INFO:journalctl@ceph.mon.a.smithi071.stdout:Sep 05 12:17:37 smithi071 ceph-mon[29845]: from='mgr.14150 172.21.15.71:0/3160655641' entity='mgr.x'
2024-09-05T12:17:37.481 INFO:journalctl@ceph.mon.a.smithi071.stdout:Sep 05 12:17:37 smithi071 ceph-mon[29845]: from='mgr.14150 172.21.15.71:0/3160655641' entity='mgr.x'
2024-09-05T12:17:37.481 INFO:journalctl@ceph.mon.a.smithi071.stdout:Sep 05 12:17:37 smithi071 ceph-mon[29845]: from='mgr.14150 172.21.15.71:0/3160655641' entity='mgr.x'
2024-09-05T12:17:39.161 INFO:journalctl@ceph.mon.a.smithi071.stdout:Sep 05 12:17:38 smithi071 ceph-mon[29845]: from='client.14164 -' entity='client.admin' cmd=[{"prefix": "dashboard ac-user-create", "username": "admin", "rolename": "administrator", "force_password": true, "pwd_update_required": true, "target": ["mon-mgr", ""]}]: dispatch
2024-09-05T12:17:39.161 INFO:journalctl@ceph.mon.a.smithi071.stdout:Sep 05 12:17:38 smithi071 ceph-mon[29845]: from='mgr.14150 172.21.15.71:0/3160655641' entity='mgr.x'
2024-09-05T12:17:39.197 INFO:teuthology.orchestra.run.smithi071.stdout:/usr/bin/ceph: stdout {"username": "admin", "password": "$2b$12$P5yNFnZtUBHRfH5XHU/rMOWB4GhTH4IFhrQjzcZ5JtuOsOZw5y4Zy", "roles": ["administrator"], "name": null, "email": null, "lastUpdate": 1725538657, "enabled": true, "pwdExpirationDate": null, "pwdUpdateRequired": true}
2024-09-05T12:17:39.198 INFO:teuthology.orchestra.run.smithi071.stdout:/usr/bin/ceph: stderr
2024-09-05T12:17:37.498+0000 7f0553000640 1 Processor -- start
2024-09-05T12:17:39.198 INFO:teuthology.orchestra.run.smithi071.stdout:/usr/bin/ceph: stderr
2024-09-05T12:17:37.498+0000 7f0553000640 1 -- start start
2024-09-05T12:17:39.198 INFO:teuthology.orchestra.run.smithi071.stdout:/usr/bin/ceph: stderr
2024-09-05T12:17:37.499+0000 7f0553000640 1 --2- >> [v2:172.21.15.71:3300/0,v1:172.21.15.71:6789/0] conn(0x7f054c109810 0x7f054c109c10 unknown :-1 s=NONE pgs=0 cs=0 l=0 rev1=0 crypto rx=0 tx=0 comp rx=0 tx=0).connect
2024-09-05T12:17:39.198 INFO:teuthology.orchestra.run.smithi071.stdout:/usr/bin/ceph: stderr
2024-09-05T12:17:37.499+0000 7f0553000640 1 -- --> [v2:172.21.15.71:3300/0,v1:172.21.15.71:6789/0] -- mon_getmap magic: 0 -- 0x7f054c10a1e0 con 0x7f054c109810
2024-09-05T12:17:39.198 INFO:teuthology.orchestra.run.smithi071.stdout:/usr/bin/ceph: stderr
2024-09-05T12:17:37.499+0000 7f054be00640 1 --2- >> [v2:172.21.15.71:3300/0,v1:172.21.15.71:6789/0] conn(0x7f054c109810 0x7f054c109c10 unknown :-1 s=BANNER_CONNECTING pgs=0 cs=0 l=0 rev1=0 crypto rx=0 tx=0 comp rx=0 tx=0)._handle_peer_banner_payload supported=3 required=0
2024-09-05T12:17:39.198 INFO:teuthology.orchestra.run.smithi071.stdout:/usr/bin/ceph: stderr
2024-09-05T12:17:37.499+0000 7f054be00640 1 --2- >> [v2:172.21.15.71:3300/0,v1:172.21.15.71:6789/0] conn(0x7f054c109810 0x7f054c109c10 unknown :-1 s=HELLO_CONNECTING pgs=0 cs=0 l=0 rev1=1 crypto rx=0 tx=0 comp rx=0 tx=0).handle_hello peer v2:172.21.15.71:3300/0 says I am v2:172.21.15.71:49510/0 (socket says 172.21.15.71:49510)
2024-09-05T12:17:39.198 INFO:teuthology.orchestra.run.smithi071.stdout:/usr/bin/ceph: stderr
2024-09-05T12:17:37.499+0000 7f054be00640 1 -- 172.21.15.71:0/2053217512 learned_addr learned my addr 172.21.15.71:0/2053217512 (peer_addr_for_me v2:172.21.15.71:0/0)
2024-09-05T12:17:39.198 INFO:teuthology.orchestra.run.smithi071.stdout:/usr/bin/ceph: stderr
2024-09-05T12:17:37.499+0000 7f054be00640 1 -- 172.21.15.71:0/2053217512 --> [v2:172.21.15.71:3300/0,v1:172.21.15.71:6789/0] -- mon_subscribe({config=0+,monmap=0+}) -- 0x7f054c10a950 con 0x7f054c109810
2024-09-05T12:17:39.198 INFO:teuthology.orchestra.run.smithi071.stdout:/usr/bin/ceph: stderr
2024-09-05T12:17:37.500+0000 7f054be00640 1 --2- 172.21.15.71:0/2053217512 >> [v2:172.21.15.71:3300/0,v1:172.21.15.71:6789/0] conn(0x7f054c109810 0x7f054c109c10 secure :-1 s=READY pgs=70 cs=0 l=1 rev1=1 crypto rx=0x7f053c009820 tx=0x7f053c02a270 comp rx=0 tx=0).ready entity=mon.0 client_cookie=92c009ca30879476 server_cookie=0 in_seq=0 out_seq=0
2024-09-05T12:17:39.198 INFO:teuthology.orchestra.run.smithi071.stdout:/usr/bin/ceph: stderr
2024-09-05T12:17:37.501+0000 7f054b400640 1 -- 172.21.15.71:0/2053217512 <== mon.0 v2:172.21.15.71:3300/0 1 ==== mon_map magic: 0 ==== 205+0+0 (secure 0 0 0) 0x7f053c037070 con 0x7f054c109810
2024-09-05T12:17:39.198 INFO:teuthology.orchestra.run.smithi071.stdout:/usr/bin/ceph: stderr
2024-09-05T12:17:37.501+0000 7f054b400640 1 -- 172.21.15.71:0/2053217512 <== mon.0 v2:172.21.15.71:3300/0 2 ==== config(27 keys) ==== 1140+0+0 (secure 0 0 0) 0x7f053c032920 con 0x7f054c109810
2024-09-05T12:17:39.199 INFO:teuthology.orchestra.run.smithi071.stdout:/usr/bin/ceph: stderr
2024-09-05T12:17:37.501+0000 7f054b400640 1 -- 172.21.15.71:0/2053217512 <== mon.0 v2:172.21.15.71:3300/0 3 ==== mon_map magic: 0 ==== 205+0+0 (secure 0 0 0) 0x7f053c030810 con 0x7f054c109810
2024-09-05T12:17:39.199 INFO:teuthology.orchestra.run.smithi071.stdout:/usr/bin/ceph: stderr
2024-09-05T12:17:37.501+0000 7f0553000640 1 -- 172.21.15.71:0/2053217512 >> [v2:172.21.15.71:3300/0,v1:172.21.15.71:6789/0] conn(0x7f054c109810 msgr2=0x7f054c109c10 secure :-1 s=STATE_CONNECTION_ESTABLISHED l=1).mark_down
2024-09-05T12:17:39.199 INFO:teuthology.orchestra.run.smithi071.stdout:/usr/bin/ceph: stderr
2024-09-05T12:17:37.501+0000 7f0553000640 1 --2- 172.21.15.71:0/2053217512 >> [v2:172.21.15.71:3300/0,v1:172.21.15.71:6789/0] conn(0x7f054c109810 0x7f054c109c10 secure :-1 s=READY pgs=70 cs=0 l=1 rev1=1 crypto rx=0x7f053c009820 tx=0x7f053c02a270 comp rx=0 tx=0).stop
2024-09-05T12:17:39.199 INFO:teuthology.orchestra.run.smithi071.stdout:/usr/bin/ceph: stderr
2024-09-05T12:17:37.501+0000 7f0553000640 1 -- 172.21.15.71:0/2053217512 shutdown_connections
2024-09-05T12:17:39.199 INFO:teuthology.orchestra.run.smithi071.stdout:/usr/bin/ceph: stderr
2024-09-05T12:17:37.501+0000 7f0553000640 1 --2- 172.21.15.71:0/2053217512 >> [v2:172.21.15.71:3300/0,v1:172.21.15.71:6789/0] conn(0x7f054c109810 0x7f054c109c10 unknown :-1 s=CLOSED pgs=70 cs=0 l=1 rev1=1 crypto rx=0 tx=0 comp rx=0 tx=0).stop
2024-09-05T12:17:39.200 INFO:teuthology.orchestra.run.smithi071.stdout:/usr/bin/ceph: stderr
2024-09-05T12:17:37.501+0000 7f0553000640 1 -- 172.21.15.71:0/2053217512 >> 172.21.15.71:0/2053217512 conn(0x7f054c07ccf0 msgr2=0x7f054c07d120 unknown :-1 s=STATE_NONE l=0).mark_down
2024-09-05T12:17:39.200 INFO:teuthology.orchestra.run.smithi071.stdout:/usr/bin/ceph: stderr
2024-09-05T12:17:37.501+0000 7f0553000640 1 -- 172.21.15.71:0/2053217512 shutdown_connections
2024-09-05T12:17:39.200 INFO:teuthology.orchestra.run.smithi071.stdout:/usr/bin/ceph: stderr
2024-09-05T12:17:37.502+0000 7f0553000640 1 -- 172.21.15.71:0/2053217512 wait complete.
2024-09-05T12:17:39.201 INFO:teuthology.orchestra.run.smithi071.stdout:/usr/bin/ceph: stderr
2024-09-05T12:17:37.502+0000 7f0553000640 1 Processor -- start
2024-09-05T12:17:39.201 INFO:teuthology.orchestra.run.smithi071.stdout:/usr/bin/ceph: stderr
2024-09-05T12:17:37.502+0000 7f0553000640 1 -- start start
2024-09-05T12:17:39.201 INFO:teuthology.orchestra.run.smithi071.stdout:/usr/bin/ceph: stderr
2024-09-05T12:17:37.503+0000 7f0553000640 1 --2- >> [v2:172.21.15.71:3300/0,v1:172.21.15.71:6789/0] conn(0x7f054c109810 0x7f054c19d7d0 unknown :-1 s=NONE pgs=0 cs=0 l=1 rev1=0 crypto rx=0 tx=0 comp rx=0 tx=0).connect
2024-09-05T12:17:39.201 INFO:teuthology.orchestra.run.smithi071.stdout:/usr/bin/ceph: stderr
2024-09-05T12:17:37.503+0000 7f0553000640 1 -- --> [v2:172.21.15.71:3300/0,v1:172.21.15.71:6789/0] -- mon_getmap magic: 0 -- 0x7f054c10dd00 con 0x7f054c109810
2024-09-05T12:17:39.201 INFO:teuthology.orchestra.run.smithi071.stdout:/usr/bin/ceph: stderr
2024-09-05T12:17:37.503+0000 7f054be00640 1 --2- >> [v2:172.21.15.71:3300/0,v1:172.21.15.71:6789/0] conn(0x7f054c109810 0x7f054c19d7d0 unknown :-1 s=BANNER_CONNECTING pgs=0 cs=0 l=1 rev1=0 crypto rx=0 tx=0 comp rx=0 tx=0)._handle_peer_banner_payload supported=3 required=0
2024-09-05T12:17:39.201 INFO:teuthology.orchestra.run.smithi071.stdout:/usr/bin/ceph: stderr
2024-09-05T12:17:37.503+0000 7f054be00640 1 --2- >> [v2:172.21.15.71:3300/0,v1:172.21.15.71:6789/0] conn(0x7f054c109810 0x7f054c19d7d0 unknown :-1 s=HELLO_CONNECTING pgs=0 cs=0 l=1 rev1=1 crypto rx=0 tx=0 comp rx=0 tx=0).handle_hello peer v2:172.21.15.71:3300/0 says I am v2:172.21.15.71:49514/0 (socket says 172.21.15.71:49514)
2024-09-05T12:17:39.202 INFO:teuthology.orchestra.run.smithi071.stdout:/usr/bin/ceph: stderr
2024-09-05T12:17:37.503+0000 7f054be00640 1 -- 172.21.15.71:0/2437804720 learned_addr learned my addr 172.21.15.71:0/2437804720 (peer_addr_for_me v2:172.21.15.71:0/0)
2024-09-05T12:17:39.202 INFO:teuthology.orchestra.run.smithi071.stdout:/usr/bin/ceph: stderr
2024-09-05T12:17:37.503+0000 7f054be00640 1 -- 172.21.15.71:0/2437804720 --> [v2:172.21.15.71:3300/0,v1:172.21.15.71:6789/0] -- mon_subscribe({config=0+,monmap=0+}) -- 0x7f054c19dd10 con 0x7f054c109810
2024-09-05T12:17:39.202 INFO:teuthology.orchestra.run.smithi071.stdout:/usr/bin/ceph: stderr
2024-09-05T12:17:37.504+0000 7f054be00640 1 --2- 172.21.15.71:0/2437804720 >> [v2:172.21.15.71:3300/0,v1:172.21.15.71:6789/0] conn(0x7f054c109810 0x7f054c19d7d0 secure :-1 s=READY pgs=71 cs=0 l=1 rev1=1 crypto rx=0x7f053c0097f0 tx=0x7f053c0327b0 comp rx=0 tx=0).ready entity=mon.0 client_cookie=0 server_cookie=0 in_seq=0 out_seq=0
2024-09-05T12:17:39.202 INFO:teuthology.orchestra.run.smithi071.stdout:/usr/bin/ceph: stderr
2024-09-05T12:17:37.504+0000 7f0549600640 1 -- 172.21.15.71:0/2437804720 <== mon.0 v2:172.21.15.71:3300/0 1 ==== mon_map magic: 0 ==== 205+0+0 (secure 0 0 0) 0x7f053c037040 con 0x7f054c109810
2024-09-05T12:17:39.202 INFO:teuthology.orchestra.run.smithi071.stdout:/usr/bin/ceph: stderr
2024-09-05T12:17:37.504+0000 7f0549600640 1 -- 172.21.15.71:0/2437804720 <== mon.0 v2:172.21.15.71:3300/0 2 ==== config(27 keys) ==== 1140+0+0 (secure 0 0 0) 0x7f053c030c40 con 0x7f054c109810
2024-09-05T12:17:39.202 INFO:teuthology.orchestra.run.smithi071.stdout:/usr/bin/ceph: stderr
2024-09-05T12:17:37.504+0000 7f0549600640 1 -- 172.21.15.71:0/2437804720 <== mon.0 v2:172.21.15.71:3300/0 3 ==== mon_map magic: 0 ==== 205+0+0 (secure 0 0 0) 0x7f053c03a5d0 con 0x7f054c109810
2024-09-05T12:17:39.202 INFO:teuthology.orchestra.run.smithi071.stdout:/usr/bin/ceph: stderr
2024-09-05T12:17:37.504+0000 7f0553000640 1 -- 172.21.15.71:0/2437804720 --> [v2:172.21.15.71:3300/0,v1:172.21.15.71:6789/0] -- mon_subscribe({mgrmap=0+}) -- 0x7f054c19dfa0 con 0x7f054c109810
2024-09-05T12:17:39.202 INFO:teuthology.orchestra.run.smithi071.stdout:/usr/bin/ceph: stderr
2024-09-05T12:17:37.504+0000 7f0553000640 1 -- 172.21.15.71:0/2437804720 --> [v2:172.21.15.71:3300/0,v1:172.21.15.71:6789/0] -- mon_subscribe({osdmap=0}) -- 0x7f054c1a0c90 con 0x7f054c109810
2024-09-05T12:17:39.202 INFO:teuthology.orchestra.run.smithi071.stdout:/usr/bin/ceph: stderr
2024-09-05T12:17:37.505+0000 7f0549600640 1 -- 172.21.15.71:0/2437804720 <== mon.0 v2:172.21.15.71:3300/0 4 ==== mgrmap(e 12) ==== 46300+0+0 (secure 0 0 0) 0x7f053c03b3f0 con 0x7f054c109810
2024-09-05T12:17:39.202 INFO:teuthology.orchestra.run.smithi071.stdout:/usr/bin/ceph: stderr
2024-09-05T12:17:37.505+0000 7f0553000640 1 -- 172.21.15.71:0/2437804720 --> [v2:172.21.15.71:3300/0,v1:172.21.15.71:6789/0] -- mon_command({"prefix": "get_command_descriptions"} v 0) -- 0x7f054c109c90 con 0x7f054c109810
2024-09-05T12:17:39.202 INFO:teuthology.orchestra.run.smithi071.stdout:/usr/bin/ceph: stderr
2024-09-05T12:17:37.506+0000 7f0549600640 1 --2- 172.21.15.71:0/2437804720 >> [v2:172.21.15.71:6800/2050574497,v1:172.21.15.71:6801/2050574497] conn(0x7f0530039020 0x7f053003b4e0 unknown :-1 s=NONE pgs=0 cs=0 l=1 rev1=0 crypto rx=0 tx=0 comp rx=0 tx=0).connect
2024-09-05T12:17:39.203 INFO:teuthology.orchestra.run.smithi071.stdout:/usr/bin/ceph: stderr
2024-09-05T12:17:37.506+0000 7f0549600640 1 -- 172.21.15.71:0/2437804720 <== mon.0 v2:172.21.15.71:3300/0 5 ==== osd_map(3..3 src has 1..3) ==== 1155+0+0 (secure 0 0 0) 0x7f053c06c610 con 0x7f054c109810
2024-09-05T12:17:39.203 INFO:teuthology.orchestra.run.smithi071.stdout:/usr/bin/ceph: stderr
2024-09-05T12:17:37.506+0000 7f0543400640 1 --2- 172.21.15.71:0/2437804720 >> [v2:172.21.15.71:6800/2050574497,v1:172.21.15.71:6801/2050574497] conn(0x7f0530039020 0x7f053003b4e0 unknown :-1 s=BANNER_CONNECTING pgs=0 cs=0 l=1 rev1=0 crypto rx=0 tx=0 comp rx=0 tx=0)._handle_peer_banner_payload supported=3 required=0
2024-09-05T12:17:39.203 INFO:teuthology.orchestra.run.smithi071.stdout:/usr/bin/ceph: stderr
2024-09-05T12:17:37.506+0000 7f0543400640 1 --2- 172.21.15.71:0/2437804720 >> [v2:172.21.15.71:6800/2050574497,v1:172.21.15.71:6801/2050574497] conn(0x7f0530039020 0x7f053003b4e0 secure :-1 s=READY pgs=8 cs=0 l=1 rev1=1 crypto rx=0x7f05340098c0 tx=0x7f0534006db0 comp rx=0 tx=0).ready entity=mgr.14150 client_cookie=0 server_cookie=0 in_seq=0 out_seq=0
2024-09-05T12:17:39.203 INFO:teuthology.orchestra.run.smithi071.stdout:/usr/bin/ceph: stderr
2024-09-05T12:17:37.512+0000 7f0549600640 1 -- 172.21.15.71:0/2437804720 <== mon.0 v2:172.21.15.71:3300/0 6 ==== mon_command_ack([{"prefix": "get_command_descriptions"}]=0 v0) ==== 72+0+188821 (secure 0 0 0) 0x7f053c03b6e0 con 0x7f054c109810
2024-09-05T12:17:39.203 INFO:teuthology.orchestra.run.smithi071.stdout:/usr/bin/ceph: stderr
2024-09-05T12:17:37.713+0000 7f0553000640 1 -- 172.21.15.71:0/2437804720 --> [v2:172.21.15.71:6800/2050574497,v1:172.21.15.71:6801/2050574497] -- mgr_command(tid 0: {"prefix": "dashboard ac-user-create", "username": "admin", "rolename": "administrator", "force_password": true, "pwd_update_required": true, "target": ["mon-mgr", ""]}) -- 0x7f054c19e480 con 0x7f0530039020
2024-09-05T12:17:39.203 INFO:teuthology.orchestra.run.smithi071.stdout:/usr/bin/ceph: stderr
2024-09-05T12:17:37.939+0000 7f0549600640 1 -- 172.21.15.71:0/2437804720 <== mgr.14150 v2:172.21.15.71:6800/2050574497 1 ==== mgr_command_reply(tid 0: 0 ) ==== 8+0+252 (secure 0 0 0) 0x7f054c19e480 con 0x7f0530039020
2024-09-05T12:17:39.203 INFO:teuthology.orchestra.run.smithi071.stdout:/usr/bin/ceph: stderr
2024-09-05T12:17:37.941+0000 7f0553000640 1 -- 172.21.15.71:0/2437804720 >> [v2:172.21.15.71:6800/2050574497,v1:172.21.15.71:6801/2050574497] conn(0x7f0530039020 msgr2=0x7f053003b4e0 secure :-1 s=STATE_CONNECTION_ESTABLISHED l=1).mark_down
2024-09-05T12:17:39.203 INFO:teuthology.orchestra.run.smithi071.stdout:/usr/bin/ceph: stderr
2024-09-05T12:17:37.941+0000 7f0553000640 1 --2- 172.21.15.71:0/2437804720 >> [v2:172.21.15.71:6800/2050574497,v1:172.21.15.71:6801/2050574497] conn(0x7f0530039020 0x7f053003b4e0 secure :-1 s=READY pgs=8 cs=0 l=1 rev1=1 crypto rx=0x7f05340098c0 tx=0x7f0534006db0 comp rx=0 tx=0).stop
2024-09-05T12:17:39.204 INFO:teuthology.orchestra.run.smithi071.stdout:/usr/bin/ceph: stderr
2024-09-05T12:17:37.941+0000 7f0553000640 1 -- 172.21.15.71:0/2437804720 >> [v2:172.21.15.71:3300/0,v1:172.21.15.71:6789/0] conn(0x7f054c109810 msgr2=0x7f054c19d7d0 secure :-1 s=STATE_CONNECTION_ESTABLISHED l=1).mark_down
2024-09-05T12:17:39.204 INFO:teuthology.orchestra.run.smithi071.stdout:/usr/bin/ceph: stderr
2024-09-05T12:17:37.941+0000 7f0553000640 1 --2- 172.21.15.71:0/2437804720 >> [v2:172.21.15.71:3300/0,v1:172.21.15.71:6789/0] conn(0x7f054c109810 0x7f054c19d7d0 secure :-1 s=READY pgs=71 cs=0 l=1 rev1=1 crypto rx=0x7f053c0097f0 tx=0x7f053c0327b0 comp rx=0 tx=0).stop
2024-09-05T12:17:39.204 INFO:teuthology.orchestra.run.smithi071.stdout:/usr/bin/ceph: stderr
2024-09-05T12:17:37.941+0000 7f0553000640 1 -- 172.21.15.71:0/2437804720 shutdown_connections
2024-09-05T12:17:39.204 INFO:teuthology.orchestra.run.smithi071.stdout:/usr/bin/ceph: stderr
2024-09-05T12:17:37.941+0000 7f0553000640 1 --2- 172.21.15.71:0/2437804720 >> [v2:172.21.15.71:6800/2050574497,v1:172.21.15.71:6801/2050574497] conn(0x7f0530039020 0x7f053003b4e0 unknown :-1 s=CLOSED pgs=8 cs=0 l=1 rev1=1 crypto rx=0 tx=0 comp rx=0 tx=0).stop
2024-09-05T12:17:39.204 INFO:teuthology.orchestra.run.smithi071.stdout:/usr/bin/ceph: stderr
2024-09-05T12:17:37.941+0000 7f0553000640 1 --2- 172.21.15.71:0/2437804720 >> [v2:172.21.15.71:3300/0,v1:172.21.15.71:6789/0] conn(0x7f054c109810 0x7f054c19d7d0 unknown :-1 s=CLOSED pgs=71 cs=0 l=1 rev1=1 crypto rx=0 tx=0 comp rx=0 tx=0).stop
2024-09-05T12:17:39.205 INFO:teuthology.orchestra.run.smithi071.stdout:/usr/bin/ceph: stderr
2024-09-05T12:17:37.941+0000 7f0553000640 1 -- 172.21.15.71:0/2437804720 >> 172.21.15.71:0/2437804720 conn(0x7f054c07ccf0 msgr2=0x7f054c1075b0 unknown :-1 s=STATE_NONE l=0).mark_down
2024-09-05T12:17:39.205 INFO:teuthology.orchestra.run.smithi071.stdout:/usr/bin/ceph: stderr
2024-09-05T12:17:37.942+0000 7f0553000640 1 -- 172.21.15.71:0/2437804720 shutdown_connections
2024-09-05T12:17:39.205 INFO:teuthology.orchestra.run.smithi071.stdout:/usr/bin/ceph: stderr
2024-09-05T12:17:37.942+0000 7f0553000640 1 -- 172.21.15.71:0/2437804720 wait complete.
2024-09-05T12:17:39.205 INFO:teuthology.orchestra.run.smithi071.stdout:Fetching dashboard port number...
2024-09-05T12:17:40.896 INFO:teuthology.orchestra.run.smithi071.stdout:/usr/bin/ceph: stdout 8443
2024-09-05T12:17:40.896 INFO:teuthology.orchestra.run.smithi071.stdout:/usr/bin/ceph: stderr
2024-09-05T12:17:40.036+0000 7ff256a00640 1 Processor -- start
2024-09-05T12:17:40.896 INFO:teuthology.orchestra.run.smithi071.stdout:/usr/bin/ceph: stderr
2024-09-05T12:17:40.036+0000 7ff256a00640 1 -- start start
2024-09-05T12:17:40.896 INFO:teuthology.orchestra.run.smithi071.stdout:/usr/bin/ceph: stderr
2024-09-05T12:17:40.036+0000 7ff256a00640 1 --2- >> [v2:172.21.15.71:3300/0,v1:172.21.15.71:6789/0] conn(0x7ff25007de00 0x7ff25007c260 unknown :-1 s=NONE pgs=0 cs=0 l=0 rev1=0 crypto rx=0 tx=0 comp rx=0 tx=0).connect
2024-09-05T12:17:40.896 INFO:teuthology.orchestra.run.smithi071.stdout:/usr/bin/ceph: stderr
2024-09-05T12:17:40.036+0000 7ff256a00640 1 -- --> [v2:172.21.15.71:3300/0,v1:172.21.15.71:6789/0] -- mon_getmap magic: 0 -- 0x7ff25007c7a0 con 0x7ff25007de00
2024-09-05T12:17:40.896 INFO:teuthology.orchestra.run.smithi071.stdout:/usr/bin/ceph: stderr
2024-09-05T12:17:40.037+0000 7ff24fe00640 1 --2- >> [v2:172.21.15.71:3300/0,v1:172.21.15.71:6789/0] conn(0x7ff25007de00 0x7ff25007c260 unknown :-1 s=BANNER_CONNECTING pgs=0 cs=0 l=0 rev1=0 crypto rx=0 tx=0 comp rx=0 tx=0)._handle_peer_banner_payload supported=3 required=0
2024-09-05T12:17:40.897 INFO:teuthology.orchestra.run.smithi071.stdout:/usr/bin/ceph: stderr
