2020-06-27T04:40:00.118 INFO:ceph.mon.a.smithi031.stdout:Jun 27 04:40:00 smithi031 bash[18426]: audit
2020-06-27T04:39:59.397317+0000 mgr.y (mgr.14119) 3 : audit [DBG] from='client.14132 -' entity='client.admin' cmd=[{"prefix": "orch set backend", "module_name": "cephadm", "target": ["mon-mgr", ""]}]: dispatch
2020-06-27T04:40:00.118 INFO:ceph.mon.a.smithi031.stdout:Jun 27 04:40:00 smithi031 bash[18426]: audit
2020-06-27T04:39:59.398439+0000 mon.a (mon.0) 58 : audit [INF] from='mgr.14119 172.21.15.31:0/3667018094' entity='mgr.y' cmd=[{"prefix":"config set","value":"cephadm","who":"mgr","name":"mgr/orchestrator/orchestrator"}]: dispatch
2020-06-27T04:40:00.118 INFO:ceph.mon.a.smithi031.stdout:Jun 27 04:40:00 smithi031 bash[18426]: audit
2020-06-27T04:39:59.403571+0000 mon.a (mon.0) 59 : audit [INF] from='mgr.14119 172.21.15.31:0/3667018094' entity='mgr.y' cmd='[{"prefix":"config set","value":"cephadm","who":"mgr","name":"mgr/orchestrator/orchestrator"}]': finished
2020-06-27T04:40:00.543 INFO:teuthology.orchestra.run.smithi031.stderr:DEBUG:cephadm:/usr/bin/ceph:stderr
2020-06-27T04:40:00.533+0000 7fd5c3e98700 1 Processor -- start
2020-06-27T04:40:00.543 INFO:teuthology.orchestra.run.smithi031.stderr:DEBUG:cephadm:/usr/bin/ceph:stderr
2020-06-27T04:40:00.533+0000 7fd5c3e98700 1 -- start start
2020-06-27T04:40:00.544 INFO:teuthology.orchestra.run.smithi031.stderr:DEBUG:cephadm:/usr/bin/ceph:stderr
2020-06-27T04:40:00.534+0000 7fd5c3e98700 1 --2- >> [v2:172.21.15.31:3300/0,v1:172.21.15.31:6789/0] conn(0x7fd5bc064730 0x7fd5bc064b50 unknown :-1 s=NONE pgs=0 cs=0 l=0 rev1=0 rx=0 tx=0).connect
2020-06-27T04:40:00.544 INFO:teuthology.orchestra.run.smithi031.stderr:DEBUG:cephadm:/usr/bin/ceph:stderr
2020-06-27T04:40:00.534+0000 7fd5c3e98700 1 -- --> [v2:172.21.15.31:3300/0,v1:172.21.15.31:6789/0] -- mon_getmap magic: 0 v1 -- 0x7fd5bc0651a0 con 0x7fd5bc064730
2020-06-27T04:40:00.544 INFO:teuthology.orchestra.run.smithi031.stderr:DEBUG:cephadm:/usr/bin/ceph:stderr
2020-06-27T04:40:00.534+0000 7fd5c2435700 1 --2- >> [v2:172.21.15.31:3300/0,v1:172.21.15.31:6789/0] conn(0x7fd5bc064730 0x7fd5bc064b50 unknown :-1 s=BANNER_CONNECTING pgs=0 cs=0 l=0 rev1=0 rx=0 tx=0)._handle_peer_banner_payload supported=1 required=0
2020-06-27T04:40:00.544 INFO:teuthology.orchestra.run.smithi031.stderr:DEBUG:cephadm:/usr/bin/ceph:profile rt=0.6709022521972656, stop=False, exit=None, reads=[10]
2020-06-27T04:40:00.544 INFO:teuthology.orchestra.run.smithi031.stderr:DEBUG:cephadm:/usr/bin/ceph:stderr
2020-06-27T04:40:00.534+0000 7fd5c2435700 1 --2- >> [v2:172.21.15.31:3300/0,v1:172.21.15.31:6789/0] conn(0x7fd5bc064730 0x7fd5bc064b50 unknown :-1 s=HELLO_CONNECTING pgs=0 cs=0 l=0 rev1=1 rx=0 tx=0).handle_hello peer v2:172.21.15.31:3300/0 says I am v2:172.21.15.31:38570/0 (socket says 172.21.15.31:38570)
2020-06-27T04:40:00.545 INFO:teuthology.orchestra.run.smithi031.stderr:DEBUG:cephadm:/usr/bin/ceph:stderr
2020-06-27T04:40:00.534+0000 7fd5c2435700 1 -- 172.21.15.31:0/661541766 learned_addr learned my addr 172.21.15.31:0/661541766 (peer_addr_for_me v2:172.21.15.31:0/0)
2020-06-27T04:40:00.545 INFO:teuthology.orchestra.run.smithi031.stderr:DEBUG:cephadm:/usr/bin/ceph:stderr
2020-06-27T04:40:00.534+0000 7fd5c2435700 1 -- 172.21.15.31:0/661541766 --> [v2:172.21.15.31:3300/0,v1:172.21.15.31:6789/0] -- mon_subscribe({config=0+,monmap=0+}) v3 -- 0x7fd5bc065a20 con 0x7fd5bc064730
2020-06-27T04:40:00.545 INFO:teuthology.orchestra.run.smithi031.stderr:DEBUG:cephadm:/usr/bin/ceph:stderr
2020-06-27T04:40:00.534+0000 7fd5c2435700 1 --2- 172.21.15.31:0/661541766 >> [v2:172.21.15.31:3300/0,v1:172.21.15.31:6789/0] conn(0x7fd5bc064730 0x7fd5bc064b50 secure :-1 s=READY pgs=39 cs=0 l=1 rev1=1 rx=0x7fd5b8002f70 tx=0x7fd5b8006ec0).ready entity=mon.0 client_cookie=e66312324af696e8 server_cookie=0 in_seq=0 out_seq=0
2020-06-27T04:40:00.545 INFO:teuthology.orchestra.run.smithi031.stderr:DEBUG:cephadm:/usr/bin/ceph:stderr
2020-06-27T04:40:00.534+0000 7fd5c1433700 1 -- 172.21.15.31:0/661541766 <== mon.0 v2:172.21.15.31:3300/0 1 ==== mon_map magic: 0 v1 ==== 183+0+0 (secure 0 0 0) 0x7fd5b8009980 con 0x7fd5bc064730
2020-06-27T04:40:00.545 INFO:teuthology.orchestra.run.smithi031.stderr:DEBUG:cephadm:/usr/bin/ceph:profile rt=0.6712160110473633, stop=False, exit=None, reads=[10]
2020-06-27T04:40:00.546 INFO:teuthology.orchestra.run.smithi031.stderr:DEBUG:cephadm:/usr/bin/ceph:stderr
2020-06-27T04:40:00.534+0000 7fd5c1433700 1 -- 172.21.15.31:0/661541766 <== mon.0 v2:172.21.15.31:3300/0 2 ==== config(23 keys) v1 ==== 963+0+0 (secure 0 0 0) 0x7fd5b8000e90 con 0x7fd5bc064730
2020-06-27T04:40:00.546 INFO:teuthology.orchestra.run.smithi031.stderr:DEBUG:cephadm:/usr/bin/ceph:stderr
2020-06-27T04:40:00.534+0000 7fd5c1433700 1 -- 172.21.15.31:0/661541766 <== mon.0 v2:172.21.15.31:3300/0 3 ==== mon_map magic: 0 v1 ==== 183+0+0 (secure 0 0 0) 0x7fd5b8011c70 con 0x7fd5bc064730
2020-06-27T04:40:00.546 INFO:teuthology.orchestra.run.smithi031.stderr:DEBUG:cephadm:/usr/bin/ceph:stderr
2020-06-27T04:40:00.535+0000 7fd5c3e98700 1 -- 172.21.15.31:0/661541766 >> [v2:172.21.15.31:3300/0,v1:172.21.15.31:6789/0] conn(0x7fd5bc064730 msgr2=0x7fd5bc064b50 secure :-1 s=STATE_CONNECTION_ESTABLISHED l=1).mark_down
2020-06-27T04:40:00.546 INFO:teuthology.orchestra.run.smithi031.stderr:DEBUG:cephadm:/usr/bin/ceph:stderr
2020-06-27T04:40:00.535+0000 7fd5c3e98700 1 --2- 172.21.15.31:0/661541766 >> [v2:172.21.15.31:3300/0,v1:172.21.15.31:6789/0] conn(0x7fd5bc064730 0x7fd5bc064b50 secure :-1 s=READY pgs=39 cs=0 l=1 rev1=1 rx=0x7fd5b8002f70 tx=0x7fd5b8006ec0).stop
2020-06-27T04:40:00.546 INFO:teuthology.orchestra.run.smithi031.stderr:DEBUG:cephadm:/usr/bin/ceph:stderr
2020-06-27T04:40:00.535+0000 7fd5c3e98700 1 -- 172.21.15.31:0/661541766 shutdown_connections
2020-06-27T04:40:00.546 INFO:teuthology.orchestra.run.smithi031.stderr:DEBUG:cephadm:/usr/bin/ceph:profile rt=0.6715054512023926, stop=False, exit=None, reads=[10]
2020-06-27T04:40:00.547 INFO:teuthology.orchestra.run.smithi031.stderr:DEBUG:cephadm:/usr/bin/ceph:stderr
2020-06-27T04:40:00.535+0000 7fd5c3e98700 1 --2- 172.21.15.31:0/661541766 >> [v2:172.21.15.31:3300/0,v1:172.21.15.31:6789/0] conn(0x7fd5bc064730 0x7fd5bc064b50 unknown :-1 s=CLOSED pgs=39 cs=0 l=1 rev1=1 rx=0 tx=0).stop
2020-06-27T04:40:00.547 INFO:teuthology.orchestra.run.smithi031.stderr:DEBUG:cephadm:/usr/bin/ceph:stderr
2020-06-27T04:40:00.535+0000 7fd5c3e98700 1 -- 172.21.15.31:0/661541766 >> 172.21.15.31:0/661541766 conn(0x7fd5bc05ffe0 msgr2=0x7fd5bc062400 unknown :-1 s=STATE_NONE l=0).mark_down
2020-06-27T04:40:00.547 INFO:teuthology.orchestra.run.smithi031.stderr:DEBUG:cephadm:/usr/bin/ceph:stderr
2020-06-27T04:40:00.535+0000 7fd5c3e98700 1 -- 172.21.15.31:0/661541766 shutdown_connections
2020-06-27T04:40:00.547 INFO:teuthology.orchestra.run.smithi031.stderr:DEBUG:cephadm:/usr/bin/ceph:stderr
2020-06-27T04:40:00.535+0000 7fd5c3e98700 1 -- 172.21.15.31:0/661541766 wait complete.
2020-06-27T04:40:00.547 INFO:teuthology.orchestra.run.smithi031.stderr:DEBUG:cephadm:/usr/bin/ceph:stderr
2020-06-27T04:40:00.536+0000 7fd5c3e98700 1 Processor -- start
2020-06-27T04:40:00.548 INFO:teuthology.orchestra.run.smithi031.stderr:DEBUG:cephadm:/usr/bin/ceph:stderr
2020-06-27T04:40:00.536+0000 7fd5c3e98700 1 -- start start
2020-06-27T04:40:00.548 INFO:teuthology.orchestra.run.smithi031.stderr:DEBUG:cephadm:/usr/bin/ceph:stderr
2020-06-27T04:40:00.536+0000 7fd5c3e98700 1 --2- >> [v2:172.21.15.31:3300/0,v1:172.21.15.31:6789/0] conn(0x7fd5bc078670 0x7fd5bc078a90 unknown :-1 s=NONE pgs=0 cs=0 l=1 rev1=0 rx=0 tx=0).connect
2020-06-27T04:40:00.548 INFO:teuthology.orchestra.run.smithi031.stderr:DEBUG:cephadm:/usr/bin/ceph:stderr
2020-06-27T04:40:00.536+0000 7fd5c3e98700 1 -- --> [v2:172.21.15.31:3300/0,v1:172.21.15.31:6789/0] -- mon_getmap magic: 0 v1 -- 0x7fd5bc0790e0 con 0x7fd5bc078670
2020-06-27T04:40:00.548 INFO:teuthology.orchestra.run.smithi031.stderr:DEBUG:cephadm:/usr/bin/ceph:profile rt=0.6718080043792725, stop=False, exit=None, reads=[10]
2020-06-27T04:40:00.548 INFO:teuthology.orchestra.run.smithi031.stderr:DEBUG:cephadm:/usr/bin/ceph:stderr
2020-06-27T04:40:00.536+0000 7fd5c2435700 1 --2- >> [v2:172.21.15.31:3300/0,v1:172.21.15.31:6789/0] conn(0x7fd5bc078670 0x7fd5bc078a90 unknown :-1 s=BANNER_CONNECTING pgs=0 cs=0 l=1 rev1=0 rx=0 tx=0)._handle_peer_banner_payload supported=1 required=0
2020-06-27T04:40:00.549 INFO:teuthology.orchestra.run.smithi031.stderr:DEBUG:cephadm:/usr/bin/ceph:stderr
2020-06-27T04:40:00.536+0000 7fd5c2435700 1 --2- >> [v2:172.21.15.31:3300/0,v1:172.21.15.31:6789/0] conn(0x7fd5bc078670 0x7fd5bc078a90 unknown :-1 s=HELLO_CONNECTING pgs=0 cs=0 l=1 rev1=1 rx=0 tx=0).handle_hello peer v2:172.21.15.31:3300/0 says I am v2:172.21.15.31:38572/0 (socket says 172.21.15.31:38572)
2020-06-27T04:40:00.549 INFO:teuthology.orchestra.run.smithi031.stderr:DEBUG:cephadm:/usr/bin/ceph:stderr
2020-06-27T04:40:00.536+0000 7fd5c2435700 1 -- 172.21.15.31:0/3624626104 learned_addr learned my addr 172.21.15.31:0/3624626104 (peer_addr_for_me v2:172.21.15.31:0/0)
2020-06-27T04:40:00.549 INFO:teuthology.orchestra.run.smithi031.stderr:DEBUG:cephadm:/usr/bin/ceph:stderr
2020-06-27T04:40:00.536+0000 7fd5c2435700 1 -- 172.21.15.31:0/3624626104 --> [v2:172.21.15.31:3300/0,v1:172.21.15.31:6789/0] -- mon_subscribe({config=0+,monmap=0+}) v3 -- 0x7fd5bc0799a0 con 0x7fd5bc078670
2020-06-27T04:40:00.549 INFO:teuthology.orchestra.run.smithi031.stderr:DEBUG:cephadm:/usr/bin/ceph:profile rt=0.672034502029419, stop=False, exit=None, reads=[10]
2020-06-27T04:40:00.549 INFO:teuthology.orchestra.run.smithi031.stderr:DEBUG:cephadm:/usr/bin/ceph:stderr
2020-06-27T04:40:00.536+0000 7fd5c2435700 1 --2- 172.21.15.31:0/3624626104 >> [v2:172.21.15.31:3300/0,v1:172.21.15.31:6789/0] conn(0x7fd5bc078670 0x7fd5bc078a90 secure :-1 s=READY pgs=40 cs=0 l=1 rev1=1 rx=0x7fd5b8006bb0 tx=0x7fd5b8006ec0).ready entity=mon.0 client_cookie=0 server_cookie=0 in_seq=0 out_seq=0
2020-06-27T04:40:00.550 INFO:teuthology.orchestra.run.smithi031.stderr:DEBUG:cephadm:/usr/bin/ceph:stderr
2020-06-27T04:40:00.536+0000 7fd5ae7fc700 1 -- 172.21.15.31:0/3624626104 <== mon.0 v2:172.21.15.31:3300/0 1 ==== mon_map magic: 0 v1 ==== 183+0+0 (secure 0 0 0) 0x7fd5b801a820 con 0x7fd5bc078670
2020-06-27T04:40:00.550 INFO:teuthology.orchestra.run.smithi031.stderr:DEBUG:cephadm:/usr/bin/ceph:stderr
2020-06-27T04:40:00.536+0000 7fd5ae7fc700 1 -- 172.21.15.31:0/3624626104 <== mon.0 v2:172.21.15.31:3300/0 2 ==== config(23 keys) v1 ==== 963+0+0 (secure 0 0 0) 0x7fd5b801adc0 con 0x7fd5bc078670
2020-06-27T04:40:00.550 INFO:teuthology.orchestra.run.smithi031.stderr:DEBUG:cephadm:/usr/bin/ceph:stderr
2020-06-27T04:40:00.537+0000 7fd5c3e98700 1 -- 172.21.15.31:0/3624626104 --> [v2:172.21.15.31:3300/0,v1:172.21.15.31:6789/0] -- mon_subscribe({mgrmap=0+}) v3 -- 0x7fd5bc079bf0 con 0x7fd5bc078670
2020-06-27T04:40:00.550 INFO:teuthology.orchestra.run.smithi031.stderr:DEBUG:cephadm:/usr/bin/ceph:stderr
2020-06-27T04:40:00.537+0000 7fd5ae7fc700 1 -- 172.21.15.31:0/3624626104 <== mon.0 v2:172.21.15.31:3300/0 3 ==== mon_map magic: 0 v1 ==== 183+0+0 (secure 0 0 0) 0x7fd5b801bcb0 con 0x7fd5bc078670
2020-06-27T04:40:00.550 INFO:teuthology.orchestra.run.smithi031.stderr:DEBUG:cephadm:/usr/bin/ceph:profile rt=0.672236442565918, stop=False, exit=None, reads=[10]
2020-06-27T04:40:00.550 INFO:teuthology.orchestra.run.smithi031.stderr:DEBUG:cephadm:/usr/bin/ceph:stderr
2020-06-27T04:40:00.537+0000 7fd5c3e98700 1 -- 172.21.15.31:0/3624626104 --> [v2:172.21.15.31:3300/0,v1:172.21.15.31:6789/0] -- mon_subscribe({osdmap=0}) v3 -- 0x7fd5bc07a020 con 0x7fd5bc078670
2020-06-27T04:40:00.551 INFO:teuthology.orchestra.run.smithi031.stderr:DEBUG:cephadm:/usr/bin/ceph:profile rt=0.672311544418335, stop=False, exit=None, reads=[10]
2020-06-27T04:40:00.551 INFO:teuthology.orchestra.run.smithi031.stderr:DEBUG:cephadm:/usr/bin/ceph:stderr
2020-06-27T04:40:00.537+0000 7fd5ae7fc700 1 -- 172.21.15.31:0/3624626104 <== mon.0 v2:172.21.15.31:3300/0 4 ==== mgrmap(e 8) v1 ==== 31790+0+0 (secure 0 0 0) 0x7fd5b800f070 con 0x7fd5bc078670
2020-06-27T04:40:00.551 INFO:teuthology.orchestra.run.smithi031.stderr:DEBUG:cephadm:/usr/bin/ceph:profile rt=0.6727352142333984, stop=False, exit=None, reads=[10]
2020-06-27T04:40:00.551 INFO:teuthology.orchestra.run.smithi031.stderr:DEBUG:cephadm:/usr/bin/ceph:stderr
2020-06-27T04:40:00.537+0000 7fd5ae7fc700 1 --2- 172.21.15.31:0/3624626104 >> v2:172.21.15.31:6800/4294292023 conn(0x7fd59802aad0 0x7fd59802cf90 unknown :-1 s=NONE pgs=0 cs=0 l=1 rev1=0 rx=0 tx=0).connect
2020-06-27T04:40:00.551 INFO:teuthology.orchestra.run.smithi031.stderr:DEBUG:cephadm:/usr/bin/ceph:profile rt=0.6728410720825195, stop=False, exit=None, reads=[10]
2020-06-27T04:40:00.552 INFO:teuthology.orchestra.run.smithi031.stderr:DEBUG:cephadm:/usr/bin/ceph:stderr
2020-06-27T04:40:00.537+0000 7fd5ae7fc700 1 -- 172.21.15.31:0/3624626104 <== mon.0 v2:172.21.15.31:3300/0 5 ==== osd_map(4..4 src has 1..4) v4 ==== 1326+0+0 (secure 0 0 0) 0x7fd5b803bb30 con 0x7fd5bc078670
2020-06-27T04:40:00.552 INFO:teuthology.orchestra.run.smithi031.stderr:DEBUG:cephadm:/usr/bin/ceph:profile rt=0.6729636192321777, stop=False, exit=None, reads=[10]
2020-06-27T04:40:00.552 INFO:teuthology.orchestra.run.smithi031.stderr:DEBUG:cephadm:/usr/bin/ceph:stderr
2020-06-27T04:40:00.537+0000 7fd5c1c34700 1 --2- 172.21.15.31:0/3624626104 >> v2:172.21.15.31:6800/4294292023 conn(0x7fd59802aad0 0x7fd59802cf90 unknown :-1 s=BANNER_CONNECTING pgs=0 cs=0 l=1 rev1=0 rx=0 tx=0)._handle_peer_banner_payload supported=1 required=0
2020-06-27T04:40:00.552 INFO:teuthology.orchestra.run.smithi031.stderr:DEBUG:cephadm:/usr/bin/ceph:profile rt=0.6730945110321045, stop=False, exit=None, reads=[10]
2020-06-27T04:40:00.555 INFO:teuthology.orchestra.run.smithi031.stderr:DEBUG:cephadm:/usr/bin/ceph:stderr
2020-06-27T04:40:00.538+0000 7fd5c3e98700 1 -- 172.21.15.31:0/3624626104 --> [v2:172.21.15.31:3300/0,v1:172.21.15.31:6789/0] -- mon_command({"prefix": "get_command_descriptions"} v 0) v1 -- 0x7fd5bc079220 con 0x7fd5bc078670
2020-06-27T04:40:00.555 INFO:teuthology.orchestra.run.smithi031.stderr:DEBUG:cephadm:/usr/bin/ceph:profile rt=0.6732149124145508, stop=False, exit=None, reads=[10]
2020-06-27T04:40:00.555 INFO:teuthology.orchestra.run.smithi031.stderr:DEBUG:cephadm:/usr/bin/ceph:stderr
2020-06-27T04:40:00.538+0000 7fd5c1c34700 1 --2- 172.21.15.31:0/3624626104 >> v2:172.21.15.31:6800/4294292023 conn(0x7fd59802aad0 0x7fd59802cf90 secure :-1 s=READY pgs=8 cs=0 l=1 rev1=1 rx=0x7fd5b0002f70 tx=0x7fd5b0006b20).ready entity=mgr.14119 client_cookie=0 server_cookie=0 in_seq=0 out_seq=0
2020-06-27T04:40:00.555 INFO:teuthology.orchestra.run.smithi031.stderr:DEBUG:cephadm:/usr/bin/ceph:profile rt=0.6733055114746094, stop=False, exit=None, reads=[10]
2020-06-27T04:40:00.556 INFO:teuthology.orchestra.run.smithi031.stderr:DEBUG:cephadm:/usr/bin/ceph:stderr
2020-06-27T04:40:00.541+0000 7fd5ae7fc700 1 -- 172.21.15.31:0/3624626104 <== mon.0 v2:172.21.15.31:3300/0 6 ==== mon_command_ack([{"prefix": "get_command_descriptions"}]=0 v0) v1 ==== 72+0+132018 (secure 0 0 0) 0x7fd5b8025460 con 0x7fd5bc078670
2020-06-27T04:40:00.556 INFO:teuthology.orchestra.run.smithi031.stderr:DEBUG:cephadm:/usr/bin/ceph:profile rt=0.6769740581512451, stop=False, exit=None, reads=[10]
2020-06-27T04:40:00.699 INFO:teuthology.orchestra.run.smithi031.stderr:DEBUG:cephadm:/usr/bin/ceph:stderr
2020-06-27T04:40:00.696+0000 7fd5c3e98700 1 -- 172.21.15.31:0/3624626104 --> v2:172.21.15.31:6800/4294292023 -- mgr_command(tid 0: {"prefix": "cephadm generate-key", "target": ["mon-mgr", ""]}) v1 -- 0x7fd5bc057340 con 0x7fd59802aad0
2020-06-27T04:40:00.699 INFO:teuthology.orchestra.run.smithi031.stderr:DEBUG:cephadm:/usr/bin/ceph:profile rt=0.8315269947052002, stop=False, exit=None, reads=[10]
2020-06-27T04:40:00.952 INFO:teuthology.orchestra.run.smithi031.stderr:DEBUG:cephadm:/usr/bin/ceph:stderr
2020-06-27T04:40:00.949+0000 7fd5ae7fc700 1 -- 172.21.15.31:0/3624626104 <== mgr.14119 v2:172.21.15.31:6800/4294292023 1 ==== mgr_command_reply(tid 0: 0 ) v1 ==== 8+0+0 (secure 0 0 0) 0x7fd5bc057340 con 0x7fd59802aad0
2020-06-27T04:40:00.952 INFO:teuthology.orchestra.run.smithi031.stderr:DEBUG:cephadm:/usr/bin/ceph:profile rt=1.0843915939331055, stop=False, exit=None, reads=[10]
2020-06-27T04:40:00.954 INFO:teuthology.orchestra.run.smithi031.stderr:DEBUG:cephadm:/usr/bin/ceph:stderr
2020-06-27T04:40:00.950+0000 7fd5c3e98700 1 -- 172.21.15.31:0/3624626104 >> v2:172.21.15.31:6800/4294292023 conn(0x7fd59802aad0 msgr2=0x7fd59802cf90 secure :-1 s=STATE_CONNECTION_ESTABLISHED l=1).mark_down
2020-06-27T04:40:00.954 INFO:teuthology.orchestra.run.smithi031.stderr:DEBUG:cephadm:/usr/bin/ceph:stderr
2020-06-27T04:40:00.950+0000 7fd5c3e98700 1 --2- 172.21.15.31:0/3624626104 >> v2:172.21.15.31:6800/4294292023 conn(0x7fd59802aad0 0x7fd59802cf90 secure :-1 s=READY pgs=8 cs=0 l=1 rev1=1 rx=0x7fd5b0002f70 tx=0x7fd5b0006b20).stop
2020-06-27T04:40:00.954 INFO:teuthology.orchestra.run.smithi031.stderr:DEBUG:cephadm:/usr/bin/ceph:stderr
2020-06-27T04:40:00.950+0000 7fd5c3e98700 1 -- 172.21.15.31:0/3624626104 >> [v2:172.21.15.31:3300/0,v1:172.21.15.31:6789/0] conn(0x7fd5bc078670 msgr2=0x7fd5bc078a90 secure :-1 s=STATE_CONNECTION_ESTABLISHED l=1).mark_down
2020-06-27T04:40:00.955 INFO:teuthology.orchestra.run.smithi031.stderr:DEBUG:cephadm:/usr/bin/ceph:stderr
2020-06-27T04:40:00.950+0000 7fd5c3e98700 1 --2- 172.21.15.31:0/3624626104 >> [v2:172.21.15.31:3300/0,v1:172.21.15.31:6789/0] conn(0x7fd5bc078670 0x7fd5bc078a90 secure :-1 s=READY pgs=40 cs=0 l=1 rev1=1 rx=0x7fd5b8006bb0 tx=0x7fd5b8006ec0).stop
2020-06-27T04:40:00.955 INFO:teuthology.orchestra.run.smithi031.stderr:DEBUG:cephadm:/usr/bin/ceph:profile rt=1.0859243869781494, stop=False, exit=None, reads=[10]
2020-06-27T04:40:00.955 INFO:teuthology.orchestra.run.smithi031.stderr:DEBUG:cephadm:/usr/bin/ceph:stderr
2020-06-27T04:40:00.950+0000 7fd5c3e98700 1 -- 172.21.15.31:0/3624626104 shutdown_connections
2020-06-27T04:40:00.955 INFO:teuthology.orchestra.run.smithi031.stderr:DEBUG:cephadm:/usr/bin/ceph:stderr
2020-06-27T04:40:00.950+0000 7fd5c3e98700 1 --2- 172.21.15.31:0/3624626104 >> v2:172.21.15.31:6800/4294292023 conn(0x7fd59802aad0 0x7fd59802cf90 unknown :-1 s=CLOSED pgs=8 cs=0 l=1 rev1=1 rx=0 tx=0).stop
2020-06-27T04:40:00.962 INFO:teuthology.orchestra.run.smithi031.stderr:DEBUG:cephadm:/usr/bin/ceph:stderr
2020-06-27T04:40:00.950+0000 7fd5c3e98700 1 --2- 172.21.15.31:0/3624626104 >> [v2:172.21.15.31:3300/0,v1:172.21.15.31:6789/0] conn(0x7fd5bc078670 0x7fd5bc078a90 unknown :-1 s=CLOSED pgs=40 cs=0 l=1 rev1=1 rx=0 tx=0).stop
2020-06-27T04:40:00.962 INFO:teuthology.orchestra.run.smithi031.stderr:DEBUG:cephadm:/usr/bin/ceph:stderr
2020-06-27T04:40:00.950+0000 7fd5c3e98700 1 -- 172.21.15.31:0/3624626104 >> 172.21.15.31:0/3624626104 conn(0x7fd5bc05ffe0 msgr2=0x7fd5bc06f8f0 unknown :-1 s=STATE_NONE l=0).mark_down
2020-06-27T04:40:00.963 INFO:teuthology.orchestra.run.smithi031.stderr:DEBUG:cephadm:/usr/bin/ceph:stderr
2020-06-27T04:40:00.950+0000 7fd5c3e98700 1 -- 172.21.15.31:0/3624626104 shutdown_connections
2020-06-27T04:40:00.963 INFO:teuthology.orchestra.run.smithi031.stderr:DEBUG:cephadm:/usr/bin/ceph:stderr
2020-06-27T04:40:00.950+0000 7fd5c3e98700 1 -- 172.21.15.31:0/3624626104 wait complete.
2020-06-27T04:40:00.963 INFO:teuthology.orchestra.run.smithi031.stderr:DEBUG:cephadm:/usr/bin/ceph:profile rt=1.0861899852752686, stop=False, exit=None, reads=[10]
2020-06-27T04:40:01.223 INFO:ceph.mon.a.smithi031.stdout:Jun 27 04:40:01 smithi031 bash[18426]: audit
2020-06-27T04:40:00.697779+0000 mgr.y (mgr.14119) 4 : audit [DBG] from='client.14134 -' entity='client.admin' cmd=[{"prefix": "cephadm generate-key", "target": ["mon-mgr", ""]}]: dispatch
2020-06-27T04:40:01.223 INFO:ceph.mon.a.smithi031.stdout:Jun 27 04:40:01 smithi031 bash[18426]: cephadm
2020-06-27T04:40:00.697983+0000 mgr.y (mgr.14119) 5 : cephadm [INF] Generating ssh key...
2020-06-27T04:40:01.223 INFO:ceph.mon.a.smithi031.stdout:Jun 27 04:40:01 smithi031 bash[18426]: audit
2020-06-27T04:40:00.942766+0000 mon.a (mon.0) 60 : audit [INF] from='mgr.14119 172.21.15.31:0/3667018094' entity='mgr.y' cmd=[{"prefix":"config-key set","key":"mgr/cephadm/ssh_identity_key","val":"-----BEGIN OPENSSH PRIVATE KEY-----\nb3BlbnNzaC1rZXktdjEAAAAABG5vbmUAAAAEbm9uZQAAAAAAAAABAAABlwAAAAdzc2gtcn\nNhAAAAAwEAAQAAAYEA8BvihFtx5pedQ/YTmF5Reak7Vsi8kfpig7brZgQWJlKqa9lRtYd/\nVv+XROnHgADXroHCcFuLBqWqnqy+SW06iqxf4ML8jHeMD6ei90RjoZ+OYPe59lJCXHEYr4\nTiyPeVSD3NxB9UFlwugZZmEWRisV4MnL+bdmDtuJtvopeFUMUKNh48pQFSz/ezQ5lrSWyk\n6iZeL+Jmjnp3PtdiAb6ZZ8TwhK0Q+X9W1J9ImyhbZwGS/KyPt2yOSmWgT6PO6tb5pi3M2U\nVbPyT9q7mo5XL3/lYdeNUJsY4Xh/7xvgtdciy97Zw/CVerWzITCtbmP/PSXAZrlHFArpWl\nHtF/sONFREVj29IdjHmr30W7Nw0wt0wVZ+iF5oEtf7zlyWGxdeab/A0dtD6oz6HI0ggVqq\nlvUhoXDy5qvjh0Aq/2/l1m6TFUxAGwHjrgrDqHQImlxb+QkCbzGnagaZPsQxf0z6S6dktj\nfKISS1tkDVxfX7ppatylgGqt0fg4sM9H2Uxr5PjpAAAFoApeQUAKXkFAAAAAB3NzaC1yc2\nEAAAGBAPAb4oRbceaXnUP2E5heUXmpO1bIvJH6YoO262YEFiZSqmvZUbWHf1b/l0Tpx4AA\n166BwnBbiwalqp6svkltOoqsX+DC/Ix3jA+novdEY6GfjmD3ufZSQlxxGK+E4sj3lUg9zc\nQfVBZcLoGWZhFkYrFeDJy/m3Zg7bibb6KXhVDFCjYePKUBUs/3s0OZa0lspOomXi/iZo56\ndz7XYgG+mWfE8IStEPl/VtSfSJsoW2cBkvysj7dsjkploE+jzurW+aYtzNlFWz8k/au5qO\nVy9/5WHXjVCbGOF4f+8b4LXXIsve2cPwlXq1syEwrW5j/z0lwGa5RxQK6VpR7Rf7DjRURF\nY9vSHYx5q99FuzcNMLdMFWfoheaBLX+85clhsXXmm/wNHbQ+qM+hyNIIFaqpb1IaFw8uar\n44dAKv9v5dZukxVMQBsB464Kw6h0CJpcW/kJAm8xp2oGmT7EMX9M+kunZLY3yiEktbZA1c\nX1+6aWrcpYBqrdH4OLDPR9lMa+T46QAAAAMBAAEAAAGBAONxhqDZ/orwE4jNEMLElWkpZY\nxPmlCtXaRnIZUBSfoDVGvU8BGEyJsggapFyTT3l1c2k3jbPlaNl5G3EIl9bnbt0eSWz6Q/\nme06XqTbo4T2H2i7QOyT/0iR2VBqEGlOHZrQ8JlXE9AagfM/BHB1JwfcjxXsatc3+fdlRd\no+rYpVG9cnzUqAdnGJscXXDkn/IDitH4s8aumMGGjunWgJpEcnxq3nQq0Ucqv2NlDDadGp\nLBMtYvXdXuwaWEEYamkKOJvncD0TAwBuPrIr45UW0Twi3PJ+prq/leA+d/UoZpbW8BCvjY\na4GKe6bzVKZUdfbqmahjEp50IC/gB65J3BIgp25Rl6WKJXnFhtDQlJb/YsmaOe+vaYOhG/\nbAh2EJqe5yvPjFtoDp4QOPSn8edvbLoxVKg9IXKQLP1rZ5X6OUv6eXL0v//r5cWhKrbNuS\n1BFQezOLZouvSo8cY+g4g21g/HOT0ra1lz/q3ZwjolYC67VZ4jsN8Kp6jrXh072WfIAQAA\nAMAP/m/C3iZEPxAvfyz5hfXlMPZeXUkqu80OG/8HcwInfkaYXTmJxq7BmrsAA0/tFYGqV8\n/+7q27Iv4/5t/jKntXJXVi59bRWjjq9dxeWjuAqrc5NAzAuyXbZVMEFvFFBpSzLY3w6one\nlVCTlaCA7RK/YGPLipZXUfNPIasZkuPJGFZGmXMk7IOyoCNFGWBootY74QWHt/F4En2KQC\nbCnFd8boV8Rs49gE/ZXByXCL/UbXaHG1X45sO5i0uZ3zwNdc0AAADBAPytcotpndL3Q0+S\nb1+U6wGjHlBaxZgc+mDtown48ic7x9WmoBZCXW86AZlmPacWaP7z5Shgj22t8V265Zt3w1\nzqtGo5dKN1K8yqP10lLX5VXzETyatK5uMKlFdJp1vyD/zp8tmCL4dvF3vw2eiur5NTlGkV\npxCXSXxyDb5p58dkKps7Y8YPVSAQvsdFf+U1cd8zEnOduVAgVZT9XE25a1qmmckXpUZ3jz\nJaBJ26uleYshVAIRr/PN/IxZ1vmw4RhQAAAMEA80QhJbq/+0hjIi3/MW/Wzkx+Rz39If49\nv0Odqm/+02WVma0u0yBCcSssbgkX5aU8/PfvrVGD8Uqr0olAxyUK1D/VYV4gnEhVHrV1B3\niqz86H9jOelWSGTpqTIO48tGo/Jwb15NAYIpg0v0IXzTDE2hlRt/hDN7e7n3oyFdlOSB6x\nXJNqekxhHdEr3ytn4JAuOeROAX87KvxnPogUyO+rtzv5t1krjCaAykgYKyN31WUvwCzc7z\nSZ9E/ZSojtuTUVAAAAKWNlcGgtMTI4OTJhZTItYjgzMC0xMWVhLWEwNmQtMDAxYTRhYWI4\nMzBjAQ==\n-----END OPENSSH PRIVATE KEY-----\n"}]: dispatch
2020-06-27T04:40:01.224 INFO:ceph.mon.a.smithi031.stdout:Jun 27 04:40:01 smithi031 bash[18426]: audit
2020-06-27T04:40:00.944558+0000 mon.a (mon.0) 61 : audit [INF] from='mgr.14119 172.21.15.31:0/3667018094' entity='mgr.y' cmd='[{"prefix":"config-key set","key":"mgr/cephadm/ssh_identity_key","val":"-----BEGIN OPENSSH PRIVATE KEY-----\nb3BlbnNzaC1rZXktdjEAAAAABG5vbmUAAAAEbm9uZQAAAAAAAAABAAABlwAAAAdzc2gtcn\nNhAAAAAwEAAQAAAYEA8BvihFtx5pedQ/YTmF5Reak7Vsi8kfpig7brZgQWJlKqa9lRtYd/\nVv+XROnHgADXroHCcFuLBqWqnqy+SW06iqxf4ML8jHeMD6ei90RjoZ+OYPe59lJCXHEYr4\nTiyPeVSD3NxB9UFlwugZZmEWRisV4MnL+bdmDtuJtvopeFUMUKNh48pQFSz/ezQ5lrSWyk\n6iZeL+Jmjnp3PtdiAb6ZZ8TwhK0Q+X9W1J9ImyhbZwGS/KyPt2yOSmWgT6PO6tb5pi3M2U\nVbPyT9q7mo5XL3/lYdeNUJsY4Xh/7xvgtdciy97Zw/CVerWzITCtbmP/PSXAZrlHFArpWl\nHtF/sONFREVj29IdjHmr30W7Nw0wt0wVZ+iF5oEtf7zlyWGxdeab/A0dtD6oz6HI0ggVqq\nlvUhoXDy5qvjh0Aq/2/l1m6TFUxAGwHjrgrDqHQImlxb+QkCbzGnagaZPsQxf0z6S6dktj\nfKISS1tkDVxfX7ppatylgGqt0fg4sM9H2Uxr5PjpAAAFoApeQUAKXkFAAAAAB3NzaC1yc2\nEAAAGBAPAb4oRbceaXnUP2E5heUXmpO1bIvJH6YoO262YEFiZSqmvZUbWHf1b/l0Tpx4AA\n166BwnBbiwalqp6svkltOoqsX+DC/Ix3jA+novdEY6GfjmD3ufZSQlxxGK+E4sj3lUg9zc\nQfVBZcLoGWZhFkYrFeDJy/m3Zg7bibb6KXhVDFCjYePKUBUs/3s0OZa0lspOomXi/iZo56\ndz7XYgG+mWfE8IStEPl/VtSfSJsoW2cBkvysj7dsjkploE+jzurW+aYtzNlFWz8k/au5qO\nVy9/5WHXjVCbGOF4f+8b4LXXIsve2cPwlXq1syEwrW5j/z0lwGa5RxQK6VpR7Rf7DjRURF\nY9vSHYx5q99FuzcNMLdMFWfoheaBLX+85clhsXXmm/wNHbQ+qM+hyNIIFaqpb1IaFw8uar\n44dAKv9v5dZukxVMQBsB464Kw6h0CJpcW/kJAm8xp2oGmT7EMX9M+kunZLY3yiEktbZA1c\nX1+6aWrcpYBqrdH4OLDPR9lMa+T46QAAAAMBAAEAAAGBAONxhqDZ/orwE4jNEMLElWkpZY\nxPmlCtXaRnIZUBSfoDVGvU8BGEyJsggapFyTT3l1c2k3jbPlaNl5G3EIl9bnbt0eSWz6Q/\nme06XqTbo4T2H2i7QOyT/0iR2VBqEGlOHZrQ8JlXE9AagfM/BHB1JwfcjxXsatc3+fdlRd\no+rYpVG9cnzUqAdnGJscXXDkn/IDitH4s8aumMGGjunWgJpEcnxq3nQq0Ucqv2NlDDadGp\nLBMtYvXdXuwaWEEYamkKOJvncD0TAwBuPrIr45UW0Twi3PJ+prq/leA+d/UoZpbW8BCvjY\na4GKe6bzVKZUdfbqmahjEp50IC/gB65J3BIgp25Rl6WKJXnFhtDQlJb/YsmaOe+vaYOhG/\nbAh2EJqe5yvPjFtoDp4QOPSn8edvbLoxVKg9IXKQLP1rZ5X6OUv6eXL0v//r5cWhKrbNuS\n1BFQezOLZouvSo8cY+g4g21g/HOT0ra1lz/q3ZwjolYC67VZ4jsN8Kp6jrXh072WfIAQAA\nAMAP/m/C3iZEPxAvfyz5hfXlMPZeXUkqu80OG/8HcwInfkaYXTmJxq7BmrsAA0/tFYGqV8\n/+7q27Iv4/5t/jKntXJXVi59bRWjjq9dxeWjuAqrc5NAzAuyXbZVMEFvFFBpSzLY3w6one\nlVCTlaCA7RK/YGPLipZXUfNPIasZkuPJGFZGmXMk7IOyoCNFGWBootY74QWHt/F4En2KQC\nbCnFd8boV8Rs49gE/ZXByXCL/UbXaHG1X45sO5i0uZ3zwNdc0AAADBAPytcotpndL3Q0+S\nb1+U6wGjHlBaxZgc+mDtown48ic7x9WmoBZCXW86AZlmPacWaP7z5Shgj22t8V265Zt3w1\nzqtGo5dKN1K8yqP10lLX5VXzETyatK5uMKlFdJp1vyD/zp8tmCL4dvF3vw2eiur5NTlGkV\npxCXSXxyDb5p58dkKps7Y8YPVSAQvsdFf+U1cd8zEnOduVAgVZT9XE25a1qmmckXpUZ3jz\nJaBJ26uleYshVAIRr/PN/IxZ1vmw4RhQAAAMEA80QhJbq/+0hjIi3/MW/Wzkx+Rz39If49\nv0Odqm/+02WVma0u0yBCcSssbgkX5aU8/PfvrVGD8Uqr0olAxyUK1D/VYV4gnEhVHrV1B3\niqz86H9jOelWSGTpqTIO48tGo/Jwb15NAYIpg0v0IXzTDE2hlRt/hDN7e7n3oyFdlOSB6x\nXJNqekxhHdEr3ytn4JAuOeROAX87KvxnPogUyO+rtzv5t1krjCaAykgYKyN31WUvwCzc7z\nSZ9E/ZSojtuTUVAAAAKWNlcGgtMTI4OTJhZTItYjgzMC0xMWVhLWEwNmQtMDAxYTRhYWI4\nMzBjAQ==\n-----END OPENSSH PRIVATE KEY-----\n"}]': finished
2020-06-27T04:40:01.224 INFO:ceph.mon.a.smithi031.stdout:Jun 27 04:40:01 smithi031 bash[18426]: audit
2020-06-27T04:40:00.944888+0000 mon.a (mon.0) 62 : audit [INF] from='mgr.14119 172.21.15.31:0/3667018094' entity='mgr.y' cmd=[{"prefix":"config-key set","key":"mgr/cephadm/ssh_identity_pub","val":"ssh-rsa AAAAB3NzaC1yc2EAAAADAQABAAABgQDwG+KEW3Hml51D9hOYXlF5qTtWyLyR+mKDtutmBBYmUqpr2VG1h39W/5dE6ceAANeugcJwW4sGpaqerL5JbTqKrF/gwvyMd4wPp6L3RGOhn45g97n2UkJccRivhOLI95VIPc3EH1QWXC6BlmYRZGKxXgycv5t2YO24m2+il4VQxQo2HjylAVLP97NDmWtJbKTqJl4v4maOenc+12IBvplnxPCErRD5f1bUn0ibKFtnAZL8rI+3bI5KZaBPo87q1vmmLczZRVs/JP2ruajlcvf+Vh141QmxjheH/vG+C11yLL3tnD8JV6tbMhMK1uY/89JcBmuUcUCulaUe0X+w40VERWPb0h2MeavfRbs3DTC3TBVn6IXmgS1/vOXJYbF15pv8DR20PqjPocjSCBWqqW9SGhcPLmq+OHQCr/b+XWbpMVTEAbAeOuCsOodAiaXFv5CQJvMadqBpk+xDF/TPpLp2S2N8ohJLW2QNXF9fumlq3KWAaq3R+Diwz0fZTGvk+Ok= ceph-12892ae2-b830-11ea-a06d-001a4aab830c\n"}]: dispatch
2020-06-27T04:40:01.224 INFO:ceph.mon.a.smithi031.stdout:Jun 27 04:40:01 smithi031 bash[18426]: audit
2020-06-27T04:40:00.949454+0000 mon.a (mon.0) 63 : audit [INF] from='mgr.14119 172.21.15.31:0/3667018094' entity='mgr.y' cmd='[{"prefix":"config-key set","key":"mgr/cephadm/ssh_identity_pub","val":"ssh-rsa AAAAB3NzaC1yc2EAAAADAQABAAABgQDwG+KEW3Hml51D9hOYXlF5qTtWyLyR+mKDtutmBBYmUqpr2VG1h39W/5dE6ceAANeugcJwW4sGpaqerL5JbTqKrF/gwvyMd4wPp6L3RGOhn45g97n2UkJccRivhOLI95VIPc3EH1QWXC6BlmYRZGKxXgycv5t2YO24m2+il4VQxQo2HjylAVLP97NDmWtJbKTqJl4v4maOenc+12IBvplnxPCErRD5f1bUn0ibKFtnAZL8rI+3bI5KZaBPo87q1vmmLczZRVs/JP2ruajlcvf+Vh141QmxjheH/vG+C11yLL3tnD8JV6tbMhMK1uY/89JcBmuUcUCulaUe0X+w40VERWPb0h2MeavfRbs3DTC3TBVn6IXmgS1/vOXJYbF15pv8DR20PqjPocjSCBWqqW9SGhcPLmq+OHQCr/b+XWbpMVTEAbAeOuCsOodAiaXFv5CQJvMadqBpk+xDF/TPpLp2S2N8ohJLW2QNXF9fumlq3KWAaq3R+Diwz0fZTGvk+Ok= ceph-12892ae2-b830-11ea-a06d-001a4aab830c\n"}]': finished
2020-06-27T04:40:01.224 INFO:ceph.mgr.y.smithi031.stdout:Jun 27 04:40:00 smithi031 bash[18687]: Generating public/private rsa key pair.
2020-06-27T04:40:01.224 INFO:ceph.mgr.y.smithi031.stdout:Jun 27 04:40:00 smithi031 bash[18687]: Your identification has been saved in /tmp/tmp_ir0i_jz/key.
2020-06-27T04:40:01.225 INFO:ceph.mgr.y.smithi031.stdout:Jun 27 04:40:00 smithi031 bash[18687]: Your public key has been saved in /tmp/tmp_ir0i_jz/key.pub.
2020-06-27T04:40:01.225 INFO:ceph.mgr.y.smithi031.stdout:Jun 27 04:40:00 smithi031 bash[18687]: The key fingerprint is:
2020-06-27T04:40:01.225 INFO:ceph.mgr.y.smithi031.stdout:Jun 27 04:40:00 smithi031 bash[18687]: SHA256:ZKTcuwU8RJX6Uod+CvluKaMfsaqmDgn27HIENeDaHJc ceph-12892ae2-b830-11ea-a06d-001a4aab830c
2020-06-27T04:40:01.225 INFO:ceph.mgr.y.smithi031.stdout:Jun 27 04:40:00 smithi031 bash[18687]: The key's randomart image is:
2020-06-27T04:40:01.225 INFO:ceph.mgr.y.smithi031.stdout:Jun 27 04:40:00 smithi031 bash[18687]: +---[RSA 3072]----+
2020-06-27T04:40:01.226 INFO:ceph.mgr.y.smithi031.stdout:Jun 27 04:40:00 smithi031 bash[18687]: | .. .+... |
2020-06-27T04:40:01.226 INFO:ceph.mgr.y.smithi031.stdout:Jun 27 04:40:00 smithi031 bash[18687]: |. o o * . |
2020-06-27T04:40:01.226 INFO:ceph.mgr.y.smithi031.stdout:Jun 27 04:40:00 smithi031 bash[18687]: | .o E o B. . |
2020-06-27T04:40:01.226 INFO:ceph.mgr.y.smithi031.stdout:Jun 27 04:40:00 smithi031 bash[18687]: |.+ o o.+o . |
2020-06-27T04:40:01.226 INFO:ceph.mgr.y.smithi031.stdout:Jun 27 04:40:00 smithi031 bash[18687]: |o.+ S=.. |
2020-06-27T04:40:01.226 INFO:ceph.mgr.y.smithi031.stdout:Jun 27 04:40:00 smithi031 bash[18687]: |o.o. +=o . |
2020-06-27T04:40:01.227 INFO:ceph.mgr.y.smithi031.stdout:Jun 27 04:40:00 smithi031 bash[18687]: |o .o ++ + |
2020-06-27T04:40:01.227 INFO:ceph.mgr.y.smithi031.stdout:Jun 27 04:40:00 smithi031 bash[18687]: | o... .o.= |
2020-06-27T04:40:01.227 INFO:ceph.mgr.y.smithi031.stdout:Jun 27 04:40:00 smithi031 bash[18687]: | .=+..oo.=. |
2020-06-27T04:40:01.227 INFO:ceph.mgr.y.smithi031.stdout:Jun 27 04:40:00 smithi031 bash[18687]: +----[SHA256]-----+
2020-06-27T04:40:01.362 INFO:teuthology.orchestra.run.smithi031.stderr:DEBUG:cephadm:/usr/bin/ceph:profile rt=1.4945440292358398, stop=False, exit=0, reads=[8, 10]
2020-06-27T04:40:01.363 INFO:teuthology.orchestra.run.smithi031.stderr:DEBUG:cephadm:/usr/bin/ceph:profile rt=1.4947090148925781, stop=True, exit=0, reads=[8, 10]
2020-06-27T04:40:01.363 INFO:teuthology.orchestra.run.smithi031.stderr:DEBUG:cephadm:['/bin/podman', 'run', '--rm', '--net=host', '--ipc=host', '-e', 'CONTAINER_IMAGE=quay.ceph.io/ceph-ci/ceph:77ddaecfcb04c342c0c9aaa7e71da5c0501c57e5', '-e', 'NODE_NAME=smithi031', '-v', '/var/log/ceph/12892ae2-b830-11ea-a06d-001a4aab830c:/var/log/ceph:z', '-v', '/tmp/ceph-tmpp7yyrzka:/etc/ceph/ceph.client.admin.keyring:z', '-v', '/tmp/ceph-tmpa4j1fgvv:/etc/ceph/ceph.conf:z', '--entrypoint', '/usr/bin/ceph', 'quay.ceph.io/ceph-ci/ceph:77ddaecfcb04c342c0c9aaa7e71da5c0501c57e5', 'cephadm', 'get-pub-key']
2020-06-27T04:40:01.363 INFO:teuthology.orchestra.run.smithi031.stderr:DEBUG:cephadm:Running command: /bin/podman run --rm --net=host --ipc=host -e CONTAINER_IMAGE=quay.ceph.io/ceph-ci/ceph:77ddaecfcb04c342c0c9aaa7e71da5c0501c57e5 -e NODE_NAME=smithi031 -v /var/log/ceph/12892ae2-b830-11ea-a06d-001a4aab830c:/var/log/ceph:z -v /tmp/ceph-tmpp7yyrzka:/etc/ceph/ceph.client.admin.keyring:z -v /tmp/ceph-tmpa4j1fgvv:/etc/ceph/ceph.conf:z --entrypoint /usr/bin/ceph quay.ceph.io/ceph-ci/ceph:77ddaecfcb04c342c0c9aaa7e71da5c0501c57e5 cephadm get-pub-key
2020-06-27T04:40:01.999 INFO:teuthology.orchestra.run.smithi031.stderr:DEBUG:cephadm:/usr/bin/ceph:stderr
2020-06-27T04:40:01.990+0000 7fa6c51a7700 1 Processor -- start
2020-06-27T04:40:01.999 INFO:teuthology.orchestra.run.smithi031.stderr:DEBUG:cephadm:/usr/bin/ceph:stderr
2020-06-27T04:40:01.990+0000 7fa6c51a7700 1 -- start start
2020-06-27T04:40:02.000 INFO:teuthology.orchestra.run.smithi031.stderr:DEBUG:cephadm:/usr/bin/ceph:stderr
2020-06-27T04:40:01.990+0000 7fa6c51a7700 1 --2- >> [v2:172.21.15.31:3300/0,v1:172.21.15.31:6789/0] conn(0x7fa6c0064730 0x7fa6c0064b50 unknown :-1 s=NONE pgs=0 cs=0 l=0 rev1=0 rx=0 tx=0).connect
2020-06-27T04:40:02.000 INFO:teuthology.orchestra.run.smithi031.stderr:DEBUG:cephadm:/usr/bin/ceph:stderr
2020-06-27T04:40:01.990+0000 7fa6c51a7700 1 -- --> [v2:172.21.15.31:3300/0,v1:172.21.15.31:6789/0] -- mon_getmap magic: 0 v1 -- 0x7fa6c00651a0 con 0x7fa6c0064730
2020-06-27T04:40:02.000 INFO:teuthology.orchestra.run.smithi031.stderr:DEBUG:cephadm:/usr/bin/ceph:stderr
2020-06-27T04:40:01.990+0000 7fa6bf59e700 1 --2- >> [v2:172.21.15.31:3300/0,v1:172.21.15.31:6789/0] conn(0x7fa6c0064730 0x7fa6c0064b50 unknown :-1 s=BANNER_CONNECTING pgs=0 cs=0 l=0 rev1=0 rx=0 tx=0)._handle_peer_banner_payload supported=1 required=0
2020-06-27T04:40:02.000 INFO:teuthology.orchestra.run.smithi031.stderr:DEBUG:cephadm:/usr/bin/ceph:profile rt=0.6310405731201172, stop=False, exit=None, reads=[10]
2020-06-27T04:40:02.000 INFO:teuthology.orchestra.run.smithi031.stderr:DEBUG:cephadm:/usr/bin/ceph:stderr
2020-06-27T04:40:01.990+0000 7fa6bf59e700 1 --2- >> [v2:172.21.15.31:3300/0,v1:172.21.15.31:6789/0] conn(0x7fa6c0064730 0x7fa6c0064b50 unknown :-1 s=HELLO_CONNECTING pgs=0 cs=0 l=0 rev1=1 rx=0 tx=0).handle_hello peer v2:172.21.15.31:3300/0 says I am v2:172.21.15.31:38576/0 (socket says 172.21.15.31:38576)
2020-06-27T04:40:02.001 INFO:teuthology.orchestra.run.smithi031.stderr:DEBUG:cephadm:/usr/bin/ceph:stderr
2020-06-27T04:40:01.990+0000 7fa6bf59e700 1 -- 172.21.15.31:0/1259258957 learned_addr learned my addr 172.21.15.31:0/1259258957 (peer_addr_for_me v2:172.21.15.31:0/0)
2020-06-27T04:40:02.001 INFO:teuthology.orchestra.run.smithi031.stderr:DEBUG:cephadm:/usr/bin/ceph:stderr
2020-06-27T04:40:01.991+0000 7fa6bf59e700 1 -- 172.21.15.31:0/1259258957 --> [v2:172.21.15.31:3300/0,v1:172.21.15.31:6789/0] -- mon_subscribe({config=0+,monmap=0+}) v3 -- 0x7fa6c0065a20 con 0x7fa6c0064730
2020-06-27T04:40:02.001 INFO:teuthology.orchestra.run.smithi031.stderr:DEBUG:cephadm:/usr/bin/ceph:stderr
2020-06-27T04:40:01.991+0000 7fa6bf59e700 1 --2- 172.21.15.31:0/1259258957 >> [v2:172.21.15.31:3300/0,v1:172.21.15.31:6789/0] conn(0x7fa6c0064730 0x7fa6c0064b50 secure :-1 s=READY pgs=41 cs=0 l=1 rev1=1 rx=0x7fa6b0002f70 tx=0x7fa6b0006ec0).ready entity=mon.0 client_cookie=4eeb4fc039d5a50c server_cookie=0 in_seq=0 out_seq=0
2020-06-27T04:40:02.001 INFO:teuthology.orchestra.run.smithi031.stderr:DEBUG:cephadm:/usr/bin/ceph:stderr
2020-06-27T04:40:01.991+0000 7fa6be59c700 1 -- 172.21.15.31:0/1259258957 <== mon.0 v2:172.21.15.31:3300/0 1 ==== mon_map magic: 0 v1 ==== 183+0+0 (secure 0 0 0) 0x7fa6b0009980 con 0x7fa6c0064730
2020-06-27T04:40:02.001 INFO:teuthology.orchestra.run.smithi031.stderr:DEBUG:cephadm:/usr/bin/ceph:profile rt=0.6312906742095947, stop=False, exit=None, reads=[10]
2020-06-27T04:40:02.002 INFO:teuthology.orchestra.run.smithi031.stderr:DEBUG:cephadm:/usr/bin/ceph:stderr
2020-06-27T04:40:01.991+0000 7fa6be59c700 1 -- 172.21.15.31:0/1259258957 <== mon.0 v2:172.21.15.31:3300/0 2 ==== config(23 keys) v1 ==== 963+0+0 (secure 0 0 0) 0x7fa6b0000e90 con 0x7fa6c0064730
2020-06-27T04:40:02.002 INFO:teuthology.orchestra.run.smithi031.stderr:DEBUG:cephadm:/usr/bin/ceph:stderr
2020-06-27T04:40:01.991+0000 7fa6be59c700 1 -- 172.21.15.31:0/1259258957 <== mon.0 v2:172.21.15.31:3300/0 3 ==== mon_map magic: 0 v1 ==== 183+0+0 (secure 0 0 0) 0x7fa6b0011c70 con 0x7fa6c0064730
2020-06-27T04:40:02.002 INFO:teuthology.orchestra.run.smithi031.stderr:DEBUG:cephadm:/usr/bin/ceph:stderr
2020-06-27T04:40:01.991+0000 7fa6c51a7700 1 -- 172.21.15.31:0/1259258957 >> [v2:172.21.15.31:3300/0,v1:172.21.15.31:6789/0] conn(0x7fa6c0064730 msgr2=0x7fa6c0064b50 secure :-1 s=STATE_CONNECTION_ESTABLISHED l=1).mark_down
2020-06-27T04:40:02.002 INFO:teuthology.orchestra.run.smithi031.stderr:DEBUG:cephadm:/usr/bin/ceph:stderr
2020-06-27T04:40:01.991+0000 7fa6c51a7700 1 --2- 172.21.15.31:0/1259258957 >> [v2:172.21.15.31:3300/0,v1:172.21.15.31:6789/0] conn(0x7fa6c0064730 0x7fa6c0064b50 secure :-1 s=READY pgs=41 cs=0 l=1 rev1=1 rx=0x7fa6b0002f70 tx=0x7fa6b0006ec0).stop
2020-06-27T04:40:02.002 INFO:teuthology.orchestra.run.smithi031.stderr:DEBUG:cephadm:/usr/bin/ceph:stderr
2020-06-27T04:40:01.991+0000 7fa6c51a7700 1 -- 172.21.15.31:0/1259258957 shutdown_connections
2020-06-27T04:40:02.003 INFO:teuthology.orchestra.run.smithi031.stderr:DEBUG:cephadm:/usr/bin/ceph:profile rt=0.6315920352935791, stop=False, exit=None, reads=[10]
2020-06-27T04:40:02.003 INFO:teuthology.orchestra.run.smithi031.stderr:DEBUG:cephadm:/usr/bin/ceph:stderr
2020-06-27T04:40:01.991+0000 7fa6c51a7700 1 --2- 172.21.15.31:0/1259258957 >> [v2:172.21.15.31:3300/0,v1:172.21.15.31:6789/0] conn(0x7fa6c0064730 0x7fa6c0064b50 unknown :-1 s=CLOSED pgs=41 cs=0 l=1 rev1=1 rx=0 tx=0).stop
2020-06-27T04:40:02.003 INFO:teuthology.orchestra.run.smithi031.stderr:DEBUG:cephadm:/usr/bin/ceph:stderr
2020-06-27T04:40:01.991+0000 7fa6c51a7700 1 -- 172.21.15.31:0/1259258957 >> 172.21.15.31:0/1259258957 conn(0x7fa6c005ffe0 msgr2=0x7fa6c0062400 unknown :-1 s=STATE_NONE l=0).mark_down
2020-06-27T04:40:02.003 INFO:teuthology.orchestra.run.smithi031.stderr:DEBUG:cephadm:/usr/bin/ceph:stderr
2020-06-27T04:40:01.991+0000 7fa6c51a7700 1 -- 172.21.15.31:0/1259258957 shutdown_connections
2020-06-27T04:40:02.003 INFO:teuthology.orchestra.run.smithi031.stderr:DEBUG:cephadm:/usr/bin/ceph:stderr
2020-06-27T04:40:01.991+0000 7fa6c51a7700 1 -- 172.21.15.31:0/1259258957 wait complete.
2020-06-27T04:40:02.004 INFO:teuthology.orchestra.run.smithi031.stderr:DEBUG:cephadm:/usr/bin/ceph:stderr
2020-06-27T04:40:01.992+0000 7fa6c51a7700 1 Processor -- start
2020-06-27T04:40:02.004 INFO:teuthology.orchestra.run.smithi031.stderr:DEBUG:cephadm:/usr/bin/ceph:stderr
2020-06-27T04:40:01.992+0000 7fa6c51a7700 1 -- start start
2020-06-27T04:40:02.004 INFO:teuthology.orchestra.run.smithi031.stderr:DEBUG:cephadm:/usr/bin/ceph:stderr
2020-06-27T04:40:01.992+0000 7fa6c51a7700 1 --2- >> [v2:172.21.15.31:3300/0,v1:172.21.15.31:6789/0] conn(0x7fa6c0061fc0 0x7fa6c007b350 unknown :-1 s=NONE pgs=0 cs=0 l=1 rev1=0 rx=0 tx=0).connect
2020-06-27T04:40:02.004 INFO:teuthology.orchestra.run.smithi031.stderr:DEBUG:cephadm:/usr/bin/ceph:stderr
2020-06-27T04:40:01.992+0000 7fa6c51a7700 1 -- --> [v2:172.21.15.31:3300/0,v1:172.21.15.31:6789/0] -- mon_getmap magic: 0 v1 -- 0x7fa6c007b9a0 con 0x7fa6c0061fc0
2020-06-27T04:40:02.004 INFO:teuthology.orchestra.run.smithi031.stderr:DEBUG:cephadm:/usr/bin/ceph:profile rt=0.631948709487915, stop=False, exit=None, reads=[10]
2020-06-27T04:40:02.004 INFO:teuthology.orchestra.run.smithi031.stderr:DEBUG:cephadm:/usr/bin/ceph:stderr
2020-06-27T04:40:01.992+0000 7fa6bf59e700 1 --2- >> [v2:172.21.15.31:3300/0,v1:172.21.15.31:6789/0] conn(0x7fa6c0061fc0 0x7fa6c007b350 unknown :-1 s=BANNER_CONNECTING pgs=0 cs=0 l=1 rev1=0 rx=0 tx=0)._handle_peer_banner_payload supported=1 required=0
2020-06-27T04:40:02.005 INFO:teuthology.orchestra.run.smithi031.stderr:DEBUG:cephadm:/usr/bin/ceph:stderr
2020-06-27T04:40:01.993+0000 7fa6bf59e700 1 --2- >> [v2:172.21.15.31:3300/0,v1:172.21.15.31:6789/0] conn(0x7fa6c0061fc0 0x7fa6c007b350 unknown :-1 s=HELLO_CONNECTING pgs=0 cs=0 l=1 rev1=1 rx=0 tx=0).handle_hello peer v2:172.21.15.31:3300/0 says I am v2:172.21.15.31:38578/0 (socket says 172.21.15.31:38578)
2020-06-27T04:40:02.005 INFO:teuthology.orchestra.run.smithi031.stderr:DEBUG:cephadm:/usr/bin/ceph:stderr
2020-06-27T04:40:01.993+0000 7fa6bf59e700 1 -- 172.21.15.31:0/805120123 learned_addr learned my addr 172.21.15.31:0/805120123 (peer_addr_for_me v2:172.21.15.31:0/0)
2020-06-27T04:40:02.005 INFO:teuthology.orchestra.run.smithi031.stderr:DEBUG:cephadm:/usr/bin/ceph:profile rt=0.6321239471435547, stop=False, exit=None, reads=[10]
2020-06-27T04:40:02.005 INFO:teuthology.orchestra.run.smithi031.stderr:DEBUG:cephadm:/usr/bin/ceph:stderr
2020-06-27T04:40:01.993+0000 7fa6bf59e700 1 -- 172.21.15.31:0/805120123 --> [v2:172.21.15.31:3300/0,v1:172.21.15.31:6789/0] -- mon_subscribe({config=0+,monmap=0+}) v3 -- 0x7fa6c007bae0 con 0x7fa6c0061fc0
2020-06-27T04:40:02.005 INFO:teuthology.orchestra.run.smithi031.stderr:DEBUG:cephadm:/usr/bin/ceph:stderr
2020-06-27T04:40:01.993+0000 7fa6bf59e700 1 --2- 172.21.15.31:0/805120123 >> [v2:172.21.15.31:3300/0,v1:172.21.15.31:6789/0] conn(0x7fa6c0061fc0 0x7fa6c007b350 secure :-1 s=READY pgs=42 cs=0 l=1 rev1=1 rx=0x7fa6b0006bb0 tx=0x7fa6b0006ec0).ready entity=mon.0 client_cookie=0 server_cookie=0 in_seq=0 out_seq=0
2020-06-27T04:40:02.006 INFO:teuthology.orchestra.run.smithi031.stderr:DEBUG:cephadm:/usr/bin/ceph:profile rt=0.6323032379150391, stop=False, exit=None, reads=[10]
2020-06-27T04:40:02.006 INFO:teuthology.orchestra.run.smithi031.stderr:DEBUG:cephadm:/usr/bin/ceph:stderr
2020-06-27T04:40:01.993+0000 7fa6a77fe700 1 -- 172.21.15.31:0/805120123 <== mon.0 v2:172.21.15.31:3300/0 1 ==== mon_map magic: 0 v1 ==== 183+0+0 (secure 0 0 0) 0x7fa6b001a820 con 0x7fa6c0061fc0
2020-06-27T04:40:02.006 INFO:teuthology.orchestra.run.smithi031.stderr:DEBUG:cephadm:/usr/bin/ceph:stderr
2020-06-27T04:40:01.993+0000 7fa6a77fe700 1 -- 172.21.15.31:0/805120123 <== mon.0 v2:172.21.15.31:3300/0 2 ==== config(23 keys) v1 ==== 963+0+0 (secure 0 0 0) 0x7fa6b001adc0 con 0x7fa6c0061fc0
2020-06-27T04:40:02.006 INFO:teuthology.orchestra.run.smithi031.stderr:DEBUG:cephadm:/usr/bin/ceph:stderr
2020-06-27T04:40:01.993+0000 7fa6c51a7700 1 -- 172.21.15.31:0/805120123 --> [v2:172.21.15.31:3300/0,v1:172.21.15.31:6789/0] -- mon_subscribe({mgrmap=0+}) v3 -- 0x7fa6c007bd30 con 0x7fa6c0061fc0
2020-06-27T04:40:02.006 INFO:teuthology.orchestra.run.smithi031.stderr:DEBUG:cephadm:/usr/bin/ceph:profile rt=0.6325283050537109, stop=False, exit=None, reads=[10]
2020-06-27T04:40:02.007 INFO:teuthology.orchestra.run.smithi031.stderr:DEBUG:cephadm:/usr/bin/ceph:stderr
2020-06-27T04:40:01.993+0000 7fa6a77fe700 1 -- 172.21.15.31:0/805120123 <== mon.0 v2:172.21.15.31:3300/0 3 ==== mon_map magic: 0 v1 ==== 183+0+0 (secure 0 0 0) 0x7fa6b001bcb0 con 0x7fa6c0061fc0
2020-06-27T04:40:02.007 INFO:teuthology.orchestra.run.smithi031.stderr:DEBUG:cephadm:/usr/bin/ceph:stderr
2020-06-27T04:40:01.993+0000 7fa6c51a7700 1 -- 172.21.15.31:0/805120123 --> [v2:172.21.15.31:3300/0,v1:172.21.15.31:6789/0] -- mon_subscribe({osdmap=0}) v3 -- 0x7fa6c007c0e0 con 0x7fa6c0061fc0
2020-06-27T04:40:02.007 INFO:teuthology.orchestra.run.smithi031.stderr:DEBUG:cephadm:/usr/bin/ceph:profile rt=0.6329519748687744, stop=False, exit=None, reads=[10]
2020-06-27T04:40:02.007 INFO:teuthology.orchestra.run.smithi031.stderr:DEBUG:cephadm:/usr/bin/ceph:stderr
2020-06-27T04:40:01.994+0000 7fa6a77fe700 1 -- 172.21.15.31:0/805120123 <== mon.0 v2:172.21.15.31:3300/0 4 ==== mgrmap(e 8) v1 ==== 31790+0+0 (secure 0 0 0) 0x7fa6b000f070 con 0x7fa6c0061fc0
2020-06-27T04:40:02.007 INFO:teuthology.orchestra.run.smithi031.stderr:DEBUG:cephadm:/usr/bin/ceph:profile rt=0.6330747604370117, stop=False, exit=None, reads=[10]
2020-06-27T04:40:02.008 INFO:teuthology.orchestra.run.smithi031.stderr:DEBUG:cephadm:/usr/bin/ceph:stderr
2020-06-27T04:40:01.994+0000 7fa6a77fe700 1 --2- 172.21.15.31:0/805120123 >> v2:172.21.15.31:6800/4294292023 conn(0x7fa69c02ab20 0x7fa69c02cfe0 unknown :-1 s=NONE pgs=0 cs=0 l=1 rev1=0 rx=0 tx=0).connect
2020-06-27T04:40:02.008 INFO:teuthology.orchestra.run.smithi031.stderr:DEBUG:cephadm:/usr/bin/ceph:profile rt=0.6332476139068604, stop=False, exit=None, reads=[10]
2020-06-27T04:40:02.008 INFO:teuthology.orchestra.run.smithi031.stderr:DEBUG:cephadm:/usr/bin/ceph:stderr
2020-06-27T04:40:01.994+0000 7fa6a77fe700 1 -- 172.21.15.31:0/805120123 <== mon.0 v2:172.21.15.31:3300/0 5 ==== osd_map(4..4 src has 1..4) v4 ==== 1326+0+0 (secure 0 0 0) 0x7fa6b003bb40 con 0x7fa6c0061fc0
2020-06-27T04:40:02.008 INFO:teuthology.orchestra.run.smithi031.stderr:DEBUG:cephadm:/usr/bin/ceph:profile rt=0.6333780288696289, stop=False, exit=None, reads=[10]
2020-06-27T04:40:02.008 INFO:teuthology.orchestra.run.smithi031.stderr:DEBUG:cephadm:/usr/bin/ceph:stderr
2020-06-27T04:40:01.994+0000 7fa6bed9d700 1 --2- 172.21.15.31:0/805120123 >> v2:172.21.15.31:6800/4294292023 conn(0x7fa69c02ab20 0x7fa69c02cfe0 unknown :-1 s=BANNER_CONNECTING pgs=0 cs=0 l=1 rev1=0 rx=0 tx=0)._handle_peer_banner_payload supported=1 required=0
2020-06-27T04:40:02.008 INFO:teuthology.orchestra.run.smithi031.stderr:DEBUG:cephadm:/usr/bin/ceph:stderr
2020-06-27T04:40:01.994+0000 7fa6c51a7700 1 -- 172.21.15.31:0/805120123 --> [v2:172.21.15.31:3300/0,v1:172.21.15.31:6789/0] -- mon_command({"prefix": "get_command_descriptions"} v 0) v1 -- 0x7fa6c0057340 con 0x7fa6c0061fc0
2020-06-27T04:40:02.009 INFO:teuthology.orchestra.run.smithi031.stderr:DEBUG:cephadm:/usr/bin/ceph:profile rt=0.6335022449493408, stop=False, exit=None, reads=[10]
2020-06-27T04:40:02.009 INFO:teuthology.orchestra.run.smithi031.stderr:DEBUG:cephadm:/usr/bin/ceph:stderr
2020-06-27T04:40:01.994+0000 7fa6bed9d700 1 --2- 172.21.15.31:0/805120123 >> v2:172.21.15.31:6800/4294292023 conn(0x7fa69c02ab20 0x7fa69c02cfe0 secure :-1 s=READY pgs=9 cs=0 l=1 rev1=1 rx=0x7fa6b4002f70 tx=0x7fa6b4006b20).ready entity=mgr.14119 client_cookie=0 server_cookie=0 in_seq=0 out_seq=0
2020-06-27T04:40:02.009 INFO:teuthology.orchestra.run.smithi031.stderr:DEBUG:cephadm:/usr/bin/ceph:profile rt=0.6337339878082275, stop=False, exit=None, reads=[10]
2020-06-27T04:40:02.010 INFO:teuthology.orchestra.run.smithi031.stderr:DEBUG:cephadm:/usr/bin/ceph:stderr
2020-06-27T04:40:01.998+0000 7fa6a77fe700 1 -- 172.21.15.31:0/805120123 <== mon.0 v2:172.21.15.31:3300/0 6 ==== mon_command_ack([{"prefix": "get_command_descriptions"}]=0 v0) v1 ==== 72+0+132018 (secure 0 0 0) 0x7fa6b0025460 con 0x7fa6c0061fc0
2020-06-27T04:40:02.010 INFO:teuthology.orchestra.run.smithi031.stderr:DEBUG:cephadm:/usr/bin/ceph:profile rt=0.6371560096740723, stop=False, exit=None, reads=[10]
2020-06-27T04:40:02.156 INFO:teuthology.orchestra.run.smithi031.stderr:DEBUG:cephadm:/usr/bin/ceph:stderr
2020-06-27T04:40:02.153+0000 7fa6c51a7700 1 -- 172.21.15.31:0/805120123 --> v2:172.21.15.31:6800/4294292023 -- mgr_command(tid 0: {"prefix": "cephadm get-pub-key", "target": ["mon-mgr", ""]}) v1 -- 0x7fa6c0043e80 con 0x7fa69c02ab20
2020-06-27T04:40:02.157 INFO:teuthology.orchestra.run.smithi031.stderr:DEBUG:cephadm:/usr/bin/ceph:profile rt=0.7922697067260742, stop=False, exit=None, reads=[10]
2020-06-27T04:40:02.157 INFO:teuthology.orchestra.run.smithi031.stderr:DEBUG:cephadm:/usr/bin/ceph:stderr
2020-06-27T04:40:02.153+0000 7fa6a77fe700 1 -- 172.21.15.31:0/805120123 <== mgr.14119 v2:172.21.15.31:6800/4294292023 1 ==== mgr_command_reply(tid 0: 0 ) v1 ==== 8+0+595 (secure 0 0 0) 0x7fa6c0043e80 con 0x7fa69c02ab20
2020-06-27T04:40:02.157 INFO:teuthology.orchestra.run.smithi031.stderr:DEBUG:cephadm:/usr/bin/ceph:profile rt=0.7926273345947266, stop=False, exit=None, reads=[10]
2020-06-27T04:40:02.157 INFO:teuthology.orchestra.run.smithi031.stderr:DEBUG:cephadm:/usr/bin/ceph:stdout ssh-rsa AAAAB3NzaC1yc2EAAAADAQABAAABgQDwG+KEW3Hml51D9hOYXlF5qTtWyLyR+mKDtutmBBYmUqpr2VG1h39W/5dE6ceAANeugcJwW4sGpaqerL5JbTqKrF/gwvyMd4wPp6L3RGOhn45g97n2UkJccRivhOLI95VIPc3EH1QWXC6BlmYRZGKxXgycv5t2YO24m2+il4VQxQo2HjylAVLP97NDmWtJbKTqJl4v4maOenc+12IBvplnxPCErRD5f1bUn0ibKFtnAZL8rI+3bI5KZaBPo87q1vmmLczZRVs/JP2ruajlcvf+Vh141QmxjheH/vG+C11yLL3tnD8JV6tbMhMK1uY/89JcBmuUcUCulaUe0X+w40VERWPb0h2MeavfRbs3DTC3TBVn6IXmgS1/vOXJYbF15pv8DR20PqjPocjSCBWqqW9SGhcPLmq+OHQCr/b+XWbpMVTEAbAeOuCsOodAiaXFv5CQJvMadqBpk+xDF/TPpLp2S2N8ohJLW2QNXF9fumlq3KWAaq3R+Diwz0fZTGvk+Ok= ceph-12892ae2-b830-11ea-a06d-001a4aab830c
2020-06-27T04:40:02.158 INFO:teuthology.orchestra.run.smithi031.stderr:DEBUG:cephadm:/usr/bin/ceph:profile rt=0.7927343845367432, stop=False, exit=None, reads=[8]
2020-06-27T04:40:02.159 INFO:teuthology.orchestra.run.smithi031.stderr:DEBUG:cephadm:/usr/bin/ceph:stderr
2020-06-27T04:40:02.155+0000 7fa6c51a7700 1 -- 172.21.15.31:0/805120123 >> v2:172.21.15.31:6800/4294292023 conn(0x7fa69c02ab20 msgr2=0x7fa69c02cfe0 secure :-1 s=STATE_CONNECTION_ESTABLISHED l=1).mark_down
2020-06-27T04:40:02.159 INFO:teuthology.orchestra.run.smithi031.stderr:DEBUG:cephadm:/usr/bin/ceph:stderr
2020-06-27T04:40:02.155+0000 7fa6c51a7700 1 --2- 172.21.15.31:0/805120123 >> v2:172.21.15.31:6800/4294292023 conn(0x7fa69c02ab20 0x7fa69c02cfe0 secure :-1 s=READY pgs=9 cs=0 l=1 rev1=1 rx=0x7fa6b4002f70 tx=0x7fa6b4006b20).stop
2020-06-27T04:40:02.160 INFO:teuthology.orchestra.run.smithi031.stderr:DEBUG:cephadm:/usr/bin/ceph:stderr
2020-06-27T04:40:02.155+0000 7fa6c51a7700 1 -- 172.21.15.31:0/805120123 >> [v2:172.21.15.31:3300/0,v1:172.21.15.31:6789/0] conn(0x7fa6c0061fc0 msgr2=0x7fa6c007b350 secure :-1 s=STATE_CONNECTION_ESTABLISHED l=1).mark_down
2020-06-27T04:40:02.160 INFO:teuthology.orchestra.run.smithi031.stderr:DEBUG:cephadm:/usr/bin/ceph:stderr
2020-06-27T04:40:02.155+0000 7fa6c51a7700 1 --2- 172.21.15.31:0/805120123 >> [v2:172.21.15.31:3300/0,v1:172.21.15.31:6789/0] conn(0x7fa6c0061fc0 0x7fa6c007b350 secure :-1 s=READY pgs=42 cs=0 l=1 rev1=1 rx=0x7fa6b0006bb0 tx=0x7fa6b0006ec0).stop
2020-06-27T04:40:02.160 INFO:teuthology.orchestra.run.smithi031.stderr:DEBUG:cephadm:/usr/bin/ceph:profile rt=0.7940487861633301, stop=False, exit=None, reads=[10]
2020-06-27T04:40:02.160 INFO:teuthology.orchestra.run.smithi031.stderr:DEBUG:cephadm:/usr/bin/ceph:stderr
2020-06-27T04:40:02.155+0000 7fa6c51a7700 1 -- 172.21.15.31:0/805120123 shutdown_connections
2020-06-27T04:40:02.160 INFO:teuthology.orchestra.run.smithi031.stderr:DEBUG:cephadm:/usr/bin/ceph:stderr
2020-06-27T04:40:02.155+0000 7fa6c51a7700 1 --2- 172.21.15.31:0/805120123 >> v2:172.21.15.31:6800/4294292023 conn(0x7fa69c02ab20 0x7fa69c02cfe0 unknown :-1 s=CLOSED pgs=9 cs=0 l=1 rev1=1 rx=0 tx=0).stop
2020-06-27T04:40:02.161 INFO:teuthology.orchestra.run.smithi031.stderr:DEBUG:cephadm:/usr/bin/ceph:stderr
2020-06-27T04:40:02.155+0000 7fa6c51a7700 1 --2- 172.21.15.31:0/805120123 >> [v2:172.21.15.31:3300/0,v1:172.21.15.31:6789/0] conn(0x7fa6c0061fc0 0x7fa6c007b350 unknown :-1 s=CLOSED pgs=42 cs=0 l=1 rev1=1 rx=0 tx=0).stop
2020-06-27T04:40:02.161 INFO:teuthology.orchestra.run.smithi031.stderr:DEBUG:cephadm:/usr/bin/ceph:stderr
