2021-01-27T09:18:25.800+0000 7f70b518b700 1 --2- 172.21.15.103:0/4238828178 >> v2:172.21.15.103:6800/9391381 conn(0x7f709802fca0 0x7f7098032160 unknown :-1 s=START_CONNECT pgs=0 cs=0 l=1 rev1=0 rx=0 tx=0)._fault waiting 0.400000
2021-01-27T09:18:26.205 INFO:teuthology.orchestra.run.smithi103.stderr:/usr/bin/ceph:
2021-01-27T09:18:26.204+0000 7f70b518b700 1 -- 172.21.15.103:0/4238828178 >> v2:172.21.15.103:6800/9391381 conn(0x7f709802fca0 msgr2=0x7f7098032160 unknown :-1 s=STATE_CONNECTING_RE l=1).process reconnect failed to v2:172.21.15.103:6800/9391381
2021-01-27T09:18:26.205 INFO:teuthology.orchestra.run.smithi103.stderr:/usr/bin/ceph:
2021-01-27T09:18:26.204+0000 7f70b518b700 1 --2- 172.21.15.103:0/4238828178 >> v2:172.21.15.103:6800/9391381 conn(0x7f709802fca0 0x7f7098032160 unknown :-1 s=START_CONNECT pgs=0 cs=0 l=1 rev1=0 rx=0 tx=0)._fault waiting 0.800000
2021-01-27T09:18:27.008 INFO:teuthology.orchestra.run.smithi103.stderr:/usr/bin/ceph:
2021-01-27T09:18:27.008+0000 7f70b518b700 1 -- 172.21.15.103:0/4238828178 >> v2:172.21.15.103:6800/9391381 conn(0x7f709802fca0 msgr2=0x7f7098032160 unknown :-1 s=STATE_CONNECTING_RE l=1).process reconnect failed to v2:172.21.15.103:6800/9391381
2021-01-27T09:18:27.008 INFO:teuthology.orchestra.run.smithi103.stderr:/usr/bin/ceph:
2021-01-27T09:18:27.008+0000 7f70b518b700 1 --2- 172.21.15.103:0/4238828178 >> v2:172.21.15.103:6800/9391381 conn(0x7f709802fca0 0x7f7098032160 unknown :-1 s=START_CONNECT pgs=0 cs=0 l=1 rev1=0 rx=0 tx=0)._fault waiting 1.600000
2021-01-27T09:18:27.748 INFO:teuthology.orchestra.run.smithi103.stderr:/usr/bin/ceph:
2021-01-27T09:18:27.740+0000 7f70b7bf0700 1 -- 172.21.15.103:0/4238828178 --> [v2:172.21.15.103:3300/0,v1:172.21.15.103:6789/0] -- mon_command({"prefix": "mgr stat"} v 0) v1 -- 0x7f7090005c80 con 0x7f70b006f4c0
2021-01-27T09:18:27.748 INFO:teuthology.orchestra.run.smithi103.stderr:/usr/bin/ceph:
2021-01-27T09:18:27.744+0000 7f709e7fc700 1 -- 172.21.15.103:0/4238828178 <== mon.0 v2:172.21.15.103:3300/0 7 ==== mon_command_ack([{"prefix": "mgr stat"}]=0 v5) v1 ==== 56+0+88 (secure 0 0 0) 0x7f70ac023aa0 con 0x7f70b006f4c0
2021-01-27T09:18:27.756 INFO:teuthology.orchestra.run.smithi103.stderr:/usr/bin/ceph: {
2021-01-27T09:18:27.756 INFO:teuthology.orchestra.run.smithi103.stderr:/usr/bin/ceph: "epoch": 5,
2021-01-27T09:18:27.757 INFO:teuthology.orchestra.run.smithi103.stderr:/usr/bin/ceph: "available": true,
2021-01-27T09:18:27.757 INFO:teuthology.orchestra.run.smithi103.stderr:/usr/bin/ceph: "active_name": "y",
2021-01-27T09:18:27.757 INFO:teuthology.orchestra.run.smithi103.stderr:/usr/bin/ceph: "num_standby": 0
2021-01-27T09:18:27.757 INFO:teuthology.orchestra.run.smithi103.stderr:/usr/bin/ceph: }
2021-01-27T09:18:27.786 INFO:teuthology.orchestra.run.smithi103.stderr:/usr/bin/ceph:
2021-01-27T09:18:27.780+0000 7f70b7bf0700 1 -- 172.21.15.103:0/4238828178 >> v2:172.21.15.103:6800/9391381 conn(0x7f709802fca0 msgr2=0x7f7098032160 unknown :-1 s=STATE_CONNECTING l=1).mark_down
2021-01-27T09:18:27.787 INFO:teuthology.orchestra.run.smithi103.stderr:/usr/bin/ceph:
2021-01-27T09:18:27.780+0000 7f70b7bf0700 1 --2- 172.21.15.103:0/4238828178 >> v2:172.21.15.103:6800/9391381 conn(0x7f709802fca0 0x7f7098032160 unknown :-1 s=START_CONNECT pgs=0 cs=0 l=1 rev1=0 rx=0 tx=0).stop
2021-01-27T09:18:27.787 INFO:teuthology.orchestra.run.smithi103.stderr:/usr/bin/ceph:
2021-01-27T09:18:27.780+0000 7f70b7bf0700 1 -- 172.21.15.103:0/4238828178 >> [v2:172.21.15.103:3300/0,v1:172.21.15.103:6789/0] conn(0x7f70b006f4c0 msgr2=0x7f70b0116940 secure :-1 s=STATE_CONNECTION_ESTABLISHED l=1).mark_down
2021-01-27T09:18:27.789 INFO:teuthology.orchestra.run.smithi103.stderr:/usr/bin/ceph:
2021-01-27T09:18:27.780+0000 7f70b7bf0700 1 --2- 172.21.15.103:0/4238828178 >> [v2:172.21.15.103:3300/0,v1:172.21.15.103:6789/0] conn(0x7f70b006f4c0 0x7f70b0116940 secure :-1 s=READY pgs=23 cs=0 l=1 rev1=1 rx=0x7f70ac013520 tx=0x7f70ac006ee0).stop
2021-01-27T09:18:27.790 INFO:teuthology.orchestra.run.smithi103.stderr:/usr/bin/ceph:
2021-01-27T09:18:27.788+0000 7f70b7bf0700 1 -- 172.21.15.103:0/4238828178 shutdown_connections
2021-01-27T09:18:27.790 INFO:teuthology.orchestra.run.smithi103.stderr:/usr/bin/ceph:
2021-01-27T09:18:27.788+0000 7f70b7bf0700 1 --2- 172.21.15.103:0/4238828178 >> v2:172.21.15.103:6800/9391381 conn(0x7f709802fca0 0x7f7098032160 unknown :-1 s=CLOSED pgs=0 cs=0 l=1 rev1=0 rx=0 tx=0).stop
2021-01-27T09:18:27.791 INFO:teuthology.orchestra.run.smithi103.stderr:/usr/bin/ceph:
2021-01-27T09:18:27.788+0000 7f70b7bf0700 1 --2- 172.21.15.103:0/4238828178 >> [v2:172.21.15.103:3300/0,v1:172.21.15.103:6789/0] conn(0x7f70b006f4c0 0x7f70b0116940 unknown :-1 s=CLOSED pgs=23 cs=0 l=1 rev1=1 rx=0 tx=0).stop
2021-01-27T09:18:27.792 INFO:teuthology.orchestra.run.smithi103.stderr:/usr/bin/ceph:
2021-01-27T09:18:27.788+0000 7f70b7bf0700 1 -- 172.21.15.103:0/4238828178 >> 172.21.15.103:0/4238828178 conn(0x7f70b00f4c00 msgr2=0x7f70b00fa3a0 unknown :-1 s=STATE_NONE l=0).mark_down
2021-01-27T09:18:27.800 INFO:teuthology.orchestra.run.smithi103.stderr:/usr/bin/ceph:
2021-01-27T09:18:27.800+0000 7f70b7bf0700 1 -- 172.21.15.103:0/4238828178 shutdown_connections
2021-01-27T09:18:27.810 INFO:teuthology.orchestra.run.smithi103.stderr:/usr/bin/ceph:
2021-01-27T09:18:27.808+0000 7f70b7bf0700 1 -- 172.21.15.103:0/4238828178 wait complete.
2021-01-27T09:18:28.143 INFO:journalctl@ceph.mon.a.smithi103.stdout:Jan 27 09:18:27 smithi103 bash[9772]: audit
2021-01-27T09:18:27.743520+0000 mon.a (mon.0) 29 : audit [DBG] from='client.? 172.21.15.103:0/4238828178' entity='client.admin' cmd=[{"prefix": "mgr stat"}]: dispatch
2021-01-27T09:18:28.719 INFO:teuthology.orchestra.run.smithi103.stderr:Waiting for the mgr to restart...
2021-01-27T09:18:28.719 INFO:teuthology.orchestra.run.smithi103.stderr:Waiting for mgr epoch 5...
2021-01-27T09:18:28.719 INFO:teuthology.orchestra.run.smithi103.stderr:Running command: /usr/bin/docker run --rm --ipc=host --net=host --entrypoint /usr/bin/ceph -e CONTAINER_IMAGE=quay.ceph.io/ceph-ci/ceph:507028cb839c25d6666833702df6325fd8569096 -e NODE_NAME=smithi103 -v /var/log/ceph/78337516-6080-11eb-8f9a-001a4aab830c:/var/log/ceph:z -v /tmp/ceph-tmpb7ppn8h4:/etc/ceph/ceph.client.admin.keyring:z -v /tmp/ceph-tmp9ub5dic7:/etc/ceph/ceph.conf:z quay.ceph.io/ceph-ci/ceph:507028cb839c25d6666833702df6325fd8569096 tell mgr mgr_status
2021-01-27T09:18:31.151 INFO:teuthology.orchestra.run.smithi103.stderr:/usr/bin/ceph:
2021-01-27T09:18:31.144+0000 7fbd61339700 1 Processor -- start
2021-01-27T09:18:31.156 INFO:teuthology.orchestra.run.smithi103.stderr:/usr/bin/ceph:
2021-01-27T09:18:31.152+0000 7fbd61339700 1 -- start start
2021-01-27T09:18:31.157 INFO:teuthology.orchestra.run.smithi103.stderr:/usr/bin/ceph:
2021-01-27T09:18:31.152+0000 7fbd61339700 1 --2- >> [v2:172.21.15.103:3300/0,v1:172.21.15.103:6789/0] conn(0x7fbd5c101470 0x7fbd5c101890 unknown :-1 s=NONE pgs=0 cs=0 l=0 rev1=0 rx=0 tx=0).connect
2021-01-27T09:18:31.157 INFO:teuthology.orchestra.run.smithi103.stderr:/usr/bin/ceph:
2021-01-27T09:18:31.152+0000 7fbd61339700 1 -- --> [v2:172.21.15.103:3300/0,v1:172.21.15.103:6789/0] -- mon_getmap magic: 0 v1 -- 0x7fbd5c101d80 con 0x7fbd5c101470
2021-01-27T09:18:31.173 INFO:teuthology.orchestra.run.smithi103.stderr:/usr/bin/ceph:
2021-01-27T09:18:31.168+0000 7fbd5affd700 1 --2- >> [v2:172.21.15.103:3300/0,v1:172.21.15.103:6789/0] conn(0x7fbd5c101470 0x7fbd5c101890 unknown :-1 s=BANNER_CONNECTING pgs=0 cs=0 l=0 rev1=0 rx=0 tx=0)._handle_peer_banner_payload supported=1 required=0
2021-01-27T09:18:31.174 INFO:teuthology.orchestra.run.smithi103.stderr:/usr/bin/ceph:
2021-01-27T09:18:31.168+0000 7fbd5affd700 1 --2- >> [v2:172.21.15.103:3300/0,v1:172.21.15.103:6789/0] conn(0x7fbd5c101470 0x7fbd5c101890 unknown :-1 s=HELLO_CONNECTING pgs=0 cs=0 l=0 rev1=1 rx=0 tx=0).handle_hello peer v2:172.21.15.103:3300/0 says I am v2:172.21.15.103:49146/0 (socket says 172.21.15.103:49146)
2021-01-27T09:18:31.174 INFO:teuthology.orchestra.run.smithi103.stderr:/usr/bin/ceph:
2021-01-27T09:18:31.168+0000 7fbd5affd700 1 -- 172.21.15.103:0/1077334238 learned_addr learned my addr 172.21.15.103:0/1077334238 (peer_addr_for_me v2:172.21.15.103:0/0)
2021-01-27T09:18:31.185 INFO:teuthology.orchestra.run.smithi103.stderr:/usr/bin/ceph:
2021-01-27T09:18:31.184+0000 7fbd5affd700 1 -- 172.21.15.103:0/1077334238 --> [v2:172.21.15.103:3300/0,v1:172.21.15.103:6789/0] -- mon_subscribe({config=0+,monmap=0+}) v3 -- 0x7fbd5c101ec0 con 0x7fbd5c101470
2021-01-27T09:18:31.193 INFO:teuthology.orchestra.run.smithi103.stderr:/usr/bin/ceph:
2021-01-27T09:18:31.188+0000 7fbd5affd700 1 --2- 172.21.15.103:0/1077334238 >> [v2:172.21.15.103:3300/0,v1:172.21.15.103:6789/0] conn(0x7fbd5c101470 0x7fbd5c101890 secure :-1 s=READY pgs=24 cs=0 l=1 rev1=1 rx=0x7fbd4c008930 tx=0x7fbd4c006f70).ready entity=mon.0 client_cookie=419dba4eadef5018 server_cookie=0 in_seq=0 out_seq=0
2021-01-27T09:18:31.193 INFO:teuthology.orchestra.run.smithi103.stderr:/usr/bin/ceph:
2021-01-27T09:18:31.188+0000 7fbd59ffb700 1 -- 172.21.15.103:0/1077334238 <== mon.0 v2:172.21.15.103:3300/0 1 ==== mon_map magic: 0 v1 ==== 205+0+0 (secure 0 0 0) 0x7fbd4c010070 con 0x7fbd5c101470
2021-01-27T09:18:31.194 INFO:teuthology.orchestra.run.smithi103.stderr:/usr/bin/ceph:
2021-01-27T09:18:31.188+0000 7fbd59ffb700 1 -- 172.21.15.103:0/1077334238 <== mon.0 v2:172.21.15.103:3300/0 2 ==== config(24 keys) v1 ==== 1001+0+0 (secure 0 0 0) 0x7fbd4c00dcc0 con 0x7fbd5c101470
2021-01-27T09:18:31.195 INFO:teuthology.orchestra.run.smithi103.stderr:/usr/bin/ceph:
2021-01-27T09:18:31.188+0000 7fbd59ffb700 1 -- 172.21.15.103:0/1077334238 <== mon.0 v2:172.21.15.103:3300/0 3 ==== mon_map magic: 0 v1 ==== 205+0+0 (secure 0 0 0) 0x7fbd4c014590 con 0x7fbd5c101470
2021-01-27T09:18:31.195 INFO:teuthology.orchestra.run.smithi103.stderr:/usr/bin/ceph:
2021-01-27T09:18:31.192+0000 7fbd61339700 1 -- 172.21.15.103:0/1077334238 >> [v2:172.21.15.103:3300/0,v1:172.21.15.103:6789/0] conn(0x7fbd5c101470 msgr2=0x7fbd5c101890 secure :-1 s=STATE_CONNECTION_ESTABLISHED l=1).mark_down
2021-01-27T09:18:31.195 INFO:teuthology.orchestra.run.smithi103.stderr:/usr/bin/ceph:
2021-01-27T09:18:31.192+0000 7fbd61339700 1 --2- 172.21.15.103:0/1077334238 >> [v2:172.21.15.103:3300/0,v1:172.21.15.103:6789/0] conn(0x7fbd5c101470 0x7fbd5c101890 secure :-1 s=READY pgs=24 cs=0 l=1 rev1=1 rx=0x7fbd4c008930 tx=0x7fbd4c006f70).stop
2021-01-27T09:18:31.195 INFO:teuthology.orchestra.run.smithi103.stderr:/usr/bin/ceph:
2021-01-27T09:18:31.192+0000 7fbd61339700 1 -- 172.21.15.103:0/1077334238 shutdown_connections
2021-01-27T09:18:31.196 INFO:teuthology.orchestra.run.smithi103.stderr:/usr/bin/ceph:
2021-01-27T09:18:31.192+0000 7fbd61339700 1 --2- 172.21.15.103:0/1077334238 >> [v2:172.21.15.103:3300/0,v1:172.21.15.103:6789/0] conn(0x7fbd5c101470 0x7fbd5c101890 unknown :-1 s=CLOSED pgs=24 cs=0 l=1 rev1=1 rx=0 tx=0).stop
2021-01-27T09:18:31.196 INFO:teuthology.orchestra.run.smithi103.stderr:/usr/bin/ceph:
2021-01-27T09:18:31.192+0000 7fbd61339700 1 -- 172.21.15.103:0/1077334238 >> 172.21.15.103:0/1077334238 conn(0x7fbd5c063380 msgr2=0x7fbd5c0657a0 unknown :-1 s=STATE_NONE l=0).mark_down
2021-01-27T09:18:31.198 INFO:teuthology.orchestra.run.smithi103.stderr:/usr/bin/ceph:
2021-01-27T09:18:31.196+0000 7fbd61339700 1 -- 172.21.15.103:0/1077334238 shutdown_connections
2021-01-27T09:18:31.198 INFO:teuthology.orchestra.run.smithi103.stderr:/usr/bin/ceph:
2021-01-27T09:18:31.196+0000 7fbd61339700 1 -- 172.21.15.103:0/1077334238 wait complete.
2021-01-27T09:18:31.198 INFO:teuthology.orchestra.run.smithi103.stderr:/usr/bin/ceph:
2021-01-27T09:18:31.196+0000 7fbd61339700 1 Processor -- start
2021-01-27T09:18:31.199 INFO:teuthology.orchestra.run.smithi103.stderr:/usr/bin/ceph:
2021-01-27T09:18:31.196+0000 7fbd61339700 1 -- start start
2021-01-27T09:18:31.199 INFO:teuthology.orchestra.run.smithi103.stderr:/usr/bin/ceph:
2021-01-27T09:18:31.196+0000 7fbd61339700 1 --2- >> [v2:172.21.15.103:3300/0,v1:172.21.15.103:6789/0] conn(0x7fbd5c101470 0x7fbd5c10e140 unknown :-1 s=NONE pgs=0 cs=0 l=1 rev1=0 rx=0 tx=0).connect
2021-01-27T09:18:31.199 INFO:teuthology.orchestra.run.smithi103.stderr:/usr/bin/ceph:
2021-01-27T09:18:31.196+0000 7fbd61339700 1 -- --> [v2:172.21.15.103:3300/0,v1:172.21.15.103:6789/0] -- mon_getmap magic: 0 v1 -- 0x7fbd5c10e630 con 0x7fbd5c101470
2021-01-27T09:18:31.199 INFO:teuthology.orchestra.run.smithi103.stderr:/usr/bin/ceph:
2021-01-27T09:18:31.196+0000 7fbd5affd700 1 --2- >> [v2:172.21.15.103:3300/0,v1:172.21.15.103:6789/0] conn(0x7fbd5c101470 0x7fbd5c10e140 unknown :-1 s=BANNER_CONNECTING pgs=0 cs=0 l=1 rev1=0 rx=0 tx=0)._handle_peer_banner_payload supported=1 required=0
2021-01-27T09:18:31.199 INFO:teuthology.orchestra.run.smithi103.stderr:/usr/bin/ceph:
2021-01-27T09:18:31.196+0000 7fbd5affd700 1 --2- >> [v2:172.21.15.103:3300/0,v1:172.21.15.103:6789/0] conn(0x7fbd5c101470 0x7fbd5c10e140 unknown :-1 s=HELLO_CONNECTING pgs=0 cs=0 l=1 rev1=1 rx=0 tx=0).handle_hello peer v2:172.21.15.103:3300/0 says I am v2:172.21.15.103:49148/0 (socket says 172.21.15.103:49148)
2021-01-27T09:18:31.200 INFO:teuthology.orchestra.run.smithi103.stderr:/usr/bin/ceph:
2021-01-27T09:18:31.196+0000 7fbd5affd700 1 -- 172.21.15.103:0/3086483972 learned_addr learned my addr 172.21.15.103:0/3086483972 (peer_addr_for_me v2:172.21.15.103:0/0)
2021-01-27T09:18:31.200 INFO:teuthology.orchestra.run.smithi103.stderr:/usr/bin/ceph:
2021-01-27T09:18:31.196+0000 7fbd5affd700 1 -- 172.21.15.103:0/3086483972 --> [v2:172.21.15.103:3300/0,v1:172.21.15.103:6789/0] -- mon_subscribe({config=0+,monmap=0+}) v3 -- 0x7fbd5c10e770 con 0x7fbd5c101470
2021-01-27T09:18:31.200 INFO:teuthology.orchestra.run.smithi103.stderr:/usr/bin/ceph:
2021-01-27T09:18:31.196+0000 7fbd5affd700 1 --2- 172.21.15.103:0/3086483972 >> [v2:172.21.15.103:3300/0,v1:172.21.15.103:6789/0] conn(0x7fbd5c101470 0x7fbd5c10e140 secure :-1 s=READY pgs=25 cs=0 l=1 rev1=1 rx=0x7fbd4c00d7f0 tx=0x7fbd4c006f70).ready entity=mon.0 client_cookie=0 server_cookie=0 in_seq=0 out_seq=0
2021-01-27T09:18:31.200 INFO:teuthology.orchestra.run.smithi103.stderr:/usr/bin/ceph:
2021-01-27T09:18:31.196+0000 7fbd437fe700 1 -- 172.21.15.103:0/3086483972 <== mon.0 v2:172.21.15.103:3300/0 1 ==== mon_map magic: 0 v1 ==== 205+0+0 (secure 0 0 0) 0x7fbd4c010030 con 0x7fbd5c101470
2021-01-27T09:18:31.200 INFO:teuthology.orchestra.run.smithi103.stderr:/usr/bin/ceph:
2021-01-27T09:18:31.196+0000 7fbd437fe700 1 -- 172.21.15.103:0/3086483972 <== mon.0 v2:172.21.15.103:3300/0 2 ==== config(24 keys) v1 ==== 1001+0+0 (secure 0 0 0) 0x7fbd4c0143d0 con 0x7fbd5c101470
2021-01-27T09:18:31.201 INFO:teuthology.orchestra.run.smithi103.stderr:/usr/bin/ceph:
2021-01-27T09:18:31.196+0000 7fbd437fe700 1 -- 172.21.15.103:0/3086483972 <== mon.0 v2:172.21.15.103:3300/0 3 ==== mon_map magic: 0 v1 ==== 205+0+0 (secure 0 0 0) 0x7fbd4c01d550 con 0x7fbd5c101470
2021-01-27T09:18:31.201 INFO:teuthology.orchestra.run.smithi103.stderr:/usr/bin/ceph:
2021-01-27T09:18:31.196+0000 7fbd61339700 1 -- 172.21.15.103:0/3086483972 --> [v2:172.21.15.103:3300/0,v1:172.21.15.103:6789/0] -- mon_subscribe({mgrmap=0+}) v3 -- 0x7fbd5c10e9c0 con 0x7fbd5c101470
2021-01-27T09:18:31.201 INFO:teuthology.orchestra.run.smithi103.stderr:/usr/bin/ceph:
2021-01-27T09:18:31.196+0000 7fbd61339700 1 -- 172.21.15.103:0/3086483972 --> [v2:172.21.15.103:3300/0,v1:172.21.15.103:6789/0] -- mon_subscribe({osdmap=0}) v3 -- 0x7fbd5c10f520 con 0x7fbd5c101470
2021-01-27T09:18:31.202 INFO:teuthology.orchestra.run.smithi103.stderr:/usr/bin/ceph:
2021-01-27T09:18:31.196+0000 7fbd437fe700 1 -- 172.21.15.103:0/3086483972 <== mon.0 v2:172.21.15.103:3300/0 4 ==== mgrmap(e 5) v1 ==== 35771+0+0 (secure 0 0 0) 0x7fbd4c02e070 con 0x7fbd5c101470
2021-01-27T09:18:31.202 INFO:teuthology.orchestra.run.smithi103.stderr:/usr/bin/ceph:
2021-01-27T09:18:31.196+0000 7fbd437fe700 1 --2- 172.21.15.103:0/3086483972 >> v2:172.21.15.103:6800/9391381 conn(0x7fbd4802fc10 0x7fbd480320d0 unknown :-1 s=NONE pgs=0 cs=0 l=1 rev1=0 rx=0 tx=0).connect
2021-01-27T09:18:31.202 INFO:teuthology.orchestra.run.smithi103.stderr:/usr/bin/ceph:
2021-01-27T09:18:31.196+0000 7fbd437fe700 1 -- 172.21.15.103:0/3086483972 <== mon.0 v2:172.21.15.103:3300/0 5 ==== osd_map(1..1 src has 1..1) v4 ==== 754+0+0 (secure 0 0 0) 0x7fbd4c043c70 con 0x7fbd5c101470
2021-01-27T09:18:31.203 INFO:teuthology.orchestra.run.smithi103.stderr:/usr/bin/ceph:
2021-01-27T09:18:31.196+0000 7fbd5a7fc700 1 -- 172.21.15.103:0/3086483972 >> v2:172.21.15.103:6800/9391381 conn(0x7fbd4802fc10 msgr2=0x7fbd480320d0 unknown :-1 s=STATE_CONNECTING_RE l=1).process reconnect failed to v2:172.21.15.103:6800/9391381
2021-01-27T09:18:31.203 INFO:teuthology.orchestra.run.smithi103.stderr:/usr/bin/ceph:
2021-01-27T09:18:31.196+0000 7fbd61339700 1 -- 172.21.15.103:0/3086483972 --> v2:172.21.15.103:6800/9391381 -- command(tid 0: {"prefix": "get_command_descriptions"}) v1 -- 0x7fbd5c045a30 con 0x7fbd4802fc10
2021-01-27T09:18:31.203 INFO:teuthology.orchestra.run.smithi103.stderr:/usr/bin/ceph:
2021-01-27T09:18:31.196+0000 7fbd5a7fc700 1 --2- 172.21.15.103:0/3086483972 >> v2:172.21.15.103:6800/9391381 conn(0x7fbd4802fc10 0x7fbd480320d0 unknown :-1 s=START_CONNECT pgs=0 cs=0 l=1 rev1=0 rx=0 tx=0)._fault waiting 0.200000
2021-01-27T09:18:31.402 INFO:teuthology.orchestra.run.smithi103.stderr:/usr/bin/ceph:
2021-01-27T09:18:31.400+0000 7fbd5a7fc700 1 -- 172.21.15.103:0/3086483972 >> v2:172.21.15.103:6800/9391381 conn(0x7fbd4802fc10 msgr2=0x7fbd480320d0 unknown :-1 s=STATE_CONNECTING_RE l=1).process reconnect failed to v2:172.21.15.103:6800/9391381
2021-01-27T09:18:31.403 INFO:teuthology.orchestra.run.smithi103.stderr:/usr/bin/ceph:
2021-01-27T09:18:31.400+0000 7fbd5a7fc700 1 --2- 172.21.15.103:0/3086483972 >> v2:172.21.15.103:6800/9391381 conn(0x7fbd4802fc10 0x7fbd480320d0 unknown :-1 s=START_CONNECT pgs=0 cs=0 l=1 rev1=0 rx=0 tx=0)._fault waiting 0.400000
2021-01-27T09:18:31.807 INFO:teuthology.orchestra.run.smithi103.stderr:/usr/bin/ceph:
2021-01-27T09:18:31.804+0000 7fbd5a7fc700 1 -- 172.21.15.103:0/3086483972 >> v2:172.21.15.103:6800/9391381 conn(0x7fbd4802fc10 msgr2=0x7fbd480320d0 unknown :-1 s=STATE_CONNECTING_RE l=1).process reconnect failed to v2:172.21.15.103:6800/9391381
2021-01-27T09:18:31.807 INFO:teuthology.orchestra.run.smithi103.stderr:/usr/bin/ceph:
2021-01-27T09:18:31.804+0000 7fbd5a7fc700 1 --2- 172.21.15.103:0/3086483972 >> v2:172.21.15.103:6800/9391381 conn(0x7fbd4802fc10 0x7fbd480320d0 unknown :-1 s=START_CONNECT pgs=0 cs=0 l=1 rev1=0 rx=0 tx=0)._fault waiting 0.800000
2021-01-27T09:18:32.609 INFO:teuthology.orchestra.run.smithi103.stderr:/usr/bin/ceph:
2021-01-27T09:18:32.608+0000 7fbd5a7fc700 1 -- 172.21.15.103:0/3086483972 >> v2:172.21.15.103:6800/9391381 conn(0x7fbd4802fc10 msgr2=0x7fbd480320d0 unknown :-1 s=STATE_CONNECTING_RE l=1).process reconnect failed to v2:172.21.15.103:6800/9391381
2021-01-27T09:18:32.609 INFO:teuthology.orchestra.run.smithi103.stderr:/usr/bin/ceph:
2021-01-27T09:18:32.608+0000 7fbd5a7fc700 1 --2- 172.21.15.103:0/3086483972 >> v2:172.21.15.103:6800/9391381 conn(0x7fbd4802fc10 0x7fbd480320d0 unknown :-1 s=START_CONNECT pgs=0 cs=0 l=1 rev1=0 rx=0 tx=0)._fault waiting 1.600000
2021-01-27T09:18:34.214 INFO:teuthology.orchestra.run.smithi103.stderr:/usr/bin/ceph:
2021-01-27T09:18:34.212+0000 7fbd5a7fc700 1 -- 172.21.15.103:0/3086483972 >> v2:172.21.15.103:6800/9391381 conn(0x7fbd4802fc10 msgr2=0x7fbd480320d0 unknown :-1 s=STATE_CONNECTING_RE l=1).process reconnect failed to v2:172.21.15.103:6800/9391381
2021-01-27T09:18:34.214 INFO:teuthology.orchestra.run.smithi103.stderr:/usr/bin/ceph:
2021-01-27T09:18:34.212+0000 7fbd5a7fc700 1 --2- 172.21.15.103:0/3086483972 >> v2:172.21.15.103:6800/9391381 conn(0x7fbd4802fc10 0x7fbd480320d0 unknown :-1 s=START_CONNECT pgs=0 cs=0 l=1 rev1=0 rx=0 tx=0)._fault waiting 3.200000
2021-01-27T09:18:37.124 INFO:teuthology.orchestra.run.smithi103.stderr:/usr/bin/ceph:
2021-01-27T09:18:37.124+0000 7fbd437fe700 1 -- 172.21.15.103:0/3086483972 <== mon.0 v2:172.21.15.103:3300/0 6 ==== mgrmap(e 6) v1 ==== 35656+0+0 (secure 0 0 0) 0x7fbd4c01e9c0 con 0x7fbd5c101470
2021-01-27T09:18:37.125 INFO:teuthology.orchestra.run.smithi103.stderr:/usr/bin/ceph:
2021-01-27T09:18:37.124+0000 7fbd437fe700 1 -- 172.21.15.103:0/3086483972 >> v2:172.21.15.103:6800/9391381 conn(0x7fbd4802fc10 msgr2=0x7fbd480320d0 unknown :-1 s=STATE_CONNECTING l=1).mark_down
2021-01-27T09:18:37.125 INFO:teuthology.orchestra.run.smithi103.stderr:/usr/bin/ceph:
2021-01-27T09:18:37.124+0000 7fbd437fe700 1 --2- 172.21.15.103:0/3086483972 >> v2:172.21.15.103:6800/9391381 conn(0x7fbd4802fc10 0x7fbd480320d0 unknown :-1 s=START_CONNECT pgs=0 cs=0 l=1 rev1=0 rx=0 tx=0).stop
2021-01-27T09:18:38.127 INFO:teuthology.orchestra.run.smithi103.stderr:/usr/bin/ceph:
2021-01-27T09:18:38.124+0000 7fbd437fe700 1 -- 172.21.15.103:0/3086483972 <== mon.0 v2:172.21.15.103:3300/0 7 ==== mgrmap(e 7) v1 ==== 35691+0+0 (secure 0 0 0) 0x7fbd4c044e90 con 0x7fbd5c101470
2021-01-27T09:18:38.128 INFO:teuthology.orchestra.run.smithi103.stderr:/usr/bin/ceph:
2021-01-27T09:18:38.124+0000 7fbd437fe700 1 --2- 172.21.15.103:0/3086483972 >> v2:172.21.15.103:6800/2682866920 conn(0x7fbd480334f0 0x7fbd480358e0 unknown :-1 s=NONE pgs=0 cs=0 l=1 rev1=0 rx=0 tx=0).connect
2021-01-27T09:18:38.128 INFO:teuthology.orchestra.run.smithi103.stderr:/usr/bin/ceph:
2021-01-27T09:18:38.124+0000 7fbd437fe700 1 -- 172.21.15.103:0/3086483972 --> v2:172.21.15.103:6800/2682866920 -- command(tid 0: {"prefix": "get_command_descriptions"}) v1 -- 0x7fbd5c045a30 con 0x7fbd480334f0
2021-01-27T09:18:38.129 INFO:teuthology.orchestra.run.smithi103.stderr:/usr/bin/ceph:
2021-01-27T09:18:38.128+0000 7fbd5a7fc700 1 --2- 172.21.15.103:0/3086483972 >> v2:172.21.15.103:6800/2682866920 conn(0x7fbd480334f0 0x7fbd480358e0 unknown :-1 s=BANNER_CONNECTING pgs=0 cs=0 l=1 rev1=0 rx=0 tx=0)._handle_peer_banner_payload supported=1 required=0
2021-01-27T09:18:38.130 INFO:teuthology.orchestra.run.smithi103.stderr:/usr/bin/ceph:
2021-01-27T09:18:38.128+0000 7fbd5a7fc700 1 --2- 172.21.15.103:0/3086483972 >> v2:172.21.15.103:6800/2682866920 conn(0x7fbd480334f0 0x7fbd480358e0 secure :-1 s=READY pgs=3 cs=0 l=1 rev1=1 rx=0x7fbd54003a50 tx=0x7fbd54009350).ready entity=mgr.14116 client_cookie=0 server_cookie=0 in_seq=0 out_seq=0
2021-01-27T09:18:38.131 INFO:teuthology.orchestra.run.smithi103.stderr:/usr/bin/ceph:
2021-01-27T09:18:38.128+0000 7fbd437fe700 1 -- 172.21.15.103:0/3086483972 <== mgr.14116 v2:172.21.15.103:6800/2682866920 1 ==== command_reply(tid 0: 0 ) v1 ==== 8+0+6438 (secure 0 0 0) 0x7fbd5c045a30 con 0x7fbd480334f0
2021-01-27T09:18:38.147 INFO:teuthology.orchestra.run.smithi103.stderr:/usr/bin/ceph:
2021-01-27T09:18:38.144+0000 7fbd61339700 1 -- 172.21.15.103:0/3086483972 --> v2:172.21.15.103:6800/2682866920 -- command(tid 1: {"prefix": "mgr_status"}) v1 -- 0x7fbd5c0581f0 con 0x7fbd480334f0
2021-01-27T09:18:38.147 INFO:teuthology.orchestra.run.smithi103.stderr:/usr/bin/ceph:
2021-01-27T09:18:38.148+0000 7fbd437fe700 1 -- 172.21.15.103:0/3086483972 <== mgr.14116 v2:172.21.15.103:6800/2682866920 2 ==== command_reply(tid 1: 0 ) v1 ==== 8+0+51 (secure 0 0 0) 0x7fbd5c0581f0 con 0x7fbd480334f0
2021-01-27T09:18:38.148 INFO:teuthology.orchestra.run.smithi103.stderr:/usr/bin/ceph: {
2021-01-27T09:18:38.149 INFO:teuthology.orchestra.run.smithi103.stderr:/usr/bin/ceph: "mgrmap_epoch": 7,
2021-01-27T09:18:38.150 INFO:teuthology.orchestra.run.smithi103.stderr:/usr/bin/ceph: "initialized": true
2021-01-27T09:18:38.150 INFO:teuthology.orchestra.run.smithi103.stderr:/usr/bin/ceph: }
2021-01-27T09:18:38.150 INFO:teuthology.orchestra.run.smithi103.stderr:/usr/bin/ceph:
2021-01-27T09:18:38.148+0000 7fbd61339700 1 -- 172.21.15.103:0/3086483972 >> v2:172.21.15.103:6800/2682866920 conn(0x7fbd480334f0 msgr2=0x7fbd480358e0 secure :-1 s=STATE_CONNECTION_ESTABLISHED l=1).mark_down
2021-01-27T09:18:38.150 INFO:teuthology.orchestra.run.smithi103.stderr:/usr/bin/ceph:
2021-01-27T09:18:38.148+0000 7fbd61339700 1 --2- 172.21.15.103:0/3086483972 >> v2:172.21.15.103:6800/2682866920 conn(0x7fbd480334f0 0x7fbd480358e0 secure :-1 s=READY pgs=3 cs=0 l=1 rev1=1 rx=0x7fbd54003a50 tx=0x7fbd54009350).stop
2021-01-27T09:18:38.151 INFO:teuthology.orchestra.run.smithi103.stderr:/usr/bin/ceph:
2021-01-27T09:18:38.148+0000 7fbd61339700 1 -- 172.21.15.103:0/3086483972 >> [v2:172.21.15.103:3300/0,v1:172.21.15.103:6789/0] conn(0x7fbd5c101470 msgr2=0x7fbd5c10e140 secure :-1 s=STATE_CONNECTION_ESTABLISHED l=1).mark_down
2021-01-27T09:18:38.151 INFO:teuthology.orchestra.run.smithi103.stderr:/usr/bin/ceph:
2021-01-27T09:18:38.148+0000 7fbd61339700 1 --2- 172.21.15.103:0/3086483972 >> [v2:172.21.15.103:3300/0,v1:172.21.15.103:6789/0] conn(0x7fbd5c101470 0x7fbd5c10e140 secure :-1 s=READY pgs=25 cs=0 l=1 rev1=1 rx=0x7fbd4c00d7f0 tx=0x7fbd4c006f70).stop
2021-01-27T09:18:38.151 INFO:teuthology.orchestra.run.smithi103.stderr:/usr/bin/ceph:
2021-01-27T09:18:38.148+0000 7fbd61339700 1 -- 172.21.15.103:0/3086483972 shutdown_connections
2021-01-27T09:18:38.151 INFO:teuthology.orchestra.run.smithi103.stderr:/usr/bin/ceph:
2021-01-27T09:18:38.148+0000 7fbd61339700 1 --2- 172.21.15.103:0/3086483972 >> v2:172.21.15.103:6800/2682866920 conn(0x7fbd480334f0 0x7fbd480358e0 unknown :-1 s=CLOSED pgs=3 cs=0 l=1 rev1=1 rx=0 tx=0).stop
2021-01-27T09:18:38.151 INFO:teuthology.orchestra.run.smithi103.stderr:/usr/bin/ceph:
2021-01-27T09:18:38.148+0000 7fbd61339700 1 --2- 172.21.15.103:0/3086483972 >> [v2:172.21.15.103:3300/0,v1:172.21.15.103:6789/0] conn(0x7fbd5c101470 0x7fbd5c10e140 unknown :-1 s=CLOSED pgs=25 cs=0 l=1 rev1=1 rx=0 tx=0).stop
2021-01-27T09:18:38.152 INFO:teuthology.orchestra.run.smithi103.stderr:/usr/bin/ceph:
2021-01-27T09:18:38.148+0000 7fbd61339700 1 --2- 172.21.15.103:0/3086483972 >> v2:172.21.15.103:6800/9391381 conn(0x7fbd4802fc10 0x7fbd480320d0 unknown :-1 s=CLOSED pgs=0 cs=0 l=1 rev1=0 rx=0 tx=0).stop
2021-01-27T09:18:38.152 INFO:teuthology.orchestra.run.smithi103.stderr:/usr/bin/ceph:
2021-01-27T09:18:38.148+0000 7fbd61339700 1 -- 172.21.15.103:0/3086483972 >> 172.21.15.103:0/3086483972 conn(0x7fbd5c063380 msgr2=0x7fbd5c102c10 unknown :-1 s=STATE_NONE l=0).mark_down
2021-01-27T09:18:38.152 INFO:teuthology.orchestra.run.smithi103.stderr:/usr/bin/ceph:
2021-01-27T09:18:38.148+0000 7fbd61339700 1 -- 172.21.15.103:0/3086483972 shutdown_connections
2021-01-27T09:18:38.152 INFO:teuthology.orchestra.run.smithi103.stderr:/usr/bin/ceph:
2021-01-27T09:18:38.148+0000 7fbd61339700 1 -- 172.21.15.103:0/3086483972 wait complete.
2021-01-27T09:18:38.355 INFO:journalctl@ceph.mon.a.smithi103.stdout:Jan 27 09:18:38 smithi103 bash[9772]: cluster
2021-01-27T09:18:37.071903+0000 mon.a (mon.0) 30 : cluster [INF] Active manager daemon y restarted
2021-01-27T09:18:38.356 INFO:journalctl@ceph.mon.a.smithi103.stdout:Jan 27 09:18:38 smithi103 bash[9772]: cluster
2021-01-27T09:18:37.072847+0000 mon.a (mon.0) 31 : cluster [INF] Activating manager daemon y
2021-01-27T09:18:38.356 INFO:journalctl@ceph.mon.a.smithi103.stdout:Jan 27 09:18:38 smithi103 bash[9772]: cluster
2021-01-27T09:18:37.076254+0000 mon.a (mon.0) 32 : cluster [DBG] osdmap e2: 0 total, 0 up, 0 in
2021-01-27T09:18:38.356 INFO:journalctl@ceph.mon.a.smithi103.stdout:Jan 27 09:18:38 smithi103 bash[9772]: cluster
2021-01-27T09:18:37.127554+0000 mon.a (mon.0) 33 : cluster [DBG] mgrmap e6: y(active, starting, since 0.0550033s)
2021-01-27T09:18:38.356 INFO:journalctl@ceph.mon.a.smithi103.stdout:Jan 27 09:18:38 smithi103 bash[9772]: audit
2021-01-27T09:18:37.131652+0000 mon.a (mon.0) 34 : audit [DBG] from='mgr.14116 172.21.15.103:0/833703697' entity='mgr.y' cmd=[{"prefix": "mgr metadata", "who": "y", "id": "y"}]: dispatch
2021-01-27T09:18:38.357 INFO:journalctl@ceph.mon.a.smithi103.stdout:Jan 27 09:18:38 smithi103 bash[9772]: audit
2021-01-27T09:18:37.132949+0000 mon.a (mon.0) 35 : audit [DBG] from='mgr.14116 172.21.15.103:0/833703697' entity='mgr.y' cmd=[{"prefix": "mds metadata"}]: dispatch
2021-01-27T09:18:38.357 INFO:journalctl@ceph.mon.a.smithi103.stdout:Jan 27 09:18:38 smithi103 bash[9772]: audit
2021-01-27T09:18:37.133346+0000 mon.a (mon.0) 36 : audit [DBG] from='mgr.14116 172.21.15.103:0/833703697' entity='mgr.y' cmd=[{"prefix": "osd metadata"}]: dispatch
2021-01-27T09:18:38.357 INFO:journalctl@ceph.mon.a.smithi103.stdout:Jan 27 09:18:38 smithi103 bash[9772]: audit
2021-01-27T09:18:37.133627+0000 mon.a (mon.0) 37 : audit [DBG] from='mgr.14116 172.21.15.103:0/833703697' entity='mgr.y' cmd=[{"prefix": "mon metadata"}]: dispatch
2021-01-27T09:18:38.357 INFO:journalctl@ceph.mon.a.smithi103.stdout:Jan 27 09:18:38 smithi103 bash[9772]: audit
2021-01-27T09:18:37.134231+0000 mon.a (mon.0) 38 : audit [DBG] from='mgr.14116 172.21.15.103:0/833703697' entity='mgr.y' cmd=[{"prefix": "config-key ls"}]: dispatch
2021-01-27T09:18:38.357 INFO:journalctl@ceph.mon.a.smithi103.stdout:Jan 27 09:18:38 smithi103 bash[9772]: audit
2021-01-27T09:18:37.135505+0000 mon.a (mon.0) 39 : audit [DBG] from='mgr.14116 172.21.15.103:0/833703697' entity='mgr.y' cmd=[{"prefix": "config-key get", "key": "mgr/cephadm/ssh_user"}]: dispatch
2021-01-27T09:18:38.358 INFO:journalctl@ceph.mon.a.smithi103.stdout:Jan 27 09:18:38 smithi103 bash[9772]: audit
2021-01-27T09:18:37.135996+0000 mon.a (mon.0) 40 : audit [DBG] from='mgr.14116 172.21.15.103:0/833703697' entity='mgr.y' cmd=[{"prefix": "config-key get", "key": "mgr/devicehealth/last_scrape"}]: dispatch
2021-01-27T09:18:38.358 INFO:journalctl@ceph.mon.a.smithi103.stdout:Jan 27 09:18:38 smithi103 bash[9772]: audit
2021-01-27T09:18:37.136446+0000 mon.a (mon.0) 41 : audit [DBG] from='mgr.14116 172.21.15.103:0/833703697' entity='mgr.y' cmd=[{"prefix": "config-key get", "key": "mgr/telemetry/report_id"}]: dispatch
2021-01-27T09:18:38.358 INFO:journalctl@ceph.mon.a.smithi103.stdout:Jan 27 09:18:38 smithi103 bash[9772]: audit
2021-01-27T09:18:37.136903+0000 mon.a (mon.0) 42 : audit [DBG] from='mgr.14116 172.21.15.103:0/833703697' entity='mgr.y' cmd=[{"prefix": "config-key get", "key": "mgr/telemetry/salt"}]: dispatch
2021-01-27T09:18:38.358 INFO:journalctl@ceph.mon.a.smithi103.stdout:Jan 27 09:18:38 smithi103 bash[9772]: cluster
2021-01-27T09:18:37.140984+0000 mon.a (mon.0) 43 : cluster [INF] Manager daemon y is now available
2021-01-27T09:18:38.359 INFO:journalctl@ceph.mon.a.smithi103.stdout:Jan 27 09:18:38 smithi103 bash[9772]: audit
2021-01-27T09:18:37.160920+0000 mon.a (mon.0) 44 : audit [INF] from='mgr.14116 172.21.15.103:0/833703697' entity='mgr.y'
2021-01-27T09:18:38.359 INFO:journalctl@ceph.mon.a.smithi103.stdout:Jan 27 09:18:38 smithi103 bash[9772]: audit
2021-01-27T09:18:37.165764+0000 mon.a (mon.0) 45 : audit [INF] from='mgr.14116 172.21.15.103:0/833703697' entity='mgr.y'
2021-01-27T09:18:38.359 INFO:journalctl@ceph.mon.a.smithi103.stdout:Jan 27 09:18:38 smithi103 bash[9772]: audit
2021-01-27T09:18:37.170045+0000 mon.a (mon.0) 46 : audit [INF] from='mgr.14116 172.21.15.103:0/833703697' entity='mgr.y'
2021-01-27T09:18:38.359 INFO:journalctl@ceph.mon.a.smithi103.stdout:Jan 27 09:18:38 smithi103 bash[9772]: audit
2021-01-27T09:18:37.296681+0000 mon.a (mon.0) 47 : audit [INF] from='mgr.14116 172.21.15.103:0/833703697' entity='mgr.y'
2021-01-27T09:18:38.359 INFO:journalctl@ceph.mon.a.smithi103.stdout:Jan 27 09:18:38 smithi103 bash[9772]: audit
2021-01-27T09:18:37.304234+0000 mon.a (mon.0) 48 : audit [INF] from='mgr.14116 172.21.15.103:0/833703697' entity='mgr.y'
2021-01-27T09:18:38.360 INFO:journalctl@ceph.mon.a.smithi103.stdout:Jan 27 09:18:38 smithi103 bash[9772]: audit
2021-01-27T09:18:37.321992+0000 mon.a (mon.0) 49 : audit [INF] from='mgr.14116 172.21.15.103:0/833703697' entity='mgr.y' cmd=[{"prefix":"config rm","who":"mgr","name":"mgr/rbd_support/y/mirror_snapshot_schedule"}]: dispatch
2021-01-27T09:18:38.360 INFO:journalctl@ceph.mon.a.smithi103.stdout:Jan 27 09:18:38 smithi103 bash[9772]: audit
2021-01-27T09:18:37.324281+0000 mon.a (mon.0) 50 : audit [INF] from='mgr.14116 172.21.15.103:0/833703697' entity='mgr.y' cmd=[{"prefix":"config rm","who":"mgr","name":"mgr/rbd_support/y/trash_purge_schedule"}]: dispatch
2021-01-27T09:18:38.847 INFO:teuthology.orchestra.run.smithi103.stderr:mgr epoch 5 is available
2021-01-27T09:18:38.847 INFO:teuthology.orchestra.run.smithi103.stderr:Setting orchestrator backend to cephadm...
2021-01-27T09:18:38.847 INFO:teuthology.orchestra.run.smithi103.stderr:Running command: /usr/bin/docker run --rm --ipc=host --net=host --entrypoint /usr/bin/ceph -e CONTAINER_IMAGE=quay.ceph.io/ceph-ci/ceph:507028cb839c25d6666833702df6325fd8569096 -e NODE_NAME=smithi103 -v /var/log/ceph/78337516-6080-11eb-8f9a-001a4aab830c:/var/log/ceph:z -v /tmp/ceph-tmpb7ppn8h4:/etc/ceph/ceph.client.admin.keyring:z -v /tmp/ceph-tmp9ub5dic7:/etc/ceph/ceph.conf:z quay.ceph.io/ceph-ci/ceph:507028cb839c25d6666833702df6325fd8569096 orch set backend cephadm
2021-01-27T09:18:39.392 INFO:journalctl@ceph.mon.a.smithi103.stdout:Jan 27 09:18:39 smithi103 bash[9772]: cluster
2021-01-27T09:18:38.131687+0000 mon.a (mon.0) 51 : cluster [DBG] mgrmap e7: y(active, since 1.05913s)
2021-01-27T09:18:39.392 INFO:journalctl@ceph.mon.a.smithi103.stdout:Jan 27 09:18:39 smithi103 bash[9772]: audit
2021-01-27T09:18:38.133196+0000 mgr.y (mgr.14116) 1 : audit [DBG] from='client.14120 -' entity='client.admin' cmd=[{"prefix": "get_command_descriptions"}]: dispatch
2021-01-27T09:18:39.393 INFO:journalctl@ceph.mon.a.smithi103.stdout:Jan 27 09:18:39 smithi103 bash[9772]: audit
2021-01-27T09:18:38.150024+0000 mgr.y (mgr.14116) 2 : audit [DBG] from='client.14120 -' entity='client.admin' cmd=[{"prefix": "mgr_status"}]: dispatch
2021-01-27T09:18:39.873 INFO:teuthology.orchestra.run.smithi103.stderr:/usr/bin/ceph:
2021-01-27T09:18:39.872+0000 7f854b59e700 1 Processor -- start
2021-01-27T09:18:39.874 INFO:teuthology.orchestra.run.smithi103.stderr:/usr/bin/ceph:
2021-01-27T09:18:39.872+0000 7f854b59e700 1 -- start start
2021-01-27T09:18:39.874 INFO:teuthology.orchestra.run.smithi103.stderr:/usr/bin/ceph:
2021-01-27T09:18:39.872+0000 7f854b59e700 1 --2- >> [v2:172.21.15.103:3300/0,v1:172.21.15.103:6789/0] conn(0x7f854c0fcac0 0x7f854c0fcee0 unknown :-1 s=NONE pgs=0 cs=0 l=0 rev1=0 rx=0 tx=0).connect
2021-01-27T09:18:39.874 INFO:teuthology.orchestra.run.smithi103.stderr:/usr/bin/ceph:
2021-01-27T09:18:39.872+0000 7f854b59e700 1 -- --> [v2:172.21.15.103:3300/0,v1:172.21.15.103:6789/0] -- mon_getmap magic: 0 v1 -- 0x7f854c0fd3d0 con 0x7f854c0fcac0
2021-01-27T09:18:39.875 INFO:teuthology.orchestra.run.smithi103.stderr:/usr/bin/ceph:
2021-01-27T09:18:39.872+0000 7f854a59c700 1 --2- >> [v2:172.21.15.103:3300/0,v1:172.21.15.103:6789/0] conn(0x7f854c0fcac0 0x7f854c0fcee0 unknown :-1 s=BANNER_CONNECTING pgs=0 cs=0 l=0 rev1=0 rx=0 tx=0)._handle_peer_banner_payload supported=1 required=0
2021-01-27T09:18:39.875 INFO:teuthology.orchestra.run.smithi103.stderr:/usr/bin/ceph:
2021-01-27T09:18:39.872+0000 7f854a59c700 1 --2- >> [v2:172.21.15.103:3300/0,v1:172.21.15.103:6789/0] conn(0x7f854c0fcac0 0x7f854c0fcee0 unknown :-1 s=HELLO_CONNECTING pgs=0 cs=0 l=0 rev1=1 rx=0 tx=0).handle_hello peer v2:172.21.15.103:3300/0 says I am v2:172.21.15.103:49184/0 (socket says 172.21.15.103:49184)
2021-01-27T09:18:39.876 INFO:teuthology.orchestra.run.smithi103.stderr:/usr/bin/ceph:
2021-01-27T09:18:39.872+0000 7f854a59c700 1 -- 172.21.15.103:0/4047122600 learned_addr learned my addr 172.21.15.103:0/4047122600 (peer_addr_for_me v2:172.21.15.103:0/0)
2021-01-27T09:18:39.876 INFO:teuthology.orchestra.run.smithi103.stderr:/usr/bin/ceph:
2021-01-27T09:18:39.872+0000 7f854a59c700 1 -- 172.21.15.103:0/4047122600 --> [v2:172.21.15.103:3300/0,v1:172.21.15.103:6789/0] -- mon_subscribe({config=0+,monmap=0+}) v3 -- 0x7f854c0fd510 con 0x7f854c0fcac0
2021-01-27T09:18:39.876 INFO:teuthology.orchestra.run.smithi103.stderr:/usr/bin/ceph:
2021-01-27T09:18:39.872+0000 7f854a59c700 1 --2- 172.21.15.103:0/4047122600 >> [v2:172.21.15.103:3300/0,v1:172.21.15.103:6789/0] conn(0x7f854c0fcac0 0x7f854c0fcee0 secure :-1 s=READY pgs=31 cs=0 l=1 rev1=1 rx=0x7f853c00b950 tx=0x7f853c006ee0).ready entity=mon.0 client_cookie=147743b3f21f04ad server_cookie=0 in_seq=0 out_seq=0
2021-01-27T09:18:39.876 INFO:teuthology.orchestra.run.smithi103.stderr:/usr/bin/ceph:
2021-01-27T09:18:39.872+0000 7f8549d9b700 1 -- 172.21.15.103:0/4047122600 <== mon.0 v2:172.21.15.103:3300/0 1 ==== mon_map magic: 0 v1 ==== 205+0+0 (secure 0 0 0) 0x7f853c009840 con 0x7f854c0fcac0
2021-01-27T09:18:39.877 INFO:teuthology.orchestra.run.smithi103.stderr:/usr/bin/ceph:
2021-01-27T09:18:39.872+0000 7f8549d9b700 1 -- 172.21.15.103:0/4047122600 <== mon.0 v2:172.21.15.103:3300/0 2 ==== config(24 keys) v1 ==== 1001+0+0 (secure 0 0 0) 0x7f853c009e00 con 0x7f854c0fcac0
2021-01-27T09:18:39.878 INFO:teuthology.orchestra.run.smithi103.stderr:/usr/bin/ceph:
2021-01-27T09:18:39.872+0000 7f8549d9b700 1 -- 172.21.15.103:0/4047122600 <== mon.0 v2:172.21.15.103:3300/0 3 ==== mon_map magic: 0 v1 ==== 205+0+0 (secure 0 0 0) 0x7f853c011c80 con 0x7f854c0fcac0
2021-01-27T09:18:39.878 INFO:teuthology.orchestra.run.smithi103.stderr:/usr/bin/ceph:
2021-01-27T09:18:39.876+0000 7f854b59e700 1 -- 172.21.15.103:0/4047122600 >> [v2:172.21.15.103:3300/0,v1:172.21.15.103:6789/0] conn(0x7f854c0fcac0 msgr2=0x7f854c0fcee0 secure :-1 s=STATE_CONNECTION_ESTABLISHED l=1).mark_down
2021-01-27T09:18:39.878 INFO:teuthology.orchestra.run.smithi103.stderr:/usr/bin/ceph:
2021-01-27T09:18:39.876+0000 7f854b59e700 1 --2- 172.21.15.103:0/4047122600 >> [v2:172.21.15.103:3300/0,v1:172.21.15.103:6789/0] conn(0x7f854c0fcac0 0x7f854c0fcee0 secure :-1 s=READY pgs=31 cs=0 l=1 rev1=1 rx=0x7f853c00b950 tx=0x7f853c006ee0).stop
2021-01-27T09:18:39.878 INFO:teuthology.orchestra.run.smithi103.stderr:/usr/bin/ceph:
2021-01-27T09:18:39.876+0000 7f854b59e700 1 -- 172.21.15.103:0/4047122600 shutdown_connections
2021-01-27T09:18:39.879 INFO:teuthology.orchestra.run.smithi103.stderr:/usr/bin/ceph:
2021-01-27T09:18:39.876+0000 7f854b59e700 1 --2- 172.21.15.103:0/4047122600 >> [v2:172.21.15.103:3300/0,v1:172.21.15.103:6789/0] conn(0x7f854c0fcac0 0x7f854c0fcee0 unknown :-1 s=CLOSED pgs=31 cs=0 l=1 rev1=1 rx=0 tx=0).stop
2021-01-27T09:18:39.879 INFO:teuthology.orchestra.run.smithi103.stderr:/usr/bin/ceph:
2021-01-27T09:18:39.876+0000 7f854b59e700 1 -- 172.21.15.103:0/4047122600 >> 172.21.15.103:0/4047122600 conn(0x7f854c06ea50 msgr2=0x7f854c06ee60 unknown :-1 s=STATE_NONE l=0).mark_down
2021-01-27T09:18:39.879 INFO:teuthology.orchestra.run.smithi103.stderr:/usr/bin/ceph:
2021-01-27T09:18:39.876+0000 7f854b59e700 1 -- 172.21.15.103:0/4047122600 shutdown_connections
2021-01-27T09:18:39.879 INFO:teuthology.orchestra.run.smithi103.stderr:/usr/bin/ceph:
2021-01-27T09:18:39.876+0000 7f854b59e700 1 -- 172.21.15.103:0/4047122600 wait complete.
2021-01-27T09:18:39.881 INFO:teuthology.orchestra.run.smithi103.stderr:/usr/bin/ceph:
2021-01-27T09:18:39.876+0000 7f854b59e700 1 Processor -- start
2021-01-27T09:18:39.881 INFO:teuthology.orchestra.run.smithi103.stderr:/usr/bin/ceph:
2021-01-27T09:18:39.876+0000 7f854b59e700 1 -- start start
2021-01-27T09:18:39.881 INFO:teuthology.orchestra.run.smithi103.stderr:/usr/bin/ceph:
2021-01-27T09:18:39.876+0000 7f854b59e700 1 --2- >> [v2:172.21.15.103:3300/0,v1:172.21.15.103:6789/0] conn(0x7f854c0fcac0 0x7f854c109b60 unknown :-1 s=NONE pgs=0 cs=0 l=1 rev1=0 rx=0 tx=0).connect
2021-01-27T09:18:39.881 INFO:teuthology.orchestra.run.smithi103.stderr:/usr/bin/ceph:
2021-01-27T09:18:39.876+0000 7f854b59e700 1 -- --> [v2:172.21.15.103:3300/0,v1:172.21.15.103:6789/0] -- mon_getmap magic: 0 v1 -- 0x7f854c10a050 con 0x7f854c0fcac0
2021-01-27T09:18:39.882 INFO:teuthology.orchestra.run.smithi103.stderr:/usr/bin/ceph:
2021-01-27T09:18:39.876+0000 7f854a59c700 1 --2- >> [v2:172.21.15.103:3300/0,v1:172.21.15.103:6789/0] conn(0x7f854c0fcac0 0x7f854c109b60 unknown :-1 s=BANNER_CONNECTING pgs=0 cs=0 l=1 rev1=0 rx=0 tx=0)._handle_peer_banner_payload supported=1 required=0
2021-01-27T09:18:39.882 INFO:teuthology.orchestra.run.smithi103.stderr:/usr/bin/ceph:
2021-01-27T09:18:39.876+0000 7f854a59c700 1 --2- >> [v2:172.21.15.103:3300/0,v1:172.21.15.103:6789/0] conn(0x7f854c0fcac0 0x7f854c109b60 unknown :-1 s=HELLO_CONNECTING pgs=0 cs=0 l=1 rev1=1 rx=0 tx=0).handle_hello peer v2:172.21.15.103:3300/0 says I am v2:172.21.15.103:49186/0 (socket says 172.21.15.103:49186)
2021-01-27T09:18:39.882 INFO:teuthology.orchestra.run.smithi103.stderr:/usr/bin/ceph:
2021-01-27T09:18:39.876+0000 7f854a59c700 1 -- 172.21.15.103:0/147181485 learned_addr learned my addr 172.21.15.103:0/147181485 (peer_addr_for_me v2:172.21.15.103:0/0)
2021-01-27T09:18:39.882 INFO:teuthology.orchestra.run.smithi103.stderr:/usr/bin/ceph:
2021-01-27T09:18:39.876+0000 7f854a59c700 1 -- 172.21.15.103:0/147181485 --> [v2:172.21.15.103:3300/0,v1:172.21.15.103:6789/0] -- mon_subscribe({config=0+,monmap=0+}) v3 -- 0x7f854c10a190 con 0x7f854c0fcac0
2021-01-27T09:18:39.883 INFO:teuthology.orchestra.run.smithi103.stderr:/usr/bin/ceph:
2021-01-27T09:18:39.876+0000 7f854a59c700 1 --2- 172.21.15.103:0/147181485 >> [v2:172.21.15.103:3300/0,v1:172.21.15.103:6789/0] conn(0x7f854c0fcac0 0x7f854c109b60 secure :-1 s=READY pgs=32 cs=0 l=1 rev1=1 rx=0x7f853c009fd0 tx=0x7f853c006ee0).ready entity=mon.0 client_cookie=0 server_cookie=0 in_seq=0 out_seq=0
2021-01-27T09:18:39.883 INFO:teuthology.orchestra.run.smithi103.stderr:/usr/bin/ceph:
2021-01-27T09:18:39.876+0000 7f85437fe700 1 -- 172.21.15.103:0/147181485 <== mon.0 v2:172.21.15.103:3300/0 1 ==== mon_map magic: 0 v1 ==== 205+0+0 (secure 0 0 0) 0x7f853c009ca0 con 0x7f854c0fcac0
2021-01-27T09:18:39.883 INFO:teuthology.orchestra.run.smithi103.stderr:/usr/bin/ceph:
2021-01-27T09:18:39.876+0000 7f85437fe700 1 -- 172.21.15.103:0/147181485 <== mon.0 v2:172.21.15.103:3300/0 2 ==== config(24 keys) v1 ==== 1001+0+0 (secure 0 0 0) 0x7f853c011400 con 0x7f854c0fcac0
2021-01-27T09:18:39.883 INFO:teuthology.orchestra.run.smithi103.stderr:/usr/bin/ceph:
2021-01-27T09:18:39.876+0000 7f85437fe700 1 -- 172.21.15.103:0/147181485 <== mon.0 v2:172.21.15.103:3300/0 3 ==== mon_map magic: 0 v1 ==== 205+0+0 (secure 0 0 0) 0x7f853c01bc00 con 0x7f854c0fcac0
2021-01-27T09:18:39.884 INFO:teuthology.orchestra.run.smithi103.stderr:/usr/bin/ceph:
2021-01-27T09:18:39.876+0000 7f854b59e700 1 -- 172.21.15.103:0/147181485 --> [v2:172.21.15.103:3300/0,v1:172.21.15.103:6789/0] -- mon_subscribe({mgrmap=0+}) v3 -- 0x7f854c10a3e0 con 0x7f854c0fcac0
2021-01-27T09:18:39.884 INFO:teuthology.orchestra.run.smithi103.stderr:/usr/bin/ceph:
2021-01-27T09:18:39.880+0000 7f854b59e700 1 -- 172.21.15.103:0/147181485 --> [v2:172.21.15.103:3300/0,v1:172.21.15.103:6789/0] -- mon_subscribe({osdmap=0}) v3 -- 0x7f854c10af40 con 0x7f854c0fcac0
2021-01-27T09:18:39.885 INFO:teuthology.orchestra.run.smithi103.stderr:/usr/bin/ceph:
2021-01-27T09:18:39.880+0000 7f85437fe700 1 -- 172.21.15.103:0/147181485 <== mon.0 v2:172.21.15.103:3300/0 4 ==== mgrmap(e 8) v1 ==== 35771+0+0 (secure 0 0 0) 0x7f853c02b070 con 0x7f854c0fcac0
2021-01-27T09:18:39.885 INFO:teuthology.orchestra.run.smithi103.stderr:/usr/bin/ceph:
2021-01-27T09:18:39.880+0000 7f854b59e700 1 -- 172.21.15.103:0/147181485 --> [v2:172.21.15.103:3300/0,v1:172.21.15.103:6789/0] -- mon_command({"prefix": "get_command_descriptions"} v 0) v1 -- 0x7f854c0581f0 con 0x7f854c0fcac0
2021-01-27T09:18:39.885 INFO:teuthology.orchestra.run.smithi103.stderr:/usr/bin/ceph:
2021-01-27T09:18:39.880+0000 7f85437fe700 1 --2- 172.21.15.103:0/147181485 >> v2:172.21.15.103:6800/2682866920 conn(0x7f852c02fb70 0x7f852c032030 unknown :-1 s=NONE pgs=0 cs=0 l=1 rev1=0 rx=0 tx=0).connect
2021-01-27T09:18:39.885 INFO:teuthology.orchestra.run.smithi103.stderr:/usr/bin/ceph:
2021-01-27T09:18:39.880+0000 7f85437fe700 1 -- 172.21.15.103:0/147181485 <== mon.0 v2:172.21.15.103:3300/0 5 ==== osd_map(2..2 src has 1..2) v4 ==== 883+0+0 (secure 0 0 0) 0x7f853c0418c0 con 0x7f854c0fcac0
2021-01-27T09:18:39.886 INFO:teuthology.orchestra.run.smithi103.stderr:/usr/bin/ceph:
2021-01-27T09:18:39.880+0000 7f8541d9b700 1 --2- 172.21.15.103:0/147181485 >> v2:172.21.15.103:6800/2682866920 conn(0x7f852c02fb70 0x7f852c032030 unknown :-1 s=BANNER_CONNECTING pgs=0 cs=0 l=1 rev1=0 rx=0 tx=0)._handle_peer_banner_payload supported=1 required=0
2021-01-27T09:18:39.886 INFO:teuthology.orchestra.run.smithi103.stderr:/usr/bin/ceph:
2021-01-27T09:18:39.880+0000 7f8541d9b700 1 --2- 172.21.15.103:0/147181485 >> v2:172.21.15.103:6800/2682866920 conn(0x7f852c02fb70 0x7f852c032030 secure :-1 s=READY pgs=6 cs=0 l=1 rev1=1 rx=0x7f85340096a0 tx=0x7f8534006b40).ready entity=mgr.14116 client_cookie=0 server_cookie=0 in_seq=0 out_seq=0
2021-01-27T09:18:39.889 INFO:teuthology.orchestra.run.smithi103.stderr:/usr/bin/ceph:
2021-01-27T09:18:39.888+0000 7f85437fe700 1 -- 172.21.15.103:0/147181485 <== mon.0 v2:172.21.15.103:3300/0 6 ==== mon_command_ack([{"prefix": "get_command_descriptions"}]=0 v0) v1 ==== 72+0+149679 (secure 0 0 0) 0x7f853c01b620 con 0x7f854c0fcac0
2021-01-27T09:18:40.236 INFO:teuthology.orchestra.run.smithi103.stderr:/usr/bin/ceph:
2021-01-27T09:18:40.236+0000 7f854b59e700 1 -- 172.21.15.103:0/147181485 --> v2:172.21.15.103:6800/2682866920 -- mgr_command(tid 0: {"prefix": "orch set backend", "module_name": "cephadm", "target": ["mon-mgr", ""]}) v1 -- 0x7f854c0fbd90 con 0x7f852c02fb70
2021-01-27T09:18:40.248 INFO:teuthology.orchestra.run.smithi103.stderr:/usr/bin/ceph:
2021-01-27T09:18:40.248+0000 7f85437fe700 1 -- 172.21.15.103:0/147181485 <== mgr.14116 v2:172.21.15.103:6800/2682866920 1 ==== mgr_command_reply(tid 0: 0 ) v1 ==== 8+0+0 (secure 0 0 0) 0x7f854c0fbd90 con 0x7f852c02fb70
2021-01-27T09:18:40.251 INFO:teuthology.orchestra.run.smithi103.stderr:/usr/bin/ceph:
2021-01-27T09:18:40.248+0000 7f854b59e700 1 -- 172.21.15.103:0/147181485 >> v2:172.21.15.103:6800/2682866920 conn(0x7f852c02fb70 msgr2=0x7f852c032030 secure :-1 s=STATE_CONNECTION_ESTABLISHED l=1).mark_down
2021-01-27T09:18:40.251 INFO:teuthology.orchestra.run.smithi103.stderr:/usr/bin/ceph:
2021-01-27T09:18:40.248+0000 7f854b59e700 1 --2- 172.21.15.103:0/147181485 >> v2:172.21.15.103:6800/2682866920 conn(0x7f852c02fb70 0x7f852c032030 secure :-1 s=READY pgs=6 cs=0 l=1 rev1=1 rx=0x7f85340096a0 tx=0x7f8534006b40).stop
2021-01-27T09:18:40.252 INFO:teuthology.orchestra.run.smithi103.stderr:/usr/bin/ceph:
2021-01-27T09:18:40.248+0000 7f854b59e700 1 -- 172.21.15.103:0/147181485 >> [v2:172.21.15.103:3300/0,v1:172.21.15.103:6789/0] conn(0x7f854c0fcac0 msgr2=0x7f854c109b60 secure :-1 s=STATE_CONNECTION_ESTABLISHED l=1).mark_down
2021-01-27T09:18:40.252 INFO:teuthology.orchestra.run.smithi103.stderr:/usr/bin/ceph:
2021-01-27T09:18:40.248+0000 7f854b59e700 1 --2- 172.21.15.103:0/147181485 >> [v2:172.21.15.103:3300/0,v1:172.21.15.103:6789/0] conn(0x7f854c0fcac0 0x7f854c109b60 secure :-1 s=READY pgs=32 cs=0 l=1 rev1=1 rx=0x7f853c009fd0 tx=0x7f853c006ee0).stop
2021-01-27T09:18:40.253 INFO:teuthology.orchestra.run.smithi103.stderr:/usr/bin/ceph:
2021-01-27T09:18:40.248+0000 7f854b59e700 1 -- 172.21.15.103:0/147181485 shutdown_connections
2021-01-27T09:18:40.253 INFO:teuthology.orchestra.run.smithi103.stderr:/usr/bin/ceph:
2021-01-27T09:18:40.248+0000 7f854b59e700 1 --2- 172.21.15.103:0/147181485 >> v2:172.21.15.103:6800/2682866920 conn(0x7f852c02fb70 0x7f852c032030 unknown :-1 s=CLOSED pgs=6 cs=0 l=1 rev1=1 rx=0 tx=0).stop
2021-01-27T09:18:40.253 INFO:teuthology.orchestra.run.smithi103.stderr:/usr/bin/ceph:
2021-01-27T09:18:40.248+0000 7f854b59e700 1 --2- 172.21.15.103:0/147181485 >> [v2:172.21.15.103:3300/0,v1:172.21.15.103:6789/0] conn(0x7f854c0fcac0 0x7f854c109b60 unknown :-1 s=CLOSED pgs=32 cs=0 l=1 rev1=1 rx=0 tx=0).stop
2021-01-27T09:18:40.253 INFO:teuthology.orchestra.run.smithi103.stderr:/usr/bin/ceph:
2021-01-27T09:18:40.248+0000 7f854b59e700 1 -- 172.21.15.103:0/147181485 >> 172.21.15.103:0/147181485 conn(0x7f854c06ea50 msgr2=0x7f854c0f8ff0 unknown :-1 s=STATE_NONE l=0).mark_down
2021-01-27T09:18:40.253 INFO:teuthology.orchestra.run.smithi103.stderr:/usr/bin/ceph:
2021-01-27T09:18:40.252+0000 7f854b59e700 1 -- 172.21.15.103:0/147181485 shutdown_connections
2021-01-27T09:18:40.254 INFO:teuthology.orchestra.run.smithi103.stderr:/usr/bin/ceph:
2021-01-27T09:18:40.252+0000 7f854b59e700 1 -- 172.21.15.103:0/147181485 wait complete.
2021-01-27T09:18:40.642 INFO:journalctl@ceph.mon.a.smithi103.stdout:Jan 27 09:18:40 smithi103 bash[9772]: cluster
2021-01-27T09:18:39.209500+0000 mon.a (mon.0) 52 : cluster [DBG] mgrmap e8: y(active, since 2s)
2021-01-27T09:18:40.848 INFO:teuthology.orchestra.run.smithi103.stderr:Generating ssh key...
2021-01-27T09:18:40.848 INFO:teuthology.orchestra.run.smithi103.stderr:Running command: /usr/bin/docker run --rm --ipc=host --net=host --entrypoint /usr/bin/ceph -e CONTAINER_IMAGE=quay.ceph.io/ceph-ci/ceph:507028cb839c25d6666833702df6325fd8569096 -e NODE_NAME=smithi103 -v /var/log/ceph/78337516-6080-11eb-8f9a-001a4aab830c:/var/log/ceph:z -v /tmp/ceph-tmpb7ppn8h4:/etc/ceph/ceph.client.admin.keyring:z -v /tmp/ceph-tmp9ub5dic7:/etc/ceph/ceph.conf:z quay.ceph.io/ceph-ci/ceph:507028cb839c25d6666833702df6325fd8569096 cephadm generate-key
2021-01-27T09:18:41.611 INFO:journalctl@ceph.mon.a.smithi103.stdout:Jan 27 09:18:41 smithi103 bash[9772]: audit
2021-01-27T09:18:40.240138+0000 mgr.y (mgr.14116) 3 : audit [DBG] from='client.14126 -' entity='client.admin' cmd=[{"prefix": "orch set backend", "module_name": "cephadm", "target": ["mon-mgr", ""]}]: dispatch
2021-01-27T09:18:41.611 INFO:journalctl@ceph.mon.a.smithi103.stdout:Jan 27 09:18:41 smithi103 bash[9772]: audit
2021-01-27T09:18:40.249398+0000 mon.a (mon.0) 53 : audit [INF] from='mgr.14116 172.21.15.103:0/833703697' entity='mgr.y'
2021-01-27T09:18:41.611 INFO:journalctl@ceph.mon.a.smithi103.stdout:Jan 27 09:18:41 smithi103 bash[9772]: audit
2021-01-27T09:18:40.261497+0000 mon.a (mon.0) 54 : audit [INF] from='mgr.14116 172.21.15.103:0/833703697' entity='mgr.y'
2021-01-27T09:18:41.837 INFO:teuthology.orchestra.run.smithi103.stderr:/usr/bin/ceph:
2021-01-27T09:18:41.836+0000 7fe4ac88b700 1 Processor -- start
