2021-03-09T08:55:58.910 INFO:teuthology.orchestra.run.smithi005.stderr:/usr/bin/ceph: "by_rank": [],
2021-03-09T08:55:58.910 INFO:teuthology.orchestra.run.smithi005.stderr:/usr/bin/ceph: "up:standby": 0
2021-03-09T08:55:58.911 INFO:teuthology.orchestra.run.smithi005.stderr:/usr/bin/ceph: },
2021-03-09T08:55:58.911 INFO:teuthology.orchestra.run.smithi005.stderr:/usr/bin/ceph: "mgrmap": {
2021-03-09T08:55:58.911 INFO:teuthology.orchestra.run.smithi005.stderr:/usr/bin/ceph: "available": false,
2021-03-09T08:55:58.911 INFO:teuthology.orchestra.run.smithi005.stderr:/usr/bin/ceph: "num_standbys": 0,
2021-03-09T08:55:58.911 INFO:teuthology.orchestra.run.smithi005.stderr:/usr/bin/ceph: "modules": [
2021-03-09T08:55:58.912 INFO:teuthology.orchestra.run.smithi005.stderr:/usr/bin/ceph: "iostat",
2021-03-09T08:55:58.912 INFO:teuthology.orchestra.run.smithi005.stderr:/usr/bin/ceph: "restful"
2021-03-09T08:55:58.912 INFO:teuthology.orchestra.run.smithi005.stderr:/usr/bin/ceph: ],
2021-03-09T08:55:58.912 INFO:teuthology.orchestra.run.smithi005.stderr:/usr/bin/ceph: "services": {}
2021-03-09T08:55:58.913 INFO:teuthology.orchestra.run.smithi005.stderr:/usr/bin/ceph: },
2021-03-09T08:55:58.913 INFO:teuthology.orchestra.run.smithi005.stderr:/usr/bin/ceph: "servicemap": {
2021-03-09T08:55:58.913 INFO:teuthology.orchestra.run.smithi005.stderr:/usr/bin/ceph: "epoch": 1,
2021-03-09T08:55:58.913 INFO:teuthology.orchestra.run.smithi005.stderr:/usr/bin/ceph: "modified": "2021-03-09T08:55:44.624898+0000",
2021-03-09T08:55:58.913 INFO:teuthology.orchestra.run.smithi005.stderr:/usr/bin/ceph: "services": {}
2021-03-09T08:55:58.914 INFO:teuthology.orchestra.run.smithi005.stderr:/usr/bin/ceph: },
2021-03-09T08:55:58.914 INFO:teuthology.orchestra.run.smithi005.stderr:/usr/bin/ceph: "progress_events": {}
2021-03-09T08:55:58.914 INFO:teuthology.orchestra.run.smithi005.stderr:/usr/bin/ceph: }
2021-03-09T08:55:58.914 INFO:teuthology.orchestra.run.smithi005.stderr:/usr/bin/ceph:
2021-03-09T08:55:58.897+0000 7f26dd43d700 1 -- 172.21.15.5:0/1738702149 >> [v2:172.21.15.5:3300/0,v1:172.21.15.5:6789/0] conn(0x7f26d806dc10 msgr2=0x7f26d81081f0 secure :-1 s=STATE_CONNECTION_ESTABLISHED l=1).mark_down
2021-03-09T08:55:58.914 INFO:teuthology.orchestra.run.smithi005.stderr:/usr/bin/ceph:
2021-03-09T08:55:58.897+0000 7f26dd43d700 1 --2- 172.21.15.5:0/1738702149 >> [v2:172.21.15.5:3300/0,v1:172.21.15.5:6789/0] conn(0x7f26d806dc10 0x7f26d81081f0 secure :-1 s=READY pgs=8 cs=0 l=1 rev1=1 rx=0x7f26c8000c00 tx=0x7f26c8006ee0).stop
2021-03-09T08:55:58.915 INFO:teuthology.orchestra.run.smithi005.stderr:/usr/bin/ceph:
2021-03-09T08:55:58.897+0000 7f26dd43d700 1 -- 172.21.15.5:0/1738702149 shutdown_connections
2021-03-09T08:55:58.915 INFO:teuthology.orchestra.run.smithi005.stderr:/usr/bin/ceph:
2021-03-09T08:55:58.897+0000 7f26dd43d700 1 --2- 172.21.15.5:0/1738702149 >> [v2:172.21.15.5:3300/0,v1:172.21.15.5:6789/0] conn(0x7f26d806dc10 0x7f26d81081f0 unknown :-1 s=CLOSED pgs=8 cs=0 l=1 rev1=1 rx=0 tx=0).stop
2021-03-09T08:55:58.915 INFO:teuthology.orchestra.run.smithi005.stderr:/usr/bin/ceph:
2021-03-09T08:55:58.897+0000 7f26dd43d700 1 -- 172.21.15.5:0/1738702149 >> 172.21.15.5:0/1738702149 conn(0x7f26d80f41f0 msgr2=0x7f26d80f4fc0 unknown :-1 s=STATE_NONE l=0).mark_down
2021-03-09T08:55:58.915 INFO:teuthology.orchestra.run.smithi005.stderr:/usr/bin/ceph:
2021-03-09T08:55:58.897+0000 7f26dd43d700 1 -- 172.21.15.5:0/1738702149 shutdown_connections
2021-03-09T08:55:58.915 INFO:teuthology.orchestra.run.smithi005.stderr:/usr/bin/ceph:
2021-03-09T08:55:58.897+0000 7f26dd43d700 1 -- 172.21.15.5:0/1738702149 wait complete.
2021-03-09T08:55:59.364 INFO:journalctl@ceph.mon.a.smithi005.stdout:Mar 09 08:55:58 smithi005 bash[12738]: audit
2021-03-09T08:55:58.898283+0000 mon.a (mon.0) 8 : audit [DBG] from='client.? 172.21.15.5:0/1738702149' entity='client.admin' cmd=[{"prefix": "status", "format": "json-pretty"}]: dispatch
2021-03-09T08:55:59.549 INFO:teuthology.orchestra.run.smithi005.stderr:mgr not available, waiting (2/15)...
2021-03-09T08:56:01.364 INFO:journalctl@ceph.mon.a.smithi005.stdout:Mar 09 08:56:01 smithi005 bash[12738]: cluster
2021-03-09T08:56:00.962229+0000 mon.a (mon.0) 9 : cluster [INF] Activating manager daemon y
2021-03-09T08:56:01.364 INFO:journalctl@ceph.mon.a.smithi005.stdout:Mar 09 08:56:01 smithi005 bash[12738]: cluster
2021-03-09T08:56:00.968854+0000 mon.a (mon.0) 10 : cluster [DBG] mgrmap e2: y(active, starting, since 0.00683171s)
2021-03-09T08:56:01.365 INFO:journalctl@ceph.mon.a.smithi005.stdout:Mar 09 08:56:01 smithi005 bash[12738]: audit
2021-03-09T08:56:00.971570+0000 mon.a (mon.0) 11 : audit [DBG] from='mgr.14100 172.21.15.5:0/1489707571' entity='mgr.y' cmd=[{"prefix": "mds metadata"}]: dispatch
2021-03-09T08:56:01.365 INFO:journalctl@ceph.mon.a.smithi005.stdout:Mar 09 08:56:01 smithi005 bash[12738]: audit
2021-03-09T08:56:00.972078+0000 mon.a (mon.0) 12 : audit [DBG] from='mgr.14100 172.21.15.5:0/1489707571' entity='mgr.y' cmd=[{"prefix": "osd metadata"}]: dispatch
2021-03-09T08:56:01.365 INFO:journalctl@ceph.mon.a.smithi005.stdout:Mar 09 08:56:01 smithi005 bash[12738]: audit
2021-03-09T08:56:00.972721+0000 mon.a (mon.0) 13 : audit [DBG] from='mgr.14100 172.21.15.5:0/1489707571' entity='mgr.y' cmd=[{"prefix": "mon metadata"}]: dispatch
2021-03-09T08:56:01.365 INFO:journalctl@ceph.mon.a.smithi005.stdout:Mar 09 08:56:01 smithi005 bash[12738]: audit
2021-03-09T08:56:00.973332+0000 mon.a (mon.0) 14 : audit [DBG] from='mgr.14100 172.21.15.5:0/1489707571' entity='mgr.y' cmd=[{"prefix": "mon metadata", "id": "a"}]: dispatch
2021-03-09T08:56:01.365 INFO:journalctl@ceph.mon.a.smithi005.stdout:Mar 09 08:56:01 smithi005 bash[12738]: audit
2021-03-09T08:56:00.973763+0000 mon.a (mon.0) 15 : audit [DBG] from='mgr.14100 172.21.15.5:0/1489707571' entity='mgr.y' cmd=[{"prefix": "mgr metadata", "who": "y", "id": "y"}]: dispatch
2021-03-09T08:56:01.366 INFO:journalctl@ceph.mon.a.smithi005.stdout:Mar 09 08:56:01 smithi005 bash[12738]: cluster
2021-03-09T08:56:00.978319+0000 mon.a (mon.0) 16 : cluster [INF] Manager daemon y is now available
2021-03-09T08:56:01.366 INFO:journalctl@ceph.mon.a.smithi005.stdout:Mar 09 08:56:01 smithi005 bash[12738]: audit
2021-03-09T08:56:00.994097+0000 mon.a (mon.0) 17 : audit [INF] from='mgr.14100 172.21.15.5:0/1489707571' entity='mgr.y'
2021-03-09T08:56:01.366 INFO:journalctl@ceph.mon.a.smithi005.stdout:Mar 09 08:56:01 smithi005 bash[12738]: audit
2021-03-09T08:56:01.001072+0000 mon.a (mon.0) 18 : audit [INF] from='mgr.14100 172.21.15.5:0/1489707571' entity='mgr.y' cmd=[{"prefix":"config rm","who":"mgr","name":"mgr/rbd_support/y/mirror_snapshot_schedule"}]: dispatch
2021-03-09T08:56:01.366 INFO:journalctl@ceph.mon.a.smithi005.stdout:Mar 09 08:56:01 smithi005 bash[12738]: audit
2021-03-09T08:56:01.003025+0000 mon.a (mon.0) 19 : audit [INF] from='mgr.14100 172.21.15.5:0/1489707571' entity='mgr.y' cmd=[{"prefix":"config rm","who":"mgr","name":"mgr/rbd_support/y/trash_purge_schedule"}]: dispatch
2021-03-09T08:56:01.367 INFO:journalctl@ceph.mon.a.smithi005.stdout:Mar 09 08:56:01 smithi005 bash[12738]: audit
2021-03-09T08:56:01.011936+0000 mon.a (mon.0) 20 : audit [INF] from='mgr.14100 172.21.15.5:0/1489707571' entity='mgr.y'
2021-03-09T08:56:01.551 INFO:teuthology.orchestra.run.smithi005.stderr:Running command: /usr/bin/docker run --rm --ipc=host --net=host --entrypoint /usr/bin/ceph --init -e CONTAINER_IMAGE=quay.ceph.io/ceph-ci/ceph:89fb622b10ca2e58fe0c913a8956377a886e2ab4 -e NODE_NAME=smithi005 -e CEPH_USE_RANDOM_NONCE=1 -v /var/log/ceph/252abbe0-80b5-11eb-907b-001a4aab830c:/var/log/ceph:z -v /tmp/ceph-tmplnl3x1lr:/etc/ceph/ceph.client.admin.keyring:z -v /tmp/ceph-tmpy46n7d4a:/etc/ceph/ceph.conf:z quay.ceph.io/ceph-ci/ceph:89fb622b10ca2e58fe0c913a8956377a886e2ab4 status -f json-pretty
2021-03-09T08:56:02.364 INFO:journalctl@ceph.mon.a.smithi005.stdout:Mar 09 08:56:02 smithi005 bash[12738]: audit
2021-03-09T08:56:01.015049+0000 mon.a (mon.0) 21 : audit [INF] from='mgr.14100 172.21.15.5:0/1489707571' entity='mgr.y'
2021-03-09T08:56:02.364 INFO:journalctl@ceph.mon.a.smithi005.stdout:Mar 09 08:56:02 smithi005 bash[12738]: cluster
2021-03-09T08:56:01.974410+0000 mon.a (mon.0) 22 : cluster [DBG] mgrmap e3: y(active, since 1.01238s)
2021-03-09T08:56:02.727 INFO:teuthology.orchestra.run.smithi005.stderr:/usr/bin/ceph:
2021-03-09T08:56:02.725+0000 7f1c8023a700 1 Processor -- start
2021-03-09T08:56:02.728 INFO:teuthology.orchestra.run.smithi005.stderr:/usr/bin/ceph:
2021-03-09T08:56:02.725+0000 7f1c8023a700 1 -- start start
2021-03-09T08:56:02.728 INFO:teuthology.orchestra.run.smithi005.stderr:/usr/bin/ceph:
2021-03-09T08:56:02.725+0000 7f1c8023a700 1 --2- >> [v2:172.21.15.5:3300/0,v1:172.21.15.5:6789/0] conn(0x7f1c780fbda0 0x7f1c780fc1c0 unknown :-1 s=NONE pgs=0 cs=0 l=0 rev1=0 rx=0 tx=0).connect
2021-03-09T08:56:02.728 INFO:teuthology.orchestra.run.smithi005.stderr:/usr/bin/ceph:
2021-03-09T08:56:02.725+0000 7f1c8023a700 1 -- --> [v2:172.21.15.5:3300/0,v1:172.21.15.5:6789/0] -- mon_getmap magic: 0 v1 -- 0x7f1c780fc6b0 con 0x7f1c780fbda0
2021-03-09T08:56:02.728 INFO:teuthology.orchestra.run.smithi005.stderr:/usr/bin/ceph:
2021-03-09T08:56:02.725+0000 7f1c7dfd6700 1 --2- >> [v2:172.21.15.5:3300/0,v1:172.21.15.5:6789/0] conn(0x7f1c780fbda0 0x7f1c780fc1c0 unknown :-1 s=BANNER_CONNECTING pgs=0 cs=0 l=0 rev1=0 rx=0 tx=0)._handle_peer_banner_payload supported=1 required=0
2021-03-09T08:56:02.729 INFO:teuthology.orchestra.run.smithi005.stderr:/usr/bin/ceph:
2021-03-09T08:56:02.725+0000 7f1c7dfd6700 1 --2- >> [v2:172.21.15.5:3300/0,v1:172.21.15.5:6789/0] conn(0x7f1c780fbda0 0x7f1c780fc1c0 unknown :-1 s=HELLO_CONNECTING pgs=0 cs=0 l=0 rev1=1 rx=0 tx=0).handle_hello peer v2:172.21.15.5:3300/0 says I am v2:172.21.15.5:46272/0 (socket says 172.21.15.5:46272)
2021-03-09T08:56:02.729 INFO:teuthology.orchestra.run.smithi005.stderr:/usr/bin/ceph:
2021-03-09T08:56:02.725+0000 7f1c7dfd6700 1 -- 172.21.15.5:0/3762842992 learned_addr learned my addr 172.21.15.5:0/3762842992 (peer_addr_for_me v2:172.21.15.5:0/0)
2021-03-09T08:56:02.729 INFO:teuthology.orchestra.run.smithi005.stderr:/usr/bin/ceph:
2021-03-09T08:56:02.725+0000 7f1c7dfd6700 1 -- 172.21.15.5:0/3762842992 --> [v2:172.21.15.5:3300/0,v1:172.21.15.5:6789/0] -- mon_subscribe({config=0+,monmap=0+}) v3 -- 0x7f1c780fc7f0 con 0x7f1c780fbda0
2021-03-09T08:56:02.732 INFO:teuthology.orchestra.run.smithi005.stderr:/usr/bin/ceph:
2021-03-09T08:56:02.729+0000 7f1c7dfd6700 1 --2- 172.21.15.5:0/3762842992 >> [v2:172.21.15.5:3300/0,v1:172.21.15.5:6789/0] conn(0x7f1c780fbda0 0x7f1c780fc1c0 secure :-1 s=READY pgs=14 cs=0 l=1 rev1=1 rx=0x7f1c7400b950 tx=0x7f1c74006ee0).ready entity=mon.0 client_cookie=47fe3eb66996d4b3 server_cookie=0 in_seq=0 out_seq=0
2021-03-09T08:56:02.733 INFO:teuthology.orchestra.run.smithi005.stderr:/usr/bin/ceph:
2021-03-09T08:56:02.729+0000 7f1c7cfd4700 1 -- 172.21.15.5:0/3762842992 <== mon.0 v2:172.21.15.5:3300/0 1 ==== mon_map magic: 0 v1 ==== 205+0+0 (secure 0 0 0) 0x7f1c74009840 con 0x7f1c780fbda0
2021-03-09T08:56:02.733 INFO:teuthology.orchestra.run.smithi005.stderr:/usr/bin/ceph:
2021-03-09T08:56:02.729+0000 7f1c7cfd4700 1 -- 172.21.15.5:0/3762842992 <== mon.0 v2:172.21.15.5:3300/0 2 ==== config(24 keys) v1 ==== 1001+0+0 (secure 0 0 0) 0x7f1c74009e00 con 0x7f1c780fbda0
2021-03-09T08:56:02.734 INFO:teuthology.orchestra.run.smithi005.stderr:/usr/bin/ceph:
2021-03-09T08:56:02.729+0000 7f1c7cfd4700 1 -- 172.21.15.5:0/3762842992 <== mon.0 v2:172.21.15.5:3300/0 3 ==== mon_map magic: 0 v1 ==== 205+0+0 (secure 0 0 0) 0x7f1c74011c80 con 0x7f1c780fbda0
2021-03-09T08:56:02.734 INFO:teuthology.orchestra.run.smithi005.stderr:/usr/bin/ceph:
2021-03-09T08:56:02.729+0000 7f1c8023a700 1 -- 172.21.15.5:0/3762842992 >> [v2:172.21.15.5:3300/0,v1:172.21.15.5:6789/0] conn(0x7f1c780fbda0 msgr2=0x7f1c780fc1c0 secure :-1 s=STATE_CONNECTION_ESTABLISHED l=1).mark_down
2021-03-09T08:56:02.734 INFO:teuthology.orchestra.run.smithi005.stderr:/usr/bin/ceph:
2021-03-09T08:56:02.729+0000 7f1c8023a700 1 --2- 172.21.15.5:0/3762842992 >> [v2:172.21.15.5:3300/0,v1:172.21.15.5:6789/0] conn(0x7f1c780fbda0 0x7f1c780fc1c0 secure :-1 s=READY pgs=14 cs=0 l=1 rev1=1 rx=0x7f1c7400b950 tx=0x7f1c74006ee0).stop
2021-03-09T08:56:02.734 INFO:teuthology.orchestra.run.smithi005.stderr:/usr/bin/ceph:
2021-03-09T08:56:02.729+0000 7f1c8023a700 1 -- 172.21.15.5:0/3762842992 shutdown_connections
2021-03-09T08:56:02.735 INFO:teuthology.orchestra.run.smithi005.stderr:/usr/bin/ceph:
2021-03-09T08:56:02.729+0000 7f1c8023a700 1 --2- 172.21.15.5:0/3762842992 >> [v2:172.21.15.5:3300/0,v1:172.21.15.5:6789/0] conn(0x7f1c780fbda0 0x7f1c780fc1c0 unknown :-1 s=CLOSED pgs=14 cs=0 l=1 rev1=1 rx=0 tx=0).stop
2021-03-09T08:56:02.735 INFO:teuthology.orchestra.run.smithi005.stderr:/usr/bin/ceph:
2021-03-09T08:56:02.729+0000 7f1c8023a700 1 -- 172.21.15.5:0/3762842992 >> 172.21.15.5:0/3762842992 conn(0x7f1c7806f440 msgr2=0x7f1c7806f870 unknown :-1 s=STATE_NONE l=0).mark_down
2021-03-09T08:56:02.735 INFO:teuthology.orchestra.run.smithi005.stderr:/usr/bin/ceph:
2021-03-09T08:56:02.729+0000 7f1c8023a700 1 -- 172.21.15.5:0/3762842992 shutdown_connections
2021-03-09T08:56:02.735 INFO:teuthology.orchestra.run.smithi005.stderr:/usr/bin/ceph:
2021-03-09T08:56:02.729+0000 7f1c8023a700 1 -- 172.21.15.5:0/3762842992 wait complete.
2021-03-09T08:56:02.735 INFO:teuthology.orchestra.run.smithi005.stderr:/usr/bin/ceph:
2021-03-09T08:56:02.729+0000 7f1c8023a700 1 Processor -- start
2021-03-09T08:56:02.736 INFO:teuthology.orchestra.run.smithi005.stderr:/usr/bin/ceph:
2021-03-09T08:56:02.729+0000 7f1c8023a700 1 -- start start
2021-03-09T08:56:02.736 INFO:teuthology.orchestra.run.smithi005.stderr:/usr/bin/ceph:
2021-03-09T08:56:02.729+0000 7f1c8023a700 1 --2- >> [v2:172.21.15.5:3300/0,v1:172.21.15.5:6789/0] conn(0x7f1c780fbda0 0x7f1c7810a380 unknown :-1 s=NONE pgs=0 cs=0 l=1 rev1=0 rx=0 tx=0).connect
2021-03-09T08:56:02.736 INFO:teuthology.orchestra.run.smithi005.stderr:/usr/bin/ceph:
2021-03-09T08:56:02.729+0000 7f1c8023a700 1 -- --> [v2:172.21.15.5:3300/0,v1:172.21.15.5:6789/0] -- mon_getmap magic: 0 v1 -- 0x7f1c7810a870 con 0x7f1c780fbda0
2021-03-09T08:56:02.736 INFO:teuthology.orchestra.run.smithi005.stderr:/usr/bin/ceph:
2021-03-09T08:56:02.729+0000 7f1c7dfd6700 1 --2- >> [v2:172.21.15.5:3300/0,v1:172.21.15.5:6789/0] conn(0x7f1c780fbda0 0x7f1c7810a380 unknown :-1 s=BANNER_CONNECTING pgs=0 cs=0 l=1 rev1=0 rx=0 tx=0)._handle_peer_banner_payload supported=1 required=0
2021-03-09T08:56:02.737 INFO:teuthology.orchestra.run.smithi005.stderr:/usr/bin/ceph:
2021-03-09T08:56:02.729+0000 7f1c7dfd6700 1 --2- >> [v2:172.21.15.5:3300/0,v1:172.21.15.5:6789/0] conn(0x7f1c780fbda0 0x7f1c7810a380 unknown :-1 s=HELLO_CONNECTING pgs=0 cs=0 l=1 rev1=1 rx=0 tx=0).handle_hello peer v2:172.21.15.5:3300/0 says I am v2:172.21.15.5:46274/0 (socket says 172.21.15.5:46274)
2021-03-09T08:56:02.737 INFO:teuthology.orchestra.run.smithi005.stderr:/usr/bin/ceph:
2021-03-09T08:56:02.729+0000 7f1c7dfd6700 1 -- 172.21.15.5:0/2683920097 learned_addr learned my addr 172.21.15.5:0/2683920097 (peer_addr_for_me v2:172.21.15.5:0/0)
2021-03-09T08:56:02.737 INFO:teuthology.orchestra.run.smithi005.stderr:/usr/bin/ceph:
2021-03-09T08:56:02.729+0000 7f1c7dfd6700 1 -- 172.21.15.5:0/2683920097 --> [v2:172.21.15.5:3300/0,v1:172.21.15.5:6789/0] -- mon_subscribe({config=0+,monmap=0+}) v3 -- 0x7f1c7810a9b0 con 0x7f1c780fbda0
2021-03-09T08:56:02.737 INFO:teuthology.orchestra.run.smithi005.stderr:/usr/bin/ceph:
2021-03-09T08:56:02.729+0000 7f1c7dfd6700 1 --2- 172.21.15.5:0/2683920097 >> [v2:172.21.15.5:3300/0,v1:172.21.15.5:6789/0] conn(0x7f1c780fbda0 0x7f1c7810a380 secure :-1 s=READY pgs=15 cs=0 l=1 rev1=1 rx=0x7f1c74009420 tx=0x7f1c74006ee0).ready entity=mon.0 client_cookie=0 server_cookie=0 in_seq=0 out_seq=0
2021-03-09T08:56:02.737 INFO:teuthology.orchestra.run.smithi005.stderr:/usr/bin/ceph:
2021-03-09T08:56:02.729+0000 7f1c6a7fc700 1 -- 172.21.15.5:0/2683920097 <== mon.0 v2:172.21.15.5:3300/0 1 ==== mon_map magic: 0 v1 ==== 205+0+0 (secure 0 0 0) 0x7f1c74009ca0 con 0x7f1c780fbda0
2021-03-09T08:56:02.738 INFO:teuthology.orchestra.run.smithi005.stderr:/usr/bin/ceph:
2021-03-09T08:56:02.729+0000 7f1c8023a700 1 -- 172.21.15.5:0/2683920097 --> [v2:172.21.15.5:3300/0,v1:172.21.15.5:6789/0] -- mon_subscribe({mgrmap=0+}) v3 -- 0x7f1c7810ac00 con 0x7f1c780fbda0
2021-03-09T08:56:02.739 INFO:teuthology.orchestra.run.smithi005.stderr:/usr/bin/ceph:
2021-03-09T08:56:02.729+0000 7f1c8023a700 1 -- 172.21.15.5:0/2683920097 --> [v2:172.21.15.5:3300/0,v1:172.21.15.5:6789/0] -- mon_subscribe({osdmap=0}) v3 -- 0x7f1c7810b760 con 0x7f1c780fbda0
2021-03-09T08:56:02.740 INFO:teuthology.orchestra.run.smithi005.stderr:/usr/bin/ceph:
2021-03-09T08:56:02.729+0000 7f1c6a7fc700 1 -- 172.21.15.5:0/2683920097 <== mon.0 v2:172.21.15.5:3300/0 2 ==== config(24 keys) v1 ==== 1001+0+0 (secure 0 0 0) 0x7f1c74011400 con 0x7f1c780fbda0
2021-03-09T08:56:02.740 INFO:teuthology.orchestra.run.smithi005.stderr:/usr/bin/ceph:
2021-03-09T08:56:02.729+0000 7f1c6a7fc700 1 -- 172.21.15.5:0/2683920097 <== mon.0 v2:172.21.15.5:3300/0 3 ==== mon_map magic: 0 v1 ==== 205+0+0 (secure 0 0 0) 0x7f1c7401bc50 con 0x7f1c780fbda0
2021-03-09T08:56:02.740 INFO:teuthology.orchestra.run.smithi005.stderr:/usr/bin/ceph:
2021-03-09T08:56:02.733+0000 7f1c6a7fc700 1 -- 172.21.15.5:0/2683920097 <== mon.0 v2:172.21.15.5:3300/0 4 ==== mgrmap(e 3) v1 ==== 35969+0+0 (secure 0 0 0) 0x7f1c7402b070 con 0x7f1c780fbda0
2021-03-09T08:56:02.740 INFO:teuthology.orchestra.run.smithi005.stderr:/usr/bin/ceph:
2021-03-09T08:56:02.733+0000 7f1c6a7fc700 1 --2- 172.21.15.5:0/2683920097 >> v2:172.21.15.5:6800/167667630 conn(0x7f1c6002fd30 0x7f1c600321f0 unknown :-1 s=NONE pgs=0 cs=0 l=1 rev1=0 rx=0 tx=0).connect
2021-03-09T08:56:02.741 INFO:teuthology.orchestra.run.smithi005.stderr:/usr/bin/ceph:
2021-03-09T08:56:02.733+0000 7f1c6a7fc700 1 -- 172.21.15.5:0/2683920097 <== mon.0 v2:172.21.15.5:3300/0 5 ==== osd_map(1..1 src has 1..1) v4 ==== 754+0+0 (secure 0 0 0) 0x7f1c740419b0 con 0x7f1c780fbda0
2021-03-09T08:56:02.741 INFO:teuthology.orchestra.run.smithi005.stderr:/usr/bin/ceph:
2021-03-09T08:56:02.733+0000 7f1c7d7d5700 1 --2- 172.21.15.5:0/2683920097 >> v2:172.21.15.5:6800/167667630 conn(0x7f1c6002fd30 0x7f1c600321f0 unknown :-1 s=BANNER_CONNECTING pgs=0 cs=0 l=1 rev1=0 rx=0 tx=0)._handle_peer_banner_payload supported=1 required=0
2021-03-09T08:56:02.741 INFO:teuthology.orchestra.run.smithi005.stderr:/usr/bin/ceph:
2021-03-09T08:56:02.733+0000 7f1c8023a700 1 -- 172.21.15.5:0/2683920097 --> [v2:172.21.15.5:3300/0,v1:172.21.15.5:6789/0] -- mon_command({"prefix": "get_command_descriptions"} v 0) v1 -- 0x7f1c58004da0 con 0x7f1c780fbda0
2021-03-09T08:56:02.741 INFO:teuthology.orchestra.run.smithi005.stderr:/usr/bin/ceph:
2021-03-09T08:56:02.737+0000 7f1c7d7d5700 1 --2- 172.21.15.5:0/2683920097 >> v2:172.21.15.5:6800/167667630 conn(0x7f1c6002fd30 0x7f1c600321f0 secure :-1 s=READY pgs=5 cs=0 l=1 rev1=1 rx=0x7f1c6c0096a0 tx=0x7f1c6c006b40).ready entity=mgr.14100 client_cookie=0 server_cookie=0 in_seq=0 out_seq=0
2021-03-09T08:56:02.742 INFO:teuthology.orchestra.run.smithi005.stderr:/usr/bin/ceph:
2021-03-09T08:56:02.741+0000 7f1c6a7fc700 1 -- 172.21.15.5:0/2683920097 <== mon.0 v2:172.21.15.5:3300/0 6 ==== mon_command_ack([{"prefix": "get_command_descriptions"}]=0 v0) v1 ==== 72+0+150121 (secure 0 0 0) 0x7f1c74016020 con 0x7f1c780fbda0
2021-03-09T08:56:03.018 INFO:teuthology.orchestra.run.smithi005.stderr:/usr/bin/ceph:
2021-03-09T08:56:03.017+0000 7f1c6a7fc700 1 -- 172.21.15.5:0/2683920097 <== mon.0 v2:172.21.15.5:3300/0 7 ==== mgrmap(e 4) v1 ==== 36049+0+0 (secure 0 0 0) 0x7f1c7400f070 con 0x7f1c780fbda0
2021-03-09T08:56:03.165 INFO:teuthology.orchestra.run.smithi005.stderr:/usr/bin/ceph:
2021-03-09T08:56:03.149+0000 7f1c8023a700 1 -- 172.21.15.5:0/2683920097 --> [v2:172.21.15.5:3300/0,v1:172.21.15.5:6789/0] -- mon_command({"prefix": "status", "format": "json-pretty"} v 0) v1 -- 0x7f1c58005050 con 0x7f1c780fbda0
2021-03-09T08:56:03.165 INFO:teuthology.orchestra.run.smithi005.stderr:/usr/bin/ceph:
2021-03-09T08:56:03.149+0000 7f1c6a7fc700 1 -- 172.21.15.5:0/2683920097 <== mon.0 v2:172.21.15.5:3300/0 8 ==== mon_command_ack([{"prefix": "status", "format": "json-pretty"}]=0 v0) v1 ==== 79+0+1221 (secure 0 0 0) 0x7f1c7402c740 con 0x7f1c780fbda0
2021-03-09T08:56:03.165 INFO:teuthology.orchestra.run.smithi005.stderr:/usr/bin/ceph:
2021-03-09T08:56:03.166 INFO:teuthology.orchestra.run.smithi005.stderr:/usr/bin/ceph: {
2021-03-09T08:56:03.166 INFO:teuthology.orchestra.run.smithi005.stderr:/usr/bin/ceph: "fsid": "252abbe0-80b5-11eb-907b-001a4aab830c",
2021-03-09T08:56:03.166 INFO:teuthology.orchestra.run.smithi005.stderr:/usr/bin/ceph: "health": {
2021-03-09T08:56:03.167 INFO:teuthology.orchestra.run.smithi005.stderr:/usr/bin/ceph: "status": "HEALTH_OK",
2021-03-09T08:56:03.167 INFO:teuthology.orchestra.run.smithi005.stderr:/usr/bin/ceph: "checks": {},
2021-03-09T08:56:03.167 INFO:teuthology.orchestra.run.smithi005.stderr:/usr/bin/ceph: "mutes": []
2021-03-09T08:56:03.167 INFO:teuthology.orchestra.run.smithi005.stderr:/usr/bin/ceph: },
2021-03-09T08:56:03.167 INFO:teuthology.orchestra.run.smithi005.stderr:/usr/bin/ceph: "election_epoch": 5,
2021-03-09T08:56:03.168 INFO:teuthology.orchestra.run.smithi005.stderr:/usr/bin/ceph: "quorum": [
2021-03-09T08:56:03.168 INFO:teuthology.orchestra.run.smithi005.stderr:/usr/bin/ceph: 0
2021-03-09T08:56:03.168 INFO:teuthology.orchestra.run.smithi005.stderr:/usr/bin/ceph: ],
2021-03-09T08:56:03.168 INFO:teuthology.orchestra.run.smithi005.stderr:/usr/bin/ceph: "quorum_names": [
2021-03-09T08:56:03.168 INFO:teuthology.orchestra.run.smithi005.stderr:/usr/bin/ceph: "a"
2021-03-09T08:56:03.169 INFO:teuthology.orchestra.run.smithi005.stderr:/usr/bin/ceph: ],
2021-03-09T08:56:03.169 INFO:teuthology.orchestra.run.smithi005.stderr:/usr/bin/ceph: "quorum_age": 11,
2021-03-09T08:56:03.169 INFO:teuthology.orchestra.run.smithi005.stderr:/usr/bin/ceph: "monmap": {
2021-03-09T08:56:03.169 INFO:teuthology.orchestra.run.smithi005.stderr:/usr/bin/ceph: "epoch": 1,
2021-03-09T08:56:03.170 INFO:teuthology.orchestra.run.smithi005.stderr:/usr/bin/ceph: "min_mon_release_name": "quincy",
2021-03-09T08:56:03.170 INFO:teuthology.orchestra.run.smithi005.stderr:/usr/bin/ceph: "num_mons": 1
2021-03-09T08:56:03.170 INFO:teuthology.orchestra.run.smithi005.stderr:/usr/bin/ceph: },
2021-03-09T08:56:03.170 INFO:teuthology.orchestra.run.smithi005.stderr:/usr/bin/ceph: "osdmap": {
2021-03-09T08:56:03.170 INFO:teuthology.orchestra.run.smithi005.stderr:/usr/bin/ceph: "epoch": 1,
2021-03-09T08:56:03.171 INFO:teuthology.orchestra.run.smithi005.stderr:/usr/bin/ceph: "num_osds": 0,
2021-03-09T08:56:03.171 INFO:teuthology.orchestra.run.smithi005.stderr:/usr/bin/ceph: "num_up_osds": 0,
2021-03-09T08:56:03.171 INFO:teuthology.orchestra.run.smithi005.stderr:/usr/bin/ceph: "osd_up_since": 0,
2021-03-09T08:56:03.171 INFO:teuthology.orchestra.run.smithi005.stderr:/usr/bin/ceph: "num_in_osds": 0,
2021-03-09T08:56:03.171 INFO:teuthology.orchestra.run.smithi005.stderr:/usr/bin/ceph: "osd_in_since": 0,
2021-03-09T08:56:03.172 INFO:teuthology.orchestra.run.smithi005.stderr:/usr/bin/ceph: "num_remapped_pgs": 0
2021-03-09T08:56:03.172 INFO:teuthology.orchestra.run.smithi005.stderr:/usr/bin/ceph: },
2021-03-09T08:56:03.172 INFO:teuthology.orchestra.run.smithi005.stderr:/usr/bin/ceph: "pgmap": {
2021-03-09T08:56:03.172 INFO:teuthology.orchestra.run.smithi005.stderr:/usr/bin/ceph: "pgs_by_state": [],
2021-03-09T08:56:03.173 INFO:teuthology.orchestra.run.smithi005.stderr:/usr/bin/ceph: "num_pgs": 0,
2021-03-09T08:56:03.173 INFO:teuthology.orchestra.run.smithi005.stderr:/usr/bin/ceph: "num_pools": 0,
2021-03-09T08:56:03.173 INFO:teuthology.orchestra.run.smithi005.stderr:/usr/bin/ceph: "num_objects": 0,
2021-03-09T08:56:03.173 INFO:teuthology.orchestra.run.smithi005.stderr:/usr/bin/ceph: "data_bytes": 0,
2021-03-09T08:56:03.173 INFO:teuthology.orchestra.run.smithi005.stderr:/usr/bin/ceph: "bytes_used": 0,
2021-03-09T08:56:03.174 INFO:teuthology.orchestra.run.smithi005.stderr:/usr/bin/ceph: "bytes_avail": 0,
2021-03-09T08:56:03.174 INFO:teuthology.orchestra.run.smithi005.stderr:/usr/bin/ceph: "bytes_total": 0
2021-03-09T08:56:03.174 INFO:teuthology.orchestra.run.smithi005.stderr:/usr/bin/ceph: },
2021-03-09T08:56:03.174 INFO:teuthology.orchestra.run.smithi005.stderr:/usr/bin/ceph: "fsmap": {
2021-03-09T08:56:03.174 INFO:teuthology.orchestra.run.smithi005.stderr:/usr/bin/ceph: "epoch": 1,
2021-03-09T08:56:03.175 INFO:teuthology.orchestra.run.smithi005.stderr:/usr/bin/ceph: "by_rank": [],
2021-03-09T08:56:03.175 INFO:teuthology.orchestra.run.smithi005.stderr:/usr/bin/ceph: "up:standby": 0
2021-03-09T08:56:03.175 INFO:teuthology.orchestra.run.smithi005.stderr:/usr/bin/ceph: },
2021-03-09T08:56:03.175 INFO:teuthology.orchestra.run.smithi005.stderr:/usr/bin/ceph: "mgrmap": {
2021-03-09T08:56:03.175 INFO:teuthology.orchestra.run.smithi005.stderr:/usr/bin/ceph: "available": true,
2021-03-09T08:56:03.176 INFO:teuthology.orchestra.run.smithi005.stderr:/usr/bin/ceph: "num_standbys": 0,
2021-03-09T08:56:03.176 INFO:teuthology.orchestra.run.smithi005.stderr:/usr/bin/ceph: "modules": [
2021-03-09T08:56:03.176 INFO:teuthology.orchestra.run.smithi005.stderr:/usr/bin/ceph: "iostat",
2021-03-09T08:56:03.176 INFO:teuthology.orchestra.run.smithi005.stderr:/usr/bin/ceph: "restful"
2021-03-09T08:56:03.176 INFO:teuthology.orchestra.run.smithi005.stderr:/usr/bin/ceph: ],
2021-03-09T08:56:03.177 INFO:teuthology.orchestra.run.smithi005.stderr:/usr/bin/ceph: "services": {}
2021-03-09T08:56:03.177 INFO:teuthology.orchestra.run.smithi005.stderr:/usr/bin/ceph: },
2021-03-09T08:56:03.177 INFO:teuthology.orchestra.run.smithi005.stderr:/usr/bin/ceph: "servicemap": {
2021-03-09T08:56:03.177 INFO:teuthology.orchestra.run.smithi005.stderr:/usr/bin/ceph: "epoch": 1,
2021-03-09T08:56:03.177 INFO:teuthology.orchestra.run.smithi005.stderr:/usr/bin/ceph: "modified": "2021-03-09T08:55:44.624898+0000",
2021-03-09T08:56:03.178 INFO:teuthology.orchestra.run.smithi005.stderr:/usr/bin/ceph: "services": {}
2021-03-09T08:56:03.178 INFO:teuthology.orchestra.run.smithi005.stderr:/usr/bin/ceph: },
2021-03-09T08:56:03.178 INFO:teuthology.orchestra.run.smithi005.stderr:/usr/bin/ceph: "progress_events": {}
2021-03-09T08:56:03.178 INFO:teuthology.orchestra.run.smithi005.stderr:/usr/bin/ceph: }
2021-03-09T08:56:03.179 INFO:teuthology.orchestra.run.smithi005.stderr:/usr/bin/ceph:
2021-03-09T08:56:03.153+0000 7f1c8023a700 1 -- 172.21.15.5:0/2683920097 >> v2:172.21.15.5:6800/167667630 conn(0x7f1c6002fd30 msgr2=0x7f1c600321f0 secure :-1 s=STATE_CONNECTION_ESTABLISHED l=1).mark_down
2021-03-09T08:56:03.179 INFO:teuthology.orchestra.run.smithi005.stderr:/usr/bin/ceph:
2021-03-09T08:56:03.153+0000 7f1c8023a700 1 --2- 172.21.15.5:0/2683920097 >> v2:172.21.15.5:6800/167667630 conn(0x7f1c6002fd30 0x7f1c600321f0 secure :-1 s=READY pgs=5 cs=0 l=1 rev1=1 rx=0x7f1c6c0096a0 tx=0x7f1c6c006b40).stop
2021-03-09T08:56:03.179 INFO:teuthology.orchestra.run.smithi005.stderr:/usr/bin/ceph:
2021-03-09T08:56:03.153+0000 7f1c8023a700 1 -- 172.21.15.5:0/2683920097 >> [v2:172.21.15.5:3300/0,v1:172.21.15.5:6789/0] conn(0x7f1c780fbda0 msgr2=0x7f1c7810a380 secure :-1 s=STATE_CONNECTION_ESTABLISHED l=1).mark_down
2021-03-09T08:56:03.179 INFO:teuthology.orchestra.run.smithi005.stderr:/usr/bin/ceph:
2021-03-09T08:56:03.153+0000 7f1c8023a700 1 --2- 172.21.15.5:0/2683920097 >> [v2:172.21.15.5:3300/0,v1:172.21.15.5:6789/0] conn(0x7f1c780fbda0 0x7f1c7810a380 secure :-1 s=READY pgs=15 cs=0 l=1 rev1=1 rx=0x7f1c74009420 tx=0x7f1c74006ee0).stop
2021-03-09T08:56:03.179 INFO:teuthology.orchestra.run.smithi005.stderr:/usr/bin/ceph:
2021-03-09T08:56:03.153+0000 7f1c8023a700 1 -- 172.21.15.5:0/2683920097 shutdown_connections
2021-03-09T08:56:03.180 INFO:teuthology.orchestra.run.smithi005.stderr:/usr/bin/ceph:
2021-03-09T08:56:03.153+0000 7f1c8023a700 1 --2- 172.21.15.5:0/2683920097 >> v2:172.21.15.5:6800/167667630 conn(0x7f1c6002fd30 0x7f1c600321f0 unknown :-1 s=CLOSED pgs=5 cs=0 l=1 rev1=1 rx=0 tx=0).stop
2021-03-09T08:56:03.180 INFO:teuthology.orchestra.run.smithi005.stderr:/usr/bin/ceph:
2021-03-09T08:56:03.153+0000 7f1c8023a700 1 --2- 172.21.15.5:0/2683920097 >> [v2:172.21.15.5:3300/0,v1:172.21.15.5:6789/0] conn(0x7f1c780fbda0 0x7f1c7810a380 unknown :-1 s=CLOSED pgs=15 cs=0 l=1 rev1=1 rx=0 tx=0).stop
2021-03-09T08:56:03.180 INFO:teuthology.orchestra.run.smithi005.stderr:/usr/bin/ceph:
2021-03-09T08:56:03.153+0000 7f1c8023a700 1 -- 172.21.15.5:0/2683920097 >> 172.21.15.5:0/2683920097 conn(0x7f1c7806f440 msgr2=0x7f1c780f97e0 unknown :-1 s=STATE_NONE l=0).mark_down
2021-03-09T08:56:03.180 INFO:teuthology.orchestra.run.smithi005.stderr:/usr/bin/ceph:
2021-03-09T08:56:03.153+0000 7f1c8023a700 1 -- 172.21.15.5:0/2683920097 shutdown_connections
2021-03-09T08:56:03.180 INFO:teuthology.orchestra.run.smithi005.stderr:/usr/bin/ceph:
2021-03-09T08:56:03.153+0000 7f1c8023a700 1 -- 172.21.15.5:0/2683920097 wait complete.
2021-03-09T08:56:03.875 INFO:teuthology.orchestra.run.smithi005.stderr:mgr is available
2021-03-09T08:56:03.875 INFO:teuthology.orchestra.run.smithi005.stderr:Running command: /usr/bin/docker run --rm --ipc=host --net=host --entrypoint /usr/bin/ceph --init -e CONTAINER_IMAGE=quay.ceph.io/ceph-ci/ceph:89fb622b10ca2e58fe0c913a8956377a886e2ab4 -e NODE_NAME=smithi005 -e CEPH_USE_RANDOM_NONCE=1 -v /var/log/ceph/252abbe0-80b5-11eb-907b-001a4aab830c:/var/log/ceph:z -v /tmp/ceph-tmplnl3x1lr:/etc/ceph/ceph.client.admin.keyring:z -v /tmp/ceph-tmpy46n7d4a:/etc/ceph/ceph.conf:z quay.ceph.io/ceph-ci/ceph:89fb622b10ca2e58fe0c913a8956377a886e2ab4 config-key set mgr/cephadm/ssh_user root
2021-03-09T08:56:04.364 INFO:journalctl@ceph.mon.a.smithi005.stdout:Mar 09 08:56:04 smithi005 bash[12738]: cluster
2021-03-09T08:56:03.023332+0000 mon.a (mon.0) 23 : cluster [DBG] mgrmap e4: y(active, since 2s)
2021-03-09T08:56:04.364 INFO:journalctl@ceph.mon.a.smithi005.stdout:Mar 09 08:56:04 smithi005 bash[12738]: audit
2021-03-09T08:56:03.155198+0000 mon.a (mon.0) 24 : audit [DBG] from='client.? 172.21.15.5:0/2683920097' entity='client.admin' cmd=[{"prefix": "status", "format": "json-pretty"}]: dispatch
2021-03-09T08:56:05.023 INFO:teuthology.orchestra.run.smithi005.stderr:/usr/bin/ceph:
2021-03-09T08:56:05.021+0000 7ff3934f1700 1 Processor -- start
2021-03-09T08:56:05.023 INFO:teuthology.orchestra.run.smithi005.stderr:/usr/bin/ceph:
2021-03-09T08:56:05.021+0000 7ff3934f1700 1 -- start start
2021-03-09T08:56:05.023 INFO:teuthology.orchestra.run.smithi005.stderr:/usr/bin/ceph:
2021-03-09T08:56:05.021+0000 7ff3934f1700 1 --2- >> [v2:172.21.15.5:3300/0,v1:172.21.15.5:6789/0] conn(0x7ff38c0f7fc0 0x7ff38c0f83e0 unknown :-1 s=NONE pgs=0 cs=0 l=0 rev1=0 rx=0 tx=0).connect
2021-03-09T08:56:05.023 INFO:teuthology.orchestra.run.smithi005.stderr:/usr/bin/ceph:
2021-03-09T08:56:05.021+0000 7ff3934f1700 1 -- --> [v2:172.21.15.5:3300/0,v1:172.21.15.5:6789/0] -- mon_getmap magic: 0 v1 -- 0x7ff38c0f88d0 con 0x7ff38c0f7fc0
2021-03-09T08:56:05.025 INFO:teuthology.orchestra.run.smithi005.stderr:/usr/bin/ceph:
2021-03-09T08:56:05.021+0000 7ff3924ef700 1 --2- >> [v2:172.21.15.5:3300/0,v1:172.21.15.5:6789/0] conn(0x7ff38c0f7fc0 0x7ff38c0f83e0 unknown :-1 s=BANNER_CONNECTING pgs=0 cs=0 l=0 rev1=0 rx=0 tx=0)._handle_peer_banner_payload supported=1 required=0
2021-03-09T08:56:05.025 INFO:teuthology.orchestra.run.smithi005.stderr:/usr/bin/ceph:
2021-03-09T08:56:05.021+0000 7ff3924ef700 1 --2- >> [v2:172.21.15.5:3300/0,v1:172.21.15.5:6789/0] conn(0x7ff38c0f7fc0 0x7ff38c0f83e0 unknown :-1 s=HELLO_CONNECTING pgs=0 cs=0 l=0 rev1=1 rx=0 tx=0).handle_hello peer v2:172.21.15.5:3300/0 says I am v2:172.21.15.5:46278/0 (socket says 172.21.15.5:46278)
2021-03-09T08:56:05.026 INFO:teuthology.orchestra.run.smithi005.stderr:/usr/bin/ceph:
2021-03-09T08:56:05.021+0000 7ff3924ef700 1 -- 172.21.15.5:0/2078680072 learned_addr learned my addr 172.21.15.5:0/2078680072 (peer_addr_for_me v2:172.21.15.5:0/0)
2021-03-09T08:56:05.026 INFO:teuthology.orchestra.run.smithi005.stderr:/usr/bin/ceph:
2021-03-09T08:56:05.021+0000 7ff3924ef700 1 -- 172.21.15.5:0/2078680072 --> [v2:172.21.15.5:3300/0,v1:172.21.15.5:6789/0] -- mon_subscribe({config=0+,monmap=0+}) v3 -- 0x7ff38c0f8a10 con 0x7ff38c0f7fc0
2021-03-09T08:56:05.026 INFO:teuthology.orchestra.run.smithi005.stderr:/usr/bin/ceph:
2021-03-09T08:56:05.021+0000 7ff3924ef700 1 --2- 172.21.15.5:0/2078680072 >> [v2:172.21.15.5:3300/0,v1:172.21.15.5:6789/0] conn(0x7ff38c0f7fc0 0x7ff38c0f83e0 secure :-1 s=READY pgs=16 cs=0 l=1 rev1=1 rx=0x7ff38800b950 tx=0x7ff388006ee0).ready entity=mon.0 client_cookie=7b0b1876bebbbddb server_cookie=0 in_seq=0 out_seq=0
2021-03-09T08:56:05.026 INFO:teuthology.orchestra.run.smithi005.stderr:/usr/bin/ceph:
2021-03-09T08:56:05.021+0000 7ff3914ed700 1 -- 172.21.15.5:0/2078680072 <== mon.0 v2:172.21.15.5:3300/0 1 ==== mon_map magic: 0 v1 ==== 205+0+0 (secure 0 0 0) 0x7ff388009840 con 0x7ff38c0f7fc0
2021-03-09T08:56:05.027 INFO:teuthology.orchestra.run.smithi005.stderr:/usr/bin/ceph:
2021-03-09T08:56:05.025+0000 7ff3914ed700 1 -- 172.21.15.5:0/2078680072 <== mon.0 v2:172.21.15.5:3300/0 2 ==== config(24 keys) v1 ==== 1001+0+0 (secure 0 0 0) 0x7ff388009e00 con 0x7ff38c0f7fc0
2021-03-09T08:56:05.027 INFO:teuthology.orchestra.run.smithi005.stderr:/usr/bin/ceph:
2021-03-09T08:56:05.025+0000 7ff3914ed700 1 -- 172.21.15.5:0/2078680072 <== mon.0 v2:172.21.15.5:3300/0 3 ==== mon_map magic: 0 v1 ==== 205+0+0 (secure 0 0 0) 0x7ff388011c80 con 0x7ff38c0f7fc0
2021-03-09T08:56:05.027 INFO:teuthology.orchestra.run.smithi005.stderr:/usr/bin/ceph:
2021-03-09T08:56:05.025+0000 7ff3934f1700 1 -- 172.21.15.5:0/2078680072 >> [v2:172.21.15.5:3300/0,v1:172.21.15.5:6789/0] conn(0x7ff38c0f7fc0 msgr2=0x7ff38c0f83e0 secure :-1 s=STATE_CONNECTION_ESTABLISHED l=1).mark_down
2021-03-09T08:56:05.031 INFO:teuthology.orchestra.run.smithi005.stderr:/usr/bin/ceph:
2021-03-09T08:56:05.025+0000 7ff3934f1700 1 --2- 172.21.15.5:0/2078680072 >> [v2:172.21.15.5:3300/0,v1:172.21.15.5:6789/0] conn(0x7ff38c0f7fc0 0x7ff38c0f83e0 secure :-1 s=READY pgs=16 cs=0 l=1 rev1=1 rx=0x7ff38800b950 tx=0x7ff388006ee0).stop
2021-03-09T08:56:05.031 INFO:teuthology.orchestra.run.smithi005.stderr:/usr/bin/ceph:
2021-03-09T08:56:05.025+0000 7ff3934f1700 1 -- 172.21.15.5:0/2078680072 shutdown_connections
2021-03-09T08:56:05.032 INFO:teuthology.orchestra.run.smithi005.stderr:/usr/bin/ceph:
2021-03-09T08:56:05.025+0000 7ff3934f1700 1 --2- 172.21.15.5:0/2078680072 >> [v2:172.21.15.5:3300/0,v1:172.21.15.5:6789/0] conn(0x7ff38c0f7fc0 0x7ff38c0f83e0 unknown :-1 s=CLOSED pgs=16 cs=0 l=1 rev1=1 rx=0 tx=0).stop
2021-03-09T08:56:05.032 INFO:teuthology.orchestra.run.smithi005.stderr:/usr/bin/ceph:
2021-03-09T08:56:05.025+0000 7ff3934f1700 1 -- 172.21.15.5:0/2078680072 >> 172.21.15.5:0/2078680072 conn(0x7ff38c0f37e0 msgr2=0x7ff38c0f5c00 unknown :-1 s=STATE_NONE l=0).mark_down
2021-03-09T08:56:05.032 INFO:teuthology.orchestra.run.smithi005.stderr:/usr/bin/ceph:
2021-03-09T08:56:05.025+0000 7ff3934f1700 1 -- 172.21.15.5:0/2078680072 shutdown_connections
2021-03-09T08:56:05.032 INFO:teuthology.orchestra.run.smithi005.stderr:/usr/bin/ceph:
2021-03-09T08:56:05.025+0000 7ff3934f1700 1 -- 172.21.15.5:0/2078680072 wait complete.
2021-03-09T08:56:05.033 INFO:teuthology.orchestra.run.smithi005.stderr:/usr/bin/ceph:
2021-03-09T08:56:05.025+0000 7ff3934f1700 1 Processor -- start
2021-03-09T08:56:05.033 INFO:teuthology.orchestra.run.smithi005.stderr:/usr/bin/ceph:
2021-03-09T08:56:05.025+0000 7ff3934f1700 1 -- start start
2021-03-09T08:56:05.034 INFO:teuthology.orchestra.run.smithi005.stderr:/usr/bin/ceph:
2021-03-09T08:56:05.025+0000 7ff3934f1700 1 --2- >> [v2:172.21.15.5:3300/0,v1:172.21.15.5:6789/0] conn(0x7ff38c0f7fc0 0x7ff38c1076c0 unknown :-1 s=NONE pgs=0 cs=0 l=1 rev1=0 rx=0 tx=0).connect
2021-03-09T08:56:05.034 INFO:teuthology.orchestra.run.smithi005.stderr:/usr/bin/ceph:
2021-03-09T08:56:05.025+0000 7ff3934f1700 1 -- --> [v2:172.21.15.5:3300/0,v1:172.21.15.5:6789/0] -- mon_getmap magic: 0 v1 -- 0x7ff38c105b40 con 0x7ff38c0f7fc0
2021-03-09T08:56:05.034 INFO:teuthology.orchestra.run.smithi005.stderr:/usr/bin/ceph:
2021-03-09T08:56:05.025+0000 7ff3924ef700 1 --2- >> [v2:172.21.15.5:3300/0,v1:172.21.15.5:6789/0] conn(0x7ff38c0f7fc0 0x7ff38c1076c0 unknown :-1 s=BANNER_CONNECTING pgs=0 cs=0 l=1 rev1=0 rx=0 tx=0)._handle_peer_banner_payload supported=1 required=0
2021-03-09T08:56:05.035 INFO:teuthology.orchestra.run.smithi005.stderr:/usr/bin/ceph:
2021-03-09T08:56:05.025+0000 7ff3924ef700 1 --2- >> [v2:172.21.15.5:3300/0,v1:172.21.15.5:6789/0] conn(0x7ff38c0f7fc0 0x7ff38c1076c0 unknown :-1 s=HELLO_CONNECTING pgs=0 cs=0 l=1 rev1=1 rx=0 tx=0).handle_hello peer v2:172.21.15.5:3300/0 says I am v2:172.21.15.5:46280/0 (socket says 172.21.15.5:46280)
2021-03-09T08:56:05.035 INFO:teuthology.orchestra.run.smithi005.stderr:/usr/bin/ceph:
2021-03-09T08:56:05.025+0000 7ff3924ef700 1 -- 172.21.15.5:0/2169651993 learned_addr learned my addr 172.21.15.5:0/2169651993 (peer_addr_for_me v2:172.21.15.5:0/0)
2021-03-09T08:56:05.035 INFO:teuthology.orchestra.run.smithi005.stderr:/usr/bin/ceph:
2021-03-09T08:56:05.029+0000 7ff3924ef700 1 -- 172.21.15.5:0/2169651993 --> [v2:172.21.15.5:3300/0,v1:172.21.15.5:6789/0] -- mon_subscribe({config=0+,monmap=0+}) v3 -- 0x7ff38c105c80 con 0x7ff38c0f7fc0
2021-03-09T08:56:05.035 INFO:teuthology.orchestra.run.smithi005.stderr:/usr/bin/ceph:
2021-03-09T08:56:05.029+0000 7ff3924ef700 1 --2- 172.21.15.5:0/2169651993 >> [v2:172.21.15.5:3300/0,v1:172.21.15.5:6789/0] conn(0x7ff38c0f7fc0 0x7ff38c1076c0 secure :-1 s=READY pgs=17 cs=0 l=1 rev1=1 rx=0x7ff388009420 tx=0x7ff388006ee0).ready entity=mon.0 client_cookie=0 server_cookie=0 in_seq=0 out_seq=0
2021-03-09T08:56:05.035 INFO:teuthology.orchestra.run.smithi005.stderr:/usr/bin/ceph:
2021-03-09T08:56:05.029+0000 7ff37affd700 1 -- 172.21.15.5:0/2169651993 <== mon.0 v2:172.21.15.5:3300/0 1 ==== mon_map magic: 0 v1 ==== 205+0+0 (secure 0 0 0) 0x7ff388009ca0 con 0x7ff38c0f7fc0
2021-03-09T08:56:05.036 INFO:teuthology.orchestra.run.smithi005.stderr:/usr/bin/ceph:
2021-03-09T08:56:05.029+0000 7ff37affd700 1 -- 172.21.15.5:0/2169651993 <== mon.0 v2:172.21.15.5:3300/0 2 ==== config(24 keys) v1 ==== 1001+0+0 (secure 0 0 0) 0x7ff388011400 con 0x7ff38c0f7fc0
2021-03-09T08:56:05.036 INFO:teuthology.orchestra.run.smithi005.stderr:/usr/bin/ceph:
2021-03-09T08:56:05.029+0000 7ff3934f1700 1 -- 172.21.15.5:0/2169651993 --> [v2:172.21.15.5:3300/0,v1:172.21.15.5:6789/0] -- mon_subscribe({mgrmap=0+}) v3 -- 0x7ff38c105e70 con 0x7ff38c0f7fc0
2021-03-09T08:56:05.036 INFO:teuthology.orchestra.run.smithi005.stderr:/usr/bin/ceph:
2021-03-09T08:56:05.029+0000 7ff37affd700 1 -- 172.21.15.5:0/2169651993 <== mon.0 v2:172.21.15.5:3300/0 3 ==== mon_map magic: 0 v1 ==== 205+0+0 (secure 0 0 0) 0x7ff38801bb50 con 0x7ff38c0f7fc0
2021-03-09T08:56:05.036 INFO:teuthology.orchestra.run.smithi005.stderr:/usr/bin/ceph:
2021-03-09T08:56:05.029+0000 7ff3934f1700 1 -- 172.21.15.5:0/2169651993 --> [v2:172.21.15.5:3300/0,v1:172.21.15.5:6789/0] -- mon_subscribe({osdmap=0}) v3 -- 0x7ff38c106300 con 0x7ff38c0f7fc0
2021-03-09T08:56:05.037 INFO:teuthology.orchestra.run.smithi005.stderr:/usr/bin/ceph:
2021-03-09T08:56:05.029+0000 7ff37affd700 1 -- 172.21.15.5:0/2169651993 <== mon.0 v2:172.21.15.5:3300/0 4 ==== mgrmap(e 4) v1 ==== 36049+0+0 (secure 0 0 0) 0x7ff38802b070 con 0x7ff38c0f7fc0
2021-03-09T08:56:05.038 INFO:teuthology.orchestra.run.smithi005.stderr:/usr/bin/ceph:
2021-03-09T08:56:05.029+0000 7ff378ff9700 1 -- 172.21.15.5:0/2169651993 --> [v2:172.21.15.5:3300/0,v1:172.21.15.5:6789/0] -- mon_command({"prefix": "get_command_descriptions"} v 0) v1 -- 0x7ff370004da0 con 0x7ff38c0f7fc0
2021-03-09T08:56:05.039 INFO:teuthology.orchestra.run.smithi005.stderr:/usr/bin/ceph:
2021-03-09T08:56:05.029+0000 7ff37affd700 1 --2- 172.21.15.5:0/2169651993 >> v2:172.21.15.5:6800/167667630 conn(0x7ff37402fdc0 0x7ff374032280 unknown :-1 s=NONE pgs=0 cs=0 l=1 rev1=0 rx=0 tx=0).connect
2021-03-09T08:56:05.039 INFO:teuthology.orchestra.run.smithi005.stderr:/usr/bin/ceph:
2021-03-09T08:56:05.029+0000 7ff37affd700 1 -- 172.21.15.5:0/2169651993 <== mon.0 v2:172.21.15.5:3300/0 5 ==== osd_map(1..1 src has 1..1) v4 ==== 754+0+0 (secure 0 0 0) 0x7ff388041c80 con 0x7ff38c0f7fc0
2021-03-09T08:56:05.040 INFO:teuthology.orchestra.run.smithi005.stderr:/usr/bin/ceph:
2021-03-09T08:56:05.029+0000 7ff391cee700 1 --2- 172.21.15.5:0/2169651993 >> v2:172.21.15.5:6800/167667630 conn(0x7ff37402fdc0 0x7ff374032280 unknown :-1 s=BANNER_CONNECTING pgs=0 cs=0 l=1 rev1=0 rx=0 tx=0)._handle_peer_banner_payload supported=1 required=0
2021-03-09T08:56:05.040 INFO:teuthology.orchestra.run.smithi005.stderr:/usr/bin/ceph:
2021-03-09T08:56:05.029+0000 7ff391cee700 1 --2- 172.21.15.5:0/2169651993 >> v2:172.21.15.5:6800/167667630 conn(0x7ff37402fdc0 0x7ff374032280 secure :-1 s=READY pgs=6 cs=0 l=1 rev1=1 rx=0x7ff37c0096a0 tx=0x7ff37c006b40).ready entity=mgr.14100 client_cookie=0 server_cookie=0 in_seq=0 out_seq=0
2021-03-09T08:56:05.040 INFO:teuthology.orchestra.run.smithi005.stderr:/usr/bin/ceph:
2021-03-09T08:56:05.037+0000 7ff37affd700 1 -- 172.21.15.5:0/2169651993 <== mon.0 v2:172.21.15.5:3300/0 6 ==== mon_command_ack([{"prefix": "get_command_descriptions"}]=0 v0) v1 ==== 72+0+150121 (secure 0 0 0) 0x7ff388022960 con 0x7ff38c0f7fc0
2021-03-09T08:56:05.497 INFO:teuthology.orchestra.run.smithi005.stderr:/usr/bin/ceph:
2021-03-09T08:56:05.497+0000 7ff378ff9700 1 -- 172.21.15.5:0/2169651993 --> [v2:172.21.15.5:3300/0,v1:172.21.15.5:6789/0] -- mon_command([{prefix=config-key set, key=mgr/cephadm/ssh_user}] v 0) v1 -- 0x7ff3700055d0 con 0x7ff38c0f7fc0
2021-03-09T08:56:05.502 INFO:teuthology.orchestra.run.smithi005.stderr:/usr/bin/ceph:
2021-03-09T08:56:05.501+0000 7ff37affd700 1 -- 172.21.15.5:0/2169651993 <== mon.0 v2:172.21.15.5:3300/0 7 ==== mon_command_ack([{prefix=config-key set, key=mgr/cephadm/ssh_user}]=0 set mgr/cephadm/ssh_user v7)=0 set mgr/cephadm/ssh_user v7) v1 ==== 132+0+0 (secure 0 0 0) 0x7ff388016030 con 0x7ff38c0f7fc0
2021-03-09T08:56:05.504 INFO:teuthology.orchestra.run.smithi005.stderr:/usr/bin/ceph:
2021-03-09T08:56:05.501+0000 7ff378ff9700 1 -- 172.21.15.5:0/2169651993 >> v2:172.21.15.5:6800/167667630 conn(0x7ff37402fdc0 msgr2=0x7ff374032280 secure :-1 s=STATE_CONNECTION_ESTABLISHED l=1).mark_down
2021-03-09T08:56:05.505 INFO:teuthology.orchestra.run.smithi005.stderr:/usr/bin/ceph:
2021-03-09T08:56:05.501+0000 7ff378ff9700 1 --2- 172.21.15.5:0/2169651993 >> v2:172.21.15.5:6800/167667630 conn(0x7ff37402fdc0 0x7ff374032280 secure :-1 s=READY pgs=6 cs=0 l=1 rev1=1 rx=0x7ff37c0096a0 tx=0x7ff37c006b40).stop
2021-03-09T08:56:05.505 INFO:teuthology.orchestra.run.smithi005.stderr:/usr/bin/ceph:
2021-03-09T08:56:05.501+0000 7ff378ff9700 1 -- 172.21.15.5:0/2169651993 >> [v2:172.21.15.5:3300/0,v1:172.21.15.5:6789/0] conn(0x7ff38c0f7fc0 msgr2=0x7ff38c1076c0 secure :-1 s=STATE_CONNECTION_ESTABLISHED l=1).mark_down
2021-03-09T08:56:05.505 INFO:teuthology.orchestra.run.smithi005.stderr:/usr/bin/ceph:
2021-03-09T08:56:05.501+0000 7ff378ff9700 1 --2- 172.21.15.5:0/2169651993 >> [v2:172.21.15.5:3300/0,v1:172.21.15.5:6789/0] conn(0x7ff38c0f7fc0 0x7ff38c1076c0 secure :-1 s=READY pgs=17 cs=0 l=1 rev1=1 rx=0x7ff388009420 tx=0x7ff388006ee0).stop
2021-03-09T08:56:05.506 INFO:teuthology.orchestra.run.smithi005.stderr:/usr/bin/ceph:
2021-03-09T08:56:05.505+0000 7ff378ff9700 1 -- 172.21.15.5:0/2169651993 shutdown_connections
2021-03-09T08:56:05.507 INFO:teuthology.orchestra.run.smithi005.stderr:/usr/bin/ceph:
2021-03-09T08:56:05.505+0000 7ff378ff9700 1 --2- 172.21.15.5:0/2169651993 >> v2:172.21.15.5:6800/167667630 conn(0x7ff37402fdc0 0x7ff374032280 unknown :-1 s=CLOSED pgs=6 cs=0 l=1 rev1=1 rx=0 tx=0).stop
2021-03-09T08:56:05.507 INFO:teuthology.orchestra.run.smithi005.stderr:/usr/bin/ceph:
2021-03-09T08:56:05.505+0000 7ff378ff9700 1 --2- 172.21.15.5:0/2169651993 >> [v2:172.21.15.5:3300/0,v1:172.21.15.5:6789/0] conn(0x7ff38c0f7fc0 0x7ff38c1076c0 unknown :-1 s=CLOSED pgs=17 cs=0 l=1 rev1=1 rx=0 tx=0).stop
2021-03-09T08:56:05.507 INFO:teuthology.orchestra.run.smithi005.stderr:/usr/bin/ceph:
2021-03-09T08:56:05.505+0000 7ff378ff9700 1 -- 172.21.15.5:0/2169651993 >> 172.21.15.5:0/2169651993 conn(0x7ff38c0f37e0 msgr2=0x7ff38c0fcd50 unknown :-1 s=STATE_NONE l=0).mark_down
2021-03-09T08:56:05.507 INFO:teuthology.orchestra.run.smithi005.stderr:/usr/bin/ceph:
2021-03-09T08:56:05.505+0000 7ff378ff9700 1 -- 172.21.15.5:0/2169651993 shutdown_connections
2021-03-09T08:56:05.508 INFO:teuthology.orchestra.run.smithi005.stderr:/usr/bin/ceph:
2021-03-09T08:56:05.505+0000 7ff378ff9700 1 -- 172.21.15.5:0/2169651993 wait complete.
2021-03-09T08:56:05.508 INFO:teuthology.orchestra.run.smithi005.stderr:/usr/bin/ceph: set mgr/cephadm/ssh_user
2021-03-09T08:56:06.132 INFO:teuthology.orchestra.run.smithi005.stderr:Enabling cephadm module...
2021-03-09T08:56:06.133 INFO:teuthology.orchestra.run.smithi005.stderr:Running command: /usr/bin/docker run --rm --ipc=host --net=host --entrypoint /usr/bin/ceph --init -e CONTAINER_IMAGE=quay.ceph.io/ceph-ci/ceph:89fb622b10ca2e58fe0c913a8956377a886e2ab4 -e NODE_NAME=smithi005 -e CEPH_USE_RANDOM_NONCE=1 -v /var/log/ceph/252abbe0-80b5-11eb-907b-001a4aab830c:/var/log/ceph:z -v /tmp/ceph-tmplnl3x1lr:/etc/ceph/ceph.client.admin.keyring:z -v /tmp/ceph-tmpy46n7d4a:/etc/ceph/ceph.conf:z quay.ceph.io/ceph-ci/ceph:89fb622b10ca2e58fe0c913a8956377a886e2ab4 mgr module enable cephadm
2021-03-09T08:56:06.863 INFO:journalctl@ceph.mon.a.smithi005.stdout:Mar 09 08:56:06 smithi005 bash[12738]: audit
2021-03-09T08:56:05.505472+0000 mon.a (mon.0) 25 : audit [INF] from='client.? 172.21.15.5:0/2169651993' entity='client.admin'
2021-03-09T08:56:07.250 INFO:teuthology.orchestra.run.smithi005.stderr:/usr/bin/ceph:
2021-03-09T08:56:07.249+0000 7f053bfff700 1 Processor -- start
2021-03-09T08:56:07.250 INFO:teuthology.orchestra.run.smithi005.stderr:/usr/bin/ceph:
2021-03-09T08:56:07.249+0000 7f053bfff700 1 -- start start
2021-03-09T08:56:07.250 INFO:teuthology.orchestra.run.smithi005.stderr:/usr/bin/ceph:
2021-03-09T08:56:07.249+0000 7f053bfff700 1 --2- >> [v2:172.21.15.5:3300/0,v1:172.21.15.5:6789/0] conn(0x7f053c06fcf0 0x7f053c06e290 unknown :-1 s=NONE pgs=0 cs=0 l=0 rev1=0 rx=0 tx=0).connect
2021-03-09T08:56:07.251 INFO:teuthology.orchestra.run.smithi005.stderr:/usr/bin/ceph:
2021-03-09T08:56:07.249+0000 7f053bfff700 1 -- --> [v2:172.21.15.5:3300/0,v1:172.21.15.5:6789/0] -- mon_getmap magic: 0 v1 -- 0x7f053c070110 con 0x7f053c06fcf0
2021-03-09T08:56:07.251 INFO:teuthology.orchestra.run.smithi005.stderr:/usr/bin/ceph:
2021-03-09T08:56:07.249+0000 7f053affd700 1 --2- >> [v2:172.21.15.5:3300/0,v1:172.21.15.5:6789/0] conn(0x7f053c06fcf0 0x7f053c06e290 unknown :-1 s=BANNER_CONNECTING pgs=0 cs=0 l=0 rev1=0 rx=0 tx=0)._handle_peer_banner_payload supported=1 required=0
2021-03-09T08:56:07.253 INFO:teuthology.orchestra.run.smithi005.stderr:/usr/bin/ceph:
2021-03-09T08:56:07.249+0000 7f053affd700 1 --2- >> [v2:172.21.15.5:3300/0,v1:172.21.15.5:6789/0] conn(0x7f053c06fcf0 0x7f053c06e290 unknown :-1 s=HELLO_CONNECTING pgs=0 cs=0 l=0 rev1=1 rx=0 tx=0).handle_hello peer v2:172.21.15.5:3300/0 says I am v2:172.21.15.5:46284/0 (socket says 172.21.15.5:46284)
2021-03-09T08:56:07.253 INFO:teuthology.orchestra.run.smithi005.stderr:/usr/bin/ceph:
2021-03-09T08:56:07.249+0000 7f053affd700 1 -- 172.21.15.5:0/2214228910 learned_addr learned my addr 172.21.15.5:0/2214228910 (peer_addr_for_me v2:172.21.15.5:0/0)
2021-03-09T08:56:07.253 INFO:teuthology.orchestra.run.smithi005.stderr:/usr/bin/ceph:
2021-03-09T08:56:07.249+0000 7f053affd700 1 -- 172.21.15.5:0/2214228910 --> [v2:172.21.15.5:3300/0,v1:172.21.15.5:6789/0] -- mon_subscribe({config=0+,monmap=0+}) v3 -- 0x7f053c06e780 con 0x7f053c06fcf0
2021-03-09T08:56:07.254 INFO:teuthology.orchestra.run.smithi005.stderr:/usr/bin/ceph:
2021-03-09T08:56:07.249+0000 7f053affd700 1 --2- 172.21.15.5:0/2214228910 >> [v2:172.21.15.5:3300/0,v1:172.21.15.5:6789/0] conn(0x7f053c06fcf0 0x7f053c06e290 secure :-1 s=READY pgs=18 cs=0 l=1 rev1=1 rx=0x7f052c00b950 tx=0x7f052c006ee0).ready entity=mon.0 client_cookie=7be78e87cee092a7 server_cookie=0 in_seq=0 out_seq=0
2021-03-09T08:56:07.254 INFO:teuthology.orchestra.run.smithi005.stderr:/usr/bin/ceph:
2021-03-09T08:56:07.249+0000 7f053a7fc700 1 -- 172.21.15.5:0/2214228910 <== mon.0 v2:172.21.15.5:3300/0 1 ==== mon_map magic: 0 v1 ==== 205+0+0 (secure 0 0 0) 0x7f052c009840 con 0x7f053c06fcf0
2021-03-09T08:56:07.254 INFO:teuthology.orchestra.run.smithi005.stderr:/usr/bin/ceph:
2021-03-09T08:56:07.249+0000 7f053a7fc700 1 -- 172.21.15.5:0/2214228910 <== mon.0 v2:172.21.15.5:3300/0 2 ==== config(24 keys) v1 ==== 1001+0+0 (secure 0 0 0) 0x7f052c009e00 con 0x7f053c06fcf0
2021-03-09T08:56:07.254 INFO:teuthology.orchestra.run.smithi005.stderr:/usr/bin/ceph:
2021-03-09T08:56:07.249+0000 7f053a7fc700 1 -- 172.21.15.5:0/2214228910 <== mon.0 v2:172.21.15.5:3300/0 3 ==== mon_map magic: 0 v1 ==== 205+0+0 (secure 0 0 0) 0x7f052c011c80 con 0x7f053c06fcf0
2021-03-09T08:56:07.254 INFO:teuthology.orchestra.run.smithi005.stderr:/usr/bin/ceph:
2021-03-09T08:56:07.253+0000 7f053bfff700 1 -- 172.21.15.5:0/2214228910 >> [v2:172.21.15.5:3300/0,v1:172.21.15.5:6789/0] conn(0x7f053c06fcf0 msgr2=0x7f053c06e290 secure :-1 s=STATE_CONNECTION_ESTABLISHED l=1).mark_down
2021-03-09T08:56:07.255 INFO:teuthology.orchestra.run.smithi005.stderr:/usr/bin/ceph:
2021-03-09T08:56:07.253+0000 7f053bfff700 1 --2- 172.21.15.5:0/2214228910 >> [v2:172.21.15.5:3300/0,v1:172.21.15.5:6789/0] conn(0x7f053c06fcf0 0x7f053c06e290 secure :-1 s=READY pgs=18 cs=0 l=1 rev1=1 rx=0x7f052c00b950 tx=0x7f052c006ee0).stop
2021-03-09T08:56:07.255 INFO:teuthology.orchestra.run.smithi005.stderr:/usr/bin/ceph:
2021-03-09T08:56:07.253+0000 7f053bfff700 1 -- 172.21.15.5:0/2214228910 shutdown_connections
2021-03-09T08:56:07.255 INFO:teuthology.orchestra.run.smithi005.stderr:/usr/bin/ceph:
