2023-09-21T12:47:37.116+0000 7fa7ee5eb200 -1 mgr[py] Module telemetry has missing NOTIFY_TYPES member
2023-09-21T12:47:37.916 INFO:journalctl@ceph.mgr.x.smithi142.stdout:Sep 21 12:47:37 smithi142 ceph-ca3f7e80-587c-11ee-9ab8-7b867c8bd7da-mgr-x[97906]:
2023-09-21T12:47:37.456+0000 7fa7ee5eb200 -1 mgr[py] Module telegraf has missing NOTIFY_TYPES member
2023-09-21T12:47:38.666 INFO:journalctl@ceph.mgr.x.smithi142.stdout:Sep 21 12:47:38 smithi142 ceph-ca3f7e80-587c-11ee-9ab8-7b867c8bd7da-mgr-x[97906]:
2023-09-21T12:47:38.378+0000 7fa7ee5eb200 -1 mgr[py] Module balancer has missing NOTIFY_TYPES member
2023-09-21T12:47:38.666 INFO:journalctl@ceph.mgr.x.smithi142.stdout:Sep 21 12:47:38 smithi142 ceph-ca3f7e80-587c-11ee-9ab8-7b867c8bd7da-mgr-x[97906]:
2023-09-21T12:47:38.550+0000 7fa7ee5eb200 -1 mgr[py] Module diskprediction_local has missing NOTIFY_TYPES member
2023-09-21T12:47:39.166 INFO:journalctl@ceph.mgr.x.smithi142.stdout:Sep 21 12:47:38 smithi142 ceph-ca3f7e80-587c-11ee-9ab8-7b867c8bd7da-mgr-x[97906]:
2023-09-21T12:47:38.794+0000 7fa7ee5eb200 -1 mgr[py] Module nfs has missing NOTIFY_TYPES member
2023-09-21T12:47:39.166 INFO:journalctl@ceph.mgr.x.smithi142.stdout:Sep 21 12:47:38 smithi142 ceph-ca3f7e80-587c-11ee-9ab8-7b867c8bd7da-mgr-x[97906]:
2023-09-21T12:47:38.941+0000 7fa7ee5eb200 -1 mgr[py] Module rbd_support has missing NOTIFY_TYPES member
2023-09-21T12:47:39.666 INFO:journalctl@ceph.mgr.x.smithi142.stdout:Sep 21 12:47:39 smithi142 ceph-ca3f7e80-587c-11ee-9ab8-7b867c8bd7da-mgr-x[97906]:
2023-09-21T12:47:39.217+0000 7fa7ee5eb200 -1 mgr[py] Module volumes has missing NOTIFY_TYPES member
2023-09-21T12:47:40.666 INFO:journalctl@ceph.mgr.x.smithi142.stdout:Sep 21 12:47:40 smithi142 ceph-ca3f7e80-587c-11ee-9ab8-7b867c8bd7da-mgr-x[97906]:
2023-09-21T12:47:40.286+0000 7fa7ee5eb200 -1 mgr[py] Module pg_autoscaler has missing NOTIFY_TYPES member
2023-09-21T12:47:40.667 INFO:journalctl@ceph.mon.a.smithi142.stdout:Sep 21 12:47:40 smithi142 ceph-mon[97663]: Active manager daemon x restarted
2023-09-21T12:47:40.667 INFO:journalctl@ceph.mon.a.smithi142.stdout:Sep 21 12:47:40 smithi142 ceph-mon[97663]: Activating manager daemon x
2023-09-21T12:47:40.667 INFO:journalctl@ceph.mon.a.smithi142.stdout:Sep 21 12:47:40 smithi142 ceph-mon[97663]: osdmap e3: 0 total, 0 up, 0 in
2023-09-21T12:47:40.667 INFO:journalctl@ceph.mon.a.smithi142.stdout:Sep 21 12:47:40 smithi142 ceph-mon[97663]: mgrmap e10: x(active, starting, since 0.00421031s)
2023-09-21T12:47:40.668 INFO:journalctl@ceph.mon.a.smithi142.stdout:Sep 21 12:47:40 smithi142 ceph-mon[97663]: from='mgr.14150 172.21.15.142:0/3459719076' entity='mgr.x' cmd=[{"prefix": "mon metadata", "id": "a"}]: dispatch
2023-09-21T12:47:40.668 INFO:journalctl@ceph.mon.a.smithi142.stdout:Sep 21 12:47:40 smithi142 ceph-mon[97663]: from='mgr.14150 172.21.15.142:0/3459719076' entity='mgr.x' cmd=[{"prefix": "mgr metadata", "who": "x", "id": "x"}]: dispatch
2023-09-21T12:47:40.668 INFO:journalctl@ceph.mon.a.smithi142.stdout:Sep 21 12:47:40 smithi142 ceph-mon[97663]: from='mgr.14150 172.21.15.142:0/3459719076' entity='mgr.x' cmd=[{"prefix": "mds metadata"}]: dispatch
2023-09-21T12:47:40.668 INFO:journalctl@ceph.mon.a.smithi142.stdout:Sep 21 12:47:40 smithi142 ceph-mon[97663]: from='mgr.14150 172.21.15.142:0/3459719076' entity='mgr.x' cmd=[{"prefix": "osd metadata"}]: dispatch
2023-09-21T12:47:40.669 INFO:journalctl@ceph.mon.a.smithi142.stdout:Sep 21 12:47:40 smithi142 ceph-mon[97663]: from='mgr.14150 172.21.15.142:0/3459719076' entity='mgr.x' cmd=[{"prefix": "mon metadata"}]: dispatch
2023-09-21T12:47:40.669 INFO:journalctl@ceph.mon.a.smithi142.stdout:Sep 21 12:47:40 smithi142 ceph-mon[97663]: Manager daemon x is now available
2023-09-21T12:47:40.669 INFO:journalctl@ceph.mon.a.smithi142.stdout:Sep 21 12:47:40 smithi142 ceph-mon[97663]: from='mgr.14150 172.21.15.142:0/3459719076' entity='mgr.x' cmd=[{"prefix": "config dump", "format": "json"}]: dispatch
2023-09-21T12:47:40.669 INFO:journalctl@ceph.mon.a.smithi142.stdout:Sep 21 12:47:40 smithi142 ceph-mon[97663]: from='mgr.14150 172.21.15.142:0/3459719076' entity='mgr.x' cmd=[{"prefix": "config dump", "format": "json"}]: dispatch
2023-09-21T12:47:41.666 INFO:journalctl@ceph.mon.a.smithi142.stdout:Sep 21 12:47:41 smithi142 ceph-mon[97663]: from='mgr.14150 172.21.15.142:0/3459719076' entity='mgr.x' cmd=[{"prefix":"config rm","who":"mgr","name":"mgr/rbd_support/x/mirror_snapshot_schedule"}]: dispatch
2023-09-21T12:47:41.667 INFO:journalctl@ceph.mon.a.smithi142.stdout:Sep 21 12:47:41 smithi142 ceph-mon[97663]: from='mgr.14150 172.21.15.142:0/3459719076' entity='mgr.x' cmd=[{"prefix":"config rm","who":"mgr","name":"mgr/rbd_support/x/trash_purge_schedule"}]: dispatch
2023-09-21T12:47:41.667 INFO:journalctl@ceph.mon.a.smithi142.stdout:Sep 21 12:47:41 smithi142 ceph-mon[97663]: mgrmap e11: x(active, since 1.00778s)
2023-09-21T12:47:41.775 INFO:teuthology.orchestra.run.smithi142.stdout:/usr/bin/ceph: stdout {
2023-09-21T12:47:41.775 INFO:teuthology.orchestra.run.smithi142.stdout:/usr/bin/ceph: stdout "mgrmap_epoch": 11,
2023-09-21T12:47:41.775 INFO:teuthology.orchestra.run.smithi142.stdout:/usr/bin/ceph: stdout "initialized": true
2023-09-21T12:47:41.775 INFO:teuthology.orchestra.run.smithi142.stdout:/usr/bin/ceph: stdout }
2023-09-21T12:47:41.776 INFO:teuthology.orchestra.run.smithi142.stdout:/usr/bin/ceph: stderr
2023-09-21T12:47:34.147+0000 7fccb8f88700 1 Processor -- start
2023-09-21T12:47:41.776 INFO:teuthology.orchestra.run.smithi142.stdout:/usr/bin/ceph: stderr
2023-09-21T12:47:34.148+0000 7fccb8f88700 1 -- start start
2023-09-21T12:47:41.776 INFO:teuthology.orchestra.run.smithi142.stdout:/usr/bin/ceph: stderr
2023-09-21T12:47:34.148+0000 7fccb8f88700 1 --2- >> [v2:172.21.15.142:3300/0,v1:172.21.15.142:6789/0] conn(0x7fccb407beb0 0x7fccb407a310 unknown :-1 s=NONE pgs=0 cs=0 l=0 rev1=0 crypto rx=0 tx=0 comp rx=0 tx=0).connect
2023-09-21T12:47:41.776 INFO:teuthology.orchestra.run.smithi142.stdout:/usr/bin/ceph: stderr
2023-09-21T12:47:34.148+0000 7fccb8f88700 1 -- --> [v2:172.21.15.142:3300/0,v1:172.21.15.142:6789/0] -- mon_getmap magic: 0 v1 -- 0x7fccb407a8e0 con 0x7fccb407beb0
2023-09-21T12:47:41.776 INFO:teuthology.orchestra.run.smithi142.stdout:/usr/bin/ceph: stderr
2023-09-21T12:47:34.148+0000 7fccb259c700 1 --2- >> [v2:172.21.15.142:3300/0,v1:172.21.15.142:6789/0] conn(0x7fccb407beb0 0x7fccb407a310 unknown :-1 s=BANNER_CONNECTING pgs=0 cs=0 l=0 rev1=0 crypto rx=0 tx=0 comp rx=0 tx=0)._handle_peer_banner_payload supported=3 required=0
2023-09-21T12:47:41.777 INFO:teuthology.orchestra.run.smithi142.stdout:/usr/bin/ceph: stderr
2023-09-21T12:47:34.149+0000 7fccb259c700 1 --2- >> [v2:172.21.15.142:3300/0,v1:172.21.15.142:6789/0] conn(0x7fccb407beb0 0x7fccb407a310 unknown :-1 s=HELLO_CONNECTING pgs=0 cs=0 l=0 rev1=1 crypto rx=0 tx=0 comp rx=0 tx=0).handle_hello peer v2:172.21.15.142:3300/0 says I am v2:172.21.15.142:60518/0 (socket says 172.21.15.142:60518)
2023-09-21T12:47:41.777 INFO:teuthology.orchestra.run.smithi142.stdout:/usr/bin/ceph: stderr
2023-09-21T12:47:34.149+0000 7fccb259c700 1 -- 172.21.15.142:0/4278312046 learned_addr learned my addr 172.21.15.142:0/4278312046 (peer_addr_for_me v2:172.21.15.142:0/0)
2023-09-21T12:47:41.777 INFO:teuthology.orchestra.run.smithi142.stdout:/usr/bin/ceph: stderr
2023-09-21T12:47:34.149+0000 7fccb259c700 1 -- 172.21.15.142:0/4278312046 --> [v2:172.21.15.142:3300/0,v1:172.21.15.142:6789/0] -- mon_subscribe({config=0+,monmap=0+}) v3 -- 0x7fccb407aa20 con 0x7fccb407beb0
2023-09-21T12:47:41.777 INFO:teuthology.orchestra.run.smithi142.stdout:/usr/bin/ceph: stderr
2023-09-21T12:47:34.149+0000 7fccb259c700 1 --2- 172.21.15.142:0/4278312046 >> [v2:172.21.15.142:3300/0,v1:172.21.15.142:6789/0] conn(0x7fccb407beb0 0x7fccb407a310 secure :-1 s=READY pgs=59 cs=0 l=1 rev1=1 crypto rx=0x7fcca40098a0 tx=0x7fcca4009bb0 comp rx=0 tx=0).ready entity=mon.0 client_cookie=1e16b8a1530c63b3 server_cookie=0 in_seq=0 out_seq=0
2023-09-21T12:47:41.777 INFO:teuthology.orchestra.run.smithi142.stdout:/usr/bin/ceph: stderr
2023-09-21T12:47:34.149+0000 7fccb159a700 1 -- 172.21.15.142:0/4278312046 <== mon.0 v2:172.21.15.142:3300/0 1 ==== mon_map magic: 0 v1 ==== 205+0+0 (secure 0 0 0) 0x7fcca4004160 con 0x7fccb407beb0
2023-09-21T12:47:41.778 INFO:teuthology.orchestra.run.smithi142.stdout:/usr/bin/ceph: stderr
2023-09-21T12:47:34.149+0000 7fccb159a700 1 -- 172.21.15.142:0/4278312046 <== mon.0 v2:172.21.15.142:3300/0 2 ==== config(26 keys) v1 ==== 1105+0+0 (secure 0 0 0) 0x7fcca40042c0 con 0x7fccb407beb0
2023-09-21T12:47:41.778 INFO:teuthology.orchestra.run.smithi142.stdout:/usr/bin/ceph: stderr
2023-09-21T12:47:34.149+0000 7fccb159a700 1 -- 172.21.15.142:0/4278312046 <== mon.0 v2:172.21.15.142:3300/0 3 ==== mon_map magic: 0 v1 ==== 205+0+0 (secure 0 0 0) 0x7fcca40119b0 con 0x7fccb407beb0
2023-09-21T12:47:41.778 INFO:teuthology.orchestra.run.smithi142.stdout:/usr/bin/ceph: stderr
2023-09-21T12:47:34.150+0000 7fccb8f88700 1 -- 172.21.15.142:0/4278312046 >> [v2:172.21.15.142:3300/0,v1:172.21.15.142:6789/0] conn(0x7fccb407beb0 msgr2=0x7fccb407a310 secure :-1 s=STATE_CONNECTION_ESTABLISHED l=1).mark_down
2023-09-21T12:47:41.778 INFO:teuthology.orchestra.run.smithi142.stdout:/usr/bin/ceph: stderr
2023-09-21T12:47:34.150+0000 7fccb8f88700 1 --2- 172.21.15.142:0/4278312046 >> [v2:172.21.15.142:3300/0,v1:172.21.15.142:6789/0] conn(0x7fccb407beb0 0x7fccb407a310 secure :-1 s=READY pgs=59 cs=0 l=1 rev1=1 crypto rx=0x7fcca40098a0 tx=0x7fcca4009bb0 comp rx=0 tx=0).stop
2023-09-21T12:47:41.779 INFO:teuthology.orchestra.run.smithi142.stdout:/usr/bin/ceph: stderr
2023-09-21T12:47:34.150+0000 7fccb8f88700 1 -- 172.21.15.142:0/4278312046 shutdown_connections
2023-09-21T12:47:41.779 INFO:teuthology.orchestra.run.smithi142.stdout:/usr/bin/ceph: stderr
2023-09-21T12:47:34.150+0000 7fccb8f88700 1 --2- 172.21.15.142:0/4278312046 >> [v2:172.21.15.142:3300/0,v1:172.21.15.142:6789/0] conn(0x7fccb407beb0 0x7fccb407a310 unknown :-1 s=CLOSED pgs=59 cs=0 l=1 rev1=1 crypto rx=0 tx=0 comp rx=0 tx=0).stop
2023-09-21T12:47:41.779 INFO:teuthology.orchestra.run.smithi142.stdout:/usr/bin/ceph: stderr
2023-09-21T12:47:34.150+0000 7fccb8f88700 1 -- 172.21.15.142:0/4278312046 >> 172.21.15.142:0/4278312046 conn(0x7fccb4101ba0 msgr2=0x7fccb4103fe0 unknown :-1 s=STATE_NONE l=0).mark_down
2023-09-21T12:47:41.779 INFO:teuthology.orchestra.run.smithi142.stdout:/usr/bin/ceph: stderr
2023-09-21T12:47:34.150+0000 7fccb8f88700 1 -- 172.21.15.142:0/4278312046 shutdown_connections
2023-09-21T12:47:41.779 INFO:teuthology.orchestra.run.smithi142.stdout:/usr/bin/ceph: stderr
2023-09-21T12:47:34.150+0000 7fccb8f88700 1 -- 172.21.15.142:0/4278312046 wait complete.
2023-09-21T12:47:41.780 INFO:teuthology.orchestra.run.smithi142.stdout:/usr/bin/ceph: stderr
2023-09-21T12:47:34.151+0000 7fccb8f88700 1 Processor -- start
2023-09-21T12:47:41.780 INFO:teuthology.orchestra.run.smithi142.stdout:/usr/bin/ceph: stderr
2023-09-21T12:47:34.152+0000 7fccb8f88700 1 -- start start
2023-09-21T12:47:41.780 INFO:teuthology.orchestra.run.smithi142.stdout:/usr/bin/ceph: stderr
2023-09-21T12:47:34.152+0000 7fccb8f88700 1 --2- >> [v2:172.21.15.142:3300/0,v1:172.21.15.142:6789/0] conn(0x7fccb407beb0 0x7fccb419c750 unknown :-1 s=NONE pgs=0 cs=0 l=1 rev1=0 crypto rx=0 tx=0 comp rx=0 tx=0).connect
2023-09-21T12:47:41.780 INFO:teuthology.orchestra.run.smithi142.stdout:/usr/bin/ceph: stderr
2023-09-21T12:47:34.152+0000 7fccb8f88700 1 -- --> [v2:172.21.15.142:3300/0,v1:172.21.15.142:6789/0] -- mon_getmap magic: 0 v1 -- 0x7fccb419cc90 con 0x7fccb407beb0
2023-09-21T12:47:41.780 INFO:teuthology.orchestra.run.smithi142.stdout:/usr/bin/ceph: stderr
2023-09-21T12:47:34.152+0000 7fccb259c700 1 --2- >> [v2:172.21.15.142:3300/0,v1:172.21.15.142:6789/0] conn(0x7fccb407beb0 0x7fccb419c750 unknown :-1 s=BANNER_CONNECTING pgs=0 cs=0 l=1 rev1=0 crypto rx=0 tx=0 comp rx=0 tx=0)._handle_peer_banner_payload supported=3 required=0
2023-09-21T12:47:41.781 INFO:teuthology.orchestra.run.smithi142.stdout:/usr/bin/ceph: stderr
2023-09-21T12:47:34.152+0000 7fccb259c700 1 --2- >> [v2:172.21.15.142:3300/0,v1:172.21.15.142:6789/0] conn(0x7fccb407beb0 0x7fccb419c750 unknown :-1 s=HELLO_CONNECTING pgs=0 cs=0 l=1 rev1=1 crypto rx=0 tx=0 comp rx=0 tx=0).handle_hello peer v2:172.21.15.142:3300/0 says I am v2:172.21.15.142:60534/0 (socket says 172.21.15.142:60534)
2023-09-21T12:47:41.781 INFO:teuthology.orchestra.run.smithi142.stdout:/usr/bin/ceph: stderr
2023-09-21T12:47:34.152+0000 7fccb259c700 1 -- 172.21.15.142:0/4083349870 learned_addr learned my addr 172.21.15.142:0/4083349870 (peer_addr_for_me v2:172.21.15.142:0/0)
2023-09-21T12:47:41.781 INFO:teuthology.orchestra.run.smithi142.stdout:/usr/bin/ceph: stderr
2023-09-21T12:47:34.153+0000 7fccb259c700 1 -- 172.21.15.142:0/4083349870 --> [v2:172.21.15.142:3300/0,v1:172.21.15.142:6789/0] -- mon_subscribe({config=0+,monmap=0+}) v3 -- 0x7fcca4009550 con 0x7fccb407beb0
2023-09-21T12:47:41.781 INFO:teuthology.orchestra.run.smithi142.stdout:/usr/bin/ceph: stderr
2023-09-21T12:47:34.153+0000 7fccb259c700 1 --2- 172.21.15.142:0/4083349870 >> [v2:172.21.15.142:3300/0,v1:172.21.15.142:6789/0] conn(0x7fccb407beb0 0x7fccb419c750 secure :-1 s=READY pgs=60 cs=0 l=1 rev1=1 crypto rx=0x7fcca4000c00 tx=0x7fcca4011a30 comp rx=0 tx=0).ready entity=mon.0 client_cookie=0 server_cookie=0 in_seq=0 out_seq=0
2023-09-21T12:47:41.781 INFO:teuthology.orchestra.run.smithi142.stdout:/usr/bin/ceph: stderr
2023-09-21T12:47:34.153+0000 7fcca37fe700 1 -- 172.21.15.142:0/4083349870 <== mon.0 v2:172.21.15.142:3300/0 1 ==== mon_map magic: 0 v1 ==== 205+0+0 (secure 0 0 0) 0x7fcca40039f0 con 0x7fccb407beb0
2023-09-21T12:47:41.782 INFO:teuthology.orchestra.run.smithi142.stdout:/usr/bin/ceph: stderr
2023-09-21T12:47:34.153+0000 7fccb8f88700 1 -- 172.21.15.142:0/4083349870 --> [v2:172.21.15.142:3300/0,v1:172.21.15.142:6789/0] -- mon_subscribe({mgrmap=0+}) v3 -- 0x7fccb419ce90 con 0x7fccb407beb0
2023-09-21T12:47:41.782 INFO:teuthology.orchestra.run.smithi142.stdout:/usr/bin/ceph: stderr
2023-09-21T12:47:34.153+0000 7fcca37fe700 1 -- 172.21.15.142:0/4083349870 <== mon.0 v2:172.21.15.142:3300/0 2 ==== config(26 keys) v1 ==== 1105+0+0 (secure 0 0 0) 0x7fcca4003b50 con 0x7fccb407beb0
2023-09-21T12:47:41.782 INFO:teuthology.orchestra.run.smithi142.stdout:/usr/bin/ceph: stderr
2023-09-21T12:47:34.153+0000 7fcca37fe700 1 -- 172.21.15.142:0/4083349870 <== mon.0 v2:172.21.15.142:3300/0 3 ==== mon_map magic: 0 v1 ==== 205+0+0 (secure 0 0 0) 0x7fcca401a780 con 0x7fccb407beb0
2023-09-21T12:47:41.782 INFO:teuthology.orchestra.run.smithi142.stdout:/usr/bin/ceph: stderr
2023-09-21T12:47:34.153+0000 7fccb8f88700 1 -- 172.21.15.142:0/4083349870 --> [v2:172.21.15.142:3300/0,v1:172.21.15.142:6789/0] -- mon_subscribe({osdmap=0}) v3 -- 0x7fccb419d2b0 con 0x7fccb407beb0
2023-09-21T12:47:41.782 INFO:teuthology.orchestra.run.smithi142.stdout:/usr/bin/ceph: stderr
2023-09-21T12:47:34.154+0000 7fcca37fe700 1 -- 172.21.15.142:0/4083349870 <== mon.0 v2:172.21.15.142:3300/0 4 ==== mgrmap(e 9) v1 ==== 45344+0+0 (secure 0 0 0) 0x7fcca4024440 con 0x7fccb407beb0
2023-09-21T12:47:41.783 INFO:teuthology.orchestra.run.smithi142.stdout:/usr/bin/ceph: stderr
2023-09-21T12:47:34.155+0000 7fcca37fe700 1 --2- 172.21.15.142:0/4083349870 >> [v2:172.21.15.142:6800/3720958087,v1:172.21.15.142:6801/3720958087] conn(0x7fcc9c038470 0x7fcc9c03a930 unknown :-1 s=NONE pgs=0 cs=0 l=1 rev1=0 crypto rx=0 tx=0 comp rx=0 tx=0).connect
2023-09-21T12:47:41.783 INFO:teuthology.orchestra.run.smithi142.stdout:/usr/bin/ceph: stderr
2023-09-21T12:47:34.155+0000 7fcca37fe700 1 -- 172.21.15.142:0/4083349870 --> [v2:172.21.15.142:6800/3720958087,v1:172.21.15.142:6801/3720958087] -- command(tid 0: {"prefix": "get_command_descriptions"}) v1 -- 0x7fcc9c03b040 con 0x7fcc9c038470
2023-09-21T12:47:41.783 INFO:teuthology.orchestra.run.smithi142.stdout:/usr/bin/ceph: stderr
2023-09-21T12:47:34.155+0000 7fcca37fe700 1 -- 172.21.15.142:0/4083349870 <== mon.0 v2:172.21.15.142:3300/0 5 ==== osd_map(2..2 src has 1..2) v4 ==== 940+0+0 (secure 0 0 0) 0x7fcca404c320 con 0x7fccb407beb0
2023-09-21T12:47:41.783 INFO:teuthology.orchestra.run.smithi142.stdout:/usr/bin/ceph: stderr
2023-09-21T12:47:34.155+0000 7fccb1d9b700 1 -- 172.21.15.142:0/4083349870 >> [v2:172.21.15.142:6800/3720958087,v1:172.21.15.142:6801/3720958087] conn(0x7fcc9c038470 msgr2=0x7fcc9c03a930 unknown :-1 s=STATE_CONNECTING_RE l=1).process reconnect failed to v2:172.21.15.142:6800/3720958087
2023-09-21T12:47:41.784 INFO:teuthology.orchestra.run.smithi142.stdout:/usr/bin/ceph: stderr
2023-09-21T12:47:34.155+0000 7fccb1d9b700 1 --2- 172.21.15.142:0/4083349870 >> [v2:172.21.15.142:6800/3720958087,v1:172.21.15.142:6801/3720958087] conn(0x7fcc9c038470 0x7fcc9c03a930 unknown :-1 s=START_CONNECT pgs=0 cs=0 l=1 rev1=0 crypto rx=0 tx=0 comp rx=0 tx=0)._fault waiting 0.200000
2023-09-21T12:47:41.784 INFO:teuthology.orchestra.run.smithi142.stdout:/usr/bin/ceph: stderr
2023-09-21T12:47:34.356+0000 7fccb1d9b700 1 -- 172.21.15.142:0/4083349870 >> [v2:172.21.15.142:6800/3720958087,v1:172.21.15.142:6801/3720958087] conn(0x7fcc9c038470 msgr2=0x7fcc9c03a930 unknown :-1 s=STATE_CONNECTING_RE l=1).process reconnect failed to v2:172.21.15.142:6800/3720958087
2023-09-21T12:47:41.784 INFO:teuthology.orchestra.run.smithi142.stdout:/usr/bin/ceph: stderr
2023-09-21T12:47:34.356+0000 7fccb1d9b700 1 --2- 172.21.15.142:0/4083349870 >> [v2:172.21.15.142:6800/3720958087,v1:172.21.15.142:6801/3720958087] conn(0x7fcc9c038470 0x7fcc9c03a930 unknown :-1 s=START_CONNECT pgs=0 cs=0 l=1 rev1=0 crypto rx=0 tx=0 comp rx=0 tx=0)._fault waiting 0.400000
2023-09-21T12:47:41.784 INFO:teuthology.orchestra.run.smithi142.stdout:/usr/bin/ceph: stderr
2023-09-21T12:47:34.757+0000 7fccb1d9b700 1 -- 172.21.15.142:0/4083349870 >> [v2:172.21.15.142:6800/3720958087,v1:172.21.15.142:6801/3720958087] conn(0x7fcc9c038470 msgr2=0x7fcc9c03a930 unknown :-1 s=STATE_CONNECTING_RE l=1).process reconnect failed to v2:172.21.15.142:6800/3720958087
2023-09-21T12:47:41.784 INFO:teuthology.orchestra.run.smithi142.stdout:/usr/bin/ceph: stderr
2023-09-21T12:47:34.757+0000 7fccb1d9b700 1 --2- 172.21.15.142:0/4083349870 >> [v2:172.21.15.142:6800/3720958087,v1:172.21.15.142:6801/3720958087] conn(0x7fcc9c038470 0x7fcc9c03a930 unknown :-1 s=START_CONNECT pgs=0 cs=0 l=1 rev1=0 crypto rx=0 tx=0 comp rx=0 tx=0)._fault waiting 0.800000
2023-09-21T12:47:41.785 INFO:teuthology.orchestra.run.smithi142.stdout:/usr/bin/ceph: stderr
2023-09-21T12:47:35.558+0000 7fccb1d9b700 1 -- 172.21.15.142:0/4083349870 >> [v2:172.21.15.142:6800/3720958087,v1:172.21.15.142:6801/3720958087] conn(0x7fcc9c038470 msgr2=0x7fcc9c03a930 unknown :-1 s=STATE_CONNECTING_RE l=1).process reconnect failed to v2:172.21.15.142:6800/3720958087
2023-09-21T12:47:41.785 INFO:teuthology.orchestra.run.smithi142.stdout:/usr/bin/ceph: stderr
2023-09-21T12:47:35.558+0000 7fccb1d9b700 1 --2- 172.21.15.142:0/4083349870 >> [v2:172.21.15.142:6800/3720958087,v1:172.21.15.142:6801/3720958087] conn(0x7fcc9c038470 0x7fcc9c03a930 unknown :-1 s=START_CONNECT pgs=0 cs=0 l=1 rev1=0 crypto rx=0 tx=0 comp rx=0 tx=0)._fault waiting 1.600000
2023-09-21T12:47:41.785 INFO:teuthology.orchestra.run.smithi142.stdout:/usr/bin/ceph: stderr
2023-09-21T12:47:37.159+0000 7fccb1d9b700 1 -- 172.21.15.142:0/4083349870 >> [v2:172.21.15.142:6800/3720958087,v1:172.21.15.142:6801/3720958087] conn(0x7fcc9c038470 msgr2=0x7fcc9c03a930 unknown :-1 s=STATE_CONNECTING_RE l=1).process reconnect failed to v2:172.21.15.142:6800/3720958087
2023-09-21T12:47:41.785 INFO:teuthology.orchestra.run.smithi142.stdout:/usr/bin/ceph: stderr
2023-09-21T12:47:37.160+0000 7fccb1d9b700 1 --2- 172.21.15.142:0/4083349870 >> [v2:172.21.15.142:6800/3720958087,v1:172.21.15.142:6801/3720958087] conn(0x7fcc9c038470 0x7fcc9c03a930 unknown :-1 s=START_CONNECT pgs=0 cs=0 l=1 rev1=0 crypto rx=0 tx=0 comp rx=0 tx=0)._fault waiting 3.200000
2023-09-21T12:47:41.785 INFO:teuthology.orchestra.run.smithi142.stdout:/usr/bin/ceph: stderr
2023-09-21T12:47:40.291+0000 7fcca37fe700 1 -- 172.21.15.142:0/4083349870 <== mon.0 v2:172.21.15.142:3300/0 6 ==== mgrmap(e 10) v1 ==== 45111+0+0 (secure 0 0 0) 0x7fcca402d910 con 0x7fccb407beb0
2023-09-21T12:47:41.786 INFO:teuthology.orchestra.run.smithi142.stdout:/usr/bin/ceph: stderr
2023-09-21T12:47:40.291+0000 7fcca37fe700 1 -- 172.21.15.142:0/4083349870 >> [v2:172.21.15.142:6800/3720958087,v1:172.21.15.142:6801/3720958087] conn(0x7fcc9c038470 msgr2=0x7fcc9c03a930 unknown :-1 s=STATE_CONNECTING l=1).mark_down
2023-09-21T12:47:41.786 INFO:teuthology.orchestra.run.smithi142.stdout:/usr/bin/ceph: stderr
2023-09-21T12:47:40.291+0000 7fcca37fe700 1 --2- 172.21.15.142:0/4083349870 >> [v2:172.21.15.142:6800/3720958087,v1:172.21.15.142:6801/3720958087] conn(0x7fcc9c038470 0x7fcc9c03a930 unknown :-1 s=START_CONNECT pgs=0 cs=0 l=1 rev1=0 crypto rx=0 tx=0 comp rx=0 tx=0).stop
2023-09-21T12:47:41.786 INFO:teuthology.orchestra.run.smithi142.stdout:/usr/bin/ceph: stderr
2023-09-21T12:47:41.293+0000 7fcca37fe700 1 -- 172.21.15.142:0/4083349870 <== mon.0 v2:172.21.15.142:3300/0 7 ==== mgrmap(e 11) v1 ==== 45238+0+0 (secure 0 0 0) 0x7fcca404df90 con 0x7fccb407beb0
2023-09-21T12:47:41.786 INFO:teuthology.orchestra.run.smithi142.stdout:/usr/bin/ceph: stderr
2023-09-21T12:47:41.293+0000 7fcca37fe700 1 --2- 172.21.15.142:0/4083349870 >> [v2:172.21.15.142:6800/3499877374,v1:172.21.15.142:6801/3499877374] conn(0x7fcc9c03bee0 0x7fcc9c03e2d0 unknown :-1 s=NONE pgs=0 cs=0 l=1 rev1=0 crypto rx=0 tx=0 comp rx=0 tx=0).connect
2023-09-21T12:47:41.786 INFO:teuthology.orchestra.run.smithi142.stdout:/usr/bin/ceph: stderr
2023-09-21T12:47:41.293+0000 7fcca37fe700 1 -- 172.21.15.142:0/4083349870 --> [v2:172.21.15.142:6800/3499877374,v1:172.21.15.142:6801/3499877374] -- command(tid 0: {"prefix": "get_command_descriptions"}) v1 -- 0x7fcc9c03b040 con 0x7fcc9c03bee0
2023-09-21T12:47:41.787 INFO:teuthology.orchestra.run.smithi142.stdout:/usr/bin/ceph: stderr
2023-09-21T12:47:41.294+0000 7fccb1d9b700 1 --2- 172.21.15.142:0/4083349870 >> [v2:172.21.15.142:6800/3499877374,v1:172.21.15.142:6801/3499877374] conn(0x7fcc9c03bee0 0x7fcc9c03e2d0 unknown :-1 s=BANNER_CONNECTING pgs=0 cs=0 l=1 rev1=0 crypto rx=0 tx=0 comp rx=0 tx=0)._handle_peer_banner_payload supported=3 required=0
2023-09-21T12:47:41.787 INFO:teuthology.orchestra.run.smithi142.stdout:/usr/bin/ceph: stderr
2023-09-21T12:47:41.295+0000 7fccb1d9b700 1 --2- 172.21.15.142:0/4083349870 >> [v2:172.21.15.142:6800/3499877374,v1:172.21.15.142:6801/3499877374] conn(0x7fcc9c03bee0 0x7fcc9c03e2d0 secure :-1 s=READY pgs=1 cs=0 l=1 rev1=1 crypto rx=0x7fcca8003a10 tx=0x7fcca80092b0 comp rx=0 tx=0).ready entity=mgr.14150 client_cookie=0 server_cookie=0 in_seq=0 out_seq=0
2023-09-21T12:47:41.787 INFO:teuthology.orchestra.run.smithi142.stdout:/usr/bin/ceph: stderr
2023-09-21T12:47:41.295+0000 7fcca37fe700 1 -- 172.21.15.142:0/4083349870 <== mgr.14150 v2:172.21.15.142:6800/3499877374 1 ==== command_reply(tid 0: 0 ) v1 ==== 8+0+6910 (secure 0 0 0) 0x7fcc9c03b040 con 0x7fcc9c03bee0
2023-09-21T12:47:41.787 INFO:teuthology.orchestra.run.smithi142.stdout:/usr/bin/ceph: stderr
2023-09-21T12:47:41.302+0000 7fccb8f88700 1 -- 172.21.15.142:0/4083349870 --> [v2:172.21.15.142:6800/3499877374,v1:172.21.15.142:6801/3499877374] -- command(tid 1: {"prefix": "mgr_status"}) v1 -- 0x7fccb419da90 con 0x7fcc9c03bee0
2023-09-21T12:47:41.787 INFO:teuthology.orchestra.run.smithi142.stdout:/usr/bin/ceph: stderr
2023-09-21T12:47:41.303+0000 7fcca37fe700 1 -- 172.21.15.142:0/4083349870 <== mgr.14150 v2:172.21.15.142:6800/3499877374 2 ==== command_reply(tid 1: 0 ) v1 ==== 8+0+52 (secure 0 0 0) 0x7fccb419da90 con 0x7fcc9c03bee0
2023-09-21T12:47:41.788 INFO:teuthology.orchestra.run.smithi142.stdout:/usr/bin/ceph: stderr
2023-09-21T12:47:41.303+0000 7fccb8f88700 1 -- 172.21.15.142:0/4083349870 >> [v2:172.21.15.142:6800/3499877374,v1:172.21.15.142:6801/3499877374] conn(0x7fcc9c03bee0 msgr2=0x7fcc9c03e2d0 secure :-1 s=STATE_CONNECTION_ESTABLISHED l=1).mark_down
2023-09-21T12:47:41.788 INFO:teuthology.orchestra.run.smithi142.stdout:/usr/bin/ceph: stderr
2023-09-21T12:47:41.303+0000 7fccb8f88700 1 --2- 172.21.15.142:0/4083349870 >> [v2:172.21.15.142:6800/3499877374,v1:172.21.15.142:6801/3499877374] conn(0x7fcc9c03bee0 0x7fcc9c03e2d0 secure :-1 s=READY pgs=1 cs=0 l=1 rev1=1 crypto rx=0x7fcca8003a10 tx=0x7fcca80092b0 comp rx=0 tx=0).stop
2023-09-21T12:47:41.788 INFO:teuthology.orchestra.run.smithi142.stdout:/usr/bin/ceph: stderr
2023-09-21T12:47:41.303+0000 7fccb8f88700 1 -- 172.21.15.142:0/4083349870 >> [v2:172.21.15.142:3300/0,v1:172.21.15.142:6789/0] conn(0x7fccb407beb0 msgr2=0x7fccb419c750 secure :-1 s=STATE_CONNECTION_ESTABLISHED l=1).mark_down
2023-09-21T12:47:41.788 INFO:teuthology.orchestra.run.smithi142.stdout:/usr/bin/ceph: stderr
2023-09-21T12:47:41.303+0000 7fccb8f88700 1 --2- 172.21.15.142:0/4083349870 >> [v2:172.21.15.142:3300/0,v1:172.21.15.142:6789/0] conn(0x7fccb407beb0 0x7fccb419c750 secure :-1 s=READY pgs=60 cs=0 l=1 rev1=1 crypto rx=0x7fcca4000c00 tx=0x7fcca4011a30 comp rx=0 tx=0).stop
2023-09-21T12:47:41.788 INFO:teuthology.orchestra.run.smithi142.stdout:/usr/bin/ceph: stderr
2023-09-21T12:47:41.303+0000 7fccb8f88700 1 -- 172.21.15.142:0/4083349870 shutdown_connections
2023-09-21T12:47:41.789 INFO:teuthology.orchestra.run.smithi142.stdout:/usr/bin/ceph: stderr
2023-09-21T12:47:41.303+0000 7fccb8f88700 1 --2- 172.21.15.142:0/4083349870 >> [v2:172.21.15.142:3300/0,v1:172.21.15.142:6789/0] conn(0x7fccb407beb0 0x7fccb419c750 unknown :-1 s=CLOSED pgs=60 cs=0 l=1 rev1=1 crypto rx=0 tx=0 comp rx=0 tx=0).stop
2023-09-21T12:47:41.789 INFO:teuthology.orchestra.run.smithi142.stdout:/usr/bin/ceph: stderr
2023-09-21T12:47:41.303+0000 7fccb8f88700 1 --2- 172.21.15.142:0/4083349870 >> [v2:172.21.15.142:6800/3499877374,v1:172.21.15.142:6801/3499877374] conn(0x7fcc9c03bee0 0x7fcc9c03e2d0 unknown :-1 s=CLOSED pgs=1 cs=0 l=1 rev1=1 crypto rx=0 tx=0 comp rx=0 tx=0).stop
2023-09-21T12:47:41.789 INFO:teuthology.orchestra.run.smithi142.stdout:/usr/bin/ceph: stderr
2023-09-21T12:47:41.303+0000 7fccb8f88700 1 --2- 172.21.15.142:0/4083349870 >> [v2:172.21.15.142:6800/3720958087,v1:172.21.15.142:6801/3720958087] conn(0x7fcc9c038470 0x7fcc9c03a930 unknown :-1 s=CLOSED pgs=0 cs=0 l=1 rev1=0 crypto rx=0 tx=0 comp rx=0 tx=0).stop
2023-09-21T12:47:41.789 INFO:teuthology.orchestra.run.smithi142.stdout:/usr/bin/ceph: stderr
2023-09-21T12:47:41.303+0000 7fccb8f88700 1 -- 172.21.15.142:0/4083349870 >> 172.21.15.142:0/4083349870 conn(0x7fccb4101ba0 msgr2=0x7fccb4102a80 unknown :-1 s=STATE_NONE l=0).mark_down
2023-09-21T12:47:41.789 INFO:teuthology.orchestra.run.smithi142.stdout:/usr/bin/ceph: stderr
2023-09-21T12:47:41.303+0000 7fccb8f88700 1 -- 172.21.15.142:0/4083349870 shutdown_connections
2023-09-21T12:47:41.790 INFO:teuthology.orchestra.run.smithi142.stdout:/usr/bin/ceph: stderr
2023-09-21T12:47:41.304+0000 7fccb8f88700 1 -- 172.21.15.142:0/4083349870 wait complete.
2023-09-21T12:47:41.790 INFO:teuthology.orchestra.run.smithi142.stdout:mgr epoch 9 is available
2023-09-21T12:47:41.790 INFO:teuthology.orchestra.run.smithi142.stdout:Generating a dashboard self-signed certificate...
2023-09-21T12:47:42.416 INFO:journalctl@ceph.mon.a.smithi142.stdout:Sep 21 12:47:42 smithi142 ceph-mon[97663]: [21/Sep/2023:12:47:41] ENGINE Bus STARTING
2023-09-21T12:47:42.416 INFO:journalctl@ceph.mon.a.smithi142.stdout:Sep 21 12:47:42 smithi142 ceph-mon[97663]: from='client.14154 -' entity='client.admin' cmd=[{"prefix": "get_command_descriptions"}]: dispatch
2023-09-21T12:47:42.417 INFO:journalctl@ceph.mon.a.smithi142.stdout:Sep 21 12:47:42 smithi142 ceph-mon[97663]: from='client.14154 -' entity='client.admin' cmd=[{"prefix": "mgr_status"}]: dispatch
2023-09-21T12:47:42.417 INFO:journalctl@ceph.mon.a.smithi142.stdout:Sep 21 12:47:42 smithi142 ceph-mon[97663]: [21/Sep/2023:12:47:41] ENGINE Serving on http://172.21.15.142:8765
2023-09-21T12:47:42.417 INFO:journalctl@ceph.mon.a.smithi142.stdout:Sep 21 12:47:42 smithi142 ceph-mon[97663]: [21/Sep/2023:12:47:41] ENGINE Serving on https://172.21.15.142:7150
2023-09-21T12:47:42.417 INFO:journalctl@ceph.mon.a.smithi142.stdout:Sep 21 12:47:42 smithi142 ceph-mon[97663]: [21/Sep/2023:12:47:41] ENGINE Bus STARTED
2023-09-21T12:47:43.460 INFO:teuthology.orchestra.run.smithi142.stdout:/usr/bin/ceph: stdout Self-signed certificate created
2023-09-21T12:47:43.460 INFO:teuthology.orchestra.run.smithi142.stdout:/usr/bin/ceph: stderr
2023-09-21T12:47:42.489+0000 7fbdc734d700 1 Processor -- start
2023-09-21T12:47:43.460 INFO:teuthology.orchestra.run.smithi142.stdout:/usr/bin/ceph: stderr
2023-09-21T12:47:42.490+0000 7fbdc734d700 1 -- start start
2023-09-21T12:47:43.460 INFO:teuthology.orchestra.run.smithi142.stdout:/usr/bin/ceph: stderr
2023-09-21T12:47:42.490+0000 7fbdc734d700 1 --2- >> [v2:172.21.15.142:3300/0,v1:172.21.15.142:6789/0] conn(0x7fbdc007beb0 0x7fbdc007a310 unknown :-1 s=NONE pgs=0 cs=0 l=0 rev1=0 crypto rx=0 tx=0 comp rx=0 tx=0).connect
2023-09-21T12:47:43.461 INFO:teuthology.orchestra.run.smithi142.stdout:/usr/bin/ceph: stderr
2023-09-21T12:47:42.490+0000 7fbdc734d700 1 -- --> [v2:172.21.15.142:3300/0,v1:172.21.15.142:6789/0] -- mon_getmap magic: 0 v1 -- 0x7fbdc007a8e0 con 0x7fbdc007beb0
2023-09-21T12:47:43.461 INFO:teuthology.orchestra.run.smithi142.stdout:/usr/bin/ceph: stderr
2023-09-21T12:47:42.490+0000 7fbdc50e9700 1 --2- >> [v2:172.21.15.142:3300/0,v1:172.21.15.142:6789/0] conn(0x7fbdc007beb0 0x7fbdc007a310 unknown :-1 s=BANNER_CONNECTING pgs=0 cs=0 l=0 rev1=0 crypto rx=0 tx=0 comp rx=0 tx=0)._handle_peer_banner_payload supported=3 required=0
2023-09-21T12:47:43.461 INFO:teuthology.orchestra.run.smithi142.stdout:/usr/bin/ceph: stderr
2023-09-21T12:47:42.490+0000 7fbdc50e9700 1 --2- >> [v2:172.21.15.142:3300/0,v1:172.21.15.142:6789/0] conn(0x7fbdc007beb0 0x7fbdc007a310 unknown :-1 s=HELLO_CONNECTING pgs=0 cs=0 l=0 rev1=1 crypto rx=0 tx=0 comp rx=0 tx=0).handle_hello peer v2:172.21.15.142:3300/0 says I am v2:172.21.15.142:60602/0 (socket says 172.21.15.142:60602)
2023-09-21T12:47:43.461 INFO:teuthology.orchestra.run.smithi142.stdout:/usr/bin/ceph: stderr
2023-09-21T12:47:42.490+0000 7fbdc50e9700 1 -- 172.21.15.142:0/929545852 learned_addr learned my addr 172.21.15.142:0/929545852 (peer_addr_for_me v2:172.21.15.142:0/0)
2023-09-21T12:47:43.461 INFO:teuthology.orchestra.run.smithi142.stdout:/usr/bin/ceph: stderr
2023-09-21T12:47:42.491+0000 7fbdc50e9700 1 -- 172.21.15.142:0/929545852 --> [v2:172.21.15.142:3300/0,v1:172.21.15.142:6789/0] -- mon_subscribe({config=0+,monmap=0+}) v3 -- 0x7fbdc007aa20 con 0x7fbdc007beb0
2023-09-21T12:47:43.462 INFO:teuthology.orchestra.run.smithi142.stdout:/usr/bin/ceph: stderr
2023-09-21T12:47:42.491+0000 7fbdc50e9700 1 --2- 172.21.15.142:0/929545852 >> [v2:172.21.15.142:3300/0,v1:172.21.15.142:6789/0] conn(0x7fbdc007beb0 0x7fbdc007a310 secure :-1 s=READY pgs=68 cs=0 l=1 rev1=1 crypto rx=0x7fbdbc0098a0 tx=0x7fbdbc009bb0 comp rx=0 tx=0).ready entity=mon.0 client_cookie=129f582fec3062a1 server_cookie=0 in_seq=0 out_seq=0
2023-09-21T12:47:43.462 INFO:teuthology.orchestra.run.smithi142.stdout:/usr/bin/ceph: stderr
2023-09-21T12:47:42.491+0000 7fbdb7fff700 1 -- 172.21.15.142:0/929545852 <== mon.0 v2:172.21.15.142:3300/0 1 ==== mon_map magic: 0 v1 ==== 205+0+0 (secure 0 0 0) 0x7fbdbc004160 con 0x7fbdc007beb0
2023-09-21T12:47:43.462 INFO:teuthology.orchestra.run.smithi142.stdout:/usr/bin/ceph: stderr
2023-09-21T12:47:42.491+0000 7fbdb7fff700 1 -- 172.21.15.142:0/929545852 <== mon.0 v2:172.21.15.142:3300/0 2 ==== config(26 keys) v1 ==== 1105+0+0 (secure 0 0 0) 0x7fbdbc0042c0 con 0x7fbdc007beb0
2023-09-21T12:47:43.462 INFO:teuthology.orchestra.run.smithi142.stdout:/usr/bin/ceph: stderr
2023-09-21T12:47:42.491+0000 7fbdb7fff700 1 -- 172.21.15.142:0/929545852 <== mon.0 v2:172.21.15.142:3300/0 3 ==== mon_map magic: 0 v1 ==== 205+0+0 (secure 0 0 0) 0x7fbdbc0119b0 con 0x7fbdc007beb0
2023-09-21T12:47:43.463 INFO:teuthology.orchestra.run.smithi142.stdout:/usr/bin/ceph: stderr
2023-09-21T12:47:42.492+0000 7fbdc734d700 1 -- 172.21.15.142:0/929545852 >> [v2:172.21.15.142:3300/0,v1:172.21.15.142:6789/0] conn(0x7fbdc007beb0 msgr2=0x7fbdc007a310 secure :-1 s=STATE_CONNECTION_ESTABLISHED l=1).mark_down
2023-09-21T12:47:43.463 INFO:teuthology.orchestra.run.smithi142.stdout:/usr/bin/ceph: stderr
2023-09-21T12:47:42.492+0000 7fbdc734d700 1 --2- 172.21.15.142:0/929545852 >> [v2:172.21.15.142:3300/0,v1:172.21.15.142:6789/0] conn(0x7fbdc007beb0 0x7fbdc007a310 secure :-1 s=READY pgs=68 cs=0 l=1 rev1=1 crypto rx=0x7fbdbc0098a0 tx=0x7fbdbc009bb0 comp rx=0 tx=0).stop
2023-09-21T12:47:43.463 INFO:teuthology.orchestra.run.smithi142.stdout:/usr/bin/ceph: stderr
2023-09-21T12:47:42.492+0000 7fbdc734d700 1 -- 172.21.15.142:0/929545852 shutdown_connections
2023-09-21T12:47:43.463 INFO:teuthology.orchestra.run.smithi142.stdout:/usr/bin/ceph: stderr
2023-09-21T12:47:42.492+0000 7fbdc734d700 1 --2- 172.21.15.142:0/929545852 >> [v2:172.21.15.142:3300/0,v1:172.21.15.142:6789/0] conn(0x7fbdc007beb0 0x7fbdc007a310 unknown :-1 s=CLOSED pgs=68 cs=0 l=1 rev1=1 crypto rx=0 tx=0 comp rx=0 tx=0).stop
2023-09-21T12:47:43.463 INFO:teuthology.orchestra.run.smithi142.stdout:/usr/bin/ceph: stderr
2023-09-21T12:47:42.492+0000 7fbdc734d700 1 -- 172.21.15.142:0/929545852 >> 172.21.15.142:0/929545852 conn(0x7fbdc0101ba0 msgr2=0x7fbdc0103fe0 unknown :-1 s=STATE_NONE l=0).mark_down
2023-09-21T12:47:43.464 INFO:teuthology.orchestra.run.smithi142.stdout:/usr/bin/ceph: stderr
2023-09-21T12:47:42.492+0000 7fbdc734d700 1 -- 172.21.15.142:0/929545852 shutdown_connections
2023-09-21T12:47:43.464 INFO:teuthology.orchestra.run.smithi142.stdout:/usr/bin/ceph: stderr
2023-09-21T12:47:42.492+0000 7fbdc734d700 1 -- 172.21.15.142:0/929545852 wait complete.
2023-09-21T12:47:43.464 INFO:teuthology.orchestra.run.smithi142.stdout:/usr/bin/ceph: stderr
2023-09-21T12:47:42.493+0000 7fbdc734d700 1 Processor -- start
2023-09-21T12:47:43.464 INFO:teuthology.orchestra.run.smithi142.stdout:/usr/bin/ceph: stderr
2023-09-21T12:47:42.494+0000 7fbdc734d700 1 -- start start
2023-09-21T12:47:43.464 INFO:teuthology.orchestra.run.smithi142.stdout:/usr/bin/ceph: stderr
2023-09-21T12:47:42.494+0000 7fbdc734d700 1 --2- >> [v2:172.21.15.142:3300/0,v1:172.21.15.142:6789/0] conn(0x7fbdc007beb0 0x7fbdc019c750 unknown :-1 s=NONE pgs=0 cs=0 l=1 rev1=0 crypto rx=0 tx=0 comp rx=0 tx=0).connect
2023-09-21T12:47:43.465 INFO:teuthology.orchestra.run.smithi142.stdout:/usr/bin/ceph: stderr
2023-09-21T12:47:42.494+0000 7fbdc734d700 1 -- --> [v2:172.21.15.142:3300/0,v1:172.21.15.142:6789/0] -- mon_getmap magic: 0 v1 -- 0x7fbdc019cc90 con 0x7fbdc007beb0
2023-09-21T12:47:43.465 INFO:teuthology.orchestra.run.smithi142.stdout:/usr/bin/ceph: stderr
2023-09-21T12:47:42.494+0000 7fbdc50e9700 1 --2- >> [v2:172.21.15.142:3300/0,v1:172.21.15.142:6789/0] conn(0x7fbdc007beb0 0x7fbdc019c750 unknown :-1 s=BANNER_CONNECTING pgs=0 cs=0 l=1 rev1=0 crypto rx=0 tx=0 comp rx=0 tx=0)._handle_peer_banner_payload supported=3 required=0
2023-09-21T12:47:43.465 INFO:teuthology.orchestra.run.smithi142.stdout:/usr/bin/ceph: stderr
2023-09-21T12:47:42.494+0000 7fbdc50e9700 1 --2- >> [v2:172.21.15.142:3300/0,v1:172.21.15.142:6789/0] conn(0x7fbdc007beb0 0x7fbdc019c750 unknown :-1 s=HELLO_CONNECTING pgs=0 cs=0 l=1 rev1=1 crypto rx=0 tx=0 comp rx=0 tx=0).handle_hello peer v2:172.21.15.142:3300/0 says I am v2:172.21.15.142:60608/0 (socket says 172.21.15.142:60608)
2023-09-21T12:47:43.465 INFO:teuthology.orchestra.run.smithi142.stdout:/usr/bin/ceph: stderr
2023-09-21T12:47:42.494+0000 7fbdc50e9700 1 -- 172.21.15.142:0/943740577 learned_addr learned my addr 172.21.15.142:0/943740577 (peer_addr_for_me v2:172.21.15.142:0/0)
2023-09-21T12:47:43.465 INFO:teuthology.orchestra.run.smithi142.stdout:/usr/bin/ceph: stderr
2023-09-21T12:47:42.495+0000 7fbdc50e9700 1 -- 172.21.15.142:0/943740577 --> [v2:172.21.15.142:3300/0,v1:172.21.15.142:6789/0] -- mon_subscribe({config=0+,monmap=0+}) v3 -- 0x7fbdbc009550 con 0x7fbdc007beb0
2023-09-21T12:47:43.466 INFO:teuthology.orchestra.run.smithi142.stdout:/usr/bin/ceph: stderr
2023-09-21T12:47:42.495+0000 7fbdc50e9700 1 --2- 172.21.15.142:0/943740577 >> [v2:172.21.15.142:3300/0,v1:172.21.15.142:6789/0] conn(0x7fbdc007beb0 0x7fbdc019c750 secure :-1 s=READY pgs=69 cs=0 l=1 rev1=1 crypto rx=0x7fbdbc000c00 tx=0x7fbdbc011a30 comp rx=0 tx=0).ready entity=mon.0 client_cookie=0 server_cookie=0 in_seq=0 out_seq=0
2023-09-21T12:47:43.466 INFO:teuthology.orchestra.run.smithi142.stdout:/usr/bin/ceph: stderr
2023-09-21T12:47:42.495+0000 7fbdb67fc700 1 -- 172.21.15.142:0/943740577 <== mon.0 v2:172.21.15.142:3300/0 1 ==== mon_map magic: 0 v1 ==== 205+0+0 (secure 0 0 0) 0x7fbdbc0039f0 con 0x7fbdc007beb0
2023-09-21T12:47:43.466 INFO:teuthology.orchestra.run.smithi142.stdout:/usr/bin/ceph: stderr
2023-09-21T12:47:42.495+0000 7fbdb67fc700 1 -- 172.21.15.142:0/943740577 <== mon.0 v2:172.21.15.142:3300/0 2 ==== config(26 keys) v1 ==== 1105+0+0 (secure 0 0 0) 0x7fbdbc003b50 con 0x7fbdc007beb0
2023-09-21T12:47:43.466 INFO:teuthology.orchestra.run.smithi142.stdout:/usr/bin/ceph: stderr
2023-09-21T12:47:42.495+0000 7fbdc734d700 1 -- 172.21.15.142:0/943740577 --> [v2:172.21.15.142:3300/0,v1:172.21.15.142:6789/0] -- mon_subscribe({mgrmap=0+}) v3 -- 0x7fbdc019ce90 con 0x7fbdc007beb0
2023-09-21T12:47:43.466 INFO:teuthology.orchestra.run.smithi142.stdout:/usr/bin/ceph: stderr
2023-09-21T12:47:42.495+0000 7fbdb67fc700 1 -- 172.21.15.142:0/943740577 <== mon.0 v2:172.21.15.142:3300/0 3 ==== mon_map magic: 0 v1 ==== 205+0+0 (secure 0 0 0) 0x7fbdbc01a780 con 0x7fbdc007beb0
2023-09-21T12:47:43.467 INFO:teuthology.orchestra.run.smithi142.stdout:/usr/bin/ceph: stderr
2023-09-21T12:47:42.495+0000 7fbdc734d700 1 -- 172.21.15.142:0/943740577 --> [v2:172.21.15.142:3300/0,v1:172.21.15.142:6789/0] -- mon_subscribe({osdmap=0}) v3 -- 0x7fbdc019d2b0 con 0x7fbdc007beb0
2023-09-21T12:47:43.467 INFO:teuthology.orchestra.run.smithi142.stdout:/usr/bin/ceph: stderr
2023-09-21T12:47:42.496+0000 7fbdb67fc700 1 -- 172.21.15.142:0/943740577 <== mon.0 v2:172.21.15.142:3300/0 4 ==== mgrmap(e 12) v1 ==== 45344+0+0 (secure 0 0 0) 0x7fbdbc024440 con 0x7fbdc007beb0
2023-09-21T12:47:43.467 INFO:teuthology.orchestra.run.smithi142.stdout:/usr/bin/ceph: stderr
2023-09-21T12:47:42.496+0000 7fbdc734d700 1 -- 172.21.15.142:0/943740577 --> [v2:172.21.15.142:3300/0,v1:172.21.15.142:6789/0] -- mon_command({"prefix": "get_command_descriptions"} v 0) v1 -- 0x7fbdc0196600 con 0x7fbdc007beb0
2023-09-21T12:47:43.467 INFO:teuthology.orchestra.run.smithi142.stdout:/usr/bin/ceph: stderr
2023-09-21T12:47:42.497+0000 7fbdb67fc700 1 --2- 172.21.15.142:0/943740577 >> [v2:172.21.15.142:6800/3499877374,v1:172.21.15.142:6801/3499877374] conn(0x7fbdac038470 0x7fbdac03a930 unknown :-1 s=NONE pgs=0 cs=0 l=1 rev1=0 crypto rx=0 tx=0 comp rx=0 tx=0).connect
2023-09-21T12:47:43.467 INFO:teuthology.orchestra.run.smithi142.stdout:/usr/bin/ceph: stderr
2023-09-21T12:47:42.497+0000 7fbdb67fc700 1 -- 172.21.15.142:0/943740577 <== mon.0 v2:172.21.15.142:3300/0 5 ==== osd_map(3..3 src has 1..3) v4 ==== 1155+0+0 (secure 0 0 0) 0x7fbdbc04c4c0 con 0x7fbdc007beb0
2023-09-21T12:47:43.468 INFO:teuthology.orchestra.run.smithi142.stdout:/usr/bin/ceph: stderr
2023-09-21T12:47:42.497+0000 7fbdc48e8700 1 --2- 172.21.15.142:0/943740577 >> [v2:172.21.15.142:6800/3499877374,v1:172.21.15.142:6801/3499877374] conn(0x7fbdac038470 0x7fbdac03a930 unknown :-1 s=BANNER_CONNECTING pgs=0 cs=0 l=1 rev1=0 crypto rx=0 tx=0 comp rx=0 tx=0)._handle_peer_banner_payload supported=3 required=0
2023-09-21T12:47:43.468 INFO:teuthology.orchestra.run.smithi142.stdout:/usr/bin/ceph: stderr
2023-09-21T12:47:42.497+0000 7fbdc48e8700 1 --2- 172.21.15.142:0/943740577 >> [v2:172.21.15.142:6800/3499877374,v1:172.21.15.142:6801/3499877374] conn(0x7fbdac038470 0x7fbdac03a930 secure :-1 s=READY pgs=7 cs=0 l=1 rev1=1 crypto rx=0x7fbdb0006fd0 tx=0x7fbdb0006e40 comp rx=0 tx=0).ready entity=mgr.14150 client_cookie=0 server_cookie=0 in_seq=0 out_seq=0
2023-09-21T12:47:43.468 INFO:teuthology.orchestra.run.smithi142.stdout:/usr/bin/ceph: stderr
2023-09-21T12:47:42.502+0000 7fbdb67fc700 1 -- 172.21.15.142:0/943740577 <== mon.0 v2:172.21.15.142:3300/0 6 ==== mon_command_ack([{"prefix": "get_command_descriptions"}]=0 v0) v1 ==== 72+0+179712 (secure 0 0 0) 0x7fbdbc018d90 con 0x7fbdc007beb0
2023-09-21T12:47:43.468 INFO:teuthology.orchestra.run.smithi142.stdout:/usr/bin/ceph: stderr
2023-09-21T12:47:42.730+0000 7fbdc734d700 1 -- 172.21.15.142:0/943740577 --> [v2:172.21.15.142:6800/3499877374,v1:172.21.15.142:6801/3499877374] -- mgr_command(tid 0: {"prefix": "dashboard create-self-signed-cert", "target": ["mon-mgr", ""]}) v1 -- 0x7fbdc010ccc0 con 0x7fbdac038470
2023-09-21T12:47:43.468 INFO:teuthology.orchestra.run.smithi142.stdout:/usr/bin/ceph: stderr
2023-09-21T12:47:42.959+0000 7fbdb67fc700 1 -- 172.21.15.142:0/943740577 <== mgr.14150 v2:172.21.15.142:6800/3499877374 1 ==== mgr_command_reply(tid 0: 0 ) v1 ==== 8+0+32 (secure 0 0 0) 0x7fbdc010ccc0 con 0x7fbdac038470
2023-09-21T12:47:43.469 INFO:teuthology.orchestra.run.smithi142.stdout:/usr/bin/ceph: stderr
2023-09-21T12:47:42.962+0000 7fbdc734d700 1 -- 172.21.15.142:0/943740577 >> [v2:172.21.15.142:6800/3499877374,v1:172.21.15.142:6801/3499877374] conn(0x7fbdac038470 msgr2=0x7fbdac03a930 secure :-1 s=STATE_CONNECTION_ESTABLISHED l=1).mark_down
2023-09-21T12:47:43.469 INFO:teuthology.orchestra.run.smithi142.stdout:/usr/bin/ceph: stderr
2023-09-21T12:47:42.962+0000 7fbdc734d700 1 --2- 172.21.15.142:0/943740577 >> [v2:172.21.15.142:6800/3499877374,v1:172.21.15.142:6801/3499877374] conn(0x7fbdac038470 0x7fbdac03a930 secure :-1 s=READY pgs=7 cs=0 l=1 rev1=1 crypto rx=0x7fbdb0006fd0 tx=0x7fbdb0006e40 comp rx=0 tx=0).stop
2023-09-21T12:47:43.469 INFO:teuthology.orchestra.run.smithi142.stdout:/usr/bin/ceph: stderr
2023-09-21T12:47:42.962+0000 7fbdc734d700 1 -- 172.21.15.142:0/943740577 >> [v2:172.21.15.142:3300/0,v1:172.21.15.142:6789/0] conn(0x7fbdc007beb0 msgr2=0x7fbdc019c750 secure :-1 s=STATE_CONNECTION_ESTABLISHED l=1).mark_down
2023-09-21T12:47:43.469 INFO:teuthology.orchestra.run.smithi142.stdout:/usr/bin/ceph: stderr
2023-09-21T12:47:42.962+0000 7fbdc734d700 1 --2- 172.21.15.142:0/943740577 >> [v2:172.21.15.142:3300/0,v1:172.21.15.142:6789/0] conn(0x7fbdc007beb0 0x7fbdc019c750 secure :-1 s=READY pgs=69 cs=0 l=1 rev1=1 crypto rx=0x7fbdbc000c00 tx=0x7fbdbc011a30 comp rx=0 tx=0).stop
2023-09-21T12:47:43.469 INFO:teuthology.orchestra.run.smithi142.stdout:/usr/bin/ceph: stderr
2023-09-21T12:47:42.962+0000 7fbdc734d700 1 -- 172.21.15.142:0/943740577 shutdown_connections
2023-09-21T12:47:43.469 INFO:teuthology.orchestra.run.smithi142.stdout:/usr/bin/ceph: stderr
2023-09-21T12:47:42.962+0000 7fbdc734d700 1 --2- 172.21.15.142:0/943740577 >> [v2:172.21.15.142:6800/3499877374,v1:172.21.15.142:6801/3499877374] conn(0x7fbdac038470 0x7fbdac03a930 unknown :-1 s=CLOSED pgs=7 cs=0 l=1 rev1=1 crypto rx=0 tx=0 comp rx=0 tx=0).stop
2023-09-21T12:47:43.470 INFO:teuthology.orchestra.run.smithi142.stdout:/usr/bin/ceph: stderr
2023-09-21T12:47:42.962+0000 7fbdc734d700 1 --2- 172.21.15.142:0/943740577 >> [v2:172.21.15.142:3300/0,v1:172.21.15.142:6789/0] conn(0x7fbdc007beb0 0x7fbdc019c750 unknown :-1 s=CLOSED pgs=69 cs=0 l=1 rev1=1 crypto rx=0 tx=0 comp rx=0 tx=0).stop
2023-09-21T12:47:43.470 INFO:teuthology.orchestra.run.smithi142.stdout:/usr/bin/ceph: stderr
2023-09-21T12:47:42.963+0000 7fbdc734d700 1 -- 172.21.15.142:0/943740577 >> 172.21.15.142:0/943740577 conn(0x7fbdc0101ba0 msgr2=0x7fbdc0102a80 unknown :-1 s=STATE_NONE l=0).mark_down
2023-09-21T12:47:43.470 INFO:teuthology.orchestra.run.smithi142.stdout:/usr/bin/ceph: stderr
2023-09-21T12:47:42.963+0000 7fbdc734d700 1 -- 172.21.15.142:0/943740577 shutdown_connections
2023-09-21T12:47:43.470 INFO:teuthology.orchestra.run.smithi142.stdout:/usr/bin/ceph: stderr
2023-09-21T12:47:42.963+0000 7fbdc734d700 1 -- 172.21.15.142:0/943740577 wait complete.
2023-09-21T12:47:43.470 INFO:teuthology.orchestra.run.smithi142.stdout:Creating initial admin user...
2023-09-21T12:47:43.666 INFO:journalctl@ceph.mon.a.smithi142.stdout:Sep 21 12:47:43 smithi142 ceph-mon[97663]: mgrmap e12: x(active, since 2s)
2023-09-21T12:47:43.666 INFO:journalctl@ceph.mon.a.smithi142.stdout:Sep 21 12:47:43 smithi142 ceph-mon[97663]: from='mgr.14150 172.21.15.142:0/3459719076' entity='mgr.x'
2023-09-21T12:47:43.667 INFO:journalctl@ceph.mon.a.smithi142.stdout:Sep 21 12:47:43 smithi142 ceph-mon[97663]: from='client.14162 -' entity='client.admin' cmd=[{"prefix": "dashboard create-self-signed-cert", "target": ["mon-mgr", ""]}]: dispatch
2023-09-21T12:47:43.667 INFO:journalctl@ceph.mon.a.smithi142.stdout:Sep 21 12:47:43 smithi142 ceph-mon[97663]: from='mgr.14150 172.21.15.142:0/3459719076' entity='mgr.x'
2023-09-21T12:47:43.667 INFO:journalctl@ceph.mon.a.smithi142.stdout:Sep 21 12:47:43 smithi142 ceph-mon[97663]: from='mgr.14150 172.21.15.142:0/3459719076' entity='mgr.x'
2023-09-21T12:47:44.946 INFO:teuthology.orchestra.run.smithi142.stdout:/usr/bin/ceph: stdout {"username": "admin", "password": "$2b$12$iPlLKPk1IXc.rodyvY3QweGjppC.JJWZ1bnsAWM8WrzJZWga6PTga", "roles": ["administrator"], "name": null, "email": null, "lastUpdate": 1695300464, "enabled": true, "pwdExpirationDate": null, "pwdUpdateRequired": true}
2023-09-21T12:47:44.947 INFO:teuthology.orchestra.run.smithi142.stdout:/usr/bin/ceph: stderr
2023-09-21T12:47:44.041+0000 7f1b0d990700 1 Processor -- start
2023-09-21T12:47:44.947 INFO:teuthology.orchestra.run.smithi142.stdout:/usr/bin/ceph: stderr
2023-09-21T12:47:44.041+0000 7f1b0d990700 1 -- start start
2023-09-21T12:47:44.947 INFO:teuthology.orchestra.run.smithi142.stdout:/usr/bin/ceph: stderr
2023-09-21T12:47:44.042+0000 7f1b0d990700 1 --2- >> [v2:172.21.15.142:3300/0,v1:172.21.15.142:6789/0] conn(0x7f1b0807be90 0x7f1b0807a2f0 unknown :-1 s=NONE pgs=0 cs=0 l=0 rev1=0 crypto rx=0 tx=0 comp rx=0 tx=0).connect
2023-09-21T12:47:44.948 INFO:teuthology.orchestra.run.smithi142.stdout:/usr/bin/ceph: stderr
2023-09-21T12:47:44.042+0000 7f1b0d990700 1 -- --> [v2:172.21.15.142:3300/0,v1:172.21.15.142:6789/0] -- mon_getmap magic: 0 v1 -- 0x7f1b0807a8c0 con 0x7f1b0807be90
2023-09-21T12:47:44.948 INFO:teuthology.orchestra.run.smithi142.stdout:/usr/bin/ceph: stderr
2023-09-21T12:47:44.042+0000 7f1b0c98e700 1 --2- >> [v2:172.21.15.142:3300/0,v1:172.21.15.142:6789/0] conn(0x7f1b0807be90 0x7f1b0807a2f0 unknown :-1 s=BANNER_CONNECTING pgs=0 cs=0 l=0 rev1=0 crypto rx=0 tx=0 comp rx=0 tx=0)._handle_peer_banner_payload supported=3 required=0
2023-09-21T12:47:44.948 INFO:teuthology.orchestra.run.smithi142.stdout:/usr/bin/ceph: stderr
2023-09-21T12:47:44.042+0000 7f1b0c98e700 1 --2- >> [v2:172.21.15.142:3300/0,v1:172.21.15.142:6789/0] conn(0x7f1b0807be90 0x7f1b0807a2f0 unknown :-1 s=HELLO_CONNECTING pgs=0 cs=0 l=0 rev1=1 crypto rx=0 tx=0 comp rx=0 tx=0).handle_hello peer v2:172.21.15.142:3300/0 says I am v2:172.21.15.142:48028/0 (socket says 172.21.15.142:48028)
2023-09-21T12:47:44.948 INFO:teuthology.orchestra.run.smithi142.stdout:/usr/bin/ceph: stderr
2023-09-21T12:47:44.042+0000 7f1b0c98e700 1 -- 172.21.15.142:0/950139002 learned_addr learned my addr 172.21.15.142:0/950139002 (peer_addr_for_me v2:172.21.15.142:0/0)
2023-09-21T12:47:44.948 INFO:teuthology.orchestra.run.smithi142.stdout:/usr/bin/ceph: stderr
2023-09-21T12:47:44.042+0000 7f1b0c98e700 1 -- 172.21.15.142:0/950139002 --> [v2:172.21.15.142:3300/0,v1:172.21.15.142:6789/0] -- mon_subscribe({config=0+,monmap=0+}) v3 -- 0x7f1b0807aa00 con 0x7f1b0807be90
2023-09-21T12:47:44.949 INFO:teuthology.orchestra.run.smithi142.stdout:/usr/bin/ceph: stderr
2023-09-21T12:47:44.042+0000 7f1b0c98e700 1 --2- 172.21.15.142:0/950139002 >> [v2:172.21.15.142:3300/0,v1:172.21.15.142:6789/0] conn(0x7f1b0807be90 0x7f1b0807a2f0 secure :-1 s=READY pgs=70 cs=0 l=1 rev1=1 crypto rx=0x7f1afc0098a0 tx=0x7f1afc009bb0 comp rx=0 tx=0).ready entity=mon.0 client_cookie=46bdd30f15e0fe7f server_cookie=0 in_seq=0 out_seq=0
2023-09-21T12:47:44.949 INFO:teuthology.orchestra.run.smithi142.stdout:/usr/bin/ceph: stderr
2023-09-21T12:47:44.043+0000 7f1b077fe700 1 -- 172.21.15.142:0/950139002 <== mon.0 v2:172.21.15.142:3300/0 1 ==== mon_map magic: 0 v1 ==== 205+0+0 (secure 0 0 0) 0x7f1afc004160 con 0x7f1b0807be90
2023-09-21T12:47:44.949 INFO:teuthology.orchestra.run.smithi142.stdout:/usr/bin/ceph: stderr
2023-09-21T12:47:44.043+0000 7f1b077fe700 1 -- 172.21.15.142:0/950139002 <== mon.0 v2:172.21.15.142:3300/0 2 ==== config(26 keys) v1 ==== 1105+0+0 (secure 0 0 0) 0x7f1afc0042c0 con 0x7f1b0807be90
2023-09-21T12:47:44.949 INFO:teuthology.orchestra.run.smithi142.stdout:/usr/bin/ceph: stderr
2023-09-21T12:47:44.043+0000 7f1b077fe700 1 -- 172.21.15.142:0/950139002 <== mon.0 v2:172.21.15.142:3300/0 3 ==== mon_map magic: 0 v1 ==== 205+0+0 (secure 0 0 0) 0x7f1afc0119b0 con 0x7f1b0807be90
2023-09-21T12:47:44.949 INFO:teuthology.orchestra.run.smithi142.stdout:/usr/bin/ceph: stderr
2023-09-21T12:47:44.043+0000 7f1b0d990700 1 -- 172.21.15.142:0/950139002 >> [v2:172.21.15.142:3300/0,v1:172.21.15.142:6789/0] conn(0x7f1b0807be90 msgr2=0x7f1b0807a2f0 secure :-1 s=STATE_CONNECTION_ESTABLISHED l=1).mark_down
2023-09-21T12:47:44.950 INFO:teuthology.orchestra.run.smithi142.stdout:/usr/bin/ceph: stderr
2023-09-21T12:47:44.043+0000 7f1b0d990700 1 --2- 172.21.15.142:0/950139002 >> [v2:172.21.15.142:3300/0,v1:172.21.15.142:6789/0] conn(0x7f1b0807be90 0x7f1b0807a2f0 secure :-1 s=READY pgs=70 cs=0 l=1 rev1=1 crypto rx=0x7f1afc0098a0 tx=0x7f1afc009bb0 comp rx=0 tx=0).stop
2023-09-21T12:47:44.950 INFO:teuthology.orchestra.run.smithi142.stdout:/usr/bin/ceph: stderr
2023-09-21T12:47:44.044+0000 7f1b0d990700 1 -- 172.21.15.142:0/950139002 shutdown_connections
2023-09-21T12:47:44.950 INFO:teuthology.orchestra.run.smithi142.stdout:/usr/bin/ceph: stderr
2023-09-21T12:47:44.044+0000 7f1b0d990700 1 --2- 172.21.15.142:0/950139002 >> [v2:172.21.15.142:3300/0,v1:172.21.15.142:6789/0] conn(0x7f1b0807be90 0x7f1b0807a2f0 unknown :-1 s=CLOSED pgs=70 cs=0 l=1 rev1=1 crypto rx=0 tx=0 comp rx=0 tx=0).stop
