2023-09-21T12:47:44.950 INFO:teuthology.orchestra.run.smithi142.stdout:/usr/bin/ceph: stderr
2023-09-21T12:47:44.044+0000 7f1b0d990700 1 -- 172.21.15.142:0/950139002 >> 172.21.15.142:0/950139002 conn(0x7f1b08101a00 msgr2=0x7f1b08103e20 unknown :-1 s=STATE_NONE l=0).mark_down
2023-09-21T12:47:44.950 INFO:teuthology.orchestra.run.smithi142.stdout:/usr/bin/ceph: stderr
2023-09-21T12:47:44.044+0000 7f1b0d990700 1 -- 172.21.15.142:0/950139002 shutdown_connections
2023-09-21T12:47:44.951 INFO:teuthology.orchestra.run.smithi142.stdout:/usr/bin/ceph: stderr
2023-09-21T12:47:44.044+0000 7f1b0d990700 1 -- 172.21.15.142:0/950139002 wait complete.
2023-09-21T12:47:44.951 INFO:teuthology.orchestra.run.smithi142.stdout:/usr/bin/ceph: stderr
2023-09-21T12:47:44.045+0000 7f1b0d990700 1 Processor -- start
2023-09-21T12:47:44.951 INFO:teuthology.orchestra.run.smithi142.stdout:/usr/bin/ceph: stderr
2023-09-21T12:47:44.045+0000 7f1b0d990700 1 -- start start
2023-09-21T12:47:44.951 INFO:teuthology.orchestra.run.smithi142.stdout:/usr/bin/ceph: stderr
2023-09-21T12:47:44.045+0000 7f1b0d990700 1 --2- >> [v2:172.21.15.142:3300/0,v1:172.21.15.142:6789/0] conn(0x7f1b0807be90 0x7f1b0819c600 unknown :-1 s=NONE pgs=0 cs=0 l=1 rev1=0 crypto rx=0 tx=0 comp rx=0 tx=0).connect
2023-09-21T12:47:44.951 INFO:teuthology.orchestra.run.smithi142.stdout:/usr/bin/ceph: stderr
2023-09-21T12:47:44.045+0000 7f1b0d990700 1 -- --> [v2:172.21.15.142:3300/0,v1:172.21.15.142:6789/0] -- mon_getmap magic: 0 v1 -- 0x7f1b0819cb40 con 0x7f1b0807be90
2023-09-21T12:47:44.952 INFO:teuthology.orchestra.run.smithi142.stdout:/usr/bin/ceph: stderr
2023-09-21T12:47:44.045+0000 7f1b0c98e700 1 --2- >> [v2:172.21.15.142:3300/0,v1:172.21.15.142:6789/0] conn(0x7f1b0807be90 0x7f1b0819c600 unknown :-1 s=BANNER_CONNECTING pgs=0 cs=0 l=1 rev1=0 crypto rx=0 tx=0 comp rx=0 tx=0)._handle_peer_banner_payload supported=3 required=0
2023-09-21T12:47:44.952 INFO:teuthology.orchestra.run.smithi142.stdout:/usr/bin/ceph: stderr
2023-09-21T12:47:44.045+0000 7f1b0c98e700 1 --2- >> [v2:172.21.15.142:3300/0,v1:172.21.15.142:6789/0] conn(0x7f1b0807be90 0x7f1b0819c600 unknown :-1 s=HELLO_CONNECTING pgs=0 cs=0 l=1 rev1=1 crypto rx=0 tx=0 comp rx=0 tx=0).handle_hello peer v2:172.21.15.142:3300/0 says I am v2:172.21.15.142:48042/0 (socket says 172.21.15.142:48042)
2023-09-21T12:47:44.952 INFO:teuthology.orchestra.run.smithi142.stdout:/usr/bin/ceph: stderr
2023-09-21T12:47:44.045+0000 7f1b0c98e700 1 -- 172.21.15.142:0/387028313 learned_addr learned my addr 172.21.15.142:0/387028313 (peer_addr_for_me v2:172.21.15.142:0/0)
2023-09-21T12:47:44.952 INFO:teuthology.orchestra.run.smithi142.stdout:/usr/bin/ceph: stderr
2023-09-21T12:47:44.046+0000 7f1b0c98e700 1 -- 172.21.15.142:0/387028313 --> [v2:172.21.15.142:3300/0,v1:172.21.15.142:6789/0] -- mon_subscribe({config=0+,monmap=0+}) v3 -- 0x7f1afc009550 con 0x7f1b0807be90
2023-09-21T12:47:44.952 INFO:teuthology.orchestra.run.smithi142.stdout:/usr/bin/ceph: stderr
2023-09-21T12:47:44.046+0000 7f1b0c98e700 1 --2- 172.21.15.142:0/387028313 >> [v2:172.21.15.142:3300/0,v1:172.21.15.142:6789/0] conn(0x7f1b0807be90 0x7f1b0819c600 secure :-1 s=READY pgs=71 cs=0 l=1 rev1=1 crypto rx=0x7f1afc003f00 tx=0x7f1afc011a30 comp rx=0 tx=0).ready entity=mon.0 client_cookie=0 server_cookie=0 in_seq=0 out_seq=0
2023-09-21T12:47:44.953 INFO:teuthology.orchestra.run.smithi142.stdout:/usr/bin/ceph: stderr
2023-09-21T12:47:44.046+0000 7f1b05ffb700 1 -- 172.21.15.142:0/387028313 <== mon.0 v2:172.21.15.142:3300/0 1 ==== mon_map magic: 0 v1 ==== 205+0+0 (secure 0 0 0) 0x7f1afc003b20 con 0x7f1b0807be90
2023-09-21T12:47:44.953 INFO:teuthology.orchestra.run.smithi142.stdout:/usr/bin/ceph: stderr
2023-09-21T12:47:44.046+0000 7f1b05ffb700 1 -- 172.21.15.142:0/387028313 <== mon.0 v2:172.21.15.142:3300/0 2 ==== config(26 keys) v1 ==== 1105+0+0 (secure 0 0 0) 0x7f1afc003c80 con 0x7f1b0807be90
2023-09-21T12:47:44.953 INFO:teuthology.orchestra.run.smithi142.stdout:/usr/bin/ceph: stderr
2023-09-21T12:47:44.046+0000 7f1b05ffb700 1 -- 172.21.15.142:0/387028313 <== mon.0 v2:172.21.15.142:3300/0 3 ==== mon_map magic: 0 v1 ==== 205+0+0 (secure 0 0 0) 0x7f1afc019770 con 0x7f1b0807be90
2023-09-21T12:47:44.953 INFO:teuthology.orchestra.run.smithi142.stdout:/usr/bin/ceph: stderr
2023-09-21T12:47:44.046+0000 7f1b0d990700 1 -- 172.21.15.142:0/387028313 --> [v2:172.21.15.142:3300/0,v1:172.21.15.142:6789/0] -- mon_subscribe({mgrmap=0+}) v3 -- 0x7f1b0819cd40 con 0x7f1b0807be90
2023-09-21T12:47:44.953 INFO:teuthology.orchestra.run.smithi142.stdout:/usr/bin/ceph: stderr
2023-09-21T12:47:44.047+0000 7f1b0d990700 1 -- 172.21.15.142:0/387028313 --> [v2:172.21.15.142:3300/0,v1:172.21.15.142:6789/0] -- mon_subscribe({osdmap=0}) v3 -- 0x7f1b0819d160 con 0x7f1b0807be90
2023-09-21T12:47:44.954 INFO:teuthology.orchestra.run.smithi142.stdout:/usr/bin/ceph: stderr
2023-09-21T12:47:44.048+0000 7f1b05ffb700 1 -- 172.21.15.142:0/387028313 <== mon.0 v2:172.21.15.142:3300/0 4 ==== mgrmap(e 12) v1 ==== 45344+0+0 (secure 0 0 0) 0x7f1afc01a430 con 0x7f1b0807be90
2023-09-21T12:47:44.954 INFO:teuthology.orchestra.run.smithi142.stdout:/usr/bin/ceph: stderr
2023-09-21T12:47:44.048+0000 7f1b0d990700 1 -- 172.21.15.142:0/387028313 --> [v2:172.21.15.142:3300/0,v1:172.21.15.142:6789/0] -- mon_command({"prefix": "get_command_descriptions"} v 0) v1 -- 0x7f1b08196480 con 0x7f1b0807be90
2023-09-21T12:47:44.954 INFO:teuthology.orchestra.run.smithi142.stdout:/usr/bin/ceph: stderr
2023-09-21T12:47:44.048+0000 7f1b05ffb700 1 --2- 172.21.15.142:0/387028313 >> [v2:172.21.15.142:6800/3499877374,v1:172.21.15.142:6801/3499877374] conn(0x7f1af8038470 0x7f1af803a930 unknown :-1 s=NONE pgs=0 cs=0 l=1 rev1=0 crypto rx=0 tx=0 comp rx=0 tx=0).connect
2023-09-21T12:47:44.954 INFO:teuthology.orchestra.run.smithi142.stdout:/usr/bin/ceph: stderr
2023-09-21T12:47:44.048+0000 7f1b05ffb700 1 -- 172.21.15.142:0/387028313 <== mon.0 v2:172.21.15.142:3300/0 5 ==== osd_map(3..3 src has 1..3) v4 ==== 1155+0+0 (secure 0 0 0) 0x7f1afc04c690 con 0x7f1b0807be90
2023-09-21T12:47:44.954 INFO:teuthology.orchestra.run.smithi142.stdout:/usr/bin/ceph: stderr
2023-09-21T12:47:44.048+0000 7f1b07fff700 1 --2- 172.21.15.142:0/387028313 >> [v2:172.21.15.142:6800/3499877374,v1:172.21.15.142:6801/3499877374] conn(0x7f1af8038470 0x7f1af803a930 unknown :-1 s=BANNER_CONNECTING pgs=0 cs=0 l=1 rev1=0 crypto rx=0 tx=0 comp rx=0 tx=0)._handle_peer_banner_payload supported=3 required=0
2023-09-21T12:47:44.955 INFO:teuthology.orchestra.run.smithi142.stdout:/usr/bin/ceph: stderr
2023-09-21T12:47:44.049+0000 7f1b07fff700 1 --2- 172.21.15.142:0/387028313 >> [v2:172.21.15.142:6800/3499877374,v1:172.21.15.142:6801/3499877374] conn(0x7f1af8038470 0x7f1af803a930 secure :-1 s=READY pgs=8 cs=0 l=1 rev1=1 crypto rx=0x7f1af4006fd0 tx=0x7f1af4006e40 comp rx=0 tx=0).ready entity=mgr.14150 client_cookie=0 server_cookie=0 in_seq=0 out_seq=0
2023-09-21T12:47:44.955 INFO:teuthology.orchestra.run.smithi142.stdout:/usr/bin/ceph: stderr
2023-09-21T12:47:44.054+0000 7f1b05ffb700 1 -- 172.21.15.142:0/387028313 <== mon.0 v2:172.21.15.142:3300/0 6 ==== mon_command_ack([{"prefix": "get_command_descriptions"}]=0 v0) v1 ==== 72+0+179712 (secure 0 0 0) 0x7f1afc02d9a0 con 0x7f1b0807be90
2023-09-21T12:47:44.955 INFO:teuthology.orchestra.run.smithi142.stdout:/usr/bin/ceph: stderr
2023-09-21T12:47:44.292+0000 7f1b0d990700 1 -- 172.21.15.142:0/387028313 --> [v2:172.21.15.142:6800/3499877374,v1:172.21.15.142:6801/3499877374] -- mgr_command(tid 0: {"prefix": "dashboard ac-user-create", "username": "admin", "rolename": "administrator", "force_password": true, "pwd_update_required": true, "target": ["mon-mgr", ""]}) v1 -- 0x7f1b08062230 con 0x7f1af8038470
2023-09-21T12:47:44.955 INFO:teuthology.orchestra.run.smithi142.stdout:/usr/bin/ceph: stderr
2023-09-21T12:47:44.519+0000 7f1b05ffb700 1 -- 172.21.15.142:0/387028313 <== mgr.14150 v2:172.21.15.142:6800/3499877374 1 ==== mgr_command_reply(tid 0: 0 ) v1 ==== 8+0+252 (secure 0 0 0) 0x7f1b08062230 con 0x7f1af8038470
2023-09-21T12:47:44.956 INFO:teuthology.orchestra.run.smithi142.stdout:/usr/bin/ceph: stderr
2023-09-21T12:47:44.521+0000 7f1b0d990700 1 -- 172.21.15.142:0/387028313 >> [v2:172.21.15.142:6800/3499877374,v1:172.21.15.142:6801/3499877374] conn(0x7f1af8038470 msgr2=0x7f1af803a930 secure :-1 s=STATE_CONNECTION_ESTABLISHED l=1).mark_down
2023-09-21T12:47:44.956 INFO:teuthology.orchestra.run.smithi142.stdout:/usr/bin/ceph: stderr
2023-09-21T12:47:44.521+0000 7f1b0d990700 1 --2- 172.21.15.142:0/387028313 >> [v2:172.21.15.142:6800/3499877374,v1:172.21.15.142:6801/3499877374] conn(0x7f1af8038470 0x7f1af803a930 secure :-1 s=READY pgs=8 cs=0 l=1 rev1=1 crypto rx=0x7f1af4006fd0 tx=0x7f1af4006e40 comp rx=0 tx=0).stop
2023-09-21T12:47:44.956 INFO:teuthology.orchestra.run.smithi142.stdout:/usr/bin/ceph: stderr
2023-09-21T12:47:44.521+0000 7f1b0d990700 1 -- 172.21.15.142:0/387028313 >> [v2:172.21.15.142:3300/0,v1:172.21.15.142:6789/0] conn(0x7f1b0807be90 msgr2=0x7f1b0819c600 secure :-1 s=STATE_CONNECTION_ESTABLISHED l=1).mark_down
2023-09-21T12:47:44.956 INFO:teuthology.orchestra.run.smithi142.stdout:/usr/bin/ceph: stderr
2023-09-21T12:47:44.521+0000 7f1b0d990700 1 --2- 172.21.15.142:0/387028313 >> [v2:172.21.15.142:3300/0,v1:172.21.15.142:6789/0] conn(0x7f1b0807be90 0x7f1b0819c600 secure :-1 s=READY pgs=71 cs=0 l=1 rev1=1 crypto rx=0x7f1afc003f00 tx=0x7f1afc011a30 comp rx=0 tx=0).stop
2023-09-21T12:47:44.956 INFO:teuthology.orchestra.run.smithi142.stdout:/usr/bin/ceph: stderr
2023-09-21T12:47:44.521+0000 7f1b0d990700 1 -- 172.21.15.142:0/387028313 shutdown_connections
2023-09-21T12:47:44.956 INFO:teuthology.orchestra.run.smithi142.stdout:/usr/bin/ceph: stderr
2023-09-21T12:47:44.521+0000 7f1b0d990700 1 --2- 172.21.15.142:0/387028313 >> [v2:172.21.15.142:6800/3499877374,v1:172.21.15.142:6801/3499877374] conn(0x7f1af8038470 0x7f1af803a930 unknown :-1 s=CLOSED pgs=8 cs=0 l=1 rev1=1 crypto rx=0 tx=0 comp rx=0 tx=0).stop
2023-09-21T12:47:44.957 INFO:teuthology.orchestra.run.smithi142.stdout:/usr/bin/ceph: stderr
2023-09-21T12:47:44.521+0000 7f1b0d990700 1 --2- 172.21.15.142:0/387028313 >> [v2:172.21.15.142:3300/0,v1:172.21.15.142:6789/0] conn(0x7f1b0807be90 0x7f1b0819c600 unknown :-1 s=CLOSED pgs=71 cs=0 l=1 rev1=1 crypto rx=0 tx=0 comp rx=0 tx=0).stop
2023-09-21T12:47:44.957 INFO:teuthology.orchestra.run.smithi142.stdout:/usr/bin/ceph: stderr
2023-09-21T12:47:44.521+0000 7f1b0d990700 1 -- 172.21.15.142:0/387028313 >> 172.21.15.142:0/387028313 conn(0x7f1b08101a00 msgr2=0x7f1b08103ce0 unknown :-1 s=STATE_NONE l=0).mark_down
2023-09-21T12:47:44.957 INFO:teuthology.orchestra.run.smithi142.stdout:/usr/bin/ceph: stderr
2023-09-21T12:47:44.522+0000 7f1b0d990700 1 -- 172.21.15.142:0/387028313 shutdown_connections
2023-09-21T12:47:44.957 INFO:teuthology.orchestra.run.smithi142.stdout:/usr/bin/ceph: stderr
2023-09-21T12:47:44.522+0000 7f1b0d990700 1 -- 172.21.15.142:0/387028313 wait complete.
2023-09-21T12:47:44.957 INFO:teuthology.orchestra.run.smithi142.stdout:Fetching dashboard port number...
2023-09-21T12:47:45.389 INFO:journalctl@ceph.mon.a.smithi142.stdout:Sep 21 12:47:44 smithi142 ceph-mon[97663]: from='mgr.14150 172.21.15.142:0/3459719076' entity='mgr.x'
2023-09-21T12:47:45.389 INFO:journalctl@ceph.mon.a.smithi142.stdout:Sep 21 12:47:44 smithi142 ceph-mon[97663]: from='client.14164 -' entity='client.admin' cmd=[{"prefix": "dashboard ac-user-create", "username": "admin", "rolename": "administrator", "force_password": true, "pwd_update_required": true, "target": ["mon-mgr", ""]}]: dispatch
2023-09-21T12:47:45.390 INFO:journalctl@ceph.mon.a.smithi142.stdout:Sep 21 12:47:44 smithi142 ceph-mon[97663]: from='mgr.14150 172.21.15.142:0/3459719076' entity='mgr.x'
2023-09-21T12:47:46.529 INFO:teuthology.orchestra.run.smithi142.stdout:/usr/bin/ceph: stdout 8443
2023-09-21T12:47:46.529 INFO:teuthology.orchestra.run.smithi142.stdout:/usr/bin/ceph: stderr
2023-09-21T12:47:45.691+0000 7f8b82ece700 1 Processor -- start
2023-09-21T12:47:46.529 INFO:teuthology.orchestra.run.smithi142.stdout:/usr/bin/ceph: stderr
2023-09-21T12:47:45.691+0000 7f8b82ece700 1 -- start start
2023-09-21T12:47:46.529 INFO:teuthology.orchestra.run.smithi142.stdout:/usr/bin/ceph: stderr
2023-09-21T12:47:45.691+0000 7f8b82ece700 1 --2- >> [v2:172.21.15.142:3300/0,v1:172.21.15.142:6789/0] conn(0x7f8b7c07bef0 0x7f8b7c07a350 unknown :-1 s=NONE pgs=0 cs=0 l=0 rev1=0 crypto rx=0 tx=0 comp rx=0 tx=0).connect
2023-09-21T12:47:46.530 INFO:teuthology.orchestra.run.smithi142.stdout:/usr/bin/ceph: stderr
2023-09-21T12:47:45.691+0000 7f8b82ece700 1 -- --> [v2:172.21.15.142:3300/0,v1:172.21.15.142:6789/0] -- mon_getmap magic: 0 v1 -- 0x7f8b7c07a920 con 0x7f8b7c07bef0
2023-09-21T12:47:46.530 INFO:teuthology.orchestra.run.smithi142.stdout:/usr/bin/ceph: stderr
2023-09-21T12:47:45.692+0000 7f8b80c6a700 1 --2- >> [v2:172.21.15.142:3300/0,v1:172.21.15.142:6789/0] conn(0x7f8b7c07bef0 0x7f8b7c07a350 unknown :-1 s=BANNER_CONNECTING pgs=0 cs=0 l=0 rev1=0 crypto rx=0 tx=0 comp rx=0 tx=0)._handle_peer_banner_payload supported=3 required=0
2023-09-21T12:47:46.530 INFO:teuthology.orchestra.run.smithi142.stdout:/usr/bin/ceph: stderr
2023-09-21T12:47:45.692+0000 7f8b80c6a700 1 --2- >> [v2:172.21.15.142:3300/0,v1:172.21.15.142:6789/0] conn(0x7f8b7c07bef0 0x7f8b7c07a350 unknown :-1 s=HELLO_CONNECTING pgs=0 cs=0 l=0 rev1=1 crypto rx=0 tx=0 comp rx=0 tx=0).handle_hello peer v2:172.21.15.142:3300/0 says I am v2:172.21.15.142:48048/0 (socket says 172.21.15.142:48048)
2023-09-21T12:47:46.530 INFO:teuthology.orchestra.run.smithi142.stdout:/usr/bin/ceph: stderr
2023-09-21T12:47:45.692+0000 7f8b80c6a700 1 -- 172.21.15.142:0/4011031742 learned_addr learned my addr 172.21.15.142:0/4011031742 (peer_addr_for_me v2:172.21.15.142:0/0)
2023-09-21T12:47:46.531 INFO:teuthology.orchestra.run.smithi142.stdout:/usr/bin/ceph: stderr
2023-09-21T12:47:45.692+0000 7f8b80c6a700 1 -- 172.21.15.142:0/4011031742 --> [v2:172.21.15.142:3300/0,v1:172.21.15.142:6789/0] -- mon_subscribe({config=0+,monmap=0+}) v3 -- 0x7f8b7c07aa60 con 0x7f8b7c07bef0
2023-09-21T12:47:46.531 INFO:teuthology.orchestra.run.smithi142.stdout:/usr/bin/ceph: stderr
2023-09-21T12:47:45.692+0000 7f8b80c6a700 1 --2- 172.21.15.142:0/4011031742 >> [v2:172.21.15.142:3300/0,v1:172.21.15.142:6789/0] conn(0x7f8b7c07bef0 0x7f8b7c07a350 secure :-1 s=READY pgs=72 cs=0 l=1 rev1=1 crypto rx=0x7f8b700098a0 tx=0x7f8b70009bb0 comp rx=0 tx=0).ready entity=mon.0 client_cookie=f9e43ae4061f845e server_cookie=0 in_seq=0 out_seq=0
2023-09-21T12:47:46.531 INFO:teuthology.orchestra.run.smithi142.stdout:/usr/bin/ceph: stderr
2023-09-21T12:47:45.693+0000 7f8b7b7fe700 1 -- 172.21.15.142:0/4011031742 <== mon.0 v2:172.21.15.142:3300/0 1 ==== mon_map magic: 0 v1 ==== 205+0+0 (secure 0 0 0) 0x7f8b70004160 con 0x7f8b7c07bef0
2023-09-21T12:47:46.531 INFO:teuthology.orchestra.run.smithi142.stdout:/usr/bin/ceph: stderr
2023-09-21T12:47:45.693+0000 7f8b7b7fe700 1 -- 172.21.15.142:0/4011031742 <== mon.0 v2:172.21.15.142:3300/0 2 ==== config(26 keys) v1 ==== 1105+0+0 (secure 0 0 0) 0x7f8b700042c0 con 0x7f8b7c07bef0
2023-09-21T12:47:46.531 INFO:teuthology.orchestra.run.smithi142.stdout:/usr/bin/ceph: stderr
2023-09-21T12:47:45.693+0000 7f8b7b7fe700 1 -- 172.21.15.142:0/4011031742 <== mon.0 v2:172.21.15.142:3300/0 3 ==== mon_map magic: 0 v1 ==== 205+0+0 (secure 0 0 0) 0x7f8b700119b0 con 0x7f8b7c07bef0
2023-09-21T12:47:46.532 INFO:teuthology.orchestra.run.smithi142.stdout:/usr/bin/ceph: stderr
2023-09-21T12:47:45.693+0000 7f8b82ece700 1 -- 172.21.15.142:0/4011031742 >> [v2:172.21.15.142:3300/0,v1:172.21.15.142:6789/0] conn(0x7f8b7c07bef0 msgr2=0x7f8b7c07a350 secure :-1 s=STATE_CONNECTION_ESTABLISHED l=1).mark_down
2023-09-21T12:47:46.532 INFO:teuthology.orchestra.run.smithi142.stdout:/usr/bin/ceph: stderr
2023-09-21T12:47:45.693+0000 7f8b82ece700 1 --2- 172.21.15.142:0/4011031742 >> [v2:172.21.15.142:3300/0,v1:172.21.15.142:6789/0] conn(0x7f8b7c07bef0 0x7f8b7c07a350 secure :-1 s=READY pgs=72 cs=0 l=1 rev1=1 crypto rx=0x7f8b700098a0 tx=0x7f8b70009bb0 comp rx=0 tx=0).stop
2023-09-21T12:47:46.532 INFO:teuthology.orchestra.run.smithi142.stdout:/usr/bin/ceph: stderr
2023-09-21T12:47:45.694+0000 7f8b82ece700 1 -- 172.21.15.142:0/4011031742 shutdown_connections
2023-09-21T12:47:46.532 INFO:teuthology.orchestra.run.smithi142.stdout:/usr/bin/ceph: stderr
2023-09-21T12:47:45.694+0000 7f8b82ece700 1 --2- 172.21.15.142:0/4011031742 >> [v2:172.21.15.142:3300/0,v1:172.21.15.142:6789/0] conn(0x7f8b7c07bef0 0x7f8b7c07a350 unknown :-1 s=CLOSED pgs=72 cs=0 l=1 rev1=1 crypto rx=0 tx=0 comp rx=0 tx=0).stop
2023-09-21T12:47:46.532 INFO:teuthology.orchestra.run.smithi142.stdout:/usr/bin/ceph: stderr
2023-09-21T12:47:45.694+0000 7f8b82ece700 1 -- 172.21.15.142:0/4011031742 >> 172.21.15.142:0/4011031742 conn(0x7f8b7c101ba0 msgr2=0x7f8b7c103fe0 unknown :-1 s=STATE_NONE l=0).mark_down
2023-09-21T12:47:46.533 INFO:teuthology.orchestra.run.smithi142.stdout:/usr/bin/ceph: stderr
2023-09-21T12:47:45.694+0000 7f8b82ece700 1 -- 172.21.15.142:0/4011031742 shutdown_connections
2023-09-21T12:47:46.533 INFO:teuthology.orchestra.run.smithi142.stdout:/usr/bin/ceph: stderr
2023-09-21T12:47:45.694+0000 7f8b82ece700 1 -- 172.21.15.142:0/4011031742 wait complete.
2023-09-21T12:47:46.533 INFO:teuthology.orchestra.run.smithi142.stdout:/usr/bin/ceph: stderr
2023-09-21T12:47:45.695+0000 7f8b82ece700 1 Processor -- start
2023-09-21T12:47:46.533 INFO:teuthology.orchestra.run.smithi142.stdout:/usr/bin/ceph: stderr
2023-09-21T12:47:45.695+0000 7f8b82ece700 1 -- start start
2023-09-21T12:47:46.533 INFO:teuthology.orchestra.run.smithi142.stdout:/usr/bin/ceph: stderr
2023-09-21T12:47:45.695+0000 7f8b82ece700 1 --2- >> [v2:172.21.15.142:3300/0,v1:172.21.15.142:6789/0] conn(0x7f8b7c07bef0 0x7f8b7c1a93a0 unknown :-1 s=NONE pgs=0 cs=0 l=1 rev1=0 crypto rx=0 tx=0 comp rx=0 tx=0).connect
2023-09-21T12:47:46.534 INFO:teuthology.orchestra.run.smithi142.stdout:/usr/bin/ceph: stderr
2023-09-21T12:47:45.695+0000 7f8b82ece700 1 -- --> [v2:172.21.15.142:3300/0,v1:172.21.15.142:6789/0] -- mon_getmap magic: 0 v1 -- 0x7f8b7c1a98e0 con 0x7f8b7c07bef0
2023-09-21T12:47:46.534 INFO:teuthology.orchestra.run.smithi142.stdout:/usr/bin/ceph: stderr
2023-09-21T12:47:45.696+0000 7f8b80c6a700 1 --2- >> [v2:172.21.15.142:3300/0,v1:172.21.15.142:6789/0] conn(0x7f8b7c07bef0 0x7f8b7c1a93a0 unknown :-1 s=BANNER_CONNECTING pgs=0 cs=0 l=1 rev1=0 crypto rx=0 tx=0 comp rx=0 tx=0)._handle_peer_banner_payload supported=3 required=0
2023-09-21T12:47:46.534 INFO:teuthology.orchestra.run.smithi142.stdout:/usr/bin/ceph: stderr
2023-09-21T12:47:45.696+0000 7f8b80c6a700 1 --2- >> [v2:172.21.15.142:3300/0,v1:172.21.15.142:6789/0] conn(0x7f8b7c07bef0 0x7f8b7c1a93a0 unknown :-1 s=HELLO_CONNECTING pgs=0 cs=0 l=1 rev1=1 crypto rx=0 tx=0 comp rx=0 tx=0).handle_hello peer v2:172.21.15.142:3300/0 says I am v2:172.21.15.142:48058/0 (socket says 172.21.15.142:48058)
2023-09-21T12:47:46.534 INFO:teuthology.orchestra.run.smithi142.stdout:/usr/bin/ceph: stderr
2023-09-21T12:47:45.696+0000 7f8b80c6a700 1 -- 172.21.15.142:0/3133561186 learned_addr learned my addr 172.21.15.142:0/3133561186 (peer_addr_for_me v2:172.21.15.142:0/0)
2023-09-21T12:47:46.534 INFO:teuthology.orchestra.run.smithi142.stdout:/usr/bin/ceph: stderr
2023-09-21T12:47:45.696+0000 7f8b80c6a700 1 -- 172.21.15.142:0/3133561186 --> [v2:172.21.15.142:3300/0,v1:172.21.15.142:6789/0] -- mon_subscribe({config=0+,monmap=0+}) v3 -- 0x7f8b70009550 con 0x7f8b7c07bef0
2023-09-21T12:47:46.535 INFO:teuthology.orchestra.run.smithi142.stdout:/usr/bin/ceph: stderr
2023-09-21T12:47:45.696+0000 7f8b80c6a700 1 --2- 172.21.15.142:0/3133561186 >> [v2:172.21.15.142:3300/0,v1:172.21.15.142:6789/0] conn(0x7f8b7c07bef0 0x7f8b7c1a93a0 secure :-1 s=READY pgs=73 cs=0 l=1 rev1=1 crypto rx=0x7f8b70000c00 tx=0x7f8b70011a30 comp rx=0 tx=0).ready entity=mon.0 client_cookie=0 server_cookie=0 in_seq=0 out_seq=0
2023-09-21T12:47:46.535 INFO:teuthology.orchestra.run.smithi142.stdout:/usr/bin/ceph: stderr
2023-09-21T12:47:45.697+0000 7f8b79ffb700 1 -- 172.21.15.142:0/3133561186 <== mon.0 v2:172.21.15.142:3300/0 1 ==== mon_map magic: 0 v1 ==== 205+0+0 (secure 0 0 0) 0x7f8b700039f0 con 0x7f8b7c07bef0
2023-09-21T12:47:46.535 INFO:teuthology.orchestra.run.smithi142.stdout:/usr/bin/ceph: stderr
2023-09-21T12:47:45.697+0000 7f8b82ece700 1 -- 172.21.15.142:0/3133561186 --> [v2:172.21.15.142:3300/0,v1:172.21.15.142:6789/0] -- mon_subscribe({mgrmap=0+}) v3 -- 0x7f8b7c1a9ae0 con 0x7f8b7c07bef0
2023-09-21T12:47:46.535 INFO:teuthology.orchestra.run.smithi142.stdout:/usr/bin/ceph: stderr
2023-09-21T12:47:45.697+0000 7f8b79ffb700 1 -- 172.21.15.142:0/3133561186 <== mon.0 v2:172.21.15.142:3300/0 2 ==== config(26 keys) v1 ==== 1105+0+0 (secure 0 0 0) 0x7f8b70003b50 con 0x7f8b7c07bef0
2023-09-21T12:47:46.535 INFO:teuthology.orchestra.run.smithi142.stdout:/usr/bin/ceph: stderr
2023-09-21T12:47:45.697+0000 7f8b82ece700 1 -- 172.21.15.142:0/3133561186 --> [v2:172.21.15.142:3300/0,v1:172.21.15.142:6789/0] -- mon_subscribe({osdmap=0}) v3 -- 0x7f8b7c1a9f00 con 0x7f8b7c07bef0
2023-09-21T12:47:46.536 INFO:teuthology.orchestra.run.smithi142.stdout:/usr/bin/ceph: stderr
2023-09-21T12:47:45.697+0000 7f8b79ffb700 1 -- 172.21.15.142:0/3133561186 <== mon.0 v2:172.21.15.142:3300/0 3 ==== mon_map magic: 0 v1 ==== 205+0+0 (secure 0 0 0) 0x7f8b7001a780 con 0x7f8b7c07bef0
2023-09-21T12:47:46.536 INFO:teuthology.orchestra.run.smithi142.stdout:/usr/bin/ceph: stderr
2023-09-21T12:47:45.698+0000 7f8b79ffb700 1 -- 172.21.15.142:0/3133561186 <== mon.0 v2:172.21.15.142:3300/0 4 ==== mgrmap(e 12) v1 ==== 45344+0+0 (secure 0 0 0) 0x7f8b7001a9f0 con 0x7f8b7c07bef0
2023-09-21T12:47:46.536 INFO:teuthology.orchestra.run.smithi142.stdout:/usr/bin/ceph: stderr
2023-09-21T12:47:45.698+0000 7f8b82ece700 1 -- 172.21.15.142:0/3133561186 --> [v2:172.21.15.142:3300/0,v1:172.21.15.142:6789/0] -- mon_command({"prefix": "get_command_descriptions"} v 0) v1 -- 0x7f8b60005320 con 0x7f8b7c07bef0
2023-09-21T12:47:46.536 INFO:teuthology.orchestra.run.smithi142.stdout:/usr/bin/ceph: stderr
2023-09-21T12:47:45.699+0000 7f8b79ffb700 1 --2- 172.21.15.142:0/3133561186 >> [v2:172.21.15.142:6800/3499877374,v1:172.21.15.142:6801/3499877374] conn(0x7f8b6c038510 0x7f8b6c03a9d0 unknown :-1 s=NONE pgs=0 cs=0 l=1 rev1=0 crypto rx=0 tx=0 comp rx=0 tx=0).connect
2023-09-21T12:47:46.536 INFO:teuthology.orchestra.run.smithi142.stdout:/usr/bin/ceph: stderr
2023-09-21T12:47:45.699+0000 7f8b79ffb700 1 -- 172.21.15.142:0/3133561186 <== mon.0 v2:172.21.15.142:3300/0 5 ==== osd_map(3..3 src has 1..3) v4 ==== 1155+0+0 (secure 0 0 0) 0x7f8b7004c3c0 con 0x7f8b7c07bef0
2023-09-21T12:47:46.537 INFO:teuthology.orchestra.run.smithi142.stdout:/usr/bin/ceph: stderr
2023-09-21T12:47:45.699+0000 7f8b7bfff700 1 --2- 172.21.15.142:0/3133561186 >> [v2:172.21.15.142:6800/3499877374,v1:172.21.15.142:6801/3499877374] conn(0x7f8b6c038510 0x7f8b6c03a9d0 unknown :-1 s=BANNER_CONNECTING pgs=0 cs=0 l=1 rev1=0 crypto rx=0 tx=0 comp rx=0 tx=0)._handle_peer_banner_payload supported=3 required=0
2023-09-21T12:47:46.537 INFO:teuthology.orchestra.run.smithi142.stdout:/usr/bin/ceph: stderr
2023-09-21T12:47:45.700+0000 7f8b7bfff700 1 --2- 172.21.15.142:0/3133561186 >> [v2:172.21.15.142:6800/3499877374,v1:172.21.15.142:6801/3499877374] conn(0x7f8b6c038510 0x7f8b6c03a9d0 secure :-1 s=READY pgs=9 cs=0 l=1 rev1=1 crypto rx=0x7f8b68006fd0 tx=0x7f8b68006e40 comp rx=0 tx=0).ready entity=mgr.14150 client_cookie=0 server_cookie=0 in_seq=0 out_seq=0
2023-09-21T12:47:46.537 INFO:teuthology.orchestra.run.smithi142.stdout:/usr/bin/ceph: stderr
2023-09-21T12:47:45.704+0000 7f8b79ffb700 1 -- 172.21.15.142:0/3133561186 <== mon.0 v2:172.21.15.142:3300/0 6 ==== mon_command_ack([{"prefix": "get_command_descriptions"}]=0 v0) v1 ==== 72+0+179712 (secure 0 0 0) 0x7f8b700237b0 con 0x7f8b7c07bef0
2023-09-21T12:47:46.537 INFO:teuthology.orchestra.run.smithi142.stdout:/usr/bin/ceph: stderr
2023-09-21T12:47:45.924+0000 7f8b82ece700 1 -- 172.21.15.142:0/3133561186 --> [v2:172.21.15.142:3300/0,v1:172.21.15.142:6789/0] -- mon_command({"prefix": "config get", "who": "mgr", "key": "mgr/dashboard/ssl_server_port"} v 0) v1 -- 0x7f8b60005b50 con 0x7f8b7c07bef0
2023-09-21T12:47:46.537 INFO:teuthology.orchestra.run.smithi142.stdout:/usr/bin/ceph: stderr
2023-09-21T12:47:45.925+0000 7f8b79ffb700 1 -- 172.21.15.142:0/3133561186 <== mon.0 v2:172.21.15.142:3300/0 7 ==== mon_command_ack([{"prefix": "config get", "who": "mgr", "key": "mgr/dashboard/ssl_server_port"}]=0 v8) v1 ==== 112+0+5 (secure 0 0 0) 0x7f8b700172b0 con 0x7f8b7c07bef0
2023-09-21T12:47:46.538 INFO:teuthology.orchestra.run.smithi142.stdout:/usr/bin/ceph: stderr
2023-09-21T12:47:45.927+0000 7f8b82ece700 1 -- 172.21.15.142:0/3133561186 >> [v2:172.21.15.142:6800/3499877374,v1:172.21.15.142:6801/3499877374] conn(0x7f8b6c038510 msgr2=0x7f8b6c03a9d0 secure :-1 s=STATE_CONNECTION_ESTABLISHED l=1).mark_down
2023-09-21T12:47:46.538 INFO:teuthology.orchestra.run.smithi142.stdout:/usr/bin/ceph: stderr
2023-09-21T12:47:45.927+0000 7f8b82ece700 1 --2- 172.21.15.142:0/3133561186 >> [v2:172.21.15.142:6800/3499877374,v1:172.21.15.142:6801/3499877374] conn(0x7f8b6c038510 0x7f8b6c03a9d0 secure :-1 s=READY pgs=9 cs=0 l=1 rev1=1 crypto rx=0x7f8b68006fd0 tx=0x7f8b68006e40 comp rx=0 tx=0).stop
2023-09-21T12:47:46.538 INFO:teuthology.orchestra.run.smithi142.stdout:/usr/bin/ceph: stderr
2023-09-21T12:47:45.927+0000 7f8b82ece700 1 -- 172.21.15.142:0/3133561186 >> [v2:172.21.15.142:3300/0,v1:172.21.15.142:6789/0] conn(0x7f8b7c07bef0 msgr2=0x7f8b7c1a93a0 secure :-1 s=STATE_CONNECTION_ESTABLISHED l=1).mark_down
2023-09-21T12:47:46.538 INFO:teuthology.orchestra.run.smithi142.stdout:/usr/bin/ceph: stderr
2023-09-21T12:47:45.927+0000 7f8b82ece700 1 --2- 172.21.15.142:0/3133561186 >> [v2:172.21.15.142:3300/0,v1:172.21.15.142:6789/0] conn(0x7f8b7c07bef0 0x7f8b7c1a93a0 secure :-1 s=READY pgs=73 cs=0 l=1 rev1=1 crypto rx=0x7f8b70000c00 tx=0x7f8b70011a30 comp rx=0 tx=0).stop
2023-09-21T12:47:46.538 INFO:teuthology.orchestra.run.smithi142.stdout:/usr/bin/ceph: stderr
2023-09-21T12:47:45.927+0000 7f8b82ece700 1 -- 172.21.15.142:0/3133561186 shutdown_connections
2023-09-21T12:47:46.539 INFO:teuthology.orchestra.run.smithi142.stdout:/usr/bin/ceph: stderr
2023-09-21T12:47:45.927+0000 7f8b82ece700 1 --2- 172.21.15.142:0/3133561186 >> [v2:172.21.15.142:6800/3499877374,v1:172.21.15.142:6801/3499877374] conn(0x7f8b6c038510 0x7f8b6c03a9d0 unknown :-1 s=CLOSED pgs=9 cs=0 l=1 rev1=1 crypto rx=0 tx=0 comp rx=0 tx=0).stop
2023-09-21T12:47:46.539 INFO:teuthology.orchestra.run.smithi142.stdout:/usr/bin/ceph: stderr
2023-09-21T12:47:45.927+0000 7f8b82ece700 1 --2- 172.21.15.142:0/3133561186 >> [v2:172.21.15.142:3300/0,v1:172.21.15.142:6789/0] conn(0x7f8b7c07bef0 0x7f8b7c1a93a0 unknown :-1 s=CLOSED pgs=73 cs=0 l=1 rev1=1 crypto rx=0 tx=0 comp rx=0 tx=0).stop
2023-09-21T12:47:46.560 INFO:teuthology.orchestra.run.smithi142.stdout:/usr/bin/ceph: stderr
2023-09-21T12:47:45.927+0000 7f8b82ece700 1 -- 172.21.15.142:0/3133561186 >> 172.21.15.142:0/3133561186 conn(0x7f8b7c101ba0 msgr2=0x7f8b7c102860 unknown :-1 s=STATE_NONE l=0).mark_down
2023-09-21T12:47:46.561 INFO:teuthology.orchestra.run.smithi142.stdout:/usr/bin/ceph: stderr
2023-09-21T12:47:45.928+0000 7f8b82ece700 1 -- 172.21.15.142:0/3133561186 shutdown_connections
2023-09-21T12:47:46.561 INFO:teuthology.orchestra.run.smithi142.stdout:/usr/bin/ceph: stderr
2023-09-21T12:47:45.928+0000 7f8b82ece700 1 -- 172.21.15.142:0/3133561186 wait complete.
2023-09-21T12:47:46.563 INFO:teuthology.orchestra.run.smithi142.stdout:Non-zero exit code 1 from systemctl is-enabled firewalld.service
2023-09-21T12:47:46.563 INFO:teuthology.orchestra.run.smithi142.stdout:systemctl: stdout disabled
2023-09-21T12:47:46.564 INFO:teuthology.orchestra.run.smithi142.stdout:Non-zero exit code 3 from systemctl is-active firewalld.service
2023-09-21T12:47:46.564 INFO:teuthology.orchestra.run.smithi142.stdout:systemctl: stdout inactive
2023-09-21T12:47:46.564 INFO:teuthology.orchestra.run.smithi142.stdout:firewalld.service is not enabled
2023-09-21T12:47:46.564 INFO:teuthology.orchestra.run.smithi142.stdout:Not possible to open ports <[8443]>. firewalld.service is not available
2023-09-21T12:47:46.564 INFO:teuthology.orchestra.run.smithi142.stdout:Ceph Dashboard is now available at:
2023-09-21T12:47:46.565 INFO:teuthology.orchestra.run.smithi142.stdout:
2023-09-21T12:47:46.565 INFO:teuthology.orchestra.run.smithi142.stdout: URL: https://smithi142.front.sepia.ceph.com:8443/
2023-09-21T12:47:46.565 INFO:teuthology.orchestra.run.smithi142.stdout: User: admin
2023-09-21T12:47:46.565 INFO:teuthology.orchestra.run.smithi142.stdout: Password: m2v9f0h7sg
2023-09-21T12:47:46.566 INFO:teuthology.orchestra.run.smithi142.stdout:
2023-09-21T12:47:46.566 INFO:teuthology.orchestra.run.smithi142.stdout:Saving cluster configuration to /var/lib/ceph/ca3f7e80-587c-11ee-9ab8-7b867c8bd7da/config directory
2023-09-21T12:47:46.567 INFO:teuthology.orchestra.run.smithi142.stdout:Enabling autotune for osd_memory_target
2023-09-21T12:47:46.841 INFO:journalctl@ceph.mon.a.smithi142.stdout:Sep 21 12:47:46 smithi142 ceph-mon[97663]: from='client.? 172.21.15.142:0/3133561186' entity='client.admin' cmd=[{"prefix": "config get", "who": "mgr", "key": "mgr/dashboard/ssl_server_port"}]: dispatch
2023-09-21T12:47:47.745 INFO:teuthology.orchestra.run.smithi142.stdout:/usr/bin/ceph: stderr
2023-09-21T12:47:47.109+0000 7f0b9442a700 1 Processor -- start
2023-09-21T12:47:47.745 INFO:teuthology.orchestra.run.smithi142.stdout:/usr/bin/ceph: stderr
2023-09-21T12:47:47.109+0000 7f0b9442a700 1 -- start start
2023-09-21T12:47:47.745 INFO:teuthology.orchestra.run.smithi142.stdout:/usr/bin/ceph: stderr
2023-09-21T12:47:47.109+0000 7f0b9442a700 1 --2- >> [v2:172.21.15.142:3300/0,v1:172.21.15.142:6789/0] conn(0x7f0b8c07bed0 0x7f0b8c07a330 unknown :-1 s=NONE pgs=0 cs=0 l=0 rev1=0 crypto rx=0 tx=0 comp rx=0 tx=0).connect
2023-09-21T12:47:47.745 INFO:teuthology.orchestra.run.smithi142.stdout:/usr/bin/ceph: stderr
2023-09-21T12:47:47.109+0000 7f0b9442a700 1 -- --> [v2:172.21.15.142:3300/0,v1:172.21.15.142:6789/0] -- mon_getmap magic: 0 v1 -- 0x7f0b8c07a900 con 0x7f0b8c07bed0
2023-09-21T12:47:47.746 INFO:teuthology.orchestra.run.smithi142.stdout:/usr/bin/ceph: stderr
2023-09-21T12:47:47.110+0000 7f0b921c6700 1 --2- >> [v2:172.21.15.142:3300/0,v1:172.21.15.142:6789/0] conn(0x7f0b8c07bed0 0x7f0b8c07a330 unknown :-1 s=BANNER_CONNECTING pgs=0 cs=0 l=0 rev1=0 crypto rx=0 tx=0 comp rx=0 tx=0)._handle_peer_banner_payload supported=3 required=0
2023-09-21T12:47:47.746 INFO:teuthology.orchestra.run.smithi142.stdout:/usr/bin/ceph: stderr
2023-09-21T12:47:47.110+0000 7f0b921c6700 1 --2- >> [v2:172.21.15.142:3300/0,v1:172.21.15.142:6789/0] conn(0x7f0b8c07bed0 0x7f0b8c07a330 unknown :-1 s=HELLO_CONNECTING pgs=0 cs=0 l=0 rev1=1 crypto rx=0 tx=0 comp rx=0 tx=0).handle_hello peer v2:172.21.15.142:3300/0 says I am v2:172.21.15.142:48070/0 (socket says 172.21.15.142:48070)
2023-09-21T12:47:47.746 INFO:teuthology.orchestra.run.smithi142.stdout:/usr/bin/ceph: stderr
2023-09-21T12:47:47.110+0000 7f0b921c6700 1 -- 172.21.15.142:0/1196782915 learned_addr learned my addr 172.21.15.142:0/1196782915 (peer_addr_for_me v2:172.21.15.142:0/0)
2023-09-21T12:47:47.746 INFO:teuthology.orchestra.run.smithi142.stdout:/usr/bin/ceph: stderr
2023-09-21T12:47:47.110+0000 7f0b921c6700 1 -- 172.21.15.142:0/1196782915 --> [v2:172.21.15.142:3300/0,v1:172.21.15.142:6789/0] -- mon_subscribe({config=0+,monmap=0+}) v3 -- 0x7f0b8c07aa40 con 0x7f0b8c07bed0
2023-09-21T12:47:47.747 INFO:teuthology.orchestra.run.smithi142.stdout:/usr/bin/ceph: stderr
2023-09-21T12:47:47.111+0000 7f0b921c6700 1 --2- 172.21.15.142:0/1196782915 >> [v2:172.21.15.142:3300/0,v1:172.21.15.142:6789/0] conn(0x7f0b8c07bed0 0x7f0b8c07a330 secure :-1 s=READY pgs=74 cs=0 l=1 rev1=1 crypto rx=0x7f0b880098a0 tx=0x7f0b88009bb0 comp rx=0 tx=0).ready entity=mon.0 client_cookie=e3321621cdd1455d server_cookie=0 in_seq=0 out_seq=0
2023-09-21T12:47:47.747 INFO:teuthology.orchestra.run.smithi142.stdout:/usr/bin/ceph: stderr
2023-09-21T12:47:47.111+0000 7f0b911c4700 1 -- 172.21.15.142:0/1196782915 <== mon.0 v2:172.21.15.142:3300/0 1 ==== mon_map magic: 0 v1 ==== 205+0+0 (secure 0 0 0) 0x7f0b88004160 con 0x7f0b8c07bed0
2023-09-21T12:47:47.747 INFO:teuthology.orchestra.run.smithi142.stdout:/usr/bin/ceph: stderr
2023-09-21T12:47:47.111+0000 7f0b911c4700 1 -- 172.21.15.142:0/1196782915 <== mon.0 v2:172.21.15.142:3300/0 2 ==== config(26 keys) v1 ==== 1105+0+0 (secure 0 0 0) 0x7f0b880042c0 con 0x7f0b8c07bed0
2023-09-21T12:47:47.747 INFO:teuthology.orchestra.run.smithi142.stdout:/usr/bin/ceph: stderr
2023-09-21T12:47:47.111+0000 7f0b911c4700 1 -- 172.21.15.142:0/1196782915 <== mon.0 v2:172.21.15.142:3300/0 3 ==== mon_map magic: 0 v1 ==== 205+0+0 (secure 0 0 0) 0x7f0b880119b0 con 0x7f0b8c07bed0
2023-09-21T12:47:47.748 INFO:teuthology.orchestra.run.smithi142.stdout:/usr/bin/ceph: stderr
2023-09-21T12:47:47.111+0000 7f0b9442a700 1 -- 172.21.15.142:0/1196782915 >> [v2:172.21.15.142:3300/0,v1:172.21.15.142:6789/0] conn(0x7f0b8c07bed0 msgr2=0x7f0b8c07a330 secure :-1 s=STATE_CONNECTION_ESTABLISHED l=1).mark_down
2023-09-21T12:47:47.748 INFO:teuthology.orchestra.run.smithi142.stdout:/usr/bin/ceph: stderr
2023-09-21T12:47:47.111+0000 7f0b9442a700 1 --2- 172.21.15.142:0/1196782915 >> [v2:172.21.15.142:3300/0,v1:172.21.15.142:6789/0] conn(0x7f0b8c07bed0 0x7f0b8c07a330 secure :-1 s=READY pgs=74 cs=0 l=1 rev1=1 crypto rx=0x7f0b880098a0 tx=0x7f0b88009bb0 comp rx=0 tx=0).stop
2023-09-21T12:47:47.748 INFO:teuthology.orchestra.run.smithi142.stdout:/usr/bin/ceph: stderr
2023-09-21T12:47:47.112+0000 7f0b9442a700 1 -- 172.21.15.142:0/1196782915 shutdown_connections
2023-09-21T12:47:47.748 INFO:teuthology.orchestra.run.smithi142.stdout:/usr/bin/ceph: stderr
2023-09-21T12:47:47.112+0000 7f0b9442a700 1 --2- 172.21.15.142:0/1196782915 >> [v2:172.21.15.142:3300/0,v1:172.21.15.142:6789/0] conn(0x7f0b8c07bed0 0x7f0b8c07a330 unknown :-1 s=CLOSED pgs=74 cs=0 l=1 rev1=1 crypto rx=0 tx=0 comp rx=0 tx=0).stop
2023-09-21T12:47:47.749 INFO:teuthology.orchestra.run.smithi142.stdout:/usr/bin/ceph: stderr
2023-09-21T12:47:47.112+0000 7f0b9442a700 1 -- 172.21.15.142:0/1196782915 >> 172.21.15.142:0/1196782915 conn(0x7f0b8c101ba0 msgr2=0x7f0b8c103fe0 unknown :-1 s=STATE_NONE l=0).mark_down
2023-09-21T12:47:47.749 INFO:teuthology.orchestra.run.smithi142.stdout:/usr/bin/ceph: stderr
2023-09-21T12:47:47.112+0000 7f0b9442a700 1 -- 172.21.15.142:0/1196782915 shutdown_connections
2023-09-21T12:47:47.749 INFO:teuthology.orchestra.run.smithi142.stdout:/usr/bin/ceph: stderr
2023-09-21T12:47:47.112+0000 7f0b9442a700 1 -- 172.21.15.142:0/1196782915 wait complete.
2023-09-21T12:47:47.749 INFO:teuthology.orchestra.run.smithi142.stdout:/usr/bin/ceph: stderr
2023-09-21T12:47:47.113+0000 7f0b9442a700 1 Processor -- start
2023-09-21T12:47:47.749 INFO:teuthology.orchestra.run.smithi142.stdout:/usr/bin/ceph: stderr
2023-09-21T12:47:47.113+0000 7f0b9442a700 1 -- start start
2023-09-21T12:47:47.750 INFO:teuthology.orchestra.run.smithi142.stdout:/usr/bin/ceph: stderr
2023-09-21T12:47:47.113+0000 7f0b9442a700 1 --2- >> [v2:172.21.15.142:3300/0,v1:172.21.15.142:6789/0] conn(0x7f0b8c07bed0 0x7f0b8c19c750 unknown :-1 s=NONE pgs=0 cs=0 l=1 rev1=0 crypto rx=0 tx=0 comp rx=0 tx=0).connect
2023-09-21T12:47:47.750 INFO:teuthology.orchestra.run.smithi142.stdout:/usr/bin/ceph: stderr
2023-09-21T12:47:47.113+0000 7f0b9442a700 1 -- --> [v2:172.21.15.142:3300/0,v1:172.21.15.142:6789/0] -- mon_getmap magic: 0 v1 -- 0x7f0b8c19cc90 con 0x7f0b8c07bed0
2023-09-21T12:47:47.750 INFO:teuthology.orchestra.run.smithi142.stdout:/usr/bin/ceph: stderr
2023-09-21T12:47:47.113+0000 7f0b921c6700 1 --2- >> [v2:172.21.15.142:3300/0,v1:172.21.15.142:6789/0] conn(0x7f0b8c07bed0 0x7f0b8c19c750 unknown :-1 s=BANNER_CONNECTING pgs=0 cs=0 l=1 rev1=0 crypto rx=0 tx=0 comp rx=0 tx=0)._handle_peer_banner_payload supported=3 required=0
2023-09-21T12:47:47.750 INFO:teuthology.orchestra.run.smithi142.stdout:/usr/bin/ceph: stderr
2023-09-21T12:47:47.113+0000 7f0b921c6700 1 --2- >> [v2:172.21.15.142:3300/0,v1:172.21.15.142:6789/0] conn(0x7f0b8c07bed0 0x7f0b8c19c750 unknown :-1 s=HELLO_CONNECTING pgs=0 cs=0 l=1 rev1=1 crypto rx=0 tx=0 comp rx=0 tx=0).handle_hello peer v2:172.21.15.142:3300/0 says I am v2:172.21.15.142:48080/0 (socket says 172.21.15.142:48080)
2023-09-21T12:47:47.750 INFO:teuthology.orchestra.run.smithi142.stdout:/usr/bin/ceph: stderr
2023-09-21T12:47:47.113+0000 7f0b921c6700 1 -- 172.21.15.142:0/2857185639 learned_addr learned my addr 172.21.15.142:0/2857185639 (peer_addr_for_me v2:172.21.15.142:0/0)
2023-09-21T12:47:47.751 INFO:teuthology.orchestra.run.smithi142.stdout:/usr/bin/ceph: stderr
2023-09-21T12:47:47.114+0000 7f0b921c6700 1 -- 172.21.15.142:0/2857185639 --> [v2:172.21.15.142:3300/0,v1:172.21.15.142:6789/0] -- mon_subscribe({config=0+,monmap=0+}) v3 -- 0x7f0b88009550 con 0x7f0b8c07bed0
2023-09-21T12:47:47.751 INFO:teuthology.orchestra.run.smithi142.stdout:/usr/bin/ceph: stderr
2023-09-21T12:47:47.114+0000 7f0b921c6700 1 --2- 172.21.15.142:0/2857185639 >> [v2:172.21.15.142:3300/0,v1:172.21.15.142:6789/0] conn(0x7f0b8c07bed0 0x7f0b8c19c750 secure :-1 s=READY pgs=75 cs=0 l=1 rev1=1 crypto rx=0x7f0b88000c00 tx=0x7f0b88011a30 comp rx=0 tx=0).ready entity=mon.0 client_cookie=0 server_cookie=0 in_seq=0 out_seq=0
2023-09-21T12:47:47.751 INFO:teuthology.orchestra.run.smithi142.stdout:/usr/bin/ceph: stderr
2023-09-21T12:47:47.114+0000 7f0b837fe700 1 -- 172.21.15.142:0/2857185639 <== mon.0 v2:172.21.15.142:3300/0 1 ==== mon_map magic: 0 v1 ==== 205+0+0 (secure 0 0 0) 0x7f0b880039f0 con 0x7f0b8c07bed0
2023-09-21T12:47:47.751 INFO:teuthology.orchestra.run.smithi142.stdout:/usr/bin/ceph: stderr
2023-09-21T12:47:47.114+0000 7f0b837fe700 1 -- 172.21.15.142:0/2857185639 <== mon.0 v2:172.21.15.142:3300/0 2 ==== config(26 keys) v1 ==== 1105+0+0 (secure 0 0 0) 0x7f0b88003b50 con 0x7f0b8c07bed0
2023-09-21T12:47:47.751 INFO:teuthology.orchestra.run.smithi142.stdout:/usr/bin/ceph: stderr
2023-09-21T12:47:47.114+0000 7f0b9442a700 1 -- 172.21.15.142:0/2857185639 --> [v2:172.21.15.142:3300/0,v1:172.21.15.142:6789/0] -- mon_subscribe({mgrmap=0+}) v3 -- 0x7f0b8c19ce90 con 0x7f0b8c07bed0
2023-09-21T12:47:47.752 INFO:teuthology.orchestra.run.smithi142.stdout:/usr/bin/ceph: stderr
2023-09-21T12:47:47.114+0000 7f0b837fe700 1 -- 172.21.15.142:0/2857185639 <== mon.0 v2:172.21.15.142:3300/0 3 ==== mon_map magic: 0 v1 ==== 205+0+0 (secure 0 0 0) 0x7f0b8801a780 con 0x7f0b8c07bed0
2023-09-21T12:47:47.752 INFO:teuthology.orchestra.run.smithi142.stdout:/usr/bin/ceph: stderr
2023-09-21T12:47:47.114+0000 7f0b9442a700 1 -- 172.21.15.142:0/2857185639 --> [v2:172.21.15.142:3300/0,v1:172.21.15.142:6789/0] -- mon_subscribe({osdmap=0}) v3 -- 0x7f0b8c19d2b0 con 0x7f0b8c07bed0
2023-09-21T12:47:47.752 INFO:teuthology.orchestra.run.smithi142.stdout:/usr/bin/ceph: stderr
2023-09-21T12:47:47.115+0000 7f0b837fe700 1 -- 172.21.15.142:0/2857185639 <== mon.0 v2:172.21.15.142:3300/0 4 ==== mgrmap(e 13) v1 ==== 45388+0+0 (secure 0 0 0) 0x7f0b88024440 con 0x7f0b8c07bed0
2023-09-21T12:47:47.752 INFO:teuthology.orchestra.run.smithi142.stdout:/usr/bin/ceph: stderr
2023-09-21T12:47:47.115+0000 7f0b9442a700 1 -- 172.21.15.142:0/2857185639 --> [v2:172.21.15.142:3300/0,v1:172.21.15.142:6789/0] -- mon_command({"prefix": "get_command_descriptions"} v 0) v1 -- 0x7f0b8c196600 con 0x7f0b8c07bed0
2023-09-21T12:47:47.753 INFO:teuthology.orchestra.run.smithi142.stdout:/usr/bin/ceph: stderr
2023-09-21T12:47:47.116+0000 7f0b837fe700 1 --2- 172.21.15.142:0/2857185639 >> [v2:172.21.15.142:6800/3499877374,v1:172.21.15.142:6801/3499877374] conn(0x7f0b78038560 0x7f0b7803aa20 unknown :-1 s=NONE pgs=0 cs=0 l=1 rev1=0 crypto rx=0 tx=0 comp rx=0 tx=0).connect
2023-09-21T12:47:47.753 INFO:teuthology.orchestra.run.smithi142.stdout:/usr/bin/ceph: stderr
2023-09-21T12:47:47.116+0000 7f0b837fe700 1 -- 172.21.15.142:0/2857185639 <== mon.0 v2:172.21.15.142:3300/0 5 ==== osd_map(3..3 src has 1..3) v4 ==== 1155+0+0 (secure 0 0 0) 0x7f0b8804c590 con 0x7f0b8c07bed0
2023-09-21T12:47:47.753 INFO:teuthology.orchestra.run.smithi142.stdout:/usr/bin/ceph: stderr
2023-09-21T12:47:47.116+0000 7f0b919c5700 1 --2- 172.21.15.142:0/2857185639 >> [v2:172.21.15.142:6800/3499877374,v1:172.21.15.142:6801/3499877374] conn(0x7f0b78038560 0x7f0b7803aa20 unknown :-1 s=BANNER_CONNECTING pgs=0 cs=0 l=1 rev1=0 crypto rx=0 tx=0 comp rx=0 tx=0)._handle_peer_banner_payload supported=3 required=0
2023-09-21T12:47:47.753 INFO:teuthology.orchestra.run.smithi142.stdout:/usr/bin/ceph: stderr
2023-09-21T12:47:47.116+0000 7f0b919c5700 1 --2- 172.21.15.142:0/2857185639 >> [v2:172.21.15.142:6800/3499877374,v1:172.21.15.142:6801/3499877374] conn(0x7f0b78038560 0x7f0b7803aa20 secure :-1 s=READY pgs=10 cs=0 l=1 rev1=1 crypto rx=0x7f0b7c006fd0 tx=0x7f0b7c006e40 comp rx=0 tx=0).ready entity=mgr.14150 client_cookie=0 server_cookie=0 in_seq=0 out_seq=0
2023-09-21T12:47:47.753 INFO:teuthology.orchestra.run.smithi142.stdout:/usr/bin/ceph: stderr
2023-09-21T12:47:47.120+0000 7f0b837fe700 1 -- 172.21.15.142:0/2857185639 <== mon.0 v2:172.21.15.142:3300/0 6 ==== mon_command_ack([{"prefix": "get_command_descriptions"}]=0 v0) v1 ==== 72+0+179712 (secure 0 0 0) 0x7f0b880189a0 con 0x7f0b8c07bed0
2023-09-21T12:47:47.754 INFO:teuthology.orchestra.run.smithi142.stdout:/usr/bin/ceph: stderr
2023-09-21T12:47:47.323+0000 7f0b9442a700 1 -- 172.21.15.142:0/2857185639 --> [v2:172.21.15.142:3300/0,v1:172.21.15.142:6789/0] -- mon_command([{prefix=config set, name=osd_memory_target_autotune}] v 0) v1 -- 0x7f0b8c062410 con 0x7f0b8c07bed0
2023-09-21T12:47:47.754 INFO:teuthology.orchestra.run.smithi142.stdout:/usr/bin/ceph: stderr
2023-09-21T12:47:47.323+0000 7f0b837fe700 1 -- 172.21.15.142:0/2857185639 <== mon.0 v2:172.21.15.142:3300/0 7 ==== mon_command_ack([{prefix=config set, name=osd_memory_target_autotune}]=0 v8)=0 v8) v1 ==== 127+0+0 (secure 0 0 0) 0x7f0b88018350 con 0x7f0b8c07bed0
2023-09-21T12:47:47.754 INFO:teuthology.orchestra.run.smithi142.stdout:/usr/bin/ceph: stderr
2023-09-21T12:47:47.326+0000 7f0b9442a700 1 -- 172.21.15.142:0/2857185639 >> [v2:172.21.15.142:6800/3499877374,v1:172.21.15.142:6801/3499877374] conn(0x7f0b78038560 msgr2=0x7f0b7803aa20 secure :-1 s=STATE_CONNECTION_ESTABLISHED l=1).mark_down
2023-09-21T12:47:47.754 INFO:teuthology.orchestra.run.smithi142.stdout:/usr/bin/ceph: stderr
2023-09-21T12:47:47.326+0000 7f0b9442a700 1 --2- 172.21.15.142:0/2857185639 >> [v2:172.21.15.142:6800/3499877374,v1:172.21.15.142:6801/3499877374] conn(0x7f0b78038560 0x7f0b7803aa20 secure :-1 s=READY pgs=10 cs=0 l=1 rev1=1 crypto rx=0x7f0b7c006fd0 tx=0x7f0b7c006e40 comp rx=0 tx=0).stop
2023-09-21T12:47:47.754 INFO:teuthology.orchestra.run.smithi142.stdout:/usr/bin/ceph: stderr
2023-09-21T12:47:47.326+0000 7f0b9442a700 1 -- 172.21.15.142:0/2857185639 >> [v2:172.21.15.142:3300/0,v1:172.21.15.142:6789/0] conn(0x7f0b8c07bed0 msgr2=0x7f0b8c19c750 secure :-1 s=STATE_CONNECTION_ESTABLISHED l=1).mark_down
2023-09-21T12:47:47.755 INFO:teuthology.orchestra.run.smithi142.stdout:/usr/bin/ceph: stderr
2023-09-21T12:47:47.326+0000 7f0b9442a700 1 --2- 172.21.15.142:0/2857185639 >> [v2:172.21.15.142:3300/0,v1:172.21.15.142:6789/0] conn(0x7f0b8c07bed0 0x7f0b8c19c750 secure :-1 s=READY pgs=75 cs=0 l=1 rev1=1 crypto rx=0x7f0b88000c00 tx=0x7f0b88011a30 comp rx=0 tx=0).stop
2023-09-21T12:47:47.755 INFO:teuthology.orchestra.run.smithi142.stdout:/usr/bin/ceph: stderr
2023-09-21T12:47:47.326+0000 7f0b9442a700 1 -- 172.21.15.142:0/2857185639 shutdown_connections
2023-09-21T12:47:47.755 INFO:teuthology.orchestra.run.smithi142.stdout:/usr/bin/ceph: stderr
2023-09-21T12:47:47.326+0000 7f0b9442a700 1 --2- 172.21.15.142:0/2857185639 >> [v2:172.21.15.142:6800/3499877374,v1:172.21.15.142:6801/3499877374] conn(0x7f0b78038560 0x7f0b7803aa20 unknown :-1 s=CLOSED pgs=10 cs=0 l=1 rev1=1 crypto rx=0 tx=0 comp rx=0 tx=0).stop
2023-09-21T12:47:47.755 INFO:teuthology.orchestra.run.smithi142.stdout:/usr/bin/ceph: stderr
2023-09-21T12:47:47.326+0000 7f0b9442a700 1 --2- 172.21.15.142:0/2857185639 >> [v2:172.21.15.142:3300/0,v1:172.21.15.142:6789/0] conn(0x7f0b8c07bed0 0x7f0b8c19c750 unknown :-1 s=CLOSED pgs=75 cs=0 l=1 rev1=1 crypto rx=0 tx=0 comp rx=0 tx=0).stop
2023-09-21T12:47:47.755 INFO:teuthology.orchestra.run.smithi142.stdout:/usr/bin/ceph: stderr
2023-09-21T12:47:47.326+0000 7f0b9442a700 1 -- 172.21.15.142:0/2857185639 >> 172.21.15.142:0/2857185639 conn(0x7f0b8c101ba0 msgr2=0x7f0b8c102a70 unknown :-1 s=STATE_NONE l=0).mark_down
2023-09-21T12:47:47.756 INFO:teuthology.orchestra.run.smithi142.stdout:/usr/bin/ceph: stderr
2023-09-21T12:47:47.326+0000 7f0b9442a700 1 -- 172.21.15.142:0/2857185639 shutdown_connections
2023-09-21T12:47:47.756 INFO:teuthology.orchestra.run.smithi142.stdout:/usr/bin/ceph: stderr
2023-09-21T12:47:47.326+0000 7f0b9442a700 1 -- 172.21.15.142:0/2857185639 wait complete.
2023-09-21T12:47:47.916 INFO:journalctl@ceph.mon.a.smithi142.stdout:Sep 21 12:47:47 smithi142 ceph-mon[97663]: mgrmap e13: x(active, since 6s)
2023-09-21T12:47:49.024 INFO:teuthology.orchestra.run.smithi142.stdout:/usr/bin/ceph: stderr
2023-09-21T12:47:48.283+0000 7f7b90616700 1 Processor -- start
2023-09-21T12:47:49.024 INFO:teuthology.orchestra.run.smithi142.stdout:/usr/bin/ceph: stderr
2023-09-21T12:47:48.283+0000 7f7b90616700 1 -- start start
2023-09-21T12:47:49.024 INFO:teuthology.orchestra.run.smithi142.stdout:/usr/bin/ceph: stderr
2023-09-21T12:47:48.284+0000 7f7b90616700 1 --2- >> [v2:172.21.15.142:3300/0,v1:172.21.15.142:6789/0] conn(0x7f7b88106600 0x7f7b88106a20 unknown :-1 s=NONE pgs=0 cs=0 l=0 rev1=0 crypto rx=0 tx=0 comp rx=0 tx=0).connect
2023-09-21T12:47:49.025 INFO:teuthology.orchestra.run.smithi142.stdout:/usr/bin/ceph: stderr
2023-09-21T12:47:48.284+0000 7f7b90616700 1 -- --> [v2:172.21.15.142:3300/0,v1:172.21.15.142:6789/0] -- mon_getmap magic: 0 v1 -- 0x7f7b88106ff0 con 0x7f7b88106600
2023-09-21T12:47:49.025 INFO:teuthology.orchestra.run.smithi142.stdout:/usr/bin/ceph: stderr
2023-09-21T12:47:48.284+0000 7f7b8e3b2700 1 --2- >> [v2:172.21.15.142:3300/0,v1:172.21.15.142:6789/0] conn(0x7f7b88106600 0x7f7b88106a20 unknown :-1 s=BANNER_CONNECTING pgs=0 cs=0 l=0 rev1=0 crypto rx=0 tx=0 comp rx=0 tx=0)._handle_peer_banner_payload supported=3 required=0
2023-09-21T12:47:49.025 INFO:teuthology.orchestra.run.smithi142.stdout:/usr/bin/ceph: stderr
2023-09-21T12:47:48.284+0000 7f7b8e3b2700 1 --2- >> [v2:172.21.15.142:3300/0,v1:172.21.15.142:6789/0] conn(0x7f7b88106600 0x7f7b88106a20 unknown :-1 s=HELLO_CONNECTING pgs=0 cs=0 l=0 rev1=1 crypto rx=0 tx=0 comp rx=0 tx=0).handle_hello peer v2:172.21.15.142:3300/0 says I am v2:172.21.15.142:48086/0 (socket says 172.21.15.142:48086)
2023-09-21T12:47:49.025 INFO:teuthology.orchestra.run.smithi142.stdout:/usr/bin/ceph: stderr
2023-09-21T12:47:48.284+0000 7f7b8e3b2700 1 -- 172.21.15.142:0/1926929543 learned_addr learned my addr 172.21.15.142:0/1926929543 (peer_addr_for_me v2:172.21.15.142:0/0)
2023-09-21T12:47:49.025 INFO:teuthology.orchestra.run.smithi142.stdout:/usr/bin/ceph: stderr
2023-09-21T12:47:48.285+0000 7f7b8e3b2700 1 -- 172.21.15.142:0/1926929543 --> [v2:172.21.15.142:3300/0,v1:172.21.15.142:6789/0] -- mon_subscribe({config=0+,monmap=0+}) v3 -- 0x7f7b88107800 con 0x7f7b88106600
2023-09-21T12:47:49.026 INFO:teuthology.orchestra.run.smithi142.stdout:/usr/bin/ceph: stderr
2023-09-21T12:47:48.285+0000 7f7b8e3b2700 1 --2- 172.21.15.142:0/1926929543 >> [v2:172.21.15.142:3300/0,v1:172.21.15.142:6789/0] conn(0x7f7b88106600 0x7f7b88106a20 secure :-1 s=READY pgs=76 cs=0 l=1 rev1=1 crypto rx=0x7f7b840098a0 tx=0x7f7b84009bb0 comp rx=0 tx=0).ready entity=mon.0 client_cookie=72777cfe3b821aba server_cookie=0 in_seq=0 out_seq=0
2023-09-21T12:47:49.026 INFO:teuthology.orchestra.run.smithi142.stdout:/usr/bin/ceph: stderr
2023-09-21T12:47:48.285+0000 7f7b8d3b0700 1 -- 172.21.15.142:0/1926929543 <== mon.0 v2:172.21.15.142:3300/0 1 ==== mon_map magic: 0 v1 ==== 205+0+0 (secure 0 0 0) 0x7f7b84004160 con 0x7f7b88106600
2023-09-21T12:47:49.026 INFO:teuthology.orchestra.run.smithi142.stdout:/usr/bin/ceph: stderr
2023-09-21T12:47:48.285+0000 7f7b8d3b0700 1 -- 172.21.15.142:0/1926929543 <== mon.0 v2:172.21.15.142:3300/0 2 ==== config(26 keys) v1 ==== 1105+0+0 (secure 0 0 0) 0x7f7b840042c0 con 0x7f7b88106600
2023-09-21T12:47:49.026 INFO:teuthology.orchestra.run.smithi142.stdout:/usr/bin/ceph: stderr
2023-09-21T12:47:48.285+0000 7f7b8d3b0700 1 -- 172.21.15.142:0/1926929543 <== mon.0 v2:172.21.15.142:3300/0 3 ==== mon_map magic: 0 v1 ==== 205+0+0 (secure 0 0 0) 0x7f7b840119b0 con 0x7f7b88106600
2023-09-21T12:47:49.027 INFO:teuthology.orchestra.run.smithi142.stdout:/usr/bin/ceph: stderr
2023-09-21T12:47:48.286+0000 7f7b90616700 1 -- 172.21.15.142:0/1926929543 >> [v2:172.21.15.142:3300/0,v1:172.21.15.142:6789/0] conn(0x7f7b88106600 msgr2=0x7f7b88106a20 secure :-1 s=STATE_CONNECTION_ESTABLISHED l=1).mark_down
2023-09-21T12:47:49.027 INFO:teuthology.orchestra.run.smithi142.stdout:/usr/bin/ceph: stderr
2023-09-21T12:47:48.286+0000 7f7b90616700 1 --2- 172.21.15.142:0/1926929543 >> [v2:172.21.15.142:3300/0,v1:172.21.15.142:6789/0] conn(0x7f7b88106600 0x7f7b88106a20 secure :-1 s=READY pgs=76 cs=0 l=1 rev1=1 crypto rx=0x7f7b840098a0 tx=0x7f7b84009bb0 comp rx=0 tx=0).stop
2023-09-21T12:47:49.027 INFO:teuthology.orchestra.run.smithi142.stdout:/usr/bin/ceph: stderr
2023-09-21T12:47:48.286+0000 7f7b90616700 1 -- 172.21.15.142:0/1926929543 shutdown_connections
2023-09-21T12:47:49.027 INFO:teuthology.orchestra.run.smithi142.stdout:/usr/bin/ceph: stderr
2023-09-21T12:47:48.286+0000 7f7b90616700 1 --2- 172.21.15.142:0/1926929543 >> [v2:172.21.15.142:3300/0,v1:172.21.15.142:6789/0] conn(0x7f7b88106600 0x7f7b88106a20 unknown :-1 s=CLOSED pgs=76 cs=0 l=1 rev1=1 crypto rx=0 tx=0 comp rx=0 tx=0).stop
2023-09-21T12:47:49.027 INFO:teuthology.orchestra.run.smithi142.stdout:/usr/bin/ceph: stderr
