2024-02-19T16:12:44.397+0000 7f79816a0700 1 --2- >> [v2:172.21.15.8:3300/0,v1:172.21.15.8:6789/0] conn(0x7f797c106860 0x7f797c106c80 unknown :-1 s=NONE pgs=0 cs=0 l=0 rev1=0 crypto rx=0 tx=0 comp rx=0 tx=0).connect
2024-02-19T16:12:45.161 INFO:teuthology.orchestra.run.smithi008.stdout:/usr/bin/ceph: stderr
2024-02-19T16:12:44.397+0000 7f79816a0700 1 -- --> [v2:172.21.15.8:3300/0,v1:172.21.15.8:6789/0] -- mon_getmap magic: 0 v1 -- 0x7f797c107250 con 0x7f797c106860
2024-02-19T16:12:45.161 INFO:teuthology.orchestra.run.smithi008.stdout:/usr/bin/ceph: stderr
2024-02-19T16:12:44.397+0000 7f797affd700 1 --2- >> [v2:172.21.15.8:3300/0,v1:172.21.15.8:6789/0] conn(0x7f797c106860 0x7f797c106c80 unknown :-1 s=BANNER_CONNECTING pgs=0 cs=0 l=0 rev1=0 crypto rx=0 tx=0 comp rx=0 tx=0)._handle_peer_banner_payload supported=3 required=0
2024-02-19T16:12:45.161 INFO:teuthology.orchestra.run.smithi008.stdout:/usr/bin/ceph: stderr
2024-02-19T16:12:44.397+0000 7f797affd700 1 --2- >> [v2:172.21.15.8:3300/0,v1:172.21.15.8:6789/0] conn(0x7f797c106860 0x7f797c106c80 unknown :-1 s=HELLO_CONNECTING pgs=0 cs=0 l=0 rev1=1 crypto rx=0 tx=0 comp rx=0 tx=0).handle_hello peer v2:172.21.15.8:3300/0 says I am v2:172.21.15.8:37558/0 (socket says 172.21.15.8:37558)
2024-02-19T16:12:45.161 INFO:teuthology.orchestra.run.smithi008.stdout:/usr/bin/ceph: stderr
2024-02-19T16:12:44.397+0000 7f797affd700 1 -- 172.21.15.8:0/849650774 learned_addr learned my addr 172.21.15.8:0/849650774 (peer_addr_for_me v2:172.21.15.8:0/0)
2024-02-19T16:12:45.161 INFO:teuthology.orchestra.run.smithi008.stdout:/usr/bin/ceph: stderr
2024-02-19T16:12:44.397+0000 7f797affd700 1 -- 172.21.15.8:0/849650774 --> [v2:172.21.15.8:3300/0,v1:172.21.15.8:6789/0] -- mon_subscribe({config=0+,monmap=0+}) v3 -- 0x7f797c107a60 con 0x7f797c106860
2024-02-19T16:12:45.162 INFO:teuthology.orchestra.run.smithi008.stdout:/usr/bin/ceph: stderr
2024-02-19T16:12:44.397+0000 7f797affd700 1 --2- 172.21.15.8:0/849650774 >> [v2:172.21.15.8:3300/0,v1:172.21.15.8:6789/0] conn(0x7f797c106860 0x7f797c106c80 secure :-1 s=READY pgs=20 cs=0 l=1 rev1=1 crypto rx=0x7f796c00bb40 tx=0x7f796c00be50 comp rx=0 tx=0).ready entity=mon.0 client_cookie=78f1af7ea2afd18 server_cookie=0 in_seq=0 out_seq=0
2024-02-19T16:12:45.162 INFO:teuthology.orchestra.run.smithi008.stdout:/usr/bin/ceph: stderr
2024-02-19T16:12:44.398+0000 7f7979ffb700 1 -- 172.21.15.8:0/849650774 <== mon.0 v2:172.21.15.8:3300/0 1 ==== mon_map magic: 0 v1 ==== 205+0+0 (secure 0 0 0) 0x7f796c00dbe0 con 0x7f797c106860
2024-02-19T16:12:45.162 INFO:teuthology.orchestra.run.smithi008.stdout:/usr/bin/ceph: stderr
2024-02-19T16:12:44.398+0000 7f7979ffb700 1 -- 172.21.15.8:0/849650774 <== mon.0 v2:172.21.15.8:3300/0 2 ==== config(27 keys) v1 ==== 1109+0+0 (secure 0 0 0) 0x7f796c0044f0 con 0x7f797c106860
2024-02-19T16:12:45.162 INFO:teuthology.orchestra.run.smithi008.stdout:/usr/bin/ceph: stderr
2024-02-19T16:12:44.398+0000 7f7979ffb700 1 -- 172.21.15.8:0/849650774 <== mon.0 v2:172.21.15.8:3300/0 3 ==== mon_map magic: 0 v1 ==== 205+0+0 (secure 0 0 0) 0x7f796c010470 con 0x7f797c106860
2024-02-19T16:12:45.162 INFO:teuthology.orchestra.run.smithi008.stdout:/usr/bin/ceph: stderr
2024-02-19T16:12:44.398+0000 7f79816a0700 1 -- 172.21.15.8:0/849650774 >> [v2:172.21.15.8:3300/0,v1:172.21.15.8:6789/0] conn(0x7f797c106860 msgr2=0x7f797c106c80 secure :-1 s=STATE_CONNECTION_ESTABLISHED l=1).mark_down
2024-02-19T16:12:45.163 INFO:teuthology.orchestra.run.smithi008.stdout:/usr/bin/ceph: stderr
2024-02-19T16:12:44.398+0000 7f79816a0700 1 --2- 172.21.15.8:0/849650774 >> [v2:172.21.15.8:3300/0,v1:172.21.15.8:6789/0] conn(0x7f797c106860 0x7f797c106c80 secure :-1 s=READY pgs=20 cs=0 l=1 rev1=1 crypto rx=0x7f796c00bb40 tx=0x7f796c00be50 comp rx=0 tx=0).stop
2024-02-19T16:12:45.163 INFO:teuthology.orchestra.run.smithi008.stdout:/usr/bin/ceph: stderr
2024-02-19T16:12:44.398+0000 7f79816a0700 1 -- 172.21.15.8:0/849650774 shutdown_connections
2024-02-19T16:12:45.163 INFO:teuthology.orchestra.run.smithi008.stdout:/usr/bin/ceph: stderr
2024-02-19T16:12:44.398+0000 7f79816a0700 1 --2- 172.21.15.8:0/849650774 >> [v2:172.21.15.8:3300/0,v1:172.21.15.8:6789/0] conn(0x7f797c106860 0x7f797c106c80 unknown :-1 s=CLOSED pgs=20 cs=0 l=1 rev1=1 crypto rx=0 tx=0 comp rx=0 tx=0).stop
2024-02-19T16:12:45.163 INFO:teuthology.orchestra.run.smithi008.stdout:/usr/bin/ceph: stderr
2024-02-19T16:12:44.398+0000 7f79816a0700 1 -- 172.21.15.8:0/849650774 >> 172.21.15.8:0/849650774 conn(0x7f797c101e20 msgr2=0x7f797c104240 unknown :-1 s=STATE_NONE l=0).mark_down
2024-02-19T16:12:45.163 INFO:teuthology.orchestra.run.smithi008.stdout:/usr/bin/ceph: stderr
2024-02-19T16:12:44.398+0000 7f79816a0700 1 -- 172.21.15.8:0/849650774 shutdown_connections
2024-02-19T16:12:45.164 INFO:teuthology.orchestra.run.smithi008.stdout:/usr/bin/ceph: stderr
2024-02-19T16:12:44.398+0000 7f79816a0700 1 -- 172.21.15.8:0/849650774 wait complete.
2024-02-19T16:12:45.164 INFO:teuthology.orchestra.run.smithi008.stdout:/usr/bin/ceph: stderr
2024-02-19T16:12:44.399+0000 7f79816a0700 1 Processor -- start
2024-02-19T16:12:45.164 INFO:teuthology.orchestra.run.smithi008.stdout:/usr/bin/ceph: stderr
2024-02-19T16:12:44.399+0000 7f79816a0700 1 -- start start
2024-02-19T16:12:45.165 INFO:teuthology.orchestra.run.smithi008.stdout:/usr/bin/ceph: stderr
2024-02-19T16:12:44.399+0000 7f79816a0700 1 --2- >> [v2:172.21.15.8:3300/0,v1:172.21.15.8:6789/0] conn(0x7f797c106860 0x7f797c199560 unknown :-1 s=NONE pgs=0 cs=0 l=1 rev1=0 crypto rx=0 tx=0 comp rx=0 tx=0).connect
2024-02-19T16:12:45.165 INFO:teuthology.orchestra.run.smithi008.stdout:/usr/bin/ceph: stderr
2024-02-19T16:12:44.399+0000 7f79816a0700 1 -- --> [v2:172.21.15.8:3300/0,v1:172.21.15.8:6789/0] -- mon_getmap magic: 0 v1 -- 0x7f797c199aa0 con 0x7f797c106860
2024-02-19T16:12:45.165 INFO:teuthology.orchestra.run.smithi008.stdout:/usr/bin/ceph: stderr
2024-02-19T16:12:44.399+0000 7f797affd700 1 --2- >> [v2:172.21.15.8:3300/0,v1:172.21.15.8:6789/0] conn(0x7f797c106860 0x7f797c199560 unknown :-1 s=BANNER_CONNECTING pgs=0 cs=0 l=1 rev1=0 crypto rx=0 tx=0 comp rx=0 tx=0)._handle_peer_banner_payload supported=3 required=0
2024-02-19T16:12:45.166 INFO:teuthology.orchestra.run.smithi008.stdout:/usr/bin/ceph: stderr
2024-02-19T16:12:44.399+0000 7f797affd700 1 --2- >> [v2:172.21.15.8:3300/0,v1:172.21.15.8:6789/0] conn(0x7f797c106860 0x7f797c199560 unknown :-1 s=HELLO_CONNECTING pgs=0 cs=0 l=1 rev1=1 crypto rx=0 tx=0 comp rx=0 tx=0).handle_hello peer v2:172.21.15.8:3300/0 says I am v2:172.21.15.8:37572/0 (socket says 172.21.15.8:37572)
2024-02-19T16:12:45.167 INFO:teuthology.orchestra.run.smithi008.stdout:/usr/bin/ceph: stderr
2024-02-19T16:12:44.399+0000 7f797affd700 1 -- 172.21.15.8:0/2808688341 learned_addr learned my addr 172.21.15.8:0/2808688341 (peer_addr_for_me v2:172.21.15.8:0/0)
2024-02-19T16:12:45.167 INFO:teuthology.orchestra.run.smithi008.stdout:/usr/bin/ceph: stderr
2024-02-19T16:12:44.400+0000 7f797affd700 1 -- 172.21.15.8:0/2808688341 --> [v2:172.21.15.8:3300/0,v1:172.21.15.8:6789/0] -- mon_subscribe({config=0+,monmap=0+}) v3 -- 0x7f796c00b7f0 con 0x7f797c106860
2024-02-19T16:12:45.167 INFO:teuthology.orchestra.run.smithi008.stdout:/usr/bin/ceph: stderr
2024-02-19T16:12:44.400+0000 7f797affd700 1 --2- 172.21.15.8:0/2808688341 >> [v2:172.21.15.8:3300/0,v1:172.21.15.8:6789/0] conn(0x7f797c106860 0x7f797c199560 secure :-1 s=READY pgs=21 cs=0 l=1 rev1=1 crypto rx=0x7f796c00d650 tx=0x7f796c0040b0 comp rx=0 tx=0).ready entity=mon.0 client_cookie=0 server_cookie=0 in_seq=0 out_seq=0
2024-02-19T16:12:45.167 INFO:teuthology.orchestra.run.smithi008.stdout:/usr/bin/ceph: stderr
2024-02-19T16:12:44.400+0000 7f7973fff700 1 -- 172.21.15.8:0/2808688341 <== mon.0 v2:172.21.15.8:3300/0 1 ==== mon_map magic: 0 v1 ==== 205+0+0 (secure 0 0 0) 0x7f796c01e070 con 0x7f797c106860
2024-02-19T16:12:45.167 INFO:teuthology.orchestra.run.smithi008.stdout:/usr/bin/ceph: stderr
2024-02-19T16:12:44.400+0000 7f7973fff700 1 -- 172.21.15.8:0/2808688341 <== mon.0 v2:172.21.15.8:3300/0 2 ==== config(27 keys) v1 ==== 1109+0+0 (secure 0 0 0) 0x7f796c010bb0 con 0x7f797c106860
2024-02-19T16:12:45.167 INFO:teuthology.orchestra.run.smithi008.stdout:/usr/bin/ceph: stderr
2024-02-19T16:12:44.400+0000 7f79816a0700 1 -- 172.21.15.8:0/2808688341 --> [v2:172.21.15.8:3300/0,v1:172.21.15.8:6789/0] -- mon_subscribe({mgrmap=0+}) v3 -- 0x7f797c199ca0 con 0x7f797c106860
2024-02-19T16:12:45.167 INFO:teuthology.orchestra.run.smithi008.stdout:/usr/bin/ceph: stderr
2024-02-19T16:12:44.400+0000 7f7973fff700 1 -- 172.21.15.8:0/2808688341 <== mon.0 v2:172.21.15.8:3300/0 3 ==== mon_map magic: 0 v1 ==== 205+0+0 (secure 0 0 0) 0x7f796c022b30 con 0x7f797c106860
2024-02-19T16:12:45.168 INFO:teuthology.orchestra.run.smithi008.stdout:/usr/bin/ceph: stderr
2024-02-19T16:12:44.400+0000 7f79816a0700 1 -- 172.21.15.8:0/2808688341 --> [v2:172.21.15.8:3300/0,v1:172.21.15.8:6789/0] -- mon_subscribe({osdmap=0}) v3 -- 0x7f797c19a140 con 0x7f797c106860
2024-02-19T16:12:45.168 INFO:teuthology.orchestra.run.smithi008.stdout:/usr/bin/ceph: stderr
2024-02-19T16:12:44.401+0000 7f7973fff700 1 -- 172.21.15.8:0/2808688341 <== mon.0 v2:172.21.15.8:3300/0 4 ==== mgrmap(e 4) v1 ==== 45921+0+0 (secure 0 0 0) 0x7f796c02c440 con 0x7f797c106860
2024-02-19T16:12:45.168 INFO:teuthology.orchestra.run.smithi008.stdout:/usr/bin/ceph: stderr
2024-02-19T16:12:44.401+0000 7f79816a0700 1 -- 172.21.15.8:0/2808688341 --> [v2:172.21.15.8:3300/0,v1:172.21.15.8:6789/0] -- mon_command({"prefix": "get_command_descriptions"} v 0) v1 -- 0x7f797c1930f0 con 0x7f797c106860
2024-02-19T16:12:45.168 INFO:teuthology.orchestra.run.smithi008.stdout:/usr/bin/ceph: stderr
2024-02-19T16:12:44.401+0000 7f7973fff700 1 --2- 172.21.15.8:0/2808688341 >> [v2:172.21.15.8:6800/3125167978,v1:172.21.15.8:6801/3125167978] conn(0x7f7968038e90 0x7f796803b350 unknown :-1 s=NONE pgs=0 cs=0 l=1 rev1=0 crypto rx=0 tx=0 comp rx=0 tx=0).connect
2024-02-19T16:12:45.168 INFO:teuthology.orchestra.run.smithi008.stdout:/usr/bin/ceph: stderr
2024-02-19T16:12:44.401+0000 7f7973fff700 1 -- 172.21.15.8:0/2808688341 <== mon.0 v2:172.21.15.8:3300/0 5 ==== osd_map(1..1 src has 1..1) v4 ==== 725+0+0 (secure 0 0 0) 0x7f796c04f5c0 con 0x7f797c106860
2024-02-19T16:12:45.168 INFO:teuthology.orchestra.run.smithi008.stdout:/usr/bin/ceph: stderr
2024-02-19T16:12:44.401+0000 7f797a7fc700 1 --2- 172.21.15.8:0/2808688341 >> [v2:172.21.15.8:6800/3125167978,v1:172.21.15.8:6801/3125167978] conn(0x7f7968038e90 0x7f796803b350 unknown :-1 s=BANNER_CONNECTING pgs=0 cs=0 l=1 rev1=0 crypto rx=0 tx=0 comp rx=0 tx=0)._handle_peer_banner_payload supported=3 required=0
2024-02-19T16:12:45.168 INFO:teuthology.orchestra.run.smithi008.stdout:/usr/bin/ceph: stderr
2024-02-19T16:12:44.402+0000 7f797a7fc700 1 --2- 172.21.15.8:0/2808688341 >> [v2:172.21.15.8:6800/3125167978,v1:172.21.15.8:6801/3125167978] conn(0x7f7968038e90 0x7f796803b350 secure :-1 s=READY pgs=7 cs=0 l=1 rev1=1 crypto rx=0x7f7964006fd0 tx=0x7f7964006e40 comp rx=0 tx=0).ready entity=mgr.14100 client_cookie=0 server_cookie=0 in_seq=0 out_seq=0
2024-02-19T16:12:45.168 INFO:teuthology.orchestra.run.smithi008.stdout:/usr/bin/ceph: stderr
2024-02-19T16:12:44.406+0000 7f7973fff700 1 -- 172.21.15.8:0/2808688341 <== mon.0 v2:172.21.15.8:3300/0 6 ==== mon_command_ack([{"prefix": "get_command_descriptions"}]=0 v0) v1 ==== 72+0+184849 (secure 0 0 0) 0x7f796c0193f0 con 0x7f797c106860
2024-02-19T16:12:45.169 INFO:teuthology.orchestra.run.smithi008.stdout:/usr/bin/ceph: stderr
2024-02-19T16:12:44.607+0000 7f79816a0700 1 -- 172.21.15.8:0/2808688341 --> [v2:172.21.15.8:3300/0,v1:172.21.15.8:6789/0] -- mon_command({"prefix": "config assimilate-conf"} v 0) v1 -- 0x7f797c07afe0 con 0x7f797c106860
2024-02-19T16:12:45.169 INFO:teuthology.orchestra.run.smithi008.stdout:/usr/bin/ceph: stderr
2024-02-19T16:12:44.608+0000 7f7973fff700 1 -- 172.21.15.8:0/2808688341 <== mon.0 v2:172.21.15.8:3300/0 7 ==== mon_command_ack([{"prefix": "config assimilate-conf"}]=0 v3) v1 ==== 70+0+373 (secure 0 0 0) 0x7f796c027020 con 0x7f797c106860
2024-02-19T16:12:45.169 INFO:teuthology.orchestra.run.smithi008.stdout:/usr/bin/ceph: stderr
2024-02-19T16:12:44.610+0000 7f79816a0700 1 -- 172.21.15.8:0/2808688341 >> [v2:172.21.15.8:6800/3125167978,v1:172.21.15.8:6801/3125167978] conn(0x7f7968038e90 msgr2=0x7f796803b350 secure :-1 s=STATE_CONNECTION_ESTABLISHED l=1).mark_down
2024-02-19T16:12:45.169 INFO:teuthology.orchestra.run.smithi008.stdout:/usr/bin/ceph: stderr
2024-02-19T16:12:44.610+0000 7f79816a0700 1 --2- 172.21.15.8:0/2808688341 >> [v2:172.21.15.8:6800/3125167978,v1:172.21.15.8:6801/3125167978] conn(0x7f7968038e90 0x7f796803b350 secure :-1 s=READY pgs=7 cs=0 l=1 rev1=1 crypto rx=0x7f7964006fd0 tx=0x7f7964006e40 comp rx=0 tx=0).stop
2024-02-19T16:12:45.169 INFO:teuthology.orchestra.run.smithi008.stdout:/usr/bin/ceph: stderr
2024-02-19T16:12:44.610+0000 7f79816a0700 1 -- 172.21.15.8:0/2808688341 >> [v2:172.21.15.8:3300/0,v1:172.21.15.8:6789/0] conn(0x7f797c106860 msgr2=0x7f797c199560 secure :-1 s=STATE_CONNECTION_ESTABLISHED l=1).mark_down
2024-02-19T16:12:45.169 INFO:teuthology.orchestra.run.smithi008.stdout:/usr/bin/ceph: stderr
2024-02-19T16:12:44.610+0000 7f79816a0700 1 --2- 172.21.15.8:0/2808688341 >> [v2:172.21.15.8:3300/0,v1:172.21.15.8:6789/0] conn(0x7f797c106860 0x7f797c199560 secure :-1 s=READY pgs=21 cs=0 l=1 rev1=1 crypto rx=0x7f796c00d650 tx=0x7f796c0040b0 comp rx=0 tx=0).stop
2024-02-19T16:12:45.169 INFO:teuthology.orchestra.run.smithi008.stdout:/usr/bin/ceph: stderr
2024-02-19T16:12:44.610+0000 7f79816a0700 1 -- 172.21.15.8:0/2808688341 shutdown_connections
2024-02-19T16:12:45.169 INFO:teuthology.orchestra.run.smithi008.stdout:/usr/bin/ceph: stderr
2024-02-19T16:12:44.610+0000 7f79816a0700 1 --2- 172.21.15.8:0/2808688341 >> [v2:172.21.15.8:6800/3125167978,v1:172.21.15.8:6801/3125167978] conn(0x7f7968038e90 0x7f796803b350 unknown :-1 s=CLOSED pgs=7 cs=0 l=1 rev1=1 crypto rx=0 tx=0 comp rx=0 tx=0).stop
2024-02-19T16:12:45.169 INFO:teuthology.orchestra.run.smithi008.stdout:/usr/bin/ceph: stderr
2024-02-19T16:12:44.610+0000 7f79816a0700 1 --2- 172.21.15.8:0/2808688341 >> [v2:172.21.15.8:3300/0,v1:172.21.15.8:6789/0] conn(0x7f797c106860 0x7f797c199560 unknown :-1 s=CLOSED pgs=21 cs=0 l=1 rev1=1 crypto rx=0 tx=0 comp rx=0 tx=0).stop
2024-02-19T16:12:45.169 INFO:teuthology.orchestra.run.smithi008.stdout:/usr/bin/ceph: stderr
2024-02-19T16:12:44.610+0000 7f79816a0700 1 -- 172.21.15.8:0/2808688341 >> 172.21.15.8:0/2808688341 conn(0x7f797c101e20 msgr2=0x7f797c190230 unknown :-1 s=STATE_NONE l=0).mark_down
2024-02-19T16:12:45.169 INFO:teuthology.orchestra.run.smithi008.stdout:/usr/bin/ceph: stderr
2024-02-19T16:12:44.610+0000 7f79816a0700 1 -- 172.21.15.8:0/2808688341 shutdown_connections
2024-02-19T16:12:45.169 INFO:teuthology.orchestra.run.smithi008.stdout:/usr/bin/ceph: stderr
2024-02-19T16:12:44.610+0000 7f79816a0700 1 -- 172.21.15.8:0/2808688341 wait complete.
2024-02-19T16:12:45.170 INFO:teuthology.orchestra.run.smithi008.stdout:Enabling cephadm module...
2024-02-19T16:12:45.269 INFO:journalctl@ceph.mon.a.smithi008.stdout:Feb 19 16:12:45 smithi008 ceph-mon[32573]: from='client.? 172.21.15.8:0/2808688341' entity='client.admin' cmd=[{"prefix": "config assimilate-conf"}]: dispatch
2024-02-19T16:12:46.510 INFO:journalctl@ceph.mon.a.smithi008.stdout:Feb 19 16:12:46 smithi008 ceph-mon[32573]: from='client.? 172.21.15.8:0/506003289' entity='client.admin' cmd=[{"prefix": "mgr module enable", "module": "cephadm"}]: dispatch
2024-02-19T16:12:46.511 INFO:journalctl@ceph.mgr.x.smithi008.stdout:Feb 19 16:12:46 smithi008 ceph-81b9a938-cf41-11ee-95bb-87774f69a715-mgr-x[32803]: ignoring --setuser ceph since I am not root
2024-02-19T16:12:46.511 INFO:journalctl@ceph.mgr.x.smithi008.stdout:Feb 19 16:12:46 smithi008 ceph-81b9a938-cf41-11ee-95bb-87774f69a715-mgr-x[32803]: ignoring --setgroup ceph since I am not root
2024-02-19T16:12:46.769 INFO:journalctl@ceph.mgr.x.smithi008.stdout:Feb 19 16:12:46 smithi008 ceph-81b9a938-cf41-11ee-95bb-87774f69a715-mgr-x[32803]:
2024-02-19T16:12:46.757+0000 7fbe9cff9200 -1 mgr[py] Module osd_perf_query has missing NOTIFY_TYPES member
2024-02-19T16:12:46.810 INFO:teuthology.orchestra.run.smithi008.stdout:/usr/bin/ceph: stderr
2024-02-19T16:12:45.559+0000 7f55b3e1f700 1 Processor -- start
2024-02-19T16:12:46.810 INFO:teuthology.orchestra.run.smithi008.stdout:/usr/bin/ceph: stderr
2024-02-19T16:12:45.559+0000 7f55b3e1f700 1 -- start start
2024-02-19T16:12:46.810 INFO:teuthology.orchestra.run.smithi008.stdout:/usr/bin/ceph: stderr
2024-02-19T16:12:45.559+0000 7f55b3e1f700 1 --2- >> [v2:172.21.15.8:3300/0,v1:172.21.15.8:6789/0] conn(0x7f55ac107e60 0x7f55ac108280 unknown :-1 s=NONE pgs=0 cs=0 l=0 rev1=0 crypto rx=0 tx=0 comp rx=0 tx=0).connect
2024-02-19T16:12:46.810 INFO:teuthology.orchestra.run.smithi008.stdout:/usr/bin/ceph: stderr
2024-02-19T16:12:45.559+0000 7f55b3e1f700 1 -- --> [v2:172.21.15.8:3300/0,v1:172.21.15.8:6789/0] -- mon_getmap magic: 0 v1 -- 0x7f55ac108850 con 0x7f55ac107e60
2024-02-19T16:12:46.810 INFO:teuthology.orchestra.run.smithi008.stdout:/usr/bin/ceph: stderr
2024-02-19T16:12:45.559+0000 7f55b1bbb700 1 --2- >> [v2:172.21.15.8:3300/0,v1:172.21.15.8:6789/0] conn(0x7f55ac107e60 0x7f55ac108280 unknown :-1 s=BANNER_CONNECTING pgs=0 cs=0 l=0 rev1=0 crypto rx=0 tx=0 comp rx=0 tx=0)._handle_peer_banner_payload supported=3 required=0
2024-02-19T16:12:46.810 INFO:teuthology.orchestra.run.smithi008.stdout:/usr/bin/ceph: stderr
2024-02-19T16:12:45.560+0000 7f55b1bbb700 1 --2- >> [v2:172.21.15.8:3300/0,v1:172.21.15.8:6789/0] conn(0x7f55ac107e60 0x7f55ac108280 unknown :-1 s=HELLO_CONNECTING pgs=0 cs=0 l=0 rev1=1 crypto rx=0 tx=0 comp rx=0 tx=0).handle_hello peer v2:172.21.15.8:3300/0 says I am v2:172.21.15.8:46418/0 (socket says 172.21.15.8:46418)
2024-02-19T16:12:46.810 INFO:teuthology.orchestra.run.smithi008.stdout:/usr/bin/ceph: stderr
2024-02-19T16:12:45.560+0000 7f55b1bbb700 1 -- 172.21.15.8:0/2066064101 learned_addr learned my addr 172.21.15.8:0/2066064101 (peer_addr_for_me v2:172.21.15.8:0/0)
2024-02-19T16:12:46.810 INFO:teuthology.orchestra.run.smithi008.stdout:/usr/bin/ceph: stderr
2024-02-19T16:12:45.560+0000 7f55b1bbb700 1 -- 172.21.15.8:0/2066064101 --> [v2:172.21.15.8:3300/0,v1:172.21.15.8:6789/0] -- mon_subscribe({config=0+,monmap=0+}) v3 -- 0x7f55ac106a70 con 0x7f55ac107e60
2024-02-19T16:12:46.810 INFO:teuthology.orchestra.run.smithi008.stdout:/usr/bin/ceph: stderr
2024-02-19T16:12:45.560+0000 7f55b1bbb700 1 --2- 172.21.15.8:0/2066064101 >> [v2:172.21.15.8:3300/0,v1:172.21.15.8:6789/0] conn(0x7f55ac107e60 0x7f55ac108280 secure :-1 s=READY pgs=22 cs=0 l=1 rev1=1 crypto rx=0x7f55a40098a0 tx=0x7f55a4009bb0 comp rx=0 tx=0).ready entity=mon.0 client_cookie=11c9f3b77c17ad8 server_cookie=0 in_seq=0 out_seq=0
2024-02-19T16:12:46.810 INFO:teuthology.orchestra.run.smithi008.stdout:/usr/bin/ceph: stderr
2024-02-19T16:12:45.560+0000 7f55b0bb9700 1 -- 172.21.15.8:0/2066064101 <== mon.0 v2:172.21.15.8:3300/0 1 ==== mon_map magic: 0 v1 ==== 205+0+0 (secure 0 0 0) 0x7f55a4004160 con 0x7f55ac107e60
2024-02-19T16:12:46.810 INFO:teuthology.orchestra.run.smithi008.stdout:/usr/bin/ceph: stderr
2024-02-19T16:12:45.560+0000 7f55b0bb9700 1 -- 172.21.15.8:0/2066064101 <== mon.0 v2:172.21.15.8:3300/0 2 ==== config(27 keys) v1 ==== 1109+0+0 (secure 0 0 0) 0x7f55a40042c0 con 0x7f55ac107e60
2024-02-19T16:12:46.811 INFO:teuthology.orchestra.run.smithi008.stdout:/usr/bin/ceph: stderr
2024-02-19T16:12:45.560+0000 7f55b0bb9700 1 -- 172.21.15.8:0/2066064101 <== mon.0 v2:172.21.15.8:3300/0 3 ==== mon_map magic: 0 v1 ==== 205+0+0 (secure 0 0 0) 0x7f55a4011ac0 con 0x7f55ac107e60
2024-02-19T16:12:46.811 INFO:teuthology.orchestra.run.smithi008.stdout:/usr/bin/ceph: stderr
2024-02-19T16:12:45.561+0000 7f55b3e1f700 1 -- 172.21.15.8:0/2066064101 >> [v2:172.21.15.8:3300/0,v1:172.21.15.8:6789/0] conn(0x7f55ac107e60 msgr2=0x7f55ac108280 secure :-1 s=STATE_CONNECTION_ESTABLISHED l=1).mark_down
2024-02-19T16:12:46.811 INFO:teuthology.orchestra.run.smithi008.stdout:/usr/bin/ceph: stderr
2024-02-19T16:12:45.561+0000 7f55b3e1f700 1 --2- 172.21.15.8:0/2066064101 >> [v2:172.21.15.8:3300/0,v1:172.21.15.8:6789/0] conn(0x7f55ac107e60 0x7f55ac108280 secure :-1 s=READY pgs=22 cs=0 l=1 rev1=1 crypto rx=0x7f55a40098a0 tx=0x7f55a4009bb0 comp rx=0 tx=0).stop
2024-02-19T16:12:46.811 INFO:teuthology.orchestra.run.smithi008.stdout:/usr/bin/ceph: stderr
2024-02-19T16:12:45.561+0000 7f55b3e1f700 1 -- 172.21.15.8:0/2066064101 shutdown_connections
2024-02-19T16:12:46.811 INFO:teuthology.orchestra.run.smithi008.stdout:/usr/bin/ceph: stderr
2024-02-19T16:12:45.561+0000 7f55b3e1f700 1 --2- 172.21.15.8:0/2066064101 >> [v2:172.21.15.8:3300/0,v1:172.21.15.8:6789/0] conn(0x7f55ac107e60 0x7f55ac108280 unknown :-1 s=CLOSED pgs=22 cs=0 l=1 rev1=1 crypto rx=0 tx=0 comp rx=0 tx=0).stop
2024-02-19T16:12:46.811 INFO:teuthology.orchestra.run.smithi008.stdout:/usr/bin/ceph: stderr
2024-02-19T16:12:45.561+0000 7f55b3e1f700 1 -- 172.21.15.8:0/2066064101 >> 172.21.15.8:0/2066064101 conn(0x7f55ac1015e0 msgr2=0x7f55ac103a00 unknown :-1 s=STATE_NONE l=0).mark_down
2024-02-19T16:12:46.811 INFO:teuthology.orchestra.run.smithi008.stdout:/usr/bin/ceph: stderr
2024-02-19T16:12:45.561+0000 7f55b3e1f700 1 -- 172.21.15.8:0/2066064101 shutdown_connections
2024-02-19T16:12:46.811 INFO:teuthology.orchestra.run.smithi008.stdout:/usr/bin/ceph: stderr
2024-02-19T16:12:45.561+0000 7f55b3e1f700 1 -- 172.21.15.8:0/2066064101 wait complete.
2024-02-19T16:12:46.811 INFO:teuthology.orchestra.run.smithi008.stdout:/usr/bin/ceph: stderr
2024-02-19T16:12:45.561+0000 7f55b3e1f700 1 Processor -- start
2024-02-19T16:12:46.811 INFO:teuthology.orchestra.run.smithi008.stdout:/usr/bin/ceph: stderr
2024-02-19T16:12:45.561+0000 7f55b3e1f700 1 -- start start
2024-02-19T16:12:46.811 INFO:teuthology.orchestra.run.smithi008.stdout:/usr/bin/ceph: stderr
2024-02-19T16:12:45.562+0000 7f55b3e1f700 1 --2- >> [v2:172.21.15.8:3300/0,v1:172.21.15.8:6789/0] conn(0x7f55ac107e60 0x7f55ac19b800 unknown :-1 s=NONE pgs=0 cs=0 l=1 rev1=0 crypto rx=0 tx=0 comp rx=0 tx=0).connect
2024-02-19T16:12:46.811 INFO:teuthology.orchestra.run.smithi008.stdout:/usr/bin/ceph: stderr
2024-02-19T16:12:45.562+0000 7f55b3e1f700 1 -- --> [v2:172.21.15.8:3300/0,v1:172.21.15.8:6789/0] -- mon_getmap magic: 0 v1 -- 0x7f55ac19bd40 con 0x7f55ac107e60
2024-02-19T16:12:46.811 INFO:teuthology.orchestra.run.smithi008.stdout:/usr/bin/ceph: stderr
2024-02-19T16:12:45.562+0000 7f55b1bbb700 1 --2- >> [v2:172.21.15.8:3300/0,v1:172.21.15.8:6789/0] conn(0x7f55ac107e60 0x7f55ac19b800 unknown :-1 s=BANNER_CONNECTING pgs=0 cs=0 l=1 rev1=0 crypto rx=0 tx=0 comp rx=0 tx=0)._handle_peer_banner_payload supported=3 required=0
2024-02-19T16:12:46.812 INFO:teuthology.orchestra.run.smithi008.stdout:/usr/bin/ceph: stderr
2024-02-19T16:12:45.562+0000 7f55b1bbb700 1 --2- >> [v2:172.21.15.8:3300/0,v1:172.21.15.8:6789/0] conn(0x7f55ac107e60 0x7f55ac19b800 unknown :-1 s=HELLO_CONNECTING pgs=0 cs=0 l=1 rev1=1 crypto rx=0 tx=0 comp rx=0 tx=0).handle_hello peer v2:172.21.15.8:3300/0 says I am v2:172.21.15.8:46430/0 (socket says 172.21.15.8:46430)
2024-02-19T16:12:46.812 INFO:teuthology.orchestra.run.smithi008.stdout:/usr/bin/ceph: stderr
2024-02-19T16:12:45.562+0000 7f55b1bbb700 1 -- 172.21.15.8:0/506003289 learned_addr learned my addr 172.21.15.8:0/506003289 (peer_addr_for_me v2:172.21.15.8:0/0)
2024-02-19T16:12:46.812 INFO:teuthology.orchestra.run.smithi008.stdout:/usr/bin/ceph: stderr
2024-02-19T16:12:45.562+0000 7f55b1bbb700 1 -- 172.21.15.8:0/506003289 --> [v2:172.21.15.8:3300/0,v1:172.21.15.8:6789/0] -- mon_subscribe({config=0+,monmap=0+}) v3 -- 0x7f55a4009550 con 0x7f55ac107e60
2024-02-19T16:12:46.812 INFO:teuthology.orchestra.run.smithi008.stdout:/usr/bin/ceph: stderr
2024-02-19T16:12:45.562+0000 7f55b1bbb700 1 --2- 172.21.15.8:0/506003289 >> [v2:172.21.15.8:3300/0,v1:172.21.15.8:6789/0] conn(0x7f55ac107e60 0x7f55ac19b800 secure :-1 s=READY pgs=23 cs=0 l=1 rev1=1 crypto rx=0x7f55a4011780 tx=0x7f55a4011b40 comp rx=0 tx=0).ready entity=mon.0 client_cookie=0 server_cookie=0 in_seq=0 out_seq=0
2024-02-19T16:12:46.812 INFO:teuthology.orchestra.run.smithi008.stdout:/usr/bin/ceph: stderr
2024-02-19T16:12:45.562+0000 7f55aaffd700 1 -- 172.21.15.8:0/506003289 <== mon.0 v2:172.21.15.8:3300/0 1 ==== mon_map magic: 0 v1 ==== 205+0+0 (secure 0 0 0) 0x7f55a4003af0 con 0x7f55ac107e60
2024-02-19T16:12:46.812 INFO:teuthology.orchestra.run.smithi008.stdout:/usr/bin/ceph: stderr
2024-02-19T16:12:45.562+0000 7f55aaffd700 1 -- 172.21.15.8:0/506003289 <== mon.0 v2:172.21.15.8:3300/0 2 ==== config(27 keys) v1 ==== 1109+0+0 (secure 0 0 0) 0x7f55a4003c50 con 0x7f55ac107e60
2024-02-19T16:12:46.812 INFO:teuthology.orchestra.run.smithi008.stdout:/usr/bin/ceph: stderr
2024-02-19T16:12:45.562+0000 7f55b3e1f700 1 -- 172.21.15.8:0/506003289 --> [v2:172.21.15.8:3300/0,v1:172.21.15.8:6789/0] -- mon_subscribe({mgrmap=0+}) v3 -- 0x7f55ac19bf40 con 0x7f55ac107e60
2024-02-19T16:12:46.812 INFO:teuthology.orchestra.run.smithi008.stdout:/usr/bin/ceph: stderr
2024-02-19T16:12:45.562+0000 7f55aaffd700 1 -- 172.21.15.8:0/506003289 <== mon.0 v2:172.21.15.8:3300/0 3 ==== mon_map magic: 0 v1 ==== 205+0+0 (secure 0 0 0) 0x7f55a40197e0 con 0x7f55ac107e60
2024-02-19T16:12:46.812 INFO:teuthology.orchestra.run.smithi008.stdout:/usr/bin/ceph: stderr
2024-02-19T16:12:45.562+0000 7f55b3e1f700 1 -- 172.21.15.8:0/506003289 --> [v2:172.21.15.8:3300/0,v1:172.21.15.8:6789/0] -- mon_subscribe({osdmap=0}) v3 -- 0x7f55ac19c3e0 con 0x7f55ac107e60
2024-02-19T16:12:46.812 INFO:teuthology.orchestra.run.smithi008.stdout:/usr/bin/ceph: stderr
2024-02-19T16:12:45.563+0000 7f55aaffd700 1 -- 172.21.15.8:0/506003289 <== mon.0 v2:172.21.15.8:3300/0 4 ==== mgrmap(e 4) v1 ==== 45921+0+0 (secure 0 0 0) 0x7f55a4019a10 con 0x7f55ac107e60
2024-02-19T16:12:46.812 INFO:teuthology.orchestra.run.smithi008.stdout:/usr/bin/ceph: stderr
2024-02-19T16:12:45.563+0000 7f55b3e1f700 1 -- 172.21.15.8:0/506003289 --> [v2:172.21.15.8:3300/0,v1:172.21.15.8:6789/0] -- mon_command({"prefix": "get_command_descriptions"} v 0) v1 -- 0x7f55ac10acb0 con 0x7f55ac107e60
2024-02-19T16:12:46.812 INFO:teuthology.orchestra.run.smithi008.stdout:/usr/bin/ceph: stderr
2024-02-19T16:12:45.563+0000 7f55aaffd700 1 --2- 172.21.15.8:0/506003289 >> [v2:172.21.15.8:6800/3125167978,v1:172.21.15.8:6801/3125167978] conn(0x7f5594038ee0 0x7f559403b3a0 unknown :-1 s=NONE pgs=0 cs=0 l=1 rev1=0 crypto rx=0 tx=0 comp rx=0 tx=0).connect
2024-02-19T16:12:46.812 INFO:teuthology.orchestra.run.smithi008.stdout:/usr/bin/ceph: stderr
2024-02-19T16:12:45.563+0000 7f55aaffd700 1 -- 172.21.15.8:0/506003289 <== mon.0 v2:172.21.15.8:3300/0 5 ==== osd_map(1..1 src has 1..1) v4 ==== 725+0+0 (secure 0 0 0) 0x7f55a404d3b0 con 0x7f55ac107e60
2024-02-19T16:12:46.813 INFO:teuthology.orchestra.run.smithi008.stdout:/usr/bin/ceph: stderr
2024-02-19T16:12:45.563+0000 7f55b13ba700 1 --2- 172.21.15.8:0/506003289 >> [v2:172.21.15.8:6800/3125167978,v1:172.21.15.8:6801/3125167978] conn(0x7f5594038ee0 0x7f559403b3a0 unknown :-1 s=BANNER_CONNECTING pgs=0 cs=0 l=1 rev1=0 crypto rx=0 tx=0 comp rx=0 tx=0)._handle_peer_banner_payload supported=3 required=0
2024-02-19T16:12:46.813 INFO:teuthology.orchestra.run.smithi008.stdout:/usr/bin/ceph: stderr
2024-02-19T16:12:45.564+0000 7f55b13ba700 1 --2- 172.21.15.8:0/506003289 >> [v2:172.21.15.8:6800/3125167978,v1:172.21.15.8:6801/3125167978] conn(0x7f5594038ee0 0x7f559403b3a0 secure :-1 s=READY pgs=8 cs=0 l=1 rev1=1 crypto rx=0x7f55a0006fd0 tx=0x7f55a0006e40 comp rx=0 tx=0).ready entity=mgr.14100 client_cookie=0 server_cookie=0 in_seq=0 out_seq=0
2024-02-19T16:12:46.813 INFO:teuthology.orchestra.run.smithi008.stdout:/usr/bin/ceph: stderr
2024-02-19T16:12:45.568+0000 7f55aaffd700 1 -- 172.21.15.8:0/506003289 <== mon.0 v2:172.21.15.8:3300/0 6 ==== mon_command_ack([{"prefix": "get_command_descriptions"}]=0 v0) v1 ==== 72+0+184849 (secure 0 0 0) 0x7f55a4019cc0 con 0x7f55ac107e60
2024-02-19T16:12:46.813 INFO:teuthology.orchestra.run.smithi008.stdout:/usr/bin/ceph: stderr
2024-02-19T16:12:45.847+0000 7f55b3e1f700 1 -- 172.21.15.8:0/506003289 --> [v2:172.21.15.8:3300/0,v1:172.21.15.8:6789/0] -- mon_command({"prefix": "mgr module enable", "module": "cephadm"} v 0) v1 -- 0x7f55ac10aeb0 con 0x7f55ac107e60
2024-02-19T16:12:46.813 INFO:teuthology.orchestra.run.smithi008.stdout:/usr/bin/ceph: stderr
2024-02-19T16:12:46.146+0000 7f55aaffd700 1 -- 172.21.15.8:0/506003289 <== mon.0 v2:172.21.15.8:3300/0 7 ==== mon_command_ack([{"prefix": "mgr module enable", "module": "cephadm"}]=0 v5) v1 ==== 86+0+0 (secure 0 0 0) 0x7f55a4018350 con 0x7f55ac107e60
2024-02-19T16:12:46.813 INFO:teuthology.orchestra.run.smithi008.stdout:/usr/bin/ceph: stderr
2024-02-19T16:12:46.148+0000 7f55aaffd700 1 -- 172.21.15.8:0/506003289 <== mon.0 v2:172.21.15.8:3300/0 8 ==== mgrmap(e 5) v1 ==== 45932+0+0 (secure 0 0 0) 0x7f55a400b900 con 0x7f55ac107e60
2024-02-19T16:12:46.813 INFO:teuthology.orchestra.run.smithi008.stdout:/usr/bin/ceph: stderr
2024-02-19T16:12:46.150+0000 7f55b3e1f700 1 -- 172.21.15.8:0/506003289 >> [v2:172.21.15.8:6800/3125167978,v1:172.21.15.8:6801/3125167978] conn(0x7f5594038ee0 msgr2=0x7f559403b3a0 secure :-1 s=STATE_CONNECTION_ESTABLISHED l=1).mark_down
2024-02-19T16:12:46.813 INFO:teuthology.orchestra.run.smithi008.stdout:/usr/bin/ceph: stderr
2024-02-19T16:12:46.150+0000 7f55b3e1f700 1 --2- 172.21.15.8:0/506003289 >> [v2:172.21.15.8:6800/3125167978,v1:172.21.15.8:6801/3125167978] conn(0x7f5594038ee0 0x7f559403b3a0 secure :-1 s=READY pgs=8 cs=0 l=1 rev1=1 crypto rx=0x7f55a0006fd0 tx=0x7f55a0006e40 comp rx=0 tx=0).stop
2024-02-19T16:12:46.813 INFO:teuthology.orchestra.run.smithi008.stdout:/usr/bin/ceph: stderr
2024-02-19T16:12:46.150+0000 7f55b3e1f700 1 -- 172.21.15.8:0/506003289 >> [v2:172.21.15.8:3300/0,v1:172.21.15.8:6789/0] conn(0x7f55ac107e60 msgr2=0x7f55ac19b800 secure :-1 s=STATE_CONNECTION_ESTABLISHED l=1).mark_down
2024-02-19T16:12:46.813 INFO:teuthology.orchestra.run.smithi008.stdout:/usr/bin/ceph: stderr
2024-02-19T16:12:46.150+0000 7f55b3e1f700 1 --2- 172.21.15.8:0/506003289 >> [v2:172.21.15.8:3300/0,v1:172.21.15.8:6789/0] conn(0x7f55ac107e60 0x7f55ac19b800 secure :-1 s=READY pgs=23 cs=0 l=1 rev1=1 crypto rx=0x7f55a4011780 tx=0x7f55a4011b40 comp rx=0 tx=0).stop
2024-02-19T16:12:46.813 INFO:teuthology.orchestra.run.smithi008.stdout:/usr/bin/ceph: stderr
2024-02-19T16:12:46.150+0000 7f55b3e1f700 1 -- 172.21.15.8:0/506003289 shutdown_connections
2024-02-19T16:12:46.813 INFO:teuthology.orchestra.run.smithi008.stdout:/usr/bin/ceph: stderr
2024-02-19T16:12:46.150+0000 7f55b3e1f700 1 --2- 172.21.15.8:0/506003289 >> [v2:172.21.15.8:6800/3125167978,v1:172.21.15.8:6801/3125167978] conn(0x7f5594038ee0 0x7f559403b3a0 unknown :-1 s=CLOSED pgs=8 cs=0 l=1 rev1=1 crypto rx=0 tx=0 comp rx=0 tx=0).stop
2024-02-19T16:12:46.813 INFO:teuthology.orchestra.run.smithi008.stdout:/usr/bin/ceph: stderr
2024-02-19T16:12:46.150+0000 7f55b3e1f700 1 --2- 172.21.15.8:0/506003289 >> [v2:172.21.15.8:3300/0,v1:172.21.15.8:6789/0] conn(0x7f55ac107e60 0x7f55ac19b800 unknown :-1 s=CLOSED pgs=23 cs=0 l=1 rev1=1 crypto rx=0 tx=0 comp rx=0 tx=0).stop
2024-02-19T16:12:46.813 INFO:teuthology.orchestra.run.smithi008.stdout:/usr/bin/ceph: stderr
2024-02-19T16:12:46.150+0000 7f55b3e1f700 1 -- 172.21.15.8:0/506003289 >> 172.21.15.8:0/506003289 conn(0x7f55ac1015e0 msgr2=0x7f55ac1020f0 unknown :-1 s=STATE_NONE l=0).mark_down
2024-02-19T16:12:46.813 INFO:teuthology.orchestra.run.smithi008.stdout:/usr/bin/ceph: stderr
2024-02-19T16:12:46.150+0000 7f55b3e1f700 1 -- 172.21.15.8:0/506003289 shutdown_connections
2024-02-19T16:12:46.814 INFO:teuthology.orchestra.run.smithi008.stdout:/usr/bin/ceph: stderr
2024-02-19T16:12:46.150+0000 7f55b3e1f700 1 -- 172.21.15.8:0/506003289 wait complete.
2024-02-19T16:12:47.148 INFO:journalctl@ceph.mgr.x.smithi008.stdout:Feb 19 16:12:46 smithi008 ceph-81b9a938-cf41-11ee-95bb-87774f69a715-mgr-x[32803]:
2024-02-19T16:12:46.858+0000 7fbe9cff9200 -1 mgr[py] Module snap_schedule has missing NOTIFY_TYPES member
2024-02-19T16:12:47.453 INFO:journalctl@ceph.mon.a.smithi008.stdout:Feb 19 16:12:47 smithi008 ceph-mon[32573]: from='client.? 172.21.15.8:0/506003289' entity='client.admin' cmd='[{"prefix": "mgr module enable", "module": "cephadm"}]': finished
2024-02-19T16:12:47.454 INFO:journalctl@ceph.mon.a.smithi008.stdout:Feb 19 16:12:47 smithi008 ceph-mon[32573]: mgrmap e5: x(active, since 6s)
2024-02-19T16:12:47.769 INFO:journalctl@ceph.mgr.x.smithi008.stdout:Feb 19 16:12:47 smithi008 ceph-81b9a938-cf41-11ee-95bb-87774f69a715-mgr-x[32803]:
2024-02-19T16:12:47.527+0000 7fbe9cff9200 -1 mgr[py] Module zabbix has missing NOTIFY_TYPES member
2024-02-19T16:12:47.769 INFO:journalctl@ceph.mgr.x.smithi008.stdout:Feb 19 16:12:47 smithi008 ceph-81b9a938-cf41-11ee-95bb-87774f69a715-mgr-x[32803]:
2024-02-19T16:12:47.626+0000 7fbe9cff9200 -1 mgr[py] Module balancer has missing NOTIFY_TYPES member
2024-02-19T16:12:48.085 INFO:journalctl@ceph.mgr.x.smithi008.stdout:Feb 19 16:12:47 smithi008 ceph-81b9a938-cf41-11ee-95bb-87774f69a715-mgr-x[32803]:
2024-02-19T16:12:47.771+0000 7fbe9cff9200 -1 mgr[py] Module influx has missing NOTIFY_TYPES member
2024-02-19T16:12:48.085 INFO:journalctl@ceph.mgr.x.smithi008.stdout:Feb 19 16:12:47 smithi008 ceph-81b9a938-cf41-11ee-95bb-87774f69a715-mgr-x[32803]:
2024-02-19T16:12:47.870+0000 7fbe9cff9200 -1 mgr[py] Module alerts has missing NOTIFY_TYPES member
2024-02-19T16:12:48.085 INFO:journalctl@ceph.mgr.x.smithi008.stdout:Feb 19 16:12:47 smithi008 ceph-81b9a938-cf41-11ee-95bb-87774f69a715-mgr-x[32803]:
2024-02-19T16:12:47.955+0000 7fbe9cff9200 -1 mgr[py] Module iostat has missing NOTIFY_TYPES member
2024-02-19T16:12:48.093 INFO:teuthology.orchestra.run.smithi008.stdout:/usr/bin/ceph: stdout {
2024-02-19T16:12:48.094 INFO:teuthology.orchestra.run.smithi008.stdout:/usr/bin/ceph: stdout "epoch": 5,
2024-02-19T16:12:48.094 INFO:teuthology.orchestra.run.smithi008.stdout:/usr/bin/ceph: stdout "available": true,
2024-02-19T16:12:48.094 INFO:teuthology.orchestra.run.smithi008.stdout:/usr/bin/ceph: stdout "active_name": "x",
2024-02-19T16:12:48.094 INFO:teuthology.orchestra.run.smithi008.stdout:/usr/bin/ceph: stdout "num_standby": 0
2024-02-19T16:12:48.094 INFO:teuthology.orchestra.run.smithi008.stdout:/usr/bin/ceph: stdout }
2024-02-19T16:12:48.094 INFO:teuthology.orchestra.run.smithi008.stdout:/usr/bin/ceph: stderr
2024-02-19T16:12:47.246+0000 7f58477a0700 1 Processor -- start
2024-02-19T16:12:48.094 INFO:teuthology.orchestra.run.smithi008.stdout:/usr/bin/ceph: stderr
2024-02-19T16:12:47.247+0000 7f58477a0700 1 -- start start
2024-02-19T16:12:48.094 INFO:teuthology.orchestra.run.smithi008.stdout:/usr/bin/ceph: stderr
2024-02-19T16:12:47.247+0000 7f58477a0700 1 --2- >> [v2:172.21.15.8:3300/0,v1:172.21.15.8:6789/0] conn(0x7f5840108410 0x7f584010a800 unknown :-1 s=NONE pgs=0 cs=0 l=0 rev1=0 crypto rx=0 tx=0 comp rx=0 tx=0).connect
2024-02-19T16:12:48.094 INFO:teuthology.orchestra.run.smithi008.stdout:/usr/bin/ceph: stderr
2024-02-19T16:12:47.247+0000 7f58477a0700 1 -- --> [v2:172.21.15.8:3300/0,v1:172.21.15.8:6789/0] -- mon_getmap magic: 0 v1 -- 0x7f584007be60 con 0x7f5840108410
2024-02-19T16:12:48.094 INFO:teuthology.orchestra.run.smithi008.stdout:/usr/bin/ceph: stderr
2024-02-19T16:12:47.247+0000 7f584553c700 1 --2- >> [v2:172.21.15.8:3300/0,v1:172.21.15.8:6789/0] conn(0x7f5840108410 0x7f584010a800 unknown :-1 s=BANNER_CONNECTING pgs=0 cs=0 l=0 rev1=0 crypto rx=0 tx=0 comp rx=0 tx=0)._handle_peer_banner_payload supported=3 required=0
2024-02-19T16:12:48.094 INFO:teuthology.orchestra.run.smithi008.stdout:/usr/bin/ceph: stderr
2024-02-19T16:12:47.247+0000 7f584553c700 1 --2- >> [v2:172.21.15.8:3300/0,v1:172.21.15.8:6789/0] conn(0x7f5840108410 0x7f584010a800 unknown :-1 s=HELLO_CONNECTING pgs=0 cs=0 l=0 rev1=1 crypto rx=0 tx=0 comp rx=0 tx=0).handle_hello peer v2:172.21.15.8:3300/0 says I am v2:172.21.15.8:46446/0 (socket says 172.21.15.8:46446)
2024-02-19T16:12:48.094 INFO:teuthology.orchestra.run.smithi008.stdout:/usr/bin/ceph: stderr
2024-02-19T16:12:47.247+0000 7f584553c700 1 -- 172.21.15.8:0/3961069765 learned_addr learned my addr 172.21.15.8:0/3961069765 (peer_addr_for_me v2:172.21.15.8:0/0)
2024-02-19T16:12:48.094 INFO:teuthology.orchestra.run.smithi008.stdout:/usr/bin/ceph: stderr
2024-02-19T16:12:47.247+0000 7f584553c700 1 -- 172.21.15.8:0/3961069765 --> [v2:172.21.15.8:3300/0,v1:172.21.15.8:6789/0] -- mon_subscribe({config=0+,monmap=0+}) v3 -- 0x7f584010ad40 con 0x7f5840108410
2024-02-19T16:12:48.095 INFO:teuthology.orchestra.run.smithi008.stdout:/usr/bin/ceph: stderr
2024-02-19T16:12:47.247+0000 7f584553c700 1 --2- 172.21.15.8:0/3961069765 >> [v2:172.21.15.8:3300/0,v1:172.21.15.8:6789/0] conn(0x7f5840108410 0x7f584010a800 secure :-1 s=READY pgs=26 cs=0 l=1 rev1=1 crypto rx=0x7f58340098a0 tx=0x7f5834009bb0 comp rx=0 tx=0).ready entity=mon.0 client_cookie=9045fb4f03d6715e server_cookie=0 in_seq=0 out_seq=0
2024-02-19T16:12:48.095 INFO:teuthology.orchestra.run.smithi008.stdout:/usr/bin/ceph: stderr
2024-02-19T16:12:47.247+0000 7f5833fff700 1 -- 172.21.15.8:0/3961069765 <== mon.0 v2:172.21.15.8:3300/0 1 ==== mon_map magic: 0 v1 ==== 205+0+0 (secure 0 0 0) 0x7f5834004160 con 0x7f5840108410
2024-02-19T16:12:48.095 INFO:teuthology.orchestra.run.smithi008.stdout:/usr/bin/ceph: stderr
2024-02-19T16:12:47.248+0000 7f5833fff700 1 -- 172.21.15.8:0/3961069765 <== mon.0 v2:172.21.15.8:3300/0 2 ==== config(27 keys) v1 ==== 1109+0+0 (secure 0 0 0) 0x7f58340042c0 con 0x7f5840108410
2024-02-19T16:12:48.095 INFO:teuthology.orchestra.run.smithi008.stdout:/usr/bin/ceph: stderr
2024-02-19T16:12:47.248+0000 7f5833fff700 1 -- 172.21.15.8:0/3961069765 <== mon.0 v2:172.21.15.8:3300/0 3 ==== mon_map magic: 0 v1 ==== 205+0+0 (secure 0 0 0) 0x7f5834011ac0 con 0x7f5840108410
2024-02-19T16:12:48.095 INFO:teuthology.orchestra.run.smithi008.stdout:/usr/bin/ceph: stderr
2024-02-19T16:12:47.248+0000 7f58477a0700 1 -- 172.21.15.8:0/3961069765 >> [v2:172.21.15.8:3300/0,v1:172.21.15.8:6789/0] conn(0x7f5840108410 msgr2=0x7f584010a800 secure :-1 s=STATE_CONNECTION_ESTABLISHED l=1).mark_down
2024-02-19T16:12:48.095 INFO:teuthology.orchestra.run.smithi008.stdout:/usr/bin/ceph: stderr
2024-02-19T16:12:47.248+0000 7f58477a0700 1 --2- 172.21.15.8:0/3961069765 >> [v2:172.21.15.8:3300/0,v1:172.21.15.8:6789/0] conn(0x7f5840108410 0x7f584010a800 secure :-1 s=READY pgs=26 cs=0 l=1 rev1=1 crypto rx=0x7f58340098a0 tx=0x7f5834009bb0 comp rx=0 tx=0).stop
2024-02-19T16:12:48.095 INFO:teuthology.orchestra.run.smithi008.stdout:/usr/bin/ceph: stderr
2024-02-19T16:12:47.248+0000 7f58477a0700 1 -- 172.21.15.8:0/3961069765 shutdown_connections
2024-02-19T16:12:48.095 INFO:teuthology.orchestra.run.smithi008.stdout:/usr/bin/ceph: stderr
2024-02-19T16:12:47.248+0000 7f58477a0700 1 --2- 172.21.15.8:0/3961069765 >> [v2:172.21.15.8:3300/0,v1:172.21.15.8:6789/0] conn(0x7f5840108410 0x7f584010a800 unknown :-1 s=CLOSED pgs=26 cs=0 l=1 rev1=1 crypto rx=0 tx=0 comp rx=0 tx=0).stop
2024-02-19T16:12:48.095 INFO:teuthology.orchestra.run.smithi008.stdout:/usr/bin/ceph: stderr
2024-02-19T16:12:47.248+0000 7f58477a0700 1 -- 172.21.15.8:0/3961069765 >> 172.21.15.8:0/3961069765 conn(0x7f5840101e40 msgr2=0x7f5840104260 unknown :-1 s=STATE_NONE l=0).mark_down
2024-02-19T16:12:48.095 INFO:teuthology.orchestra.run.smithi008.stdout:/usr/bin/ceph: stderr
2024-02-19T16:12:47.248+0000 7f58477a0700 1 -- 172.21.15.8:0/3961069765 shutdown_connections
2024-02-19T16:12:48.095 INFO:teuthology.orchestra.run.smithi008.stdout:/usr/bin/ceph: stderr
2024-02-19T16:12:47.248+0000 7f58477a0700 1 -- 172.21.15.8:0/3961069765 wait complete.
2024-02-19T16:12:48.095 INFO:teuthology.orchestra.run.smithi008.stdout:/usr/bin/ceph: stderr
2024-02-19T16:12:47.249+0000 7f58477a0700 1 Processor -- start
2024-02-19T16:12:48.095 INFO:teuthology.orchestra.run.smithi008.stdout:/usr/bin/ceph: stderr
2024-02-19T16:12:47.249+0000 7f58477a0700 1 -- start start
2024-02-19T16:12:48.096 INFO:teuthology.orchestra.run.smithi008.stdout:/usr/bin/ceph: stderr
2024-02-19T16:12:47.249+0000 7f58477a0700 1 --2- >> [v2:172.21.15.8:3300/0,v1:172.21.15.8:6789/0] conn(0x7f5840108410 0x7f584019b700 unknown :-1 s=NONE pgs=0 cs=0 l=1 rev1=0 crypto rx=0 tx=0 comp rx=0 tx=0).connect
2024-02-19T16:12:48.096 INFO:teuthology.orchestra.run.smithi008.stdout:/usr/bin/ceph: stderr
2024-02-19T16:12:47.249+0000 7f58477a0700 1 -- --> [v2:172.21.15.8:3300/0,v1:172.21.15.8:6789/0] -- mon_getmap magic: 0 v1 -- 0x7f584019bc40 con 0x7f5840108410
2024-02-19T16:12:48.096 INFO:teuthology.orchestra.run.smithi008.stdout:/usr/bin/ceph: stderr
2024-02-19T16:12:47.249+0000 7f584553c700 1 --2- >> [v2:172.21.15.8:3300/0,v1:172.21.15.8:6789/0] conn(0x7f5840108410 0x7f584019b700 unknown :-1 s=BANNER_CONNECTING pgs=0 cs=0 l=1 rev1=0 crypto rx=0 tx=0 comp rx=0 tx=0)._handle_peer_banner_payload supported=3 required=0
2024-02-19T16:12:48.096 INFO:teuthology.orchestra.run.smithi008.stdout:/usr/bin/ceph: stderr
2024-02-19T16:12:47.249+0000 7f584553c700 1 --2- >> [v2:172.21.15.8:3300/0,v1:172.21.15.8:6789/0] conn(0x7f5840108410 0x7f584019b700 unknown :-1 s=HELLO_CONNECTING pgs=0 cs=0 l=1 rev1=1 crypto rx=0 tx=0 comp rx=0 tx=0).handle_hello peer v2:172.21.15.8:3300/0 says I am v2:172.21.15.8:46452/0 (socket says 172.21.15.8:46452)
2024-02-19T16:12:48.096 INFO:teuthology.orchestra.run.smithi008.stdout:/usr/bin/ceph: stderr
2024-02-19T16:12:47.249+0000 7f584553c700 1 -- 172.21.15.8:0/4289401584 learned_addr learned my addr 172.21.15.8:0/4289401584 (peer_addr_for_me v2:172.21.15.8:0/0)
2024-02-19T16:12:48.096 INFO:teuthology.orchestra.run.smithi008.stdout:/usr/bin/ceph: stderr
2024-02-19T16:12:47.249+0000 7f584553c700 1 -- 172.21.15.8:0/4289401584 --> [v2:172.21.15.8:3300/0,v1:172.21.15.8:6789/0] -- mon_subscribe({config=0+,monmap=0+}) v3 -- 0x7f5834009550 con 0x7f5840108410
2024-02-19T16:12:48.096 INFO:teuthology.orchestra.run.smithi008.stdout:/usr/bin/ceph: stderr
2024-02-19T16:12:47.250+0000 7f584553c700 1 --2- 172.21.15.8:0/4289401584 >> [v2:172.21.15.8:3300/0,v1:172.21.15.8:6789/0] conn(0x7f5840108410 0x7f584019b700 secure :-1 s=READY pgs=27 cs=0 l=1 rev1=1 crypto rx=0x7f5834009fb0 tx=0x7f5834011b20 comp rx=0 tx=0).ready entity=mon.0 client_cookie=0 server_cookie=0 in_seq=0 out_seq=0
2024-02-19T16:12:48.096 INFO:teuthology.orchestra.run.smithi008.stdout:/usr/bin/ceph: stderr
2024-02-19T16:12:47.250+0000 7f58327fc700 1 -- 172.21.15.8:0/4289401584 <== mon.0 v2:172.21.15.8:3300/0 1 ==== mon_map magic: 0 v1 ==== 205+0+0 (secure 0 0 0) 0x7f58340038b0 con 0x7f5840108410
2024-02-19T16:12:48.096 INFO:teuthology.orchestra.run.smithi008.stdout:/usr/bin/ceph: stderr
2024-02-19T16:12:47.250+0000 7f58327fc700 1 -- 172.21.15.8:0/4289401584 <== mon.0 v2:172.21.15.8:3300/0 2 ==== config(27 keys) v1 ==== 1109+0+0 (secure 0 0 0) 0x7f5834003a10 con 0x7f5840108410
2024-02-19T16:12:48.096 INFO:teuthology.orchestra.run.smithi008.stdout:/usr/bin/ceph: stderr
2024-02-19T16:12:47.250+0000 7f58477a0700 1 -- 172.21.15.8:0/4289401584 --> [v2:172.21.15.8:3300/0,v1:172.21.15.8:6789/0] -- mon_subscribe({mgrmap=0+}) v3 -- 0x7f584019be40 con 0x7f5840108410
2024-02-19T16:12:48.096 INFO:teuthology.orchestra.run.smithi008.stdout:/usr/bin/ceph: stderr
2024-02-19T16:12:47.250+0000 7f58327fc700 1 -- 172.21.15.8:0/4289401584 <== mon.0 v2:172.21.15.8:3300/0 3 ==== mon_map magic: 0 v1 ==== 205+0+0 (secure 0 0 0) 0x7f58340195e0 con 0x7f5840108410
2024-02-19T16:12:48.096 INFO:teuthology.orchestra.run.smithi008.stdout:/usr/bin/ceph: stderr
2024-02-19T16:12:47.250+0000 7f58477a0700 1 -- 172.21.15.8:0/4289401584 --> [v2:172.21.15.8:3300/0,v1:172.21.15.8:6789/0] -- mon_subscribe({osdmap=0}) v3 -- 0x7f584019c2e0 con 0x7f5840108410
2024-02-19T16:12:48.096 INFO:teuthology.orchestra.run.smithi008.stdout:/usr/bin/ceph: stderr
2024-02-19T16:12:47.251+0000 7f58477a0700 1 -- 172.21.15.8:0/4289401584 --> [v2:172.21.15.8:3300/0,v1:172.21.15.8:6789/0] -- mon_command({"prefix": "get_command_descriptions"} v 0) v1 -- 0x7f584010bb40 con 0x7f5840108410
2024-02-19T16:12:48.097 INFO:teuthology.orchestra.run.smithi008.stdout:/usr/bin/ceph: stderr
2024-02-19T16:12:47.251+0000 7f58327fc700 1 -- 172.21.15.8:0/4289401584 <== mon.0 v2:172.21.15.8:3300/0 4 ==== mgrmap(e 5) v1 ==== 45932+0+0 (secure 0 0 0) 0x7f5834019870 con 0x7f5840108410
2024-02-19T16:12:48.097 INFO:teuthology.orchestra.run.smithi008.stdout:/usr/bin/ceph: stderr
2024-02-19T16:12:47.251+0000 7f58327fc700 1 --2- 172.21.15.8:0/4289401584 >> [v2:172.21.15.8:6800/3125167978,v1:172.21.15.8:6801/3125167978] conn(0x7f582c038ee0 0x7f582c03b3a0 unknown :-1 s=NONE pgs=0 cs=0 l=1 rev1=0 crypto rx=0 tx=0 comp rx=0 tx=0).connect
2024-02-19T16:12:48.097 INFO:teuthology.orchestra.run.smithi008.stdout:/usr/bin/ceph: stderr
2024-02-19T16:12:47.251+0000 7f58327fc700 1 -- 172.21.15.8:0/4289401584 <== mon.0 v2:172.21.15.8:3300/0 5 ==== osd_map(1..1 src has 1..1) v4 ==== 725+0+0 (secure 0 0 0) 0x7f583404cff0 con 0x7f5840108410
2024-02-19T16:12:48.097 INFO:teuthology.orchestra.run.smithi008.stdout:/usr/bin/ceph: stderr
2024-02-19T16:12:47.251+0000 7f5844d3b700 1 -- 172.21.15.8:0/4289401584 >> [v2:172.21.15.8:6800/3125167978,v1:172.21.15.8:6801/3125167978] conn(0x7f582c038ee0 msgr2=0x7f582c03b3a0 unknown :-1 s=STATE_CONNECTING_RE l=1).process reconnect failed to v2:172.21.15.8:6800/3125167978
2024-02-19T16:12:48.097 INFO:teuthology.orchestra.run.smithi008.stdout:/usr/bin/ceph: stderr
2024-02-19T16:12:47.251+0000 7f5844d3b700 1 --2- 172.21.15.8:0/4289401584 >> [v2:172.21.15.8:6800/3125167978,v1:172.21.15.8:6801/3125167978] conn(0x7f582c038ee0 0x7f582c03b3a0 unknown :-1 s=START_CONNECT pgs=0 cs=0 l=1 rev1=0 crypto rx=0 tx=0 comp rx=0 tx=0)._fault waiting 0.200000
2024-02-19T16:12:48.097 INFO:teuthology.orchestra.run.smithi008.stdout:/usr/bin/ceph: stderr
2024-02-19T16:12:47.256+0000 7f58327fc700 1 -- 172.21.15.8:0/4289401584 <== mon.0 v2:172.21.15.8:3300/0 6 ==== mon_command_ack([{"prefix": "get_command_descriptions"}]=0 v0) v1 ==== 72+0+184849 (secure 0 0 0) 0x7f5834081230 con 0x7f5840108410
2024-02-19T16:12:48.097 INFO:teuthology.orchestra.run.smithi008.stdout:/usr/bin/ceph: stderr
2024-02-19T16:12:47.452+0000 7f5844d3b700 1 -- 172.21.15.8:0/4289401584 >> [v2:172.21.15.8:6800/3125167978,v1:172.21.15.8:6801/3125167978] conn(0x7f582c038ee0 msgr2=0x7f582c03b3a0 unknown :-1 s=STATE_CONNECTING_RE l=1).process reconnect failed to v2:172.21.15.8:6800/3125167978
2024-02-19T16:12:48.097 INFO:teuthology.orchestra.run.smithi008.stdout:/usr/bin/ceph: stderr
2024-02-19T16:12:47.452+0000 7f5844d3b700 1 --2- 172.21.15.8:0/4289401584 >> [v2:172.21.15.8:6800/3125167978,v1:172.21.15.8:6801/3125167978] conn(0x7f582c038ee0 0x7f582c03b3a0 unknown :-1 s=START_CONNECT pgs=0 cs=0 l=1 rev1=0 crypto rx=0 tx=0 comp rx=0 tx=0)._fault waiting 0.400000
2024-02-19T16:12:48.097 INFO:teuthology.orchestra.run.smithi008.stdout:/usr/bin/ceph: stderr
2024-02-19T16:12:47.518+0000 7f58477a0700 1 -- 172.21.15.8:0/4289401584 --> [v2:172.21.15.8:3300/0,v1:172.21.15.8:6789/0] -- mon_command({"prefix": "mgr stat"} v 0) v1 -- 0x7f584019ebc0 con 0x7f5840108410
2024-02-19T16:12:48.097 INFO:teuthology.orchestra.run.smithi008.stdout:/usr/bin/ceph: stderr
2024-02-19T16:12:47.518+0000 7f58327fc700 1 -- 172.21.15.8:0/4289401584 <== mon.0 v2:172.21.15.8:3300/0 7 ==== mon_command_ack([{"prefix": "mgr stat"}]=0 v5) v1 ==== 56+0+88 (secure 0 0 0) 0x7f5834023d80 con 0x7f5840108410
2024-02-19T16:12:48.097 INFO:teuthology.orchestra.run.smithi008.stdout:/usr/bin/ceph: stderr
2024-02-19T16:12:47.520+0000 7f58477a0700 1 -- 172.21.15.8:0/4289401584 >> [v2:172.21.15.8:6800/3125167978,v1:172.21.15.8:6801/3125167978] conn(0x7f582c038ee0 msgr2=0x7f582c03b3a0 unknown :-1 s=STATE_CONNECTING l=1).mark_down
2024-02-19T16:12:48.097 INFO:teuthology.orchestra.run.smithi008.stdout:/usr/bin/ceph: stderr
2024-02-19T16:12:47.520+0000 7f58477a0700 1 --2- 172.21.15.8:0/4289401584 >> [v2:172.21.15.8:6800/3125167978,v1:172.21.15.8:6801/3125167978] conn(0x7f582c038ee0 0x7f582c03b3a0 unknown :-1 s=START_CONNECT pgs=0 cs=0 l=1 rev1=0 crypto rx=0 tx=0 comp rx=0 tx=0).stop
2024-02-19T16:12:48.097 INFO:teuthology.orchestra.run.smithi008.stdout:/usr/bin/ceph: stderr
2024-02-19T16:12:47.520+0000 7f58477a0700 1 -- 172.21.15.8:0/4289401584 >> [v2:172.21.15.8:3300/0,v1:172.21.15.8:6789/0] conn(0x7f5840108410 msgr2=0x7f584019b700 secure :-1 s=STATE_CONNECTION_ESTABLISHED l=1).mark_down
2024-02-19T16:12:48.097 INFO:teuthology.orchestra.run.smithi008.stdout:/usr/bin/ceph: stderr
2024-02-19T16:12:47.520+0000 7f58477a0700 1 --2- 172.21.15.8:0/4289401584 >> [v2:172.21.15.8:3300/0,v1:172.21.15.8:6789/0] conn(0x7f5840108410 0x7f584019b700 secure :-1 s=READY pgs=27 cs=0 l=1 rev1=1 crypto rx=0x7f5834009fb0 tx=0x7f5834011b20 comp rx=0 tx=0).stop
2024-02-19T16:12:48.098 INFO:teuthology.orchestra.run.smithi008.stdout:/usr/bin/ceph: stderr
2024-02-19T16:12:47.520+0000 7f58477a0700 1 -- 172.21.15.8:0/4289401584 shutdown_connections
2024-02-19T16:12:48.098 INFO:teuthology.orchestra.run.smithi008.stdout:/usr/bin/ceph: stderr
2024-02-19T16:12:47.520+0000 7f58477a0700 1 --2- 172.21.15.8:0/4289401584 >> [v2:172.21.15.8:6800/3125167978,v1:172.21.15.8:6801/3125167978] conn(0x7f582c038ee0 0x7f582c03b3a0 unknown :-1 s=CLOSED pgs=0 cs=0 l=1 rev1=0 crypto rx=0 tx=0 comp rx=0 tx=0).stop
2024-02-19T16:12:48.098 INFO:teuthology.orchestra.run.smithi008.stdout:/usr/bin/ceph: stderr
2024-02-19T16:12:47.520+0000 7f58477a0700 1 --2- 172.21.15.8:0/4289401584 >> [v2:172.21.15.8:3300/0,v1:172.21.15.8:6789/0] conn(0x7f5840108410 0x7f584019b700 unknown :-1 s=CLOSED pgs=27 cs=0 l=1 rev1=1 crypto rx=0 tx=0 comp rx=0 tx=0).stop
2024-02-19T16:12:48.098 INFO:teuthology.orchestra.run.smithi008.stdout:/usr/bin/ceph: stderr
2024-02-19T16:12:47.520+0000 7f58477a0700 1 -- 172.21.15.8:0/4289401584 >> 172.21.15.8:0/4289401584 conn(0x7f5840101e40 msgr2=0x7f5840102910 unknown :-1 s=STATE_NONE l=0).mark_down
2024-02-19T16:12:48.098 INFO:teuthology.orchestra.run.smithi008.stdout:/usr/bin/ceph: stderr
2024-02-19T16:12:47.520+0000 7f58477a0700 1 -- 172.21.15.8:0/4289401584 shutdown_connections
