2024-02-19T16:13:00.513 INFO:journalctl@ceph.mon.a.smithi008.stdout:Feb 19 16:13:00 smithi008 ceph-mon[32573]: from='client.14138 -' entity='client.admin' cmd=[{"prefix": "cephadm get-pub-key", "target": ["mon-mgr", ""]}]: dispatch
2024-02-19T16:13:01.619 INFO:journalctl@ceph.mon.a.smithi008.stdout:Feb 19 16:13:01 smithi008 ceph-mon[32573]: from='client.14140 -' entity='client.admin' cmd=[{"prefix": "orch host add", "hostname": "smithi008", "addr": "172.21.15.8", "target": ["mon-mgr", ""]}]: dispatch
2024-02-19T16:13:02.769 INFO:journalctl@ceph.mon.a.smithi008.stdout:Feb 19 16:13:02 smithi008 ceph-mon[32573]: Deploying cephadm binary to smithi008
2024-02-19T16:13:05.776 INFO:teuthology.orchestra.run.smithi008.stdout:/usr/bin/ceph: stdout Added host 'smithi008' with addr '172.21.15.8'
2024-02-19T16:13:05.776 INFO:teuthology.orchestra.run.smithi008.stdout:/usr/bin/ceph: stderr
2024-02-19T16:13:00.557+0000 7f57e92e1700 1 Processor -- start
2024-02-19T16:13:05.776 INFO:teuthology.orchestra.run.smithi008.stdout:/usr/bin/ceph: stderr
2024-02-19T16:13:00.557+0000 7f57e92e1700 1 -- start start
2024-02-19T16:13:05.777 INFO:teuthology.orchestra.run.smithi008.stdout:/usr/bin/ceph: stderr
2024-02-19T16:13:00.557+0000 7f57e92e1700 1 --2- >> [v2:172.21.15.8:3300/0,v1:172.21.15.8:6789/0] conn(0x7f57e4106860 0x7f57e4106c80 unknown :-1 s=NONE pgs=0 cs=0 l=0 rev1=0 crypto rx=0 tx=0 comp rx=0 tx=0).connect
2024-02-19T16:13:05.777 INFO:teuthology.orchestra.run.smithi008.stdout:/usr/bin/ceph: stderr
2024-02-19T16:13:00.557+0000 7f57e92e1700 1 -- --> [v2:172.21.15.8:3300/0,v1:172.21.15.8:6789/0] -- mon_getmap magic: 0 v1 -- 0x7f57e4107250 con 0x7f57e4106860
2024-02-19T16:13:05.777 INFO:teuthology.orchestra.run.smithi008.stdout:/usr/bin/ceph: stderr
2024-02-19T16:13:00.557+0000 7f57e2ffd700 1 --2- >> [v2:172.21.15.8:3300/0,v1:172.21.15.8:6789/0] conn(0x7f57e4106860 0x7f57e4106c80 unknown :-1 s=BANNER_CONNECTING pgs=0 cs=0 l=0 rev1=0 crypto rx=0 tx=0 comp rx=0 tx=0)._handle_peer_banner_payload supported=3 required=0
2024-02-19T16:13:05.777 INFO:teuthology.orchestra.run.smithi008.stdout:/usr/bin/ceph: stderr
2024-02-19T16:13:00.557+0000 7f57e2ffd700 1 --2- >> [v2:172.21.15.8:3300/0,v1:172.21.15.8:6789/0] conn(0x7f57e4106860 0x7f57e4106c80 unknown :-1 s=HELLO_CONNECTING pgs=0 cs=0 l=0 rev1=1 crypto rx=0 tx=0 comp rx=0 tx=0).handle_hello peer v2:172.21.15.8:3300/0 says I am v2:172.21.15.8:51414/0 (socket says 172.21.15.8:51414)
2024-02-19T16:13:05.777 INFO:teuthology.orchestra.run.smithi008.stdout:/usr/bin/ceph: stderr
2024-02-19T16:13:00.557+0000 7f57e2ffd700 1 -- 172.21.15.8:0/2099445176 learned_addr learned my addr 172.21.15.8:0/2099445176 (peer_addr_for_me v2:172.21.15.8:0/0)
2024-02-19T16:13:05.777 INFO:teuthology.orchestra.run.smithi008.stdout:/usr/bin/ceph: stderr
2024-02-19T16:13:00.558+0000 7f57e2ffd700 1 -- 172.21.15.8:0/2099445176 --> [v2:172.21.15.8:3300/0,v1:172.21.15.8:6789/0] -- mon_subscribe({config=0+,monmap=0+}) v3 -- 0x7f57e4107a60 con 0x7f57e4106860
2024-02-19T16:13:05.777 INFO:teuthology.orchestra.run.smithi008.stdout:/usr/bin/ceph: stderr
2024-02-19T16:13:00.558+0000 7f57e2ffd700 1 --2- 172.21.15.8:0/2099445176 >> [v2:172.21.15.8:3300/0,v1:172.21.15.8:6789/0] conn(0x7f57e4106860 0x7f57e4106c80 secure :-1 s=READY pgs=45 cs=0 l=1 rev1=1 crypto rx=0x7f57d400bb40 tx=0x7f57d400be50 comp rx=0 tx=0).ready entity=mon.0 client_cookie=ba18dc5a83f4cdbd server_cookie=0 in_seq=0 out_seq=0
2024-02-19T16:13:05.777 INFO:teuthology.orchestra.run.smithi008.stdout:/usr/bin/ceph: stderr
2024-02-19T16:13:00.558+0000 7f57e1ffb700 1 -- 172.21.15.8:0/2099445176 <== mon.0 v2:172.21.15.8:3300/0 1 ==== mon_map magic: 0 v1 ==== 205+0+0 (secure 0 0 0) 0x7f57d400dbe0 con 0x7f57e4106860
2024-02-19T16:13:05.777 INFO:teuthology.orchestra.run.smithi008.stdout:/usr/bin/ceph: stderr
2024-02-19T16:13:00.558+0000 7f57e1ffb700 1 -- 172.21.15.8:0/2099445176 <== mon.0 v2:172.21.15.8:3300/0 2 ==== config(27 keys) v1 ==== 1109+0+0 (secure 0 0 0) 0x7f57d40044f0 con 0x7f57e4106860
2024-02-19T16:13:05.777 INFO:teuthology.orchestra.run.smithi008.stdout:/usr/bin/ceph: stderr
2024-02-19T16:13:00.558+0000 7f57e1ffb700 1 -- 172.21.15.8:0/2099445176 <== mon.0 v2:172.21.15.8:3300/0 3 ==== mon_map magic: 0 v1 ==== 205+0+0 (secure 0 0 0) 0x7f57d4010470 con 0x7f57e4106860
2024-02-19T16:13:05.777 INFO:teuthology.orchestra.run.smithi008.stdout:/usr/bin/ceph: stderr
2024-02-19T16:13:00.558+0000 7f57e92e1700 1 -- 172.21.15.8:0/2099445176 >> [v2:172.21.15.8:3300/0,v1:172.21.15.8:6789/0] conn(0x7f57e4106860 msgr2=0x7f57e4106c80 secure :-1 s=STATE_CONNECTION_ESTABLISHED l=1).mark_down
2024-02-19T16:13:05.777 INFO:teuthology.orchestra.run.smithi008.stdout:/usr/bin/ceph: stderr
2024-02-19T16:13:00.558+0000 7f57e92e1700 1 --2- 172.21.15.8:0/2099445176 >> [v2:172.21.15.8:3300/0,v1:172.21.15.8:6789/0] conn(0x7f57e4106860 0x7f57e4106c80 secure :-1 s=READY pgs=45 cs=0 l=1 rev1=1 crypto rx=0x7f57d400bb40 tx=0x7f57d400be50 comp rx=0 tx=0).stop
2024-02-19T16:13:05.777 INFO:teuthology.orchestra.run.smithi008.stdout:/usr/bin/ceph: stderr
2024-02-19T16:13:00.559+0000 7f57e92e1700 1 -- 172.21.15.8:0/2099445176 shutdown_connections
2024-02-19T16:13:05.778 INFO:teuthology.orchestra.run.smithi008.stdout:/usr/bin/ceph: stderr
2024-02-19T16:13:00.559+0000 7f57e92e1700 1 --2- 172.21.15.8:0/2099445176 >> [v2:172.21.15.8:3300/0,v1:172.21.15.8:6789/0] conn(0x7f57e4106860 0x7f57e4106c80 unknown :-1 s=CLOSED pgs=45 cs=0 l=1 rev1=1 crypto rx=0 tx=0 comp rx=0 tx=0).stop
2024-02-19T16:13:05.778 INFO:teuthology.orchestra.run.smithi008.stdout:/usr/bin/ceph: stderr
2024-02-19T16:13:00.559+0000 7f57e92e1700 1 -- 172.21.15.8:0/2099445176 >> 172.21.15.8:0/2099445176 conn(0x7f57e4101e20 msgr2=0x7f57e4104240 unknown :-1 s=STATE_NONE l=0).mark_down
2024-02-19T16:13:05.778 INFO:teuthology.orchestra.run.smithi008.stdout:/usr/bin/ceph: stderr
2024-02-19T16:13:00.559+0000 7f57e92e1700 1 -- 172.21.15.8:0/2099445176 shutdown_connections
2024-02-19T16:13:05.778 INFO:teuthology.orchestra.run.smithi008.stdout:/usr/bin/ceph: stderr
2024-02-19T16:13:00.559+0000 7f57e92e1700 1 -- 172.21.15.8:0/2099445176 wait complete.
2024-02-19T16:13:05.778 INFO:teuthology.orchestra.run.smithi008.stdout:/usr/bin/ceph: stderr
2024-02-19T16:13:00.559+0000 7f57e92e1700 1 Processor -- start
2024-02-19T16:13:05.778 INFO:teuthology.orchestra.run.smithi008.stdout:/usr/bin/ceph: stderr
2024-02-19T16:13:00.559+0000 7f57e92e1700 1 -- start start
2024-02-19T16:13:05.778 INFO:teuthology.orchestra.run.smithi008.stdout:/usr/bin/ceph: stderr
2024-02-19T16:13:00.560+0000 7f57e92e1700 1 --2- >> [v2:172.21.15.8:3300/0,v1:172.21.15.8:6789/0] conn(0x7f57e4106860 0x7f57e419ca20 unknown :-1 s=NONE pgs=0 cs=0 l=1 rev1=0 crypto rx=0 tx=0 comp rx=0 tx=0).connect
2024-02-19T16:13:05.778 INFO:teuthology.orchestra.run.smithi008.stdout:/usr/bin/ceph: stderr
2024-02-19T16:13:00.560+0000 7f57e92e1700 1 -- --> [v2:172.21.15.8:3300/0,v1:172.21.15.8:6789/0] -- mon_getmap magic: 0 v1 -- 0x7f57e419cf60 con 0x7f57e4106860
2024-02-19T16:13:05.778 INFO:teuthology.orchestra.run.smithi008.stdout:/usr/bin/ceph: stderr
2024-02-19T16:13:00.560+0000 7f57e2ffd700 1 --2- >> [v2:172.21.15.8:3300/0,v1:172.21.15.8:6789/0] conn(0x7f57e4106860 0x7f57e419ca20 unknown :-1 s=BANNER_CONNECTING pgs=0 cs=0 l=1 rev1=0 crypto rx=0 tx=0 comp rx=0 tx=0)._handle_peer_banner_payload supported=3 required=0
2024-02-19T16:13:05.778 INFO:teuthology.orchestra.run.smithi008.stdout:/usr/bin/ceph: stderr
2024-02-19T16:13:00.560+0000 7f57e2ffd700 1 --2- >> [v2:172.21.15.8:3300/0,v1:172.21.15.8:6789/0] conn(0x7f57e4106860 0x7f57e419ca20 unknown :-1 s=HELLO_CONNECTING pgs=0 cs=0 l=1 rev1=1 crypto rx=0 tx=0 comp rx=0 tx=0).handle_hello peer v2:172.21.15.8:3300/0 says I am v2:172.21.15.8:51422/0 (socket says 172.21.15.8:51422)
2024-02-19T16:13:05.778 INFO:teuthology.orchestra.run.smithi008.stdout:/usr/bin/ceph: stderr
2024-02-19T16:13:00.560+0000 7f57e2ffd700 1 -- 172.21.15.8:0/281486998 learned_addr learned my addr 172.21.15.8:0/281486998 (peer_addr_for_me v2:172.21.15.8:0/0)
2024-02-19T16:13:05.778 INFO:teuthology.orchestra.run.smithi008.stdout:/usr/bin/ceph: stderr
2024-02-19T16:13:00.560+0000 7f57e2ffd700 1 -- 172.21.15.8:0/281486998 --> [v2:172.21.15.8:3300/0,v1:172.21.15.8:6789/0] -- mon_subscribe({config=0+,monmap=0+}) v3 -- 0x7f57d400b7f0 con 0x7f57e4106860
2024-02-19T16:13:05.778 INFO:teuthology.orchestra.run.smithi008.stdout:/usr/bin/ceph: stderr
2024-02-19T16:13:00.560+0000 7f57e2ffd700 1 --2- 172.21.15.8:0/281486998 >> [v2:172.21.15.8:3300/0,v1:172.21.15.8:6789/0] conn(0x7f57e4106860 0x7f57e419ca20 secure :-1 s=READY pgs=46 cs=0 l=1 rev1=1 crypto rx=0x7f57d400d650 tx=0x7f57d40040b0 comp rx=0 tx=0).ready entity=mon.0 client_cookie=0 server_cookie=0 in_seq=0 out_seq=0
2024-02-19T16:13:05.779 INFO:teuthology.orchestra.run.smithi008.stdout:/usr/bin/ceph: stderr
2024-02-19T16:13:00.560+0000 7f57cbfff700 1 -- 172.21.15.8:0/281486998 <== mon.0 v2:172.21.15.8:3300/0 1 ==== mon_map magic: 0 v1 ==== 205+0+0 (secure 0 0 0) 0x7f57d40106f0 con 0x7f57e4106860
2024-02-19T16:13:05.779 INFO:teuthology.orchestra.run.smithi008.stdout:/usr/bin/ceph: stderr
2024-02-19T16:13:00.560+0000 7f57e92e1700 1 -- 172.21.15.8:0/281486998 --> [v2:172.21.15.8:3300/0,v1:172.21.15.8:6789/0] -- mon_subscribe({mgrmap=0+}) v3 -- 0x7f57e419d160 con 0x7f57e4106860
2024-02-19T16:13:05.779 INFO:teuthology.orchestra.run.smithi008.stdout:/usr/bin/ceph: stderr
2024-02-19T16:13:00.560+0000 7f57cbfff700 1 -- 172.21.15.8:0/281486998 <== mon.0 v2:172.21.15.8:3300/0 2 ==== config(27 keys) v1 ==== 1109+0+0 (secure 0 0 0) 0x7f57d4010d10 con 0x7f57e4106860
2024-02-19T16:13:05.779 INFO:teuthology.orchestra.run.smithi008.stdout:/usr/bin/ceph: stderr
2024-02-19T16:13:00.560+0000 7f57cbfff700 1 -- 172.21.15.8:0/281486998 <== mon.0 v2:172.21.15.8:3300/0 3 ==== mon_map magic: 0 v1 ==== 205+0+0 (secure 0 0 0) 0x7f57d4019d10 con 0x7f57e4106860
2024-02-19T16:13:05.779 INFO:teuthology.orchestra.run.smithi008.stdout:/usr/bin/ceph: stderr
2024-02-19T16:13:00.560+0000 7f57e92e1700 1 -- 172.21.15.8:0/281486998 --> [v2:172.21.15.8:3300/0,v1:172.21.15.8:6789/0] -- mon_subscribe({osdmap=0}) v3 -- 0x7f57e4199560 con 0x7f57e4106860
2024-02-19T16:13:05.779 INFO:teuthology.orchestra.run.smithi008.stdout:/usr/bin/ceph: stderr
2024-02-19T16:13:00.561+0000 7f57cbfff700 1 -- 172.21.15.8:0/281486998 <== mon.0 v2:172.21.15.8:3300/0 4 ==== mgrmap(e 8) v1 ==== 45932+0+0 (secure 0 0 0) 0x7f57d4019510 con 0x7f57e4106860
2024-02-19T16:13:05.779 INFO:teuthology.orchestra.run.smithi008.stdout:/usr/bin/ceph: stderr
2024-02-19T16:13:00.561+0000 7f57cbfff700 1 --2- 172.21.15.8:0/281486998 >> [v2:172.21.15.8:6800/886492473,v1:172.21.15.8:6801/886492473] conn(0x7f57cc038e90 0x7f57cc03b350 unknown :-1 s=NONE pgs=0 cs=0 l=1 rev1=0 crypto rx=0 tx=0 comp rx=0 tx=0).connect
2024-02-19T16:13:05.779 INFO:teuthology.orchestra.run.smithi008.stdout:/usr/bin/ceph: stderr
2024-02-19T16:13:00.561+0000 7f57e92e1700 1 -- 172.21.15.8:0/281486998 --> [v2:172.21.15.8:3300/0,v1:172.21.15.8:6789/0] -- mon_command({"prefix": "get_command_descriptions"} v 0) v1 -- 0x7f57e4063610 con 0x7f57e4106860
2024-02-19T16:13:05.779 INFO:teuthology.orchestra.run.smithi008.stdout:/usr/bin/ceph: stderr
2024-02-19T16:13:00.561+0000 7f57cbfff700 1 -- 172.21.15.8:0/281486998 <== mon.0 v2:172.21.15.8:3300/0 5 ==== osd_map(2..2 src has 1..2) v4 ==== 940+0+0 (secure 0 0 0) 0x7f57d404d3d0 con 0x7f57e4106860
2024-02-19T16:13:05.779 INFO:teuthology.orchestra.run.smithi008.stdout:/usr/bin/ceph: stderr
2024-02-19T16:13:00.562+0000 7f57e27fc700 1 --2- 172.21.15.8:0/281486998 >> [v2:172.21.15.8:6800/886492473,v1:172.21.15.8:6801/886492473] conn(0x7f57cc038e90 0x7f57cc03b350 unknown :-1 s=BANNER_CONNECTING pgs=0 cs=0 l=1 rev1=0 crypto rx=0 tx=0 comp rx=0 tx=0)._handle_peer_banner_payload supported=3 required=0
2024-02-19T16:13:05.779 INFO:teuthology.orchestra.run.smithi008.stdout:/usr/bin/ceph: stderr
2024-02-19T16:13:00.562+0000 7f57e27fc700 1 --2- 172.21.15.8:0/281486998 >> [v2:172.21.15.8:6800/886492473,v1:172.21.15.8:6801/886492473] conn(0x7f57cc038e90 0x7f57cc03b350 secure :-1 s=READY pgs=11 cs=0 l=1 rev1=1 crypto rx=0x7f57d8006fd0 tx=0x7f57d8006e40 comp rx=0 tx=0).ready entity=mgr.14120 client_cookie=0 server_cookie=0 in_seq=0 out_seq=0
2024-02-19T16:13:05.779 INFO:teuthology.orchestra.run.smithi008.stdout:/usr/bin/ceph: stderr
2024-02-19T16:13:00.566+0000 7f57cbfff700 1 -- 172.21.15.8:0/281486998 <== mon.0 v2:172.21.15.8:3300/0 6 ==== mon_command_ack([{"prefix": "get_command_descriptions"}]=0 v0) v1 ==== 72+0+184849 (secure 0 0 0) 0x7f57d402a970 con 0x7f57e4106860
2024-02-19T16:13:05.779 INFO:teuthology.orchestra.run.smithi008.stdout:/usr/bin/ceph: stderr
2024-02-19T16:13:00.773+0000 7f57e92e1700 1 -- 172.21.15.8:0/281486998 --> [v2:172.21.15.8:6800/886492473,v1:172.21.15.8:6801/886492473] -- mgr_command(tid 0: {"prefix": "orch host add", "hostname": "smithi008", "addr": "172.21.15.8", "target": ["mon-mgr", ""]}) v1 -- 0x7f57e4192be0 con 0x7f57cc038e90
2024-02-19T16:13:05.779 INFO:teuthology.orchestra.run.smithi008.stdout:/usr/bin/ceph: stderr
2024-02-19T16:13:05.145+0000 7f57cbfff700 1 -- 172.21.15.8:0/281486998 <== mgr.14120 v2:172.21.15.8:6800/886492473 1 ==== mgr_command_reply(tid 0: 0 ) v1 ==== 8+0+47 (secure 0 0 0) 0x7f57e4192be0 con 0x7f57cc038e90
2024-02-19T16:13:05.780 INFO:teuthology.orchestra.run.smithi008.stdout:/usr/bin/ceph: stderr
2024-02-19T16:13:05.148+0000 7f57e92e1700 1 -- 172.21.15.8:0/281486998 >> [v2:172.21.15.8:6800/886492473,v1:172.21.15.8:6801/886492473] conn(0x7f57cc038e90 msgr2=0x7f57cc03b350 secure :-1 s=STATE_CONNECTION_ESTABLISHED l=1).mark_down
2024-02-19T16:13:05.780 INFO:teuthology.orchestra.run.smithi008.stdout:/usr/bin/ceph: stderr
2024-02-19T16:13:05.148+0000 7f57e92e1700 1 --2- 172.21.15.8:0/281486998 >> [v2:172.21.15.8:6800/886492473,v1:172.21.15.8:6801/886492473] conn(0x7f57cc038e90 0x7f57cc03b350 secure :-1 s=READY pgs=11 cs=0 l=1 rev1=1 crypto rx=0x7f57d8006fd0 tx=0x7f57d8006e40 comp rx=0 tx=0).stop
2024-02-19T16:13:05.780 INFO:teuthology.orchestra.run.smithi008.stdout:/usr/bin/ceph: stderr
2024-02-19T16:13:05.148+0000 7f57e92e1700 1 -- 172.21.15.8:0/281486998 >> [v2:172.21.15.8:3300/0,v1:172.21.15.8:6789/0] conn(0x7f57e4106860 msgr2=0x7f57e419ca20 secure :-1 s=STATE_CONNECTION_ESTABLISHED l=1).mark_down
2024-02-19T16:13:05.780 INFO:teuthology.orchestra.run.smithi008.stdout:/usr/bin/ceph: stderr
2024-02-19T16:13:05.148+0000 7f57e92e1700 1 --2- 172.21.15.8:0/281486998 >> [v2:172.21.15.8:3300/0,v1:172.21.15.8:6789/0] conn(0x7f57e4106860 0x7f57e419ca20 secure :-1 s=READY pgs=46 cs=0 l=1 rev1=1 crypto rx=0x7f57d400d650 tx=0x7f57d40040b0 comp rx=0 tx=0).stop
2024-02-19T16:13:05.780 INFO:teuthology.orchestra.run.smithi008.stdout:/usr/bin/ceph: stderr
2024-02-19T16:13:05.148+0000 7f57e92e1700 1 -- 172.21.15.8:0/281486998 shutdown_connections
2024-02-19T16:13:05.780 INFO:teuthology.orchestra.run.smithi008.stdout:/usr/bin/ceph: stderr
2024-02-19T16:13:05.148+0000 7f57e92e1700 1 --2- 172.21.15.8:0/281486998 >> [v2:172.21.15.8:6800/886492473,v1:172.21.15.8:6801/886492473] conn(0x7f57cc038e90 0x7f57cc03b350 unknown :-1 s=CLOSED pgs=11 cs=0 l=1 rev1=1 crypto rx=0 tx=0 comp rx=0 tx=0).stop
2024-02-19T16:13:05.780 INFO:teuthology.orchestra.run.smithi008.stdout:/usr/bin/ceph: stderr
2024-02-19T16:13:05.148+0000 7f57e92e1700 1 --2- 172.21.15.8:0/281486998 >> [v2:172.21.15.8:3300/0,v1:172.21.15.8:6789/0] conn(0x7f57e4106860 0x7f57e419ca20 unknown :-1 s=CLOSED pgs=46 cs=0 l=1 rev1=1 crypto rx=0 tx=0 comp rx=0 tx=0).stop
2024-02-19T16:13:05.780 INFO:teuthology.orchestra.run.smithi008.stdout:/usr/bin/ceph: stderr
2024-02-19T16:13:05.148+0000 7f57e92e1700 1 -- 172.21.15.8:0/281486998 >> 172.21.15.8:0/281486998 conn(0x7f57e4101e20 msgr2=0x7f57e4190230 unknown :-1 s=STATE_NONE l=0).mark_down
2024-02-19T16:13:05.780 INFO:teuthology.orchestra.run.smithi008.stdout:/usr/bin/ceph: stderr
2024-02-19T16:13:05.148+0000 7f57e92e1700 1 -- 172.21.15.8:0/281486998 shutdown_connections
2024-02-19T16:13:05.780 INFO:teuthology.orchestra.run.smithi008.stdout:/usr/bin/ceph: stderr
2024-02-19T16:13:05.148+0000 7f57e92e1700 1 -- 172.21.15.8:0/281486998 wait complete.
2024-02-19T16:13:05.780 INFO:teuthology.orchestra.run.smithi008.stdout:Deploying unmanaged mon service...
2024-02-19T16:13:06.359 INFO:journalctl@ceph.mon.a.smithi008.stdout:Feb 19 16:13:06 smithi008 ceph-mon[32573]: from='mgr.14120 172.21.15.8:0/4129556272' entity='mgr.x'
2024-02-19T16:13:06.359 INFO:journalctl@ceph.mon.a.smithi008.stdout:Feb 19 16:13:06 smithi008 ceph-mon[32573]: Added host smithi008
2024-02-19T16:13:06.359 INFO:journalctl@ceph.mon.a.smithi008.stdout:Feb 19 16:13:06 smithi008 ceph-mon[32573]: from='mgr.14120 172.21.15.8:0/4129556272' entity='mgr.x' cmd=[{"prefix": "config dump", "format": "json"}]: dispatch
2024-02-19T16:13:07.154 INFO:teuthology.orchestra.run.smithi008.stdout:/usr/bin/ceph: stdout Scheduled mon update...
2024-02-19T16:13:07.154 INFO:teuthology.orchestra.run.smithi008.stdout:/usr/bin/ceph: stderr
2024-02-19T16:13:06.192+0000 7f19163f6700 1 Processor -- start
2024-02-19T16:13:07.154 INFO:teuthology.orchestra.run.smithi008.stdout:/usr/bin/ceph: stderr
2024-02-19T16:13:06.192+0000 7f19163f6700 1 -- start start
2024-02-19T16:13:07.155 INFO:teuthology.orchestra.run.smithi008.stdout:/usr/bin/ceph: stderr
2024-02-19T16:13:06.192+0000 7f19163f6700 1 --2- >> [v2:172.21.15.8:3300/0,v1:172.21.15.8:6789/0] conn(0x7f1910107940 0x7f1910107d60 unknown :-1 s=NONE pgs=0 cs=0 l=0 rev1=0 crypto rx=0 tx=0 comp rx=0 tx=0).connect
2024-02-19T16:13:07.155 INFO:teuthology.orchestra.run.smithi008.stdout:/usr/bin/ceph: stderr
2024-02-19T16:13:06.192+0000 7f19163f6700 1 -- --> [v2:172.21.15.8:3300/0,v1:172.21.15.8:6789/0] -- mon_getmap magic: 0 v1 -- 0x7f1910108330 con 0x7f1910107940
2024-02-19T16:13:07.155 INFO:teuthology.orchestra.run.smithi008.stdout:/usr/bin/ceph: stderr
2024-02-19T16:13:06.192+0000 7f190ffff700 1 --2- >> [v2:172.21.15.8:3300/0,v1:172.21.15.8:6789/0] conn(0x7f1910107940 0x7f1910107d60 unknown :-1 s=BANNER_CONNECTING pgs=0 cs=0 l=0 rev1=0 crypto rx=0 tx=0 comp rx=0 tx=0)._handle_peer_banner_payload supported=3 required=0
2024-02-19T16:13:07.155 INFO:teuthology.orchestra.run.smithi008.stdout:/usr/bin/ceph: stderr
2024-02-19T16:13:06.192+0000 7f190ffff700 1 --2- >> [v2:172.21.15.8:3300/0,v1:172.21.15.8:6789/0] conn(0x7f1910107940 0x7f1910107d60 unknown :-1 s=HELLO_CONNECTING pgs=0 cs=0 l=0 rev1=1 crypto rx=0 tx=0 comp rx=0 tx=0).handle_hello peer v2:172.21.15.8:3300/0 says I am v2:172.21.15.8:40580/0 (socket says 172.21.15.8:40580)
2024-02-19T16:13:07.155 INFO:teuthology.orchestra.run.smithi008.stdout:/usr/bin/ceph: stderr
2024-02-19T16:13:06.192+0000 7f190ffff700 1 -- 172.21.15.8:0/337291303 learned_addr learned my addr 172.21.15.8:0/337291303 (peer_addr_for_me v2:172.21.15.8:0/0)
2024-02-19T16:13:07.155 INFO:teuthology.orchestra.run.smithi008.stdout:/usr/bin/ceph: stderr
2024-02-19T16:13:06.192+0000 7f190ffff700 1 -- 172.21.15.8:0/337291303 --> [v2:172.21.15.8:3300/0,v1:172.21.15.8:6789/0] -- mon_subscribe({config=0+,monmap=0+}) v3 -- 0x7f1910108b40 con 0x7f1910107940
2024-02-19T16:13:07.155 INFO:teuthology.orchestra.run.smithi008.stdout:/usr/bin/ceph: stderr
2024-02-19T16:13:06.193+0000 7f190ffff700 1 --2- 172.21.15.8:0/337291303 >> [v2:172.21.15.8:3300/0,v1:172.21.15.8:6789/0] conn(0x7f1910107940 0x7f1910107d60 secure :-1 s=READY pgs=47 cs=0 l=1 rev1=1 crypto rx=0x7f19000098a0 tx=0x7f1900009bb0 comp rx=0 tx=0).ready entity=mon.0 client_cookie=1170794d98960c71 server_cookie=0 in_seq=0 out_seq=0
2024-02-19T16:13:07.155 INFO:teuthology.orchestra.run.smithi008.stdout:/usr/bin/ceph: stderr
2024-02-19T16:13:06.193+0000 7f190effd700 1 -- 172.21.15.8:0/337291303 <== mon.0 v2:172.21.15.8:3300/0 1 ==== mon_map magic: 0 v1 ==== 205+0+0 (secure 0 0 0) 0x7f1900004160 con 0x7f1910107940
2024-02-19T16:13:07.155 INFO:teuthology.orchestra.run.smithi008.stdout:/usr/bin/ceph: stderr
2024-02-19T16:13:06.193+0000 7f190effd700 1 -- 172.21.15.8:0/337291303 <== mon.0 v2:172.21.15.8:3300/0 2 ==== config(27 keys) v1 ==== 1109+0+0 (secure 0 0 0) 0x7f19000042c0 con 0x7f1910107940
2024-02-19T16:13:07.155 INFO:teuthology.orchestra.run.smithi008.stdout:/usr/bin/ceph: stderr
2024-02-19T16:13:06.193+0000 7f190effd700 1 -- 172.21.15.8:0/337291303 <== mon.0 v2:172.21.15.8:3300/0 3 ==== mon_map magic: 0 v1 ==== 205+0+0 (secure 0 0 0) 0x7f1900011ac0 con 0x7f1910107940
2024-02-19T16:13:07.155 INFO:teuthology.orchestra.run.smithi008.stdout:/usr/bin/ceph: stderr
2024-02-19T16:13:06.193+0000 7f19163f6700 1 -- 172.21.15.8:0/337291303 >> [v2:172.21.15.8:3300/0,v1:172.21.15.8:6789/0] conn(0x7f1910107940 msgr2=0x7f1910107d60 secure :-1 s=STATE_CONNECTION_ESTABLISHED l=1).mark_down
2024-02-19T16:13:07.155 INFO:teuthology.orchestra.run.smithi008.stdout:/usr/bin/ceph: stderr
2024-02-19T16:13:06.193+0000 7f19163f6700 1 --2- 172.21.15.8:0/337291303 >> [v2:172.21.15.8:3300/0,v1:172.21.15.8:6789/0] conn(0x7f1910107940 0x7f1910107d60 secure :-1 s=READY pgs=47 cs=0 l=1 rev1=1 crypto rx=0x7f19000098a0 tx=0x7f1900009bb0 comp rx=0 tx=0).stop
2024-02-19T16:13:07.155 INFO:teuthology.orchestra.run.smithi008.stdout:/usr/bin/ceph: stderr
2024-02-19T16:13:06.193+0000 7f19163f6700 1 -- 172.21.15.8:0/337291303 shutdown_connections
2024-02-19T16:13:07.156 INFO:teuthology.orchestra.run.smithi008.stdout:/usr/bin/ceph: stderr
2024-02-19T16:13:06.193+0000 7f19163f6700 1 --2- 172.21.15.8:0/337291303 >> [v2:172.21.15.8:3300/0,v1:172.21.15.8:6789/0] conn(0x7f1910107940 0x7f1910107d60 unknown :-1 s=CLOSED pgs=47 cs=0 l=1 rev1=1 crypto rx=0 tx=0 comp rx=0 tx=0).stop
2024-02-19T16:13:07.156 INFO:teuthology.orchestra.run.smithi008.stdout:/usr/bin/ceph: stderr
2024-02-19T16:13:06.193+0000 7f19163f6700 1 -- 172.21.15.8:0/337291303 >> 172.21.15.8:0/337291303 conn(0x7f1910102f00 msgr2=0x7f1910105320 unknown :-1 s=STATE_NONE l=0).mark_down
2024-02-19T16:13:07.156 INFO:teuthology.orchestra.run.smithi008.stdout:/usr/bin/ceph: stderr
2024-02-19T16:13:06.193+0000 7f19163f6700 1 -- 172.21.15.8:0/337291303 shutdown_connections
2024-02-19T16:13:07.156 INFO:teuthology.orchestra.run.smithi008.stdout:/usr/bin/ceph: stderr
2024-02-19T16:13:06.193+0000 7f19163f6700 1 -- 172.21.15.8:0/337291303 wait complete.
2024-02-19T16:13:07.156 INFO:teuthology.orchestra.run.smithi008.stdout:/usr/bin/ceph: stderr
2024-02-19T16:13:06.194+0000 7f19163f6700 1 Processor -- start
2024-02-19T16:13:07.156 INFO:teuthology.orchestra.run.smithi008.stdout:/usr/bin/ceph: stderr
2024-02-19T16:13:06.194+0000 7f19163f6700 1 -- start start
2024-02-19T16:13:07.156 INFO:teuthology.orchestra.run.smithi008.stdout:/usr/bin/ceph: stderr
2024-02-19T16:13:06.194+0000 7f19163f6700 1 --2- >> [v2:172.21.15.8:3300/0,v1:172.21.15.8:6789/0] conn(0x7f1910107940 0x7f191019b720 unknown :-1 s=NONE pgs=0 cs=0 l=1 rev1=0 crypto rx=0 tx=0 comp rx=0 tx=0).connect
2024-02-19T16:13:07.156 INFO:teuthology.orchestra.run.smithi008.stdout:/usr/bin/ceph: stderr
2024-02-19T16:13:06.194+0000 7f19163f6700 1 -- --> [v2:172.21.15.8:3300/0,v1:172.21.15.8:6789/0] -- mon_getmap magic: 0 v1 -- 0x7f191019bc60 con 0x7f1910107940
2024-02-19T16:13:07.156 INFO:teuthology.orchestra.run.smithi008.stdout:/usr/bin/ceph: stderr
2024-02-19T16:13:06.194+0000 7f190ffff700 1 --2- >> [v2:172.21.15.8:3300/0,v1:172.21.15.8:6789/0] conn(0x7f1910107940 0x7f191019b720 unknown :-1 s=BANNER_CONNECTING pgs=0 cs=0 l=1 rev1=0 crypto rx=0 tx=0 comp rx=0 tx=0)._handle_peer_banner_payload supported=3 required=0
2024-02-19T16:13:07.156 INFO:teuthology.orchestra.run.smithi008.stdout:/usr/bin/ceph: stderr
2024-02-19T16:13:06.194+0000 7f190ffff700 1 --2- >> [v2:172.21.15.8:3300/0,v1:172.21.15.8:6789/0] conn(0x7f1910107940 0x7f191019b720 unknown :-1 s=HELLO_CONNECTING pgs=0 cs=0 l=1 rev1=1 crypto rx=0 tx=0 comp rx=0 tx=0).handle_hello peer v2:172.21.15.8:3300/0 says I am v2:172.21.15.8:40596/0 (socket says 172.21.15.8:40596)
2024-02-19T16:13:07.156 INFO:teuthology.orchestra.run.smithi008.stdout:/usr/bin/ceph: stderr
2024-02-19T16:13:06.194+0000 7f190ffff700 1 -- 172.21.15.8:0/3233804325 learned_addr learned my addr 172.21.15.8:0/3233804325 (peer_addr_for_me v2:172.21.15.8:0/0)
2024-02-19T16:13:07.156 INFO:teuthology.orchestra.run.smithi008.stdout:/usr/bin/ceph: stderr
2024-02-19T16:13:06.195+0000 7f190ffff700 1 -- 172.21.15.8:0/3233804325 --> [v2:172.21.15.8:3300/0,v1:172.21.15.8:6789/0] -- mon_subscribe({config=0+,monmap=0+}) v3 -- 0x7f1900009550 con 0x7f1910107940
2024-02-19T16:13:07.156 INFO:teuthology.orchestra.run.smithi008.stdout:/usr/bin/ceph: stderr
2024-02-19T16:13:06.195+0000 7f190ffff700 1 --2- 172.21.15.8:0/3233804325 >> [v2:172.21.15.8:3300/0,v1:172.21.15.8:6789/0] conn(0x7f1910107940 0x7f191019b720 secure :-1 s=READY pgs=48 cs=0 l=1 rev1=1 crypto rx=0x7f1900003f70 tx=0x7f1900011b40 comp rx=0 tx=0).ready entity=mon.0 client_cookie=0 server_cookie=0 in_seq=0 out_seq=0
2024-02-19T16:13:07.156 INFO:teuthology.orchestra.run.smithi008.stdout:/usr/bin/ceph: stderr
2024-02-19T16:13:06.195+0000 7f190d7fa700 1 -- 172.21.15.8:0/3233804325 <== mon.0 v2:172.21.15.8:3300/0 1 ==== mon_map magic: 0 v1 ==== 205+0+0 (secure 0 0 0) 0x7f19000039f0 con 0x7f1910107940
2024-02-19T16:13:07.157 INFO:teuthology.orchestra.run.smithi008.stdout:/usr/bin/ceph: stderr
2024-02-19T16:13:06.195+0000 7f190d7fa700 1 -- 172.21.15.8:0/3233804325 <== mon.0 v2:172.21.15.8:3300/0 2 ==== config(27 keys) v1 ==== 1109+0+0 (secure 0 0 0) 0x7f1900003b50 con 0x7f1910107940
2024-02-19T16:13:07.157 INFO:teuthology.orchestra.run.smithi008.stdout:/usr/bin/ceph: stderr
2024-02-19T16:13:06.195+0000 7f19163f6700 1 -- 172.21.15.8:0/3233804325 --> [v2:172.21.15.8:3300/0,v1:172.21.15.8:6789/0] -- mon_subscribe({mgrmap=0+}) v3 -- 0x7f191019be60 con 0x7f1910107940
2024-02-19T16:13:07.157 INFO:teuthology.orchestra.run.smithi008.stdout:/usr/bin/ceph: stderr
2024-02-19T16:13:06.195+0000 7f190d7fa700 1 -- 172.21.15.8:0/3233804325 <== mon.0 v2:172.21.15.8:3300/0 3 ==== mon_map magic: 0 v1 ==== 205+0+0 (secure 0 0 0) 0x7f190001a690 con 0x7f1910107940
2024-02-19T16:13:07.157 INFO:teuthology.orchestra.run.smithi008.stdout:/usr/bin/ceph: stderr
2024-02-19T16:13:06.195+0000 7f19163f6700 1 -- 172.21.15.8:0/3233804325 --> [v2:172.21.15.8:3300/0,v1:172.21.15.8:6789/0] -- mon_subscribe({osdmap=0}) v3 -- 0x7f191019c300 con 0x7f1910107940
2024-02-19T16:13:07.157 INFO:teuthology.orchestra.run.smithi008.stdout:/usr/bin/ceph: stderr
2024-02-19T16:13:06.196+0000 7f190d7fa700 1 -- 172.21.15.8:0/3233804325 <== mon.0 v2:172.21.15.8:3300/0 4 ==== mgrmap(e 8) v1 ==== 45932+0+0 (secure 0 0 0) 0x7f190001a900 con 0x7f1910107940
2024-02-19T16:13:07.157 INFO:teuthology.orchestra.run.smithi008.stdout:/usr/bin/ceph: stderr
2024-02-19T16:13:06.196+0000 7f19163f6700 1 -- 172.21.15.8:0/3233804325 --> [v2:172.21.15.8:3300/0,v1:172.21.15.8:6789/0] -- mon_command({"prefix": "get_command_descriptions"} v 0) v1 -- 0x7f191010bd70 con 0x7f1910107940
2024-02-19T16:13:07.157 INFO:teuthology.orchestra.run.smithi008.stdout:/usr/bin/ceph: stderr
2024-02-19T16:13:06.196+0000 7f190d7fa700 1 --2- 172.21.15.8:0/3233804325 >> [v2:172.21.15.8:6800/886492473,v1:172.21.15.8:6801/886492473] conn(0x7f18f8038ee0 0x7f18f803b3a0 unknown :-1 s=NONE pgs=0 cs=0 l=1 rev1=0 crypto rx=0 tx=0 comp rx=0 tx=0).connect
2024-02-19T16:13:07.157 INFO:teuthology.orchestra.run.smithi008.stdout:/usr/bin/ceph: stderr
2024-02-19T16:13:06.196+0000 7f190d7fa700 1 -- 172.21.15.8:0/3233804325 <== mon.0 v2:172.21.15.8:3300/0 5 ==== osd_map(2..2 src has 1..2) v4 ==== 940+0+0 (secure 0 0 0) 0x7f190004d390 con 0x7f1910107940
2024-02-19T16:13:07.157 INFO:teuthology.orchestra.run.smithi008.stdout:/usr/bin/ceph: stderr
2024-02-19T16:13:06.196+0000 7f190f7fe700 1 --2- 172.21.15.8:0/3233804325 >> [v2:172.21.15.8:6800/886492473,v1:172.21.15.8:6801/886492473] conn(0x7f18f8038ee0 0x7f18f803b3a0 unknown :-1 s=BANNER_CONNECTING pgs=0 cs=0 l=1 rev1=0 crypto rx=0 tx=0 comp rx=0 tx=0)._handle_peer_banner_payload supported=3 required=0
2024-02-19T16:13:07.157 INFO:teuthology.orchestra.run.smithi008.stdout:/usr/bin/ceph: stderr
2024-02-19T16:13:06.197+0000 7f190f7fe700 1 --2- 172.21.15.8:0/3233804325 >> [v2:172.21.15.8:6800/886492473,v1:172.21.15.8:6801/886492473] conn(0x7f18f8038ee0 0x7f18f803b3a0 secure :-1 s=READY pgs=12 cs=0 l=1 rev1=1 crypto rx=0x7f1904006fd0 tx=0x7f1904006e40 comp rx=0 tx=0).ready entity=mgr.14120 client_cookie=0 server_cookie=0 in_seq=0 out_seq=0
2024-02-19T16:13:07.157 INFO:teuthology.orchestra.run.smithi008.stdout:/usr/bin/ceph: stderr
2024-02-19T16:13:06.201+0000 7f190d7fa700 1 -- 172.21.15.8:0/3233804325 <== mon.0 v2:172.21.15.8:3300/0 6 ==== mon_command_ack([{"prefix": "get_command_descriptions"}]=0 v0) v1 ==== 72+0+184849 (secure 0 0 0) 0x7f190001abb0 con 0x7f1910107940
2024-02-19T16:13:07.158 INFO:teuthology.orchestra.run.smithi008.stdout:/usr/bin/ceph: stderr
2024-02-19T16:13:06.423+0000 7f19163f6700 1 -- 172.21.15.8:0/3233804325 --> [v2:172.21.15.8:6800/886492473,v1:172.21.15.8:6801/886492473] -- mgr_command(tid 0: {"prefix": "orch apply", "service_type": "mon", "unmanaged": true, "target": ["mon-mgr", ""]}) v1 -- 0x7f1910104100 con 0x7f18f8038ee0
2024-02-19T16:13:07.158 INFO:teuthology.orchestra.run.smithi008.stdout:/usr/bin/ceph: stderr
2024-02-19T16:13:06.428+0000 7f190d7fa700 1 -- 172.21.15.8:0/3233804325 <== mgr.14120 v2:172.21.15.8:6800/886492473 1 ==== mgr_command_reply(tid 0: 0 ) v1 ==== 8+0+24 (secure 0 0 0) 0x7f1910104100 con 0x7f18f8038ee0
2024-02-19T16:13:07.158 INFO:teuthology.orchestra.run.smithi008.stdout:/usr/bin/ceph: stderr
2024-02-19T16:13:06.430+0000 7f19163f6700 1 -- 172.21.15.8:0/3233804325 >> [v2:172.21.15.8:6800/886492473,v1:172.21.15.8:6801/886492473] conn(0x7f18f8038ee0 msgr2=0x7f18f803b3a0 secure :-1 s=STATE_CONNECTION_ESTABLISHED l=1).mark_down
2024-02-19T16:13:07.158 INFO:teuthology.orchestra.run.smithi008.stdout:/usr/bin/ceph: stderr
2024-02-19T16:13:06.430+0000 7f19163f6700 1 --2- 172.21.15.8:0/3233804325 >> [v2:172.21.15.8:6800/886492473,v1:172.21.15.8:6801/886492473] conn(0x7f18f8038ee0 0x7f18f803b3a0 secure :-1 s=READY pgs=12 cs=0 l=1 rev1=1 crypto rx=0x7f1904006fd0 tx=0x7f1904006e40 comp rx=0 tx=0).stop
2024-02-19T16:13:07.158 INFO:teuthology.orchestra.run.smithi008.stdout:/usr/bin/ceph: stderr
2024-02-19T16:13:06.430+0000 7f19163f6700 1 -- 172.21.15.8:0/3233804325 >> [v2:172.21.15.8:3300/0,v1:172.21.15.8:6789/0] conn(0x7f1910107940 msgr2=0x7f191019b720 secure :-1 s=STATE_CONNECTION_ESTABLISHED l=1).mark_down
2024-02-19T16:13:07.158 INFO:teuthology.orchestra.run.smithi008.stdout:/usr/bin/ceph: stderr
2024-02-19T16:13:06.430+0000 7f19163f6700 1 --2- 172.21.15.8:0/3233804325 >> [v2:172.21.15.8:3300/0,v1:172.21.15.8:6789/0] conn(0x7f1910107940 0x7f191019b720 secure :-1 s=READY pgs=48 cs=0 l=1 rev1=1 crypto rx=0x7f1900003f70 tx=0x7f1900011b40 comp rx=0 tx=0).stop
2024-02-19T16:13:07.158 INFO:teuthology.orchestra.run.smithi008.stdout:/usr/bin/ceph: stderr
2024-02-19T16:13:06.431+0000 7f19163f6700 1 -- 172.21.15.8:0/3233804325 shutdown_connections
2024-02-19T16:13:07.158 INFO:teuthology.orchestra.run.smithi008.stdout:/usr/bin/ceph: stderr
2024-02-19T16:13:06.431+0000 7f19163f6700 1 --2- 172.21.15.8:0/3233804325 >> [v2:172.21.15.8:6800/886492473,v1:172.21.15.8:6801/886492473] conn(0x7f18f8038ee0 0x7f18f803b3a0 unknown :-1 s=CLOSED pgs=12 cs=0 l=1 rev1=1 crypto rx=0 tx=0 comp rx=0 tx=0).stop
2024-02-19T16:13:07.158 INFO:teuthology.orchestra.run.smithi008.stdout:/usr/bin/ceph: stderr
2024-02-19T16:13:06.431+0000 7f19163f6700 1 --2- 172.21.15.8:0/3233804325 >> [v2:172.21.15.8:3300/0,v1:172.21.15.8:6789/0] conn(0x7f1910107940 0x7f191019b720 unknown :-1 s=CLOSED pgs=48 cs=0 l=1 rev1=1 crypto rx=0 tx=0 comp rx=0 tx=0).stop
2024-02-19T16:13:07.158 INFO:teuthology.orchestra.run.smithi008.stdout:/usr/bin/ceph: stderr
2024-02-19T16:13:06.431+0000 7f19163f6700 1 -- 172.21.15.8:0/3233804325 >> 172.21.15.8:0/3233804325 conn(0x7f1910102f00 msgr2=0x7f19101039f0 unknown :-1 s=STATE_NONE l=0).mark_down
2024-02-19T16:13:07.158 INFO:teuthology.orchestra.run.smithi008.stdout:/usr/bin/ceph: stderr
2024-02-19T16:13:06.431+0000 7f19163f6700 1 -- 172.21.15.8:0/3233804325 shutdown_connections
2024-02-19T16:13:07.158 INFO:teuthology.orchestra.run.smithi008.stdout:/usr/bin/ceph: stderr
2024-02-19T16:13:06.431+0000 7f19163f6700 1 -- 172.21.15.8:0/3233804325 wait complete.
2024-02-19T16:13:07.158 INFO:teuthology.orchestra.run.smithi008.stdout:Deploying unmanaged mgr service...
2024-02-19T16:13:07.769 INFO:journalctl@ceph.mon.a.smithi008.stdout:Feb 19 16:13:07 smithi008 ceph-mon[32573]: from='client.14142 -' entity='client.admin' cmd=[{"prefix": "orch apply", "service_type": "mon", "unmanaged": true, "target": ["mon-mgr", ""]}]: dispatch
2024-02-19T16:13:07.769 INFO:journalctl@ceph.mon.a.smithi008.stdout:Feb 19 16:13:07 smithi008 ceph-mon[32573]: Saving service mon spec with placement count:5
2024-02-19T16:13:07.769 INFO:journalctl@ceph.mon.a.smithi008.stdout:Feb 19 16:13:07 smithi008 ceph-mon[32573]: from='mgr.14120 172.21.15.8:0/4129556272' entity='mgr.x'
2024-02-19T16:13:09.269 INFO:journalctl@ceph.mon.a.smithi008.stdout:Feb 19 16:13:08 smithi008 ceph-mon[32573]: from='mgr.14120 172.21.15.8:0/4129556272' entity='mgr.x'
2024-02-19T16:13:09.269 INFO:journalctl@ceph.mon.a.smithi008.stdout:Feb 19 16:13:08 smithi008 ceph-mon[32573]: from='mgr.14120 172.21.15.8:0/4129556272' entity='mgr.x'
2024-02-19T16:13:09.270 INFO:journalctl@ceph.mon.a.smithi008.stdout:Feb 19 16:13:08 smithi008 ceph-mon[32573]: from='mgr.14120 172.21.15.8:0/4129556272' entity='mgr.x'
2024-02-19T16:13:09.341 INFO:teuthology.orchestra.run.smithi008.stdout:/usr/bin/ceph: stdout Scheduled mgr update...
2024-02-19T16:13:09.341 INFO:teuthology.orchestra.run.smithi008.stdout:/usr/bin/ceph: stderr
2024-02-19T16:13:08.419+0000 7f73ded2e700 1 Processor -- start
2024-02-19T16:13:09.341 INFO:teuthology.orchestra.run.smithi008.stdout:/usr/bin/ceph: stderr
2024-02-19T16:13:08.419+0000 7f73ded2e700 1 -- start start
2024-02-19T16:13:09.342 INFO:teuthology.orchestra.run.smithi008.stdout:/usr/bin/ceph: stderr
2024-02-19T16:13:08.419+0000 7f73ded2e700 1 --2- >> [v2:172.21.15.8:3300/0,v1:172.21.15.8:6789/0] conn(0x7f73d807de90 0x7f73d807c2f0 unknown :-1 s=NONE pgs=0 cs=0 l=0 rev1=0 crypto rx=0 tx=0 comp rx=0 tx=0).connect
2024-02-19T16:13:09.342 INFO:teuthology.orchestra.run.smithi008.stdout:/usr/bin/ceph: stderr
2024-02-19T16:13:08.419+0000 7f73ded2e700 1 -- --> [v2:172.21.15.8:3300/0,v1:172.21.15.8:6789/0] -- mon_getmap magic: 0 v1 -- 0x7f73d807c8c0 con 0x7f73d807de90
2024-02-19T16:13:09.342 INFO:teuthology.orchestra.run.smithi008.stdout:/usr/bin/ceph: stderr
2024-02-19T16:13:08.420+0000 7f73dcaca700 1 --2- >> [v2:172.21.15.8:3300/0,v1:172.21.15.8:6789/0] conn(0x7f73d807de90 0x7f73d807c2f0 unknown :-1 s=BANNER_CONNECTING pgs=0 cs=0 l=0 rev1=0 crypto rx=0 tx=0 comp rx=0 tx=0)._handle_peer_banner_payload supported=3 required=0
2024-02-19T16:13:09.342 INFO:teuthology.orchestra.run.smithi008.stdout:/usr/bin/ceph: stderr
2024-02-19T16:13:08.420+0000 7f73dcaca700 1 --2- >> [v2:172.21.15.8:3300/0,v1:172.21.15.8:6789/0] conn(0x7f73d807de90 0x7f73d807c2f0 unknown :-1 s=HELLO_CONNECTING pgs=0 cs=0 l=0 rev1=1 crypto rx=0 tx=0 comp rx=0 tx=0).handle_hello peer v2:172.21.15.8:3300/0 says I am v2:172.21.15.8:40608/0 (socket says 172.21.15.8:40608)
2024-02-19T16:13:09.342 INFO:teuthology.orchestra.run.smithi008.stdout:/usr/bin/ceph: stderr
2024-02-19T16:13:08.420+0000 7f73dcaca700 1 -- 172.21.15.8:0/2384812467 learned_addr learned my addr 172.21.15.8:0/2384812467 (peer_addr_for_me v2:172.21.15.8:0/0)
2024-02-19T16:13:09.342 INFO:teuthology.orchestra.run.smithi008.stdout:/usr/bin/ceph: stderr
2024-02-19T16:13:08.420+0000 7f73dcaca700 1 -- 172.21.15.8:0/2384812467 --> [v2:172.21.15.8:3300/0,v1:172.21.15.8:6789/0] -- mon_subscribe({config=0+,monmap=0+}) v3 -- 0x7f73d807ca00 con 0x7f73d807de90
2024-02-19T16:13:09.342 INFO:teuthology.orchestra.run.smithi008.stdout:/usr/bin/ceph: stderr
2024-02-19T16:13:08.420+0000 7f73dcaca700 1 --2- 172.21.15.8:0/2384812467 >> [v2:172.21.15.8:3300/0,v1:172.21.15.8:6789/0] conn(0x7f73d807de90 0x7f73d807c2f0 secure :-1 s=READY pgs=49 cs=0 l=1 rev1=1 crypto rx=0x7f73d0009e80 tx=0x7f73d000b330 comp rx=0 tx=0).ready entity=mon.0 client_cookie=58a667c84736fafd server_cookie=0 in_seq=0 out_seq=0
2024-02-19T16:13:09.342 INFO:teuthology.orchestra.run.smithi008.stdout:/usr/bin/ceph: stderr
2024-02-19T16:13:08.420+0000 7f73d77fe700 1 -- 172.21.15.8:0/2384812467 <== mon.0 v2:172.21.15.8:3300/0 1 ==== mon_map magic: 0 v1 ==== 205+0+0 (secure 0 0 0) 0x7f73d000e070 con 0x7f73d807de90
2024-02-19T16:13:09.342 INFO:teuthology.orchestra.run.smithi008.stdout:/usr/bin/ceph: stderr
2024-02-19T16:13:08.420+0000 7f73d77fe700 1 -- 172.21.15.8:0/2384812467 <== mon.0 v2:172.21.15.8:3300/0 2 ==== config(27 keys) v1 ==== 1140+0+0 (secure 0 0 0) 0x7f73d000b8c0 con 0x7f73d807de90
2024-02-19T16:13:09.342 INFO:teuthology.orchestra.run.smithi008.stdout:/usr/bin/ceph: stderr
2024-02-19T16:13:08.420+0000 7f73d77fe700 1 -- 172.21.15.8:0/2384812467 <== mon.0 v2:172.21.15.8:3300/0 3 ==== mon_map magic: 0 v1 ==== 205+0+0 (secure 0 0 0) 0x7f73d00044a0 con 0x7f73d807de90
2024-02-19T16:13:09.342 INFO:teuthology.orchestra.run.smithi008.stdout:/usr/bin/ceph: stderr
2024-02-19T16:13:08.421+0000 7f73ded2e700 1 -- 172.21.15.8:0/2384812467 >> [v2:172.21.15.8:3300/0,v1:172.21.15.8:6789/0] conn(0x7f73d807de90 msgr2=0x7f73d807c2f0 secure :-1 s=STATE_CONNECTION_ESTABLISHED l=1).mark_down
2024-02-19T16:13:09.342 INFO:teuthology.orchestra.run.smithi008.stdout:/usr/bin/ceph: stderr
2024-02-19T16:13:08.421+0000 7f73ded2e700 1 --2- 172.21.15.8:0/2384812467 >> [v2:172.21.15.8:3300/0,v1:172.21.15.8:6789/0] conn(0x7f73d807de90 0x7f73d807c2f0 secure :-1 s=READY pgs=49 cs=0 l=1 rev1=1 crypto rx=0x7f73d0009e80 tx=0x7f73d000b330 comp rx=0 tx=0).stop
2024-02-19T16:13:09.342 INFO:teuthology.orchestra.run.smithi008.stdout:/usr/bin/ceph: stderr
2024-02-19T16:13:08.421+0000 7f73ded2e700 1 -- 172.21.15.8:0/2384812467 shutdown_connections
2024-02-19T16:13:09.342 INFO:teuthology.orchestra.run.smithi008.stdout:/usr/bin/ceph: stderr
2024-02-19T16:13:08.421+0000 7f73ded2e700 1 --2- 172.21.15.8:0/2384812467 >> [v2:172.21.15.8:3300/0,v1:172.21.15.8:6789/0] conn(0x7f73d807de90 0x7f73d807c2f0 unknown :-1 s=CLOSED pgs=49 cs=0 l=1 rev1=1 crypto rx=0 tx=0 comp rx=0 tx=0).stop
2024-02-19T16:13:09.343 INFO:teuthology.orchestra.run.smithi008.stdout:/usr/bin/ceph: stderr
2024-02-19T16:13:08.421+0000 7f73ded2e700 1 -- 172.21.15.8:0/2384812467 >> 172.21.15.8:0/2384812467 conn(0x7f73d8102f50 msgr2=0x7f73d8105390 unknown :-1 s=STATE_NONE l=0).mark_down
2024-02-19T16:13:09.343 INFO:teuthology.orchestra.run.smithi008.stdout:/usr/bin/ceph: stderr
2024-02-19T16:13:08.421+0000 7f73ded2e700 1 -- 172.21.15.8:0/2384812467 shutdown_connections
2024-02-19T16:13:09.343 INFO:teuthology.orchestra.run.smithi008.stdout:/usr/bin/ceph: stderr
2024-02-19T16:13:08.421+0000 7f73ded2e700 1 -- 172.21.15.8:0/2384812467 wait complete.
2024-02-19T16:13:09.343 INFO:teuthology.orchestra.run.smithi008.stdout:/usr/bin/ceph: stderr
2024-02-19T16:13:08.422+0000 7f73ded2e700 1 Processor -- start
2024-02-19T16:13:09.343 INFO:teuthology.orchestra.run.smithi008.stdout:/usr/bin/ceph: stderr
2024-02-19T16:13:08.422+0000 7f73ded2e700 1 -- start start
2024-02-19T16:13:09.343 INFO:teuthology.orchestra.run.smithi008.stdout:/usr/bin/ceph: stderr
2024-02-19T16:13:08.422+0000 7f73ded2e700 1 --2- >> [v2:172.21.15.8:3300/0,v1:172.21.15.8:6789/0] conn(0x7f73d807de90 0x7f73d819d890 unknown :-1 s=NONE pgs=0 cs=0 l=1 rev1=0 crypto rx=0 tx=0 comp rx=0 tx=0).connect
2024-02-19T16:13:09.343 INFO:teuthology.orchestra.run.smithi008.stdout:/usr/bin/ceph: stderr
2024-02-19T16:13:08.422+0000 7f73ded2e700 1 -- --> [v2:172.21.15.8:3300/0,v1:172.21.15.8:6789/0] -- mon_getmap magic: 0 v1 -- 0x7f73d819ddd0 con 0x7f73d807de90
2024-02-19T16:13:09.343 INFO:teuthology.orchestra.run.smithi008.stdout:/usr/bin/ceph: stderr
2024-02-19T16:13:08.422+0000 7f73dcaca700 1 --2- >> [v2:172.21.15.8:3300/0,v1:172.21.15.8:6789/0] conn(0x7f73d807de90 0x7f73d819d890 unknown :-1 s=BANNER_CONNECTING pgs=0 cs=0 l=1 rev1=0 crypto rx=0 tx=0 comp rx=0 tx=0)._handle_peer_banner_payload supported=3 required=0
2024-02-19T16:13:09.343 INFO:teuthology.orchestra.run.smithi008.stdout:/usr/bin/ceph: stderr
2024-02-19T16:13:08.422+0000 7f73dcaca700 1 --2- >> [v2:172.21.15.8:3300/0,v1:172.21.15.8:6789/0] conn(0x7f73d807de90 0x7f73d819d890 unknown :-1 s=HELLO_CONNECTING pgs=0 cs=0 l=1 rev1=1 crypto rx=0 tx=0 comp rx=0 tx=0).handle_hello peer v2:172.21.15.8:3300/0 says I am v2:172.21.15.8:40620/0 (socket says 172.21.15.8:40620)
2024-02-19T16:13:09.343 INFO:teuthology.orchestra.run.smithi008.stdout:/usr/bin/ceph: stderr
2024-02-19T16:13:08.422+0000 7f73dcaca700 1 -- 172.21.15.8:0/409328650 learned_addr learned my addr 172.21.15.8:0/409328650 (peer_addr_for_me v2:172.21.15.8:0/0)
2024-02-19T16:13:09.343 INFO:teuthology.orchestra.run.smithi008.stdout:/usr/bin/ceph: stderr
2024-02-19T16:13:08.423+0000 7f73dcaca700 1 -- 172.21.15.8:0/409328650 --> [v2:172.21.15.8:3300/0,v1:172.21.15.8:6789/0] -- mon_subscribe({config=0+,monmap=0+}) v3 -- 0x7f73d0009b30 con 0x7f73d807de90
2024-02-19T16:13:09.343 INFO:teuthology.orchestra.run.smithi008.stdout:/usr/bin/ceph: stderr
2024-02-19T16:13:08.423+0000 7f73dcaca700 1 --2- 172.21.15.8:0/409328650 >> [v2:172.21.15.8:3300/0,v1:172.21.15.8:6789/0] conn(0x7f73d807de90 0x7f73d819d890 secure :-1 s=READY pgs=50 cs=0 l=1 rev1=1 crypto rx=0x7f73d0009530 tx=0x7f73d000bd10 comp rx=0 tx=0).ready entity=mon.0 client_cookie=0 server_cookie=0 in_seq=0 out_seq=0
2024-02-19T16:13:09.343 INFO:teuthology.orchestra.run.smithi008.stdout:/usr/bin/ceph: stderr
2024-02-19T16:13:08.423+0000 7f73d5ffb700 1 -- 172.21.15.8:0/409328650 <== mon.0 v2:172.21.15.8:3300/0 1 ==== mon_map magic: 0 v1 ==== 205+0+0 (secure 0 0 0) 0x7f73d000e040 con 0x7f73d807de90
2024-02-19T16:13:09.343 INFO:teuthology.orchestra.run.smithi008.stdout:/usr/bin/ceph: stderr
2024-02-19T16:13:08.423+0000 7f73ded2e700 1 -- 172.21.15.8:0/409328650 --> [v2:172.21.15.8:3300/0,v1:172.21.15.8:6789/0] -- mon_subscribe({mgrmap=0+}) v3 -- 0x7f73d819dfd0 con 0x7f73d807de90
2024-02-19T16:13:09.344 INFO:teuthology.orchestra.run.smithi008.stdout:/usr/bin/ceph: stderr
2024-02-19T16:13:08.423+0000 7f73d5ffb700 1 -- 172.21.15.8:0/409328650 <== mon.0 v2:172.21.15.8:3300/0 2 ==== config(27 keys) v1 ==== 1140+0+0 (secure 0 0 0) 0x7f73d0003d60 con 0x7f73d807de90
2024-02-19T16:13:09.344 INFO:teuthology.orchestra.run.smithi008.stdout:/usr/bin/ceph: stderr
2024-02-19T16:13:08.423+0000 7f73d5ffb700 1 -- 172.21.15.8:0/409328650 <== mon.0 v2:172.21.15.8:3300/0 3 ==== mon_map magic: 0 v1 ==== 205+0+0 (secure 0 0 0) 0x7f73d0012760 con 0x7f73d807de90
2024-02-19T16:13:09.344 INFO:teuthology.orchestra.run.smithi008.stdout:/usr/bin/ceph: stderr
2024-02-19T16:13:08.423+0000 7f73ded2e700 1 -- 172.21.15.8:0/409328650 --> [v2:172.21.15.8:3300/0,v1:172.21.15.8:6789/0] -- mon_subscribe({osdmap=0}) v3 -- 0x7f73d819e4d0 con 0x7f73d807de90
2024-02-19T16:13:09.344 INFO:teuthology.orchestra.run.smithi008.stdout:/usr/bin/ceph: stderr
2024-02-19T16:13:08.424+0000 7f73d5ffb700 1 -- 172.21.15.8:0/409328650 <== mon.0 v2:172.21.15.8:3300/0 4 ==== mgrmap(e 8) v1 ==== 45932+0+0 (secure 0 0 0) 0x7f73d0019070 con 0x7f73d807de90
2024-02-19T16:13:09.344 INFO:teuthology.orchestra.run.smithi008.stdout:/usr/bin/ceph: stderr
2024-02-19T16:13:08.424+0000 7f73ded2e700 1 -- 172.21.15.8:0/409328650 --> [v2:172.21.15.8:3300/0,v1:172.21.15.8:6789/0] -- mon_command({"prefix": "get_command_descriptions"} v 0) v1 -- 0x7f73d810de50 con 0x7f73d807de90
2024-02-19T16:13:09.344 INFO:teuthology.orchestra.run.smithi008.stdout:/usr/bin/ceph: stderr
2024-02-19T16:13:08.425+0000 7f73d5ffb700 1 --2- 172.21.15.8:0/409328650 >> [v2:172.21.15.8:6800/886492473,v1:172.21.15.8:6801/886492473] conn(0x7f73c4038ee0 0x7f73c403b3a0 unknown :-1 s=NONE pgs=0 cs=0 l=1 rev1=0 crypto rx=0 tx=0 comp rx=0 tx=0).connect
2024-02-19T16:13:09.344 INFO:teuthology.orchestra.run.smithi008.stdout:/usr/bin/ceph: stderr
2024-02-19T16:13:08.425+0000 7f73d5ffb700 1 -- 172.21.15.8:0/409328650 <== mon.0 v2:172.21.15.8:3300/0 5 ==== osd_map(2..2 src has 1..2) v4 ==== 940+0+0 (secure 0 0 0) 0x7f73d004d350 con 0x7f73d807de90
2024-02-19T16:13:09.344 INFO:teuthology.orchestra.run.smithi008.stdout:/usr/bin/ceph: stderr
2024-02-19T16:13:08.425+0000 7f73d7fff700 1 --2- 172.21.15.8:0/409328650 >> [v2:172.21.15.8:6800/886492473,v1:172.21.15.8:6801/886492473] conn(0x7f73c4038ee0 0x7f73c403b3a0 unknown :-1 s=BANNER_CONNECTING pgs=0 cs=0 l=1 rev1=0 crypto rx=0 tx=0 comp rx=0 tx=0)._handle_peer_banner_payload supported=3 required=0
2024-02-19T16:13:09.344 INFO:teuthology.orchestra.run.smithi008.stdout:/usr/bin/ceph: stderr
2024-02-19T16:13:08.425+0000 7f73d7fff700 1 --2- 172.21.15.8:0/409328650 >> [v2:172.21.15.8:6800/886492473,v1:172.21.15.8:6801/886492473] conn(0x7f73c4038ee0 0x7f73c403b3a0 secure :-1 s=READY pgs=13 cs=0 l=1 rev1=1 crypto rx=0x7f73c8006fd0 tx=0x7f73c8006e40 comp rx=0 tx=0).ready entity=mgr.14120 client_cookie=0 server_cookie=0 in_seq=0 out_seq=0
2024-02-19T16:13:09.344 INFO:teuthology.orchestra.run.smithi008.stdout:/usr/bin/ceph: stderr
2024-02-19T16:13:08.430+0000 7f73d5ffb700 1 -- 172.21.15.8:0/409328650 <== mon.0 v2:172.21.15.8:3300/0 6 ==== mon_command_ack([{"prefix": "get_command_descriptions"}]=0 v0) v1 ==== 72+0+184849 (secure 0 0 0) 0x7f73d001aa20 con 0x7f73d807de90
2024-02-19T16:13:09.344 INFO:teuthology.orchestra.run.smithi008.stdout:/usr/bin/ceph: stderr
2024-02-19T16:13:08.668+0000 7f73ded2e700 1 -- 172.21.15.8:0/409328650 --> [v2:172.21.15.8:6800/886492473,v1:172.21.15.8:6801/886492473] -- mgr_command(tid 0: {"prefix": "orch apply", "service_type": "mgr", "unmanaged": true, "target": ["mon-mgr", ""]}) v1 -- 0x7f73d8104100 con 0x7f73c4038ee0
2024-02-19T16:13:09.344 INFO:teuthology.orchestra.run.smithi008.stdout:/usr/bin/ceph: stderr
2024-02-19T16:13:08.673+0000 7f73d5ffb700 1 -- 172.21.15.8:0/409328650 <== mgr.14120 v2:172.21.15.8:6800/886492473 1 ==== mgr_command_reply(tid 0: 0 ) v1 ==== 8+0+24 (secure 0 0 0) 0x7f73d8104100 con 0x7f73c4038ee0
2024-02-19T16:13:09.344 INFO:teuthology.orchestra.run.smithi008.stdout:/usr/bin/ceph: stderr
2024-02-19T16:13:08.675+0000 7f73ded2e700 1 -- 172.21.15.8:0/409328650 >> [v2:172.21.15.8:6800/886492473,v1:172.21.15.8:6801/886492473] conn(0x7f73c4038ee0 msgr2=0x7f73c403b3a0 secure :-1 s=STATE_CONNECTION_ESTABLISHED l=1).mark_down
2024-02-19T16:13:09.345 INFO:teuthology.orchestra.run.smithi008.stdout:/usr/bin/ceph: stderr
2024-02-19T16:13:08.675+0000 7f73ded2e700 1 --2- 172.21.15.8:0/409328650 >> [v2:172.21.15.8:6800/886492473,v1:172.21.15.8:6801/886492473] conn(0x7f73c4038ee0 0x7f73c403b3a0 secure :-1 s=READY pgs=13 cs=0 l=1 rev1=1 crypto rx=0x7f73c8006fd0 tx=0x7f73c8006e40 comp rx=0 tx=0).stop
2024-02-19T16:13:09.345 INFO:teuthology.orchestra.run.smithi008.stdout:/usr/bin/ceph: stderr
2024-02-19T16:13:08.675+0000 7f73ded2e700 1 -- 172.21.15.8:0/409328650 >> [v2:172.21.15.8:3300/0,v1:172.21.15.8:6789/0] conn(0x7f73d807de90 msgr2=0x7f73d819d890 secure :-1 s=STATE_CONNECTION_ESTABLISHED l=1).mark_down
2024-02-19T16:13:09.345 INFO:teuthology.orchestra.run.smithi008.stdout:/usr/bin/ceph: stderr
2024-02-19T16:13:08.675+0000 7f73ded2e700 1 --2- 172.21.15.8:0/409328650 >> [v2:172.21.15.8:3300/0,v1:172.21.15.8:6789/0] conn(0x7f73d807de90 0x7f73d819d890 secure :-1 s=READY pgs=50 cs=0 l=1 rev1=1 crypto rx=0x7f73d0009530 tx=0x7f73d000bd10 comp rx=0 tx=0).stop
2024-02-19T16:13:09.345 INFO:teuthology.orchestra.run.smithi008.stdout:/usr/bin/ceph: stderr
2024-02-19T16:13:08.675+0000 7f73ded2e700 1 -- 172.21.15.8:0/409328650 shutdown_connections
2024-02-19T16:13:09.345 INFO:teuthology.orchestra.run.smithi008.stdout:/usr/bin/ceph: stderr
2024-02-19T16:13:08.675+0000 7f73ded2e700 1 --2- 172.21.15.8:0/409328650 >> [v2:172.21.15.8:6800/886492473,v1:172.21.15.8:6801/886492473] conn(0x7f73c4038ee0 0x7f73c403b3a0 unknown :-1 s=CLOSED pgs=13 cs=0 l=1 rev1=1 crypto rx=0 tx=0 comp rx=0 tx=0).stop
2024-02-19T16:13:09.345 INFO:teuthology.orchestra.run.smithi008.stdout:/usr/bin/ceph: stderr
2024-02-19T16:13:08.675+0000 7f73ded2e700 1 --2- 172.21.15.8:0/409328650 >> [v2:172.21.15.8:3300/0,v1:172.21.15.8:6789/0] conn(0x7f73d807de90 0x7f73d819d890 unknown :-1 s=CLOSED pgs=50 cs=0 l=1 rev1=1 crypto rx=0 tx=0 comp rx=0 tx=0).stop
2024-02-19T16:13:09.345 INFO:teuthology.orchestra.run.smithi008.stdout:/usr/bin/ceph: stderr
2024-02-19T16:13:08.675+0000 7f73ded2e700 1 -- 172.21.15.8:0/409328650 >> 172.21.15.8:0/409328650 conn(0x7f73d8102f50 msgr2=0x7f73d81039f0 unknown :-1 s=STATE_NONE l=0).mark_down
2024-02-19T16:13:09.345 INFO:teuthology.orchestra.run.smithi008.stdout:/usr/bin/ceph: stderr
2024-02-19T16:13:08.676+0000 7f73ded2e700 1 -- 172.21.15.8:0/409328650 shutdown_connections
2024-02-19T16:13:09.345 INFO:teuthology.orchestra.run.smithi008.stdout:/usr/bin/ceph: stderr
2024-02-19T16:13:08.676+0000 7f73ded2e700 1 -- 172.21.15.8:0/409328650 wait complete.
2024-02-19T16:13:10.269 INFO:journalctl@ceph.mon.a.smithi008.stdout:Feb 19 16:13:09 smithi008 ceph-mon[32573]: from='client.14144 -' entity='client.admin' cmd=[{"prefix": "orch apply", "service_type": "mgr", "unmanaged": true, "target": ["mon-mgr", ""]}]: dispatch
2024-02-19T16:13:10.269 INFO:journalctl@ceph.mon.a.smithi008.stdout:Feb 19 16:13:09 smithi008 ceph-mon[32573]: Saving service mgr spec with placement count:2
2024-02-19T16:13:10.750 INFO:teuthology.orchestra.run.smithi008.stdout:/usr/bin/ceph: stderr
2024-02-19T16:13:09.775+0000 7ffa9a39d700 1 Processor -- start
2024-02-19T16:13:10.750 INFO:teuthology.orchestra.run.smithi008.stdout:/usr/bin/ceph: stderr
2024-02-19T16:13:09.775+0000 7ffa9a39d700 1 -- start start
2024-02-19T16:13:10.750 INFO:teuthology.orchestra.run.smithi008.stdout:/usr/bin/ceph: stderr
2024-02-19T16:13:09.775+0000 7ffa9a39d700 1 --2- >> [v2:172.21.15.8:3300/0,v1:172.21.15.8:6789/0] conn(0x7ffa94106840 0x7ffa94106c60 unknown :-1 s=NONE pgs=0 cs=0 l=0 rev1=0 crypto rx=0 tx=0 comp rx=0 tx=0).connect
