2024-02-19T16:32:10.202+0000 7fbdd27fc700 1 --2- 172.21.15.194:0/1277687590 >> [v2:172.21.15.194:6800/1908214185,v1:172.21.15.194:6801/1908214185] conn(0x7fbdbc036790 0x7fbdbc038c40 unknown :-1 s=BANNER_CONNECTING pgs=0 cs=0 l=1 rev1=0 crypto rx=0 tx=0 comp rx=0 tx=0)._handle_peer_banner_payload supported=3 required=0
2024-02-19T16:32:11.171 INFO:teuthology.orchestra.run.smithi194.stdout:/usr/bin/ceph: stderr
2024-02-19T16:32:10.202+0000 7fbdd935b700 1 -- 172.21.15.194:0/1277687590 --> [v2:172.21.15.194:3300/0,v1:172.21.15.194:6789/0] -- mon_command({"prefix": "get_command_descriptions"} v 0) v1 -- 0x7fbdd405f5c0 con 0x7fbdd4076c60
2024-02-19T16:32:11.171 INFO:teuthology.orchestra.run.smithi194.stdout:/usr/bin/ceph: stderr
2024-02-19T16:32:10.203+0000 7fbdd27fc700 1 --2- 172.21.15.194:0/1277687590 >> [v2:172.21.15.194:6800/1908214185,v1:172.21.15.194:6801/1908214185] conn(0x7fbdbc036790 0x7fbdbc038c40 secure :-1 s=READY pgs=9 cs=0 l=1 rev1=1 crypto rx=0x7fbdc8009990 tx=0x7fbdc8006e40 comp rx=0 tx=0).ready entity=mgr.14120 client_cookie=0 server_cookie=0 in_seq=0 out_seq=0
2024-02-19T16:32:11.171 INFO:teuthology.orchestra.run.smithi194.stdout:/usr/bin/ceph: stderr
2024-02-19T16:32:10.207+0000 7fbdbb7fe700 1 -- 172.21.15.194:0/1277687590 <== mon.0 v2:172.21.15.194:3300/0 6 ==== mon_command_ack([{"prefix": "get_command_descriptions"}]=0 v0) v1 ==== 72+0+175031 (secure 0 0 0) 0x7fbdcc020080 con 0x7fbdd4076c60
2024-02-19T16:32:11.171 INFO:teuthology.orchestra.run.smithi194.stdout:/usr/bin/ceph: stderr
2024-02-19T16:32:10.388+0000 7fbdd935b700 1 -- 172.21.15.194:0/1277687590 --> [v2:172.21.15.194:6800/1908214185,v1:172.21.15.194:6801/1908214185] -- mgr_command(tid 0: {"prefix": "cephadm generate-key", "target": ["mon-mgr", ""]}) v1 -- 0x7fbdd40ff100 con 0x7fbdbc036790
2024-02-19T16:32:11.171 INFO:teuthology.orchestra.run.smithi194.stdout:/usr/bin/ceph: stderr
2024-02-19T16:32:10.537+0000 7fbdbb7fe700 1 -- 172.21.15.194:0/1277687590 <== mgr.14120 v2:172.21.15.194:6800/1908214185 1 ==== mgr_command_reply(tid 0: 0 ) v1 ==== 8+0+0 (secure 0 0 0) 0x7fbdd40ff100 con 0x7fbdbc036790
2024-02-19T16:32:11.171 INFO:teuthology.orchestra.run.smithi194.stdout:/usr/bin/ceph: stderr
2024-02-19T16:32:10.539+0000 7fbdd935b700 1 -- 172.21.15.194:0/1277687590 >> [v2:172.21.15.194:6800/1908214185,v1:172.21.15.194:6801/1908214185] conn(0x7fbdbc036790 msgr2=0x7fbdbc038c40 secure :-1 s=STATE_CONNECTION_ESTABLISHED l=1).mark_down
2024-02-19T16:32:11.171 INFO:teuthology.orchestra.run.smithi194.stdout:/usr/bin/ceph: stderr
2024-02-19T16:32:10.539+0000 7fbdd935b700 1 --2- 172.21.15.194:0/1277687590 >> [v2:172.21.15.194:6800/1908214185,v1:172.21.15.194:6801/1908214185] conn(0x7fbdbc036790 0x7fbdbc038c40 secure :-1 s=READY pgs=9 cs=0 l=1 rev1=1 crypto rx=0x7fbdc8009990 tx=0x7fbdc8006e40 comp rx=0 tx=0).stop
2024-02-19T16:32:11.171 INFO:teuthology.orchestra.run.smithi194.stdout:/usr/bin/ceph: stderr
2024-02-19T16:32:10.539+0000 7fbdd935b700 1 -- 172.21.15.194:0/1277687590 >> [v2:172.21.15.194:3300/0,v1:172.21.15.194:6789/0] conn(0x7fbdd4076c60 msgr2=0x7fbdd41115a0 secure :-1 s=STATE_CONNECTION_ESTABLISHED l=1).mark_down
2024-02-19T16:32:11.171 INFO:teuthology.orchestra.run.smithi194.stdout:/usr/bin/ceph: stderr
2024-02-19T16:32:10.539+0000 7fbdd935b700 1 --2- 172.21.15.194:0/1277687590 >> [v2:172.21.15.194:3300/0,v1:172.21.15.194:6789/0] conn(0x7fbdd4076c60 0x7fbdd41115a0 secure :-1 s=READY pgs=42 cs=0 l=1 rev1=1 crypto rx=0x7fbdcc009fd0 tx=0x7fbdcc009840 comp rx=0 tx=0).stop
2024-02-19T16:32:11.172 INFO:teuthology.orchestra.run.smithi194.stdout:/usr/bin/ceph: stderr
2024-02-19T16:32:10.539+0000 7fbdd935b700 1 -- 172.21.15.194:0/1277687590 shutdown_connections
2024-02-19T16:32:11.172 INFO:teuthology.orchestra.run.smithi194.stdout:/usr/bin/ceph: stderr
2024-02-19T16:32:10.539+0000 7fbdd935b700 1 --2- 172.21.15.194:0/1277687590 >> [v2:172.21.15.194:6800/1908214185,v1:172.21.15.194:6801/1908214185] conn(0x7fbdbc036790 0x7fbdbc038c40 unknown :-1 s=CLOSED pgs=9 cs=0 l=1 rev1=1 crypto rx=0 tx=0 comp rx=0 tx=0).stop
2024-02-19T16:32:11.172 INFO:teuthology.orchestra.run.smithi194.stdout:/usr/bin/ceph: stderr
2024-02-19T16:32:10.539+0000 7fbdd935b700 1 --2- 172.21.15.194:0/1277687590 >> [v2:172.21.15.194:3300/0,v1:172.21.15.194:6789/0] conn(0x7fbdd4076c60 0x7fbdd41115a0 unknown :-1 s=CLOSED pgs=42 cs=0 l=1 rev1=1 crypto rx=0 tx=0 comp rx=0 tx=0).stop
2024-02-19T16:32:11.172 INFO:teuthology.orchestra.run.smithi194.stdout:/usr/bin/ceph: stderr
2024-02-19T16:32:10.539+0000 7fbdd935b700 1 -- 172.21.15.194:0/1277687590 >> 172.21.15.194:0/1277687590 conn(0x7fbdd40fcdd0 msgr2=0x7fbdd40fe540 unknown :-1 s=STATE_NONE l=0).mark_down
2024-02-19T16:32:11.172 INFO:teuthology.orchestra.run.smithi194.stdout:/usr/bin/ceph: stderr
2024-02-19T16:32:10.539+0000 7fbdd935b700 1 -- 172.21.15.194:0/1277687590 shutdown_connections
2024-02-19T16:32:11.172 INFO:teuthology.orchestra.run.smithi194.stdout:/usr/bin/ceph: stderr
2024-02-19T16:32:10.539+0000 7fbdd935b700 1 -- 172.21.15.194:0/1277687590 wait complete.
2024-02-19T16:32:11.290 INFO:journalctl@ceph.mon.smithi194.smithi194.stdout:Feb 19 16:32:11 smithi194 ceph-mon[28865]: from='client.14136 -' entity='client.admin' cmd=[{"prefix": "cephadm generate-key", "target": ["mon-mgr", ""]}]: dispatch
2024-02-19T16:32:11.290 INFO:journalctl@ceph.mon.smithi194.smithi194.stdout:Feb 19 16:32:11 smithi194 ceph-mon[28865]: Generating ssh key...
2024-02-19T16:32:11.290 INFO:journalctl@ceph.mon.smithi194.smithi194.stdout:Feb 19 16:32:11 smithi194 ceph-mon[28865]: from='mgr.14120 172.21.15.194:0/242523735' entity='mgr.smithi194.tzsvdy'
2024-02-19T16:32:11.291 INFO:journalctl@ceph.mon.smithi194.smithi194.stdout:Feb 19 16:32:11 smithi194 ceph-mon[28865]: from='mgr.14120 172.21.15.194:0/242523735' entity='mgr.smithi194.tzsvdy'
2024-02-19T16:32:12.391 INFO:teuthology.orchestra.run.smithi194.stdout:/usr/bin/ceph: stdout ssh-rsa AAAAB3NzaC1yc2EAAAADAQABAAABgQDDP5hTKiVcONJhSnL8sNqDSGi9Ofp3lznHE4onkmtazKERHdUQmKgQYXOGEghzlFJzvmlCrcOSlJmnU1DvgOkSfkHOckrY0eEVGzHltOhDKLnJZuk4WViSxZaXhm7EpxQ2JN6gHIVVFEYGkVLCpSrVKcImQ1FCJLx0ltx/bQ9Iu4QoUtIPqbX7o7jCzyAgkRL1WNcPxE0PvGFKzpfpN7jbtS42vHj/hcoSUEPX5pGezzm4HRI+gU3h2aqwDNRgzknJuDRm7lLraWvT8DD6hXXQYqpCOC1MDKt1iPGqoCDvP126n+iN1fOB/AiN4oyRjSDjI06b97NbAGl1RBOzvqP3+AXfUsobQXzuti7VoRrTEjY7KUz8xZ0JOOeGmlaTG+n/LUjYBPoXd23/UE0OJ4uZL8teG5R8xJZaMlbnNyUL7+o24INzq+aps5Rl4iO6i9Vi6isSsJNBwtfXaSnjyesUEdRIhMZcApnFN0p8QYThmIvVISdKaYGLP/9SeEv914c= ceph-381a043c-cf44-11ee-95bb-87774f69a715
2024-02-19T16:32:12.391 INFO:teuthology.orchestra.run.smithi194.stdout:/usr/bin/ceph: stderr
2024-02-19T16:32:11.565+0000 7f98e907e700 1 Processor -- start
2024-02-19T16:32:12.391 INFO:teuthology.orchestra.run.smithi194.stdout:/usr/bin/ceph: stderr
2024-02-19T16:32:11.566+0000 7f98e907e700 1 -- start start
2024-02-19T16:32:12.391 INFO:teuthology.orchestra.run.smithi194.stdout:/usr/bin/ceph: stderr
2024-02-19T16:32:11.566+0000 7f98e907e700 1 --2- >> [v2:172.21.15.194:3300/0,v1:172.21.15.194:6789/0] conn(0x7f98e4076c20 0x7f98e4105380 unknown :-1 s=NONE pgs=0 cs=0 l=0 rev1=0 crypto rx=0 tx=0 comp rx=0 tx=0).connect
2024-02-19T16:32:12.391 INFO:teuthology.orchestra.run.smithi194.stdout:/usr/bin/ceph: stderr
2024-02-19T16:32:11.566+0000 7f98e907e700 1 -- --> [v2:172.21.15.194:3300/0,v1:172.21.15.194:6789/0] -- mon_getmap magic: 0 v1 -- 0x7f98e41058c0 con 0x7f98e4076c20
2024-02-19T16:32:12.391 INFO:teuthology.orchestra.run.smithi194.stdout:/usr/bin/ceph: stderr
2024-02-19T16:32:11.566+0000 7f98e2d9d700 1 --2- >> [v2:172.21.15.194:3300/0,v1:172.21.15.194:6789/0] conn(0x7f98e4076c20 0x7f98e4105380 unknown :-1 s=BANNER_CONNECTING pgs=0 cs=0 l=0 rev1=0 crypto rx=0 tx=0 comp rx=0 tx=0)._handle_peer_banner_payload supported=3 required=0
2024-02-19T16:32:12.391 INFO:teuthology.orchestra.run.smithi194.stdout:/usr/bin/ceph: stderr
2024-02-19T16:32:11.566+0000 7f98e2d9d700 1 --2- >> [v2:172.21.15.194:3300/0,v1:172.21.15.194:6789/0] conn(0x7f98e4076c20 0x7f98e4105380 unknown :-1 s=HELLO_CONNECTING pgs=0 cs=0 l=0 rev1=1 crypto rx=0 tx=0 comp rx=0 tx=0).handle_hello peer v2:172.21.15.194:3300/0 says I am v2:172.21.15.194:39220/0 (socket says 172.21.15.194:39220)
2024-02-19T16:32:12.391 INFO:teuthology.orchestra.run.smithi194.stdout:/usr/bin/ceph: stderr
2024-02-19T16:32:11.566+0000 7f98e2d9d700 1 -- 172.21.15.194:0/3215151160 learned_addr learned my addr 172.21.15.194:0/3215151160 (peer_addr_for_me v2:172.21.15.194:0/0)
2024-02-19T16:32:12.391 INFO:teuthology.orchestra.run.smithi194.stdout:/usr/bin/ceph: stderr
2024-02-19T16:32:11.566+0000 7f98e2d9d700 1 -- 172.21.15.194:0/3215151160 --> [v2:172.21.15.194:3300/0,v1:172.21.15.194:6789/0] -- mon_subscribe({config=0+,monmap=0+}) v3 -- 0x7f98e4105a00 con 0x7f98e4076c20
2024-02-19T16:32:12.391 INFO:teuthology.orchestra.run.smithi194.stdout:/usr/bin/ceph: stderr
2024-02-19T16:32:11.566+0000 7f98e2d9d700 1 --2- 172.21.15.194:0/3215151160 >> [v2:172.21.15.194:3300/0,v1:172.21.15.194:6789/0] conn(0x7f98e4076c20 0x7f98e4105380 secure :-1 s=READY pgs=43 cs=0 l=1 rev1=1 crypto rx=0x7f98d80098e0 tx=0x7f98d8009250 comp rx=0 tx=0).ready entity=mon.0 client_cookie=b783acb8ed7561e8 server_cookie=0 in_seq=0 out_seq=0
2024-02-19T16:32:12.392 INFO:teuthology.orchestra.run.smithi194.stdout:/usr/bin/ceph: stderr
2024-02-19T16:32:11.567+0000 7f98e1d9b700 1 -- 172.21.15.194:0/3215151160 <== mon.0 v2:172.21.15.194:3300/0 1 ==== mon_map magic: 0 v1 ==== 229+0+0 (secure 0 0 0) 0x7f98d800b860 con 0x7f98e4076c20
2024-02-19T16:32:12.392 INFO:teuthology.orchestra.run.smithi194.stdout:/usr/bin/ceph: stderr
2024-02-19T16:32:11.567+0000 7f98e1d9b700 1 -- 172.21.15.194:0/3215151160 <== mon.0 v2:172.21.15.194:3300/0 2 ==== config(27 keys) v1 ==== 1044+0+0 (secure 0 0 0) 0x7f98d800be50 con 0x7f98e4076c20
2024-02-19T16:32:12.392 INFO:teuthology.orchestra.run.smithi194.stdout:/usr/bin/ceph: stderr
2024-02-19T16:32:11.567+0000 7f98e1d9b700 1 -- 172.21.15.194:0/3215151160 <== mon.0 v2:172.21.15.194:3300/0 3 ==== mon_map magic: 0 v1 ==== 229+0+0 (secure 0 0 0) 0x7f98d8010380 con 0x7f98e4076c20
2024-02-19T16:32:12.392 INFO:teuthology.orchestra.run.smithi194.stdout:/usr/bin/ceph: stderr
2024-02-19T16:32:11.567+0000 7f98e907e700 1 -- 172.21.15.194:0/3215151160 >> [v2:172.21.15.194:3300/0,v1:172.21.15.194:6789/0] conn(0x7f98e4076c20 msgr2=0x7f98e4105380 secure :-1 s=STATE_CONNECTION_ESTABLISHED l=1).mark_down
2024-02-19T16:32:12.392 INFO:teuthology.orchestra.run.smithi194.stdout:/usr/bin/ceph: stderr
2024-02-19T16:32:11.567+0000 7f98e907e700 1 --2- 172.21.15.194:0/3215151160 >> [v2:172.21.15.194:3300/0,v1:172.21.15.194:6789/0] conn(0x7f98e4076c20 0x7f98e4105380 secure :-1 s=READY pgs=43 cs=0 l=1 rev1=1 crypto rx=0x7f98d80098e0 tx=0x7f98d8009250 comp rx=0 tx=0).stop
2024-02-19T16:32:12.392 INFO:teuthology.orchestra.run.smithi194.stdout:/usr/bin/ceph: stderr
2024-02-19T16:32:11.567+0000 7f98e907e700 1 -- 172.21.15.194:0/3215151160 shutdown_connections
2024-02-19T16:32:12.392 INFO:teuthology.orchestra.run.smithi194.stdout:/usr/bin/ceph: stderr
2024-02-19T16:32:11.567+0000 7f98e907e700 1 --2- 172.21.15.194:0/3215151160 >> [v2:172.21.15.194:3300/0,v1:172.21.15.194:6789/0] conn(0x7f98e4076c20 0x7f98e4105380 unknown :-1 s=CLOSED pgs=43 cs=0 l=1 rev1=1 crypto rx=0 tx=0 comp rx=0 tx=0).stop
2024-02-19T16:32:12.392 INFO:teuthology.orchestra.run.smithi194.stdout:/usr/bin/ceph: stderr
2024-02-19T16:32:11.567+0000 7f98e907e700 1 -- 172.21.15.194:0/3215151160 >> 172.21.15.194:0/3215151160 conn(0x7f98e40fcdd0 msgr2=0x7f98e40ff200 unknown :-1 s=STATE_NONE l=0).mark_down
2024-02-19T16:32:12.392 INFO:teuthology.orchestra.run.smithi194.stdout:/usr/bin/ceph: stderr
2024-02-19T16:32:11.567+0000 7f98e907e700 1 -- 172.21.15.194:0/3215151160 shutdown_connections
2024-02-19T16:32:12.392 INFO:teuthology.orchestra.run.smithi194.stdout:/usr/bin/ceph: stderr
2024-02-19T16:32:11.567+0000 7f98e907e700 1 -- 172.21.15.194:0/3215151160 wait complete.
2024-02-19T16:32:12.392 INFO:teuthology.orchestra.run.smithi194.stdout:/usr/bin/ceph: stderr
2024-02-19T16:32:11.568+0000 7f98e907e700 1 Processor -- start
2024-02-19T16:32:12.392 INFO:teuthology.orchestra.run.smithi194.stdout:/usr/bin/ceph: stderr
2024-02-19T16:32:11.568+0000 7f98e907e700 1 -- start start
2024-02-19T16:32:12.392 INFO:teuthology.orchestra.run.smithi194.stdout:/usr/bin/ceph: stderr
2024-02-19T16:32:11.568+0000 7f98e907e700 1 --2- >> [v2:172.21.15.194:3300/0,v1:172.21.15.194:6789/0] conn(0x7f98e4076c20 0x7f98e4111830 unknown :-1 s=NONE pgs=0 cs=0 l=1 rev1=0 crypto rx=0 tx=0 comp rx=0 tx=0).connect
2024-02-19T16:32:12.393 INFO:teuthology.orchestra.run.smithi194.stdout:/usr/bin/ceph: stderr
2024-02-19T16:32:11.568+0000 7f98e907e700 1 -- --> [v2:172.21.15.194:3300/0,v1:172.21.15.194:6789/0] -- mon_getmap magic: 0 v1 -- 0x7f98e4111d70 con 0x7f98e4076c20
2024-02-19T16:32:12.393 INFO:teuthology.orchestra.run.smithi194.stdout:/usr/bin/ceph: stderr
2024-02-19T16:32:11.568+0000 7f98e2d9d700 1 --2- >> [v2:172.21.15.194:3300/0,v1:172.21.15.194:6789/0] conn(0x7f98e4076c20 0x7f98e4111830 unknown :-1 s=BANNER_CONNECTING pgs=0 cs=0 l=1 rev1=0 crypto rx=0 tx=0 comp rx=0 tx=0)._handle_peer_banner_payload supported=3 required=0
2024-02-19T16:32:12.393 INFO:teuthology.orchestra.run.smithi194.stdout:/usr/bin/ceph: stderr
2024-02-19T16:32:11.568+0000 7f98e2d9d700 1 --2- >> [v2:172.21.15.194:3300/0,v1:172.21.15.194:6789/0] conn(0x7f98e4076c20 0x7f98e4111830 unknown :-1 s=HELLO_CONNECTING pgs=0 cs=0 l=1 rev1=1 crypto rx=0 tx=0 comp rx=0 tx=0).handle_hello peer v2:172.21.15.194:3300/0 says I am v2:172.21.15.194:39222/0 (socket says 172.21.15.194:39222)
2024-02-19T16:32:12.393 INFO:teuthology.orchestra.run.smithi194.stdout:/usr/bin/ceph: stderr
2024-02-19T16:32:11.568+0000 7f98e2d9d700 1 -- 172.21.15.194:0/1339821271 learned_addr learned my addr 172.21.15.194:0/1339821271 (peer_addr_for_me v2:172.21.15.194:0/0)
2024-02-19T16:32:12.393 INFO:teuthology.orchestra.run.smithi194.stdout:/usr/bin/ceph: stderr
2024-02-19T16:32:11.569+0000 7f98e2d9d700 1 -- 172.21.15.194:0/1339821271 --> [v2:172.21.15.194:3300/0,v1:172.21.15.194:6789/0] -- mon_subscribe({config=0+,monmap=0+}) v3 -- 0x7f98d80094f0 con 0x7f98e4076c20
2024-02-19T16:32:12.393 INFO:teuthology.orchestra.run.smithi194.stdout:/usr/bin/ceph: stderr
2024-02-19T16:32:11.569+0000 7f98e2d9d700 1 --2- 172.21.15.194:0/1339821271 >> [v2:172.21.15.194:3300/0,v1:172.21.15.194:6789/0] conn(0x7f98e4076c20 0x7f98e4111830 secure :-1 s=READY pgs=44 cs=0 l=1 rev1=1 crypto rx=0x7f98d800b440 tx=0x7f98d8009250 comp rx=0 tx=0).ready entity=mon.0 client_cookie=0 server_cookie=0 in_seq=0 out_seq=0
2024-02-19T16:32:12.393 INFO:teuthology.orchestra.run.smithi194.stdout:/usr/bin/ceph: stderr
2024-02-19T16:32:11.569+0000 7f98cb7fe700 1 -- 172.21.15.194:0/1339821271 <== mon.0 v2:172.21.15.194:3300/0 1 ==== mon_map magic: 0 v1 ==== 229+0+0 (secure 0 0 0) 0x7f98d80107c0 con 0x7f98e4076c20
2024-02-19T16:32:12.393 INFO:teuthology.orchestra.run.smithi194.stdout:/usr/bin/ceph: stderr
2024-02-19T16:32:11.569+0000 7f98cb7fe700 1 -- 172.21.15.194:0/1339821271 <== mon.0 v2:172.21.15.194:3300/0 2 ==== config(27 keys) v1 ==== 1044+0+0 (secure 0 0 0) 0x7f98d8010db0 con 0x7f98e4076c20
2024-02-19T16:32:12.393 INFO:teuthology.orchestra.run.smithi194.stdout:/usr/bin/ceph: stderr
2024-02-19T16:32:11.569+0000 7f98e907e700 1 -- 172.21.15.194:0/1339821271 --> [v2:172.21.15.194:3300/0,v1:172.21.15.194:6789/0] -- mon_subscribe({mgrmap=0+}) v3 -- 0x7f98e4111f70 con 0x7f98e4076c20
2024-02-19T16:32:12.393 INFO:teuthology.orchestra.run.smithi194.stdout:/usr/bin/ceph: stderr
2024-02-19T16:32:11.569+0000 7f98cb7fe700 1 -- 172.21.15.194:0/1339821271 <== mon.0 v2:172.21.15.194:3300/0 3 ==== mon_map magic: 0 v1 ==== 229+0+0 (secure 0 0 0) 0x7f98d801ad30 con 0x7f98e4076c20
2024-02-19T16:32:12.393 INFO:teuthology.orchestra.run.smithi194.stdout:/usr/bin/ceph: stderr
2024-02-19T16:32:11.569+0000 7f98e907e700 1 -- 172.21.15.194:0/1339821271 --> [v2:172.21.15.194:3300/0,v1:172.21.15.194:6789/0] -- mon_subscribe({osdmap=0}) v3 -- 0x7f98e4112c10 con 0x7f98e4076c20
2024-02-19T16:32:12.393 INFO:teuthology.orchestra.run.smithi194.stdout:/usr/bin/ceph: stderr
2024-02-19T16:32:11.570+0000 7f98cb7fe700 1 -- 172.21.15.194:0/1339821271 <== mon.0 v2:172.21.15.194:3300/0 4 ==== mgrmap(e 8) v1 ==== 43368+0+0 (secure 0 0 0) 0x7f98d802e440 con 0x7f98e4076c20
2024-02-19T16:32:12.393 INFO:teuthology.orchestra.run.smithi194.stdout:/usr/bin/ceph: stderr
2024-02-19T16:32:11.570+0000 7f98e907e700 1 -- 172.21.15.194:0/1339821271 --> [v2:172.21.15.194:3300/0,v1:172.21.15.194:6789/0] -- mon_command({"prefix": "get_command_descriptions"} v 0) v1 -- 0x7f98e405f5c0 con 0x7f98e4076c20
2024-02-19T16:32:12.393 INFO:teuthology.orchestra.run.smithi194.stdout:/usr/bin/ceph: stderr
2024-02-19T16:32:11.570+0000 7f98cb7fe700 1 --2- 172.21.15.194:0/1339821271 >> [v2:172.21.15.194:6800/1908214185,v1:172.21.15.194:6801/1908214185] conn(0x7f98cc0367e0 0x7f98cc038c90 unknown :-1 s=NONE pgs=0 cs=0 l=1 rev1=0 crypto rx=0 tx=0 comp rx=0 tx=0).connect
2024-02-19T16:32:12.393 INFO:teuthology.orchestra.run.smithi194.stdout:/usr/bin/ceph: stderr
2024-02-19T16:32:11.570+0000 7f98cb7fe700 1 -- 172.21.15.194:0/1339821271 <== mon.0 v2:172.21.15.194:3300/0 5 ==== osd_map(2..2 src has 1..2) v4 ==== 936+0+0 (secure 0 0 0) 0x7f98d804ac30 con 0x7f98e4076c20
2024-02-19T16:32:12.394 INFO:teuthology.orchestra.run.smithi194.stdout:/usr/bin/ceph: stderr
2024-02-19T16:32:11.570+0000 7f98e259c700 1 --2- 172.21.15.194:0/1339821271 >> [v2:172.21.15.194:6800/1908214185,v1:172.21.15.194:6801/1908214185] conn(0x7f98cc0367e0 0x7f98cc038c90 unknown :-1 s=BANNER_CONNECTING pgs=0 cs=0 l=1 rev1=0 crypto rx=0 tx=0 comp rx=0 tx=0)._handle_peer_banner_payload supported=3 required=0
2024-02-19T16:32:12.394 INFO:teuthology.orchestra.run.smithi194.stdout:/usr/bin/ceph: stderr
2024-02-19T16:32:11.570+0000 7f98e259c700 1 --2- 172.21.15.194:0/1339821271 >> [v2:172.21.15.194:6800/1908214185,v1:172.21.15.194:6801/1908214185] conn(0x7f98cc0367e0 0x7f98cc038c90 secure :-1 s=READY pgs=10 cs=0 l=1 rev1=1 crypto rx=0x7f98d4009990 tx=0x7f98d4006e40 comp rx=0 tx=0).ready entity=mgr.14120 client_cookie=0 server_cookie=0 in_seq=0 out_seq=0
2024-02-19T16:32:12.394 INFO:teuthology.orchestra.run.smithi194.stdout:/usr/bin/ceph: stderr
2024-02-19T16:32:11.575+0000 7f98cb7fe700 1 -- 172.21.15.194:0/1339821271 <== mon.0 v2:172.21.15.194:3300/0 6 ==== mon_command_ack([{"prefix": "get_command_descriptions"}]=0 v0) v1 ==== 72+0+175031 (secure 0 0 0) 0x7f98d80243f0 con 0x7f98e4076c20
2024-02-19T16:32:12.394 INFO:teuthology.orchestra.run.smithi194.stdout:/usr/bin/ceph: stderr
2024-02-19T16:32:11.759+0000 7f98e907e700 1 -- 172.21.15.194:0/1339821271 --> [v2:172.21.15.194:6800/1908214185,v1:172.21.15.194:6801/1908214185] -- mgr_command(tid 0: {"prefix": "cephadm get-pub-key", "target": ["mon-mgr", ""]}) v1 -- 0x7f98e4106920 con 0x7f98cc0367e0
2024-02-19T16:32:12.394 INFO:teuthology.orchestra.run.smithi194.stdout:/usr/bin/ceph: stderr
2024-02-19T16:32:11.760+0000 7f98cb7fe700 1 -- 172.21.15.194:0/1339821271 <== mgr.14120 v2:172.21.15.194:6800/1908214185 1 ==== mgr_command_reply(tid 0: 0 ) v1 ==== 8+0+595 (secure 0 0 0) 0x7f98e4106920 con 0x7f98cc0367e0
2024-02-19T16:32:12.394 INFO:teuthology.orchestra.run.smithi194.stdout:/usr/bin/ceph: stderr
2024-02-19T16:32:11.762+0000 7f98e907e700 1 -- 172.21.15.194:0/1339821271 >> [v2:172.21.15.194:6800/1908214185,v1:172.21.15.194:6801/1908214185] conn(0x7f98cc0367e0 msgr2=0x7f98cc038c90 secure :-1 s=STATE_CONNECTION_ESTABLISHED l=1).mark_down
2024-02-19T16:32:12.394 INFO:teuthology.orchestra.run.smithi194.stdout:/usr/bin/ceph: stderr
2024-02-19T16:32:11.762+0000 7f98e907e700 1 --2- 172.21.15.194:0/1339821271 >> [v2:172.21.15.194:6800/1908214185,v1:172.21.15.194:6801/1908214185] conn(0x7f98cc0367e0 0x7f98cc038c90 secure :-1 s=READY pgs=10 cs=0 l=1 rev1=1 crypto rx=0x7f98d4009990 tx=0x7f98d4006e40 comp rx=0 tx=0).stop
2024-02-19T16:32:12.394 INFO:teuthology.orchestra.run.smithi194.stdout:/usr/bin/ceph: stderr
2024-02-19T16:32:11.762+0000 7f98e907e700 1 -- 172.21.15.194:0/1339821271 >> [v2:172.21.15.194:3300/0,v1:172.21.15.194:6789/0] conn(0x7f98e4076c20 msgr2=0x7f98e4111830 secure :-1 s=STATE_CONNECTION_ESTABLISHED l=1).mark_down
2024-02-19T16:32:12.394 INFO:teuthology.orchestra.run.smithi194.stdout:/usr/bin/ceph: stderr
2024-02-19T16:32:11.762+0000 7f98e907e700 1 --2- 172.21.15.194:0/1339821271 >> [v2:172.21.15.194:3300/0,v1:172.21.15.194:6789/0] conn(0x7f98e4076c20 0x7f98e4111830 secure :-1 s=READY pgs=44 cs=0 l=1 rev1=1 crypto rx=0x7f98d800b440 tx=0x7f98d8009250 comp rx=0 tx=0).stop
2024-02-19T16:32:12.394 INFO:teuthology.orchestra.run.smithi194.stdout:/usr/bin/ceph: stderr
2024-02-19T16:32:11.762+0000 7f98e907e700 1 -- 172.21.15.194:0/1339821271 shutdown_connections
2024-02-19T16:32:12.394 INFO:teuthology.orchestra.run.smithi194.stdout:/usr/bin/ceph: stderr
2024-02-19T16:32:11.762+0000 7f98e907e700 1 --2- 172.21.15.194:0/1339821271 >> [v2:172.21.15.194:6800/1908214185,v1:172.21.15.194:6801/1908214185] conn(0x7f98cc0367e0 0x7f98cc038c90 unknown :-1 s=CLOSED pgs=10 cs=0 l=1 rev1=1 crypto rx=0 tx=0 comp rx=0 tx=0).stop
2024-02-19T16:32:12.394 INFO:teuthology.orchestra.run.smithi194.stdout:/usr/bin/ceph: stderr
2024-02-19T16:32:11.762+0000 7f98e907e700 1 --2- 172.21.15.194:0/1339821271 >> [v2:172.21.15.194:3300/0,v1:172.21.15.194:6789/0] conn(0x7f98e4076c20 0x7f98e4111830 unknown :-1 s=CLOSED pgs=44 cs=0 l=1 rev1=1 crypto rx=0 tx=0 comp rx=0 tx=0).stop
2024-02-19T16:32:12.394 INFO:teuthology.orchestra.run.smithi194.stdout:/usr/bin/ceph: stderr
2024-02-19T16:32:11.762+0000 7f98e907e700 1 -- 172.21.15.194:0/1339821271 >> 172.21.15.194:0/1339821271 conn(0x7f98e40fcdd0 msgr2=0x7f98e40fdd90 unknown :-1 s=STATE_NONE l=0).mark_down
2024-02-19T16:32:12.394 INFO:teuthology.orchestra.run.smithi194.stdout:/usr/bin/ceph: stderr
2024-02-19T16:32:11.762+0000 7f98e907e700 1 -- 172.21.15.194:0/1339821271 shutdown_connections
2024-02-19T16:32:12.395 INFO:teuthology.orchestra.run.smithi194.stdout:/usr/bin/ceph: stderr
2024-02-19T16:32:11.762+0000 7f98e907e700 1 -- 172.21.15.194:0/1339821271 wait complete.
2024-02-19T16:32:12.395 INFO:teuthology.orchestra.run.smithi194.stdout:Wrote public SSH key to /home/ubuntu/cephtest/ceph.pub
2024-02-19T16:32:12.395 INFO:teuthology.orchestra.run.smithi194.stdout:Adding key to root@localhost authorized_keys...
2024-02-19T16:32:12.395 INFO:teuthology.orchestra.run.smithi194.stdout:Adding host smithi194...
2024-02-19T16:32:12.625 INFO:journalctl@ceph.mon.smithi194.smithi194.stdout:Feb 19 16:32:12 smithi194 ceph-mon[28865]: from='client.14138 -' entity='client.admin' cmd=[{"prefix": "cephadm get-pub-key", "target": ["mon-mgr", ""]}]: dispatch
2024-02-19T16:32:13.611 INFO:journalctl@ceph.mon.smithi194.smithi194.stdout:Feb 19 16:32:13 smithi194 ceph-mon[28865]: from='client.14140 -' entity='client.admin' cmd=[{"prefix": "orch host add", "hostname": "smithi194", "addr": "172.21.15.194", "target": ["mon-mgr", ""]}]: dispatch
2024-02-19T16:32:14.733 INFO:journalctl@ceph.mon.smithi194.smithi194.stdout:Feb 19 16:32:14 smithi194 ceph-mon[28865]: Deploying cephadm binary to smithi194
2024-02-19T16:32:15.640 INFO:teuthology.orchestra.run.smithi194.stdout:/usr/bin/ceph: stdout Added host 'smithi194' with addr '172.21.15.194'
2024-02-19T16:32:15.640 INFO:teuthology.orchestra.run.smithi194.stdout:/usr/bin/ceph: stderr
2024-02-19T16:32:12.822+0000 7f96934fb700 1 Processor -- start
2024-02-19T16:32:15.640 INFO:teuthology.orchestra.run.smithi194.stdout:/usr/bin/ceph: stderr
2024-02-19T16:32:12.822+0000 7f96934fb700 1 -- start start
2024-02-19T16:32:15.640 INFO:teuthology.orchestra.run.smithi194.stdout:/usr/bin/ceph: stderr
2024-02-19T16:32:12.822+0000 7f96934fb700 1 --2- >> [v2:172.21.15.194:3300/0,v1:172.21.15.194:6789/0] conn(0x7f968c076c20 0x7f968c107780 unknown :-1 s=NONE pgs=0 cs=0 l=0 rev1=0 crypto rx=0 tx=0 comp rx=0 tx=0).connect
2024-02-19T16:32:15.640 INFO:teuthology.orchestra.run.smithi194.stdout:/usr/bin/ceph: stderr
2024-02-19T16:32:12.822+0000 7f96934fb700 1 -- --> [v2:172.21.15.194:3300/0,v1:172.21.15.194:6789/0] -- mon_getmap magic: 0 v1 -- 0x7f968c103170 con 0x7f968c076c20
2024-02-19T16:32:15.641 INFO:teuthology.orchestra.run.smithi194.stdout:/usr/bin/ceph: stderr
2024-02-19T16:32:12.822+0000 7f9691297700 1 --2- >> [v2:172.21.15.194:3300/0,v1:172.21.15.194:6789/0] conn(0x7f968c076c20 0x7f968c107780 unknown :-1 s=BANNER_CONNECTING pgs=0 cs=0 l=0 rev1=0 crypto rx=0 tx=0 comp rx=0 tx=0)._handle_peer_banner_payload supported=3 required=0
2024-02-19T16:32:15.641 INFO:teuthology.orchestra.run.smithi194.stdout:/usr/bin/ceph: stderr
2024-02-19T16:32:12.822+0000 7f9691297700 1 --2- >> [v2:172.21.15.194:3300/0,v1:172.21.15.194:6789/0] conn(0x7f968c076c20 0x7f968c107780 unknown :-1 s=HELLO_CONNECTING pgs=0 cs=0 l=0 rev1=1 crypto rx=0 tx=0 comp rx=0 tx=0).handle_hello peer v2:172.21.15.194:3300/0 says I am v2:172.21.15.194:39236/0 (socket says 172.21.15.194:39236)
2024-02-19T16:32:15.641 INFO:teuthology.orchestra.run.smithi194.stdout:/usr/bin/ceph: stderr
2024-02-19T16:32:12.822+0000 7f9691297700 1 -- 172.21.15.194:0/2112490924 learned_addr learned my addr 172.21.15.194:0/2112490924 (peer_addr_for_me v2:172.21.15.194:0/0)
2024-02-19T16:32:15.641 INFO:teuthology.orchestra.run.smithi194.stdout:/usr/bin/ceph: stderr
2024-02-19T16:32:12.823+0000 7f9691297700 1 -- 172.21.15.194:0/2112490924 --> [v2:172.21.15.194:3300/0,v1:172.21.15.194:6789/0] -- mon_subscribe({config=0+,monmap=0+}) v3 -- 0x7f968c107cc0 con 0x7f968c076c20
2024-02-19T16:32:15.641 INFO:teuthology.orchestra.run.smithi194.stdout:/usr/bin/ceph: stderr
2024-02-19T16:32:12.823+0000 7f9691297700 1 --2- 172.21.15.194:0/2112490924 >> [v2:172.21.15.194:3300/0,v1:172.21.15.194:6789/0] conn(0x7f968c076c20 0x7f968c107780 secure :-1 s=READY pgs=45 cs=0 l=1 rev1=1 crypto rx=0x7f96880098e0 tx=0x7f9688009250 comp rx=0 tx=0).ready entity=mon.0 client_cookie=b06c05aa4622a4f1 server_cookie=0 in_seq=0 out_seq=0
2024-02-19T16:32:15.641 INFO:teuthology.orchestra.run.smithi194.stdout:/usr/bin/ceph: stderr
2024-02-19T16:32:12.823+0000 7f9683fff700 1 -- 172.21.15.194:0/2112490924 <== mon.0 v2:172.21.15.194:3300/0 1 ==== mon_map magic: 0 v1 ==== 229+0+0 (secure 0 0 0) 0x7f968800b860 con 0x7f968c076c20
2024-02-19T16:32:15.641 INFO:teuthology.orchestra.run.smithi194.stdout:/usr/bin/ceph: stderr
2024-02-19T16:32:12.823+0000 7f9683fff700 1 -- 172.21.15.194:0/2112490924 <== mon.0 v2:172.21.15.194:3300/0 2 ==== config(27 keys) v1 ==== 1044+0+0 (secure 0 0 0) 0x7f968800be50 con 0x7f968c076c20
2024-02-19T16:32:15.641 INFO:teuthology.orchestra.run.smithi194.stdout:/usr/bin/ceph: stderr
2024-02-19T16:32:12.823+0000 7f9683fff700 1 -- 172.21.15.194:0/2112490924 <== mon.0 v2:172.21.15.194:3300/0 3 ==== mon_map magic: 0 v1 ==== 229+0+0 (secure 0 0 0) 0x7f9688010380 con 0x7f968c076c20
2024-02-19T16:32:15.641 INFO:teuthology.orchestra.run.smithi194.stdout:/usr/bin/ceph: stderr
2024-02-19T16:32:12.823+0000 7f96934fb700 1 -- 172.21.15.194:0/2112490924 >> [v2:172.21.15.194:3300/0,v1:172.21.15.194:6789/0] conn(0x7f968c076c20 msgr2=0x7f968c107780 secure :-1 s=STATE_CONNECTION_ESTABLISHED l=1).mark_down
2024-02-19T16:32:15.641 INFO:teuthology.orchestra.run.smithi194.stdout:/usr/bin/ceph: stderr
2024-02-19T16:32:12.823+0000 7f96934fb700 1 --2- 172.21.15.194:0/2112490924 >> [v2:172.21.15.194:3300/0,v1:172.21.15.194:6789/0] conn(0x7f968c076c20 0x7f968c107780 secure :-1 s=READY pgs=45 cs=0 l=1 rev1=1 crypto rx=0x7f96880098e0 tx=0x7f9688009250 comp rx=0 tx=0).stop
2024-02-19T16:32:15.641 INFO:teuthology.orchestra.run.smithi194.stdout:/usr/bin/ceph: stderr
2024-02-19T16:32:12.824+0000 7f96934fb700 1 -- 172.21.15.194:0/2112490924 shutdown_connections
2024-02-19T16:32:15.641 INFO:teuthology.orchestra.run.smithi194.stdout:/usr/bin/ceph: stderr
2024-02-19T16:32:12.824+0000 7f96934fb700 1 --2- 172.21.15.194:0/2112490924 >> [v2:172.21.15.194:3300/0,v1:172.21.15.194:6789/0] conn(0x7f968c076c20 0x7f968c107780 unknown :-1 s=CLOSED pgs=45 cs=0 l=1 rev1=1 crypto rx=0 tx=0 comp rx=0 tx=0).stop
2024-02-19T16:32:15.641 INFO:teuthology.orchestra.run.smithi194.stdout:/usr/bin/ceph: stderr
2024-02-19T16:32:12.824+0000 7f96934fb700 1 -- 172.21.15.194:0/2112490924 >> 172.21.15.194:0/2112490924 conn(0x7f968c0fcdd0 msgr2=0x7f968c0ff200 unknown :-1 s=STATE_NONE l=0).mark_down
2024-02-19T16:32:15.641 INFO:teuthology.orchestra.run.smithi194.stdout:/usr/bin/ceph: stderr
2024-02-19T16:32:12.824+0000 7f96934fb700 1 -- 172.21.15.194:0/2112490924 shutdown_connections
2024-02-19T16:32:15.641 INFO:teuthology.orchestra.run.smithi194.stdout:/usr/bin/ceph: stderr
2024-02-19T16:32:12.824+0000 7f96934fb700 1 -- 172.21.15.194:0/2112490924 wait complete.
2024-02-19T16:32:15.642 INFO:teuthology.orchestra.run.smithi194.stdout:/usr/bin/ceph: stderr
2024-02-19T16:32:12.824+0000 7f96934fb700 1 Processor -- start
2024-02-19T16:32:15.642 INFO:teuthology.orchestra.run.smithi194.stdout:/usr/bin/ceph: stderr
2024-02-19T16:32:12.824+0000 7f96934fb700 1 -- start start
2024-02-19T16:32:15.642 INFO:teuthology.orchestra.run.smithi194.stdout:/usr/bin/ceph: stderr
2024-02-19T16:32:12.824+0000 7f96934fb700 1 --2- >> [v2:172.21.15.194:3300/0,v1:172.21.15.194:6789/0] conn(0x7f968c076c20 0x7f968c113a30 unknown :-1 s=NONE pgs=0 cs=0 l=1 rev1=0 crypto rx=0 tx=0 comp rx=0 tx=0).connect
2024-02-19T16:32:15.642 INFO:teuthology.orchestra.run.smithi194.stdout:/usr/bin/ceph: stderr
2024-02-19T16:32:12.824+0000 7f96934fb700 1 -- --> [v2:172.21.15.194:3300/0,v1:172.21.15.194:6789/0] -- mon_getmap magic: 0 v1 -- 0x7f968c113f70 con 0x7f968c076c20
2024-02-19T16:32:15.642 INFO:teuthology.orchestra.run.smithi194.stdout:/usr/bin/ceph: stderr
2024-02-19T16:32:12.824+0000 7f9691297700 1 --2- >> [v2:172.21.15.194:3300/0,v1:172.21.15.194:6789/0] conn(0x7f968c076c20 0x7f968c113a30 unknown :-1 s=BANNER_CONNECTING pgs=0 cs=0 l=1 rev1=0 crypto rx=0 tx=0 comp rx=0 tx=0)._handle_peer_banner_payload supported=3 required=0
2024-02-19T16:32:15.642 INFO:teuthology.orchestra.run.smithi194.stdout:/usr/bin/ceph: stderr
2024-02-19T16:32:12.824+0000 7f9691297700 1 --2- >> [v2:172.21.15.194:3300/0,v1:172.21.15.194:6789/0] conn(0x7f968c076c20 0x7f968c113a30 unknown :-1 s=HELLO_CONNECTING pgs=0 cs=0 l=1 rev1=1 crypto rx=0 tx=0 comp rx=0 tx=0).handle_hello peer v2:172.21.15.194:3300/0 says I am v2:172.21.15.194:39248/0 (socket says 172.21.15.194:39248)
2024-02-19T16:32:15.642 INFO:teuthology.orchestra.run.smithi194.stdout:/usr/bin/ceph: stderr
2024-02-19T16:32:12.824+0000 7f9691297700 1 -- 172.21.15.194:0/4142546677 learned_addr learned my addr 172.21.15.194:0/4142546677 (peer_addr_for_me v2:172.21.15.194:0/0)
2024-02-19T16:32:15.642 INFO:teuthology.orchestra.run.smithi194.stdout:/usr/bin/ceph: stderr
2024-02-19T16:32:12.825+0000 7f9691297700 1 -- 172.21.15.194:0/4142546677 --> [v2:172.21.15.194:3300/0,v1:172.21.15.194:6789/0] -- mon_subscribe({config=0+,monmap=0+}) v3 -- 0x7f96880094f0 con 0x7f968c076c20
2024-02-19T16:32:15.642 INFO:teuthology.orchestra.run.smithi194.stdout:/usr/bin/ceph: stderr
2024-02-19T16:32:12.825+0000 7f9691297700 1 --2- 172.21.15.194:0/4142546677 >> [v2:172.21.15.194:3300/0,v1:172.21.15.194:6789/0] conn(0x7f968c076c20 0x7f968c113a30 secure :-1 s=READY pgs=46 cs=0 l=1 rev1=1 crypto rx=0x7f968800b440 tx=0x7f9688009250 comp rx=0 tx=0).ready entity=mon.0 client_cookie=0 server_cookie=0 in_seq=0 out_seq=0
2024-02-19T16:32:15.642 INFO:teuthology.orchestra.run.smithi194.stdout:/usr/bin/ceph: stderr
2024-02-19T16:32:12.825+0000 7f9681ffb700 1 -- 172.21.15.194:0/4142546677 <== mon.0 v2:172.21.15.194:3300/0 1 ==== mon_map magic: 0 v1 ==== 229+0+0 (secure 0 0 0) 0x7f96880107c0 con 0x7f968c076c20
2024-02-19T16:32:15.642 INFO:teuthology.orchestra.run.smithi194.stdout:/usr/bin/ceph: stderr
2024-02-19T16:32:12.825+0000 7f9681ffb700 1 -- 172.21.15.194:0/4142546677 <== mon.0 v2:172.21.15.194:3300/0 2 ==== config(27 keys) v1 ==== 1044+0+0 (secure 0 0 0) 0x7f9688010db0 con 0x7f968c076c20
2024-02-19T16:32:15.642 INFO:teuthology.orchestra.run.smithi194.stdout:/usr/bin/ceph: stderr
2024-02-19T16:32:12.825+0000 7f96934fb700 1 -- 172.21.15.194:0/4142546677 --> [v2:172.21.15.194:3300/0,v1:172.21.15.194:6789/0] -- mon_subscribe({mgrmap=0+}) v3 -- 0x7f968c114170 con 0x7f968c076c20
2024-02-19T16:32:15.642 INFO:teuthology.orchestra.run.smithi194.stdout:/usr/bin/ceph: stderr
2024-02-19T16:32:12.825+0000 7f9681ffb700 1 -- 172.21.15.194:0/4142546677 <== mon.0 v2:172.21.15.194:3300/0 3 ==== mon_map magic: 0 v1 ==== 229+0+0 (secure 0 0 0) 0x7f968801ad30 con 0x7f968c076c20
2024-02-19T16:32:15.642 INFO:teuthology.orchestra.run.smithi194.stdout:/usr/bin/ceph: stderr
2024-02-19T16:32:12.825+0000 7f96934fb700 1 -- 172.21.15.194:0/4142546677 --> [v2:172.21.15.194:3300/0,v1:172.21.15.194:6789/0] -- mon_subscribe({osdmap=0}) v3 -- 0x7f968c114e10 con 0x7f968c076c20
2024-02-19T16:32:15.642 INFO:teuthology.orchestra.run.smithi194.stdout:/usr/bin/ceph: stderr
2024-02-19T16:32:12.826+0000 7f9681ffb700 1 -- 172.21.15.194:0/4142546677 <== mon.0 v2:172.21.15.194:3300/0 4 ==== mgrmap(e 8) v1 ==== 43368+0+0 (secure 0 0 0) 0x7f968802e440 con 0x7f968c076c20
2024-02-19T16:32:15.642 INFO:teuthology.orchestra.run.smithi194.stdout:/usr/bin/ceph: stderr
2024-02-19T16:32:12.826+0000 7f96934fb700 1 -- 172.21.15.194:0/4142546677 --> [v2:172.21.15.194:3300/0,v1:172.21.15.194:6789/0] -- mon_command({"prefix": "get_command_descriptions"} v 0) v1 -- 0x7f968c05f5c0 con 0x7f968c076c20
2024-02-19T16:32:15.643 INFO:teuthology.orchestra.run.smithi194.stdout:/usr/bin/ceph: stderr
2024-02-19T16:32:12.826+0000 7f9681ffb700 1 --2- 172.21.15.194:0/4142546677 >> [v2:172.21.15.194:6800/1908214185,v1:172.21.15.194:6801/1908214185] conn(0x7f96780367e0 0x7f9678038c90 unknown :-1 s=NONE pgs=0 cs=0 l=1 rev1=0 crypto rx=0 tx=0 comp rx=0 tx=0).connect
2024-02-19T16:32:15.643 INFO:teuthology.orchestra.run.smithi194.stdout:/usr/bin/ceph: stderr
2024-02-19T16:32:12.826+0000 7f9681ffb700 1 -- 172.21.15.194:0/4142546677 <== mon.0 v2:172.21.15.194:3300/0 5 ==== osd_map(2..2 src has 1..2) v4 ==== 936+0+0 (secure 0 0 0) 0x7f968804ac70 con 0x7f968c076c20
2024-02-19T16:32:15.643 INFO:teuthology.orchestra.run.smithi194.stdout:/usr/bin/ceph: stderr
2024-02-19T16:32:12.826+0000 7f9690a96700 1 --2- 172.21.15.194:0/4142546677 >> [v2:172.21.15.194:6800/1908214185,v1:172.21.15.194:6801/1908214185] conn(0x7f96780367e0 0x7f9678038c90 unknown :-1 s=BANNER_CONNECTING pgs=0 cs=0 l=1 rev1=0 crypto rx=0 tx=0 comp rx=0 tx=0)._handle_peer_banner_payload supported=3 required=0
2024-02-19T16:32:15.643 INFO:teuthology.orchestra.run.smithi194.stdout:/usr/bin/ceph: stderr
2024-02-19T16:32:12.827+0000 7f9690a96700 1 --2- 172.21.15.194:0/4142546677 >> [v2:172.21.15.194:6800/1908214185,v1:172.21.15.194:6801/1908214185] conn(0x7f96780367e0 0x7f9678038c90 secure :-1 s=READY pgs=11 cs=0 l=1 rev1=1 crypto rx=0x7f967c009990 tx=0x7f967c006e40 comp rx=0 tx=0).ready entity=mgr.14120 client_cookie=0 server_cookie=0 in_seq=0 out_seq=0
2024-02-19T16:32:15.643 INFO:teuthology.orchestra.run.smithi194.stdout:/usr/bin/ceph: stderr
2024-02-19T16:32:12.831+0000 7f9681ffb700 1 -- 172.21.15.194:0/4142546677 <== mon.0 v2:172.21.15.194:3300/0 6 ==== mon_command_ack([{"prefix": "get_command_descriptions"}]=0 v0) v1 ==== 72+0+175031 (secure 0 0 0) 0x7f96880243f0 con 0x7f968c076c20
2024-02-19T16:32:15.643 INFO:teuthology.orchestra.run.smithi194.stdout:/usr/bin/ceph: stderr
2024-02-19T16:32:13.014+0000 7f96934fb700 1 -- 172.21.15.194:0/4142546677 --> [v2:172.21.15.194:6800/1908214185,v1:172.21.15.194:6801/1908214185] -- mgr_command(tid 0: {"prefix": "orch host add", "hostname": "smithi194", "addr": "172.21.15.194", "target": ["mon-mgr", ""]}) v1 -- 0x7f968c108b80 con 0x7f96780367e0
2024-02-19T16:32:15.643 INFO:teuthology.orchestra.run.smithi194.stdout:/usr/bin/ceph: stderr
2024-02-19T16:32:15.044+0000 7f9681ffb700 1 -- 172.21.15.194:0/4142546677 <== mgr.14120 v2:172.21.15.194:6800/1908214185 1 ==== mgr_command_reply(tid 0: 0 ) v1 ==== 8+0+49 (secure 0 0 0) 0x7f968c108b80 con 0x7f96780367e0
2024-02-19T16:32:15.643 INFO:teuthology.orchestra.run.smithi194.stdout:/usr/bin/ceph: stderr
2024-02-19T16:32:15.046+0000 7f96934fb700 1 -- 172.21.15.194:0/4142546677 >> [v2:172.21.15.194:6800/1908214185,v1:172.21.15.194:6801/1908214185] conn(0x7f96780367e0 msgr2=0x7f9678038c90 secure :-1 s=STATE_CONNECTION_ESTABLISHED l=1).mark_down
2024-02-19T16:32:15.643 INFO:teuthology.orchestra.run.smithi194.stdout:/usr/bin/ceph: stderr
2024-02-19T16:32:15.046+0000 7f96934fb700 1 --2- 172.21.15.194:0/4142546677 >> [v2:172.21.15.194:6800/1908214185,v1:172.21.15.194:6801/1908214185] conn(0x7f96780367e0 0x7f9678038c90 secure :-1 s=READY pgs=11 cs=0 l=1 rev1=1 crypto rx=0x7f967c009990 tx=0x7f967c006e40 comp rx=0 tx=0).stop
2024-02-19T16:32:15.643 INFO:teuthology.orchestra.run.smithi194.stdout:/usr/bin/ceph: stderr
2024-02-19T16:32:15.046+0000 7f96934fb700 1 -- 172.21.15.194:0/4142546677 >> [v2:172.21.15.194:3300/0,v1:172.21.15.194:6789/0] conn(0x7f968c076c20 msgr2=0x7f968c113a30 secure :-1 s=STATE_CONNECTION_ESTABLISHED l=1).mark_down
2024-02-19T16:32:15.643 INFO:teuthology.orchestra.run.smithi194.stdout:/usr/bin/ceph: stderr
2024-02-19T16:32:15.046+0000 7f96934fb700 1 --2- 172.21.15.194:0/4142546677 >> [v2:172.21.15.194:3300/0,v1:172.21.15.194:6789/0] conn(0x7f968c076c20 0x7f968c113a30 secure :-1 s=READY pgs=46 cs=0 l=1 rev1=1 crypto rx=0x7f968800b440 tx=0x7f9688009250 comp rx=0 tx=0).stop
2024-02-19T16:32:15.643 INFO:teuthology.orchestra.run.smithi194.stdout:/usr/bin/ceph: stderr
2024-02-19T16:32:15.046+0000 7f96934fb700 1 -- 172.21.15.194:0/4142546677 shutdown_connections
2024-02-19T16:32:15.643 INFO:teuthology.orchestra.run.smithi194.stdout:/usr/bin/ceph: stderr
2024-02-19T16:32:15.046+0000 7f96934fb700 1 --2- 172.21.15.194:0/4142546677 >> [v2:172.21.15.194:6800/1908214185,v1:172.21.15.194:6801/1908214185] conn(0x7f96780367e0 0x7f9678038c90 unknown :-1 s=CLOSED pgs=11 cs=0 l=1 rev1=1 crypto rx=0 tx=0 comp rx=0 tx=0).stop
2024-02-19T16:32:15.643 INFO:teuthology.orchestra.run.smithi194.stdout:/usr/bin/ceph: stderr
2024-02-19T16:32:15.046+0000 7f96934fb700 1 --2- 172.21.15.194:0/4142546677 >> [v2:172.21.15.194:3300/0,v1:172.21.15.194:6789/0] conn(0x7f968c076c20 0x7f968c113a30 unknown :-1 s=CLOSED pgs=46 cs=0 l=1 rev1=1 crypto rx=0 tx=0 comp rx=0 tx=0).stop
2024-02-19T16:32:15.643 INFO:teuthology.orchestra.run.smithi194.stdout:/usr/bin/ceph: stderr
2024-02-19T16:32:15.046+0000 7f96934fb700 1 -- 172.21.15.194:0/4142546677 >> 172.21.15.194:0/4142546677 conn(0x7f968c0fcdd0 msgr2=0x7f968c0fdd10 unknown :-1 s=STATE_NONE l=0).mark_down
2024-02-19T16:32:15.644 INFO:teuthology.orchestra.run.smithi194.stdout:/usr/bin/ceph: stderr
2024-02-19T16:32:15.047+0000 7f96934fb700 1 -- 172.21.15.194:0/4142546677 shutdown_connections
2024-02-19T16:32:15.644 INFO:teuthology.orchestra.run.smithi194.stdout:/usr/bin/ceph: stderr
2024-02-19T16:32:15.047+0000 7f96934fb700 1 -- 172.21.15.194:0/4142546677 wait complete.
2024-02-19T16:32:15.644 INFO:teuthology.orchestra.run.smithi194.stdout:Deploying mon service with default placement...
2024-02-19T16:32:16.171 INFO:journalctl@ceph.mon.smithi194.smithi194.stdout:Feb 19 16:32:16 smithi194 ceph-mon[28865]: from='mgr.14120 172.21.15.194:0/242523735' entity='mgr.smithi194.tzsvdy'
2024-02-19T16:32:16.171 INFO:journalctl@ceph.mon.smithi194.smithi194.stdout:Feb 19 16:32:16 smithi194 ceph-mon[28865]: Added host smithi194
2024-02-19T16:32:16.171 INFO:journalctl@ceph.mon.smithi194.smithi194.stdout:Feb 19 16:32:16 smithi194 ceph-mon[28865]: from='mgr.14120 172.21.15.194:0/242523735' entity='mgr.smithi194.tzsvdy' cmd=[{"prefix": "config dump", "format": "json"}]: dispatch
2024-02-19T16:32:17.565 INFO:journalctl@ceph.mon.smithi194.smithi194.stdout:Feb 19 16:32:17 smithi194 ceph-mon[28865]: from='client.14142 -' entity='client.admin' cmd=[{"prefix": "orch apply", "service_type": "mon", "target": ["mon-mgr", ""]}]: dispatch
2024-02-19T16:32:17.565 INFO:journalctl@ceph.mon.smithi194.smithi194.stdout:Feb 19 16:32:17 smithi194 ceph-mon[28865]: Saving service mon spec with placement count:5
2024-02-19T16:32:17.565 INFO:journalctl@ceph.mon.smithi194.smithi194.stdout:Feb 19 16:32:17 smithi194 ceph-mon[28865]: from='mgr.14120 172.21.15.194:0/242523735' entity='mgr.smithi194.tzsvdy'
2024-02-19T16:32:17.565 INFO:journalctl@ceph.mon.smithi194.smithi194.stdout:Feb 19 16:32:17 smithi194 ceph-mon[28865]: from='mgr.14120 172.21.15.194:0/242523735' entity='mgr.smithi194.tzsvdy'
2024-02-19T16:32:17.847 INFO:teuthology.orchestra.run.smithi194.stdout:/usr/bin/ceph: stdout Scheduled mon update...
2024-02-19T16:32:17.848 INFO:teuthology.orchestra.run.smithi194.stdout:/usr/bin/ceph: stderr
2024-02-19T16:32:16.124+0000 7fa4d3440700 1 Processor -- start
2024-02-19T16:32:17.848 INFO:teuthology.orchestra.run.smithi194.stdout:/usr/bin/ceph: stderr
2024-02-19T16:32:16.124+0000 7fa4d3440700 1 -- start start
2024-02-19T16:32:17.848 INFO:teuthology.orchestra.run.smithi194.stdout:/usr/bin/ceph: stderr
2024-02-19T16:32:16.124+0000 7fa4d3440700 1 --2- >> [v2:172.21.15.194:3300/0,v1:172.21.15.194:6789/0] conn(0x7fa4cc102770 0x7fa4cc102b80 unknown :-1 s=NONE pgs=0 cs=0 l=0 rev1=0 crypto rx=0 tx=0 comp rx=0 tx=0).connect
2024-02-19T16:32:17.848 INFO:teuthology.orchestra.run.smithi194.stdout:/usr/bin/ceph: stderr
2024-02-19T16:32:16.124+0000 7fa4d3440700 1 -- --> [v2:172.21.15.194:3300/0,v1:172.21.15.194:6789/0] -- mon_getmap magic: 0 v1 -- 0x7fa4cc1030c0 con 0x7fa4cc102770
2024-02-19T16:32:17.848 INFO:teuthology.orchestra.run.smithi194.stdout:/usr/bin/ceph: stderr
2024-02-19T16:32:16.124+0000 7fa4d11dc700 1 --2- >> [v2:172.21.15.194:3300/0,v1:172.21.15.194:6789/0] conn(0x7fa4cc102770 0x7fa4cc102b80 unknown :-1 s=BANNER_CONNECTING pgs=0 cs=0 l=0 rev1=0 crypto rx=0 tx=0 comp rx=0 tx=0)._handle_peer_banner_payload supported=3 required=0
2024-02-19T16:32:17.848 INFO:teuthology.orchestra.run.smithi194.stdout:/usr/bin/ceph: stderr
2024-02-19T16:32:16.124+0000 7fa4d11dc700 1 --2- >> [v2:172.21.15.194:3300/0,v1:172.21.15.194:6789/0] conn(0x7fa4cc102770 0x7fa4cc102b80 unknown :-1 s=HELLO_CONNECTING pgs=0 cs=0 l=0 rev1=1 crypto rx=0 tx=0 comp rx=0 tx=0).handle_hello peer v2:172.21.15.194:3300/0 says I am v2:172.21.15.194:39254/0 (socket says 172.21.15.194:39254)
2024-02-19T16:32:17.848 INFO:teuthology.orchestra.run.smithi194.stdout:/usr/bin/ceph: stderr
2024-02-19T16:32:16.124+0000 7fa4d11dc700 1 -- 172.21.15.194:0/1482746168 learned_addr learned my addr 172.21.15.194:0/1482746168 (peer_addr_for_me v2:172.21.15.194:0/0)
2024-02-19T16:32:17.848 INFO:teuthology.orchestra.run.smithi194.stdout:/usr/bin/ceph: stderr
2024-02-19T16:32:16.124+0000 7fa4d11dc700 1 -- 172.21.15.194:0/1482746168 --> [v2:172.21.15.194:3300/0,v1:172.21.15.194:6789/0] -- mon_subscribe({config=0+,monmap=0+}) v3 -- 0x7fa4cc103200 con 0x7fa4cc102770
2024-02-19T16:32:17.848 INFO:teuthology.orchestra.run.smithi194.stdout:/usr/bin/ceph: stderr
2024-02-19T16:32:16.124+0000 7fa4d11dc700 1 --2- 172.21.15.194:0/1482746168 >> [v2:172.21.15.194:3300/0,v1:172.21.15.194:6789/0] conn(0x7fa4cc102770 0x7fa4cc102b80 secure :-1 s=READY pgs=47 cs=0 l=1 rev1=1 crypto rx=0x7fa4c80098e0 tx=0x7fa4c8009250 comp rx=0 tx=0).ready entity=mon.0 client_cookie=a9f38c42c12f4e3d server_cookie=0 in_seq=0 out_seq=0
2024-02-19T16:32:17.848 INFO:teuthology.orchestra.run.smithi194.stdout:/usr/bin/ceph: stderr
2024-02-19T16:32:16.125+0000 7fa4c3fff700 1 -- 172.21.15.194:0/1482746168 <== mon.0 v2:172.21.15.194:3300/0 1 ==== mon_map magic: 0 v1 ==== 229+0+0 (secure 0 0 0) 0x7fa4c800b860 con 0x7fa4cc102770
2024-02-19T16:32:17.848 INFO:teuthology.orchestra.run.smithi194.stdout:/usr/bin/ceph: stderr
2024-02-19T16:32:16.125+0000 7fa4c3fff700 1 -- 172.21.15.194:0/1482746168 <== mon.0 v2:172.21.15.194:3300/0 2 ==== config(27 keys) v1 ==== 1044+0+0 (secure 0 0 0) 0x7fa4c800be50 con 0x7fa4cc102770
2024-02-19T16:32:17.848 INFO:teuthology.orchestra.run.smithi194.stdout:/usr/bin/ceph: stderr
2024-02-19T16:32:16.125+0000 7fa4c3fff700 1 -- 172.21.15.194:0/1482746168 <== mon.0 v2:172.21.15.194:3300/0 3 ==== mon_map magic: 0 v1 ==== 229+0+0 (secure 0 0 0) 0x7fa4c8010380 con 0x7fa4cc102770
2024-02-19T16:32:17.849 INFO:teuthology.orchestra.run.smithi194.stdout:/usr/bin/ceph: stderr
2024-02-19T16:32:16.125+0000 7fa4d3440700 1 -- 172.21.15.194:0/1482746168 >> [v2:172.21.15.194:3300/0,v1:172.21.15.194:6789/0] conn(0x7fa4cc102770 msgr2=0x7fa4cc102b80 secure :-1 s=STATE_CONNECTION_ESTABLISHED l=1).mark_down
2024-02-19T16:32:17.849 INFO:teuthology.orchestra.run.smithi194.stdout:/usr/bin/ceph: stderr
2024-02-19T16:32:16.125+0000 7fa4d3440700 1 --2- 172.21.15.194:0/1482746168 >> [v2:172.21.15.194:3300/0,v1:172.21.15.194:6789/0] conn(0x7fa4cc102770 0x7fa4cc102b80 secure :-1 s=READY pgs=47 cs=0 l=1 rev1=1 crypto rx=0x7fa4c80098e0 tx=0x7fa4c8009250 comp rx=0 tx=0).stop
2024-02-19T16:32:17.849 INFO:teuthology.orchestra.run.smithi194.stdout:/usr/bin/ceph: stderr
2024-02-19T16:32:16.125+0000 7fa4d3440700 1 -- 172.21.15.194:0/1482746168 shutdown_connections
2024-02-19T16:32:17.849 INFO:teuthology.orchestra.run.smithi194.stdout:/usr/bin/ceph: stderr
2024-02-19T16:32:16.125+0000 7fa4d3440700 1 --2- 172.21.15.194:0/1482746168 >> [v2:172.21.15.194:3300/0,v1:172.21.15.194:6789/0] conn(0x7fa4cc102770 0x7fa4cc102b80 unknown :-1 s=CLOSED pgs=47 cs=0 l=1 rev1=1 crypto rx=0 tx=0 comp rx=0 tx=0).stop
2024-02-19T16:32:17.849 INFO:teuthology.orchestra.run.smithi194.stdout:/usr/bin/ceph: stderr
2024-02-19T16:32:16.125+0000 7fa4d3440700 1 -- 172.21.15.194:0/1482746168 >> 172.21.15.194:0/1482746168 conn(0x7fa4cc0fded0 msgr2=0x7fa4cc100300 unknown :-1 s=STATE_NONE l=0).mark_down
2024-02-19T16:32:17.849 INFO:teuthology.orchestra.run.smithi194.stdout:/usr/bin/ceph: stderr
2024-02-19T16:32:16.125+0000 7fa4d3440700 1 -- 172.21.15.194:0/1482746168 shutdown_connections
2024-02-19T16:32:17.849 INFO:teuthology.orchestra.run.smithi194.stdout:/usr/bin/ceph: stderr
2024-02-19T16:32:16.125+0000 7fa4d3440700 1 -- 172.21.15.194:0/1482746168 wait complete.
2024-02-19T16:32:17.849 INFO:teuthology.orchestra.run.smithi194.stdout:/usr/bin/ceph: stderr
2024-02-19T16:32:16.126+0000 7fa4d3440700 1 Processor -- start
2024-02-19T16:32:17.849 INFO:teuthology.orchestra.run.smithi194.stdout:/usr/bin/ceph: stderr
2024-02-19T16:32:16.126+0000 7fa4d3440700 1 -- start start
2024-02-19T16:32:17.849 INFO:teuthology.orchestra.run.smithi194.stdout:/usr/bin/ceph: stderr
2024-02-19T16:32:16.126+0000 7fa4d3440700 1 --2- >> [v2:172.21.15.194:3300/0,v1:172.21.15.194:6789/0] conn(0x7fa4cc102770 0x7fa4cc111500 unknown :-1 s=NONE pgs=0 cs=0 l=1 rev1=0 crypto rx=0 tx=0 comp rx=0 tx=0).connect
2024-02-19T16:32:17.849 INFO:teuthology.orchestra.run.smithi194.stdout:/usr/bin/ceph: stderr
2024-02-19T16:32:16.126+0000 7fa4d3440700 1 -- --> [v2:172.21.15.194:3300/0,v1:172.21.15.194:6789/0] -- mon_getmap magic: 0 v1 -- 0x7fa4cc111a40 con 0x7fa4cc102770
2024-02-19T16:32:17.849 INFO:teuthology.orchestra.run.smithi194.stdout:/usr/bin/ceph: stderr
2024-02-19T16:32:16.126+0000 7fa4d11dc700 1 --2- >> [v2:172.21.15.194:3300/0,v1:172.21.15.194:6789/0] conn(0x7fa4cc102770 0x7fa4cc111500 unknown :-1 s=BANNER_CONNECTING pgs=0 cs=0 l=1 rev1=0 crypto rx=0 tx=0 comp rx=0 tx=0)._handle_peer_banner_payload supported=3 required=0
2024-02-19T16:32:17.849 INFO:teuthology.orchestra.run.smithi194.stdout:/usr/bin/ceph: stderr
2024-02-19T16:32:16.126+0000 7fa4d11dc700 1 --2- >> [v2:172.21.15.194:3300/0,v1:172.21.15.194:6789/0] conn(0x7fa4cc102770 0x7fa4cc111500 unknown :-1 s=HELLO_CONNECTING pgs=0 cs=0 l=1 rev1=1 crypto rx=0 tx=0 comp rx=0 tx=0).handle_hello peer v2:172.21.15.194:3300/0 says I am v2:172.21.15.194:39256/0 (socket says 172.21.15.194:39256)
2024-02-19T16:32:17.849 INFO:teuthology.orchestra.run.smithi194.stdout:/usr/bin/ceph: stderr
2024-02-19T16:32:16.126+0000 7fa4d11dc700 1 -- 172.21.15.194:0/1100019993 learned_addr learned my addr 172.21.15.194:0/1100019993 (peer_addr_for_me v2:172.21.15.194:0/0)
2024-02-19T16:32:17.850 INFO:teuthology.orchestra.run.smithi194.stdout:/usr/bin/ceph: stderr
2024-02-19T16:32:16.126+0000 7fa4d11dc700 1 -- 172.21.15.194:0/1100019993 --> [v2:172.21.15.194:3300/0,v1:172.21.15.194:6789/0] -- mon_subscribe({config=0+,monmap=0+}) v3 -- 0x7fa4c80094f0 con 0x7fa4cc102770
2024-02-19T16:32:17.850 INFO:teuthology.orchestra.run.smithi194.stdout:/usr/bin/ceph: stderr
2024-02-19T16:32:16.127+0000 7fa4d11dc700 1 --2- 172.21.15.194:0/1100019993 >> [v2:172.21.15.194:3300/0,v1:172.21.15.194:6789/0] conn(0x7fa4cc102770 0x7fa4cc111500 secure :-1 s=READY pgs=48 cs=0 l=1 rev1=1 crypto rx=0x7fa4c800b440 tx=0x7fa4c8009250 comp rx=0 tx=0).ready entity=mon.0 client_cookie=0 server_cookie=0 in_seq=0 out_seq=0
2024-02-19T16:32:17.850 INFO:teuthology.orchestra.run.smithi194.stdout:/usr/bin/ceph: stderr
2024-02-19T16:32:16.127+0000 7fa4c1ffb700 1 -- 172.21.15.194:0/1100019993 <== mon.0 v2:172.21.15.194:3300/0 1 ==== mon_map magic: 0 v1 ==== 229+0+0 (secure 0 0 0) 0x7fa4c8010760 con 0x7fa4cc102770
2024-02-19T16:32:17.850 INFO:teuthology.orchestra.run.smithi194.stdout:/usr/bin/ceph: stderr
2024-02-19T16:32:16.127+0000 7fa4c1ffb700 1 -- 172.21.15.194:0/1100019993 <== mon.0 v2:172.21.15.194:3300/0 2 ==== config(27 keys) v1 ==== 1044+0+0 (secure 0 0 0) 0x7fa4c8010d50 con 0x7fa4cc102770
2024-02-19T16:32:17.850 INFO:teuthology.orchestra.run.smithi194.stdout:/usr/bin/ceph: stderr
2024-02-19T16:32:16.127+0000 7fa4d3440700 1 -- 172.21.15.194:0/1100019993 --> [v2:172.21.15.194:3300/0,v1:172.21.15.194:6789/0] -- mon_subscribe({mgrmap=0+}) v3 -- 0x7fa4cc111c40 con 0x7fa4cc102770
2024-02-19T16:32:17.850 INFO:teuthology.orchestra.run.smithi194.stdout:/usr/bin/ceph: stderr
2024-02-19T16:32:16.127+0000 7fa4c1ffb700 1 -- 172.21.15.194:0/1100019993 <== mon.0 v2:172.21.15.194:3300/0 3 ==== mon_map magic: 0 v1 ==== 229+0+0 (secure 0 0 0) 0x7fa4c8024d80 con 0x7fa4cc102770
2024-02-19T16:32:17.850 INFO:teuthology.orchestra.run.smithi194.stdout:/usr/bin/ceph: stderr
