2024-02-19T16:32:21.548 INFO:teuthology.orchestra.run.smithi194.stdout:/usr/bin/ceph: stderr
2024-02-19T16:32:20.805+0000 7fd5b1ffb700 1 --2- 172.21.15.194:0/4206247749 >> [v2:172.21.15.194:6800/1908214185,v1:172.21.15.194:6801/1908214185] conn(0x7fd5a8036790 0x7fd5a8038c40 unknown :-1 s=NONE pgs=0 cs=0 l=1 rev1=0 crypto rx=0 tx=0 comp rx=0 tx=0).connect
2024-02-19T16:32:21.548 INFO:teuthology.orchestra.run.smithi194.stdout:/usr/bin/ceph: stderr
2024-02-19T16:32:20.805+0000 7fd5b1ffb700 1 -- 172.21.15.194:0/4206247749 <== mon.0 v2:172.21.15.194:3300/0 5 ==== osd_map(2..2 src has 1..2) v4 ==== 936+0+0 (secure 0 0 0) 0x7fd5b8014070 con 0x7fd5bc102c40
2024-02-19T16:32:21.548 INFO:teuthology.orchestra.run.smithi194.stdout:/usr/bin/ceph: stderr
2024-02-19T16:32:20.805+0000 7fd5c0e96700 1 --2- 172.21.15.194:0/4206247749 >> [v2:172.21.15.194:6800/1908214185,v1:172.21.15.194:6801/1908214185] conn(0x7fd5a8036790 0x7fd5a8038c40 unknown :-1 s=BANNER_CONNECTING pgs=0 cs=0 l=1 rev1=0 crypto rx=0 tx=0 comp rx=0 tx=0)._handle_peer_banner_payload supported=3 required=0
2024-02-19T16:32:21.548 INFO:teuthology.orchestra.run.smithi194.stdout:/usr/bin/ceph: stderr
2024-02-19T16:32:20.806+0000 7fd5c0e96700 1 --2- 172.21.15.194:0/4206247749 >> [v2:172.21.15.194:6800/1908214185,v1:172.21.15.194:6801/1908214185] conn(0x7fd5a8036790 0x7fd5a8038c40 secure :-1 s=READY pgs=15 cs=0 l=1 rev1=1 crypto rx=0x7fd5ac009990 tx=0x7fd5ac006e40 comp rx=0 tx=0).ready entity=mgr.14120 client_cookie=0 server_cookie=0 in_seq=0 out_seq=0
2024-02-19T16:32:21.548 INFO:teuthology.orchestra.run.smithi194.stdout:/usr/bin/ceph: stderr
2024-02-19T16:32:20.810+0000 7fd5b1ffb700 1 -- 172.21.15.194:0/4206247749 <== mon.0 v2:172.21.15.194:3300/0 6 ==== mon_command_ack([{"prefix": "get_command_descriptions"}]=0 v0) v1 ==== 72+0+175031 (secure 0 0 0) 0x7fd5b800e360 con 0x7fd5bc102c40
2024-02-19T16:32:21.548 INFO:teuthology.orchestra.run.smithi194.stdout:/usr/bin/ceph: stderr
2024-02-19T16:32:21.007+0000 7fd5c38fb700 1 -- 172.21.15.194:0/4206247749 --> [v2:172.21.15.194:6800/1908214185,v1:172.21.15.194:6801/1908214185] -- mgr_command(tid 0: {"prefix": "orch apply", "service_type": "prometheus", "target": ["mon-mgr", ""]}) v1 -- 0x7fd5bc101530 con 0x7fd5a8036790
2024-02-19T16:32:21.548 INFO:teuthology.orchestra.run.smithi194.stdout:/usr/bin/ceph: stderr
2024-02-19T16:32:21.011+0000 7fd5b1ffb700 1 -- 172.21.15.194:0/4206247749 <== mgr.14120 v2:172.21.15.194:6800/1908214185 1 ==== mgr_command_reply(tid 0: 0 ) v1 ==== 8+0+31 (secure 0 0 0) 0x7fd5bc101530 con 0x7fd5a8036790
2024-02-19T16:32:21.548 INFO:teuthology.orchestra.run.smithi194.stdout:/usr/bin/ceph: stderr
2024-02-19T16:32:21.013+0000 7fd5c38fb700 1 -- 172.21.15.194:0/4206247749 >> [v2:172.21.15.194:6800/1908214185,v1:172.21.15.194:6801/1908214185] conn(0x7fd5a8036790 msgr2=0x7fd5a8038c40 secure :-1 s=STATE_CONNECTION_ESTABLISHED l=1).mark_down
2024-02-19T16:32:21.548 INFO:teuthology.orchestra.run.smithi194.stdout:/usr/bin/ceph: stderr
2024-02-19T16:32:21.013+0000 7fd5c38fb700 1 --2- 172.21.15.194:0/4206247749 >> [v2:172.21.15.194:6800/1908214185,v1:172.21.15.194:6801/1908214185] conn(0x7fd5a8036790 0x7fd5a8038c40 secure :-1 s=READY pgs=15 cs=0 l=1 rev1=1 crypto rx=0x7fd5ac009990 tx=0x7fd5ac006e40 comp rx=0 tx=0).stop
2024-02-19T16:32:21.548 INFO:teuthology.orchestra.run.smithi194.stdout:/usr/bin/ceph: stderr
2024-02-19T16:32:21.013+0000 7fd5c38fb700 1 -- 172.21.15.194:0/4206247749 >> [v2:172.21.15.194:3300/0,v1:172.21.15.194:6789/0] conn(0x7fd5bc102c40 msgr2=0x7fd5bc10f5f0 secure :-1 s=STATE_CONNECTION_ESTABLISHED l=1).mark_down
2024-02-19T16:32:21.548 INFO:teuthology.orchestra.run.smithi194.stdout:/usr/bin/ceph: stderr
2024-02-19T16:32:21.013+0000 7fd5c38fb700 1 --2- 172.21.15.194:0/4206247749 >> [v2:172.21.15.194:3300/0,v1:172.21.15.194:6789/0] conn(0x7fd5bc102c40 0x7fd5bc10f5f0 secure :-1 s=READY pgs=54 cs=0 l=1 rev1=1 crypto rx=0x7fd5b8007010 tx=0x7fd5b800b4f0 comp rx=0 tx=0).stop
2024-02-19T16:32:21.548 INFO:teuthology.orchestra.run.smithi194.stdout:/usr/bin/ceph: stderr
2024-02-19T16:32:21.013+0000 7fd5c38fb700 1 -- 172.21.15.194:0/4206247749 shutdown_connections
2024-02-19T16:32:21.549 INFO:teuthology.orchestra.run.smithi194.stdout:/usr/bin/ceph: stderr
2024-02-19T16:32:21.013+0000 7fd5c38fb700 1 --2- 172.21.15.194:0/4206247749 >> [v2:172.21.15.194:6800/1908214185,v1:172.21.15.194:6801/1908214185] conn(0x7fd5a8036790 0x7fd5a8038c40 unknown :-1 s=CLOSED pgs=15 cs=0 l=1 rev1=1 crypto rx=0 tx=0 comp rx=0 tx=0).stop
2024-02-19T16:32:21.549 INFO:teuthology.orchestra.run.smithi194.stdout:/usr/bin/ceph: stderr
2024-02-19T16:32:21.013+0000 7fd5c38fb700 1 --2- 172.21.15.194:0/4206247749 >> [v2:172.21.15.194:3300/0,v1:172.21.15.194:6789/0] conn(0x7fd5bc102c40 0x7fd5bc10f5f0 unknown :-1 s=CLOSED pgs=54 cs=0 l=1 rev1=1 crypto rx=0 tx=0 comp rx=0 tx=0).stop
2024-02-19T16:32:21.549 INFO:teuthology.orchestra.run.smithi194.stdout:/usr/bin/ceph: stderr
2024-02-19T16:32:21.013+0000 7fd5c38fb700 1 -- 172.21.15.194:0/4206247749 >> 172.21.15.194:0/4206247749 conn(0x7fd5bc0fc580 msgr2=0x7fd5bc106470 unknown :-1 s=STATE_NONE l=0).mark_down
2024-02-19T16:32:21.549 INFO:teuthology.orchestra.run.smithi194.stdout:/usr/bin/ceph: stderr
2024-02-19T16:32:21.013+0000 7fd5c38fb700 1 -- 172.21.15.194:0/4206247749 shutdown_connections
2024-02-19T16:32:21.549 INFO:teuthology.orchestra.run.smithi194.stdout:/usr/bin/ceph: stderr
2024-02-19T16:32:21.013+0000 7fd5c38fb700 1 -- 172.21.15.194:0/4206247749 wait complete.
2024-02-19T16:32:21.549 INFO:teuthology.orchestra.run.smithi194.stdout:Deploying grafana service with default placement...
2024-02-19T16:32:22.198 INFO:journalctl@ceph.mon.smithi194.smithi194.stdout:Feb 19 16:32:22 smithi194 ceph-mon[28865]: from='client.14148 -' entity='client.admin' cmd=[{"prefix": "orch apply", "service_type": "prometheus", "target": ["mon-mgr", ""]}]: dispatch
2024-02-19T16:32:22.198 INFO:journalctl@ceph.mon.smithi194.smithi194.stdout:Feb 19 16:32:22 smithi194 ceph-mon[28865]: Saving service prometheus spec with placement count:1
2024-02-19T16:32:22.198 INFO:journalctl@ceph.mon.smithi194.smithi194.stdout:Feb 19 16:32:22 smithi194 ceph-mon[28865]: from='mgr.14120 172.21.15.194:0/242523735' entity='mgr.smithi194.tzsvdy'
2024-02-19T16:32:22.198 INFO:journalctl@ceph.mon.smithi194.smithi194.stdout:Feb 19 16:32:22 smithi194 ceph-mon[28865]: from='mgr.14120 172.21.15.194:0/242523735' entity='mgr.smithi194.tzsvdy'
2024-02-19T16:32:23.297 INFO:journalctl@ceph.mon.smithi194.smithi194.stdout:Feb 19 16:32:23 smithi194 ceph-mon[28865]: from='client.14150 -' entity='client.admin' cmd=[{"prefix": "orch apply", "service_type": "grafana", "target": ["mon-mgr", ""]}]: dispatch
2024-02-19T16:32:23.297 INFO:journalctl@ceph.mon.smithi194.smithi194.stdout:Feb 19 16:32:23 smithi194 ceph-mon[28865]: Saving service grafana spec with placement count:1
2024-02-19T16:32:23.297 INFO:journalctl@ceph.mon.smithi194.smithi194.stdout:Feb 19 16:32:23 smithi194 ceph-mon[28865]: from='mgr.14120 172.21.15.194:0/242523735' entity='mgr.smithi194.tzsvdy'
2024-02-19T16:32:23.665 INFO:teuthology.orchestra.run.smithi194.stdout:/usr/bin/ceph: stdout Scheduled grafana update...
2024-02-19T16:32:23.665 INFO:teuthology.orchestra.run.smithi194.stdout:/usr/bin/ceph: stderr
2024-02-19T16:32:21.971+0000 7f72e8e3b700 1 Processor -- start
2024-02-19T16:32:23.665 INFO:teuthology.orchestra.run.smithi194.stdout:/usr/bin/ceph: stderr
2024-02-19T16:32:21.971+0000 7f72e8e3b700 1 -- start start
2024-02-19T16:32:23.665 INFO:teuthology.orchestra.run.smithi194.stdout:/usr/bin/ceph: stderr
2024-02-19T16:32:21.971+0000 7f72e8e3b700 1 --2- >> [v2:172.21.15.194:3300/0,v1:172.21.15.194:6789/0] conn(0x7f72e4078d00 0x7f72e4077210 unknown :-1 s=NONE pgs=0 cs=0 l=0 rev1=0 crypto rx=0 tx=0 comp rx=0 tx=0).connect
2024-02-19T16:32:23.665 INFO:teuthology.orchestra.run.smithi194.stdout:/usr/bin/ceph: stderr
2024-02-19T16:32:21.971+0000 7f72e8e3b700 1 -- --> [v2:172.21.15.194:3300/0,v1:172.21.15.194:6789/0] -- mon_getmap magic: 0 v1 -- 0x7f72e4079110 con 0x7f72e4078d00
2024-02-19T16:32:23.665 INFO:teuthology.orchestra.run.smithi194.stdout:/usr/bin/ceph: stderr
2024-02-19T16:32:21.971+0000 7f72e259c700 1 --2- >> [v2:172.21.15.194:3300/0,v1:172.21.15.194:6789/0] conn(0x7f72e4078d00 0x7f72e4077210 unknown :-1 s=BANNER_CONNECTING pgs=0 cs=0 l=0 rev1=0 crypto rx=0 tx=0 comp rx=0 tx=0)._handle_peer_banner_payload supported=3 required=0
2024-02-19T16:32:23.665 INFO:teuthology.orchestra.run.smithi194.stdout:/usr/bin/ceph: stderr
2024-02-19T16:32:21.971+0000 7f72e259c700 1 --2- >> [v2:172.21.15.194:3300/0,v1:172.21.15.194:6789/0] conn(0x7f72e4078d00 0x7f72e4077210 unknown :-1 s=HELLO_CONNECTING pgs=0 cs=0 l=0 rev1=1 crypto rx=0 tx=0 comp rx=0 tx=0).handle_hello peer v2:172.21.15.194:3300/0 says I am v2:172.21.15.194:54650/0 (socket says 172.21.15.194:54650)
2024-02-19T16:32:23.665 INFO:teuthology.orchestra.run.smithi194.stdout:/usr/bin/ceph: stderr
2024-02-19T16:32:21.971+0000 7f72e259c700 1 -- 172.21.15.194:0/2532114544 learned_addr learned my addr 172.21.15.194:0/2532114544 (peer_addr_for_me v2:172.21.15.194:0/0)
2024-02-19T16:32:23.665 INFO:teuthology.orchestra.run.smithi194.stdout:/usr/bin/ceph: stderr
2024-02-19T16:32:21.972+0000 7f72e259c700 1 -- 172.21.15.194:0/2532114544 --> [v2:172.21.15.194:3300/0,v1:172.21.15.194:6789/0] -- mon_subscribe({config=0+,monmap=0+}) v3 -- 0x7f72e4077750 con 0x7f72e4078d00
2024-02-19T16:32:23.666 INFO:teuthology.orchestra.run.smithi194.stdout:/usr/bin/ceph: stderr
2024-02-19T16:32:21.972+0000 7f72e259c700 1 --2- 172.21.15.194:0/2532114544 >> [v2:172.21.15.194:3300/0,v1:172.21.15.194:6789/0] conn(0x7f72e4078d00 0x7f72e4077210 secure :-1 s=READY pgs=55 cs=0 l=1 rev1=1 crypto rx=0x7f72d40098e0 tx=0x7f72d4009250 comp rx=0 tx=0).ready entity=mon.0 client_cookie=9314332fda0abe49 server_cookie=0 in_seq=0 out_seq=0
2024-02-19T16:32:23.666 INFO:teuthology.orchestra.run.smithi194.stdout:/usr/bin/ceph: stderr
2024-02-19T16:32:21.972+0000 7f72e159a700 1 -- 172.21.15.194:0/2532114544 <== mon.0 v2:172.21.15.194:3300/0 1 ==== mon_map magic: 0 v1 ==== 229+0+0 (secure 0 0 0) 0x7f72d400b860 con 0x7f72e4078d00
2024-02-19T16:32:23.666 INFO:teuthology.orchestra.run.smithi194.stdout:/usr/bin/ceph: stderr
2024-02-19T16:32:21.972+0000 7f72e159a700 1 -- 172.21.15.194:0/2532114544 <== mon.0 v2:172.21.15.194:3300/0 2 ==== config(27 keys) v1 ==== 1109+0+0 (secure 0 0 0) 0x7f72d400be90 con 0x7f72e4078d00
2024-02-19T16:32:23.666 INFO:teuthology.orchestra.run.smithi194.stdout:/usr/bin/ceph: stderr
2024-02-19T16:32:21.972+0000 7f72e159a700 1 -- 172.21.15.194:0/2532114544 <== mon.0 v2:172.21.15.194:3300/0 3 ==== mon_map magic: 0 v1 ==== 229+0+0 (secure 0 0 0) 0x7f72d40103c0 con 0x7f72e4078d00
2024-02-19T16:32:23.666 INFO:teuthology.orchestra.run.smithi194.stdout:/usr/bin/ceph: stderr
2024-02-19T16:32:21.973+0000 7f72e8e3b700 1 -- 172.21.15.194:0/2532114544 >> [v2:172.21.15.194:3300/0,v1:172.21.15.194:6789/0] conn(0x7f72e4078d00 msgr2=0x7f72e4077210 secure :-1 s=STATE_CONNECTION_ESTABLISHED l=1).mark_down
2024-02-19T16:32:23.666 INFO:teuthology.orchestra.run.smithi194.stdout:/usr/bin/ceph: stderr
2024-02-19T16:32:21.973+0000 7f72e8e3b700 1 --2- 172.21.15.194:0/2532114544 >> [v2:172.21.15.194:3300/0,v1:172.21.15.194:6789/0] conn(0x7f72e4078d00 0x7f72e4077210 secure :-1 s=READY pgs=55 cs=0 l=1 rev1=1 crypto rx=0x7f72d40098e0 tx=0x7f72d4009250 comp rx=0 tx=0).stop
2024-02-19T16:32:23.666 INFO:teuthology.orchestra.run.smithi194.stdout:/usr/bin/ceph: stderr
2024-02-19T16:32:21.973+0000 7f72e8e3b700 1 -- 172.21.15.194:0/2532114544 shutdown_connections
2024-02-19T16:32:23.666 INFO:teuthology.orchestra.run.smithi194.stdout:/usr/bin/ceph: stderr
2024-02-19T16:32:21.973+0000 7f72e8e3b700 1 --2- 172.21.15.194:0/2532114544 >> [v2:172.21.15.194:3300/0,v1:172.21.15.194:6789/0] conn(0x7f72e4078d00 0x7f72e4077210 unknown :-1 s=CLOSED pgs=55 cs=0 l=1 rev1=1 crypto rx=0 tx=0 comp rx=0 tx=0).stop
2024-02-19T16:32:23.666 INFO:teuthology.orchestra.run.smithi194.stdout:/usr/bin/ceph: stderr
2024-02-19T16:32:21.973+0000 7f72e8e3b700 1 -- 172.21.15.194:0/2532114544 >> 172.21.15.194:0/2532114544 conn(0x7f72e40fded0 msgr2=0x7f72e4100300 unknown :-1 s=STATE_NONE l=0).mark_down
2024-02-19T16:32:23.666 INFO:teuthology.orchestra.run.smithi194.stdout:/usr/bin/ceph: stderr
2024-02-19T16:32:21.973+0000 7f72e8e3b700 1 -- 172.21.15.194:0/2532114544 shutdown_connections
2024-02-19T16:32:23.666 INFO:teuthology.orchestra.run.smithi194.stdout:/usr/bin/ceph: stderr
2024-02-19T16:32:21.973+0000 7f72e8e3b700 1 -- 172.21.15.194:0/2532114544 wait complete.
2024-02-19T16:32:23.666 INFO:teuthology.orchestra.run.smithi194.stdout:/usr/bin/ceph: stderr
2024-02-19T16:32:21.973+0000 7f72e8e3b700 1 Processor -- start
2024-02-19T16:32:23.666 INFO:teuthology.orchestra.run.smithi194.stdout:/usr/bin/ceph: stderr
2024-02-19T16:32:21.973+0000 7f72e8e3b700 1 -- start start
2024-02-19T16:32:23.666 INFO:teuthology.orchestra.run.smithi194.stdout:/usr/bin/ceph: stderr
2024-02-19T16:32:21.973+0000 7f72e8e3b700 1 --2- >> [v2:172.21.15.194:3300/0,v1:172.21.15.194:6789/0] conn(0x7f72e4078d00 0x7f72e4113780 unknown :-1 s=NONE pgs=0 cs=0 l=1 rev1=0 crypto rx=0 tx=0 comp rx=0 tx=0).connect
2024-02-19T16:32:23.666 INFO:teuthology.orchestra.run.smithi194.stdout:/usr/bin/ceph: stderr
2024-02-19T16:32:21.973+0000 7f72e8e3b700 1 -- --> [v2:172.21.15.194:3300/0,v1:172.21.15.194:6789/0] -- mon_getmap magic: 0 v1 -- 0x7f72e4113cc0 con 0x7f72e4078d00
2024-02-19T16:32:23.666 INFO:teuthology.orchestra.run.smithi194.stdout:/usr/bin/ceph: stderr
2024-02-19T16:32:21.973+0000 7f72e259c700 1 --2- >> [v2:172.21.15.194:3300/0,v1:172.21.15.194:6789/0] conn(0x7f72e4078d00 0x7f72e4113780 unknown :-1 s=BANNER_CONNECTING pgs=0 cs=0 l=1 rev1=0 crypto rx=0 tx=0 comp rx=0 tx=0)._handle_peer_banner_payload supported=3 required=0
2024-02-19T16:32:23.667 INFO:teuthology.orchestra.run.smithi194.stdout:/usr/bin/ceph: stderr
2024-02-19T16:32:21.974+0000 7f72e259c700 1 --2- >> [v2:172.21.15.194:3300/0,v1:172.21.15.194:6789/0] conn(0x7f72e4078d00 0x7f72e4113780 unknown :-1 s=HELLO_CONNECTING pgs=0 cs=0 l=1 rev1=1 crypto rx=0 tx=0 comp rx=0 tx=0).handle_hello peer v2:172.21.15.194:3300/0 says I am v2:172.21.15.194:54656/0 (socket says 172.21.15.194:54656)
2024-02-19T16:32:23.667 INFO:teuthology.orchestra.run.smithi194.stdout:/usr/bin/ceph: stderr
2024-02-19T16:32:21.974+0000 7f72e259c700 1 -- 172.21.15.194:0/2738847239 learned_addr learned my addr 172.21.15.194:0/2738847239 (peer_addr_for_me v2:172.21.15.194:0/0)
2024-02-19T16:32:23.667 INFO:teuthology.orchestra.run.smithi194.stdout:/usr/bin/ceph: stderr
2024-02-19T16:32:21.974+0000 7f72e259c700 1 -- 172.21.15.194:0/2738847239 --> [v2:172.21.15.194:3300/0,v1:172.21.15.194:6789/0] -- mon_subscribe({config=0+,monmap=0+}) v3 -- 0x7f72d40094f0 con 0x7f72e4078d00
2024-02-19T16:32:23.667 INFO:teuthology.orchestra.run.smithi194.stdout:/usr/bin/ceph: stderr
2024-02-19T16:32:21.974+0000 7f72e259c700 1 --2- 172.21.15.194:0/2738847239 >> [v2:172.21.15.194:3300/0,v1:172.21.15.194:6789/0] conn(0x7f72e4078d00 0x7f72e4113780 secure :-1 s=READY pgs=56 cs=0 l=1 rev1=1 crypto rx=0x7f72d4003080 tx=0x7f72d4009250 comp rx=0 tx=0).ready entity=mon.0 client_cookie=0 server_cookie=0 in_seq=0 out_seq=0
2024-02-19T16:32:23.667 INFO:teuthology.orchestra.run.smithi194.stdout:/usr/bin/ceph: stderr
2024-02-19T16:32:21.974+0000 7f72d2ffd700 1 -- 172.21.15.194:0/2738847239 <== mon.0 v2:172.21.15.194:3300/0 1 ==== mon_map magic: 0 v1 ==== 229+0+0 (secure 0 0 0) 0x7f72d4011920 con 0x7f72e4078d00
2024-02-19T16:32:23.667 INFO:teuthology.orchestra.run.smithi194.stdout:/usr/bin/ceph: stderr
2024-02-19T16:32:21.974+0000 7f72d2ffd700 1 -- 172.21.15.194:0/2738847239 <== mon.0 v2:172.21.15.194:3300/0 2 ==== config(27 keys) v1 ==== 1109+0+0 (secure 0 0 0) 0x7f72d4010d60 con 0x7f72e4078d00
2024-02-19T16:32:23.667 INFO:teuthology.orchestra.run.smithi194.stdout:/usr/bin/ceph: stderr
2024-02-19T16:32:21.974+0000 7f72e8e3b700 1 -- 172.21.15.194:0/2738847239 --> [v2:172.21.15.194:3300/0,v1:172.21.15.194:6789/0] -- mon_subscribe({mgrmap=0+}) v3 -- 0x7f72e4113ec0 con 0x7f72e4078d00
2024-02-19T16:32:23.667 INFO:teuthology.orchestra.run.smithi194.stdout:/usr/bin/ceph: stderr
2024-02-19T16:32:21.974+0000 7f72d2ffd700 1 -- 172.21.15.194:0/2738847239 <== mon.0 v2:172.21.15.194:3300/0 3 ==== mon_map magic: 0 v1 ==== 229+0+0 (secure 0 0 0) 0x7f72d40243f0 con 0x7f72e4078d00
2024-02-19T16:32:23.667 INFO:teuthology.orchestra.run.smithi194.stdout:/usr/bin/ceph: stderr
2024-02-19T16:32:21.974+0000 7f72e8e3b700 1 -- 172.21.15.194:0/2738847239 --> [v2:172.21.15.194:3300/0,v1:172.21.15.194:6789/0] -- mon_subscribe({osdmap=0}) v3 -- 0x7f72e4114b60 con 0x7f72e4078d00
2024-02-19T16:32:23.667 INFO:teuthology.orchestra.run.smithi194.stdout:/usr/bin/ceph: stderr
2024-02-19T16:32:21.975+0000 7f72d2ffd700 1 -- 172.21.15.194:0/2738847239 <== mon.0 v2:172.21.15.194:3300/0 4 ==== mgrmap(e 8) v1 ==== 43368+0+0 (secure 0 0 0) 0x7f72d4010890 con 0x7f72e4078d00
2024-02-19T16:32:23.667 INFO:teuthology.orchestra.run.smithi194.stdout:/usr/bin/ceph: stderr
2024-02-19T16:32:21.975+0000 7f72e8e3b700 1 -- 172.21.15.194:0/2738847239 --> [v2:172.21.15.194:3300/0,v1:172.21.15.194:6789/0] -- mon_command({"prefix": "get_command_descriptions"} v 0) v1 -- 0x7f72e405f5c0 con 0x7f72e4078d00
2024-02-19T16:32:23.667 INFO:teuthology.orchestra.run.smithi194.stdout:/usr/bin/ceph: stderr
2024-02-19T16:32:21.975+0000 7f72d2ffd700 1 --2- 172.21.15.194:0/2738847239 >> [v2:172.21.15.194:6800/1908214185,v1:172.21.15.194:6801/1908214185] conn(0x7f72cc036790 0x7f72cc038c40 unknown :-1 s=NONE pgs=0 cs=0 l=1 rev1=0 crypto rx=0 tx=0 comp rx=0 tx=0).connect
2024-02-19T16:32:23.667 INFO:teuthology.orchestra.run.smithi194.stdout:/usr/bin/ceph: stderr
2024-02-19T16:32:21.975+0000 7f72d2ffd700 1 -- 172.21.15.194:0/2738847239 <== mon.0 v2:172.21.15.194:3300/0 5 ==== osd_map(2..2 src has 1..2) v4 ==== 936+0+0 (secure 0 0 0) 0x7f72d404a300 con 0x7f72e4078d00
2024-02-19T16:32:23.667 INFO:teuthology.orchestra.run.smithi194.stdout:/usr/bin/ceph: stderr
2024-02-19T16:32:21.975+0000 7f72e1d9b700 1 --2- 172.21.15.194:0/2738847239 >> [v2:172.21.15.194:6800/1908214185,v1:172.21.15.194:6801/1908214185] conn(0x7f72cc036790 0x7f72cc038c40 unknown :-1 s=BANNER_CONNECTING pgs=0 cs=0 l=1 rev1=0 crypto rx=0 tx=0 comp rx=0 tx=0)._handle_peer_banner_payload supported=3 required=0
2024-02-19T16:32:23.667 INFO:teuthology.orchestra.run.smithi194.stdout:/usr/bin/ceph: stderr
2024-02-19T16:32:21.976+0000 7f72e1d9b700 1 --2- 172.21.15.194:0/2738847239 >> [v2:172.21.15.194:6800/1908214185,v1:172.21.15.194:6801/1908214185] conn(0x7f72cc036790 0x7f72cc038c40 secure :-1 s=READY pgs=16 cs=0 l=1 rev1=1 crypto rx=0x7f72d8009990 tx=0x7f72d8006e40 comp rx=0 tx=0).ready entity=mgr.14120 client_cookie=0 server_cookie=0 in_seq=0 out_seq=0
2024-02-19T16:32:23.668 INFO:teuthology.orchestra.run.smithi194.stdout:/usr/bin/ceph: stderr
2024-02-19T16:32:21.980+0000 7f72d2ffd700 1 -- 172.21.15.194:0/2738847239 <== mon.0 v2:172.21.15.194:3300/0 6 ==== mon_command_ack([{"prefix": "get_command_descriptions"}]=0 v0) v1 ==== 72+0+175031 (secure 0 0 0) 0x7f72d4009350 con 0x7f72e4078d00
2024-02-19T16:32:23.668 INFO:teuthology.orchestra.run.smithi194.stdout:/usr/bin/ceph: stderr
2024-02-19T16:32:22.196+0000 7f72e8e3b700 1 -- 172.21.15.194:0/2738847239 --> [v2:172.21.15.194:6800/1908214185,v1:172.21.15.194:6801/1908214185] -- mgr_command(tid 0: {"prefix": "orch apply", "service_type": "grafana", "target": ["mon-mgr", ""]}) v1 -- 0x7f72e41001d0 con 0x7f72cc036790
2024-02-19T16:32:23.668 INFO:teuthology.orchestra.run.smithi194.stdout:/usr/bin/ceph: stderr
2024-02-19T16:32:22.200+0000 7f72d2ffd700 1 -- 172.21.15.194:0/2738847239 <== mgr.14120 v2:172.21.15.194:6800/1908214185 1 ==== mgr_command_reply(tid 0: 0 ) v1 ==== 8+0+28 (secure 0 0 0) 0x7f72e41001d0 con 0x7f72cc036790
2024-02-19T16:32:23.668 INFO:teuthology.orchestra.run.smithi194.stdout:/usr/bin/ceph: stderr
2024-02-19T16:32:22.202+0000 7f72e8e3b700 1 -- 172.21.15.194:0/2738847239 >> [v2:172.21.15.194:6800/1908214185,v1:172.21.15.194:6801/1908214185] conn(0x7f72cc036790 msgr2=0x7f72cc038c40 secure :-1 s=STATE_CONNECTION_ESTABLISHED l=1).mark_down
2024-02-19T16:32:23.668 INFO:teuthology.orchestra.run.smithi194.stdout:/usr/bin/ceph: stderr
2024-02-19T16:32:22.202+0000 7f72e8e3b700 1 --2- 172.21.15.194:0/2738847239 >> [v2:172.21.15.194:6800/1908214185,v1:172.21.15.194:6801/1908214185] conn(0x7f72cc036790 0x7f72cc038c40 secure :-1 s=READY pgs=16 cs=0 l=1 rev1=1 crypto rx=0x7f72d8009990 tx=0x7f72d8006e40 comp rx=0 tx=0).stop
2024-02-19T16:32:23.668 INFO:teuthology.orchestra.run.smithi194.stdout:/usr/bin/ceph: stderr
2024-02-19T16:32:22.202+0000 7f72e8e3b700 1 -- 172.21.15.194:0/2738847239 >> [v2:172.21.15.194:3300/0,v1:172.21.15.194:6789/0] conn(0x7f72e4078d00 msgr2=0x7f72e4113780 secure :-1 s=STATE_CONNECTION_ESTABLISHED l=1).mark_down
2024-02-19T16:32:23.668 INFO:teuthology.orchestra.run.smithi194.stdout:/usr/bin/ceph: stderr
2024-02-19T16:32:22.202+0000 7f72e8e3b700 1 --2- 172.21.15.194:0/2738847239 >> [v2:172.21.15.194:3300/0,v1:172.21.15.194:6789/0] conn(0x7f72e4078d00 0x7f72e4113780 secure :-1 s=READY pgs=56 cs=0 l=1 rev1=1 crypto rx=0x7f72d4003080 tx=0x7f72d4009250 comp rx=0 tx=0).stop
2024-02-19T16:32:23.668 INFO:teuthology.orchestra.run.smithi194.stdout:/usr/bin/ceph: stderr
2024-02-19T16:32:22.202+0000 7f72e8e3b700 1 -- 172.21.15.194:0/2738847239 shutdown_connections
2024-02-19T16:32:23.668 INFO:teuthology.orchestra.run.smithi194.stdout:/usr/bin/ceph: stderr
2024-02-19T16:32:22.202+0000 7f72e8e3b700 1 --2- 172.21.15.194:0/2738847239 >> [v2:172.21.15.194:6800/1908214185,v1:172.21.15.194:6801/1908214185] conn(0x7f72cc036790 0x7f72cc038c40 unknown :-1 s=CLOSED pgs=16 cs=0 l=1 rev1=1 crypto rx=0 tx=0 comp rx=0 tx=0).stop
2024-02-19T16:32:23.668 INFO:teuthology.orchestra.run.smithi194.stdout:/usr/bin/ceph: stderr
2024-02-19T16:32:22.202+0000 7f72e8e3b700 1 --2- 172.21.15.194:0/2738847239 >> [v2:172.21.15.194:3300/0,v1:172.21.15.194:6789/0] conn(0x7f72e4078d00 0x7f72e4113780 unknown :-1 s=CLOSED pgs=56 cs=0 l=1 rev1=1 crypto rx=0 tx=0 comp rx=0 tx=0).stop
2024-02-19T16:32:23.668 INFO:teuthology.orchestra.run.smithi194.stdout:/usr/bin/ceph: stderr
2024-02-19T16:32:22.202+0000 7f72e8e3b700 1 -- 172.21.15.194:0/2738847239 >> 172.21.15.194:0/2738847239 conn(0x7f72e40fded0 msgr2=0x7f72e40ff5b0 unknown :-1 s=STATE_NONE l=0).mark_down
2024-02-19T16:32:23.668 INFO:teuthology.orchestra.run.smithi194.stdout:/usr/bin/ceph: stderr
2024-02-19T16:32:22.202+0000 7f72e8e3b700 1 -- 172.21.15.194:0/2738847239 shutdown_connections
2024-02-19T16:32:23.668 INFO:teuthology.orchestra.run.smithi194.stdout:/usr/bin/ceph: stderr
2024-02-19T16:32:22.202+0000 7f72e8e3b700 1 -- 172.21.15.194:0/2738847239 wait complete.
2024-02-19T16:32:23.668 INFO:teuthology.orchestra.run.smithi194.stdout:Deploying node-exporter service with default placement...
2024-02-19T16:32:24.879 INFO:teuthology.orchestra.run.smithi194.stdout:/usr/bin/ceph: stdout Scheduled node-exporter update...
2024-02-19T16:32:24.880 INFO:teuthology.orchestra.run.smithi194.stdout:/usr/bin/ceph: stderr
2024-02-19T16:32:24.100+0000 7f28b6739700 1 Processor -- start
2024-02-19T16:32:24.880 INFO:teuthology.orchestra.run.smithi194.stdout:/usr/bin/ceph: stderr
2024-02-19T16:32:24.100+0000 7f28b6739700 1 -- start start
2024-02-19T16:32:24.880 INFO:teuthology.orchestra.run.smithi194.stdout:/usr/bin/ceph: stderr
2024-02-19T16:32:24.101+0000 7f28b6739700 1 --2- >> [v2:172.21.15.194:3300/0,v1:172.21.15.194:6789/0] conn(0x7f28b0078ce0 0x7f28b00771f0 unknown :-1 s=NONE pgs=0 cs=0 l=0 rev1=0 crypto rx=0 tx=0 comp rx=0 tx=0).connect
2024-02-19T16:32:24.880 INFO:teuthology.orchestra.run.smithi194.stdout:/usr/bin/ceph: stderr
2024-02-19T16:32:24.101+0000 7f28b6739700 1 -- --> [v2:172.21.15.194:3300/0,v1:172.21.15.194:6789/0] -- mon_getmap magic: 0 v1 -- 0x7f28b00790f0 con 0x7f28b0078ce0
2024-02-19T16:32:24.880 INFO:teuthology.orchestra.run.smithi194.stdout:/usr/bin/ceph: stderr
2024-02-19T16:32:24.101+0000 7f28affff700 1 --2- >> [v2:172.21.15.194:3300/0,v1:172.21.15.194:6789/0] conn(0x7f28b0078ce0 0x7f28b00771f0 unknown :-1 s=BANNER_CONNECTING pgs=0 cs=0 l=0 rev1=0 crypto rx=0 tx=0 comp rx=0 tx=0)._handle_peer_banner_payload supported=3 required=0
2024-02-19T16:32:24.880 INFO:teuthology.orchestra.run.smithi194.stdout:/usr/bin/ceph: stderr
2024-02-19T16:32:24.101+0000 7f28affff700 1 --2- >> [v2:172.21.15.194:3300/0,v1:172.21.15.194:6789/0] conn(0x7f28b0078ce0 0x7f28b00771f0 unknown :-1 s=HELLO_CONNECTING pgs=0 cs=0 l=0 rev1=1 crypto rx=0 tx=0 comp rx=0 tx=0).handle_hello peer v2:172.21.15.194:3300/0 says I am v2:172.21.15.194:54662/0 (socket says 172.21.15.194:54662)
2024-02-19T16:32:24.880 INFO:teuthology.orchestra.run.smithi194.stdout:/usr/bin/ceph: stderr
2024-02-19T16:32:24.101+0000 7f28affff700 1 -- 172.21.15.194:0/3013469266 learned_addr learned my addr 172.21.15.194:0/3013469266 (peer_addr_for_me v2:172.21.15.194:0/0)
2024-02-19T16:32:24.880 INFO:teuthology.orchestra.run.smithi194.stdout:/usr/bin/ceph: stderr
2024-02-19T16:32:24.101+0000 7f28affff700 1 -- 172.21.15.194:0/3013469266 --> [v2:172.21.15.194:3300/0,v1:172.21.15.194:6789/0] -- mon_subscribe({config=0+,monmap=0+}) v3 -- 0x7f28b0077730 con 0x7f28b0078ce0
2024-02-19T16:32:24.880 INFO:teuthology.orchestra.run.smithi194.stdout:/usr/bin/ceph: stderr
2024-02-19T16:32:24.101+0000 7f28affff700 1 --2- 172.21.15.194:0/3013469266 >> [v2:172.21.15.194:3300/0,v1:172.21.15.194:6789/0] conn(0x7f28b0078ce0 0x7f28b00771f0 secure :-1 s=READY pgs=57 cs=0 l=1 rev1=1 crypto rx=0x7f28a40098e0 tx=0x7f28a4009250 comp rx=0 tx=0).ready entity=mon.0 client_cookie=d1b25be3e297a37e server_cookie=0 in_seq=0 out_seq=0
2024-02-19T16:32:24.880 INFO:teuthology.orchestra.run.smithi194.stdout:/usr/bin/ceph: stderr
2024-02-19T16:32:24.101+0000 7f28aeffd700 1 -- 172.21.15.194:0/3013469266 <== mon.0 v2:172.21.15.194:3300/0 1 ==== mon_map magic: 0 v1 ==== 229+0+0 (secure 0 0 0) 0x7f28a400b860 con 0x7f28b0078ce0
2024-02-19T16:32:24.880 INFO:teuthology.orchestra.run.smithi194.stdout:/usr/bin/ceph: stderr
2024-02-19T16:32:24.101+0000 7f28aeffd700 1 -- 172.21.15.194:0/3013469266 <== mon.0 v2:172.21.15.194:3300/0 2 ==== config(27 keys) v1 ==== 1109+0+0 (secure 0 0 0) 0x7f28a400be90 con 0x7f28b0078ce0
2024-02-19T16:32:24.880 INFO:teuthology.orchestra.run.smithi194.stdout:/usr/bin/ceph: stderr
2024-02-19T16:32:24.101+0000 7f28aeffd700 1 -- 172.21.15.194:0/3013469266 <== mon.0 v2:172.21.15.194:3300/0 3 ==== mon_map magic: 0 v1 ==== 229+0+0 (secure 0 0 0) 0x7f28a40103c0 con 0x7f28b0078ce0
2024-02-19T16:32:24.881 INFO:teuthology.orchestra.run.smithi194.stdout:/usr/bin/ceph: stderr
2024-02-19T16:32:24.102+0000 7f28b6739700 1 -- 172.21.15.194:0/3013469266 >> [v2:172.21.15.194:3300/0,v1:172.21.15.194:6789/0] conn(0x7f28b0078ce0 msgr2=0x7f28b00771f0 secure :-1 s=STATE_CONNECTION_ESTABLISHED l=1).mark_down
2024-02-19T16:32:24.881 INFO:teuthology.orchestra.run.smithi194.stdout:/usr/bin/ceph: stderr
2024-02-19T16:32:24.102+0000 7f28b6739700 1 --2- 172.21.15.194:0/3013469266 >> [v2:172.21.15.194:3300/0,v1:172.21.15.194:6789/0] conn(0x7f28b0078ce0 0x7f28b00771f0 secure :-1 s=READY pgs=57 cs=0 l=1 rev1=1 crypto rx=0x7f28a40098e0 tx=0x7f28a4009250 comp rx=0 tx=0).stop
2024-02-19T16:32:24.881 INFO:teuthology.orchestra.run.smithi194.stdout:/usr/bin/ceph: stderr
2024-02-19T16:32:24.102+0000 7f28b6739700 1 -- 172.21.15.194:0/3013469266 shutdown_connections
2024-02-19T16:32:24.881 INFO:teuthology.orchestra.run.smithi194.stdout:/usr/bin/ceph: stderr
2024-02-19T16:32:24.102+0000 7f28b6739700 1 --2- 172.21.15.194:0/3013469266 >> [v2:172.21.15.194:3300/0,v1:172.21.15.194:6789/0] conn(0x7f28b0078ce0 0x7f28b00771f0 unknown :-1 s=CLOSED pgs=57 cs=0 l=1 rev1=1 crypto rx=0 tx=0 comp rx=0 tx=0).stop
2024-02-19T16:32:24.881 INFO:teuthology.orchestra.run.smithi194.stdout:/usr/bin/ceph: stderr
2024-02-19T16:32:24.102+0000 7f28b6739700 1 -- 172.21.15.194:0/3013469266 >> 172.21.15.194:0/3013469266 conn(0x7f28b00fded0 msgr2=0x7f28b0100300 unknown :-1 s=STATE_NONE l=0).mark_down
2024-02-19T16:32:24.881 INFO:teuthology.orchestra.run.smithi194.stdout:/usr/bin/ceph: stderr
2024-02-19T16:32:24.102+0000 7f28b6739700 1 -- 172.21.15.194:0/3013469266 shutdown_connections
2024-02-19T16:32:24.881 INFO:teuthology.orchestra.run.smithi194.stdout:/usr/bin/ceph: stderr
2024-02-19T16:32:24.102+0000 7f28b6739700 1 -- 172.21.15.194:0/3013469266 wait complete.
2024-02-19T16:32:24.881 INFO:teuthology.orchestra.run.smithi194.stdout:/usr/bin/ceph: stderr
2024-02-19T16:32:24.103+0000 7f28b6739700 1 Processor -- start
2024-02-19T16:32:24.881 INFO:teuthology.orchestra.run.smithi194.stdout:/usr/bin/ceph: stderr
2024-02-19T16:32:24.103+0000 7f28b6739700 1 -- start start
2024-02-19T16:32:24.881 INFO:teuthology.orchestra.run.smithi194.stdout:/usr/bin/ceph: stderr
2024-02-19T16:32:24.103+0000 7f28b6739700 1 --2- >> [v2:172.21.15.194:3300/0,v1:172.21.15.194:6789/0] conn(0x7f28b0078ce0 0x7f28b01137e0 unknown :-1 s=NONE pgs=0 cs=0 l=1 rev1=0 crypto rx=0 tx=0 comp rx=0 tx=0).connect
2024-02-19T16:32:24.881 INFO:teuthology.orchestra.run.smithi194.stdout:/usr/bin/ceph: stderr
2024-02-19T16:32:24.103+0000 7f28b6739700 1 -- --> [v2:172.21.15.194:3300/0,v1:172.21.15.194:6789/0] -- mon_getmap magic: 0 v1 -- 0x7f28b0113d20 con 0x7f28b0078ce0
2024-02-19T16:32:24.881 INFO:teuthology.orchestra.run.smithi194.stdout:/usr/bin/ceph: stderr
2024-02-19T16:32:24.103+0000 7f28affff700 1 --2- >> [v2:172.21.15.194:3300/0,v1:172.21.15.194:6789/0] conn(0x7f28b0078ce0 0x7f28b01137e0 unknown :-1 s=BANNER_CONNECTING pgs=0 cs=0 l=1 rev1=0 crypto rx=0 tx=0 comp rx=0 tx=0)._handle_peer_banner_payload supported=3 required=0
2024-02-19T16:32:24.881 INFO:teuthology.orchestra.run.smithi194.stdout:/usr/bin/ceph: stderr
2024-02-19T16:32:24.103+0000 7f28affff700 1 --2- >> [v2:172.21.15.194:3300/0,v1:172.21.15.194:6789/0] conn(0x7f28b0078ce0 0x7f28b01137e0 unknown :-1 s=HELLO_CONNECTING pgs=0 cs=0 l=1 rev1=1 crypto rx=0 tx=0 comp rx=0 tx=0).handle_hello peer v2:172.21.15.194:3300/0 says I am v2:172.21.15.194:54670/0 (socket says 172.21.15.194:54670)
2024-02-19T16:32:24.881 INFO:teuthology.orchestra.run.smithi194.stdout:/usr/bin/ceph: stderr
2024-02-19T16:32:24.103+0000 7f28affff700 1 -- 172.21.15.194:0/749690300 learned_addr learned my addr 172.21.15.194:0/749690300 (peer_addr_for_me v2:172.21.15.194:0/0)
2024-02-19T16:32:24.881 INFO:teuthology.orchestra.run.smithi194.stdout:/usr/bin/ceph: stderr
2024-02-19T16:32:24.103+0000 7f28affff700 1 -- 172.21.15.194:0/749690300 --> [v2:172.21.15.194:3300/0,v1:172.21.15.194:6789/0] -- mon_subscribe({config=0+,monmap=0+}) v3 -- 0x7f28a40094f0 con 0x7f28b0078ce0
2024-02-19T16:32:24.882 INFO:teuthology.orchestra.run.smithi194.stdout:/usr/bin/ceph: stderr
2024-02-19T16:32:24.103+0000 7f28affff700 1 --2- 172.21.15.194:0/749690300 >> [v2:172.21.15.194:3300/0,v1:172.21.15.194:6789/0] conn(0x7f28b0078ce0 0x7f28b01137e0 secure :-1 s=READY pgs=58 cs=0 l=1 rev1=1 crypto rx=0x7f28a4006d40 tx=0x7f28a4009250 comp rx=0 tx=0).ready entity=mon.0 client_cookie=0 server_cookie=0 in_seq=0 out_seq=0
2024-02-19T16:32:24.882 INFO:teuthology.orchestra.run.smithi194.stdout:/usr/bin/ceph: stderr
2024-02-19T16:32:24.104+0000 7f28acff9700 1 -- 172.21.15.194:0/749690300 <== mon.0 v2:172.21.15.194:3300/0 1 ==== mon_map magic: 0 v1 ==== 229+0+0 (secure 0 0 0) 0x7f28a4010840 con 0x7f28b0078ce0
2024-02-19T16:32:24.882 INFO:teuthology.orchestra.run.smithi194.stdout:/usr/bin/ceph: stderr
2024-02-19T16:32:24.104+0000 7f28acff9700 1 -- 172.21.15.194:0/749690300 <== mon.0 v2:172.21.15.194:3300/0 2 ==== config(27 keys) v1 ==== 1109+0+0 (secure 0 0 0) 0x7f28a4010e70 con 0x7f28b0078ce0
2024-02-19T16:32:24.882 INFO:teuthology.orchestra.run.smithi194.stdout:/usr/bin/ceph: stderr
2024-02-19T16:32:24.104+0000 7f28b6739700 1 -- 172.21.15.194:0/749690300 --> [v2:172.21.15.194:3300/0,v1:172.21.15.194:6789/0] -- mon_subscribe({mgrmap=0+}) v3 -- 0x7f28b0113f20 con 0x7f28b0078ce0
2024-02-19T16:32:24.882 INFO:teuthology.orchestra.run.smithi194.stdout:/usr/bin/ceph: stderr
2024-02-19T16:32:24.104+0000 7f28acff9700 1 -- 172.21.15.194:0/749690300 <== mon.0 v2:172.21.15.194:3300/0 3 ==== mon_map magic: 0 v1 ==== 229+0+0 (secure 0 0 0) 0x7f28a4024ea0 con 0x7f28b0078ce0
2024-02-19T16:32:24.882 INFO:teuthology.orchestra.run.smithi194.stdout:/usr/bin/ceph: stderr
2024-02-19T16:32:24.104+0000 7f28b6739700 1 -- 172.21.15.194:0/749690300 --> [v2:172.21.15.194:3300/0,v1:172.21.15.194:6789/0] -- mon_subscribe({osdmap=0}) v3 -- 0x7f28b0114bc0 con 0x7f28b0078ce0
2024-02-19T16:32:24.882 INFO:teuthology.orchestra.run.smithi194.stdout:/usr/bin/ceph: stderr
2024-02-19T16:32:24.104+0000 7f28acff9700 1 -- 172.21.15.194:0/749690300 <== mon.0 v2:172.21.15.194:3300/0 4 ==== mgrmap(e 8) v1 ==== 43368+0+0 (secure 0 0 0) 0x7f28a401a540 con 0x7f28b0078ce0
2024-02-19T16:32:24.882 INFO:teuthology.orchestra.run.smithi194.stdout:/usr/bin/ceph: stderr
2024-02-19T16:32:24.105+0000 7f28acff9700 1 --2- 172.21.15.194:0/749690300 >> [v2:172.21.15.194:6800/1908214185,v1:172.21.15.194:6801/1908214185] conn(0x7f2898036790 0x7f2898038c40 unknown :-1 s=NONE pgs=0 cs=0 l=1 rev1=0 crypto rx=0 tx=0 comp rx=0 tx=0).connect
2024-02-19T16:32:24.882 INFO:teuthology.orchestra.run.smithi194.stdout:/usr/bin/ceph: stderr
2024-02-19T16:32:24.105+0000 7f28acff9700 1 -- 172.21.15.194:0/749690300 <== mon.0 v2:172.21.15.194:3300/0 5 ==== osd_map(2..2 src has 1..2) v4 ==== 936+0+0 (secure 0 0 0) 0x7f28a404a6e0 con 0x7f28b0078ce0
2024-02-19T16:32:24.882 INFO:teuthology.orchestra.run.smithi194.stdout:/usr/bin/ceph: stderr
2024-02-19T16:32:24.105+0000 7f28b6739700 1 -- 172.21.15.194:0/749690300 --> [v2:172.21.15.194:3300/0,v1:172.21.15.194:6789/0] -- mon_command({"prefix": "get_command_descriptions"} v 0) v1 -- 0x7f28b005f5c0 con 0x7f28b0078ce0
2024-02-19T16:32:24.882 INFO:teuthology.orchestra.run.smithi194.stdout:/usr/bin/ceph: stderr
2024-02-19T16:32:24.105+0000 7f28af7fe700 1 --2- 172.21.15.194:0/749690300 >> [v2:172.21.15.194:6800/1908214185,v1:172.21.15.194:6801/1908214185] conn(0x7f2898036790 0x7f2898038c40 unknown :-1 s=BANNER_CONNECTING pgs=0 cs=0 l=1 rev1=0 crypto rx=0 tx=0 comp rx=0 tx=0)._handle_peer_banner_payload supported=3 required=0
2024-02-19T16:32:24.882 INFO:teuthology.orchestra.run.smithi194.stdout:/usr/bin/ceph: stderr
2024-02-19T16:32:24.105+0000 7f28af7fe700 1 --2- 172.21.15.194:0/749690300 >> [v2:172.21.15.194:6800/1908214185,v1:172.21.15.194:6801/1908214185] conn(0x7f2898036790 0x7f2898038c40 secure :-1 s=READY pgs=17 cs=0 l=1 rev1=1 crypto rx=0x7f28a0009990 tx=0x7f28a0006e40 comp rx=0 tx=0).ready entity=mgr.14120 client_cookie=0 server_cookie=0 in_seq=0 out_seq=0
2024-02-19T16:32:24.882 INFO:teuthology.orchestra.run.smithi194.stdout:/usr/bin/ceph: stderr
2024-02-19T16:32:24.109+0000 7f28acff9700 1 -- 172.21.15.194:0/749690300 <== mon.0 v2:172.21.15.194:3300/0 6 ==== mon_command_ack([{"prefix": "get_command_descriptions"}]=0 v0) v1 ==== 72+0+175031 (secure 0 0 0) 0x7f28a4018940 con 0x7f28b0078ce0
2024-02-19T16:32:24.882 INFO:teuthology.orchestra.run.smithi194.stdout:/usr/bin/ceph: stderr
2024-02-19T16:32:24.300+0000 7f28b6739700 1 -- 172.21.15.194:0/749690300 --> [v2:172.21.15.194:6800/1908214185,v1:172.21.15.194:6801/1908214185] -- mgr_command(tid 0: {"prefix": "orch apply", "service_type": "node-exporter", "target": ["mon-mgr", ""]}) v1 -- 0x7f28b01001f0 con 0x7f2898036790
2024-02-19T16:32:24.883 INFO:teuthology.orchestra.run.smithi194.stdout:/usr/bin/ceph: stderr
2024-02-19T16:32:24.304+0000 7f28acff9700 1 -- 172.21.15.194:0/749690300 <== mgr.14120 v2:172.21.15.194:6800/1908214185 1 ==== mgr_command_reply(tid 0: 0 ) v1 ==== 8+0+34 (secure 0 0 0) 0x7f28b01001f0 con 0x7f2898036790
2024-02-19T16:32:24.883 INFO:teuthology.orchestra.run.smithi194.stdout:/usr/bin/ceph: stderr
2024-02-19T16:32:24.306+0000 7f28b6739700 1 -- 172.21.15.194:0/749690300 >> [v2:172.21.15.194:6800/1908214185,v1:172.21.15.194:6801/1908214185] conn(0x7f2898036790 msgr2=0x7f2898038c40 secure :-1 s=STATE_CONNECTION_ESTABLISHED l=1).mark_down
2024-02-19T16:32:24.883 INFO:teuthology.orchestra.run.smithi194.stdout:/usr/bin/ceph: stderr
2024-02-19T16:32:24.306+0000 7f28b6739700 1 --2- 172.21.15.194:0/749690300 >> [v2:172.21.15.194:6800/1908214185,v1:172.21.15.194:6801/1908214185] conn(0x7f2898036790 0x7f2898038c40 secure :-1 s=READY pgs=17 cs=0 l=1 rev1=1 crypto rx=0x7f28a0009990 tx=0x7f28a0006e40 comp rx=0 tx=0).stop
2024-02-19T16:32:24.883 INFO:teuthology.orchestra.run.smithi194.stdout:/usr/bin/ceph: stderr
2024-02-19T16:32:24.306+0000 7f28b6739700 1 -- 172.21.15.194:0/749690300 >> [v2:172.21.15.194:3300/0,v1:172.21.15.194:6789/0] conn(0x7f28b0078ce0 msgr2=0x7f28b01137e0 secure :-1 s=STATE_CONNECTION_ESTABLISHED l=1).mark_down
2024-02-19T16:32:24.883 INFO:teuthology.orchestra.run.smithi194.stdout:/usr/bin/ceph: stderr
2024-02-19T16:32:24.306+0000 7f28b6739700 1 --2- 172.21.15.194:0/749690300 >> [v2:172.21.15.194:3300/0,v1:172.21.15.194:6789/0] conn(0x7f28b0078ce0 0x7f28b01137e0 secure :-1 s=READY pgs=58 cs=0 l=1 rev1=1 crypto rx=0x7f28a4006d40 tx=0x7f28a4009250 comp rx=0 tx=0).stop
2024-02-19T16:32:24.883 INFO:teuthology.orchestra.run.smithi194.stdout:/usr/bin/ceph: stderr
2024-02-19T16:32:24.307+0000 7f28b6739700 1 -- 172.21.15.194:0/749690300 shutdown_connections
2024-02-19T16:32:24.883 INFO:teuthology.orchestra.run.smithi194.stdout:/usr/bin/ceph: stderr
2024-02-19T16:32:24.307+0000 7f28b6739700 1 --2- 172.21.15.194:0/749690300 >> [v2:172.21.15.194:6800/1908214185,v1:172.21.15.194:6801/1908214185] conn(0x7f2898036790 0x7f2898038c40 unknown :-1 s=CLOSED pgs=17 cs=0 l=1 rev1=1 crypto rx=0 tx=0 comp rx=0 tx=0).stop
2024-02-19T16:32:24.883 INFO:teuthology.orchestra.run.smithi194.stdout:/usr/bin/ceph: stderr
2024-02-19T16:32:24.307+0000 7f28b6739700 1 --2- 172.21.15.194:0/749690300 >> [v2:172.21.15.194:3300/0,v1:172.21.15.194:6789/0] conn(0x7f28b0078ce0 0x7f28b01137e0 unknown :-1 s=CLOSED pgs=58 cs=0 l=1 rev1=1 crypto rx=0 tx=0 comp rx=0 tx=0).stop
2024-02-19T16:32:24.883 INFO:teuthology.orchestra.run.smithi194.stdout:/usr/bin/ceph: stderr
2024-02-19T16:32:24.307+0000 7f28b6739700 1 -- 172.21.15.194:0/749690300 >> 172.21.15.194:0/749690300 conn(0x7f28b00fded0 msgr2=0x7f28b00ff5d0 unknown :-1 s=STATE_NONE l=0).mark_down
2024-02-19T16:32:24.883 INFO:teuthology.orchestra.run.smithi194.stdout:/usr/bin/ceph: stderr
2024-02-19T16:32:24.307+0000 7f28b6739700 1 -- 172.21.15.194:0/749690300 shutdown_connections
2024-02-19T16:32:24.883 INFO:teuthology.orchestra.run.smithi194.stdout:/usr/bin/ceph: stderr
2024-02-19T16:32:24.307+0000 7f28b6739700 1 -- 172.21.15.194:0/749690300 wait complete.
2024-02-19T16:32:24.883 INFO:teuthology.orchestra.run.smithi194.stdout:Deploying alertmanager service with default placement...
2024-02-19T16:32:25.473 INFO:journalctl@ceph.mon.smithi194.smithi194.stdout:Feb 19 16:32:25 smithi194 ceph-mon[28865]: from='client.14152 -' entity='client.admin' cmd=[{"prefix": "orch apply", "service_type": "node-exporter", "target": ["mon-mgr", ""]}]: dispatch
2024-02-19T16:32:25.473 INFO:journalctl@ceph.mon.smithi194.smithi194.stdout:Feb 19 16:32:25 smithi194 ceph-mon[28865]: Saving service node-exporter spec with placement *
2024-02-19T16:32:25.474 INFO:journalctl@ceph.mon.smithi194.smithi194.stdout:Feb 19 16:32:25 smithi194 ceph-mon[28865]: from='mgr.14120 172.21.15.194:0/242523735' entity='mgr.smithi194.tzsvdy'
2024-02-19T16:32:26.019 INFO:teuthology.orchestra.run.smithi194.stdout:/usr/bin/ceph: stdout Scheduled alertmanager update...
2024-02-19T16:32:26.020 INFO:teuthology.orchestra.run.smithi194.stdout:/usr/bin/ceph: stderr
2024-02-19T16:32:25.267+0000 7fbf338a0700 1 Processor -- start
2024-02-19T16:32:26.020 INFO:teuthology.orchestra.run.smithi194.stdout:/usr/bin/ceph: stderr
2024-02-19T16:32:25.268+0000 7fbf338a0700 1 -- start start
2024-02-19T16:32:26.020 INFO:teuthology.orchestra.run.smithi194.stdout:/usr/bin/ceph: stderr
2024-02-19T16:32:25.268+0000 7fbf338a0700 1 --2- >> [v2:172.21.15.194:3300/0,v1:172.21.15.194:6789/0] conn(0x7fbf2c078d00 0x7fbf2c077210 unknown :-1 s=NONE pgs=0 cs=0 l=0 rev1=0 crypto rx=0 tx=0 comp rx=0 tx=0).connect
2024-02-19T16:32:26.020 INFO:teuthology.orchestra.run.smithi194.stdout:/usr/bin/ceph: stderr
2024-02-19T16:32:25.268+0000 7fbf338a0700 1 -- --> [v2:172.21.15.194:3300/0,v1:172.21.15.194:6789/0] -- mon_getmap magic: 0 v1 -- 0x7fbf2c079110 con 0x7fbf2c078d00
2024-02-19T16:32:26.020 INFO:teuthology.orchestra.run.smithi194.stdout:/usr/bin/ceph: stderr
2024-02-19T16:32:25.268+0000 7fbf3163c700 1 --2- >> [v2:172.21.15.194:3300/0,v1:172.21.15.194:6789/0] conn(0x7fbf2c078d00 0x7fbf2c077210 unknown :-1 s=BANNER_CONNECTING pgs=0 cs=0 l=0 rev1=0 crypto rx=0 tx=0 comp rx=0 tx=0)._handle_peer_banner_payload supported=3 required=0
2024-02-19T16:32:26.020 INFO:teuthology.orchestra.run.smithi194.stdout:/usr/bin/ceph: stderr
2024-02-19T16:32:25.268+0000 7fbf3163c700 1 --2- >> [v2:172.21.15.194:3300/0,v1:172.21.15.194:6789/0] conn(0x7fbf2c078d00 0x7fbf2c077210 unknown :-1 s=HELLO_CONNECTING pgs=0 cs=0 l=0 rev1=1 crypto rx=0 tx=0 comp rx=0 tx=0).handle_hello peer v2:172.21.15.194:3300/0 says I am v2:172.21.15.194:54684/0 (socket says 172.21.15.194:54684)
2024-02-19T16:32:26.020 INFO:teuthology.orchestra.run.smithi194.stdout:/usr/bin/ceph: stderr
2024-02-19T16:32:25.268+0000 7fbf3163c700 1 -- 172.21.15.194:0/3573027089 learned_addr learned my addr 172.21.15.194:0/3573027089 (peer_addr_for_me v2:172.21.15.194:0/0)
2024-02-19T16:32:26.020 INFO:teuthology.orchestra.run.smithi194.stdout:/usr/bin/ceph: stderr
2024-02-19T16:32:25.268+0000 7fbf3163c700 1 -- 172.21.15.194:0/3573027089 --> [v2:172.21.15.194:3300/0,v1:172.21.15.194:6789/0] -- mon_subscribe({config=0+,monmap=0+}) v3 -- 0x7fbf2c077750 con 0x7fbf2c078d00
2024-02-19T16:32:26.020 INFO:teuthology.orchestra.run.smithi194.stdout:/usr/bin/ceph: stderr
2024-02-19T16:32:25.268+0000 7fbf3163c700 1 --2- 172.21.15.194:0/3573027089 >> [v2:172.21.15.194:3300/0,v1:172.21.15.194:6789/0] conn(0x7fbf2c078d00 0x7fbf2c077210 secure :-1 s=READY pgs=59 cs=0 l=1 rev1=1 crypto rx=0x7fbf280098e0 tx=0x7fbf28009250 comp rx=0 tx=0).ready entity=mon.0 client_cookie=60f3df6951d2fb0b server_cookie=0 in_seq=0 out_seq=0
2024-02-19T16:32:26.020 INFO:teuthology.orchestra.run.smithi194.stdout:/usr/bin/ceph: stderr
2024-02-19T16:32:25.268+0000 7fbf23fff700 1 -- 172.21.15.194:0/3573027089 <== mon.0 v2:172.21.15.194:3300/0 1 ==== mon_map magic: 0 v1 ==== 229+0+0 (secure 0 0 0) 0x7fbf2800b860 con 0x7fbf2c078d00
2024-02-19T16:32:26.020 INFO:teuthology.orchestra.run.smithi194.stdout:/usr/bin/ceph: stderr
2024-02-19T16:32:25.268+0000 7fbf23fff700 1 -- 172.21.15.194:0/3573027089 <== mon.0 v2:172.21.15.194:3300/0 2 ==== config(27 keys) v1 ==== 1109+0+0 (secure 0 0 0) 0x7fbf2800be90 con 0x7fbf2c078d00
2024-02-19T16:32:26.020 INFO:teuthology.orchestra.run.smithi194.stdout:/usr/bin/ceph: stderr
2024-02-19T16:32:25.268+0000 7fbf23fff700 1 -- 172.21.15.194:0/3573027089 <== mon.0 v2:172.21.15.194:3300/0 3 ==== mon_map magic: 0 v1 ==== 229+0+0 (secure 0 0 0) 0x7fbf280103c0 con 0x7fbf2c078d00
2024-02-19T16:32:26.020 INFO:teuthology.orchestra.run.smithi194.stdout:/usr/bin/ceph: stderr
2024-02-19T16:32:25.269+0000 7fbf338a0700 1 -- 172.21.15.194:0/3573027089 >> [v2:172.21.15.194:3300/0,v1:172.21.15.194:6789/0] conn(0x7fbf2c078d00 msgr2=0x7fbf2c077210 secure :-1 s=STATE_CONNECTION_ESTABLISHED l=1).mark_down
2024-02-19T16:32:26.021 INFO:teuthology.orchestra.run.smithi194.stdout:/usr/bin/ceph: stderr
2024-02-19T16:32:25.269+0000 7fbf338a0700 1 --2- 172.21.15.194:0/3573027089 >> [v2:172.21.15.194:3300/0,v1:172.21.15.194:6789/0] conn(0x7fbf2c078d00 0x7fbf2c077210 secure :-1 s=READY pgs=59 cs=0 l=1 rev1=1 crypto rx=0x7fbf280098e0 tx=0x7fbf28009250 comp rx=0 tx=0).stop
2024-02-19T16:32:26.021 INFO:teuthology.orchestra.run.smithi194.stdout:/usr/bin/ceph: stderr
2024-02-19T16:32:25.269+0000 7fbf338a0700 1 -- 172.21.15.194:0/3573027089 shutdown_connections
2024-02-19T16:32:26.021 INFO:teuthology.orchestra.run.smithi194.stdout:/usr/bin/ceph: stderr
2024-02-19T16:32:25.269+0000 7fbf338a0700 1 --2- 172.21.15.194:0/3573027089 >> [v2:172.21.15.194:3300/0,v1:172.21.15.194:6789/0] conn(0x7fbf2c078d00 0x7fbf2c077210 unknown :-1 s=CLOSED pgs=59 cs=0 l=1 rev1=1 crypto rx=0 tx=0 comp rx=0 tx=0).stop
2024-02-19T16:32:26.021 INFO:teuthology.orchestra.run.smithi194.stdout:/usr/bin/ceph: stderr
2024-02-19T16:32:25.269+0000 7fbf338a0700 1 -- 172.21.15.194:0/3573027089 >> 172.21.15.194:0/3573027089 conn(0x7fbf2c0fded0 msgr2=0x7fbf2c100300 unknown :-1 s=STATE_NONE l=0).mark_down
2024-02-19T16:32:26.021 INFO:teuthology.orchestra.run.smithi194.stdout:/usr/bin/ceph: stderr
2024-02-19T16:32:25.269+0000 7fbf338a0700 1 -- 172.21.15.194:0/3573027089 shutdown_connections
2024-02-19T16:32:26.021 INFO:teuthology.orchestra.run.smithi194.stdout:/usr/bin/ceph: stderr
2024-02-19T16:32:25.269+0000 7fbf338a0700 1 -- 172.21.15.194:0/3573027089 wait complete.
2024-02-19T16:32:26.021 INFO:teuthology.orchestra.run.smithi194.stdout:/usr/bin/ceph: stderr
2024-02-19T16:32:25.269+0000 7fbf338a0700 1 Processor -- start
2024-02-19T16:32:26.021 INFO:teuthology.orchestra.run.smithi194.stdout:/usr/bin/ceph: stderr
2024-02-19T16:32:25.270+0000 7fbf338a0700 1 -- start start
2024-02-19T16:32:26.021 INFO:teuthology.orchestra.run.smithi194.stdout:/usr/bin/ceph: stderr
2024-02-19T16:32:25.270+0000 7fbf338a0700 1 --2- >> [v2:172.21.15.194:3300/0,v1:172.21.15.194:6789/0] conn(0x7fbf2c078d00 0x7fbf2c113800 unknown :-1 s=NONE pgs=0 cs=0 l=1 rev1=0 crypto rx=0 tx=0 comp rx=0 tx=0).connect
2024-02-19T16:32:26.021 INFO:teuthology.orchestra.run.smithi194.stdout:/usr/bin/ceph: stderr
2024-02-19T16:32:25.270+0000 7fbf338a0700 1 -- --> [v2:172.21.15.194:3300/0,v1:172.21.15.194:6789/0] -- mon_getmap magic: 0 v1 -- 0x7fbf2c113d40 con 0x7fbf2c078d00
2024-02-19T16:32:26.021 INFO:teuthology.orchestra.run.smithi194.stdout:/usr/bin/ceph: stderr
2024-02-19T16:32:25.270+0000 7fbf3163c700 1 --2- >> [v2:172.21.15.194:3300/0,v1:172.21.15.194:6789/0] conn(0x7fbf2c078d00 0x7fbf2c113800 unknown :-1 s=BANNER_CONNECTING pgs=0 cs=0 l=1 rev1=0 crypto rx=0 tx=0 comp rx=0 tx=0)._handle_peer_banner_payload supported=3 required=0
2024-02-19T16:32:26.021 INFO:teuthology.orchestra.run.smithi194.stdout:/usr/bin/ceph: stderr
2024-02-19T16:32:25.270+0000 7fbf3163c700 1 --2- >> [v2:172.21.15.194:3300/0,v1:172.21.15.194:6789/0] conn(0x7fbf2c078d00 0x7fbf2c113800 unknown :-1 s=HELLO_CONNECTING pgs=0 cs=0 l=1 rev1=1 crypto rx=0 tx=0 comp rx=0 tx=0).handle_hello peer v2:172.21.15.194:3300/0 says I am v2:172.21.15.194:54696/0 (socket says 172.21.15.194:54696)
2024-02-19T16:32:26.021 INFO:teuthology.orchestra.run.smithi194.stdout:/usr/bin/ceph: stderr
2024-02-19T16:32:25.270+0000 7fbf3163c700 1 -- 172.21.15.194:0/3663051995 learned_addr learned my addr 172.21.15.194:0/3663051995 (peer_addr_for_me v2:172.21.15.194:0/0)
2024-02-19T16:32:26.021 INFO:teuthology.orchestra.run.smithi194.stdout:/usr/bin/ceph: stderr
2024-02-19T16:32:25.270+0000 7fbf3163c700 1 -- 172.21.15.194:0/3663051995 --> [v2:172.21.15.194:3300/0,v1:172.21.15.194:6789/0] -- mon_subscribe({config=0+,monmap=0+}) v3 -- 0x7fbf280094f0 con 0x7fbf2c078d00
2024-02-19T16:32:26.021 INFO:teuthology.orchestra.run.smithi194.stdout:/usr/bin/ceph: stderr
2024-02-19T16:32:25.270+0000 7fbf3163c700 1 --2- 172.21.15.194:0/3663051995 >> [v2:172.21.15.194:3300/0,v1:172.21.15.194:6789/0] conn(0x7fbf2c078d00 0x7fbf2c113800 secure :-1 s=READY pgs=60 cs=0 l=1 rev1=1 crypto rx=0x7fbf280094c0 tx=0x7fbf28009250 comp rx=0 tx=0).ready entity=mon.0 client_cookie=0 server_cookie=0 in_seq=0 out_seq=0
2024-02-19T16:32:26.022 INFO:teuthology.orchestra.run.smithi194.stdout:/usr/bin/ceph: stderr
2024-02-19T16:32:25.270+0000 7fbf21ffb700 1 -- 172.21.15.194:0/3663051995 <== mon.0 v2:172.21.15.194:3300/0 1 ==== mon_map magic: 0 v1 ==== 229+0+0 (secure 0 0 0) 0x7fbf28010890 con 0x7fbf2c078d00
2024-02-19T16:32:26.022 INFO:teuthology.orchestra.run.smithi194.stdout:/usr/bin/ceph: stderr
2024-02-19T16:32:25.270+0000 7fbf338a0700 1 -- 172.21.15.194:0/3663051995 --> [v2:172.21.15.194:3300/0,v1:172.21.15.194:6789/0] -- mon_subscribe({mgrmap=0+}) v3 -- 0x7fbf2c113f40 con 0x7fbf2c078d00
2024-02-19T16:32:26.022 INFO:teuthology.orchestra.run.smithi194.stdout:/usr/bin/ceph: stderr
2024-02-19T16:32:25.270+0000 7fbf21ffb700 1 -- 172.21.15.194:0/3663051995 <== mon.0 v2:172.21.15.194:3300/0 2 ==== config(27 keys) v1 ==== 1109+0+0 (secure 0 0 0) 0x7fbf28010ec0 con 0x7fbf2c078d00
2024-02-19T16:32:26.022 INFO:teuthology.orchestra.run.smithi194.stdout:/usr/bin/ceph: stderr
2024-02-19T16:32:25.270+0000 7fbf21ffb700 1 -- 172.21.15.194:0/3663051995 <== mon.0 v2:172.21.15.194:3300/0 3 ==== mon_map magic: 0 v1 ==== 229+0+0 (secure 0 0 0) 0x7fbf280243f0 con 0x7fbf2c078d00
2024-02-19T16:32:26.022 INFO:teuthology.orchestra.run.smithi194.stdout:/usr/bin/ceph: stderr
2024-02-19T16:32:25.271+0000 7fbf338a0700 1 -- 172.21.15.194:0/3663051995 --> [v2:172.21.15.194:3300/0,v1:172.21.15.194:6789/0] -- mon_subscribe({osdmap=0}) v3 -- 0x7fbf2c114be0 con 0x7fbf2c078d00
2024-02-19T16:32:26.022 INFO:teuthology.orchestra.run.smithi194.stdout:/usr/bin/ceph: stderr
2024-02-19T16:32:25.271+0000 7fbf21ffb700 1 -- 172.21.15.194:0/3663051995 <== mon.0 v2:172.21.15.194:3300/0 4 ==== mgrmap(e 8) v1 ==== 43368+0+0 (secure 0 0 0) 0x7fbf2802d3f0 con 0x7fbf2c078d00
2024-02-19T16:32:26.022 INFO:teuthology.orchestra.run.smithi194.stdout:/usr/bin/ceph: stderr
2024-02-19T16:32:25.271+0000 7fbf338a0700 1 -- 172.21.15.194:0/3663051995 --> [v2:172.21.15.194:3300/0,v1:172.21.15.194:6789/0] -- mon_command({"prefix": "get_command_descriptions"} v 0) v1 -- 0x7fbf2c05f5c0 con 0x7fbf2c078d00
2024-02-19T16:32:26.022 INFO:teuthology.orchestra.run.smithi194.stdout:/usr/bin/ceph: stderr
2024-02-19T16:32:25.271+0000 7fbf21ffb700 1 --2- 172.21.15.194:0/3663051995 >> [v2:172.21.15.194:6800/1908214185,v1:172.21.15.194:6801/1908214185] conn(0x7fbf18036790 0x7fbf18038c40 unknown :-1 s=NONE pgs=0 cs=0 l=1 rev1=0 crypto rx=0 tx=0 comp rx=0 tx=0).connect
