2024-02-19T16:32:29.048+0000 7f7182ffd700 1 -- 172.21.15.194:0/4271340615 <== mon.0 v2:172.21.15.194:3300/0 6 ==== mon_command_ack([{"prefix": "get_command_descriptions"}]=0 v0) v1 ==== 72+0+175031 (secure 0 0 0) 0x7f718802c930 con 0x7f7194078d00
2024-02-19T16:32:30.390 INFO:teuthology.orchestra.run.smithi194.stdout:/usr/bin/ceph: stderr
2024-02-19T16:32:29.283+0000 7f7198cef700 1 -- 172.21.15.194:0/4271340615 --> [v2:172.21.15.194:3300/0,v1:172.21.15.194:6789/0] -- mon_command({"prefix": "mgr module enable", "module": "dashboard"} v 0) v1 -- 0x7f719404bed0 con 0x7f7194078d00
2024-02-19T16:32:30.390 INFO:teuthology.orchestra.run.smithi194.stdout:/usr/bin/ceph: stderr
2024-02-19T16:32:29.822+0000 7f7182ffd700 1 -- 172.21.15.194:0/4271340615 <== mon.0 v2:172.21.15.194:3300/0 7 ==== mgrmap(e 9) v1 ==== 43381+0+0 (secure 0 0 0) 0x7f718802e440 con 0x7f7194078d00
2024-02-19T16:32:30.390 INFO:teuthology.orchestra.run.smithi194.stdout:/usr/bin/ceph: stderr
2024-02-19T16:32:29.823+0000 7f7182ffd700 1 -- 172.21.15.194:0/4271340615 <== mon.0 v2:172.21.15.194:3300/0 8 ==== mon_command_ack([{"prefix": "mgr module enable", "module": "dashboard"}]=0 v9) v1 ==== 88+0+0 (secure 0 0 0) 0x7f7188018530 con 0x7f7194078d00
2024-02-19T16:32:30.390 INFO:teuthology.orchestra.run.smithi194.stdout:/usr/bin/ceph: stderr
2024-02-19T16:32:29.825+0000 7f7198cef700 1 -- 172.21.15.194:0/4271340615 >> [v2:172.21.15.194:6800/1908214185,v1:172.21.15.194:6801/1908214185] conn(0x7f717c036790 msgr2=0x7f717c038c40 secure :-1 s=STATE_CONNECTION_ESTABLISHED l=1).mark_down
2024-02-19T16:32:30.390 INFO:teuthology.orchestra.run.smithi194.stdout:/usr/bin/ceph: stderr
2024-02-19T16:32:29.825+0000 7f7198cef700 1 --2- 172.21.15.194:0/4271340615 >> [v2:172.21.15.194:6800/1908214185,v1:172.21.15.194:6801/1908214185] conn(0x7f717c036790 0x7f717c038c40 secure :-1 s=READY pgs=21 cs=0 l=1 rev1=1 crypto rx=0x7f7184009990 tx=0x7f7184006e40 comp rx=0 tx=0).stop
2024-02-19T16:32:30.390 INFO:teuthology.orchestra.run.smithi194.stdout:/usr/bin/ceph: stderr
2024-02-19T16:32:29.825+0000 7f7198cef700 1 -- 172.21.15.194:0/4271340615 >> [v2:172.21.15.194:3300/0,v1:172.21.15.194:6789/0] conn(0x7f7194078d00 msgr2=0x7f7194113820 secure :-1 s=STATE_CONNECTION_ESTABLISHED l=1).mark_down
2024-02-19T16:32:30.390 INFO:teuthology.orchestra.run.smithi194.stdout:/usr/bin/ceph: stderr
2024-02-19T16:32:29.825+0000 7f7198cef700 1 --2- 172.21.15.194:0/4271340615 >> [v2:172.21.15.194:3300/0,v1:172.21.15.194:6789/0] conn(0x7f7194078d00 0x7f7194113820 secure :-1 s=READY pgs=66 cs=0 l=1 rev1=1 crypto rx=0x7f7188006d40 tx=0x7f7188009250 comp rx=0 tx=0).stop
2024-02-19T16:32:30.390 INFO:teuthology.orchestra.run.smithi194.stdout:/usr/bin/ceph: stderr
2024-02-19T16:32:29.825+0000 7f7198cef700 1 -- 172.21.15.194:0/4271340615 shutdown_connections
2024-02-19T16:32:30.390 INFO:teuthology.orchestra.run.smithi194.stdout:/usr/bin/ceph: stderr
2024-02-19T16:32:29.825+0000 7f7198cef700 1 --2- 172.21.15.194:0/4271340615 >> [v2:172.21.15.194:6800/1908214185,v1:172.21.15.194:6801/1908214185] conn(0x7f717c036790 0x7f717c038c40 unknown :-1 s=CLOSED pgs=21 cs=0 l=1 rev1=1 crypto rx=0 tx=0 comp rx=0 tx=0).stop
2024-02-19T16:32:30.391 INFO:teuthology.orchestra.run.smithi194.stdout:/usr/bin/ceph: stderr
2024-02-19T16:32:29.825+0000 7f7198cef700 1 --2- 172.21.15.194:0/4271340615 >> [v2:172.21.15.194:3300/0,v1:172.21.15.194:6789/0] conn(0x7f7194078d00 0x7f7194113820 unknown :-1 s=CLOSED pgs=66 cs=0 l=1 rev1=1 crypto rx=0 tx=0 comp rx=0 tx=0).stop
2024-02-19T16:32:30.391 INFO:teuthology.orchestra.run.smithi194.stdout:/usr/bin/ceph: stderr
2024-02-19T16:32:29.825+0000 7f7198cef700 1 -- 172.21.15.194:0/4271340615 >> 172.21.15.194:0/4271340615 conn(0x7f71940fded0 msgr2=0x7f71940ff620 unknown :-1 s=STATE_NONE l=0).mark_down
2024-02-19T16:32:30.391 INFO:teuthology.orchestra.run.smithi194.stdout:/usr/bin/ceph: stderr
2024-02-19T16:32:29.825+0000 7f7198cef700 1 -- 172.21.15.194:0/4271340615 shutdown_connections
2024-02-19T16:32:30.391 INFO:teuthology.orchestra.run.smithi194.stdout:/usr/bin/ceph: stderr
2024-02-19T16:32:29.825+0000 7f7198cef700 1 -- 172.21.15.194:0/4271340615 wait complete.
2024-02-19T16:32:30.966 INFO:journalctl@ceph.mon.smithi194.smithi194.stdout:Feb 19 16:32:30 smithi194 ceph-mon[28865]: from='client.? 172.21.15.194:0/4271340615' entity='client.admin' cmd='[{"prefix": "mgr module enable", "module": "dashboard"}]': finished
2024-02-19T16:32:30.966 INFO:journalctl@ceph.mon.smithi194.smithi194.stdout:Feb 19 16:32:30 smithi194 ceph-mon[28865]: mgrmap e9: smithi194.tzsvdy(active, since 23s)
2024-02-19T16:32:31.638 INFO:teuthology.orchestra.run.smithi194.stdout:/usr/bin/ceph: stdout {
2024-02-19T16:32:31.638 INFO:teuthology.orchestra.run.smithi194.stdout:/usr/bin/ceph: stdout "epoch": 9,
2024-02-19T16:32:31.638 INFO:teuthology.orchestra.run.smithi194.stdout:/usr/bin/ceph: stdout "available": true,
2024-02-19T16:32:31.638 INFO:teuthology.orchestra.run.smithi194.stdout:/usr/bin/ceph: stdout "active_name": "smithi194.tzsvdy",
2024-02-19T16:32:31.638 INFO:teuthology.orchestra.run.smithi194.stdout:/usr/bin/ceph: stdout "num_standby": 0
2024-02-19T16:32:31.638 INFO:teuthology.orchestra.run.smithi194.stdout:/usr/bin/ceph: stdout }
2024-02-19T16:32:31.638 INFO:teuthology.orchestra.run.smithi194.stdout:/usr/bin/ceph: stderr
2024-02-19T16:32:30.759+0000 7f58684c4700 1 Processor -- start
2024-02-19T16:32:31.638 INFO:teuthology.orchestra.run.smithi194.stdout:/usr/bin/ceph: stderr
2024-02-19T16:32:30.759+0000 7f58684c4700 1 -- start start
2024-02-19T16:32:31.638 INFO:teuthology.orchestra.run.smithi194.stdout:/usr/bin/ceph: stderr
2024-02-19T16:32:30.759+0000 7f58684c4700 1 --2- >> [v2:172.21.15.194:3300/0,v1:172.21.15.194:6789/0] conn(0x7f5860102770 0x7f5860102b80 unknown :-1 s=NONE pgs=0 cs=0 l=0 rev1=0 crypto rx=0 tx=0 comp rx=0 tx=0).connect
2024-02-19T16:32:31.638 INFO:teuthology.orchestra.run.smithi194.stdout:/usr/bin/ceph: stderr
2024-02-19T16:32:30.759+0000 7f58684c4700 1 -- --> [v2:172.21.15.194:3300/0,v1:172.21.15.194:6789/0] -- mon_getmap magic: 0 v1 -- 0x7f58601030c0 con 0x7f5860102770
2024-02-19T16:32:31.638 INFO:teuthology.orchestra.run.smithi194.stdout:/usr/bin/ceph: stderr
2024-02-19T16:32:30.759+0000 7f5866260700 1 --2- >> [v2:172.21.15.194:3300/0,v1:172.21.15.194:6789/0] conn(0x7f5860102770 0x7f5860102b80 unknown :-1 s=BANNER_CONNECTING pgs=0 cs=0 l=0 rev1=0 crypto rx=0 tx=0 comp rx=0 tx=0)._handle_peer_banner_payload supported=3 required=0
2024-02-19T16:32:31.639 INFO:teuthology.orchestra.run.smithi194.stdout:/usr/bin/ceph: stderr
2024-02-19T16:32:30.759+0000 7f5866260700 1 --2- >> [v2:172.21.15.194:3300/0,v1:172.21.15.194:6789/0] conn(0x7f5860102770 0x7f5860102b80 unknown :-1 s=HELLO_CONNECTING pgs=0 cs=0 l=0 rev1=1 crypto rx=0 tx=0 comp rx=0 tx=0).handle_hello peer v2:172.21.15.194:3300/0 says I am v2:172.21.15.194:40398/0 (socket says 172.21.15.194:40398)
2024-02-19T16:32:31.639 INFO:teuthology.orchestra.run.smithi194.stdout:/usr/bin/ceph: stderr
2024-02-19T16:32:30.759+0000 7f5866260700 1 -- 172.21.15.194:0/1268059369 learned_addr learned my addr 172.21.15.194:0/1268059369 (peer_addr_for_me v2:172.21.15.194:0/0)
2024-02-19T16:32:31.639 INFO:teuthology.orchestra.run.smithi194.stdout:/usr/bin/ceph: stderr
2024-02-19T16:32:30.760+0000 7f5866260700 1 -- 172.21.15.194:0/1268059369 --> [v2:172.21.15.194:3300/0,v1:172.21.15.194:6789/0] -- mon_subscribe({config=0+,monmap=0+}) v3 -- 0x7f5860103200 con 0x7f5860102770
2024-02-19T16:32:31.639 INFO:teuthology.orchestra.run.smithi194.stdout:/usr/bin/ceph: stderr
2024-02-19T16:32:30.760+0000 7f5866260700 1 --2- 172.21.15.194:0/1268059369 >> [v2:172.21.15.194:3300/0,v1:172.21.15.194:6789/0] conn(0x7f5860102770 0x7f5860102b80 secure :-1 s=READY pgs=69 cs=0 l=1 rev1=1 crypto rx=0x7f585c0098e0 tx=0x7f585c009250 comp rx=0 tx=0).ready entity=mon.0 client_cookie=ac5383858c74130b server_cookie=0 in_seq=0 out_seq=0
2024-02-19T16:32:31.639 INFO:teuthology.orchestra.run.smithi194.stdout:/usr/bin/ceph: stderr
2024-02-19T16:32:30.760+0000 7f586525e700 1 -- 172.21.15.194:0/1268059369 <== mon.0 v2:172.21.15.194:3300/0 1 ==== mon_map magic: 0 v1 ==== 229+0+0 (secure 0 0 0) 0x7f585c00b860 con 0x7f5860102770
2024-02-19T16:32:31.639 INFO:teuthology.orchestra.run.smithi194.stdout:/usr/bin/ceph: stderr
2024-02-19T16:32:30.760+0000 7f586525e700 1 -- 172.21.15.194:0/1268059369 <== mon.0 v2:172.21.15.194:3300/0 2 ==== config(27 keys) v1 ==== 1109+0+0 (secure 0 0 0) 0x7f585c00be90 con 0x7f5860102770
2024-02-19T16:32:31.639 INFO:teuthology.orchestra.run.smithi194.stdout:/usr/bin/ceph: stderr
2024-02-19T16:32:30.760+0000 7f586525e700 1 -- 172.21.15.194:0/1268059369 <== mon.0 v2:172.21.15.194:3300/0 3 ==== mon_map magic: 0 v1 ==== 229+0+0 (secure 0 0 0) 0x7f585c0103c0 con 0x7f5860102770
2024-02-19T16:32:31.639 INFO:teuthology.orchestra.run.smithi194.stdout:/usr/bin/ceph: stderr
2024-02-19T16:32:30.760+0000 7f58684c4700 1 -- 172.21.15.194:0/1268059369 >> [v2:172.21.15.194:3300/0,v1:172.21.15.194:6789/0] conn(0x7f5860102770 msgr2=0x7f5860102b80 secure :-1 s=STATE_CONNECTION_ESTABLISHED l=1).mark_down
2024-02-19T16:32:31.639 INFO:teuthology.orchestra.run.smithi194.stdout:/usr/bin/ceph: stderr
2024-02-19T16:32:30.761+0000 7f58684c4700 1 --2- 172.21.15.194:0/1268059369 >> [v2:172.21.15.194:3300/0,v1:172.21.15.194:6789/0] conn(0x7f5860102770 0x7f5860102b80 secure :-1 s=READY pgs=69 cs=0 l=1 rev1=1 crypto rx=0x7f585c0098e0 tx=0x7f585c009250 comp rx=0 tx=0).stop
2024-02-19T16:32:31.639 INFO:teuthology.orchestra.run.smithi194.stdout:/usr/bin/ceph: stderr
2024-02-19T16:32:30.761+0000 7f58684c4700 1 -- 172.21.15.194:0/1268059369 shutdown_connections
2024-02-19T16:32:31.639 INFO:teuthology.orchestra.run.smithi194.stdout:/usr/bin/ceph: stderr
2024-02-19T16:32:30.761+0000 7f58684c4700 1 --2- 172.21.15.194:0/1268059369 >> [v2:172.21.15.194:3300/0,v1:172.21.15.194:6789/0] conn(0x7f5860102770 0x7f5860102b80 unknown :-1 s=CLOSED pgs=69 cs=0 l=1 rev1=1 crypto rx=0 tx=0 comp rx=0 tx=0).stop
2024-02-19T16:32:31.639 INFO:teuthology.orchestra.run.smithi194.stdout:/usr/bin/ceph: stderr
2024-02-19T16:32:30.761+0000 7f58684c4700 1 -- 172.21.15.194:0/1268059369 >> 172.21.15.194:0/1268059369 conn(0x7f58600fded0 msgr2=0x7f5860100300 unknown :-1 s=STATE_NONE l=0).mark_down
2024-02-19T16:32:31.639 INFO:teuthology.orchestra.run.smithi194.stdout:/usr/bin/ceph: stderr
2024-02-19T16:32:30.761+0000 7f58684c4700 1 -- 172.21.15.194:0/1268059369 shutdown_connections
2024-02-19T16:32:31.639 INFO:teuthology.orchestra.run.smithi194.stdout:/usr/bin/ceph: stderr
2024-02-19T16:32:30.761+0000 7f58684c4700 1 -- 172.21.15.194:0/1268059369 wait complete.
2024-02-19T16:32:31.639 INFO:teuthology.orchestra.run.smithi194.stdout:/usr/bin/ceph: stderr
2024-02-19T16:32:30.761+0000 7f58684c4700 1 Processor -- start
2024-02-19T16:32:31.640 INFO:teuthology.orchestra.run.smithi194.stdout:/usr/bin/ceph: stderr
2024-02-19T16:32:30.761+0000 7f58684c4700 1 -- start start
2024-02-19T16:32:31.640 INFO:teuthology.orchestra.run.smithi194.stdout:/usr/bin/ceph: stderr
2024-02-19T16:32:30.761+0000 7f58684c4700 1 --2- >> [v2:172.21.15.194:3300/0,v1:172.21.15.194:6789/0] conn(0x7f5860102770 0x7f5860078d10 unknown :-1 s=NONE pgs=0 cs=0 l=1 rev1=0 crypto rx=0 tx=0 comp rx=0 tx=0).connect
2024-02-19T16:32:31.640 INFO:teuthology.orchestra.run.smithi194.stdout:/usr/bin/ceph: stderr
2024-02-19T16:32:30.761+0000 7f58684c4700 1 -- --> [v2:172.21.15.194:3300/0,v1:172.21.15.194:6789/0] -- mon_getmap magic: 0 v1 -- 0x7f5860077190 con 0x7f5860102770
2024-02-19T16:32:31.640 INFO:teuthology.orchestra.run.smithi194.stdout:/usr/bin/ceph: stderr
2024-02-19T16:32:30.762+0000 7f5866260700 1 --2- >> [v2:172.21.15.194:3300/0,v1:172.21.15.194:6789/0] conn(0x7f5860102770 0x7f5860078d10 unknown :-1 s=BANNER_CONNECTING pgs=0 cs=0 l=1 rev1=0 crypto rx=0 tx=0 comp rx=0 tx=0)._handle_peer_banner_payload supported=3 required=0
2024-02-19T16:32:31.640 INFO:teuthology.orchestra.run.smithi194.stdout:/usr/bin/ceph: stderr
2024-02-19T16:32:30.762+0000 7f5866260700 1 --2- >> [v2:172.21.15.194:3300/0,v1:172.21.15.194:6789/0] conn(0x7f5860102770 0x7f5860078d10 unknown :-1 s=HELLO_CONNECTING pgs=0 cs=0 l=1 rev1=1 crypto rx=0 tx=0 comp rx=0 tx=0).handle_hello peer v2:172.21.15.194:3300/0 says I am v2:172.21.15.194:40406/0 (socket says 172.21.15.194:40406)
2024-02-19T16:32:31.640 INFO:teuthology.orchestra.run.smithi194.stdout:/usr/bin/ceph: stderr
2024-02-19T16:32:30.762+0000 7f5866260700 1 -- 172.21.15.194:0/542897496 learned_addr learned my addr 172.21.15.194:0/542897496 (peer_addr_for_me v2:172.21.15.194:0/0)
2024-02-19T16:32:31.640 INFO:teuthology.orchestra.run.smithi194.stdout:/usr/bin/ceph: stderr
2024-02-19T16:32:30.762+0000 7f5866260700 1 -- 172.21.15.194:0/542897496 --> [v2:172.21.15.194:3300/0,v1:172.21.15.194:6789/0] -- mon_subscribe({config=0+,monmap=0+}) v3 -- 0x7f585c0094f0 con 0x7f5860102770
2024-02-19T16:32:31.640 INFO:teuthology.orchestra.run.smithi194.stdout:/usr/bin/ceph: stderr
2024-02-19T16:32:30.762+0000 7f5866260700 1 --2- 172.21.15.194:0/542897496 >> [v2:172.21.15.194:3300/0,v1:172.21.15.194:6789/0] conn(0x7f5860102770 0x7f5860078d10 secure :-1 s=READY pgs=70 cs=0 l=1 rev1=1 crypto rx=0x7f585c006b00 tx=0x7f585c009250 comp rx=0 tx=0).ready entity=mon.0 client_cookie=0 server_cookie=0 in_seq=0 out_seq=0
2024-02-19T16:32:31.640 INFO:teuthology.orchestra.run.smithi194.stdout:/usr/bin/ceph: stderr
2024-02-19T16:32:30.762+0000 7f5856ffd700 1 -- 172.21.15.194:0/542897496 <== mon.0 v2:172.21.15.194:3300/0 1 ==== mon_map magic: 0 v1 ==== 229+0+0 (secure 0 0 0) 0x7f585c0109a0 con 0x7f5860102770
2024-02-19T16:32:31.640 INFO:teuthology.orchestra.run.smithi194.stdout:/usr/bin/ceph: stderr
2024-02-19T16:32:30.762+0000 7f58684c4700 1 -- 172.21.15.194:0/542897496 --> [v2:172.21.15.194:3300/0,v1:172.21.15.194:6789/0] -- mon_subscribe({mgrmap=0+}) v3 -- 0x7f5860077390 con 0x7f5860102770
2024-02-19T16:32:31.640 INFO:teuthology.orchestra.run.smithi194.stdout:/usr/bin/ceph: stderr
2024-02-19T16:32:30.762+0000 7f5856ffd700 1 -- 172.21.15.194:0/542897496 <== mon.0 v2:172.21.15.194:3300/0 2 ==== config(27 keys) v1 ==== 1109+0+0 (secure 0 0 0) 0x7f585c01a430 con 0x7f5860102770
2024-02-19T16:32:31.640 INFO:teuthology.orchestra.run.smithi194.stdout:/usr/bin/ceph: stderr
2024-02-19T16:32:30.762+0000 7f5856ffd700 1 -- 172.21.15.194:0/542897496 <== mon.0 v2:172.21.15.194:3300/0 3 ==== mon_map magic: 0 v1 ==== 229+0+0 (secure 0 0 0) 0x7f585c0245b0 con 0x7f5860102770
2024-02-19T16:32:31.640 INFO:teuthology.orchestra.run.smithi194.stdout:/usr/bin/ceph: stderr
2024-02-19T16:32:30.762+0000 7f58684c4700 1 -- 172.21.15.194:0/542897496 --> [v2:172.21.15.194:3300/0,v1:172.21.15.194:6789/0] -- mon_subscribe({osdmap=0}) v3 -- 0x7f5860077820 con 0x7f5860102770
2024-02-19T16:32:31.640 INFO:teuthology.orchestra.run.smithi194.stdout:/usr/bin/ceph: stderr
2024-02-19T16:32:30.763+0000 7f5856ffd700 1 -- 172.21.15.194:0/542897496 <== mon.0 v2:172.21.15.194:3300/0 4 ==== mgrmap(e 9) v1 ==== 43381+0+0 (secure 0 0 0) 0x7f585c024830 con 0x7f5860102770
2024-02-19T16:32:31.641 INFO:teuthology.orchestra.run.smithi194.stdout:/usr/bin/ceph: stderr
2024-02-19T16:32:30.763+0000 7f5856ffd700 1 --2- 172.21.15.194:0/542897496 >> [v2:172.21.15.194:6800/1908214185,v1:172.21.15.194:6801/1908214185] conn(0x7f584c0367e0 0x7f584c038c90 unknown :-1 s=NONE pgs=0 cs=0 l=1 rev1=0 crypto rx=0 tx=0 comp rx=0 tx=0).connect
2024-02-19T16:32:31.641 INFO:teuthology.orchestra.run.smithi194.stdout:/usr/bin/ceph: stderr
2024-02-19T16:32:30.763+0000 7f58684c4700 1 -- 172.21.15.194:0/542897496 --> [v2:172.21.15.194:3300/0,v1:172.21.15.194:6789/0] -- mon_command({"prefix": "get_command_descriptions"} v 0) v1 -- 0x7f586004bed0 con 0x7f5860102770
2024-02-19T16:32:31.641 INFO:teuthology.orchestra.run.smithi194.stdout:/usr/bin/ceph: stderr
2024-02-19T16:32:30.763+0000 7f5865a5f700 1 -- 172.21.15.194:0/542897496 >> [v2:172.21.15.194:6800/1908214185,v1:172.21.15.194:6801/1908214185] conn(0x7f584c0367e0 msgr2=0x7f584c038c90 unknown :-1 s=STATE_CONNECTING_RE l=1).process reconnect failed to v2:172.21.15.194:6800/1908214185
2024-02-19T16:32:31.641 INFO:teuthology.orchestra.run.smithi194.stdout:/usr/bin/ceph: stderr
2024-02-19T16:32:30.763+0000 7f5856ffd700 1 -- 172.21.15.194:0/542897496 <== mon.0 v2:172.21.15.194:3300/0 5 ==== osd_map(2..2 src has 1..2) v4 ==== 936+0+0 (secure 0 0 0) 0x7f585c04a870 con 0x7f5860102770
2024-02-19T16:32:31.641 INFO:teuthology.orchestra.run.smithi194.stdout:/usr/bin/ceph: stderr
2024-02-19T16:32:30.763+0000 7f5865a5f700 1 --2- 172.21.15.194:0/542897496 >> [v2:172.21.15.194:6800/1908214185,v1:172.21.15.194:6801/1908214185] conn(0x7f584c0367e0 0x7f584c038c90 unknown :-1 s=START_CONNECT pgs=0 cs=0 l=1 rev1=0 crypto rx=0 tx=0 comp rx=0 tx=0)._fault waiting 0.200000
2024-02-19T16:32:31.641 INFO:teuthology.orchestra.run.smithi194.stdout:/usr/bin/ceph: stderr
2024-02-19T16:32:30.768+0000 7f5856ffd700 1 -- 172.21.15.194:0/542897496 <== mon.0 v2:172.21.15.194:3300/0 6 ==== mon_command_ack([{"prefix": "get_command_descriptions"}]=0 v0) v1 ==== 72+0+175031 (secure 0 0 0) 0x7f585c0189a0 con 0x7f5860102770
2024-02-19T16:32:31.641 INFO:teuthology.orchestra.run.smithi194.stdout:/usr/bin/ceph: stderr
2024-02-19T16:32:30.964+0000 7f5865a5f700 1 -- 172.21.15.194:0/542897496 >> [v2:172.21.15.194:6800/1908214185,v1:172.21.15.194:6801/1908214185] conn(0x7f584c0367e0 msgr2=0x7f584c038c90 unknown :-1 s=STATE_CONNECTING_RE l=1).process reconnect failed to v2:172.21.15.194:6800/1908214185
2024-02-19T16:32:31.641 INFO:teuthology.orchestra.run.smithi194.stdout:/usr/bin/ceph: stderr
2024-02-19T16:32:30.964+0000 7f5865a5f700 1 --2- 172.21.15.194:0/542897496 >> [v2:172.21.15.194:6800/1908214185,v1:172.21.15.194:6801/1908214185] conn(0x7f584c0367e0 0x7f584c038c90 unknown :-1 s=START_CONNECT pgs=0 cs=0 l=1 rev1=0 crypto rx=0 tx=0 comp rx=0 tx=0)._fault waiting 0.400000
2024-02-19T16:32:31.641 INFO:teuthology.orchestra.run.smithi194.stdout:/usr/bin/ceph: stderr
2024-02-19T16:32:31.006+0000 7f58684c4700 1 -- 172.21.15.194:0/542897496 --> [v2:172.21.15.194:3300/0,v1:172.21.15.194:6789/0] -- mon_command({"prefix": "mgr stat"} v 0) v1 -- 0x7f5860077f30 con 0x7f5860102770
2024-02-19T16:32:31.641 INFO:teuthology.orchestra.run.smithi194.stdout:/usr/bin/ceph: stderr
2024-02-19T16:32:31.006+0000 7f5856ffd700 1 -- 172.21.15.194:0/542897496 <== mon.0 v2:172.21.15.194:3300/0 7 ==== mon_command_ack([{"prefix": "mgr stat"}]=0 v9) v1 ==== 56+0+103 (secure 0 0 0) 0x7f585c018350 con 0x7f5860102770
2024-02-19T16:32:31.641 INFO:teuthology.orchestra.run.smithi194.stdout:/usr/bin/ceph: stderr
2024-02-19T16:32:31.010+0000 7f58684c4700 1 -- 172.21.15.194:0/542897496 >> [v2:172.21.15.194:6800/1908214185,v1:172.21.15.194:6801/1908214185] conn(0x7f584c0367e0 msgr2=0x7f584c038c90 unknown :-1 s=STATE_CONNECTING l=1).mark_down
2024-02-19T16:32:31.641 INFO:teuthology.orchestra.run.smithi194.stdout:/usr/bin/ceph: stderr
2024-02-19T16:32:31.010+0000 7f58684c4700 1 --2- 172.21.15.194:0/542897496 >> [v2:172.21.15.194:6800/1908214185,v1:172.21.15.194:6801/1908214185] conn(0x7f584c0367e0 0x7f584c038c90 unknown :-1 s=START_CONNECT pgs=0 cs=0 l=1 rev1=0 crypto rx=0 tx=0 comp rx=0 tx=0).stop
2024-02-19T16:32:31.641 INFO:teuthology.orchestra.run.smithi194.stdout:/usr/bin/ceph: stderr
2024-02-19T16:32:31.010+0000 7f58684c4700 1 -- 172.21.15.194:0/542897496 >> [v2:172.21.15.194:3300/0,v1:172.21.15.194:6789/0] conn(0x7f5860102770 msgr2=0x7f5860078d10 secure :-1 s=STATE_CONNECTION_ESTABLISHED l=1).mark_down
2024-02-19T16:32:31.641 INFO:teuthology.orchestra.run.smithi194.stdout:/usr/bin/ceph: stderr
2024-02-19T16:32:31.010+0000 7f58684c4700 1 --2- 172.21.15.194:0/542897496 >> [v2:172.21.15.194:3300/0,v1:172.21.15.194:6789/0] conn(0x7f5860102770 0x7f5860078d10 secure :-1 s=READY pgs=70 cs=0 l=1 rev1=1 crypto rx=0x7f585c006b00 tx=0x7f585c009250 comp rx=0 tx=0).stop
2024-02-19T16:32:31.642 INFO:teuthology.orchestra.run.smithi194.stdout:/usr/bin/ceph: stderr
2024-02-19T16:32:31.010+0000 7f58684c4700 1 -- 172.21.15.194:0/542897496 shutdown_connections
2024-02-19T16:32:31.642 INFO:teuthology.orchestra.run.smithi194.stdout:/usr/bin/ceph: stderr
2024-02-19T16:32:31.010+0000 7f58684c4700 1 --2- 172.21.15.194:0/542897496 >> [v2:172.21.15.194:6800/1908214185,v1:172.21.15.194:6801/1908214185] conn(0x7f584c0367e0 0x7f584c038c90 unknown :-1 s=CLOSED pgs=0 cs=0 l=1 rev1=0 crypto rx=0 tx=0 comp rx=0 tx=0).stop
2024-02-19T16:32:31.642 INFO:teuthology.orchestra.run.smithi194.stdout:/usr/bin/ceph: stderr
2024-02-19T16:32:31.010+0000 7f58684c4700 1 --2- 172.21.15.194:0/542897496 >> [v2:172.21.15.194:3300/0,v1:172.21.15.194:6789/0] conn(0x7f5860102770 0x7f5860078d10 unknown :-1 s=CLOSED pgs=70 cs=0 l=1 rev1=1 crypto rx=0 tx=0 comp rx=0 tx=0).stop
2024-02-19T16:32:31.642 INFO:teuthology.orchestra.run.smithi194.stdout:/usr/bin/ceph: stderr
2024-02-19T16:32:31.010+0000 7f58684c4700 1 -- 172.21.15.194:0/542897496 >> 172.21.15.194:0/542897496 conn(0x7f58600fded0 msgr2=0x7f58600fec90 unknown :-1 s=STATE_NONE l=0).mark_down
2024-02-19T16:32:31.642 INFO:teuthology.orchestra.run.smithi194.stdout:/usr/bin/ceph: stderr
2024-02-19T16:32:31.010+0000 7f58684c4700 1 -- 172.21.15.194:0/542897496 shutdown_connections
2024-02-19T16:32:31.642 INFO:teuthology.orchestra.run.smithi194.stdout:/usr/bin/ceph: stderr
2024-02-19T16:32:31.010+0000 7f58684c4700 1 -- 172.21.15.194:0/542897496 wait complete.
2024-02-19T16:32:31.642 INFO:teuthology.orchestra.run.smithi194.stdout:Waiting for the mgr to restart...
2024-02-19T16:32:31.642 INFO:teuthology.orchestra.run.smithi194.stdout:Waiting for mgr epoch 9...
2024-02-19T16:32:31.887 INFO:journalctl@ceph.mon.smithi194.smithi194.stdout:Feb 19 16:32:31 smithi194 ceph-mon[28865]: from='client.? 172.21.15.194:0/542897496' entity='client.admin' cmd=[{"prefix": "mgr stat"}]: dispatch
2024-02-19T16:32:37.126 INFO:journalctl@ceph.mon.smithi194.smithi194.stdout:Feb 19 16:32:36 smithi194 ceph-mon[28865]: Active manager daemon smithi194.tzsvdy restarted
2024-02-19T16:32:37.126 INFO:journalctl@ceph.mon.smithi194.smithi194.stdout:Feb 19 16:32:36 smithi194 ceph-mon[28865]: Activating manager daemon smithi194.tzsvdy
2024-02-19T16:32:37.126 INFO:journalctl@ceph.mon.smithi194.smithi194.stdout:Feb 19 16:32:36 smithi194 ceph-mon[28865]: osdmap e3: 0 total, 0 up, 0 in
2024-02-19T16:32:37.126 INFO:journalctl@ceph.mon.smithi194.smithi194.stdout:Feb 19 16:32:36 smithi194 ceph-mon[28865]: mgrmap e10: smithi194.tzsvdy(active, starting, since 0.0059562s)
2024-02-19T16:32:37.126 INFO:journalctl@ceph.mon.smithi194.smithi194.stdout:Feb 19 16:32:36 smithi194 ceph-mon[28865]: from='mgr.14162 172.21.15.194:0/3812835561' entity='mgr.smithi194.tzsvdy' cmd=[{"prefix": "mon metadata", "id": "smithi194"}]: dispatch
2024-02-19T16:32:37.126 INFO:journalctl@ceph.mon.smithi194.smithi194.stdout:Feb 19 16:32:36 smithi194 ceph-mon[28865]: from='mgr.14162 172.21.15.194:0/3812835561' entity='mgr.smithi194.tzsvdy' cmd=[{"prefix": "mgr metadata", "who": "smithi194.tzsvdy", "id": "smithi194.tzsvdy"}]: dispatch
2024-02-19T16:32:37.126 INFO:journalctl@ceph.mon.smithi194.smithi194.stdout:Feb 19 16:32:36 smithi194 ceph-mon[28865]: from='mgr.14162 172.21.15.194:0/3812835561' entity='mgr.smithi194.tzsvdy' cmd=[{"prefix": "mds metadata"}]: dispatch
2024-02-19T16:32:37.126 INFO:journalctl@ceph.mon.smithi194.smithi194.stdout:Feb 19 16:32:36 smithi194 ceph-mon[28865]: from='mgr.14162 172.21.15.194:0/3812835561' entity='mgr.smithi194.tzsvdy' cmd=[{"prefix": "osd metadata"}]: dispatch
2024-02-19T16:32:37.127 INFO:journalctl@ceph.mon.smithi194.smithi194.stdout:Feb 19 16:32:36 smithi194 ceph-mon[28865]: from='mgr.14162 172.21.15.194:0/3812835561' entity='mgr.smithi194.tzsvdy' cmd=[{"prefix": "mon metadata"}]: dispatch
2024-02-19T16:32:37.127 INFO:journalctl@ceph.mon.smithi194.smithi194.stdout:Feb 19 16:32:36 smithi194 ceph-mon[28865]: Manager daemon smithi194.tzsvdy is now available
2024-02-19T16:32:37.127 INFO:journalctl@ceph.mon.smithi194.smithi194.stdout:Feb 19 16:32:36 smithi194 ceph-mon[28865]: from='mgr.14162 172.21.15.194:0/3812835561' entity='mgr.smithi194.tzsvdy' cmd=[{"prefix": "config dump", "format": "json"}]: dispatch
2024-02-19T16:32:37.127 INFO:journalctl@ceph.mon.smithi194.smithi194.stdout:Feb 19 16:32:36 smithi194 ceph-mon[28865]: from='mgr.14162 172.21.15.194:0/3812835561' entity='mgr.smithi194.tzsvdy' cmd=[{"prefix": "config dump", "format": "json"}]: dispatch
2024-02-19T16:32:37.127 INFO:journalctl@ceph.mon.smithi194.smithi194.stdout:Feb 19 16:32:36 smithi194 ceph-mon[28865]: from='mgr.14162 172.21.15.194:0/3812835561' entity='mgr.smithi194.tzsvdy' cmd=[{"prefix":"config rm","who":"mgr","name":"mgr/rbd_support/smithi194.tzsvdy/mirror_snapshot_schedule"}]: dispatch
2024-02-19T16:32:37.127 INFO:journalctl@ceph.mon.smithi194.smithi194.stdout:Feb 19 16:32:36 smithi194 ceph-mon[28865]: from='mgr.14162 172.21.15.194:0/3812835561' entity='mgr.smithi194.tzsvdy' cmd=[{"prefix":"config rm","who":"mgr","name":"mgr/rbd_support/smithi194.tzsvdy/trash_purge_schedule"}]: dispatch
2024-02-19T16:32:38.196 INFO:teuthology.orchestra.run.smithi194.stdout:/usr/bin/ceph: stdout {
2024-02-19T16:32:38.197 INFO:teuthology.orchestra.run.smithi194.stdout:/usr/bin/ceph: stdout "mgrmap_epoch": 11,
2024-02-19T16:32:38.197 INFO:teuthology.orchestra.run.smithi194.stdout:/usr/bin/ceph: stdout "initialized": true
2024-02-19T16:32:38.197 INFO:teuthology.orchestra.run.smithi194.stdout:/usr/bin/ceph: stdout }
2024-02-19T16:32:38.197 INFO:teuthology.orchestra.run.smithi194.stdout:/usr/bin/ceph: stderr
2024-02-19T16:32:32.022+0000 7fac8d575700 1 Processor -- start
2024-02-19T16:32:38.197 INFO:teuthology.orchestra.run.smithi194.stdout:/usr/bin/ceph: stderr
2024-02-19T16:32:32.022+0000 7fac8d575700 1 -- start start
2024-02-19T16:32:38.197 INFO:teuthology.orchestra.run.smithi194.stdout:/usr/bin/ceph: stderr
2024-02-19T16:32:32.022+0000 7fac8d575700 1 --2- >> [v2:172.21.15.194:3300/0,v1:172.21.15.194:6789/0] conn(0x7fac88102770 0x7fac88102b80 unknown :-1 s=NONE pgs=0 cs=0 l=0 rev1=0 crypto rx=0 tx=0 comp rx=0 tx=0).connect
2024-02-19T16:32:38.197 INFO:teuthology.orchestra.run.smithi194.stdout:/usr/bin/ceph: stderr
2024-02-19T16:32:32.022+0000 7fac8d575700 1 -- --> [v2:172.21.15.194:3300/0,v1:172.21.15.194:6789/0] -- mon_getmap magic: 0 v1 -- 0x7fac881030c0 con 0x7fac88102770
2024-02-19T16:32:38.197 INFO:teuthology.orchestra.run.smithi194.stdout:/usr/bin/ceph: stderr
2024-02-19T16:32:32.022+0000 7fac86ffd700 1 --2- >> [v2:172.21.15.194:3300/0,v1:172.21.15.194:6789/0] conn(0x7fac88102770 0x7fac88102b80 unknown :-1 s=BANNER_CONNECTING pgs=0 cs=0 l=0 rev1=0 crypto rx=0 tx=0 comp rx=0 tx=0)._handle_peer_banner_payload supported=3 required=0
2024-02-19T16:32:38.197 INFO:teuthology.orchestra.run.smithi194.stdout:/usr/bin/ceph: stderr
2024-02-19T16:32:32.022+0000 7fac86ffd700 1 --2- >> [v2:172.21.15.194:3300/0,v1:172.21.15.194:6789/0] conn(0x7fac88102770 0x7fac88102b80 unknown :-1 s=HELLO_CONNECTING pgs=0 cs=0 l=0 rev1=1 crypto rx=0 tx=0 comp rx=0 tx=0).handle_hello peer v2:172.21.15.194:3300/0 says I am v2:172.21.15.194:40416/0 (socket says 172.21.15.194:40416)
2024-02-19T16:32:38.197 INFO:teuthology.orchestra.run.smithi194.stdout:/usr/bin/ceph: stderr
2024-02-19T16:32:32.022+0000 7fac86ffd700 1 -- 172.21.15.194:0/1219828890 learned_addr learned my addr 172.21.15.194:0/1219828890 (peer_addr_for_me v2:172.21.15.194:0/0)
2024-02-19T16:32:38.197 INFO:teuthology.orchestra.run.smithi194.stdout:/usr/bin/ceph: stderr
2024-02-19T16:32:32.023+0000 7fac86ffd700 1 -- 172.21.15.194:0/1219828890 --> [v2:172.21.15.194:3300/0,v1:172.21.15.194:6789/0] -- mon_subscribe({config=0+,monmap=0+}) v3 -- 0x7fac88103200 con 0x7fac88102770
2024-02-19T16:32:38.197 INFO:teuthology.orchestra.run.smithi194.stdout:/usr/bin/ceph: stderr
2024-02-19T16:32:32.023+0000 7fac86ffd700 1 --2- 172.21.15.194:0/1219828890 >> [v2:172.21.15.194:3300/0,v1:172.21.15.194:6789/0] conn(0x7fac88102770 0x7fac88102b80 secure :-1 s=READY pgs=71 cs=0 l=1 rev1=1 crypto rx=0x7fac780098e0 tx=0x7fac78009250 comp rx=0 tx=0).ready entity=mon.0 client_cookie=b959fac61f58dc32 server_cookie=0 in_seq=0 out_seq=0
2024-02-19T16:32:38.197 INFO:teuthology.orchestra.run.smithi194.stdout:/usr/bin/ceph: stderr
2024-02-19T16:32:32.023+0000 7fac85ffb700 1 -- 172.21.15.194:0/1219828890 <== mon.0 v2:172.21.15.194:3300/0 1 ==== mon_map magic: 0 v1 ==== 229+0+0 (secure 0 0 0) 0x7fac7800b860 con 0x7fac88102770
2024-02-19T16:32:38.198 INFO:teuthology.orchestra.run.smithi194.stdout:/usr/bin/ceph: stderr
2024-02-19T16:32:32.023+0000 7fac85ffb700 1 -- 172.21.15.194:0/1219828890 <== mon.0 v2:172.21.15.194:3300/0 2 ==== config(27 keys) v1 ==== 1109+0+0 (secure 0 0 0) 0x7fac7800be90 con 0x7fac88102770
2024-02-19T16:32:38.198 INFO:teuthology.orchestra.run.smithi194.stdout:/usr/bin/ceph: stderr
2024-02-19T16:32:32.023+0000 7fac85ffb700 1 -- 172.21.15.194:0/1219828890 <== mon.0 v2:172.21.15.194:3300/0 3 ==== mon_map magic: 0 v1 ==== 229+0+0 (secure 0 0 0) 0x7fac780103c0 con 0x7fac88102770
2024-02-19T16:32:38.198 INFO:teuthology.orchestra.run.smithi194.stdout:/usr/bin/ceph: stderr
2024-02-19T16:32:32.024+0000 7fac8d575700 1 -- 172.21.15.194:0/1219828890 >> [v2:172.21.15.194:3300/0,v1:172.21.15.194:6789/0] conn(0x7fac88102770 msgr2=0x7fac88102b80 secure :-1 s=STATE_CONNECTION_ESTABLISHED l=1).mark_down
2024-02-19T16:32:38.198 INFO:teuthology.orchestra.run.smithi194.stdout:/usr/bin/ceph: stderr
2024-02-19T16:32:32.024+0000 7fac8d575700 1 --2- 172.21.15.194:0/1219828890 >> [v2:172.21.15.194:3300/0,v1:172.21.15.194:6789/0] conn(0x7fac88102770 0x7fac88102b80 secure :-1 s=READY pgs=71 cs=0 l=1 rev1=1 crypto rx=0x7fac780098e0 tx=0x7fac78009250 comp rx=0 tx=0).stop
2024-02-19T16:32:38.198 INFO:teuthology.orchestra.run.smithi194.stdout:/usr/bin/ceph: stderr
2024-02-19T16:32:32.024+0000 7fac8d575700 1 -- 172.21.15.194:0/1219828890 shutdown_connections
2024-02-19T16:32:38.198 INFO:teuthology.orchestra.run.smithi194.stdout:/usr/bin/ceph: stderr
2024-02-19T16:32:32.024+0000 7fac8d575700 1 --2- 172.21.15.194:0/1219828890 >> [v2:172.21.15.194:3300/0,v1:172.21.15.194:6789/0] conn(0x7fac88102770 0x7fac88102b80 unknown :-1 s=CLOSED pgs=71 cs=0 l=1 rev1=1 crypto rx=0 tx=0 comp rx=0 tx=0).stop
2024-02-19T16:32:38.198 INFO:teuthology.orchestra.run.smithi194.stdout:/usr/bin/ceph: stderr
2024-02-19T16:32:32.024+0000 7fac8d575700 1 -- 172.21.15.194:0/1219828890 >> 172.21.15.194:0/1219828890 conn(0x7fac880fded0 msgr2=0x7fac88100300 unknown :-1 s=STATE_NONE l=0).mark_down
2024-02-19T16:32:38.198 INFO:teuthology.orchestra.run.smithi194.stdout:/usr/bin/ceph: stderr
2024-02-19T16:32:32.024+0000 7fac8d575700 1 -- 172.21.15.194:0/1219828890 shutdown_connections
2024-02-19T16:32:38.198 INFO:teuthology.orchestra.run.smithi194.stdout:/usr/bin/ceph: stderr
2024-02-19T16:32:32.024+0000 7fac8d575700 1 -- 172.21.15.194:0/1219828890 wait complete.
2024-02-19T16:32:38.198 INFO:teuthology.orchestra.run.smithi194.stdout:/usr/bin/ceph: stderr
2024-02-19T16:32:32.024+0000 7fac8d575700 1 Processor -- start
2024-02-19T16:32:38.198 INFO:teuthology.orchestra.run.smithi194.stdout:/usr/bin/ceph: stderr
2024-02-19T16:32:32.024+0000 7fac8d575700 1 -- start start
2024-02-19T16:32:38.198 INFO:teuthology.orchestra.run.smithi194.stdout:/usr/bin/ceph: stderr
2024-02-19T16:32:32.025+0000 7fac8d575700 1 --2- >> [v2:172.21.15.194:3300/0,v1:172.21.15.194:6789/0] conn(0x7fac88102770 0x7fac88111540 unknown :-1 s=NONE pgs=0 cs=0 l=1 rev1=0 crypto rx=0 tx=0 comp rx=0 tx=0).connect
2024-02-19T16:32:38.198 INFO:teuthology.orchestra.run.smithi194.stdout:/usr/bin/ceph: stderr
2024-02-19T16:32:32.025+0000 7fac8d575700 1 -- --> [v2:172.21.15.194:3300/0,v1:172.21.15.194:6789/0] -- mon_getmap magic: 0 v1 -- 0x7fac88111a80 con 0x7fac88102770
2024-02-19T16:32:38.198 INFO:teuthology.orchestra.run.smithi194.stdout:/usr/bin/ceph: stderr
2024-02-19T16:32:32.025+0000 7fac86ffd700 1 --2- >> [v2:172.21.15.194:3300/0,v1:172.21.15.194:6789/0] conn(0x7fac88102770 0x7fac88111540 unknown :-1 s=BANNER_CONNECTING pgs=0 cs=0 l=1 rev1=0 crypto rx=0 tx=0 comp rx=0 tx=0)._handle_peer_banner_payload supported=3 required=0
2024-02-19T16:32:38.198 INFO:teuthology.orchestra.run.smithi194.stdout:/usr/bin/ceph: stderr
2024-02-19T16:32:32.025+0000 7fac86ffd700 1 --2- >> [v2:172.21.15.194:3300/0,v1:172.21.15.194:6789/0] conn(0x7fac88102770 0x7fac88111540 unknown :-1 s=HELLO_CONNECTING pgs=0 cs=0 l=1 rev1=1 crypto rx=0 tx=0 comp rx=0 tx=0).handle_hello peer v2:172.21.15.194:3300/0 says I am v2:172.21.15.194:40428/0 (socket says 172.21.15.194:40428)
2024-02-19T16:32:38.199 INFO:teuthology.orchestra.run.smithi194.stdout:/usr/bin/ceph: stderr
2024-02-19T16:32:32.025+0000 7fac86ffd700 1 -- 172.21.15.194:0/1445757161 learned_addr learned my addr 172.21.15.194:0/1445757161 (peer_addr_for_me v2:172.21.15.194:0/0)
2024-02-19T16:32:38.199 INFO:teuthology.orchestra.run.smithi194.stdout:/usr/bin/ceph: stderr
2024-02-19T16:32:32.025+0000 7fac86ffd700 1 -- 172.21.15.194:0/1445757161 --> [v2:172.21.15.194:3300/0,v1:172.21.15.194:6789/0] -- mon_subscribe({config=0+,monmap=0+}) v3 -- 0x7fac780094f0 con 0x7fac88102770
2024-02-19T16:32:38.199 INFO:teuthology.orchestra.run.smithi194.stdout:/usr/bin/ceph: stderr
2024-02-19T16:32:32.025+0000 7fac86ffd700 1 --2- 172.21.15.194:0/1445757161 >> [v2:172.21.15.194:3300/0,v1:172.21.15.194:6789/0] conn(0x7fac88102770 0x7fac88111540 secure :-1 s=READY pgs=72 cs=0 l=1 rev1=1 crypto rx=0x7fac78011650 tx=0x7fac78009250 comp rx=0 tx=0).ready entity=mon.0 client_cookie=0 server_cookie=0 in_seq=0 out_seq=0
2024-02-19T16:32:38.199 INFO:teuthology.orchestra.run.smithi194.stdout:/usr/bin/ceph: stderr
2024-02-19T16:32:32.025+0000 7fac6f7fe700 1 -- 172.21.15.194:0/1445757161 <== mon.0 v2:172.21.15.194:3300/0 1 ==== mon_map magic: 0 v1 ==== 229+0+0 (secure 0 0 0) 0x7fac78010890 con 0x7fac88102770
2024-02-19T16:32:38.199 INFO:teuthology.orchestra.run.smithi194.stdout:/usr/bin/ceph: stderr
2024-02-19T16:32:32.025+0000 7fac8d575700 1 -- 172.21.15.194:0/1445757161 --> [v2:172.21.15.194:3300/0,v1:172.21.15.194:6789/0] -- mon_subscribe({mgrmap=0+}) v3 -- 0x7fac88111c80 con 0x7fac88102770
2024-02-19T16:32:38.199 INFO:teuthology.orchestra.run.smithi194.stdout:/usr/bin/ceph: stderr
2024-02-19T16:32:32.025+0000 7fac6f7fe700 1 -- 172.21.15.194:0/1445757161 <== mon.0 v2:172.21.15.194:3300/0 2 ==== config(27 keys) v1 ==== 1109+0+0 (secure 0 0 0) 0x7fac78010ec0 con 0x7fac88102770
2024-02-19T16:32:38.199 INFO:teuthology.orchestra.run.smithi194.stdout:/usr/bin/ceph: stderr
2024-02-19T16:32:32.025+0000 7fac8d575700 1 -- 172.21.15.194:0/1445757161 --> [v2:172.21.15.194:3300/0,v1:172.21.15.194:6789/0] -- mon_subscribe({osdmap=0}) v3 -- 0x7fac88112920 con 0x7fac88102770
2024-02-19T16:32:38.199 INFO:teuthology.orchestra.run.smithi194.stdout:/usr/bin/ceph: stderr
2024-02-19T16:32:32.025+0000 7fac6f7fe700 1 -- 172.21.15.194:0/1445757161 <== mon.0 v2:172.21.15.194:3300/0 3 ==== mon_map magic: 0 v1 ==== 229+0+0 (secure 0 0 0) 0x7fac780243f0 con 0x7fac88102770
2024-02-19T16:32:38.199 INFO:teuthology.orchestra.run.smithi194.stdout:/usr/bin/ceph: stderr
2024-02-19T16:32:32.026+0000 7fac6f7fe700 1 -- 172.21.15.194:0/1445757161 <== mon.0 v2:172.21.15.194:3300/0 4 ==== mgrmap(e 9) v1 ==== 43381+0+0 (secure 0 0 0) 0x7fac78024670 con 0x7fac88102770
2024-02-19T16:32:38.199 INFO:teuthology.orchestra.run.smithi194.stdout:/usr/bin/ceph: stderr
2024-02-19T16:32:32.027+0000 7fac6f7fe700 1 --2- 172.21.15.194:0/1445757161 >> [v2:172.21.15.194:6800/1908214185,v1:172.21.15.194:6801/1908214185] conn(0x7fac700367e0 0x7fac70038c90 unknown :-1 s=NONE pgs=0 cs=0 l=1 rev1=0 crypto rx=0 tx=0 comp rx=0 tx=0).connect
2024-02-19T16:32:38.199 INFO:teuthology.orchestra.run.smithi194.stdout:/usr/bin/ceph: stderr
2024-02-19T16:32:32.027+0000 7fac6f7fe700 1 -- 172.21.15.194:0/1445757161 --> [v2:172.21.15.194:6800/1908214185,v1:172.21.15.194:6801/1908214185] -- command(tid 0: {"prefix": "get_command_descriptions"}) v1 -- 0x7fac700393a0 con 0x7fac700367e0
2024-02-19T16:32:38.199 INFO:teuthology.orchestra.run.smithi194.stdout:/usr/bin/ceph: stderr
2024-02-19T16:32:32.027+0000 7fac6f7fe700 1 -- 172.21.15.194:0/1445757161 <== mon.0 v2:172.21.15.194:3300/0 5 ==== osd_map(2..2 src has 1..2) v4 ==== 936+0+0 (secure 0 0 0) 0x7fac7804a8b0 con 0x7fac88102770
2024-02-19T16:32:38.199 INFO:teuthology.orchestra.run.smithi194.stdout:/usr/bin/ceph: stderr
2024-02-19T16:32:32.027+0000 7fac867fc700 1 -- 172.21.15.194:0/1445757161 >> [v2:172.21.15.194:6800/1908214185,v1:172.21.15.194:6801/1908214185] conn(0x7fac700367e0 msgr2=0x7fac70038c90 unknown :-1 s=STATE_CONNECTING_RE l=1).process reconnect failed to v2:172.21.15.194:6800/1908214185
2024-02-19T16:32:38.199 INFO:teuthology.orchestra.run.smithi194.stdout:/usr/bin/ceph: stderr
2024-02-19T16:32:32.027+0000 7fac867fc700 1 --2- 172.21.15.194:0/1445757161 >> [v2:172.21.15.194:6800/1908214185,v1:172.21.15.194:6801/1908214185] conn(0x7fac700367e0 0x7fac70038c90 unknown :-1 s=START_CONNECT pgs=0 cs=0 l=1 rev1=0 crypto rx=0 tx=0 comp rx=0 tx=0)._fault waiting 0.200000
2024-02-19T16:32:38.199 INFO:teuthology.orchestra.run.smithi194.stdout:/usr/bin/ceph: stderr
2024-02-19T16:32:32.228+0000 7fac867fc700 1 -- 172.21.15.194:0/1445757161 >> [v2:172.21.15.194:6800/1908214185,v1:172.21.15.194:6801/1908214185] conn(0x7fac700367e0 msgr2=0x7fac70038c90 unknown :-1 s=STATE_CONNECTING_RE l=1).process reconnect failed to v2:172.21.15.194:6800/1908214185
2024-02-19T16:32:38.199 INFO:teuthology.orchestra.run.smithi194.stdout:/usr/bin/ceph: stderr
2024-02-19T16:32:32.228+0000 7fac867fc700 1 --2- 172.21.15.194:0/1445757161 >> [v2:172.21.15.194:6800/1908214185,v1:172.21.15.194:6801/1908214185] conn(0x7fac700367e0 0x7fac70038c90 unknown :-1 s=START_CONNECT pgs=0 cs=0 l=1 rev1=0 crypto rx=0 tx=0 comp rx=0 tx=0)._fault waiting 0.400000
2024-02-19T16:32:38.200 INFO:teuthology.orchestra.run.smithi194.stdout:/usr/bin/ceph: stderr
2024-02-19T16:32:32.629+0000 7fac867fc700 1 -- 172.21.15.194:0/1445757161 >> [v2:172.21.15.194:6800/1908214185,v1:172.21.15.194:6801/1908214185] conn(0x7fac700367e0 msgr2=0x7fac70038c90 unknown :-1 s=STATE_CONNECTING_RE l=1).process reconnect failed to v2:172.21.15.194:6800/1908214185
2024-02-19T16:32:38.200 INFO:teuthology.orchestra.run.smithi194.stdout:/usr/bin/ceph: stderr
2024-02-19T16:32:32.629+0000 7fac867fc700 1 --2- 172.21.15.194:0/1445757161 >> [v2:172.21.15.194:6800/1908214185,v1:172.21.15.194:6801/1908214185] conn(0x7fac700367e0 0x7fac70038c90 unknown :-1 s=START_CONNECT pgs=0 cs=0 l=1 rev1=0 crypto rx=0 tx=0 comp rx=0 tx=0)._fault waiting 0.800000
2024-02-19T16:32:38.200 INFO:teuthology.orchestra.run.smithi194.stdout:/usr/bin/ceph: stderr
2024-02-19T16:32:33.431+0000 7fac867fc700 1 -- 172.21.15.194:0/1445757161 >> [v2:172.21.15.194:6800/1908214185,v1:172.21.15.194:6801/1908214185] conn(0x7fac700367e0 msgr2=0x7fac70038c90 unknown :-1 s=STATE_CONNECTING_RE l=1).process reconnect failed to v2:172.21.15.194:6800/1908214185
2024-02-19T16:32:38.200 INFO:teuthology.orchestra.run.smithi194.stdout:/usr/bin/ceph: stderr
2024-02-19T16:32:33.431+0000 7fac867fc700 1 --2- 172.21.15.194:0/1445757161 >> [v2:172.21.15.194:6800/1908214185,v1:172.21.15.194:6801/1908214185] conn(0x7fac700367e0 0x7fac70038c90 unknown :-1 s=START_CONNECT pgs=0 cs=0 l=1 rev1=0 crypto rx=0 tx=0 comp rx=0 tx=0)._fault waiting 1.600000
2024-02-19T16:32:38.200 INFO:teuthology.orchestra.run.smithi194.stdout:/usr/bin/ceph: stderr
2024-02-19T16:32:35.032+0000 7fac867fc700 1 -- 172.21.15.194:0/1445757161 >> [v2:172.21.15.194:6800/1908214185,v1:172.21.15.194:6801/1908214185] conn(0x7fac700367e0 msgr2=0x7fac70038c90 unknown :-1 s=STATE_CONNECTING_RE l=1).process reconnect failed to v2:172.21.15.194:6800/1908214185
2024-02-19T16:32:38.200 INFO:teuthology.orchestra.run.smithi194.stdout:/usr/bin/ceph: stderr
2024-02-19T16:32:35.032+0000 7fac867fc700 1 --2- 172.21.15.194:0/1445757161 >> [v2:172.21.15.194:6800/1908214185,v1:172.21.15.194:6801/1908214185] conn(0x7fac700367e0 0x7fac70038c90 unknown :-1 s=START_CONNECT pgs=0 cs=0 l=1 rev1=0 crypto rx=0 tx=0 comp rx=0 tx=0)._fault waiting 3.200000
2024-02-19T16:32:38.200 INFO:teuthology.orchestra.run.smithi194.stdout:/usr/bin/ceph: stderr
2024-02-19T16:32:36.368+0000 7fac6f7fe700 1 -- 172.21.15.194:0/1445757161 <== mon.0 v2:172.21.15.194:3300/0 6 ==== mgrmap(e 10) v1 ==== 43148+0+0 (secure 0 0 0) 0x7fac7802e440 con 0x7fac88102770
2024-02-19T16:32:38.200 INFO:teuthology.orchestra.run.smithi194.stdout:/usr/bin/ceph: stderr
2024-02-19T16:32:36.368+0000 7fac6f7fe700 1 -- 172.21.15.194:0/1445757161 >> [v2:172.21.15.194:6800/1908214185,v1:172.21.15.194:6801/1908214185] conn(0x7fac700367e0 msgr2=0x7fac70038c90 unknown :-1 s=STATE_CONNECTING l=1).mark_down
2024-02-19T16:32:38.200 INFO:teuthology.orchestra.run.smithi194.stdout:/usr/bin/ceph: stderr
2024-02-19T16:32:36.368+0000 7fac6f7fe700 1 --2- 172.21.15.194:0/1445757161 >> [v2:172.21.15.194:6800/1908214185,v1:172.21.15.194:6801/1908214185] conn(0x7fac700367e0 0x7fac70038c90 unknown :-1 s=START_CONNECT pgs=0 cs=0 l=1 rev1=0 crypto rx=0 tx=0 comp rx=0 tx=0).stop
2024-02-19T16:32:38.200 INFO:teuthology.orchestra.run.smithi194.stdout:/usr/bin/ceph: stderr
2024-02-19T16:32:37.367+0000 7fac6f7fe700 1 -- 172.21.15.194:0/1445757161 <== mon.0 v2:172.21.15.194:3300/0 7 ==== mgrmap(e 11) v1 ==== 43275+0+0 (secure 0 0 0) 0x7fac78023350 con 0x7fac88102770
2024-02-19T16:32:38.200 INFO:teuthology.orchestra.run.smithi194.stdout:/usr/bin/ceph: stderr
2024-02-19T16:32:37.367+0000 7fac6f7fe700 1 --2- 172.21.15.194:0/1445757161 >> [v2:172.21.15.194:6800/597468503,v1:172.21.15.194:6801/597468503] conn(0x7fac70039fd0 0x7fac7003c3b0 unknown :-1 s=NONE pgs=0 cs=0 l=1 rev1=0 crypto rx=0 tx=0 comp rx=0 tx=0).connect
2024-02-19T16:32:38.200 INFO:teuthology.orchestra.run.smithi194.stdout:/usr/bin/ceph: stderr
2024-02-19T16:32:37.367+0000 7fac6f7fe700 1 -- 172.21.15.194:0/1445757161 --> [v2:172.21.15.194:6800/597468503,v1:172.21.15.194:6801/597468503] -- command(tid 0: {"prefix": "get_command_descriptions"}) v1 -- 0x7fac700393a0 con 0x7fac70039fd0
2024-02-19T16:32:38.200 INFO:teuthology.orchestra.run.smithi194.stdout:/usr/bin/ceph: stderr
2024-02-19T16:32:37.367+0000 7fac867fc700 1 --2- 172.21.15.194:0/1445757161 >> [v2:172.21.15.194:6800/597468503,v1:172.21.15.194:6801/597468503] conn(0x7fac70039fd0 0x7fac7003c3b0 unknown :-1 s=BANNER_CONNECTING pgs=0 cs=0 l=1 rev1=0 crypto rx=0 tx=0 comp rx=0 tx=0)._handle_peer_banner_payload supported=3 required=0
2024-02-19T16:32:38.201 INFO:teuthology.orchestra.run.smithi194.stdout:/usr/bin/ceph: stderr
2024-02-19T16:32:37.368+0000 7fac867fc700 1 --2- 172.21.15.194:0/1445757161 >> [v2:172.21.15.194:6800/597468503,v1:172.21.15.194:6801/597468503] conn(0x7fac70039fd0 0x7fac7003c3b0 secure :-1 s=READY pgs=1 cs=0 l=1 rev1=1 crypto rx=0x7fac7c0039d0 tx=0x7fac7c0092f0 comp rx=0 tx=0).ready entity=mgr.14162 client_cookie=0 server_cookie=0 in_seq=0 out_seq=0
2024-02-19T16:32:38.201 INFO:teuthology.orchestra.run.smithi194.stdout:/usr/bin/ceph: stderr
2024-02-19T16:32:37.368+0000 7fac6f7fe700 1 -- 172.21.15.194:0/1445757161 <== mgr.14162 v2:172.21.15.194:6800/597468503 1 ==== command_reply(tid 0: 0 ) v1 ==== 8+0+6549 (secure 0 0 0) 0x7fac700393a0 con 0x7fac70039fd0
2024-02-19T16:32:38.201 INFO:teuthology.orchestra.run.smithi194.stdout:/usr/bin/ceph: stderr
2024-02-19T16:32:37.374+0000 7fac8d575700 1 -- 172.21.15.194:0/1445757161 --> [v2:172.21.15.194:6800/597468503,v1:172.21.15.194:6801/597468503] -- command(tid 1: {"prefix": "mgr_status"}) v1 -- 0x7fac740025f0 con 0x7fac70039fd0
2024-02-19T16:32:38.201 INFO:teuthology.orchestra.run.smithi194.stdout:/usr/bin/ceph: stderr
2024-02-19T16:32:37.375+0000 7fac6f7fe700 1 -- 172.21.15.194:0/1445757161 <== mgr.14162 v2:172.21.15.194:6800/597468503 2 ==== command_reply(tid 1: 0 ) v1 ==== 8+0+52 (secure 0 0 0) 0x7fac740025f0 con 0x7fac70039fd0
2024-02-19T16:32:38.201 INFO:teuthology.orchestra.run.smithi194.stdout:/usr/bin/ceph: stderr
2024-02-19T16:32:37.375+0000 7fac8d575700 1 -- 172.21.15.194:0/1445757161 >> [v2:172.21.15.194:6800/597468503,v1:172.21.15.194:6801/597468503] conn(0x7fac70039fd0 msgr2=0x7fac7003c3b0 secure :-1 s=STATE_CONNECTION_ESTABLISHED l=1).mark_down
2024-02-19T16:32:38.201 INFO:teuthology.orchestra.run.smithi194.stdout:/usr/bin/ceph: stderr
2024-02-19T16:32:37.375+0000 7fac8d575700 1 --2- 172.21.15.194:0/1445757161 >> [v2:172.21.15.194:6800/597468503,v1:172.21.15.194:6801/597468503] conn(0x7fac70039fd0 0x7fac7003c3b0 secure :-1 s=READY pgs=1 cs=0 l=1 rev1=1 crypto rx=0x7fac7c0039d0 tx=0x7fac7c0092f0 comp rx=0 tx=0).stop
2024-02-19T16:32:38.201 INFO:teuthology.orchestra.run.smithi194.stdout:/usr/bin/ceph: stderr
2024-02-19T16:32:37.375+0000 7fac8d575700 1 -- 172.21.15.194:0/1445757161 >> [v2:172.21.15.194:3300/0,v1:172.21.15.194:6789/0] conn(0x7fac88102770 msgr2=0x7fac88111540 secure :-1 s=STATE_CONNECTION_ESTABLISHED l=1).mark_down
2024-02-19T16:32:38.201 INFO:teuthology.orchestra.run.smithi194.stdout:/usr/bin/ceph: stderr
2024-02-19T16:32:37.375+0000 7fac8d575700 1 --2- 172.21.15.194:0/1445757161 >> [v2:172.21.15.194:3300/0,v1:172.21.15.194:6789/0] conn(0x7fac88102770 0x7fac88111540 secure :-1 s=READY pgs=72 cs=0 l=1 rev1=1 crypto rx=0x7fac78011650 tx=0x7fac78009250 comp rx=0 tx=0).stop
2024-02-19T16:32:38.201 INFO:teuthology.orchestra.run.smithi194.stdout:/usr/bin/ceph: stderr
2024-02-19T16:32:37.375+0000 7fac8d575700 1 -- 172.21.15.194:0/1445757161 shutdown_connections
2024-02-19T16:32:38.201 INFO:teuthology.orchestra.run.smithi194.stdout:/usr/bin/ceph: stderr
2024-02-19T16:32:37.375+0000 7fac8d575700 1 --2- 172.21.15.194:0/1445757161 >> [v2:172.21.15.194:3300/0,v1:172.21.15.194:6789/0] conn(0x7fac88102770 0x7fac88111540 unknown :-1 s=CLOSED pgs=72 cs=0 l=1 rev1=1 crypto rx=0 tx=0 comp rx=0 tx=0).stop
2024-02-19T16:32:38.201 INFO:teuthology.orchestra.run.smithi194.stdout:/usr/bin/ceph: stderr
2024-02-19T16:32:37.375+0000 7fac8d575700 1 --2- 172.21.15.194:0/1445757161 >> [v2:172.21.15.194:6800/597468503,v1:172.21.15.194:6801/597468503] conn(0x7fac70039fd0 0x7fac7003c3b0 unknown :-1 s=CLOSED pgs=1 cs=0 l=1 rev1=1 crypto rx=0 tx=0 comp rx=0 tx=0).stop
2024-02-19T16:32:38.201 INFO:teuthology.orchestra.run.smithi194.stdout:/usr/bin/ceph: stderr
2024-02-19T16:32:37.375+0000 7fac8d575700 1 --2- 172.21.15.194:0/1445757161 >> [v2:172.21.15.194:6800/1908214185,v1:172.21.15.194:6801/1908214185] conn(0x7fac700367e0 0x7fac70038c90 unknown :-1 s=CLOSED pgs=0 cs=0 l=1 rev1=0 crypto rx=0 tx=0 comp rx=0 tx=0).stop
2024-02-19T16:32:38.201 INFO:teuthology.orchestra.run.smithi194.stdout:/usr/bin/ceph: stderr
2024-02-19T16:32:37.375+0000 7fac8d575700 1 -- 172.21.15.194:0/1445757161 >> 172.21.15.194:0/1445757161 conn(0x7fac880fded0 msgr2=0x7fac880fec90 unknown :-1 s=STATE_NONE l=0).mark_down
2024-02-19T16:32:38.201 INFO:teuthology.orchestra.run.smithi194.stdout:/usr/bin/ceph: stderr
2024-02-19T16:32:37.375+0000 7fac8d575700 1 -- 172.21.15.194:0/1445757161 shutdown_connections
2024-02-19T16:32:38.201 INFO:teuthology.orchestra.run.smithi194.stdout:/usr/bin/ceph: stderr
2024-02-19T16:32:37.375+0000 7fac8d575700 1 -- 172.21.15.194:0/1445757161 wait complete.
2024-02-19T16:32:38.202 INFO:teuthology.orchestra.run.smithi194.stdout:mgr epoch 9 is available
2024-02-19T16:32:38.202 INFO:teuthology.orchestra.run.smithi194.stdout:Generating a dashboard self-signed certificate...
2024-02-19T16:32:38.422 INFO:journalctl@ceph.mon.smithi194.smithi194.stdout:Feb 19 16:32:38 smithi194 ceph-mon[28865]: [19/Feb/2024:16:32:37] ENGINE Bus STARTING
2024-02-19T16:32:38.422 INFO:journalctl@ceph.mon.smithi194.smithi194.stdout:Feb 19 16:32:38 smithi194 ceph-mon[28865]: [19/Feb/2024:16:32:37] ENGINE Serving on https://172.21.15.194:7150
2024-02-19T16:32:38.422 INFO:journalctl@ceph.mon.smithi194.smithi194.stdout:Feb 19 16:32:38 smithi194 ceph-mon[28865]: [19/Feb/2024:16:32:37] ENGINE Bus STARTED
2024-02-19T16:32:38.422 INFO:journalctl@ceph.mon.smithi194.smithi194.stdout:Feb 19 16:32:38 smithi194 ceph-mon[28865]: from='mgr.14162 172.21.15.194:0/3812835561' entity='mgr.smithi194.tzsvdy'
2024-02-19T16:32:38.422 INFO:journalctl@ceph.mon.smithi194.smithi194.stdout:Feb 19 16:32:38 smithi194 ceph-mon[28865]: from='client.14166 -' entity='client.admin' cmd=[{"prefix": "get_command_descriptions"}]: dispatch
2024-02-19T16:32:38.422 INFO:journalctl@ceph.mon.smithi194.smithi194.stdout:Feb 19 16:32:38 smithi194 ceph-mon[28865]: mgrmap e11: smithi194.tzsvdy(active, since 1.00535s)
2024-02-19T16:32:38.422 INFO:journalctl@ceph.mon.smithi194.smithi194.stdout:Feb 19 16:32:38 smithi194 ceph-mon[28865]: from='client.14166 -' entity='client.admin' cmd=[{"prefix": "mgr_status"}]: dispatch
2024-02-19T16:32:38.423 INFO:journalctl@ceph.mon.smithi194.smithi194.stdout:Feb 19 16:32:38 smithi194 ceph-mon[28865]: from='mgr.14162 172.21.15.194:0/3812835561' entity='mgr.smithi194.tzsvdy'
2024-02-19T16:32:39.875 INFO:journalctl@ceph.mon.smithi194.smithi194.stdout:Feb 19 16:32:39 smithi194 ceph-mon[28865]: from='mgr.14162 172.21.15.194:0/3812835561' entity='mgr.smithi194.tzsvdy'
2024-02-19T16:32:39.876 INFO:journalctl@ceph.mon.smithi194.smithi194.stdout:Feb 19 16:32:39 smithi194 ceph-mon[28865]: from='client.14174 -' entity='client.admin' cmd=[{"prefix": "dashboard create-self-signed-cert", "target": ["mon-mgr", ""]}]: dispatch
2024-02-19T16:32:39.876 INFO:journalctl@ceph.mon.smithi194.smithi194.stdout:Feb 19 16:32:39 smithi194 ceph-mon[28865]: from='mgr.14162 172.21.15.194:0/3812835561' entity='mgr.smithi194.tzsvdy'
2024-02-19T16:32:39.876 INFO:journalctl@ceph.mon.smithi194.smithi194.stdout:Feb 19 16:32:39 smithi194 ceph-mon[28865]: from='mgr.14162 172.21.15.194:0/3812835561' entity='mgr.smithi194.tzsvdy'
2024-02-19T16:32:39.876 INFO:journalctl@ceph.mon.smithi194.smithi194.stdout:Feb 19 16:32:39 smithi194 ceph-mon[28865]: mgrmap e12: smithi194.tzsvdy(active, since 2s)
2024-02-19T16:32:40.508 INFO:teuthology.orchestra.run.smithi194.stdout:/usr/bin/ceph: stdout Self-signed certificate created
2024-02-19T16:32:40.508 INFO:teuthology.orchestra.run.smithi194.stdout:/usr/bin/ceph: stderr
