2024-03-04T07:29:24.686 INFO:teuthology.orchestra.run.smithi116.stdout:/usr/bin/ceph: stderr
2024-03-04T07:29:17.786+0000 7f2346a00700 1 -- 172.21.15.116:0/2273249089 >> [v2:172.21.15.116:6800/1181502267,v1:172.21.15.116:6801/1181502267] conn(0x7f232c038bf0 msgr2=0x7f232c03b0b0 unknown :-1 s=STATE_CONNECTING_RE l=1).process reconnect failed to v2:172.21.15.116:6800/1181502267
2024-03-04T07:29:24.687 INFO:teuthology.orchestra.run.smithi116.stdout:/usr/bin/ceph: stderr
2024-03-04T07:29:17.786+0000 7f2346a00700 1 --2- 172.21.15.116:0/2273249089 >> [v2:172.21.15.116:6800/1181502267,v1:172.21.15.116:6801/1181502267] conn(0x7f232c038bf0 0x7f232c03b0b0 unknown :-1 s=START_CONNECT pgs=0 cs=0 l=1 rev1=0 crypto rx=0 tx=0 comp rx=0 tx=0)._fault waiting 0.800000
2024-03-04T07:29:24.687 INFO:teuthology.orchestra.run.smithi116.stdout:/usr/bin/ceph: stderr
2024-03-04T07:29:18.587+0000 7f2346a00700 1 -- 172.21.15.116:0/2273249089 >> [v2:172.21.15.116:6800/1181502267,v1:172.21.15.116:6801/1181502267] conn(0x7f232c038bf0 msgr2=0x7f232c03b0b0 unknown :-1 s=STATE_CONNECTING_RE l=1).process reconnect failed to v2:172.21.15.116:6800/1181502267
2024-03-04T07:29:24.687 INFO:teuthology.orchestra.run.smithi116.stdout:/usr/bin/ceph: stderr
2024-03-04T07:29:18.587+0000 7f2346a00700 1 --2- 172.21.15.116:0/2273249089 >> [v2:172.21.15.116:6800/1181502267,v1:172.21.15.116:6801/1181502267] conn(0x7f232c038bf0 0x7f232c03b0b0 unknown :-1 s=START_CONNECT pgs=0 cs=0 l=1 rev1=0 crypto rx=0 tx=0 comp rx=0 tx=0)._fault waiting 1.600000
2024-03-04T07:29:24.687 INFO:teuthology.orchestra.run.smithi116.stdout:/usr/bin/ceph: stderr
2024-03-04T07:29:20.189+0000 7f2346a00700 1 -- 172.21.15.116:0/2273249089 >> [v2:172.21.15.116:6800/1181502267,v1:172.21.15.116:6801/1181502267] conn(0x7f232c038bf0 msgr2=0x7f232c03b0b0 unknown :-1 s=STATE_CONNECTING_RE l=1).process reconnect failed to v2:172.21.15.116:6800/1181502267
2024-03-04T07:29:24.687 INFO:teuthology.orchestra.run.smithi116.stdout:/usr/bin/ceph: stderr
2024-03-04T07:29:20.189+0000 7f2346a00700 1 --2- 172.21.15.116:0/2273249089 >> [v2:172.21.15.116:6800/1181502267,v1:172.21.15.116:6801/1181502267] conn(0x7f232c038bf0 0x7f232c03b0b0 unknown :-1 s=START_CONNECT pgs=0 cs=0 l=1 rev1=0 crypto rx=0 tx=0 comp rx=0 tx=0)._fault waiting 3.200000
2024-03-04T07:29:24.687 INFO:teuthology.orchestra.run.smithi116.stdout:/usr/bin/ceph: stderr
2024-03-04T07:29:22.914+0000 7f233fe00700 1 -- 172.21.15.116:0/2273249089 <== mon.0 v2:172.21.15.116:3300/0 6 ==== mgrmap(e 6) v1 ==== 45695+0+0 (secure 0 0 0) 0x7f2338024c40 con 0x7f2348108440
2024-03-04T07:29:24.687 INFO:teuthology.orchestra.run.smithi116.stdout:/usr/bin/ceph: stderr
2024-03-04T07:29:22.915+0000 7f233fe00700 1 -- 172.21.15.116:0/2273249089 >> [v2:172.21.15.116:6800/1181502267,v1:172.21.15.116:6801/1181502267] conn(0x7f232c038bf0 msgr2=0x7f232c03b0b0 unknown :-1 s=STATE_CONNECTING l=1).mark_down
2024-03-04T07:29:24.687 INFO:teuthology.orchestra.run.smithi116.stdout:/usr/bin/ceph: stderr
2024-03-04T07:29:22.915+0000 7f233fe00700 1 --2- 172.21.15.116:0/2273249089 >> [v2:172.21.15.116:6800/1181502267,v1:172.21.15.116:6801/1181502267] conn(0x7f232c038bf0 0x7f232c03b0b0 unknown :-1 s=START_CONNECT pgs=0 cs=0 l=1 rev1=0 crypto rx=0 tx=0 comp rx=0 tx=0).stop
2024-03-04T07:29:24.687 INFO:teuthology.orchestra.run.smithi116.stdout:/usr/bin/ceph: stderr
2024-03-04T07:29:23.918+0000 7f233fe00700 1 -- 172.21.15.116:0/2273249089 <== mon.0 v2:172.21.15.116:3300/0 7 ==== mgrmap(e 7) v1 ==== 45822+0+0 (secure 0 0 0) 0x7f233804eab0 con 0x7f2348108440
2024-03-04T07:29:24.687 INFO:teuthology.orchestra.run.smithi116.stdout:/usr/bin/ceph: stderr
2024-03-04T07:29:23.919+0000 7f233fe00700 1 --2- 172.21.15.116:0/2273249089 >> [v2:172.21.15.116:6800/3218338096,v1:172.21.15.116:6801/3218338096] conn(0x7f232c03c520 0x7f232c03e910 unknown :-1 s=NONE pgs=0 cs=0 l=1 rev1=0 crypto rx=0 tx=0 comp rx=0 tx=0).connect
2024-03-04T07:29:24.687 INFO:teuthology.orchestra.run.smithi116.stdout:/usr/bin/ceph: stderr
2024-03-04T07:29:23.919+0000 7f233fe00700 1 -- 172.21.15.116:0/2273249089 --> [v2:172.21.15.116:6800/3218338096,v1:172.21.15.116:6801/3218338096] -- command(tid 0: {"prefix": "get_command_descriptions"}) v1 -- 0x7f2338012ea0 con 0x7f232c03c520
2024-03-04T07:29:24.687 INFO:teuthology.orchestra.run.smithi116.stdout:/usr/bin/ceph: stderr
2024-03-04T07:29:23.921+0000 7f2346a00700 1 --2- 172.21.15.116:0/2273249089 >> [v2:172.21.15.116:6800/3218338096,v1:172.21.15.116:6801/3218338096] conn(0x7f232c03c520 0x7f232c03e910 unknown :-1 s=BANNER_CONNECTING pgs=0 cs=0 l=1 rev1=0 crypto rx=0 tx=0 comp rx=0 tx=0)._handle_peer_banner_payload supported=3 required=0
2024-03-04T07:29:24.687 INFO:teuthology.orchestra.run.smithi116.stdout:/usr/bin/ceph: stderr
2024-03-04T07:29:23.924+0000 7f2346a00700 1 --2- 172.21.15.116:0/2273249089 >> [v2:172.21.15.116:6800/3218338096,v1:172.21.15.116:6801/3218338096] conn(0x7f232c03c520 0x7f232c03e910 secure :-1 s=READY pgs=3 cs=0 l=1 rev1=1 crypto rx=0x7f2334003a10 tx=0x7f23340092b0 comp rx=0 tx=0).ready entity=mgr.14120 client_cookie=0 server_cookie=0 in_seq=0 out_seq=0
2024-03-04T07:29:24.687 INFO:teuthology.orchestra.run.smithi116.stdout:/usr/bin/ceph: stderr
2024-03-04T07:29:23.927+0000 7f233fe00700 1 -- 172.21.15.116:0/2273249089 <== mgr.14120 v2:172.21.15.116:6800/3218338096 1 ==== command_reply(tid 0: 0 ) v1 ==== 8+0+7774 (secure 0 0 0) 0x7f2338012ea0 con 0x7f232c03c520
2024-03-04T07:29:24.688 INFO:teuthology.orchestra.run.smithi116.stdout:/usr/bin/ceph: stderr
2024-03-04T07:29:23.934+0000 7f234e200700 1 -- 172.21.15.116:0/2273249089 --> [v2:172.21.15.116:6800/3218338096,v1:172.21.15.116:6801/3218338096] -- command(tid 1: {"prefix": "mgr_status"}) v1 -- 0x7f2348069160 con 0x7f232c03c520
2024-03-04T07:29:24.688 INFO:teuthology.orchestra.run.smithi116.stdout:/usr/bin/ceph: stderr
2024-03-04T07:29:23.935+0000 7f233fe00700 1 -- 172.21.15.116:0/2273249089 <== mgr.14120 v2:172.21.15.116:6800/3218338096 2 ==== command_reply(tid 1: 0 ) v1 ==== 8+0+51 (secure 0 0 0) 0x7f2348069160 con 0x7f232c03c520
2024-03-04T07:29:24.688 INFO:teuthology.orchestra.run.smithi116.stdout:/usr/bin/ceph: stderr
2024-03-04T07:29:23.935+0000 7f234e200700 1 -- 172.21.15.116:0/2273249089 >> [v2:172.21.15.116:6800/3218338096,v1:172.21.15.116:6801/3218338096] conn(0x7f232c03c520 msgr2=0x7f232c03e910 secure :-1 s=STATE_CONNECTION_ESTABLISHED l=1).mark_down
2024-03-04T07:29:24.688 INFO:teuthology.orchestra.run.smithi116.stdout:/usr/bin/ceph: stderr
2024-03-04T07:29:23.935+0000 7f234e200700 1 --2- 172.21.15.116:0/2273249089 >> [v2:172.21.15.116:6800/3218338096,v1:172.21.15.116:6801/3218338096] conn(0x7f232c03c520 0x7f232c03e910 secure :-1 s=READY pgs=3 cs=0 l=1 rev1=1 crypto rx=0x7f2334003a10 tx=0x7f23340092b0 comp rx=0 tx=0).stop
2024-03-04T07:29:24.688 INFO:teuthology.orchestra.run.smithi116.stdout:/usr/bin/ceph: stderr
2024-03-04T07:29:23.935+0000 7f234e200700 1 -- 172.21.15.116:0/2273249089 >> [v2:172.21.15.116:3300/0,v1:172.21.15.116:6789/0] conn(0x7f2348108440 msgr2=0x7f234819dde0 secure :-1 s=STATE_CONNECTION_ESTABLISHED l=1).mark_down
2024-03-04T07:29:24.688 INFO:teuthology.orchestra.run.smithi116.stdout:/usr/bin/ceph: stderr
2024-03-04T07:29:23.935+0000 7f234e200700 1 --2- 172.21.15.116:0/2273249089 >> [v2:172.21.15.116:3300/0,v1:172.21.15.116:6789/0] conn(0x7f2348108440 0x7f234819dde0 secure :-1 s=READY pgs=29 cs=0 l=1 rev1=1 crypto rx=0x7f2338011b60 tx=0x7f2338011c40 comp rx=0 tx=0).stop
2024-03-04T07:29:24.688 INFO:teuthology.orchestra.run.smithi116.stdout:/usr/bin/ceph: stderr
2024-03-04T07:29:23.936+0000 7f234e200700 1 -- 172.21.15.116:0/2273249089 shutdown_connections
2024-03-04T07:29:24.688 INFO:teuthology.orchestra.run.smithi116.stdout:/usr/bin/ceph: stderr
2024-03-04T07:29:23.936+0000 7f234e200700 1 --2- 172.21.15.116:0/2273249089 >> [v2:172.21.15.116:6800/3218338096,v1:172.21.15.116:6801/3218338096] conn(0x7f232c03c520 0x7f232c03e910 unknown :-1 s=CLOSED pgs=3 cs=0 l=1 rev1=1 crypto rx=0 tx=0 comp rx=0 tx=0).stop
2024-03-04T07:29:24.688 INFO:teuthology.orchestra.run.smithi116.stdout:/usr/bin/ceph: stderr
2024-03-04T07:29:23.936+0000 7f234e200700 1 --2- 172.21.15.116:0/2273249089 >> [v2:172.21.15.116:3300/0,v1:172.21.15.116:6789/0] conn(0x7f2348108440 0x7f234819dde0 unknown :-1 s=CLOSED pgs=29 cs=0 l=1 rev1=1 crypto rx=0 tx=0 comp rx=0 tx=0).stop
2024-03-04T07:29:24.688 INFO:teuthology.orchestra.run.smithi116.stdout:/usr/bin/ceph: stderr
2024-03-04T07:29:23.936+0000 7f234e200700 1 --2- 172.21.15.116:0/2273249089 >> [v2:172.21.15.116:6800/1181502267,v1:172.21.15.116:6801/1181502267] conn(0x7f232c038bf0 0x7f232c03b0b0 unknown :-1 s=CLOSED pgs=0 cs=0 l=1 rev1=0 crypto rx=0 tx=0 comp rx=0 tx=0).stop
2024-03-04T07:29:24.688 INFO:teuthology.orchestra.run.smithi116.stdout:/usr/bin/ceph: stderr
2024-03-04T07:29:23.936+0000 7f234e200700 1 -- 172.21.15.116:0/2273249089 >> 172.21.15.116:0/2273249089 conn(0x7f2348101e70 msgr2=0x7f2348102d80 unknown :-1 s=STATE_NONE l=0).mark_down
2024-03-04T07:29:24.688 INFO:teuthology.orchestra.run.smithi116.stdout:/usr/bin/ceph: stderr
2024-03-04T07:29:23.936+0000 7f234e200700 1 -- 172.21.15.116:0/2273249089 shutdown_connections
2024-03-04T07:29:24.688 INFO:teuthology.orchestra.run.smithi116.stdout:/usr/bin/ceph: stderr
2024-03-04T07:29:23.936+0000 7f234e200700 1 -- 172.21.15.116:0/2273249089 wait complete.
2024-03-04T07:29:24.689 INFO:teuthology.orchestra.run.smithi116.stdout:mgr epoch 5 is available
2024-03-04T07:29:24.689 INFO:teuthology.orchestra.run.smithi116.stdout:Setting orchestrator backend to cephadm...
2024-03-04T07:29:25.237 INFO:journalctl@ceph.mon.a.smithi116.stdout:Mar 04 07:29:24 smithi116 ceph-mon[32150]: from='client.14124 -' entity='client.admin' cmd=[{"prefix": "get_command_descriptions"}]: dispatch
2024-03-04T07:29:25.237 INFO:journalctl@ceph.mon.a.smithi116.stdout:Mar 04 07:29:24 smithi116 ceph-mon[32150]: from='client.14124 -' entity='client.admin' cmd=[{"prefix": "mgr_status"}]: dispatch
2024-03-04T07:29:25.237 INFO:journalctl@ceph.mon.a.smithi116.stdout:Mar 04 07:29:24 smithi116 ceph-mon[32150]: [04/Mar/2024:07:29:24] ENGINE Bus STARTING
2024-03-04T07:29:25.237 INFO:journalctl@ceph.mon.a.smithi116.stdout:Mar 04 07:29:24 smithi116 ceph-mon[32150]: [04/Mar/2024:07:29:24] ENGINE Serving on http://172.21.15.116:8765
2024-03-04T07:29:25.237 INFO:journalctl@ceph.mon.a.smithi116.stdout:Mar 04 07:29:24 smithi116 ceph-mon[32150]: from='mgr.14120 172.21.15.116:0/2563209964' entity='mgr.x' cmd=[{"prefix": "config dump", "format": "json"}]: dispatch
2024-03-04T07:29:26.215 INFO:journalctl@ceph.mon.a.smithi116.stdout:Mar 04 07:29:25 smithi116 ceph-mon[32150]: [04/Mar/2024:07:29:24] ENGINE Serving on https://172.21.15.116:7150
2024-03-04T07:29:26.216 INFO:journalctl@ceph.mon.a.smithi116.stdout:Mar 04 07:29:25 smithi116 ceph-mon[32150]: [04/Mar/2024:07:29:24] ENGINE Bus STARTED
2024-03-04T07:29:26.216 INFO:journalctl@ceph.mon.a.smithi116.stdout:Mar 04 07:29:25 smithi116 ceph-mon[32150]: mgrmap e8: x(active, since 2s)
2024-03-04T07:29:26.216 INFO:journalctl@ceph.mon.a.smithi116.stdout:Mar 04 07:29:25 smithi116 ceph-mon[32150]: from='mgr.14120 172.21.15.116:0/2563209964' entity='mgr.x'
2024-03-04T07:29:26.216 INFO:journalctl@ceph.mon.a.smithi116.stdout:Mar 04 07:29:25 smithi116 ceph-mon[32150]: from='mgr.14120 172.21.15.116:0/2563209964' entity='mgr.x' cmd=[{"prefix": "config dump", "format": "json"}]: dispatch
2024-03-04T07:29:26.237 INFO:teuthology.orchestra.run.smithi116.stdout:/usr/bin/ceph: stderr
2024-03-04T07:29:25.309+0000 7f9aba000700 1 Processor -- start
2024-03-04T07:29:26.238 INFO:teuthology.orchestra.run.smithi116.stdout:/usr/bin/ceph: stderr
2024-03-04T07:29:25.309+0000 7f9aba000700 1 -- start start
2024-03-04T07:29:26.239 INFO:teuthology.orchestra.run.smithi116.stdout:/usr/bin/ceph: stderr
2024-03-04T07:29:25.310+0000 7f9aba000700 1 --2- >> [v2:172.21.15.116:3300/0,v1:172.21.15.116:6789/0] conn(0x7f9ab407cec0 0x7f9ab407b320 unknown :-1 s=NONE pgs=0 cs=0 l=0 rev1=0 crypto rx=0 tx=0 comp rx=0 tx=0).connect
2024-03-04T07:29:26.239 INFO:teuthology.orchestra.run.smithi116.stdout:/usr/bin/ceph: stderr
2024-03-04T07:29:25.310+0000 7f9aba000700 1 -- --> [v2:172.21.15.116:3300/0,v1:172.21.15.116:6789/0] -- mon_getmap magic: 0 v1 -- 0x7f9ab407b8f0 con 0x7f9ab407cec0
2024-03-04T07:29:26.239 INFO:teuthology.orchestra.run.smithi116.stdout:/usr/bin/ceph: stderr
2024-03-04T07:29:25.310+0000 7f9ab3400700 1 --2- >> [v2:172.21.15.116:3300/0,v1:172.21.15.116:6789/0] conn(0x7f9ab407cec0 0x7f9ab407b320 unknown :-1 s=BANNER_CONNECTING pgs=0 cs=0 l=0 rev1=0 crypto rx=0 tx=0 comp rx=0 tx=0)._handle_peer_banner_payload supported=3 required=0
2024-03-04T07:29:26.239 INFO:teuthology.orchestra.run.smithi116.stdout:/usr/bin/ceph: stderr
2024-03-04T07:29:25.310+0000 7f9ab3400700 1 --2- >> [v2:172.21.15.116:3300/0,v1:172.21.15.116:6789/0] conn(0x7f9ab407cec0 0x7f9ab407b320 unknown :-1 s=HELLO_CONNECTING pgs=0 cs=0 l=0 rev1=1 crypto rx=0 tx=0 comp rx=0 tx=0).handle_hello peer v2:172.21.15.116:3300/0 says I am v2:172.21.15.116:42998/0 (socket says 172.21.15.116:42998)
2024-03-04T07:29:26.239 INFO:teuthology.orchestra.run.smithi116.stdout:/usr/bin/ceph: stderr
2024-03-04T07:29:25.310+0000 7f9ab3400700 1 -- 172.21.15.116:0/1384326469 learned_addr learned my addr 172.21.15.116:0/1384326469 (peer_addr_for_me v2:172.21.15.116:0/0)
2024-03-04T07:29:26.240 INFO:teuthology.orchestra.run.smithi116.stdout:/usr/bin/ceph: stderr
2024-03-04T07:29:25.311+0000 7f9ab3400700 1 -- 172.21.15.116:0/1384326469 --> [v2:172.21.15.116:3300/0,v1:172.21.15.116:6789/0] -- mon_subscribe({config=0+,monmap=0+}) v3 -- 0x7f9ab407ba70 con 0x7f9ab407cec0
2024-03-04T07:29:26.240 INFO:teuthology.orchestra.run.smithi116.stdout:/usr/bin/ceph: stderr
2024-03-04T07:29:25.311+0000 7f9ab3400700 1 --2- 172.21.15.116:0/1384326469 >> [v2:172.21.15.116:3300/0,v1:172.21.15.116:6789/0] conn(0x7f9ab407cec0 0x7f9ab407b320 secure :-1 s=READY pgs=37 cs=0 l=1 rev1=1 crypto rx=0x7f9aa4009e80 tx=0x7f9aa400b330 comp rx=0 tx=0).ready entity=mon.0 client_cookie=2e905e37d5f29740 server_cookie=0 in_seq=0 out_seq=0
2024-03-04T07:29:26.240 INFO:teuthology.orchestra.run.smithi116.stdout:/usr/bin/ceph: stderr
2024-03-04T07:29:25.311+0000 7f9ab2a00700 1 -- 172.21.15.116:0/1384326469 <== mon.0 v2:172.21.15.116:3300/0 1 ==== mon_map magic: 0 v1 ==== 205+0+0 (secure 0 0 0) 0x7f9aa4017070 con 0x7f9ab407cec0
2024-03-04T07:29:26.240 INFO:teuthology.orchestra.run.smithi116.stdout:/usr/bin/ceph: stderr
2024-03-04T07:29:25.312+0000 7f9ab2a00700 1 -- 172.21.15.116:0/1384326469 <== mon.0 v2:172.21.15.116:3300/0 2 ==== config(27 keys) v1 ==== 1109+0+0 (secure 0 0 0) 0x7f9aa400b8c0 con 0x7f9ab407cec0
2024-03-04T07:29:26.240 INFO:teuthology.orchestra.run.smithi116.stdout:/usr/bin/ceph: stderr
2024-03-04T07:29:25.312+0000 7f9ab2a00700 1 -- 172.21.15.116:0/1384326469 <== mon.0 v2:172.21.15.116:3300/0 3 ==== mon_map magic: 0 v1 ==== 205+0+0 (secure 0 0 0) 0x7f9aa40045c0 con 0x7f9ab407cec0
2024-03-04T07:29:26.240 INFO:teuthology.orchestra.run.smithi116.stdout:/usr/bin/ceph: stderr
2024-03-04T07:29:25.312+0000 7f9aba000700 1 -- 172.21.15.116:0/1384326469 >> [v2:172.21.15.116:3300/0,v1:172.21.15.116:6789/0] conn(0x7f9ab407cec0 msgr2=0x7f9ab407b320 secure :-1 s=STATE_CONNECTION_ESTABLISHED l=1).mark_down
2024-03-04T07:29:26.240 INFO:teuthology.orchestra.run.smithi116.stdout:/usr/bin/ceph: stderr
2024-03-04T07:29:25.312+0000 7f9aba000700 1 --2- 172.21.15.116:0/1384326469 >> [v2:172.21.15.116:3300/0,v1:172.21.15.116:6789/0] conn(0x7f9ab407cec0 0x7f9ab407b320 secure :-1 s=READY pgs=37 cs=0 l=1 rev1=1 crypto rx=0x7f9aa4009e80 tx=0x7f9aa400b330 comp rx=0 tx=0).stop
2024-03-04T07:29:26.240 INFO:teuthology.orchestra.run.smithi116.stdout:/usr/bin/ceph: stderr
2024-03-04T07:29:25.312+0000 7f9aba000700 1 -- 172.21.15.116:0/1384326469 shutdown_connections
2024-03-04T07:29:26.244 INFO:teuthology.orchestra.run.smithi116.stdout:/usr/bin/ceph: stderr
2024-03-04T07:29:25.312+0000 7f9aba000700 1 --2- 172.21.15.116:0/1384326469 >> [v2:172.21.15.116:3300/0,v1:172.21.15.116:6789/0] conn(0x7f9ab407cec0 0x7f9ab407b320 unknown :-1 s=CLOSED pgs=37 cs=0 l=1 rev1=1 crypto rx=0 tx=0 comp rx=0 tx=0).stop
2024-03-04T07:29:26.244 INFO:teuthology.orchestra.run.smithi116.stdout:/usr/bin/ceph: stderr
2024-03-04T07:29:25.312+0000 7f9aba000700 1 -- 172.21.15.116:0/1384326469 >> 172.21.15.116:0/1384326469 conn(0x7f9ab4102f60 msgr2=0x7f9ab4105380 unknown :-1 s=STATE_NONE l=0).mark_down
2024-03-04T07:29:26.244 INFO:teuthology.orchestra.run.smithi116.stdout:/usr/bin/ceph: stderr
2024-03-04T07:29:25.312+0000 7f9aba000700 1 -- 172.21.15.116:0/1384326469 shutdown_connections
2024-03-04T07:29:26.244 INFO:teuthology.orchestra.run.smithi116.stdout:/usr/bin/ceph: stderr
2024-03-04T07:29:25.313+0000 7f9aba000700 1 -- 172.21.15.116:0/1384326469 wait complete.
2024-03-04T07:29:26.244 INFO:teuthology.orchestra.run.smithi116.stdout:/usr/bin/ceph: stderr
2024-03-04T07:29:25.313+0000 7f9aba000700 1 Processor -- start
2024-03-04T07:29:26.244 INFO:teuthology.orchestra.run.smithi116.stdout:/usr/bin/ceph: stderr
2024-03-04T07:29:25.314+0000 7f9aba000700 1 -- start start
2024-03-04T07:29:26.244 INFO:teuthology.orchestra.run.smithi116.stdout:/usr/bin/ceph: stderr
2024-03-04T07:29:25.314+0000 7f9aba000700 1 --2- >> [v2:172.21.15.116:3300/0,v1:172.21.15.116:6789/0] conn(0x7f9ab407cec0 0x7f9ab419db90 unknown :-1 s=NONE pgs=0 cs=0 l=1 rev1=0 crypto rx=0 tx=0 comp rx=0 tx=0).connect
2024-03-04T07:29:26.244 INFO:teuthology.orchestra.run.smithi116.stdout:/usr/bin/ceph: stderr
2024-03-04T07:29:25.314+0000 7f9aba000700 1 -- --> [v2:172.21.15.116:3300/0,v1:172.21.15.116:6789/0] -- mon_getmap magic: 0 v1 -- 0x7f9ab410def0 con 0x7f9ab407cec0
2024-03-04T07:29:26.245 INFO:teuthology.orchestra.run.smithi116.stdout:/usr/bin/ceph: stderr
2024-03-04T07:29:25.314+0000 7f9ab3400700 1 --2- >> [v2:172.21.15.116:3300/0,v1:172.21.15.116:6789/0] conn(0x7f9ab407cec0 0x7f9ab419db90 unknown :-1 s=BANNER_CONNECTING pgs=0 cs=0 l=1 rev1=0 crypto rx=0 tx=0 comp rx=0 tx=0)._handle_peer_banner_payload supported=3 required=0
2024-03-04T07:29:26.245 INFO:teuthology.orchestra.run.smithi116.stdout:/usr/bin/ceph: stderr
2024-03-04T07:29:25.314+0000 7f9ab3400700 1 --2- >> [v2:172.21.15.116:3300/0,v1:172.21.15.116:6789/0] conn(0x7f9ab407cec0 0x7f9ab419db90 unknown :-1 s=HELLO_CONNECTING pgs=0 cs=0 l=1 rev1=1 crypto rx=0 tx=0 comp rx=0 tx=0).handle_hello peer v2:172.21.15.116:3300/0 says I am v2:172.21.15.116:43000/0 (socket says 172.21.15.116:43000)
2024-03-04T07:29:26.245 INFO:teuthology.orchestra.run.smithi116.stdout:/usr/bin/ceph: stderr
2024-03-04T07:29:25.314+0000 7f9ab3400700 1 -- 172.21.15.116:0/2883255413 learned_addr learned my addr 172.21.15.116:0/2883255413 (peer_addr_for_me v2:172.21.15.116:0/0)
2024-03-04T07:29:26.245 INFO:teuthology.orchestra.run.smithi116.stdout:/usr/bin/ceph: stderr
2024-03-04T07:29:25.315+0000 7f9ab3400700 1 -- 172.21.15.116:0/2883255413 --> [v2:172.21.15.116:3300/0,v1:172.21.15.116:6789/0] -- mon_subscribe({config=0+,monmap=0+}) v3 -- 0x7f9ab419e0d0 con 0x7f9ab407cec0
2024-03-04T07:29:26.245 INFO:teuthology.orchestra.run.smithi116.stdout:/usr/bin/ceph: stderr
2024-03-04T07:29:25.315+0000 7f9ab3400700 1 --2- 172.21.15.116:0/2883255413 >> [v2:172.21.15.116:3300/0,v1:172.21.15.116:6789/0] conn(0x7f9ab407cec0 0x7f9ab419db90 secure :-1 s=READY pgs=38 cs=0 l=1 rev1=1 crypto rx=0x7f9aa4009e50 tx=0x7f9aa400bd30 comp rx=0 tx=0).ready entity=mon.0 client_cookie=0 server_cookie=0 in_seq=0 out_seq=0
2024-03-04T07:29:26.245 INFO:teuthology.orchestra.run.smithi116.stdout:/usr/bin/ceph: stderr
2024-03-04T07:29:25.315+0000 7f9ab0c00700 1 -- 172.21.15.116:0/2883255413 <== mon.0 v2:172.21.15.116:3300/0 1 ==== mon_map magic: 0 v1 ==== 205+0+0 (secure 0 0 0) 0x7f9aa4020020 con 0x7f9ab407cec0
2024-03-04T07:29:26.245 INFO:teuthology.orchestra.run.smithi116.stdout:/usr/bin/ceph: stderr
2024-03-04T07:29:25.315+0000 7f9ab0c00700 1 -- 172.21.15.116:0/2883255413 <== mon.0 v2:172.21.15.116:3300/0 2 ==== config(27 keys) v1 ==== 1109+0+0 (secure 0 0 0) 0x7f9aa4003b50 con 0x7f9ab407cec0
2024-03-04T07:29:26.245 INFO:teuthology.orchestra.run.smithi116.stdout:/usr/bin/ceph: stderr
2024-03-04T07:29:25.315+0000 7f9ab0c00700 1 -- 172.21.15.116:0/2883255413 <== mon.0 v2:172.21.15.116:3300/0 3 ==== mon_map magic: 0 v1 ==== 205+0+0 (secure 0 0 0) 0x7f9aa4017040 con 0x7f9ab407cec0
2024-03-04T07:29:26.245 INFO:teuthology.orchestra.run.smithi116.stdout:/usr/bin/ceph: stderr
2024-03-04T07:29:25.315+0000 7f9aba000700 1 -- 172.21.15.116:0/2883255413 --> [v2:172.21.15.116:3300/0,v1:172.21.15.116:6789/0] -- mon_subscribe({mgrmap=0+}) v3 -- 0x7f9ab419e360 con 0x7f9ab407cec0
2024-03-04T07:29:26.245 INFO:teuthology.orchestra.run.smithi116.stdout:/usr/bin/ceph: stderr
2024-03-04T07:29:25.315+0000 7f9aba000700 1 -- 172.21.15.116:0/2883255413 --> [v2:172.21.15.116:3300/0,v1:172.21.15.116:6789/0] -- mon_subscribe({osdmap=0}) v3 -- 0x7f9ab419ee80 con 0x7f9ab407cec0
2024-03-04T07:29:26.245 INFO:teuthology.orchestra.run.smithi116.stdout:/usr/bin/ceph: stderr
2024-03-04T07:29:25.317+0000 7f9aba000700 1 -- 172.21.15.116:0/2883255413 --> [v2:172.21.15.116:3300/0,v1:172.21.15.116:6789/0] -- mon_command({"prefix": "get_command_descriptions"} v 0) v1 -- 0x7f9ab40636f0 con 0x7f9ab407cec0
2024-03-04T07:29:26.245 INFO:teuthology.orchestra.run.smithi116.stdout:/usr/bin/ceph: stderr
2024-03-04T07:29:25.317+0000 7f9ab0c00700 1 -- 172.21.15.116:0/2883255413 <== mon.0 v2:172.21.15.116:3300/0 4 ==== mgrmap(e 8) v1 ==== 45928+0+0 (secure 0 0 0) 0x7f9aa4023020 con 0x7f9ab407cec0
2024-03-04T07:29:26.245 INFO:teuthology.orchestra.run.smithi116.stdout:/usr/bin/ceph: stderr
2024-03-04T07:29:25.317+0000 7f9ab0c00700 1 --2- 172.21.15.116:0/2883255413 >> [v2:172.21.15.116:6800/3218338096,v1:172.21.15.116:6801/3218338096] conn(0x7f9a98038ba0 0x7f9a9803b060 unknown :-1 s=NONE pgs=0 cs=0 l=1 rev1=0 crypto rx=0 tx=0 comp rx=0 tx=0).connect
2024-03-04T07:29:26.245 INFO:teuthology.orchestra.run.smithi116.stdout:/usr/bin/ceph: stderr
2024-03-04T07:29:25.317+0000 7f9ab0c00700 1 -- 172.21.15.116:0/2883255413 <== mon.0 v2:172.21.15.116:3300/0 5 ==== osd_map(2..2 src has 1..2) v4 ==== 940+0+0 (secure 0 0 0) 0x7f9aa400f050 con 0x7f9ab407cec0
2024-03-04T07:29:26.246 INFO:teuthology.orchestra.run.smithi116.stdout:/usr/bin/ceph: stderr
2024-03-04T07:29:25.318+0000 7f9aaaa00700 1 --2- 172.21.15.116:0/2883255413 >> [v2:172.21.15.116:6800/3218338096,v1:172.21.15.116:6801/3218338096] conn(0x7f9a98038ba0 0x7f9a9803b060 unknown :-1 s=BANNER_CONNECTING pgs=0 cs=0 l=1 rev1=0 crypto rx=0 tx=0 comp rx=0 tx=0)._handle_peer_banner_payload supported=3 required=0
2024-03-04T07:29:26.246 INFO:teuthology.orchestra.run.smithi116.stdout:/usr/bin/ceph: stderr
2024-03-04T07:29:25.318+0000 7f9aaaa00700 1 --2- 172.21.15.116:0/2883255413 >> [v2:172.21.15.116:6800/3218338096,v1:172.21.15.116:6801/3218338096] conn(0x7f9a98038ba0 0x7f9a9803b060 secure :-1 s=READY pgs=7 cs=0 l=1 rev1=1 crypto rx=0x7f9a9c006fd0 tx=0x7f9a9c006e40 comp rx=0 tx=0).ready entity=mgr.14120 client_cookie=0 server_cookie=0 in_seq=0 out_seq=0
2024-03-04T07:29:26.246 INFO:teuthology.orchestra.run.smithi116.stdout:/usr/bin/ceph: stderr
2024-03-04T07:29:25.323+0000 7f9ab0c00700 1 -- 172.21.15.116:0/2883255413 <== mon.0 v2:172.21.15.116:3300/0 6 ==== mon_command_ack([{"prefix": "get_command_descriptions"}]=0 v0) v1 ==== 72+0+184932 (secure 0 0 0) 0x7f9aa402a020 con 0x7f9ab407cec0
2024-03-04T07:29:26.246 INFO:teuthology.orchestra.run.smithi116.stdout:/usr/bin/ceph: stderr
2024-03-04T07:29:25.556+0000 7f9aba000700 1 -- 172.21.15.116:0/2883255413 --> [v2:172.21.15.116:6800/3218338096,v1:172.21.15.116:6801/3218338096] -- mgr_command(tid 0: {"prefix": "orch set backend", "module_name": "cephadm", "target": ["mon-mgr", ""]}) v1 -- 0x7f9ab4104180 con 0x7f9a98038ba0
2024-03-04T07:29:26.246 INFO:teuthology.orchestra.run.smithi116.stdout:/usr/bin/ceph: stderr
2024-03-04T07:29:25.566+0000 7f9ab0c00700 1 -- 172.21.15.116:0/2883255413 <== mgr.14120 v2:172.21.15.116:6800/3218338096 1 ==== mgr_command_reply(tid 0: 0 ) v1 ==== 8+0+0 (secure 0 0 0) 0x7f9ab4104180 con 0x7f9a98038ba0
2024-03-04T07:29:26.246 INFO:teuthology.orchestra.run.smithi116.stdout:/usr/bin/ceph: stderr
2024-03-04T07:29:25.569+0000 7f9aba000700 1 -- 172.21.15.116:0/2883255413 >> [v2:172.21.15.116:6800/3218338096,v1:172.21.15.116:6801/3218338096] conn(0x7f9a98038ba0 msgr2=0x7f9a9803b060 secure :-1 s=STATE_CONNECTION_ESTABLISHED l=1).mark_down
2024-03-04T07:29:26.246 INFO:teuthology.orchestra.run.smithi116.stdout:/usr/bin/ceph: stderr
2024-03-04T07:29:25.569+0000 7f9aba000700 1 --2- 172.21.15.116:0/2883255413 >> [v2:172.21.15.116:6800/3218338096,v1:172.21.15.116:6801/3218338096] conn(0x7f9a98038ba0 0x7f9a9803b060 secure :-1 s=READY pgs=7 cs=0 l=1 rev1=1 crypto rx=0x7f9a9c006fd0 tx=0x7f9a9c006e40 comp rx=0 tx=0).stop
2024-03-04T07:29:26.246 INFO:teuthology.orchestra.run.smithi116.stdout:/usr/bin/ceph: stderr
2024-03-04T07:29:25.569+0000 7f9aba000700 1 -- 172.21.15.116:0/2883255413 >> [v2:172.21.15.116:3300/0,v1:172.21.15.116:6789/0] conn(0x7f9ab407cec0 msgr2=0x7f9ab419db90 secure :-1 s=STATE_CONNECTION_ESTABLISHED l=1).mark_down
2024-03-04T07:29:26.246 INFO:teuthology.orchestra.run.smithi116.stdout:/usr/bin/ceph: stderr
2024-03-04T07:29:25.569+0000 7f9aba000700 1 --2- 172.21.15.116:0/2883255413 >> [v2:172.21.15.116:3300/0,v1:172.21.15.116:6789/0] conn(0x7f9ab407cec0 0x7f9ab419db90 secure :-1 s=READY pgs=38 cs=0 l=1 rev1=1 crypto rx=0x7f9aa4009e50 tx=0x7f9aa400bd30 comp rx=0 tx=0).stop
2024-03-04T07:29:26.246 INFO:teuthology.orchestra.run.smithi116.stdout:/usr/bin/ceph: stderr
2024-03-04T07:29:25.569+0000 7f9aba000700 1 -- 172.21.15.116:0/2883255413 shutdown_connections
2024-03-04T07:29:26.246 INFO:teuthology.orchestra.run.smithi116.stdout:/usr/bin/ceph: stderr
2024-03-04T07:29:25.569+0000 7f9aba000700 1 --2- 172.21.15.116:0/2883255413 >> [v2:172.21.15.116:6800/3218338096,v1:172.21.15.116:6801/3218338096] conn(0x7f9a98038ba0 0x7f9a9803b060 unknown :-1 s=CLOSED pgs=7 cs=0 l=1 rev1=1 crypto rx=0 tx=0 comp rx=0 tx=0).stop
2024-03-04T07:29:26.246 INFO:teuthology.orchestra.run.smithi116.stdout:/usr/bin/ceph: stderr
2024-03-04T07:29:25.569+0000 7f9aba000700 1 --2- 172.21.15.116:0/2883255413 >> [v2:172.21.15.116:3300/0,v1:172.21.15.116:6789/0] conn(0x7f9ab407cec0 0x7f9ab419db90 unknown :-1 s=CLOSED pgs=38 cs=0 l=1 rev1=1 crypto rx=0 tx=0 comp rx=0 tx=0).stop
2024-03-04T07:29:26.246 INFO:teuthology.orchestra.run.smithi116.stdout:/usr/bin/ceph: stderr
2024-03-04T07:29:25.569+0000 7f9aba000700 1 -- 172.21.15.116:0/2883255413 >> 172.21.15.116:0/2883255413 conn(0x7f9ab4102f60 msgr2=0x7f9ab4103a70 unknown :-1 s=STATE_NONE l=0).mark_down
2024-03-04T07:29:26.246 INFO:teuthology.orchestra.run.smithi116.stdout:/usr/bin/ceph: stderr
2024-03-04T07:29:25.569+0000 7f9aba000700 1 -- 172.21.15.116:0/2883255413 shutdown_connections
2024-03-04T07:29:26.247 INFO:teuthology.orchestra.run.smithi116.stdout:/usr/bin/ceph: stderr
2024-03-04T07:29:25.570+0000 7f9aba000700 1 -- 172.21.15.116:0/2883255413 wait complete.
2024-03-04T07:29:27.086 INFO:journalctl@ceph.mon.a.smithi116.stdout:Mar 04 07:29:26 smithi116 ceph-mon[32150]: from='client.14132 -' entity='client.admin' cmd=[{"prefix": "orch set backend", "module_name": "cephadm", "target": ["mon-mgr", ""]}]: dispatch
2024-03-04T07:29:27.884 INFO:teuthology.orchestra.run.smithi116.stdout:/usr/bin/ceph: stdout value unchanged
2024-03-04T07:29:27.884 INFO:teuthology.orchestra.run.smithi116.stdout:/usr/bin/ceph: stderr
2024-03-04T07:29:26.828+0000 7ff77d200700 1 Processor -- start
2024-03-04T07:29:27.885 INFO:teuthology.orchestra.run.smithi116.stdout:/usr/bin/ceph: stderr
2024-03-04T07:29:26.828+0000 7ff77d200700 1 -- start start
2024-03-04T07:29:27.885 INFO:teuthology.orchestra.run.smithi116.stdout:/usr/bin/ceph: stderr
2024-03-04T07:29:26.829+0000 7ff77d200700 1 --2- >> [v2:172.21.15.116:3300/0,v1:172.21.15.116:6789/0] conn(0x7ff778109b40 0x7ff778109f60 unknown :-1 s=NONE pgs=0 cs=0 l=0 rev1=0 crypto rx=0 tx=0 comp rx=0 tx=0).connect
2024-03-04T07:29:27.885 INFO:teuthology.orchestra.run.smithi116.stdout:/usr/bin/ceph: stderr
2024-03-04T07:29:26.829+0000 7ff77d200700 1 -- --> [v2:172.21.15.116:3300/0,v1:172.21.15.116:6789/0] -- mon_getmap magic: 0 v1 -- 0x7ff77810a530 con 0x7ff778109b40
2024-03-04T07:29:27.885 INFO:teuthology.orchestra.run.smithi116.stdout:/usr/bin/ceph: stderr
2024-03-04T07:29:26.829+0000 7ff775e00700 1 --2- >> [v2:172.21.15.116:3300/0,v1:172.21.15.116:6789/0] conn(0x7ff778109b40 0x7ff778109f60 unknown :-1 s=BANNER_CONNECTING pgs=0 cs=0 l=0 rev1=0 crypto rx=0 tx=0 comp rx=0 tx=0)._handle_peer_banner_payload supported=3 required=0
2024-03-04T07:29:27.885 INFO:teuthology.orchestra.run.smithi116.stdout:/usr/bin/ceph: stderr
2024-03-04T07:29:26.829+0000 7ff775e00700 1 --2- >> [v2:172.21.15.116:3300/0,v1:172.21.15.116:6789/0] conn(0x7ff778109b40 0x7ff778109f60 unknown :-1 s=HELLO_CONNECTING pgs=0 cs=0 l=0 rev1=1 crypto rx=0 tx=0 comp rx=0 tx=0).handle_hello peer v2:172.21.15.116:3300/0 says I am v2:172.21.15.116:40170/0 (socket says 172.21.15.116:40170)
2024-03-04T07:29:27.885 INFO:teuthology.orchestra.run.smithi116.stdout:/usr/bin/ceph: stderr
2024-03-04T07:29:26.829+0000 7ff775e00700 1 -- 172.21.15.116:0/3418415366 learned_addr learned my addr 172.21.15.116:0/3418415366 (peer_addr_for_me v2:172.21.15.116:0/0)
2024-03-04T07:29:27.885 INFO:teuthology.orchestra.run.smithi116.stdout:/usr/bin/ceph: stderr
2024-03-04T07:29:26.830+0000 7ff775e00700 1 -- 172.21.15.116:0/3418415366 --> [v2:172.21.15.116:3300/0,v1:172.21.15.116:6789/0] -- mon_subscribe({config=0+,monmap=0+}) v3 -- 0x7ff77810acf0 con 0x7ff778109b40
2024-03-04T07:29:27.885 INFO:teuthology.orchestra.run.smithi116.stdout:/usr/bin/ceph: stderr
2024-03-04T07:29:26.830+0000 7ff775e00700 1 --2- 172.21.15.116:0/3418415366 >> [v2:172.21.15.116:3300/0,v1:172.21.15.116:6789/0] conn(0x7ff778109b40 0x7ff778109f60 secure :-1 s=READY pgs=39 cs=0 l=1 rev1=1 crypto rx=0x7ff7680098a0 tx=0x7ff768009bb0 comp rx=0 tx=0).ready entity=mon.0 client_cookie=581b0f77d0be41a9 server_cookie=0 in_seq=0 out_seq=0
2024-03-04T07:29:27.885 INFO:teuthology.orchestra.run.smithi116.stdout:/usr/bin/ceph: stderr
2024-03-04T07:29:26.830+0000 7ff774a00700 1 -- 172.21.15.116:0/3418415366 <== mon.0 v2:172.21.15.116:3300/0 1 ==== mon_map magic: 0 v1 ==== 205+0+0 (secure 0 0 0) 0x7ff768004160 con 0x7ff778109b40
2024-03-04T07:29:27.885 INFO:teuthology.orchestra.run.smithi116.stdout:/usr/bin/ceph: stderr
2024-03-04T07:29:26.830+0000 7ff774a00700 1 -- 172.21.15.116:0/3418415366 <== mon.0 v2:172.21.15.116:3300/0 2 ==== config(27 keys) v1 ==== 1109+0+0 (secure 0 0 0) 0x7ff768004300 con 0x7ff778109b40
2024-03-04T07:29:27.885 INFO:teuthology.orchestra.run.smithi116.stdout:/usr/bin/ceph: stderr
2024-03-04T07:29:26.830+0000 7ff774a00700 1 -- 172.21.15.116:0/3418415366 <== mon.0 v2:172.21.15.116:3300/0 3 ==== mon_map magic: 0 v1 ==== 205+0+0 (secure 0 0 0) 0x7ff768011b50 con 0x7ff778109b40
2024-03-04T07:29:27.885 INFO:teuthology.orchestra.run.smithi116.stdout:/usr/bin/ceph: stderr
2024-03-04T07:29:26.831+0000 7ff77d200700 1 -- 172.21.15.116:0/3418415366 >> [v2:172.21.15.116:3300/0,v1:172.21.15.116:6789/0] conn(0x7ff778109b40 msgr2=0x7ff778109f60 secure :-1 s=STATE_CONNECTION_ESTABLISHED l=1).mark_down
2024-03-04T07:29:27.885 INFO:teuthology.orchestra.run.smithi116.stdout:/usr/bin/ceph: stderr
2024-03-04T07:29:26.831+0000 7ff77d200700 1 --2- 172.21.15.116:0/3418415366 >> [v2:172.21.15.116:3300/0,v1:172.21.15.116:6789/0] conn(0x7ff778109b40 0x7ff778109f60 secure :-1 s=READY pgs=39 cs=0 l=1 rev1=1 crypto rx=0x7ff7680098a0 tx=0x7ff768009bb0 comp rx=0 tx=0).stop
2024-03-04T07:29:27.886 INFO:teuthology.orchestra.run.smithi116.stdout:/usr/bin/ceph: stderr
2024-03-04T07:29:26.831+0000 7ff77d200700 1 -- 172.21.15.116:0/3418415366 shutdown_connections
2024-03-04T07:29:27.886 INFO:teuthology.orchestra.run.smithi116.stdout:/usr/bin/ceph: stderr
2024-03-04T07:29:26.831+0000 7ff77d200700 1 --2- 172.21.15.116:0/3418415366 >> [v2:172.21.15.116:3300/0,v1:172.21.15.116:6789/0] conn(0x7ff778109b40 0x7ff778109f60 unknown :-1 s=CLOSED pgs=39 cs=0 l=1 rev1=1 crypto rx=0 tx=0 comp rx=0 tx=0).stop
2024-03-04T07:29:27.886 INFO:teuthology.orchestra.run.smithi116.stdout:/usr/bin/ceph: stderr
2024-03-04T07:29:26.831+0000 7ff77d200700 1 -- 172.21.15.116:0/3418415366 >> 172.21.15.116:0/3418415366 conn(0x7ff7781054c0 msgr2=0x7ff7781078b0 unknown :-1 s=STATE_NONE l=0).mark_down
2024-03-04T07:29:27.886 INFO:teuthology.orchestra.run.smithi116.stdout:/usr/bin/ceph: stderr
2024-03-04T07:29:26.831+0000 7ff77d200700 1 -- 172.21.15.116:0/3418415366 shutdown_connections
2024-03-04T07:29:27.886 INFO:teuthology.orchestra.run.smithi116.stdout:/usr/bin/ceph: stderr
2024-03-04T07:29:26.831+0000 7ff77d200700 1 -- 172.21.15.116:0/3418415366 wait complete.
2024-03-04T07:29:27.886 INFO:teuthology.orchestra.run.smithi116.stdout:/usr/bin/ceph: stderr
2024-03-04T07:29:26.832+0000 7ff77d200700 1 Processor -- start
2024-03-04T07:29:27.886 INFO:teuthology.orchestra.run.smithi116.stdout:/usr/bin/ceph: stderr
2024-03-04T07:29:26.832+0000 7ff77d200700 1 -- start start
2024-03-04T07:29:27.886 INFO:teuthology.orchestra.run.smithi116.stdout:/usr/bin/ceph: stderr
2024-03-04T07:29:26.833+0000 7ff77d200700 1 --2- >> [v2:172.21.15.116:3300/0,v1:172.21.15.116:6789/0] conn(0x7ff778109b40 0x7ff77819de50 unknown :-1 s=NONE pgs=0 cs=0 l=1 rev1=0 crypto rx=0 tx=0 comp rx=0 tx=0).connect
2024-03-04T07:29:27.886 INFO:teuthology.orchestra.run.smithi116.stdout:/usr/bin/ceph: stderr
2024-03-04T07:29:26.833+0000 7ff77d200700 1 -- --> [v2:172.21.15.116:3300/0,v1:172.21.15.116:6789/0] -- mon_getmap magic: 0 v1 -- 0x7ff77810e0a0 con 0x7ff778109b40
2024-03-04T07:29:27.886 INFO:teuthology.orchestra.run.smithi116.stdout:/usr/bin/ceph: stderr
2024-03-04T07:29:26.833+0000 7ff775e00700 1 --2- >> [v2:172.21.15.116:3300/0,v1:172.21.15.116:6789/0] conn(0x7ff778109b40 0x7ff77819de50 unknown :-1 s=BANNER_CONNECTING pgs=0 cs=0 l=1 rev1=0 crypto rx=0 tx=0 comp rx=0 tx=0)._handle_peer_banner_payload supported=3 required=0
2024-03-04T07:29:27.886 INFO:teuthology.orchestra.run.smithi116.stdout:/usr/bin/ceph: stderr
2024-03-04T07:29:26.833+0000 7ff775e00700 1 --2- >> [v2:172.21.15.116:3300/0,v1:172.21.15.116:6789/0] conn(0x7ff778109b40 0x7ff77819de50 unknown :-1 s=HELLO_CONNECTING pgs=0 cs=0 l=1 rev1=1 crypto rx=0 tx=0 comp rx=0 tx=0).handle_hello peer v2:172.21.15.116:3300/0 says I am v2:172.21.15.116:40176/0 (socket says 172.21.15.116:40176)
2024-03-04T07:29:27.886 INFO:teuthology.orchestra.run.smithi116.stdout:/usr/bin/ceph: stderr
2024-03-04T07:29:26.833+0000 7ff775e00700 1 -- 172.21.15.116:0/3246290460 learned_addr learned my addr 172.21.15.116:0/3246290460 (peer_addr_for_me v2:172.21.15.116:0/0)
2024-03-04T07:29:27.886 INFO:teuthology.orchestra.run.smithi116.stdout:/usr/bin/ceph: stderr
2024-03-04T07:29:26.833+0000 7ff775e00700 1 -- 172.21.15.116:0/3246290460 --> [v2:172.21.15.116:3300/0,v1:172.21.15.116:6789/0] -- mon_subscribe({config=0+,monmap=0+}) v3 -- 0x7ff77819e390 con 0x7ff778109b40
2024-03-04T07:29:27.886 INFO:teuthology.orchestra.run.smithi116.stdout:/usr/bin/ceph: stderr
2024-03-04T07:29:26.833+0000 7ff775e00700 1 --2- 172.21.15.116:0/3246290460 >> [v2:172.21.15.116:3300/0,v1:172.21.15.116:6789/0] conn(0x7ff778109b40 0x7ff77819de50 secure :-1 s=READY pgs=40 cs=0 l=1 rev1=1 crypto rx=0x7ff768011850 tx=0x7ff768011c10 comp rx=0 tx=0).ready entity=mon.0 client_cookie=0 server_cookie=0 in_seq=0 out_seq=0
2024-03-04T07:29:27.887 INFO:teuthology.orchestra.run.smithi116.stdout:/usr/bin/ceph: stderr
2024-03-04T07:29:26.834+0000 7ff76ea00700 1 -- 172.21.15.116:0/3246290460 <== mon.0 v2:172.21.15.116:3300/0 1 ==== mon_map magic: 0 v1 ==== 205+0+0 (secure 0 0 0) 0x7ff768003af0 con 0x7ff778109b40
2024-03-04T07:29:27.887 INFO:teuthology.orchestra.run.smithi116.stdout:/usr/bin/ceph: stderr
2024-03-04T07:29:26.834+0000 7ff76ea00700 1 -- 172.21.15.116:0/3246290460 <== mon.0 v2:172.21.15.116:3300/0 2 ==== config(27 keys) v1 ==== 1109+0+0 (secure 0 0 0) 0x7ff768020070 con 0x7ff778109b40
2024-03-04T07:29:27.887 INFO:teuthology.orchestra.run.smithi116.stdout:/usr/bin/ceph: stderr
2024-03-04T07:29:26.834+0000 7ff77d200700 1 -- 172.21.15.116:0/3246290460 --> [v2:172.21.15.116:3300/0,v1:172.21.15.116:6789/0] -- mon_subscribe({mgrmap=0+}) v3 -- 0x7ff77819e620 con 0x7ff778109b40
2024-03-04T07:29:27.887 INFO:teuthology.orchestra.run.smithi116.stdout:/usr/bin/ceph: stderr
2024-03-04T07:29:26.834+0000 7ff76ea00700 1 -- 172.21.15.116:0/3246290460 <== mon.0 v2:172.21.15.116:3300/0 3 ==== mon_map magic: 0 v1 ==== 205+0+0 (secure 0 0 0) 0x7ff7680195a0 con 0x7ff778109b40
2024-03-04T07:29:27.887 INFO:teuthology.orchestra.run.smithi116.stdout:/usr/bin/ceph: stderr
2024-03-04T07:29:26.834+0000 7ff77d200700 1 -- 172.21.15.116:0/3246290460 --> [v2:172.21.15.116:3300/0,v1:172.21.15.116:6789/0] -- mon_subscribe({osdmap=0}) v3 -- 0x7ff7781a1310 con 0x7ff778109b40
2024-03-04T07:29:27.887 INFO:teuthology.orchestra.run.smithi116.stdout:/usr/bin/ceph: stderr
2024-03-04T07:29:26.835+0000 7ff76ea00700 1 -- 172.21.15.116:0/3246290460 <== mon.0 v2:172.21.15.116:3300/0 4 ==== mgrmap(e 8) v1 ==== 45928+0+0 (secure 0 0 0) 0x7ff768019850 con 0x7ff778109b40
2024-03-04T07:29:27.887 INFO:teuthology.orchestra.run.smithi116.stdout:/usr/bin/ceph: stderr
2024-03-04T07:29:26.835+0000 7ff77d200700 1 -- 172.21.15.116:0/3246290460 --> [v2:172.21.15.116:3300/0,v1:172.21.15.116:6789/0] -- mon_command({"prefix": "get_command_descriptions"} v 0) v1 -- 0x7ff778069160 con 0x7ff778109b40
2024-03-04T07:29:27.887 INFO:teuthology.orchestra.run.smithi116.stdout:/usr/bin/ceph: stderr
2024-03-04T07:29:26.835+0000 7ff76ea00700 1 --2- 172.21.15.116:0/3246290460 >> [v2:172.21.15.116:6800/3218338096,v1:172.21.15.116:6801/3218338096] conn(0x7ff75c038c50 0x7ff75c03b110 unknown :-1 s=NONE pgs=0 cs=0 l=1 rev1=0 crypto rx=0 tx=0 comp rx=0 tx=0).connect
2024-03-04T07:29:27.887 INFO:teuthology.orchestra.run.smithi116.stdout:/usr/bin/ceph: stderr
2024-03-04T07:29:26.835+0000 7ff76ea00700 1 -- 172.21.15.116:0/3246290460 <== mon.0 v2:172.21.15.116:3300/0 5 ==== osd_map(2..2 src has 1..2) v4 ==== 940+0+0 (secure 0 0 0) 0x7ff768011e00 con 0x7ff778109b40
2024-03-04T07:29:27.887 INFO:teuthology.orchestra.run.smithi116.stdout:/usr/bin/ceph: stderr
2024-03-04T07:29:26.836+0000 7ff775400700 1 --2- 172.21.15.116:0/3246290460 >> [v2:172.21.15.116:6800/3218338096,v1:172.21.15.116:6801/3218338096] conn(0x7ff75c038c50 0x7ff75c03b110 unknown :-1 s=BANNER_CONNECTING pgs=0 cs=0 l=1 rev1=0 crypto rx=0 tx=0 comp rx=0 tx=0)._handle_peer_banner_payload supported=3 required=0
2024-03-04T07:29:27.887 INFO:teuthology.orchestra.run.smithi116.stdout:/usr/bin/ceph: stderr
2024-03-04T07:29:26.836+0000 7ff775400700 1 --2- 172.21.15.116:0/3246290460 >> [v2:172.21.15.116:6800/3218338096,v1:172.21.15.116:6801/3218338096] conn(0x7ff75c038c50 0x7ff75c03b110 secure :-1 s=READY pgs=8 cs=0 l=1 rev1=1 crypto rx=0x7ff764006fd0 tx=0x7ff764006e40 comp rx=0 tx=0).ready entity=mgr.14120 client_cookie=0 server_cookie=0 in_seq=0 out_seq=0
2024-03-04T07:29:27.887 INFO:teuthology.orchestra.run.smithi116.stdout:/usr/bin/ceph: stderr
2024-03-04T07:29:26.842+0000 7ff76ea00700 1 -- 172.21.15.116:0/3246290460 <== mon.0 v2:172.21.15.116:3300/0 6 ==== mon_command_ack([{"prefix": "get_command_descriptions"}]=0 v0) v1 ==== 72+0+184932 (secure 0 0 0) 0x7ff768019b40 con 0x7ff778109b40
2024-03-04T07:29:27.887 INFO:teuthology.orchestra.run.smithi116.stdout:/usr/bin/ceph: stderr
2024-03-04T07:29:27.066+0000 7ff77d200700 1 -- 172.21.15.116:0/3246290460 --> [v2:172.21.15.116:6800/3218338096,v1:172.21.15.116:6801/3218338096] -- mgr_command(tid 0: {"prefix": "cephadm set-user", "user": "root", "target": ["mon-mgr", ""]}) v1 -- 0x7ff77802da20 con 0x7ff75c038c50
2024-03-04T07:29:27.887 INFO:teuthology.orchestra.run.smithi116.stdout:/usr/bin/ceph: stderr
2024-03-04T07:29:27.067+0000 7ff76ea00700 1 -- 172.21.15.116:0/3246290460 <== mgr.14120 v2:172.21.15.116:6800/3218338096 1 ==== mgr_command_reply(tid 0: 0 ) v1 ==== 8+0+16 (secure 0 0 0) 0x7ff77802da20 con 0x7ff75c038c50
2024-03-04T07:29:27.888 INFO:teuthology.orchestra.run.smithi116.stdout:/usr/bin/ceph: stderr
2024-03-04T07:29:27.070+0000 7ff77d200700 1 -- 172.21.15.116:0/3246290460 >> [v2:172.21.15.116:6800/3218338096,v1:172.21.15.116:6801/3218338096] conn(0x7ff75c038c50 msgr2=0x7ff75c03b110 secure :-1 s=STATE_CONNECTION_ESTABLISHED l=1).mark_down
2024-03-04T07:29:27.888 INFO:teuthology.orchestra.run.smithi116.stdout:/usr/bin/ceph: stderr
2024-03-04T07:29:27.070+0000 7ff77d200700 1 --2- 172.21.15.116:0/3246290460 >> [v2:172.21.15.116:6800/3218338096,v1:172.21.15.116:6801/3218338096] conn(0x7ff75c038c50 0x7ff75c03b110 secure :-1 s=READY pgs=8 cs=0 l=1 rev1=1 crypto rx=0x7ff764006fd0 tx=0x7ff764006e40 comp rx=0 tx=0).stop
2024-03-04T07:29:27.888 INFO:teuthology.orchestra.run.smithi116.stdout:/usr/bin/ceph: stderr
2024-03-04T07:29:27.070+0000 7ff77d200700 1 -- 172.21.15.116:0/3246290460 >> [v2:172.21.15.116:3300/0,v1:172.21.15.116:6789/0] conn(0x7ff778109b40 msgr2=0x7ff77819de50 secure :-1 s=STATE_CONNECTION_ESTABLISHED l=1).mark_down
2024-03-04T07:29:27.888 INFO:teuthology.orchestra.run.smithi116.stdout:/usr/bin/ceph: stderr
2024-03-04T07:29:27.070+0000 7ff77d200700 1 --2- 172.21.15.116:0/3246290460 >> [v2:172.21.15.116:3300/0,v1:172.21.15.116:6789/0] conn(0x7ff778109b40 0x7ff77819de50 secure :-1 s=READY pgs=40 cs=0 l=1 rev1=1 crypto rx=0x7ff768011850 tx=0x7ff768011c10 comp rx=0 tx=0).stop
2024-03-04T07:29:27.888 INFO:teuthology.orchestra.run.smithi116.stdout:/usr/bin/ceph: stderr
2024-03-04T07:29:27.070+0000 7ff77d200700 1 -- 172.21.15.116:0/3246290460 shutdown_connections
2024-03-04T07:29:27.888 INFO:teuthology.orchestra.run.smithi116.stdout:/usr/bin/ceph: stderr
2024-03-04T07:29:27.070+0000 7ff77d200700 1 --2- 172.21.15.116:0/3246290460 >> [v2:172.21.15.116:6800/3218338096,v1:172.21.15.116:6801/3218338096] conn(0x7ff75c038c50 0x7ff75c03b110 unknown :-1 s=CLOSED pgs=8 cs=0 l=1 rev1=1 crypto rx=0 tx=0 comp rx=0 tx=0).stop
2024-03-04T07:29:27.888 INFO:teuthology.orchestra.run.smithi116.stdout:/usr/bin/ceph: stderr
2024-03-04T07:29:27.070+0000 7ff77d200700 1 --2- 172.21.15.116:0/3246290460 >> [v2:172.21.15.116:3300/0,v1:172.21.15.116:6789/0] conn(0x7ff778109b40 0x7ff77819de50 unknown :-1 s=CLOSED pgs=40 cs=0 l=1 rev1=1 crypto rx=0 tx=0 comp rx=0 tx=0).stop
2024-03-04T07:29:27.888 INFO:teuthology.orchestra.run.smithi116.stdout:/usr/bin/ceph: stderr
2024-03-04T07:29:27.070+0000 7ff77d200700 1 -- 172.21.15.116:0/3246290460 >> 172.21.15.116:0/3246290460 conn(0x7ff7781054c0 msgr2=0x7ff778107370 unknown :-1 s=STATE_NONE l=0).mark_down
2024-03-04T07:29:27.888 INFO:teuthology.orchestra.run.smithi116.stdout:/usr/bin/ceph: stderr
2024-03-04T07:29:27.070+0000 7ff77d200700 1 -- 172.21.15.116:0/3246290460 shutdown_connections
2024-03-04T07:29:27.888 INFO:teuthology.orchestra.run.smithi116.stdout:/usr/bin/ceph: stderr
2024-03-04T07:29:27.070+0000 7ff77d200700 1 -- 172.21.15.116:0/3246290460 wait complete.
2024-03-04T07:29:27.888 INFO:teuthology.orchestra.run.smithi116.stdout:Generating ssh key...
2024-03-04T07:29:28.007 INFO:journalctl@ceph.mon.a.smithi116.stdout:Mar 04 07:29:27 smithi116 ceph-mon[32150]: from='client.14134 -' entity='client.admin' cmd=[{"prefix": "cephadm set-user", "user": "root", "target": ["mon-mgr", ""]}]: dispatch
2024-03-04T07:29:29.509 INFO:journalctl@ceph.mgr.x.smithi116.stdout:Mar 04 07:29:29 smithi116 ceph-af2ccd48-d9f8-11ee-95c6-87774f69a715-mgr-x[32389]: Generating public/private rsa key pair.
2024-03-04T07:29:29.509 INFO:journalctl@ceph.mgr.x.smithi116.stdout:Mar 04 07:29:29 smithi116 ceph-af2ccd48-d9f8-11ee-95c6-87774f69a715-mgr-x[32389]: Your identification has been saved in /tmp/tmpojs0yoef/key.
2024-03-04T07:29:29.509 INFO:journalctl@ceph.mgr.x.smithi116.stdout:Mar 04 07:29:29 smithi116 ceph-af2ccd48-d9f8-11ee-95c6-87774f69a715-mgr-x[32389]: Your public key has been saved in /tmp/tmpojs0yoef/key.pub.
2024-03-04T07:29:29.509 INFO:journalctl@ceph.mgr.x.smithi116.stdout:Mar 04 07:29:29 smithi116 ceph-af2ccd48-d9f8-11ee-95c6-87774f69a715-mgr-x[32389]: The key fingerprint is:
2024-03-04T07:29:29.509 INFO:journalctl@ceph.mgr.x.smithi116.stdout:Mar 04 07:29:29 smithi116 ceph-af2ccd48-d9f8-11ee-95c6-87774f69a715-mgr-x[32389]: SHA256:i25HoRhvXFbMyY3aQJ/nEJNauEmzrWE2GFA6uE5dOwQ ceph-af2ccd48-d9f8-11ee-95c6-87774f69a715
2024-03-04T07:29:29.509 INFO:journalctl@ceph.mgr.x.smithi116.stdout:Mar 04 07:29:29 smithi116 ceph-af2ccd48-d9f8-11ee-95c6-87774f69a715-mgr-x[32389]: The key's randomart image is:
2024-03-04T07:29:29.509 INFO:journalctl@ceph.mgr.x.smithi116.stdout:Mar 04 07:29:29 smithi116 ceph-af2ccd48-d9f8-11ee-95c6-87774f69a715-mgr-x[32389]: +---[RSA 3072]----+
2024-03-04T07:29:29.510 INFO:journalctl@ceph.mgr.x.smithi116.stdout:Mar 04 07:29:29 smithi116 ceph-af2ccd48-d9f8-11ee-95c6-87774f69a715-mgr-x[32389]: | Eo...=o= |
2024-03-04T07:29:29.510 INFO:journalctl@ceph.mgr.x.smithi116.stdout:Mar 04 07:29:29 smithi116 ceph-af2ccd48-d9f8-11ee-95c6-87774f69a715-mgr-x[32389]: | . o. =.X+. |
2024-03-04T07:29:29.510 INFO:journalctl@ceph.mgr.x.smithi116.stdout:Mar 04 07:29:29 smithi116 ceph-af2ccd48-d9f8-11ee-95c6-87774f69a715-mgr-x[32389]: | . o o+ &+ . |
2024-03-04T07:29:29.510 INFO:journalctl@ceph.mgr.x.smithi116.stdout:Mar 04 07:29:29 smithi116 ceph-af2ccd48-d9f8-11ee-95c6-87774f69a715-mgr-x[32389]: | o.+..# o+ |
2024-03-04T07:29:29.510 INFO:journalctl@ceph.mgr.x.smithi116.stdout:Mar 04 07:29:29 smithi116 ceph-af2ccd48-d9f8-11ee-95c6-87774f69a715-mgr-x[32389]: | o .=o*S= . |
2024-03-04T07:29:29.510 INFO:journalctl@ceph.mgr.x.smithi116.stdout:Mar 04 07:29:29 smithi116 ceph-af2ccd48-d9f8-11ee-95c6-87774f69a715-mgr-x[32389]: | o . =oo. |
2024-03-04T07:29:29.510 INFO:journalctl@ceph.mgr.x.smithi116.stdout:Mar 04 07:29:29 smithi116 ceph-af2ccd48-d9f8-11ee-95c6-87774f69a715-mgr-x[32389]: | . .... |
2024-03-04T07:29:29.510 INFO:journalctl@ceph.mgr.x.smithi116.stdout:Mar 04 07:29:29 smithi116 ceph-af2ccd48-d9f8-11ee-95c6-87774f69a715-mgr-x[32389]: | .. . |
2024-03-04T07:29:29.510 INFO:journalctl@ceph.mgr.x.smithi116.stdout:Mar 04 07:29:29 smithi116 ceph-af2ccd48-d9f8-11ee-95c6-87774f69a715-mgr-x[32389]: | ... |
2024-03-04T07:29:29.510 INFO:journalctl@ceph.mgr.x.smithi116.stdout:Mar 04 07:29:29 smithi116 ceph-af2ccd48-d9f8-11ee-95c6-87774f69a715-mgr-x[32389]: +----[SHA256]-----+
2024-03-04T07:29:29.880 INFO:teuthology.orchestra.run.smithi116.stdout:/usr/bin/ceph: stderr
2024-03-04T07:29:28.504+0000 7f18b6400700 1 Processor -- start
2024-03-04T07:29:29.881 INFO:teuthology.orchestra.run.smithi116.stdout:/usr/bin/ceph: stderr
2024-03-04T07:29:28.504+0000 7f18b6400700 1 -- start start
2024-03-04T07:29:29.881 INFO:teuthology.orchestra.run.smithi116.stdout:/usr/bin/ceph: stderr
2024-03-04T07:29:28.505+0000 7f18b6400700 1 --2- >> [v2:172.21.15.116:3300/0,v1:172.21.15.116:6789/0] conn(0x7f18b007ce10 0x7f18b007b2c0 unknown :-1 s=NONE pgs=0 cs=0 l=0 rev1=0 crypto rx=0 tx=0 comp rx=0 tx=0).connect
2024-03-04T07:29:29.881 INFO:teuthology.orchestra.run.smithi116.stdout:/usr/bin/ceph: stderr
2024-03-04T07:29:28.505+0000 7f18b6400700 1 -- --> [v2:172.21.15.116:3300/0,v1:172.21.15.116:6789/0] -- mon_getmap magic: 0 v1 -- 0x7f18b007b800 con 0x7f18b007ce10
2024-03-04T07:29:29.881 INFO:teuthology.orchestra.run.smithi116.stdout:/usr/bin/ceph: stderr
2024-03-04T07:29:28.505+0000 7f18af400700 1 --2- >> [v2:172.21.15.116:3300/0,v1:172.21.15.116:6789/0] conn(0x7f18b007ce10 0x7f18b007b2c0 unknown :-1 s=BANNER_CONNECTING pgs=0 cs=0 l=0 rev1=0 crypto rx=0 tx=0 comp rx=0 tx=0)._handle_peer_banner_payload supported=3 required=0
2024-03-04T07:29:29.881 INFO:teuthology.orchestra.run.smithi116.stdout:/usr/bin/ceph: stderr
2024-03-04T07:29:28.505+0000 7f18af400700 1 --2- >> [v2:172.21.15.116:3300/0,v1:172.21.15.116:6789/0] conn(0x7f18b007ce10 0x7f18b007b2c0 unknown :-1 s=HELLO_CONNECTING pgs=0 cs=0 l=0 rev1=1 crypto rx=0 tx=0 comp rx=0 tx=0).handle_hello peer v2:172.21.15.116:3300/0 says I am v2:172.21.15.116:40190/0 (socket says 172.21.15.116:40190)
2024-03-04T07:29:29.886 INFO:teuthology.orchestra.run.smithi116.stdout:/usr/bin/ceph: stderr
2024-03-04T07:29:28.505+0000 7f18af400700 1 -- 172.21.15.116:0/1199576096 learned_addr learned my addr 172.21.15.116:0/1199576096 (peer_addr_for_me v2:172.21.15.116:0/0)
2024-03-04T07:29:29.886 INFO:teuthology.orchestra.run.smithi116.stdout:/usr/bin/ceph: stderr
2024-03-04T07:29:28.506+0000 7f18af400700 1 -- 172.21.15.116:0/1199576096 --> [v2:172.21.15.116:3300/0,v1:172.21.15.116:6789/0] -- mon_subscribe({config=0+,monmap=0+}) v3 -- 0x7f18b007b980 con 0x7f18b007ce10
2024-03-04T07:29:29.886 INFO:teuthology.orchestra.run.smithi116.stdout:/usr/bin/ceph: stderr
2024-03-04T07:29:28.506+0000 7f18af400700 1 --2- 172.21.15.116:0/1199576096 >> [v2:172.21.15.116:3300/0,v1:172.21.15.116:6789/0] conn(0x7f18b007ce10 0x7f18b007b2c0 secure :-1 s=READY pgs=41 cs=0 l=1 rev1=1 crypto rx=0x7f18a00098a0 tx=0x7f18a0009bb0 comp rx=0 tx=0).ready entity=mon.0 client_cookie=802d4cec3b774f3d server_cookie=0 in_seq=0 out_seq=0
2024-03-04T07:29:29.886 INFO:teuthology.orchestra.run.smithi116.stdout:/usr/bin/ceph: stderr
2024-03-04T07:29:28.506+0000 7f18ae000700 1 -- 172.21.15.116:0/1199576096 <== mon.0 v2:172.21.15.116:3300/0 1 ==== mon_map magic: 0 v1 ==== 205+0+0 (secure 0 0 0) 0x7f18a0004160 con 0x7f18b007ce10
2024-03-04T07:29:29.886 INFO:teuthology.orchestra.run.smithi116.stdout:/usr/bin/ceph: stderr
2024-03-04T07:29:28.506+0000 7f18ae000700 1 -- 172.21.15.116:0/1199576096 <== mon.0 v2:172.21.15.116:3300/0 2 ==== config(27 keys) v1 ==== 1109+0+0 (secure 0 0 0) 0x7f18a0004300 con 0x7f18b007ce10
2024-03-04T07:29:29.886 INFO:teuthology.orchestra.run.smithi116.stdout:/usr/bin/ceph: stderr
2024-03-04T07:29:28.506+0000 7f18ae000700 1 -- 172.21.15.116:0/1199576096 <== mon.0 v2:172.21.15.116:3300/0 3 ==== mon_map magic: 0 v1 ==== 205+0+0 (secure 0 0 0) 0x7f18a0011b50 con 0x7f18b007ce10
2024-03-04T07:29:29.887 INFO:teuthology.orchestra.run.smithi116.stdout:/usr/bin/ceph: stderr
