2024-03-04T07:30:02.143+0000 7f1b27000700 1 --2- 172.21.15.116:0/3047624364 >> [v2:172.21.15.116:3300/0,v1:172.21.15.116:6789/0] conn(0x7f1b20107930 0x7f1b20107d50 secure :-1 s=READY pgs=72 cs=0 l=1 rev1=1 crypto rx=0x7f1b100098a0 tx=0x7f1b10009bb0 comp rx=0 tx=0).stop
2024-03-04T07:30:03.558 INFO:teuthology.orchestra.run.smithi116.stdout:/usr/bin/ceph: stderr
2024-03-04T07:30:02.143+0000 7f1b27000700 1 -- 172.21.15.116:0/3047624364 shutdown_connections
2024-03-04T07:30:03.558 INFO:teuthology.orchestra.run.smithi116.stdout:/usr/bin/ceph: stderr
2024-03-04T07:30:02.143+0000 7f1b27000700 1 --2- 172.21.15.116:0/3047624364 >> [v2:172.21.15.116:3300/0,v1:172.21.15.116:6789/0] conn(0x7f1b20107930 0x7f1b20107d50 unknown :-1 s=CLOSED pgs=72 cs=0 l=1 rev1=1 crypto rx=0 tx=0 comp rx=0 tx=0).stop
2024-03-04T07:30:03.558 INFO:teuthology.orchestra.run.smithi116.stdout:/usr/bin/ceph: stderr
2024-03-04T07:30:02.143+0000 7f1b27000700 1 -- 172.21.15.116:0/3047624364 >> 172.21.15.116:0/3047624364 conn(0x7f1b20102f50 msgr2=0x7f1b20105370 unknown :-1 s=STATE_NONE l=0).mark_down
2024-03-04T07:30:03.558 INFO:teuthology.orchestra.run.smithi116.stdout:/usr/bin/ceph: stderr
2024-03-04T07:30:02.143+0000 7f1b27000700 1 -- 172.21.15.116:0/3047624364 shutdown_connections
2024-03-04T07:30:03.558 INFO:teuthology.orchestra.run.smithi116.stdout:/usr/bin/ceph: stderr
2024-03-04T07:30:02.143+0000 7f1b27000700 1 -- 172.21.15.116:0/3047624364 wait complete.
2024-03-04T07:30:03.558 INFO:teuthology.orchestra.run.smithi116.stdout:/usr/bin/ceph: stderr
2024-03-04T07:30:02.144+0000 7f1b27000700 1 Processor -- start
2024-03-04T07:30:03.559 INFO:teuthology.orchestra.run.smithi116.stdout:/usr/bin/ceph: stderr
2024-03-04T07:30:02.144+0000 7f1b27000700 1 -- start start
2024-03-04T07:30:03.559 INFO:teuthology.orchestra.run.smithi116.stdout:/usr/bin/ceph: stderr
2024-03-04T07:30:02.145+0000 7f1b27000700 1 --2- >> [v2:172.21.15.116:3300/0,v1:172.21.15.116:6789/0] conn(0x7f1b20107930 0x7f1b2019bb80 unknown :-1 s=NONE pgs=0 cs=0 l=1 rev1=0 crypto rx=0 tx=0 comp rx=0 tx=0).connect
2024-03-04T07:30:03.559 INFO:teuthology.orchestra.run.smithi116.stdout:/usr/bin/ceph: stderr
2024-03-04T07:30:02.145+0000 7f1b27000700 1 -- --> [v2:172.21.15.116:3300/0,v1:172.21.15.116:6789/0] -- mon_getmap magic: 0 v1 -- 0x7f1b2010be90 con 0x7f1b20107930
2024-03-04T07:30:03.559 INFO:teuthology.orchestra.run.smithi116.stdout:/usr/bin/ceph: stderr
2024-03-04T07:30:02.145+0000 7f1b1fe00700 1 --2- >> [v2:172.21.15.116:3300/0,v1:172.21.15.116:6789/0] conn(0x7f1b20107930 0x7f1b2019bb80 unknown :-1 s=BANNER_CONNECTING pgs=0 cs=0 l=1 rev1=0 crypto rx=0 tx=0 comp rx=0 tx=0)._handle_peer_banner_payload supported=3 required=0
2024-03-04T07:30:03.559 INFO:teuthology.orchestra.run.smithi116.stdout:/usr/bin/ceph: stderr
2024-03-04T07:30:02.145+0000 7f1b1fe00700 1 --2- >> [v2:172.21.15.116:3300/0,v1:172.21.15.116:6789/0] conn(0x7f1b20107930 0x7f1b2019bb80 unknown :-1 s=HELLO_CONNECTING pgs=0 cs=0 l=1 rev1=1 crypto rx=0 tx=0 comp rx=0 tx=0).handle_hello peer v2:172.21.15.116:3300/0 says I am v2:172.21.15.116:50616/0 (socket says 172.21.15.116:50616)
2024-03-04T07:30:03.559 INFO:teuthology.orchestra.run.smithi116.stdout:/usr/bin/ceph: stderr
2024-03-04T07:30:02.145+0000 7f1b1fe00700 1 -- 172.21.15.116:0/4104225046 learned_addr learned my addr 172.21.15.116:0/4104225046 (peer_addr_for_me v2:172.21.15.116:0/0)
2024-03-04T07:30:03.559 INFO:teuthology.orchestra.run.smithi116.stdout:/usr/bin/ceph: stderr
2024-03-04T07:30:02.145+0000 7f1b1fe00700 1 -- 172.21.15.116:0/4104225046 --> [v2:172.21.15.116:3300/0,v1:172.21.15.116:6789/0] -- mon_subscribe({config=0+,monmap=0+}) v3 -- 0x7f1b2019c0c0 con 0x7f1b20107930
2024-03-04T07:30:03.559 INFO:teuthology.orchestra.run.smithi116.stdout:/usr/bin/ceph: stderr
2024-03-04T07:30:02.146+0000 7f1b1fe00700 1 --2- 172.21.15.116:0/4104225046 >> [v2:172.21.15.116:3300/0,v1:172.21.15.116:6789/0] conn(0x7f1b20107930 0x7f1b2019bb80 secure :-1 s=READY pgs=73 cs=0 l=1 rev1=1 crypto rx=0x7f1b100117e0 tx=0x7f1b10011c10 comp rx=0 tx=0).ready entity=mon.0 client_cookie=0 server_cookie=0 in_seq=0 out_seq=0
2024-03-04T07:30:03.559 INFO:teuthology.orchestra.run.smithi116.stdout:/usr/bin/ceph: stderr
2024-03-04T07:30:02.146+0000 7f1b1cc00700 1 -- 172.21.15.116:0/4104225046 <== mon.0 v2:172.21.15.116:3300/0 1 ==== mon_map magic: 0 v1 ==== 205+0+0 (secure 0 0 0) 0x7f1b10003bf0 con 0x7f1b20107930
2024-03-04T07:30:03.559 INFO:teuthology.orchestra.run.smithi116.stdout:/usr/bin/ceph: stderr
2024-03-04T07:30:02.146+0000 7f1b1cc00700 1 -- 172.21.15.116:0/4104225046 <== mon.0 v2:172.21.15.116:3300/0 2 ==== config(27 keys) v1 ==== 1140+0+0 (secure 0 0 0) 0x7f1b1001a910 con 0x7f1b20107930
2024-03-04T07:30:03.559 INFO:teuthology.orchestra.run.smithi116.stdout:/usr/bin/ceph: stderr
2024-03-04T07:30:02.146+0000 7f1b27000700 1 -- 172.21.15.116:0/4104225046 --> [v2:172.21.15.116:3300/0,v1:172.21.15.116:6789/0] -- mon_subscribe({mgrmap=0+}) v3 -- 0x7f1b2019c350 con 0x7f1b20107930
2024-03-04T07:30:03.559 INFO:teuthology.orchestra.run.smithi116.stdout:/usr/bin/ceph: stderr
2024-03-04T07:30:02.146+0000 7f1b1cc00700 1 -- 172.21.15.116:0/4104225046 <== mon.0 v2:172.21.15.116:3300/0 3 ==== mon_map magic: 0 v1 ==== 205+0+0 (secure 0 0 0) 0x7f1b100249a0 con 0x7f1b20107930
2024-03-04T07:30:03.559 INFO:teuthology.orchestra.run.smithi116.stdout:/usr/bin/ceph: stderr
2024-03-04T07:30:02.146+0000 7f1b27000700 1 -- 172.21.15.116:0/4104225046 --> [v2:172.21.15.116:3300/0,v1:172.21.15.116:6789/0] -- mon_subscribe({osdmap=0}) v3 -- 0x7f1b2019c7b0 con 0x7f1b20107930
2024-03-04T07:30:03.559 INFO:teuthology.orchestra.run.smithi116.stdout:/usr/bin/ceph: stderr
2024-03-04T07:30:02.147+0000 7f1b1cc00700 1 -- 172.21.15.116:0/4104225046 <== mon.0 v2:172.21.15.116:3300/0 4 ==== mgrmap(e 12) v1 ==== 45941+0+0 (secure 0 0 0) 0x7f1b10022020 con 0x7f1b20107930
2024-03-04T07:30:03.560 INFO:teuthology.orchestra.run.smithi116.stdout:/usr/bin/ceph: stderr
2024-03-04T07:30:02.147+0000 7f1b27000700 1 -- 172.21.15.116:0/4104225046 --> [v2:172.21.15.116:3300/0,v1:172.21.15.116:6789/0] -- mon_command({"prefix": "get_command_descriptions"} v 0) v1 -- 0x7f1b20069160 con 0x7f1b20107930
2024-03-04T07:30:03.560 INFO:teuthology.orchestra.run.smithi116.stdout:/usr/bin/ceph: stderr
2024-03-04T07:30:02.148+0000 7f1b1cc00700 1 --2- 172.21.15.116:0/4104225046 >> [v2:172.21.15.116:6800/142890918,v1:172.21.15.116:6801/142890918] conn(0x7f1b04038c00 0x7f1b0403b0c0 unknown :-1 s=NONE pgs=0 cs=0 l=1 rev1=0 crypto rx=0 tx=0 comp rx=0 tx=0).connect
2024-03-04T07:30:03.560 INFO:teuthology.orchestra.run.smithi116.stdout:/usr/bin/ceph: stderr
2024-03-04T07:30:02.148+0000 7f1b1cc00700 1 -- 172.21.15.116:0/4104225046 <== mon.0 v2:172.21.15.116:3300/0 5 ==== osd_map(3..3 src has 1..3) v4 ==== 1155+0+0 (secure 0 0 0) 0x7f1b1004ce40 con 0x7f1b20107930
2024-03-04T07:30:03.560 INFO:teuthology.orchestra.run.smithi116.stdout:/usr/bin/ceph: stderr
2024-03-04T07:30:02.148+0000 7f1b1f400700 1 --2- 172.21.15.116:0/4104225046 >> [v2:172.21.15.116:6800/142890918,v1:172.21.15.116:6801/142890918] conn(0x7f1b04038c00 0x7f1b0403b0c0 unknown :-1 s=BANNER_CONNECTING pgs=0 cs=0 l=1 rev1=0 crypto rx=0 tx=0 comp rx=0 tx=0)._handle_peer_banner_payload supported=3 required=0
2024-03-04T07:30:03.560 INFO:teuthology.orchestra.run.smithi116.stdout:/usr/bin/ceph: stderr
2024-03-04T07:30:02.149+0000 7f1b1f400700 1 --2- 172.21.15.116:0/4104225046 >> [v2:172.21.15.116:6800/142890918,v1:172.21.15.116:6801/142890918] conn(0x7f1b04038c00 0x7f1b0403b0c0 secure :-1 s=READY pgs=8 cs=0 l=1 rev1=1 crypto rx=0x7f1b0c006fd0 tx=0x7f1b0c006e40 comp rx=0 tx=0).ready entity=mgr.14152 client_cookie=0 server_cookie=0 in_seq=0 out_seq=0
2024-03-04T07:30:03.560 INFO:teuthology.orchestra.run.smithi116.stdout:/usr/bin/ceph: stderr
2024-03-04T07:30:02.154+0000 7f1b1cc00700 1 -- 172.21.15.116:0/4104225046 <== mon.0 v2:172.21.15.116:3300/0 6 ==== mon_command_ack([{"prefix": "get_command_descriptions"}]=0 v0) v1 ==== 72+0+184932 (secure 0 0 0) 0x7f1b10011e20 con 0x7f1b20107930
2024-03-04T07:30:03.560 INFO:teuthology.orchestra.run.smithi116.stdout:/usr/bin/ceph: stderr
2024-03-04T07:30:02.391+0000 7f1b27000700 1 -- 172.21.15.116:0/4104225046 --> [v2:172.21.15.116:6800/142890918,v1:172.21.15.116:6801/142890918] -- mgr_command(tid 0: {"prefix": "dashboard ac-user-create", "username": "admin", "rolename": "administrator", "force_password": true, "pwd_update_required": true, "target": ["mon-mgr", ""]}) v1 -- 0x7f1b201957c0 con 0x7f1b04038c00
2024-03-04T07:30:03.560 INFO:teuthology.orchestra.run.smithi116.stdout:/usr/bin/ceph: stderr
2024-03-04T07:30:02.643+0000 7f1b1cc00700 1 -- 172.21.15.116:0/4104225046 <== mgr.14152 v2:172.21.15.116:6800/142890918 1 ==== mgr_command_reply(tid 0: 0 ) v1 ==== 8+0+252 (secure 0 0 0) 0x7f1b201957c0 con 0x7f1b04038c00
2024-03-04T07:30:03.560 INFO:teuthology.orchestra.run.smithi116.stdout:/usr/bin/ceph: stderr
2024-03-04T07:30:02.646+0000 7f1b27000700 1 -- 172.21.15.116:0/4104225046 >> [v2:172.21.15.116:6800/142890918,v1:172.21.15.116:6801/142890918] conn(0x7f1b04038c00 msgr2=0x7f1b0403b0c0 secure :-1 s=STATE_CONNECTION_ESTABLISHED l=1).mark_down
2024-03-04T07:30:03.560 INFO:teuthology.orchestra.run.smithi116.stdout:/usr/bin/ceph: stderr
2024-03-04T07:30:02.646+0000 7f1b27000700 1 --2- 172.21.15.116:0/4104225046 >> [v2:172.21.15.116:6800/142890918,v1:172.21.15.116:6801/142890918] conn(0x7f1b04038c00 0x7f1b0403b0c0 secure :-1 s=READY pgs=8 cs=0 l=1 rev1=1 crypto rx=0x7f1b0c006fd0 tx=0x7f1b0c006e40 comp rx=0 tx=0).stop
2024-03-04T07:30:03.560 INFO:teuthology.orchestra.run.smithi116.stdout:/usr/bin/ceph: stderr
2024-03-04T07:30:02.646+0000 7f1b27000700 1 -- 172.21.15.116:0/4104225046 >> [v2:172.21.15.116:3300/0,v1:172.21.15.116:6789/0] conn(0x7f1b20107930 msgr2=0x7f1b2019bb80 secure :-1 s=STATE_CONNECTION_ESTABLISHED l=1).mark_down
2024-03-04T07:30:03.560 INFO:teuthology.orchestra.run.smithi116.stdout:/usr/bin/ceph: stderr
2024-03-04T07:30:02.646+0000 7f1b27000700 1 --2- 172.21.15.116:0/4104225046 >> [v2:172.21.15.116:3300/0,v1:172.21.15.116:6789/0] conn(0x7f1b20107930 0x7f1b2019bb80 secure :-1 s=READY pgs=73 cs=0 l=1 rev1=1 crypto rx=0x7f1b100117e0 tx=0x7f1b10011c10 comp rx=0 tx=0).stop
2024-03-04T07:30:03.561 INFO:teuthology.orchestra.run.smithi116.stdout:/usr/bin/ceph: stderr
2024-03-04T07:30:02.646+0000 7f1b27000700 1 -- 172.21.15.116:0/4104225046 shutdown_connections
2024-03-04T07:30:03.561 INFO:teuthology.orchestra.run.smithi116.stdout:/usr/bin/ceph: stderr
2024-03-04T07:30:02.646+0000 7f1b27000700 1 --2- 172.21.15.116:0/4104225046 >> [v2:172.21.15.116:6800/142890918,v1:172.21.15.116:6801/142890918] conn(0x7f1b04038c00 0x7f1b0403b0c0 unknown :-1 s=CLOSED pgs=8 cs=0 l=1 rev1=1 crypto rx=0 tx=0 comp rx=0 tx=0).stop
2024-03-04T07:30:03.561 INFO:teuthology.orchestra.run.smithi116.stdout:/usr/bin/ceph: stderr
2024-03-04T07:30:02.646+0000 7f1b27000700 1 --2- 172.21.15.116:0/4104225046 >> [v2:172.21.15.116:3300/0,v1:172.21.15.116:6789/0] conn(0x7f1b20107930 0x7f1b2019bb80 unknown :-1 s=CLOSED pgs=73 cs=0 l=1 rev1=1 crypto rx=0 tx=0 comp rx=0 tx=0).stop
2024-03-04T07:30:03.561 INFO:teuthology.orchestra.run.smithi116.stdout:/usr/bin/ceph: stderr
2024-03-04T07:30:02.646+0000 7f1b27000700 1 -- 172.21.15.116:0/4104225046 >> 172.21.15.116:0/4104225046 conn(0x7f1b20102f50 msgr2=0x7f1b20103bd0 unknown :-1 s=STATE_NONE l=0).mark_down
2024-03-04T07:30:03.561 INFO:teuthology.orchestra.run.smithi116.stdout:/usr/bin/ceph: stderr
2024-03-04T07:30:02.647+0000 7f1b27000700 1 -- 172.21.15.116:0/4104225046 shutdown_connections
2024-03-04T07:30:03.561 INFO:teuthology.orchestra.run.smithi116.stdout:/usr/bin/ceph: stderr
2024-03-04T07:30:02.647+0000 7f1b27000700 1 -- 172.21.15.116:0/4104225046 wait complete.
2024-03-04T07:30:03.561 INFO:teuthology.orchestra.run.smithi116.stdout:Fetching dashboard port number...
2024-03-04T07:30:05.258 INFO:journalctl@ceph.mon.a.smithi116.stdout:Mar 04 07:30:04 smithi116 ceph-mon[32150]: mgrmap e13: x(active, since 6s)
2024-03-04T07:30:05.258 INFO:journalctl@ceph.mon.a.smithi116.stdout:Mar 04 07:30:04 smithi116 ceph-mon[32150]: from='client.? 172.21.15.116:0/1804964910' entity='client.admin' cmd=[{"prefix": "config get", "who": "mgr", "key": "mgr/dashboard/ssl_server_port"}]: dispatch
2024-03-04T07:30:05.328 INFO:teuthology.orchestra.run.smithi116.stdout:/usr/bin/ceph: stdout 8443
2024-03-04T07:30:05.334 INFO:teuthology.orchestra.run.smithi116.stdout:/usr/bin/ceph: stderr
2024-03-04T07:30:04.352+0000 7fb851200700 1 Processor -- start
2024-03-04T07:30:05.334 INFO:teuthology.orchestra.run.smithi116.stdout:/usr/bin/ceph: stderr
2024-03-04T07:30:04.352+0000 7fb851200700 1 -- start start
2024-03-04T07:30:05.334 INFO:teuthology.orchestra.run.smithi116.stdout:/usr/bin/ceph: stderr
2024-03-04T07:30:04.352+0000 7fb851200700 1 --2- >> [v2:172.21.15.116:3300/0,v1:172.21.15.116:6789/0] conn(0x7fb84c10b1f0 0x7fb84c10b610 unknown :-1 s=NONE pgs=0 cs=0 l=0 rev1=0 crypto rx=0 tx=0 comp rx=0 tx=0).connect
2024-03-04T07:30:05.334 INFO:teuthology.orchestra.run.smithi116.stdout:/usr/bin/ceph: stderr
2024-03-04T07:30:04.352+0000 7fb851200700 1 -- --> [v2:172.21.15.116:3300/0,v1:172.21.15.116:6789/0] -- mon_getmap magic: 0 v1 -- 0x7fb84c109780 con 0x7fb84c10b1f0
2024-03-04T07:30:05.334 INFO:teuthology.orchestra.run.smithi116.stdout:/usr/bin/ceph: stderr
2024-03-04T07:30:04.353+0000 7fb849e00700 1 --2- >> [v2:172.21.15.116:3300/0,v1:172.21.15.116:6789/0] conn(0x7fb84c10b1f0 0x7fb84c10b610 unknown :-1 s=BANNER_CONNECTING pgs=0 cs=0 l=0 rev1=0 crypto rx=0 tx=0 comp rx=0 tx=0)._handle_peer_banner_payload supported=3 required=0
2024-03-04T07:30:05.334 INFO:teuthology.orchestra.run.smithi116.stdout:/usr/bin/ceph: stderr
2024-03-04T07:30:04.353+0000 7fb849e00700 1 --2- >> [v2:172.21.15.116:3300/0,v1:172.21.15.116:6789/0] conn(0x7fb84c10b1f0 0x7fb84c10b610 unknown :-1 s=HELLO_CONNECTING pgs=0 cs=0 l=0 rev1=1 crypto rx=0 tx=0 comp rx=0 tx=0).handle_hello peer v2:172.21.15.116:3300/0 says I am v2:172.21.15.116:50618/0 (socket says 172.21.15.116:50618)
2024-03-04T07:30:05.334 INFO:teuthology.orchestra.run.smithi116.stdout:/usr/bin/ceph: stderr
2024-03-04T07:30:04.353+0000 7fb849e00700 1 -- 172.21.15.116:0/333870620 learned_addr learned my addr 172.21.15.116:0/333870620 (peer_addr_for_me v2:172.21.15.116:0/0)
2024-03-04T07:30:05.334 INFO:teuthology.orchestra.run.smithi116.stdout:/usr/bin/ceph: stderr
2024-03-04T07:30:04.353+0000 7fb849e00700 1 -- 172.21.15.116:0/333870620 --> [v2:172.21.15.116:3300/0,v1:172.21.15.116:6789/0] -- mon_subscribe({config=0+,monmap=0+}) v3 -- 0x7fb84c109900 con 0x7fb84c10b1f0
2024-03-04T07:30:05.334 INFO:teuthology.orchestra.run.smithi116.stdout:/usr/bin/ceph: stderr
2024-03-04T07:30:04.353+0000 7fb849e00700 1 --2- 172.21.15.116:0/333870620 >> [v2:172.21.15.116:3300/0,v1:172.21.15.116:6789/0] conn(0x7fb84c10b1f0 0x7fb84c10b610 secure :-1 s=READY pgs=74 cs=0 l=1 rev1=1 crypto rx=0x7fb83c0098a0 tx=0x7fb83c009bb0 comp rx=0 tx=0).ready entity=mon.0 client_cookie=cdbf946582543960 server_cookie=0 in_seq=0 out_seq=0
2024-03-04T07:30:05.334 INFO:teuthology.orchestra.run.smithi116.stdout:/usr/bin/ceph: stderr
2024-03-04T07:30:04.354+0000 7fb848a00700 1 -- 172.21.15.116:0/333870620 <== mon.0 v2:172.21.15.116:3300/0 1 ==== mon_map magic: 0 v1 ==== 205+0+0 (secure 0 0 0) 0x7fb83c004160 con 0x7fb84c10b1f0
2024-03-04T07:30:05.335 INFO:teuthology.orchestra.run.smithi116.stdout:/usr/bin/ceph: stderr
2024-03-04T07:30:04.354+0000 7fb848a00700 1 -- 172.21.15.116:0/333870620 <== mon.0 v2:172.21.15.116:3300/0 2 ==== config(27 keys) v1 ==== 1140+0+0 (secure 0 0 0) 0x7fb83c004300 con 0x7fb84c10b1f0
2024-03-04T07:30:05.335 INFO:teuthology.orchestra.run.smithi116.stdout:/usr/bin/ceph: stderr
2024-03-04T07:30:04.354+0000 7fb848a00700 1 -- 172.21.15.116:0/333870620 <== mon.0 v2:172.21.15.116:3300/0 3 ==== mon_map magic: 0 v1 ==== 205+0+0 (secure 0 0 0) 0x7fb83c011b20 con 0x7fb84c10b1f0
2024-03-04T07:30:05.335 INFO:teuthology.orchestra.run.smithi116.stdout:/usr/bin/ceph: stderr
2024-03-04T07:30:04.355+0000 7fb851200700 1 -- 172.21.15.116:0/333870620 >> [v2:172.21.15.116:3300/0,v1:172.21.15.116:6789/0] conn(0x7fb84c10b1f0 msgr2=0x7fb84c10b610 secure :-1 s=STATE_CONNECTION_ESTABLISHED l=1).mark_down
2024-03-04T07:30:05.335 INFO:teuthology.orchestra.run.smithi116.stdout:/usr/bin/ceph: stderr
2024-03-04T07:30:04.355+0000 7fb851200700 1 --2- 172.21.15.116:0/333870620 >> [v2:172.21.15.116:3300/0,v1:172.21.15.116:6789/0] conn(0x7fb84c10b1f0 0x7fb84c10b610 secure :-1 s=READY pgs=74 cs=0 l=1 rev1=1 crypto rx=0x7fb83c0098a0 tx=0x7fb83c009bb0 comp rx=0 tx=0).stop
2024-03-04T07:30:05.335 INFO:teuthology.orchestra.run.smithi116.stdout:/usr/bin/ceph: stderr
2024-03-04T07:30:04.355+0000 7fb851200700 1 -- 172.21.15.116:0/333870620 shutdown_connections
2024-03-04T07:30:05.335 INFO:teuthology.orchestra.run.smithi116.stdout:/usr/bin/ceph: stderr
2024-03-04T07:30:04.355+0000 7fb851200700 1 --2- 172.21.15.116:0/333870620 >> [v2:172.21.15.116:3300/0,v1:172.21.15.116:6789/0] conn(0x7fb84c10b1f0 0x7fb84c10b610 unknown :-1 s=CLOSED pgs=74 cs=0 l=1 rev1=1 crypto rx=0 tx=0 comp rx=0 tx=0).stop
2024-03-04T07:30:05.335 INFO:teuthology.orchestra.run.smithi116.stdout:/usr/bin/ceph: stderr
2024-03-04T07:30:04.355+0000 7fb851200700 1 -- 172.21.15.116:0/333870620 >> 172.21.15.116:0/333870620 conn(0x7fb84c1054c0 msgr2=0x7fb84c1078b0 unknown :-1 s=STATE_NONE l=0).mark_down
2024-03-04T07:30:05.335 INFO:teuthology.orchestra.run.smithi116.stdout:/usr/bin/ceph: stderr
2024-03-04T07:30:04.355+0000 7fb851200700 1 -- 172.21.15.116:0/333870620 shutdown_connections
2024-03-04T07:30:05.335 INFO:teuthology.orchestra.run.smithi116.stdout:/usr/bin/ceph: stderr
2024-03-04T07:30:04.355+0000 7fb851200700 1 -- 172.21.15.116:0/333870620 wait complete.
2024-03-04T07:30:05.335 INFO:teuthology.orchestra.run.smithi116.stdout:/usr/bin/ceph: stderr
2024-03-04T07:30:04.356+0000 7fb851200700 1 Processor -- start
2024-03-04T07:30:05.335 INFO:teuthology.orchestra.run.smithi116.stdout:/usr/bin/ceph: stderr
2024-03-04T07:30:04.356+0000 7fb851200700 1 -- start start
2024-03-04T07:30:05.335 INFO:teuthology.orchestra.run.smithi116.stdout:/usr/bin/ceph: stderr
2024-03-04T07:30:04.356+0000 7fb851200700 1 --2- >> [v2:172.21.15.116:3300/0,v1:172.21.15.116:6789/0] conn(0x7fb84c10b1f0 0x7fb84c19df80 unknown :-1 s=NONE pgs=0 cs=0 l=1 rev1=0 crypto rx=0 tx=0 comp rx=0 tx=0).connect
2024-03-04T07:30:05.335 INFO:teuthology.orchestra.run.smithi116.stdout:/usr/bin/ceph: stderr
2024-03-04T07:30:04.356+0000 7fb851200700 1 -- --> [v2:172.21.15.116:3300/0,v1:172.21.15.116:6789/0] -- mon_getmap magic: 0 v1 -- 0x7fb84c10e0c0 con 0x7fb84c10b1f0
2024-03-04T07:30:05.336 INFO:teuthology.orchestra.run.smithi116.stdout:/usr/bin/ceph: stderr
2024-03-04T07:30:04.357+0000 7fb849e00700 1 --2- >> [v2:172.21.15.116:3300/0,v1:172.21.15.116:6789/0] conn(0x7fb84c10b1f0 0x7fb84c19df80 unknown :-1 s=BANNER_CONNECTING pgs=0 cs=0 l=1 rev1=0 crypto rx=0 tx=0 comp rx=0 tx=0)._handle_peer_banner_payload supported=3 required=0
2024-03-04T07:30:05.336 INFO:teuthology.orchestra.run.smithi116.stdout:/usr/bin/ceph: stderr
2024-03-04T07:30:04.357+0000 7fb849e00700 1 --2- >> [v2:172.21.15.116:3300/0,v1:172.21.15.116:6789/0] conn(0x7fb84c10b1f0 0x7fb84c19df80 unknown :-1 s=HELLO_CONNECTING pgs=0 cs=0 l=1 rev1=1 crypto rx=0 tx=0 comp rx=0 tx=0).handle_hello peer v2:172.21.15.116:3300/0 says I am v2:172.21.15.116:50620/0 (socket says 172.21.15.116:50620)
2024-03-04T07:30:05.336 INFO:teuthology.orchestra.run.smithi116.stdout:/usr/bin/ceph: stderr
2024-03-04T07:30:04.357+0000 7fb849e00700 1 -- 172.21.15.116:0/1804964910 learned_addr learned my addr 172.21.15.116:0/1804964910 (peer_addr_for_me v2:172.21.15.116:0/0)
2024-03-04T07:30:05.336 INFO:teuthology.orchestra.run.smithi116.stdout:/usr/bin/ceph: stderr
2024-03-04T07:30:04.357+0000 7fb849e00700 1 -- 172.21.15.116:0/1804964910 --> [v2:172.21.15.116:3300/0,v1:172.21.15.116:6789/0] -- mon_subscribe({config=0+,monmap=0+}) v3 -- 0x7fb84c19e4c0 con 0x7fb84c10b1f0
2024-03-04T07:30:05.336 INFO:teuthology.orchestra.run.smithi116.stdout:/usr/bin/ceph: stderr
2024-03-04T07:30:04.357+0000 7fb849e00700 1 --2- 172.21.15.116:0/1804964910 >> [v2:172.21.15.116:3300/0,v1:172.21.15.116:6789/0] conn(0x7fb84c10b1f0 0x7fb84c19df80 secure :-1 s=READY pgs=75 cs=0 l=1 rev1=1 crypto rx=0x7fb83c000c00 tx=0x7fb83c011c10 comp rx=0 tx=0).ready entity=mon.0 client_cookie=0 server_cookie=0 in_seq=0 out_seq=0
2024-03-04T07:30:05.336 INFO:teuthology.orchestra.run.smithi116.stdout:/usr/bin/ceph: stderr
2024-03-04T07:30:04.358+0000 7fb842a00700 1 -- 172.21.15.116:0/1804964910 <== mon.0 v2:172.21.15.116:3300/0 1 ==== mon_map magic: 0 v1 ==== 205+0+0 (secure 0 0 0) 0x7fb83c003b60 con 0x7fb84c10b1f0
2024-03-04T07:30:05.336 INFO:teuthology.orchestra.run.smithi116.stdout:/usr/bin/ceph: stderr
2024-03-04T07:30:04.358+0000 7fb842a00700 1 -- 172.21.15.116:0/1804964910 <== mon.0 v2:172.21.15.116:3300/0 2 ==== config(27 keys) v1 ==== 1140+0+0 (secure 0 0 0) 0x7fb83c01a910 con 0x7fb84c10b1f0
2024-03-04T07:30:05.336 INFO:teuthology.orchestra.run.smithi116.stdout:/usr/bin/ceph: stderr
2024-03-04T07:30:04.358+0000 7fb851200700 1 -- 172.21.15.116:0/1804964910 --> [v2:172.21.15.116:3300/0,v1:172.21.15.116:6789/0] -- mon_subscribe({mgrmap=0+}) v3 -- 0x7fb84c19e750 con 0x7fb84c10b1f0
2024-03-04T07:30:05.336 INFO:teuthology.orchestra.run.smithi116.stdout:/usr/bin/ceph: stderr
2024-03-04T07:30:04.358+0000 7fb842a00700 1 -- 172.21.15.116:0/1804964910 <== mon.0 v2:172.21.15.116:3300/0 3 ==== mon_map magic: 0 v1 ==== 205+0+0 (secure 0 0 0) 0x7fb83c024930 con 0x7fb84c10b1f0
2024-03-04T07:30:05.336 INFO:teuthology.orchestra.run.smithi116.stdout:/usr/bin/ceph: stderr
2024-03-04T07:30:04.358+0000 7fb851200700 1 -- 172.21.15.116:0/1804964910 --> [v2:172.21.15.116:3300/0,v1:172.21.15.116:6789/0] -- mon_subscribe({osdmap=0}) v3 -- 0x7fb84c19f270 con 0x7fb84c10b1f0
2024-03-04T07:30:05.336 INFO:teuthology.orchestra.run.smithi116.stdout:/usr/bin/ceph: stderr
2024-03-04T07:30:04.359+0000 7fb842a00700 1 -- 172.21.15.116:0/1804964910 <== mon.0 v2:172.21.15.116:3300/0 4 ==== mgrmap(e 13) v1 ==== 45985+0+0 (secure 0 0 0) 0x7fb83c022020 con 0x7fb84c10b1f0
2024-03-04T07:30:05.336 INFO:teuthology.orchestra.run.smithi116.stdout:/usr/bin/ceph: stderr
2024-03-04T07:30:04.359+0000 7fb851200700 1 -- 172.21.15.116:0/1804964910 --> [v2:172.21.15.116:3300/0,v1:172.21.15.116:6789/0] -- mon_command({"prefix": "get_command_descriptions"} v 0) v1 -- 0x7fb84c0636f0 con 0x7fb84c10b1f0
2024-03-04T07:30:05.336 INFO:teuthology.orchestra.run.smithi116.stdout:/usr/bin/ceph: stderr
2024-03-04T07:30:04.359+0000 7fb842a00700 1 --2- 172.21.15.116:0/1804964910 >> [v2:172.21.15.116:6800/142890918,v1:172.21.15.116:6801/142890918] conn(0x7fb830038cf0 0x7fb83003b1b0 unknown :-1 s=NONE pgs=0 cs=0 l=1 rev1=0 crypto rx=0 tx=0 comp rx=0 tx=0).connect
2024-03-04T07:30:05.337 INFO:teuthology.orchestra.run.smithi116.stdout:/usr/bin/ceph: stderr
2024-03-04T07:30:04.360+0000 7fb842a00700 1 -- 172.21.15.116:0/1804964910 <== mon.0 v2:172.21.15.116:3300/0 5 ==== osd_map(3..3 src has 1..3) v4 ==== 1155+0+0 (secure 0 0 0) 0x7fb83c04cf30 con 0x7fb84c10b1f0
2024-03-04T07:30:05.337 INFO:teuthology.orchestra.run.smithi116.stdout:/usr/bin/ceph: stderr
2024-03-04T07:30:04.360+0000 7fb849400700 1 --2- 172.21.15.116:0/1804964910 >> [v2:172.21.15.116:6800/142890918,v1:172.21.15.116:6801/142890918] conn(0x7fb830038cf0 0x7fb83003b1b0 unknown :-1 s=BANNER_CONNECTING pgs=0 cs=0 l=1 rev1=0 crypto rx=0 tx=0 comp rx=0 tx=0)._handle_peer_banner_payload supported=3 required=0
2024-03-04T07:30:05.337 INFO:teuthology.orchestra.run.smithi116.stdout:/usr/bin/ceph: stderr
2024-03-04T07:30:04.360+0000 7fb849400700 1 --2- 172.21.15.116:0/1804964910 >> [v2:172.21.15.116:6800/142890918,v1:172.21.15.116:6801/142890918] conn(0x7fb830038cf0 0x7fb83003b1b0 secure :-1 s=READY pgs=9 cs=0 l=1 rev1=1 crypto rx=0x7fb838006fd0 tx=0x7fb838006e40 comp rx=0 tx=0).ready entity=mgr.14152 client_cookie=0 server_cookie=0 in_seq=0 out_seq=0
2024-03-04T07:30:05.337 INFO:teuthology.orchestra.run.smithi116.stdout:/usr/bin/ceph: stderr
2024-03-04T07:30:04.365+0000 7fb842a00700 1 -- 172.21.15.116:0/1804964910 <== mon.0 v2:172.21.15.116:3300/0 6 ==== mon_command_ack([{"prefix": "get_command_descriptions"}]=0 v0) v1 ==== 72+0+184932 (secure 0 0 0) 0x7fb83c02c350 con 0x7fb84c10b1f0
2024-03-04T07:30:05.337 INFO:teuthology.orchestra.run.smithi116.stdout:/usr/bin/ceph: stderr
2024-03-04T07:30:04.585+0000 7fb851200700 1 -- 172.21.15.116:0/1804964910 --> [v2:172.21.15.116:3300/0,v1:172.21.15.116:6789/0] -- mon_command({"prefix": "config get", "who": "mgr", "key": "mgr/dashboard/ssl_server_port"} v 0) v1 -- 0x7fb84c075a50 con 0x7fb84c10b1f0
2024-03-04T07:30:05.337 INFO:teuthology.orchestra.run.smithi116.stdout:/usr/bin/ceph: stderr
2024-03-04T07:30:04.586+0000 7fb842a00700 1 -- 172.21.15.116:0/1804964910 <== mon.0 v2:172.21.15.116:3300/0 7 ==== mon_command_ack([{"prefix": "config get", "who": "mgr", "key": "mgr/dashboard/ssl_server_port"}]=0 v8) v1 ==== 112+0+5 (secure 0 0 0) 0x7fb83c0172b0 con 0x7fb84c10b1f0
2024-03-04T07:30:05.337 INFO:teuthology.orchestra.run.smithi116.stdout:/usr/bin/ceph: stderr
2024-03-04T07:30:04.590+0000 7fb851200700 1 -- 172.21.15.116:0/1804964910 >> [v2:172.21.15.116:6800/142890918,v1:172.21.15.116:6801/142890918] conn(0x7fb830038cf0 msgr2=0x7fb83003b1b0 secure :-1 s=STATE_CONNECTION_ESTABLISHED l=1).mark_down
2024-03-04T07:30:05.337 INFO:teuthology.orchestra.run.smithi116.stdout:/usr/bin/ceph: stderr
2024-03-04T07:30:04.590+0000 7fb851200700 1 --2- 172.21.15.116:0/1804964910 >> [v2:172.21.15.116:6800/142890918,v1:172.21.15.116:6801/142890918] conn(0x7fb830038cf0 0x7fb83003b1b0 secure :-1 s=READY pgs=9 cs=0 l=1 rev1=1 crypto rx=0x7fb838006fd0 tx=0x7fb838006e40 comp rx=0 tx=0).stop
2024-03-04T07:30:05.337 INFO:teuthology.orchestra.run.smithi116.stdout:/usr/bin/ceph: stderr
2024-03-04T07:30:04.590+0000 7fb851200700 1 -- 172.21.15.116:0/1804964910 >> [v2:172.21.15.116:3300/0,v1:172.21.15.116:6789/0] conn(0x7fb84c10b1f0 msgr2=0x7fb84c19df80 secure :-1 s=STATE_CONNECTION_ESTABLISHED l=1).mark_down
2024-03-04T07:30:05.337 INFO:teuthology.orchestra.run.smithi116.stdout:/usr/bin/ceph: stderr
2024-03-04T07:30:04.590+0000 7fb851200700 1 --2- 172.21.15.116:0/1804964910 >> [v2:172.21.15.116:3300/0,v1:172.21.15.116:6789/0] conn(0x7fb84c10b1f0 0x7fb84c19df80 secure :-1 s=READY pgs=75 cs=0 l=1 rev1=1 crypto rx=0x7fb83c000c00 tx=0x7fb83c011c10 comp rx=0 tx=0).stop
2024-03-04T07:30:05.337 INFO:teuthology.orchestra.run.smithi116.stdout:/usr/bin/ceph: stderr
2024-03-04T07:30:04.590+0000 7fb851200700 1 -- 172.21.15.116:0/1804964910 shutdown_connections
2024-03-04T07:30:05.337 INFO:teuthology.orchestra.run.smithi116.stdout:/usr/bin/ceph: stderr
2024-03-04T07:30:04.590+0000 7fb851200700 1 --2- 172.21.15.116:0/1804964910 >> [v2:172.21.15.116:6800/142890918,v1:172.21.15.116:6801/142890918] conn(0x7fb830038cf0 0x7fb83003b1b0 unknown :-1 s=CLOSED pgs=9 cs=0 l=1 rev1=1 crypto rx=0 tx=0 comp rx=0 tx=0).stop
2024-03-04T07:30:05.337 INFO:teuthology.orchestra.run.smithi116.stdout:/usr/bin/ceph: stderr
2024-03-04T07:30:04.590+0000 7fb851200700 1 --2- 172.21.15.116:0/1804964910 >> [v2:172.21.15.116:3300/0,v1:172.21.15.116:6789/0] conn(0x7fb84c10b1f0 0x7fb84c19df80 unknown :-1 s=CLOSED pgs=75 cs=0 l=1 rev1=1 crypto rx=0 tx=0 comp rx=0 tx=0).stop
2024-03-04T07:30:05.338 INFO:teuthology.orchestra.run.smithi116.stdout:/usr/bin/ceph: stderr
2024-03-04T07:30:04.590+0000 7fb851200700 1 -- 172.21.15.116:0/1804964910 >> 172.21.15.116:0/1804964910 conn(0x7fb84c1054c0 msgr2=0x7fb84c107170 unknown :-1 s=STATE_NONE l=0).mark_down
2024-03-04T07:30:05.338 INFO:teuthology.orchestra.run.smithi116.stdout:/usr/bin/ceph: stderr
2024-03-04T07:30:04.590+0000 7fb851200700 1 -- 172.21.15.116:0/1804964910 shutdown_connections
2024-03-04T07:30:05.338 INFO:teuthology.orchestra.run.smithi116.stdout:/usr/bin/ceph: stderr
2024-03-04T07:30:04.590+0000 7fb851200700 1 -- 172.21.15.116:0/1804964910 wait complete.
2024-03-04T07:30:05.361 INFO:teuthology.orchestra.run.smithi116.stdout:Non-zero exit code 1 from systemctl is-enabled firewalld.service
2024-03-04T07:30:05.361 INFO:teuthology.orchestra.run.smithi116.stdout:systemctl: stdout disabled
2024-03-04T07:30:05.386 INFO:teuthology.orchestra.run.smithi116.stdout:Non-zero exit code 3 from systemctl is-active firewalld.service
2024-03-04T07:30:05.386 INFO:teuthology.orchestra.run.smithi116.stdout:systemctl: stdout inactive
2024-03-04T07:30:05.386 INFO:teuthology.orchestra.run.smithi116.stdout:firewalld.service is not enabled
2024-03-04T07:30:05.386 INFO:teuthology.orchestra.run.smithi116.stdout:Not possible to open ports <[8443]>. firewalld.service is not available
2024-03-04T07:30:05.390 INFO:teuthology.orchestra.run.smithi116.stdout:Ceph Dashboard is now available at:
2024-03-04T07:30:05.390 INFO:teuthology.orchestra.run.smithi116.stdout:
2024-03-04T07:30:05.390 INFO:teuthology.orchestra.run.smithi116.stdout: URL: https://smithi116.front.sepia.ceph.com:8443/
2024-03-04T07:30:05.390 INFO:teuthology.orchestra.run.smithi116.stdout: User: admin
2024-03-04T07:30:05.390 INFO:teuthology.orchestra.run.smithi116.stdout: Password: be74upzvr4
2024-03-04T07:30:05.390 INFO:teuthology.orchestra.run.smithi116.stdout:
2024-03-04T07:30:05.391 INFO:teuthology.orchestra.run.smithi116.stdout:Saving cluster configuration to /var/lib/ceph/af2ccd48-d9f8-11ee-95c6-87774f69a715/config directory
2024-03-04T07:30:05.392 INFO:teuthology.orchestra.run.smithi116.stdout:Enabling autotune for osd_memory_target
2024-03-04T07:30:07.371 INFO:teuthology.orchestra.run.smithi116.stdout:/usr/bin/ceph: stderr
2024-03-04T07:30:06.391+0000 7f5a30200700 1 Processor -- start
2024-03-04T07:30:07.376 INFO:teuthology.orchestra.run.smithi116.stdout:/usr/bin/ceph: stderr
2024-03-04T07:30:06.391+0000 7f5a30200700 1 -- start start
2024-03-04T07:30:07.376 INFO:teuthology.orchestra.run.smithi116.stdout:/usr/bin/ceph: stderr
2024-03-04T07:30:06.392+0000 7f5a30200700 1 --2- >> [v2:172.21.15.116:3300/0,v1:172.21.15.116:6789/0] conn(0x7f5a2810b1f0 0x7f5a2810b610 unknown :-1 s=NONE pgs=0 cs=0 l=0 rev1=0 crypto rx=0 tx=0 comp rx=0 tx=0).connect
2024-03-04T07:30:07.376 INFO:teuthology.orchestra.run.smithi116.stdout:/usr/bin/ceph: stderr
2024-03-04T07:30:06.392+0000 7f5a30200700 1 -- --> [v2:172.21.15.116:3300/0,v1:172.21.15.116:6789/0] -- mon_getmap magic: 0 v1 -- 0x7f5a28109780 con 0x7f5a2810b1f0
2024-03-04T07:30:07.376 INFO:teuthology.orchestra.run.smithi116.stdout:/usr/bin/ceph: stderr
2024-03-04T07:30:06.392+0000 7f5a2d800700 1 --2- >> [v2:172.21.15.116:3300/0,v1:172.21.15.116:6789/0] conn(0x7f5a2810b1f0 0x7f5a2810b610 unknown :-1 s=BANNER_CONNECTING pgs=0 cs=0 l=0 rev1=0 crypto rx=0 tx=0 comp rx=0 tx=0)._handle_peer_banner_payload supported=3 required=0
2024-03-04T07:30:07.376 INFO:teuthology.orchestra.run.smithi116.stdout:/usr/bin/ceph: stderr
2024-03-04T07:30:06.392+0000 7f5a2d800700 1 --2- >> [v2:172.21.15.116:3300/0,v1:172.21.15.116:6789/0] conn(0x7f5a2810b1f0 0x7f5a2810b610 unknown :-1 s=HELLO_CONNECTING pgs=0 cs=0 l=0 rev1=1 crypto rx=0 tx=0 comp rx=0 tx=0).handle_hello peer v2:172.21.15.116:3300/0 says I am v2:172.21.15.116:50562/0 (socket says 172.21.15.116:50562)
2024-03-04T07:30:07.376 INFO:teuthology.orchestra.run.smithi116.stdout:/usr/bin/ceph: stderr
2024-03-04T07:30:06.392+0000 7f5a2d800700 1 -- 172.21.15.116:0/1070298791 learned_addr learned my addr 172.21.15.116:0/1070298791 (peer_addr_for_me v2:172.21.15.116:0/0)
2024-03-04T07:30:07.376 INFO:teuthology.orchestra.run.smithi116.stdout:/usr/bin/ceph: stderr
2024-03-04T07:30:06.393+0000 7f5a2d800700 1 -- 172.21.15.116:0/1070298791 --> [v2:172.21.15.116:3300/0,v1:172.21.15.116:6789/0] -- mon_subscribe({config=0+,monmap=0+}) v3 -- 0x7f5a28109900 con 0x7f5a2810b1f0
2024-03-04T07:30:07.377 INFO:teuthology.orchestra.run.smithi116.stdout:/usr/bin/ceph: stderr
2024-03-04T07:30:06.393+0000 7f5a2d800700 1 --2- 172.21.15.116:0/1070298791 >> [v2:172.21.15.116:3300/0,v1:172.21.15.116:6789/0] conn(0x7f5a2810b1f0 0x7f5a2810b610 secure :-1 s=READY pgs=76 cs=0 l=1 rev1=1 crypto rx=0x7f5a1c0098a0 tx=0x7f5a1c009bb0 comp rx=0 tx=0).ready entity=mon.0 client_cookie=e3487337c5ebf9c server_cookie=0 in_seq=0 out_seq=0
2024-03-04T07:30:07.377 INFO:teuthology.orchestra.run.smithi116.stdout:/usr/bin/ceph: stderr
2024-03-04T07:30:06.393+0000 7f5a27e00700 1 -- 172.21.15.116:0/1070298791 <== mon.0 v2:172.21.15.116:3300/0 1 ==== mon_map magic: 0 v1 ==== 205+0+0 (secure 0 0 0) 0x7f5a1c004160 con 0x7f5a2810b1f0
2024-03-04T07:30:07.377 INFO:teuthology.orchestra.run.smithi116.stdout:/usr/bin/ceph: stderr
2024-03-04T07:30:06.393+0000 7f5a27e00700 1 -- 172.21.15.116:0/1070298791 <== mon.0 v2:172.21.15.116:3300/0 2 ==== config(27 keys) v1 ==== 1140+0+0 (secure 0 0 0) 0x7f5a1c004300 con 0x7f5a2810b1f0
2024-03-04T07:30:07.377 INFO:teuthology.orchestra.run.smithi116.stdout:/usr/bin/ceph: stderr
2024-03-04T07:30:06.393+0000 7f5a27e00700 1 -- 172.21.15.116:0/1070298791 <== mon.0 v2:172.21.15.116:3300/0 3 ==== mon_map magic: 0 v1 ==== 205+0+0 (secure 0 0 0) 0x7f5a1c011b20 con 0x7f5a2810b1f0
2024-03-04T07:30:07.377 INFO:teuthology.orchestra.run.smithi116.stdout:/usr/bin/ceph: stderr
2024-03-04T07:30:06.394+0000 7f5a30200700 1 -- 172.21.15.116:0/1070298791 >> [v2:172.21.15.116:3300/0,v1:172.21.15.116:6789/0] conn(0x7f5a2810b1f0 msgr2=0x7f5a2810b610 secure :-1 s=STATE_CONNECTION_ESTABLISHED l=1).mark_down
2024-03-04T07:30:07.377 INFO:teuthology.orchestra.run.smithi116.stdout:/usr/bin/ceph: stderr
2024-03-04T07:30:06.394+0000 7f5a30200700 1 --2- 172.21.15.116:0/1070298791 >> [v2:172.21.15.116:3300/0,v1:172.21.15.116:6789/0] conn(0x7f5a2810b1f0 0x7f5a2810b610 secure :-1 s=READY pgs=76 cs=0 l=1 rev1=1 crypto rx=0x7f5a1c0098a0 tx=0x7f5a1c009bb0 comp rx=0 tx=0).stop
2024-03-04T07:30:07.377 INFO:teuthology.orchestra.run.smithi116.stdout:/usr/bin/ceph: stderr
2024-03-04T07:30:06.394+0000 7f5a30200700 1 -- 172.21.15.116:0/1070298791 shutdown_connections
2024-03-04T07:30:07.377 INFO:teuthology.orchestra.run.smithi116.stdout:/usr/bin/ceph: stderr
2024-03-04T07:30:06.394+0000 7f5a30200700 1 --2- 172.21.15.116:0/1070298791 >> [v2:172.21.15.116:3300/0,v1:172.21.15.116:6789/0] conn(0x7f5a2810b1f0 0x7f5a2810b610 unknown :-1 s=CLOSED pgs=76 cs=0 l=1 rev1=1 crypto rx=0 tx=0 comp rx=0 tx=0).stop
2024-03-04T07:30:07.377 INFO:teuthology.orchestra.run.smithi116.stdout:/usr/bin/ceph: stderr
2024-03-04T07:30:06.394+0000 7f5a30200700 1 -- 172.21.15.116:0/1070298791 >> 172.21.15.116:0/1070298791 conn(0x7f5a281054c0 msgr2=0x7f5a281078b0 unknown :-1 s=STATE_NONE l=0).mark_down
2024-03-04T07:30:07.377 INFO:teuthology.orchestra.run.smithi116.stdout:/usr/bin/ceph: stderr
2024-03-04T07:30:06.394+0000 7f5a30200700 1 -- 172.21.15.116:0/1070298791 shutdown_connections
2024-03-04T07:30:07.377 INFO:teuthology.orchestra.run.smithi116.stdout:/usr/bin/ceph: stderr
2024-03-04T07:30:06.394+0000 7f5a30200700 1 -- 172.21.15.116:0/1070298791 wait complete.
2024-03-04T07:30:07.377 INFO:teuthology.orchestra.run.smithi116.stdout:/usr/bin/ceph: stderr
2024-03-04T07:30:06.395+0000 7f5a30200700 1 Processor -- start
2024-03-04T07:30:07.377 INFO:teuthology.orchestra.run.smithi116.stdout:/usr/bin/ceph: stderr
2024-03-04T07:30:06.395+0000 7f5a30200700 1 -- start start
2024-03-04T07:30:07.377 INFO:teuthology.orchestra.run.smithi116.stdout:/usr/bin/ceph: stderr
2024-03-04T07:30:06.396+0000 7f5a30200700 1 --2- >> [v2:172.21.15.116:3300/0,v1:172.21.15.116:6789/0] conn(0x7f5a2810b1f0 0x7f5a2819df80 unknown :-1 s=NONE pgs=0 cs=0 l=1 rev1=0 crypto rx=0 tx=0 comp rx=0 tx=0).connect
2024-03-04T07:30:07.378 INFO:teuthology.orchestra.run.smithi116.stdout:/usr/bin/ceph: stderr
2024-03-04T07:30:06.396+0000 7f5a30200700 1 -- --> [v2:172.21.15.116:3300/0,v1:172.21.15.116:6789/0] -- mon_getmap magic: 0 v1 -- 0x7f5a2810e0c0 con 0x7f5a2810b1f0
2024-03-04T07:30:07.378 INFO:teuthology.orchestra.run.smithi116.stdout:/usr/bin/ceph: stderr
2024-03-04T07:30:06.396+0000 7f5a2d800700 1 --2- >> [v2:172.21.15.116:3300/0,v1:172.21.15.116:6789/0] conn(0x7f5a2810b1f0 0x7f5a2819df80 unknown :-1 s=BANNER_CONNECTING pgs=0 cs=0 l=1 rev1=0 crypto rx=0 tx=0 comp rx=0 tx=0)._handle_peer_banner_payload supported=3 required=0
2024-03-04T07:30:07.378 INFO:teuthology.orchestra.run.smithi116.stdout:/usr/bin/ceph: stderr
2024-03-04T07:30:06.396+0000 7f5a2d800700 1 --2- >> [v2:172.21.15.116:3300/0,v1:172.21.15.116:6789/0] conn(0x7f5a2810b1f0 0x7f5a2819df80 unknown :-1 s=HELLO_CONNECTING pgs=0 cs=0 l=1 rev1=1 crypto rx=0 tx=0 comp rx=0 tx=0).handle_hello peer v2:172.21.15.116:3300/0 says I am v2:172.21.15.116:50574/0 (socket says 172.21.15.116:50574)
2024-03-04T07:30:07.378 INFO:teuthology.orchestra.run.smithi116.stdout:/usr/bin/ceph: stderr
2024-03-04T07:30:06.396+0000 7f5a2d800700 1 -- 172.21.15.116:0/3284087214 learned_addr learned my addr 172.21.15.116:0/3284087214 (peer_addr_for_me v2:172.21.15.116:0/0)
2024-03-04T07:30:07.378 INFO:teuthology.orchestra.run.smithi116.stdout:/usr/bin/ceph: stderr
2024-03-04T07:30:06.396+0000 7f5a2d800700 1 -- 172.21.15.116:0/3284087214 --> [v2:172.21.15.116:3300/0,v1:172.21.15.116:6789/0] -- mon_subscribe({config=0+,monmap=0+}) v3 -- 0x7f5a2819e4c0 con 0x7f5a2810b1f0
2024-03-04T07:30:07.378 INFO:teuthology.orchestra.run.smithi116.stdout:/usr/bin/ceph: stderr
2024-03-04T07:30:06.397+0000 7f5a2d800700 1 --2- 172.21.15.116:0/3284087214 >> [v2:172.21.15.116:3300/0,v1:172.21.15.116:6789/0] conn(0x7f5a2810b1f0 0x7f5a2819df80 secure :-1 s=READY pgs=77 cs=0 l=1 rev1=1 crypto rx=0x7f5a1c000c00 tx=0x7f5a1c011c10 comp rx=0 tx=0).ready entity=mon.0 client_cookie=0 server_cookie=0 in_seq=0 out_seq=0
2024-03-04T07:30:07.378 INFO:teuthology.orchestra.run.smithi116.stdout:/usr/bin/ceph: stderr
2024-03-04T07:30:06.397+0000 7f5a26000700 1 -- 172.21.15.116:0/3284087214 <== mon.0 v2:172.21.15.116:3300/0 1 ==== mon_map magic: 0 v1 ==== 205+0+0 (secure 0 0 0) 0x7f5a1c003b60 con 0x7f5a2810b1f0
2024-03-04T07:30:07.378 INFO:teuthology.orchestra.run.smithi116.stdout:/usr/bin/ceph: stderr
2024-03-04T07:30:06.397+0000 7f5a26000700 1 -- 172.21.15.116:0/3284087214 <== mon.0 v2:172.21.15.116:3300/0 2 ==== config(27 keys) v1 ==== 1140+0+0 (secure 0 0 0) 0x7f5a1c01a910 con 0x7f5a2810b1f0
2024-03-04T07:30:07.378 INFO:teuthology.orchestra.run.smithi116.stdout:/usr/bin/ceph: stderr
2024-03-04T07:30:06.397+0000 7f5a30200700 1 -- 172.21.15.116:0/3284087214 --> [v2:172.21.15.116:3300/0,v1:172.21.15.116:6789/0] -- mon_subscribe({mgrmap=0+}) v3 -- 0x7f5a2819e750 con 0x7f5a2810b1f0
2024-03-04T07:30:07.378 INFO:teuthology.orchestra.run.smithi116.stdout:/usr/bin/ceph: stderr
2024-03-04T07:30:06.397+0000 7f5a26000700 1 -- 172.21.15.116:0/3284087214 <== mon.0 v2:172.21.15.116:3300/0 3 ==== mon_map magic: 0 v1 ==== 205+0+0 (secure 0 0 0) 0x7f5a1c024930 con 0x7f5a2810b1f0
2024-03-04T07:30:07.378 INFO:teuthology.orchestra.run.smithi116.stdout:/usr/bin/ceph: stderr
2024-03-04T07:30:06.397+0000 7f5a30200700 1 -- 172.21.15.116:0/3284087214 --> [v2:172.21.15.116:3300/0,v1:172.21.15.116:6789/0] -- mon_subscribe({osdmap=0}) v3 -- 0x7f5a2819f270 con 0x7f5a2810b1f0
2024-03-04T07:30:07.378 INFO:teuthology.orchestra.run.smithi116.stdout:/usr/bin/ceph: stderr
2024-03-04T07:30:06.398+0000 7f5a26000700 1 -- 172.21.15.116:0/3284087214 <== mon.0 v2:172.21.15.116:3300/0 4 ==== mgrmap(e 13) v1 ==== 45985+0+0 (secure 0 0 0) 0x7f5a1c022020 con 0x7f5a2810b1f0
2024-03-04T07:30:07.378 INFO:teuthology.orchestra.run.smithi116.stdout:/usr/bin/ceph: stderr
2024-03-04T07:30:06.398+0000 7f5a30200700 1 -- 172.21.15.116:0/3284087214 --> [v2:172.21.15.116:3300/0,v1:172.21.15.116:6789/0] -- mon_command({"prefix": "get_command_descriptions"} v 0) v1 -- 0x7f5a280636f0 con 0x7f5a2810b1f0
2024-03-04T07:30:07.378 INFO:teuthology.orchestra.run.smithi116.stdout:/usr/bin/ceph: stderr
2024-03-04T07:30:06.399+0000 7f5a26000700 1 --2- 172.21.15.116:0/3284087214 >> [v2:172.21.15.116:6800/142890918,v1:172.21.15.116:6801/142890918] conn(0x7f5a10038cf0 0x7f5a1003b1b0 unknown :-1 s=NONE pgs=0 cs=0 l=1 rev1=0 crypto rx=0 tx=0 comp rx=0 tx=0).connect
2024-03-04T07:30:07.379 INFO:teuthology.orchestra.run.smithi116.stdout:/usr/bin/ceph: stderr
2024-03-04T07:30:06.399+0000 7f5a26000700 1 -- 172.21.15.116:0/3284087214 <== mon.0 v2:172.21.15.116:3300/0 5 ==== osd_map(3..3 src has 1..3) v4 ==== 1155+0+0 (secure 0 0 0) 0x7f5a1c04ce90 con 0x7f5a2810b1f0
2024-03-04T07:30:07.379 INFO:teuthology.orchestra.run.smithi116.stdout:/usr/bin/ceph: stderr
2024-03-04T07:30:06.399+0000 7f5a2ce00700 1 --2- 172.21.15.116:0/3284087214 >> [v2:172.21.15.116:6800/142890918,v1:172.21.15.116:6801/142890918] conn(0x7f5a10038cf0 0x7f5a1003b1b0 unknown :-1 s=BANNER_CONNECTING pgs=0 cs=0 l=1 rev1=0 crypto rx=0 tx=0 comp rx=0 tx=0)._handle_peer_banner_payload supported=3 required=0
2024-03-04T07:30:07.379 INFO:teuthology.orchestra.run.smithi116.stdout:/usr/bin/ceph: stderr
2024-03-04T07:30:06.399+0000 7f5a2ce00700 1 --2- 172.21.15.116:0/3284087214 >> [v2:172.21.15.116:6800/142890918,v1:172.21.15.116:6801/142890918] conn(0x7f5a10038cf0 0x7f5a1003b1b0 secure :-1 s=READY pgs=10 cs=0 l=1 rev1=1 crypto rx=0x7f5a14006fd0 tx=0x7f5a14006e40 comp rx=0 tx=0).ready entity=mgr.14152 client_cookie=0 server_cookie=0 in_seq=0 out_seq=0
2024-03-04T07:30:07.379 INFO:teuthology.orchestra.run.smithi116.stdout:/usr/bin/ceph: stderr
2024-03-04T07:30:06.404+0000 7f5a26000700 1 -- 172.21.15.116:0/3284087214 <== mon.0 v2:172.21.15.116:3300/0 6 ==== mon_command_ack([{"prefix": "get_command_descriptions"}]=0 v0) v1 ==== 72+0+184932 (secure 0 0 0) 0x7f5a1c050030 con 0x7f5a2810b1f0
2024-03-04T07:30:07.379 INFO:teuthology.orchestra.run.smithi116.stdout:/usr/bin/ceph: stderr
2024-03-04T07:30:06.622+0000 7f5a30200700 1 -- 172.21.15.116:0/3284087214 --> [v2:172.21.15.116:3300/0,v1:172.21.15.116:6789/0] -- mon_command([{prefix=config set, name=osd_memory_target_autotune}] v 0) v1 -- 0x7f5a28075ac0 con 0x7f5a2810b1f0
2024-03-04T07:30:07.379 INFO:teuthology.orchestra.run.smithi116.stdout:/usr/bin/ceph: stderr
2024-03-04T07:30:06.623+0000 7f5a26000700 1 -- 172.21.15.116:0/3284087214 <== mon.0 v2:172.21.15.116:3300/0 7 ==== mon_command_ack([{prefix=config set, name=osd_memory_target_autotune}]=0 v8)=0 v8) v1 ==== 127+0+0 (secure 0 0 0) 0x7f5a1c02d3f0 con 0x7f5a2810b1f0
2024-03-04T07:30:07.379 INFO:teuthology.orchestra.run.smithi116.stdout:/usr/bin/ceph: stderr
2024-03-04T07:30:06.627+0000 7f5a30200700 1 -- 172.21.15.116:0/3284087214 >> [v2:172.21.15.116:6800/142890918,v1:172.21.15.116:6801/142890918] conn(0x7f5a10038cf0 msgr2=0x7f5a1003b1b0 secure :-1 s=STATE_CONNECTION_ESTABLISHED l=1).mark_down
2024-03-04T07:30:07.379 INFO:teuthology.orchestra.run.smithi116.stdout:/usr/bin/ceph: stderr
2024-03-04T07:30:06.627+0000 7f5a30200700 1 --2- 172.21.15.116:0/3284087214 >> [v2:172.21.15.116:6800/142890918,v1:172.21.15.116:6801/142890918] conn(0x7f5a10038cf0 0x7f5a1003b1b0 secure :-1 s=READY pgs=10 cs=0 l=1 rev1=1 crypto rx=0x7f5a14006fd0 tx=0x7f5a14006e40 comp rx=0 tx=0).stop
2024-03-04T07:30:07.379 INFO:teuthology.orchestra.run.smithi116.stdout:/usr/bin/ceph: stderr
2024-03-04T07:30:06.627+0000 7f5a30200700 1 -- 172.21.15.116:0/3284087214 >> [v2:172.21.15.116:3300/0,v1:172.21.15.116:6789/0] conn(0x7f5a2810b1f0 msgr2=0x7f5a2819df80 secure :-1 s=STATE_CONNECTION_ESTABLISHED l=1).mark_down
2024-03-04T07:30:07.379 INFO:teuthology.orchestra.run.smithi116.stdout:/usr/bin/ceph: stderr
2024-03-04T07:30:06.627+0000 7f5a30200700 1 --2- 172.21.15.116:0/3284087214 >> [v2:172.21.15.116:3300/0,v1:172.21.15.116:6789/0] conn(0x7f5a2810b1f0 0x7f5a2819df80 secure :-1 s=READY pgs=77 cs=0 l=1 rev1=1 crypto rx=0x7f5a1c000c00 tx=0x7f5a1c011c10 comp rx=0 tx=0).stop
2024-03-04T07:30:07.379 INFO:teuthology.orchestra.run.smithi116.stdout:/usr/bin/ceph: stderr
2024-03-04T07:30:06.627+0000 7f5a30200700 1 -- 172.21.15.116:0/3284087214 shutdown_connections
2024-03-04T07:30:07.379 INFO:teuthology.orchestra.run.smithi116.stdout:/usr/bin/ceph: stderr
2024-03-04T07:30:06.627+0000 7f5a30200700 1 --2- 172.21.15.116:0/3284087214 >> [v2:172.21.15.116:6800/142890918,v1:172.21.15.116:6801/142890918] conn(0x7f5a10038cf0 0x7f5a1003b1b0 unknown :-1 s=CLOSED pgs=10 cs=0 l=1 rev1=1 crypto rx=0 tx=0 comp rx=0 tx=0).stop
2024-03-04T07:30:07.379 INFO:teuthology.orchestra.run.smithi116.stdout:/usr/bin/ceph: stderr
2024-03-04T07:30:06.627+0000 7f5a30200700 1 --2- 172.21.15.116:0/3284087214 >> [v2:172.21.15.116:3300/0,v1:172.21.15.116:6789/0] conn(0x7f5a2810b1f0 0x7f5a2819df80 unknown :-1 s=CLOSED pgs=77 cs=0 l=1 rev1=1 crypto rx=0 tx=0 comp rx=0 tx=0).stop
2024-03-04T07:30:07.380 INFO:teuthology.orchestra.run.smithi116.stdout:/usr/bin/ceph: stderr
2024-03-04T07:30:06.627+0000 7f5a30200700 1 -- 172.21.15.116:0/3284087214 >> 172.21.15.116:0/3284087214 conn(0x7f5a281054c0 msgr2=0x7f5a28107170 unknown :-1 s=STATE_NONE l=0).mark_down
2024-03-04T07:30:07.380 INFO:teuthology.orchestra.run.smithi116.stdout:/usr/bin/ceph: stderr
2024-03-04T07:30:06.628+0000 7f5a30200700 1 -- 172.21.15.116:0/3284087214 shutdown_connections
2024-03-04T07:30:07.380 INFO:teuthology.orchestra.run.smithi116.stdout:/usr/bin/ceph: stderr
2024-03-04T07:30:06.628+0000 7f5a30200700 1 -- 172.21.15.116:0/3284087214 wait complete.
2024-03-04T07:30:09.010 INFO:teuthology.orchestra.run.smithi116.stdout:/usr/bin/ceph: stderr
2024-03-04T07:30:07.954+0000 7ffa29a00700 1 Processor -- start
2024-03-04T07:30:09.010 INFO:teuthology.orchestra.run.smithi116.stdout:/usr/bin/ceph: stderr
2024-03-04T07:30:07.954+0000 7ffa29a00700 1 -- start start
2024-03-04T07:30:09.011 INFO:teuthology.orchestra.run.smithi116.stdout:/usr/bin/ceph: stderr
2024-03-04T07:30:07.955+0000 7ffa29a00700 1 --2- >> [v2:172.21.15.116:3300/0,v1:172.21.15.116:6789/0] conn(0x7ffa24109960 0x7ffa24109d80 unknown :-1 s=NONE pgs=0 cs=0 l=0 rev1=0 crypto rx=0 tx=0 comp rx=0 tx=0).connect
2024-03-04T07:30:09.011 INFO:teuthology.orchestra.run.smithi116.stdout:/usr/bin/ceph: stderr
2024-03-04T07:30:07.955+0000 7ffa29a00700 1 -- --> [v2:172.21.15.116:3300/0,v1:172.21.15.116:6789/0] -- mon_getmap magic: 0 v1 -- 0x7ffa2410a350 con 0x7ffa24109960
2024-03-04T07:30:09.011 INFO:teuthology.orchestra.run.smithi116.stdout:/usr/bin/ceph: stderr
2024-03-04T07:30:07.955+0000 7ffa23e00700 1 --2- >> [v2:172.21.15.116:3300/0,v1:172.21.15.116:6789/0] conn(0x7ffa24109960 0x7ffa24109d80 unknown :-1 s=BANNER_CONNECTING pgs=0 cs=0 l=0 rev1=0 crypto rx=0 tx=0 comp rx=0 tx=0)._handle_peer_banner_payload supported=3 required=0
2024-03-04T07:30:09.011 INFO:teuthology.orchestra.run.smithi116.stdout:/usr/bin/ceph: stderr
2024-03-04T07:30:07.955+0000 7ffa23e00700 1 --2- >> [v2:172.21.15.116:3300/0,v1:172.21.15.116:6789/0] conn(0x7ffa24109960 0x7ffa24109d80 unknown :-1 s=HELLO_CONNECTING pgs=0 cs=0 l=0 rev1=1 crypto rx=0 tx=0 comp rx=0 tx=0).handle_hello peer v2:172.21.15.116:3300/0 says I am v2:172.21.15.116:50582/0 (socket says 172.21.15.116:50582)
2024-03-04T07:30:09.011 INFO:teuthology.orchestra.run.smithi116.stdout:/usr/bin/ceph: stderr
2024-03-04T07:30:07.955+0000 7ffa23e00700 1 -- 172.21.15.116:0/982644732 learned_addr learned my addr 172.21.15.116:0/982644732 (peer_addr_for_me v2:172.21.15.116:0/0)
2024-03-04T07:30:09.011 INFO:teuthology.orchestra.run.smithi116.stdout:/usr/bin/ceph: stderr
2024-03-04T07:30:07.956+0000 7ffa23e00700 1 -- 172.21.15.116:0/982644732 --> [v2:172.21.15.116:3300/0,v1:172.21.15.116:6789/0] -- mon_subscribe({config=0+,monmap=0+}) v3 -- 0x7ffa2410ab10 con 0x7ffa24109960
2024-03-04T07:30:09.011 INFO:teuthology.orchestra.run.smithi116.stdout:/usr/bin/ceph: stderr
2024-03-04T07:30:07.956+0000 7ffa23e00700 1 --2- 172.21.15.116:0/982644732 >> [v2:172.21.15.116:3300/0,v1:172.21.15.116:6789/0] conn(0x7ffa24109960 0x7ffa24109d80 secure :-1 s=READY pgs=78 cs=0 l=1 rev1=1 crypto rx=0x7ffa14009e80 tx=0x7ffa1400b330 comp rx=0 tx=0).ready entity=mon.0 client_cookie=c509411b3100fd67 server_cookie=0 in_seq=0 out_seq=0
2024-03-04T07:30:09.011 INFO:teuthology.orchestra.run.smithi116.stdout:/usr/bin/ceph: stderr
2024-03-04T07:30:07.956+0000 7ffa23400700 1 -- 172.21.15.116:0/982644732 <== mon.0 v2:172.21.15.116:3300/0 1 ==== mon_map magic: 0 v1 ==== 205+0+0 (secure 0 0 0) 0x7ffa14017070 con 0x7ffa24109960
2024-03-04T07:30:09.011 INFO:teuthology.orchestra.run.smithi116.stdout:/usr/bin/ceph: stderr
2024-03-04T07:30:07.956+0000 7ffa23400700 1 -- 172.21.15.116:0/982644732 <== mon.0 v2:172.21.15.116:3300/0 2 ==== config(27 keys) v1 ==== 1140+0+0 (secure 0 0 0) 0x7ffa1400b8c0 con 0x7ffa24109960
2024-03-04T07:30:09.011 INFO:teuthology.orchestra.run.smithi116.stdout:/usr/bin/ceph: stderr
2024-03-04T07:30:07.957+0000 7ffa23400700 1 -- 172.21.15.116:0/982644732 <== mon.0 v2:172.21.15.116:3300/0 3 ==== mon_map magic: 0 v1 ==== 205+0+0 (secure 0 0 0) 0x7ffa140045c0 con 0x7ffa24109960
2024-03-04T07:30:09.011 INFO:teuthology.orchestra.run.smithi116.stdout:/usr/bin/ceph: stderr
2024-03-04T07:30:07.957+0000 7ffa29a00700 1 -- 172.21.15.116:0/982644732 >> [v2:172.21.15.116:3300/0,v1:172.21.15.116:6789/0] conn(0x7ffa24109960 msgr2=0x7ffa24109d80 secure :-1 s=STATE_CONNECTION_ESTABLISHED l=1).mark_down
2024-03-04T07:30:09.011 INFO:teuthology.orchestra.run.smithi116.stdout:/usr/bin/ceph: stderr
2024-03-04T07:30:07.957+0000 7ffa29a00700 1 --2- 172.21.15.116:0/982644732 >> [v2:172.21.15.116:3300/0,v1:172.21.15.116:6789/0] conn(0x7ffa24109960 0x7ffa24109d80 secure :-1 s=READY pgs=78 cs=0 l=1 rev1=1 crypto rx=0x7ffa14009e80 tx=0x7ffa1400b330 comp rx=0 tx=0).stop
2024-03-04T07:30:09.011 INFO:teuthology.orchestra.run.smithi116.stdout:/usr/bin/ceph: stderr
2024-03-04T07:30:07.957+0000 7ffa29a00700 1 -- 172.21.15.116:0/982644732 shutdown_connections
2024-03-04T07:30:09.012 INFO:teuthology.orchestra.run.smithi116.stdout:/usr/bin/ceph: stderr
2024-03-04T07:30:07.957+0000 7ffa29a00700 1 --2- 172.21.15.116:0/982644732 >> [v2:172.21.15.116:3300/0,v1:172.21.15.116:6789/0] conn(0x7ffa24109960 0x7ffa24109d80 unknown :-1 s=CLOSED pgs=78 cs=0 l=1 rev1=1 crypto rx=0 tx=0 comp rx=0 tx=0).stop
2024-03-04T07:30:09.012 INFO:teuthology.orchestra.run.smithi116.stdout:/usr/bin/ceph: stderr
