2024-03-04T08:28:54.399+0000 7fd9977fe700 1 --2- 172.21.15.38:0/1047937374 >> [v2:172.21.15.38:6800/3059038497,v1:172.21.15.38:6801/3059038497] conn(0x7fd980038b50 0x7fd98003b010 secure :-1 s=READY pgs=14 cs=0 l=1 rev1=1 crypto rx=0x7fd98c006fd0 tx=0x7fd98c006e40 comp rx=0 tx=0).ready entity=mgr.14120 client_cookie=0 server_cookie=0 in_seq=0 out_seq=0
2024-03-04T08:28:55.146 INFO:teuthology.orchestra.run.smithi038.stdout:/usr/bin/ceph: stderr
2024-03-04T08:28:54.406+0000 7fd9957fa700 1 -- 172.21.15.38:0/1047937374 <== mon.0 v2:172.21.15.38:3300/0 6 ==== mon_command_ack([{"prefix": "get_command_descriptions"}]=0 v0) v1 ==== 72+0+184932 (secure 0 0 0) 0x7fd9880172b0 con 0x7fd998108430
2024-03-04T08:28:55.146 INFO:teuthology.orchestra.run.smithi038.stdout:/usr/bin/ceph: stderr
2024-03-04T08:28:54.610+0000 7fd99e61b700 1 -- 172.21.15.38:0/1047937374 --> [v2:172.21.15.38:3300/0,v1:172.21.15.38:6789/0] -- mon_command([{prefix=config set, name=mgr/cephadm/container_init}] v 0) v1 -- 0x7fd99819f160 con 0x7fd998108430
2024-03-04T08:28:55.146 INFO:teuthology.orchestra.run.smithi038.stdout:/usr/bin/ceph: stderr
2024-03-04T08:28:54.612+0000 7fd9957fa700 1 -- 172.21.15.38:0/1047937374 <== mon.0 v2:172.21.15.38:3300/0 7 ==== mon_command_ack([{prefix=config set, name=mgr/cephadm/container_init}]=0 v7)=0 v7) v1 ==== 142+0+0 (secure 0 0 0) 0x7fd98804c1d0 con 0x7fd998108430
2024-03-04T08:28:55.146 INFO:teuthology.orchestra.run.smithi038.stdout:/usr/bin/ceph: stderr
2024-03-04T08:28:54.615+0000 7fd99e61b700 1 -- 172.21.15.38:0/1047937374 >> [v2:172.21.15.38:6800/3059038497,v1:172.21.15.38:6801/3059038497] conn(0x7fd980038b50 msgr2=0x7fd98003b010 secure :-1 s=STATE_CONNECTION_ESTABLISHED l=1).mark_down
2024-03-04T08:28:55.146 INFO:teuthology.orchestra.run.smithi038.stdout:/usr/bin/ceph: stderr
2024-03-04T08:28:54.615+0000 7fd99e61b700 1 --2- 172.21.15.38:0/1047937374 >> [v2:172.21.15.38:6800/3059038497,v1:172.21.15.38:6801/3059038497] conn(0x7fd980038b50 0x7fd98003b010 secure :-1 s=READY pgs=14 cs=0 l=1 rev1=1 crypto rx=0x7fd98c006fd0 tx=0x7fd98c006e40 comp rx=0 tx=0).stop
2024-03-04T08:28:55.147 INFO:teuthology.orchestra.run.smithi038.stdout:/usr/bin/ceph: stderr
2024-03-04T08:28:54.615+0000 7fd99e61b700 1 -- 172.21.15.38:0/1047937374 >> [v2:172.21.15.38:3300/0,v1:172.21.15.38:6789/0] conn(0x7fd998108430 msgr2=0x7fd99819b800 secure :-1 s=STATE_CONNECTION_ESTABLISHED l=1).mark_down
2024-03-04T08:28:55.147 INFO:teuthology.orchestra.run.smithi038.stdout:/usr/bin/ceph: stderr
2024-03-04T08:28:54.615+0000 7fd99e61b700 1 --2- 172.21.15.38:0/1047937374 >> [v2:172.21.15.38:3300/0,v1:172.21.15.38:6789/0] conn(0x7fd998108430 0x7fd99819b800 secure :-1 s=READY pgs=52 cs=0 l=1 rev1=1 crypto rx=0x7fd988011a20 tx=0x7fd988011b00 comp rx=0 tx=0).stop
2024-03-04T08:28:55.147 INFO:teuthology.orchestra.run.smithi038.stdout:/usr/bin/ceph: stderr
2024-03-04T08:28:54.615+0000 7fd99e61b700 1 -- 172.21.15.38:0/1047937374 shutdown_connections
2024-03-04T08:28:55.147 INFO:teuthology.orchestra.run.smithi038.stdout:/usr/bin/ceph: stderr
2024-03-04T08:28:54.615+0000 7fd99e61b700 1 --2- 172.21.15.38:0/1047937374 >> [v2:172.21.15.38:6800/3059038497,v1:172.21.15.38:6801/3059038497] conn(0x7fd980038b50 0x7fd98003b010 unknown :-1 s=CLOSED pgs=14 cs=0 l=1 rev1=1 crypto rx=0 tx=0 comp rx=0 tx=0).stop
2024-03-04T08:28:55.147 INFO:teuthology.orchestra.run.smithi038.stdout:/usr/bin/ceph: stderr
2024-03-04T08:28:54.615+0000 7fd99e61b700 1 --2- 172.21.15.38:0/1047937374 >> [v2:172.21.15.38:3300/0,v1:172.21.15.38:6789/0] conn(0x7fd998108430 0x7fd99819b800 unknown :-1 s=CLOSED pgs=52 cs=0 l=1 rev1=1 crypto rx=0 tx=0 comp rx=0 tx=0).stop
2024-03-04T08:28:55.147 INFO:teuthology.orchestra.run.smithi038.stdout:/usr/bin/ceph: stderr
2024-03-04T08:28:54.615+0000 7fd99e61b700 1 -- 172.21.15.38:0/1047937374 >> 172.21.15.38:0/1047937374 conn(0x7fd998101e80 msgr2=0x7fd9981028b0 unknown :-1 s=STATE_NONE l=0).mark_down
2024-03-04T08:28:55.147 INFO:teuthology.orchestra.run.smithi038.stdout:/usr/bin/ceph: stderr
2024-03-04T08:28:54.615+0000 7fd99e61b700 1 -- 172.21.15.38:0/1047937374 shutdown_connections
2024-03-04T08:28:55.147 INFO:teuthology.orchestra.run.smithi038.stdout:/usr/bin/ceph: stderr
2024-03-04T08:28:54.615+0000 7fd99e61b700 1 -- 172.21.15.38:0/1047937374 wait complete.
2024-03-04T08:28:55.822 INFO:journalctl@ceph.mon.a.smithi038.stdout:Mar 04 08:28:55 smithi038 ceph-mon[32696]: from='client.? 172.21.15.38:0/1047937374' entity='client.admin'
2024-03-04T08:28:55.822 INFO:journalctl@ceph.mon.a.smithi038.stdout:Mar 04 08:28:55 smithi038 ceph-mon[32696]: from='mgr.14120 172.21.15.38:0/565713570' entity='mgr.x'
2024-03-04T08:28:57.148 INFO:journalctl@ceph.mon.a.smithi038.stdout:Mar 04 08:28:56 smithi038 ceph-mon[32696]: from='client.? 172.21.15.38:0/1554522914' entity='client.admin'
2024-03-04T08:28:57.156 INFO:teuthology.orchestra.run.smithi038.stdout:/usr/bin/ceph: stderr
2024-03-04T08:28:55.608+0000 7ff0036dc700 1 Processor -- start
2024-03-04T08:28:57.156 INFO:teuthology.orchestra.run.smithi038.stdout:/usr/bin/ceph: stderr
2024-03-04T08:28:55.608+0000 7ff0036dc700 1 -- start start
2024-03-04T08:28:57.156 INFO:teuthology.orchestra.run.smithi038.stdout:/usr/bin/ceph: stderr
2024-03-04T08:28:55.608+0000 7ff0036dc700 1 --2- >> [v2:172.21.15.38:3300/0,v1:172.21.15.38:6789/0] conn(0x7feffc108490 0x7feffc10a880 unknown :-1 s=NONE pgs=0 cs=0 l=0 rev1=0 crypto rx=0 tx=0 comp rx=0 tx=0).connect
2024-03-04T08:28:57.156 INFO:teuthology.orchestra.run.smithi038.stdout:/usr/bin/ceph: stderr
2024-03-04T08:28:55.609+0000 7ff0036dc700 1 -- --> [v2:172.21.15.38:3300/0,v1:172.21.15.38:6789/0] -- mon_getmap magic: 0 v1 -- 0x7feffc07be30 con 0x7feffc108490
2024-03-04T08:28:57.156 INFO:teuthology.orchestra.run.smithi038.stdout:/usr/bin/ceph: stderr
2024-03-04T08:28:55.609+0000 7ff001478700 1 --2- >> [v2:172.21.15.38:3300/0,v1:172.21.15.38:6789/0] conn(0x7feffc108490 0x7feffc10a880 unknown :-1 s=BANNER_CONNECTING pgs=0 cs=0 l=0 rev1=0 crypto rx=0 tx=0 comp rx=0 tx=0)._handle_peer_banner_payload supported=3 required=0
2024-03-04T08:28:57.156 INFO:teuthology.orchestra.run.smithi038.stdout:/usr/bin/ceph: stderr
2024-03-04T08:28:55.609+0000 7ff001478700 1 --2- >> [v2:172.21.15.38:3300/0,v1:172.21.15.38:6789/0] conn(0x7feffc108490 0x7feffc10a880 unknown :-1 s=HELLO_CONNECTING pgs=0 cs=0 l=0 rev1=1 crypto rx=0 tx=0 comp rx=0 tx=0).handle_hello peer v2:172.21.15.38:3300/0 says I am v2:172.21.15.38:50466/0 (socket says 172.21.15.38:50466)
2024-03-04T08:28:57.156 INFO:teuthology.orchestra.run.smithi038.stdout:/usr/bin/ceph: stderr
2024-03-04T08:28:55.609+0000 7ff001478700 1 -- 172.21.15.38:0/255507962 learned_addr learned my addr 172.21.15.38:0/255507962 (peer_addr_for_me v2:172.21.15.38:0/0)
2024-03-04T08:28:57.156 INFO:teuthology.orchestra.run.smithi038.stdout:/usr/bin/ceph: stderr
2024-03-04T08:28:55.609+0000 7ff001478700 1 -- 172.21.15.38:0/255507962 --> [v2:172.21.15.38:3300/0,v1:172.21.15.38:6789/0] -- mon_subscribe({config=0+,monmap=0+}) v3 -- 0x7feffc10adc0 con 0x7feffc108490
2024-03-04T08:28:57.156 INFO:teuthology.orchestra.run.smithi038.stdout:/usr/bin/ceph: stderr
2024-03-04T08:28:55.609+0000 7ff001478700 1 --2- 172.21.15.38:0/255507962 >> [v2:172.21.15.38:3300/0,v1:172.21.15.38:6789/0] conn(0x7feffc108490 0x7feffc10a880 secure :-1 s=READY pgs=53 cs=0 l=1 rev1=1 crypto rx=0x7feff80098a0 tx=0x7feff8009bb0 comp rx=0 tx=0).ready entity=mon.0 client_cookie=5490620a53e913e0 server_cookie=0 in_seq=0 out_seq=0
2024-03-04T08:28:57.157 INFO:teuthology.orchestra.run.smithi038.stdout:/usr/bin/ceph: stderr
2024-03-04T08:28:55.609+0000 7feff3fff700 1 -- 172.21.15.38:0/255507962 <== mon.0 v2:172.21.15.38:3300/0 1 ==== mon_map magic: 0 v1 ==== 205+0+0 (secure 0 0 0) 0x7feff8004160 con 0x7feffc108490
2024-03-04T08:28:57.157 INFO:teuthology.orchestra.run.smithi038.stdout:/usr/bin/ceph: stderr
2024-03-04T08:28:55.609+0000 7feff3fff700 1 -- 172.21.15.38:0/255507962 <== mon.0 v2:172.21.15.38:3300/0 2 ==== config(26 keys) v1 ==== 1102+0+0 (secure 0 0 0) 0x7feff8004300 con 0x7feffc108490
2024-03-04T08:28:57.157 INFO:teuthology.orchestra.run.smithi038.stdout:/usr/bin/ceph: stderr
2024-03-04T08:28:55.609+0000 7feff3fff700 1 -- 172.21.15.38:0/255507962 <== mon.0 v2:172.21.15.38:3300/0 3 ==== mon_map magic: 0 v1 ==== 205+0+0 (secure 0 0 0) 0x7feff8011a50 con 0x7feffc108490
2024-03-04T08:28:57.157 INFO:teuthology.orchestra.run.smithi038.stdout:/usr/bin/ceph: stderr
2024-03-04T08:28:55.610+0000 7ff0036dc700 1 -- 172.21.15.38:0/255507962 >> [v2:172.21.15.38:3300/0,v1:172.21.15.38:6789/0] conn(0x7feffc108490 msgr2=0x7feffc10a880 secure :-1 s=STATE_CONNECTION_ESTABLISHED l=1).mark_down
2024-03-04T08:28:57.157 INFO:teuthology.orchestra.run.smithi038.stdout:/usr/bin/ceph: stderr
2024-03-04T08:28:55.610+0000 7ff0036dc700 1 --2- 172.21.15.38:0/255507962 >> [v2:172.21.15.38:3300/0,v1:172.21.15.38:6789/0] conn(0x7feffc108490 0x7feffc10a880 secure :-1 s=READY pgs=53 cs=0 l=1 rev1=1 crypto rx=0x7feff80098a0 tx=0x7feff8009bb0 comp rx=0 tx=0).stop
2024-03-04T08:28:57.157 INFO:teuthology.orchestra.run.smithi038.stdout:/usr/bin/ceph: stderr
2024-03-04T08:28:55.610+0000 7ff0036dc700 1 -- 172.21.15.38:0/255507962 shutdown_connections
2024-03-04T08:28:57.157 INFO:teuthology.orchestra.run.smithi038.stdout:/usr/bin/ceph: stderr
2024-03-04T08:28:55.610+0000 7ff0036dc700 1 --2- 172.21.15.38:0/255507962 >> [v2:172.21.15.38:3300/0,v1:172.21.15.38:6789/0] conn(0x7feffc108490 0x7feffc10a880 unknown :-1 s=CLOSED pgs=53 cs=0 l=1 rev1=1 crypto rx=0 tx=0 comp rx=0 tx=0).stop
2024-03-04T08:28:57.157 INFO:teuthology.orchestra.run.smithi038.stdout:/usr/bin/ceph: stderr
2024-03-04T08:28:55.610+0000 7ff0036dc700 1 -- 172.21.15.38:0/255507962 >> 172.21.15.38:0/255507962 conn(0x7feffc101ee0 msgr2=0x7feffc104300 unknown :-1 s=STATE_NONE l=0).mark_down
2024-03-04T08:28:57.157 INFO:teuthology.orchestra.run.smithi038.stdout:/usr/bin/ceph: stderr
2024-03-04T08:28:55.610+0000 7ff0036dc700 1 -- 172.21.15.38:0/255507962 shutdown_connections
2024-03-04T08:28:57.157 INFO:teuthology.orchestra.run.smithi038.stdout:/usr/bin/ceph: stderr
2024-03-04T08:28:55.610+0000 7ff0036dc700 1 -- 172.21.15.38:0/255507962 wait complete.
2024-03-04T08:28:57.157 INFO:teuthology.orchestra.run.smithi038.stdout:/usr/bin/ceph: stderr
2024-03-04T08:28:55.611+0000 7ff0036dc700 1 Processor -- start
2024-03-04T08:28:57.157 INFO:teuthology.orchestra.run.smithi038.stdout:/usr/bin/ceph: stderr
2024-03-04T08:28:55.611+0000 7ff0036dc700 1 -- start start
2024-03-04T08:28:57.157 INFO:teuthology.orchestra.run.smithi038.stdout:/usr/bin/ceph: stderr
2024-03-04T08:28:55.611+0000 7ff0036dc700 1 --2- >> [v2:172.21.15.38:3300/0,v1:172.21.15.38:6789/0] conn(0x7feffc19ba10 0x7feffc19be30 unknown :-1 s=NONE pgs=0 cs=0 l=1 rev1=0 crypto rx=0 tx=0 comp rx=0 tx=0).connect
2024-03-04T08:28:57.157 INFO:teuthology.orchestra.run.smithi038.stdout:/usr/bin/ceph: stderr
2024-03-04T08:28:55.611+0000 7ff0036dc700 1 -- --> [v2:172.21.15.38:3300/0,v1:172.21.15.38:6789/0] -- mon_getmap magic: 0 v1 -- 0x7feffc10bdc0 con 0x7feffc19ba10
2024-03-04T08:28:57.158 INFO:teuthology.orchestra.run.smithi038.stdout:/usr/bin/ceph: stderr
2024-03-04T08:28:55.611+0000 7ff001478700 1 --2- >> [v2:172.21.15.38:3300/0,v1:172.21.15.38:6789/0] conn(0x7feffc19ba10 0x7feffc19be30 unknown :-1 s=BANNER_CONNECTING pgs=0 cs=0 l=1 rev1=0 crypto rx=0 tx=0 comp rx=0 tx=0)._handle_peer_banner_payload supported=3 required=0
2024-03-04T08:28:57.158 INFO:teuthology.orchestra.run.smithi038.stdout:/usr/bin/ceph: stderr
2024-03-04T08:28:55.611+0000 7ff001478700 1 --2- >> [v2:172.21.15.38:3300/0,v1:172.21.15.38:6789/0] conn(0x7feffc19ba10 0x7feffc19be30 unknown :-1 s=HELLO_CONNECTING pgs=0 cs=0 l=1 rev1=1 crypto rx=0 tx=0 comp rx=0 tx=0).handle_hello peer v2:172.21.15.38:3300/0 says I am v2:172.21.15.38:50474/0 (socket says 172.21.15.38:50474)
2024-03-04T08:28:57.158 INFO:teuthology.orchestra.run.smithi038.stdout:/usr/bin/ceph: stderr
2024-03-04T08:28:55.611+0000 7ff001478700 1 -- 172.21.15.38:0/1554522914 learned_addr learned my addr 172.21.15.38:0/1554522914 (peer_addr_for_me v2:172.21.15.38:0/0)
2024-03-04T08:28:57.158 INFO:teuthology.orchestra.run.smithi038.stdout:/usr/bin/ceph: stderr
2024-03-04T08:28:55.612+0000 7ff001478700 1 -- 172.21.15.38:0/1554522914 --> [v2:172.21.15.38:3300/0,v1:172.21.15.38:6789/0] -- mon_subscribe({config=0+,monmap=0+}) v3 -- 0x7feffc19c370 con 0x7feffc19ba10
2024-03-04T08:28:57.158 INFO:teuthology.orchestra.run.smithi038.stdout:/usr/bin/ceph: stderr
2024-03-04T08:28:55.612+0000 7ff001478700 1 --2- 172.21.15.38:0/1554522914 >> [v2:172.21.15.38:3300/0,v1:172.21.15.38:6789/0] conn(0x7feffc19ba10 0x7feffc19be30 secure :-1 s=READY pgs=54 cs=0 l=1 rev1=1 crypto rx=0x7feff8015000 tx=0x7feff80045f0 comp rx=0 tx=0).ready entity=mon.0 client_cookie=0 server_cookie=0 in_seq=0 out_seq=0
2024-03-04T08:28:57.158 INFO:teuthology.orchestra.run.smithi038.stdout:/usr/bin/ceph: stderr
2024-03-04T08:28:55.614+0000 7feff27fc700 1 -- 172.21.15.38:0/1554522914 <== mon.0 v2:172.21.15.38:3300/0 1 ==== mon_map magic: 0 v1 ==== 205+0+0 (secure 0 0 0) 0x7feff80036a0 con 0x7feffc19ba10
2024-03-04T08:28:57.158 INFO:teuthology.orchestra.run.smithi038.stdout:/usr/bin/ceph: stderr
2024-03-04T08:28:55.614+0000 7feff27fc700 1 -- 172.21.15.38:0/1554522914 <== mon.0 v2:172.21.15.38:3300/0 2 ==== config(26 keys) v1 ==== 1102+0+0 (secure 0 0 0) 0x7feff801a460 con 0x7feffc19ba10
2024-03-04T08:28:57.158 INFO:teuthology.orchestra.run.smithi038.stdout:/usr/bin/ceph: stderr
2024-03-04T08:28:55.614+0000 7feff27fc700 1 -- 172.21.15.38:0/1554522914 <== mon.0 v2:172.21.15.38:3300/0 3 ==== mon_map magic: 0 v1 ==== 205+0+0 (secure 0 0 0) 0x7feff801b440 con 0x7feffc19ba10
2024-03-04T08:28:57.158 INFO:teuthology.orchestra.run.smithi038.stdout:/usr/bin/ceph: stderr
2024-03-04T08:28:55.614+0000 7ff0036dc700 1 -- 172.21.15.38:0/1554522914 --> [v2:172.21.15.38:3300/0,v1:172.21.15.38:6789/0] -- mon_subscribe({mgrmap=0+}) v3 -- 0x7feffc19c600 con 0x7feffc19ba10
2024-03-04T08:28:57.158 INFO:teuthology.orchestra.run.smithi038.stdout:/usr/bin/ceph: stderr
2024-03-04T08:28:55.614+0000 7ff0036dc700 1 -- 172.21.15.38:0/1554522914 --> [v2:172.21.15.38:3300/0,v1:172.21.15.38:6789/0] -- mon_subscribe({osdmap=0}) v3 -- 0x7feffc19f0e0 con 0x7feffc19ba10
2024-03-04T08:28:57.158 INFO:teuthology.orchestra.run.smithi038.stdout:/usr/bin/ceph: stderr
2024-03-04T08:28:55.615+0000 7feff27fc700 1 -- 172.21.15.38:0/1554522914 <== mon.0 v2:172.21.15.38:3300/0 4 ==== mgrmap(e 8) v1 ==== 45928+0+0 (secure 0 0 0) 0x7feff801b6f0 con 0x7feffc19ba10
2024-03-04T08:28:57.158 INFO:teuthology.orchestra.run.smithi038.stdout:/usr/bin/ceph: stderr
2024-03-04T08:28:55.615+0000 7feff27fc700 1 --2- 172.21.15.38:0/1554522914 >> [v2:172.21.15.38:6800/3059038497,v1:172.21.15.38:6801/3059038497] conn(0x7fefe8038ba0 0x7fefe803b060 unknown :-1 s=NONE pgs=0 cs=0 l=1 rev1=0 crypto rx=0 tx=0 comp rx=0 tx=0).connect
2024-03-04T08:28:57.158 INFO:teuthology.orchestra.run.smithi038.stdout:/usr/bin/ceph: stderr
2024-03-04T08:28:55.615+0000 7feff27fc700 1 -- 172.21.15.38:0/1554522914 <== mon.0 v2:172.21.15.38:3300/0 5 ==== osd_map(2..2 src has 1..2) v4 ==== 940+0+0 (secure 0 0 0) 0x7feff801a610 con 0x7feffc19ba10
2024-03-04T08:28:57.158 INFO:teuthology.orchestra.run.smithi038.stdout:/usr/bin/ceph: stderr
2024-03-04T08:28:55.615+0000 7ff0036dc700 1 -- 172.21.15.38:0/1554522914 --> [v2:172.21.15.38:3300/0,v1:172.21.15.38:6789/0] -- mon_command({"prefix": "get_command_descriptions"} v 0) v1 -- 0x7feffc0636f0 con 0x7feffc19ba10
2024-03-04T08:28:57.158 INFO:teuthology.orchestra.run.smithi038.stdout:/usr/bin/ceph: stderr
2024-03-04T08:28:55.615+0000 7ff000c77700 1 --2- 172.21.15.38:0/1554522914 >> [v2:172.21.15.38:6800/3059038497,v1:172.21.15.38:6801/3059038497] conn(0x7fefe8038ba0 0x7fefe803b060 unknown :-1 s=BANNER_CONNECTING pgs=0 cs=0 l=1 rev1=0 crypto rx=0 tx=0 comp rx=0 tx=0)._handle_peer_banner_payload supported=3 required=0
2024-03-04T08:28:57.159 INFO:teuthology.orchestra.run.smithi038.stdout:/usr/bin/ceph: stderr
2024-03-04T08:28:55.616+0000 7ff000c77700 1 --2- 172.21.15.38:0/1554522914 >> [v2:172.21.15.38:6800/3059038497,v1:172.21.15.38:6801/3059038497] conn(0x7fefe8038ba0 0x7fefe803b060 secure :-1 s=READY pgs=15 cs=0 l=1 rev1=1 crypto rx=0x7fefec006fd0 tx=0x7fefec006e40 comp rx=0 tx=0).ready entity=mgr.14120 client_cookie=0 server_cookie=0 in_seq=0 out_seq=0
2024-03-04T08:28:57.159 INFO:teuthology.orchestra.run.smithi038.stdout:/usr/bin/ceph: stderr
2024-03-04T08:28:55.621+0000 7feff27fc700 1 -- 172.21.15.38:0/1554522914 <== mon.0 v2:172.21.15.38:3300/0 6 ==== mon_command_ack([{"prefix": "get_command_descriptions"}]=0 v0) v1 ==== 72+0+184932 (secure 0 0 0) 0x7feff800e260 con 0x7feffc19ba10
2024-03-04T08:28:57.159 INFO:teuthology.orchestra.run.smithi038.stdout:/usr/bin/ceph: stderr
2024-03-04T08:28:55.825+0000 7ff0036dc700 1 -- 172.21.15.38:0/1554522914 --> [v2:172.21.15.38:3300/0,v1:172.21.15.38:6789/0] -- mon_command([{prefix=config set, name=mgr/dashboard/ssl_server_port}] v 0) v1 -- 0x7feffc19f8c0 con 0x7feffc19ba10
2024-03-04T08:28:57.159 INFO:teuthology.orchestra.run.smithi038.stdout:/usr/bin/ceph: stderr
2024-03-04T08:28:55.828+0000 7feff27fc700 1 -- 172.21.15.38:0/1554522914 <== mon.0 v2:172.21.15.38:3300/0 7 ==== mon_command_ack([{prefix=config set, name=mgr/dashboard/ssl_server_port}]=0 v8)=0 v8) v1 ==== 130+0+0 (secure 0 0 0) 0x7feff802d7c0 con 0x7feffc19ba10
2024-03-04T08:28:57.159 INFO:teuthology.orchestra.run.smithi038.stdout:/usr/bin/ceph: stderr
2024-03-04T08:28:55.831+0000 7ff0036dc700 1 -- 172.21.15.38:0/1554522914 >> [v2:172.21.15.38:6800/3059038497,v1:172.21.15.38:6801/3059038497] conn(0x7fefe8038ba0 msgr2=0x7fefe803b060 secure :-1 s=STATE_CONNECTION_ESTABLISHED l=1).mark_down
2024-03-04T08:28:57.159 INFO:teuthology.orchestra.run.smithi038.stdout:/usr/bin/ceph: stderr
2024-03-04T08:28:55.831+0000 7ff0036dc700 1 --2- 172.21.15.38:0/1554522914 >> [v2:172.21.15.38:6800/3059038497,v1:172.21.15.38:6801/3059038497] conn(0x7fefe8038ba0 0x7fefe803b060 secure :-1 s=READY pgs=15 cs=0 l=1 rev1=1 crypto rx=0x7fefec006fd0 tx=0x7fefec006e40 comp rx=0 tx=0).stop
2024-03-04T08:28:57.159 INFO:teuthology.orchestra.run.smithi038.stdout:/usr/bin/ceph: stderr
2024-03-04T08:28:55.831+0000 7ff0036dc700 1 -- 172.21.15.38:0/1554522914 >> [v2:172.21.15.38:3300/0,v1:172.21.15.38:6789/0] conn(0x7feffc19ba10 msgr2=0x7feffc19be30 secure :-1 s=STATE_CONNECTION_ESTABLISHED l=1).mark_down
2024-03-04T08:28:57.159 INFO:teuthology.orchestra.run.smithi038.stdout:/usr/bin/ceph: stderr
2024-03-04T08:28:55.831+0000 7ff0036dc700 1 --2- 172.21.15.38:0/1554522914 >> [v2:172.21.15.38:3300/0,v1:172.21.15.38:6789/0] conn(0x7feffc19ba10 0x7feffc19be30 secure :-1 s=READY pgs=54 cs=0 l=1 rev1=1 crypto rx=0x7feff8015000 tx=0x7feff80045f0 comp rx=0 tx=0).stop
2024-03-04T08:28:57.159 INFO:teuthology.orchestra.run.smithi038.stdout:/usr/bin/ceph: stderr
2024-03-04T08:28:55.831+0000 7ff0036dc700 1 -- 172.21.15.38:0/1554522914 shutdown_connections
2024-03-04T08:28:57.159 INFO:teuthology.orchestra.run.smithi038.stdout:/usr/bin/ceph: stderr
2024-03-04T08:28:55.831+0000 7ff0036dc700 1 --2- 172.21.15.38:0/1554522914 >> [v2:172.21.15.38:6800/3059038497,v1:172.21.15.38:6801/3059038497] conn(0x7fefe8038ba0 0x7fefe803b060 unknown :-1 s=CLOSED pgs=15 cs=0 l=1 rev1=1 crypto rx=0 tx=0 comp rx=0 tx=0).stop
2024-03-04T08:28:57.159 INFO:teuthology.orchestra.run.smithi038.stdout:/usr/bin/ceph: stderr
2024-03-04T08:28:55.831+0000 7ff0036dc700 1 --2- 172.21.15.38:0/1554522914 >> [v2:172.21.15.38:3300/0,v1:172.21.15.38:6789/0] conn(0x7feffc19ba10 0x7feffc19be30 unknown :-1 s=CLOSED pgs=54 cs=0 l=1 rev1=1 crypto rx=0 tx=0 comp rx=0 tx=0).stop
2024-03-04T08:28:57.159 INFO:teuthology.orchestra.run.smithi038.stdout:/usr/bin/ceph: stderr
2024-03-04T08:28:55.831+0000 7ff0036dc700 1 -- 172.21.15.38:0/1554522914 >> 172.21.15.38:0/1554522914 conn(0x7feffc101ee0 msgr2=0x7feffc1029c0 unknown :-1 s=STATE_NONE l=0).mark_down
2024-03-04T08:28:57.159 INFO:teuthology.orchestra.run.smithi038.stdout:/usr/bin/ceph: stderr
2024-03-04T08:28:55.832+0000 7ff0036dc700 1 -- 172.21.15.38:0/1554522914 shutdown_connections
2024-03-04T08:28:57.159 INFO:teuthology.orchestra.run.smithi038.stdout:/usr/bin/ceph: stderr
2024-03-04T08:28:55.832+0000 7ff0036dc700 1 -- 172.21.15.38:0/1554522914 wait complete.
2024-03-04T08:28:57.159 INFO:teuthology.orchestra.run.smithi038.stdout:Enabling the dashboard module...
2024-03-04T08:28:58.804 INFO:journalctl@ceph.mon.a.smithi038.stdout:Mar 04 08:28:58 smithi038 ceph-mon[32696]: pgmap v3: 0 pgs: ; 0 B data, 0 B used, 0 B / 0 B avail
2024-03-04T08:28:58.804 INFO:journalctl@ceph.mon.a.smithi038.stdout:Mar 04 08:28:58 smithi038 ceph-mon[32696]: from='client.? 172.21.15.38:0/3001155167' entity='client.admin' cmd=[{"prefix": "mgr module enable", "module": "dashboard"}]: dispatch
2024-03-04T08:28:58.804 INFO:journalctl@ceph.mgr.x.smithi038.stdout:Mar 04 08:28:58 smithi038 ceph-f9056288-da00-11ee-95c6-87774f69a715-mgr-x[32926]: ignoring --setuser ceph since I am not root
2024-03-04T08:28:58.804 INFO:journalctl@ceph.mgr.x.smithi038.stdout:Mar 04 08:28:58 smithi038 ceph-f9056288-da00-11ee-95c6-87774f69a715-mgr-x[32926]: ignoring --setgroup ceph since I am not root
2024-03-04T08:28:59.095 INFO:teuthology.orchestra.run.smithi038.stdout:/usr/bin/ceph: stderr
2024-03-04T08:28:57.548+0000 7fbe33aff700 1 Processor -- start
2024-03-04T08:28:59.095 INFO:teuthology.orchestra.run.smithi038.stdout:/usr/bin/ceph: stderr
2024-03-04T08:28:57.548+0000 7fbe33aff700 1 -- start start
2024-03-04T08:28:59.095 INFO:teuthology.orchestra.run.smithi038.stdout:/usr/bin/ceph: stderr
2024-03-04T08:28:57.549+0000 7fbe33aff700 1 --2- >> [v2:172.21.15.38:3300/0,v1:172.21.15.38:6789/0] conn(0x7fbe2c106260 0x7fbe2c106680 unknown :-1 s=NONE pgs=0 cs=0 l=0 rev1=0 crypto rx=0 tx=0 comp rx=0 tx=0).connect
2024-03-04T08:28:59.095 INFO:teuthology.orchestra.run.smithi038.stdout:/usr/bin/ceph: stderr
2024-03-04T08:28:57.549+0000 7fbe33aff700 1 -- --> [v2:172.21.15.38:3300/0,v1:172.21.15.38:6789/0] -- mon_getmap magic: 0 v1 -- 0x7fbe2c07be30 con 0x7fbe2c106260
2024-03-04T08:28:59.095 INFO:teuthology.orchestra.run.smithi038.stdout:/usr/bin/ceph: stderr
2024-03-04T08:28:57.549+0000 7fbe3189b700 1 --2- >> [v2:172.21.15.38:3300/0,v1:172.21.15.38:6789/0] conn(0x7fbe2c106260 0x7fbe2c106680 unknown :-1 s=BANNER_CONNECTING pgs=0 cs=0 l=0 rev1=0 crypto rx=0 tx=0 comp rx=0 tx=0)._handle_peer_banner_payload supported=3 required=0
2024-03-04T08:28:59.095 INFO:teuthology.orchestra.run.smithi038.stdout:/usr/bin/ceph: stderr
2024-03-04T08:28:57.549+0000 7fbe3189b700 1 --2- >> [v2:172.21.15.38:3300/0,v1:172.21.15.38:6789/0] conn(0x7fbe2c106260 0x7fbe2c106680 unknown :-1 s=HELLO_CONNECTING pgs=0 cs=0 l=0 rev1=1 crypto rx=0 tx=0 comp rx=0 tx=0).handle_hello peer v2:172.21.15.38:3300/0 says I am v2:172.21.15.38:51604/0 (socket says 172.21.15.38:51604)
2024-03-04T08:28:59.095 INFO:teuthology.orchestra.run.smithi038.stdout:/usr/bin/ceph: stderr
2024-03-04T08:28:57.549+0000 7fbe3189b700 1 -- 172.21.15.38:0/1352065893 learned_addr learned my addr 172.21.15.38:0/1352065893 (peer_addr_for_me v2:172.21.15.38:0/0)
2024-03-04T08:28:59.095 INFO:teuthology.orchestra.run.smithi038.stdout:/usr/bin/ceph: stderr
2024-03-04T08:28:57.549+0000 7fbe3189b700 1 -- 172.21.15.38:0/1352065893 --> [v2:172.21.15.38:3300/0,v1:172.21.15.38:6789/0] -- mon_subscribe({config=0+,monmap=0+}) v3 -- 0x7fbe2c106bc0 con 0x7fbe2c106260
2024-03-04T08:28:59.095 INFO:teuthology.orchestra.run.smithi038.stdout:/usr/bin/ceph: stderr
2024-03-04T08:28:57.549+0000 7fbe3189b700 1 --2- 172.21.15.38:0/1352065893 >> [v2:172.21.15.38:3300/0,v1:172.21.15.38:6789/0] conn(0x7fbe2c106260 0x7fbe2c106680 secure :-1 s=READY pgs=55 cs=0 l=1 rev1=1 crypto rx=0x7fbe1c0098a0 tx=0x7fbe1c009bb0 comp rx=0 tx=0).ready entity=mon.0 client_cookie=ff5c87e72a4e977e server_cookie=0 in_seq=0 out_seq=0
2024-03-04T08:28:59.095 INFO:teuthology.orchestra.run.smithi038.stdout:/usr/bin/ceph: stderr
2024-03-04T08:28:57.549+0000 7fbe30899700 1 -- 172.21.15.38:0/1352065893 <== mon.0 v2:172.21.15.38:3300/0 1 ==== mon_map magic: 0 v1 ==== 205+0+0 (secure 0 0 0) 0x7fbe1c004160 con 0x7fbe2c106260
2024-03-04T08:28:59.095 INFO:teuthology.orchestra.run.smithi038.stdout:/usr/bin/ceph: stderr
2024-03-04T08:28:57.549+0000 7fbe30899700 1 -- 172.21.15.38:0/1352065893 <== mon.0 v2:172.21.15.38:3300/0 2 ==== config(26 keys) v1 ==== 1102+0+0 (secure 0 0 0) 0x7fbe1c004300 con 0x7fbe2c106260
2024-03-04T08:28:59.095 INFO:teuthology.orchestra.run.smithi038.stdout:/usr/bin/ceph: stderr
2024-03-04T08:28:57.549+0000 7fbe30899700 1 -- 172.21.15.38:0/1352065893 <== mon.0 v2:172.21.15.38:3300/0 3 ==== mon_map magic: 0 v1 ==== 205+0+0 (secure 0 0 0) 0x7fbe1c011a50 con 0x7fbe2c106260
2024-03-04T08:28:59.096 INFO:teuthology.orchestra.run.smithi038.stdout:/usr/bin/ceph: stderr
2024-03-04T08:28:57.550+0000 7fbe33aff700 1 -- 172.21.15.38:0/1352065893 >> [v2:172.21.15.38:3300/0,v1:172.21.15.38:6789/0] conn(0x7fbe2c106260 msgr2=0x7fbe2c106680 secure :-1 s=STATE_CONNECTION_ESTABLISHED l=1).mark_down
2024-03-04T08:28:59.096 INFO:teuthology.orchestra.run.smithi038.stdout:/usr/bin/ceph: stderr
2024-03-04T08:28:57.550+0000 7fbe33aff700 1 --2- 172.21.15.38:0/1352065893 >> [v2:172.21.15.38:3300/0,v1:172.21.15.38:6789/0] conn(0x7fbe2c106260 0x7fbe2c106680 secure :-1 s=READY pgs=55 cs=0 l=1 rev1=1 crypto rx=0x7fbe1c0098a0 tx=0x7fbe1c009bb0 comp rx=0 tx=0).stop
2024-03-04T08:28:59.096 INFO:teuthology.orchestra.run.smithi038.stdout:/usr/bin/ceph: stderr
2024-03-04T08:28:57.550+0000 7fbe33aff700 1 -- 172.21.15.38:0/1352065893 shutdown_connections
2024-03-04T08:28:59.096 INFO:teuthology.orchestra.run.smithi038.stdout:/usr/bin/ceph: stderr
2024-03-04T08:28:57.550+0000 7fbe33aff700 1 --2- 172.21.15.38:0/1352065893 >> [v2:172.21.15.38:3300/0,v1:172.21.15.38:6789/0] conn(0x7fbe2c106260 0x7fbe2c106680 unknown :-1 s=CLOSED pgs=55 cs=0 l=1 rev1=1 crypto rx=0 tx=0 comp rx=0 tx=0).stop
2024-03-04T08:28:59.096 INFO:teuthology.orchestra.run.smithi038.stdout:/usr/bin/ceph: stderr
2024-03-04T08:28:57.550+0000 7fbe33aff700 1 -- 172.21.15.38:0/1352065893 >> 172.21.15.38:0/1352065893 conn(0x7fbe2c101e80 msgr2=0x7fbe2c1042a0 unknown :-1 s=STATE_NONE l=0).mark_down
2024-03-04T08:28:59.096 INFO:teuthology.orchestra.run.smithi038.stdout:/usr/bin/ceph: stderr
2024-03-04T08:28:57.550+0000 7fbe33aff700 1 -- 172.21.15.38:0/1352065893 shutdown_connections
2024-03-04T08:28:59.096 INFO:teuthology.orchestra.run.smithi038.stdout:/usr/bin/ceph: stderr
2024-03-04T08:28:57.550+0000 7fbe33aff700 1 -- 172.21.15.38:0/1352065893 wait complete.
2024-03-04T08:28:59.096 INFO:teuthology.orchestra.run.smithi038.stdout:/usr/bin/ceph: stderr
2024-03-04T08:28:57.551+0000 7fbe33aff700 1 Processor -- start
2024-03-04T08:28:59.096 INFO:teuthology.orchestra.run.smithi038.stdout:/usr/bin/ceph: stderr
2024-03-04T08:28:57.551+0000 7fbe33aff700 1 -- start start
2024-03-04T08:28:59.096 INFO:teuthology.orchestra.run.smithi038.stdout:/usr/bin/ceph: stderr
2024-03-04T08:28:57.551+0000 7fbe33aff700 1 --2- >> [v2:172.21.15.38:3300/0,v1:172.21.15.38:6789/0] conn(0x7fbe2c106260 0x7fbe2c19d9f0 unknown :-1 s=NONE pgs=0 cs=0 l=1 rev1=0 crypto rx=0 tx=0 comp rx=0 tx=0).connect
2024-03-04T08:28:59.096 INFO:teuthology.orchestra.run.smithi038.stdout:/usr/bin/ceph: stderr
2024-03-04T08:28:57.551+0000 7fbe33aff700 1 -- --> [v2:172.21.15.38:3300/0,v1:172.21.15.38:6789/0] -- mon_getmap magic: 0 v1 -- 0x7fbe2c107c30 con 0x7fbe2c106260
2024-03-04T08:28:59.096 INFO:teuthology.orchestra.run.smithi038.stdout:/usr/bin/ceph: stderr
2024-03-04T08:28:57.551+0000 7fbe3189b700 1 --2- >> [v2:172.21.15.38:3300/0,v1:172.21.15.38:6789/0] conn(0x7fbe2c106260 0x7fbe2c19d9f0 unknown :-1 s=BANNER_CONNECTING pgs=0 cs=0 l=1 rev1=0 crypto rx=0 tx=0 comp rx=0 tx=0)._handle_peer_banner_payload supported=3 required=0
2024-03-04T08:28:59.096 INFO:teuthology.orchestra.run.smithi038.stdout:/usr/bin/ceph: stderr
2024-03-04T08:28:57.551+0000 7fbe3189b700 1 --2- >> [v2:172.21.15.38:3300/0,v1:172.21.15.38:6789/0] conn(0x7fbe2c106260 0x7fbe2c19d9f0 unknown :-1 s=HELLO_CONNECTING pgs=0 cs=0 l=1 rev1=1 crypto rx=0 tx=0 comp rx=0 tx=0).handle_hello peer v2:172.21.15.38:3300/0 says I am v2:172.21.15.38:51618/0 (socket says 172.21.15.38:51618)
2024-03-04T08:28:59.096 INFO:teuthology.orchestra.run.smithi038.stdout:/usr/bin/ceph: stderr
2024-03-04T08:28:57.551+0000 7fbe3189b700 1 -- 172.21.15.38:0/3001155167 learned_addr learned my addr 172.21.15.38:0/3001155167 (peer_addr_for_me v2:172.21.15.38:0/0)
2024-03-04T08:28:59.097 INFO:teuthology.orchestra.run.smithi038.stdout:/usr/bin/ceph: stderr
2024-03-04T08:28:57.551+0000 7fbe3189b700 1 -- 172.21.15.38:0/3001155167 --> [v2:172.21.15.38:3300/0,v1:172.21.15.38:6789/0] -- mon_subscribe({config=0+,monmap=0+}) v3 -- 0x7fbe2c19df30 con 0x7fbe2c106260
2024-03-04T08:28:59.097 INFO:teuthology.orchestra.run.smithi038.stdout:/usr/bin/ceph: stderr
2024-03-04T08:28:57.551+0000 7fbe3189b700 1 --2- 172.21.15.38:0/3001155167 >> [v2:172.21.15.38:3300/0,v1:172.21.15.38:6789/0] conn(0x7fbe2c106260 0x7fbe2c19d9f0 secure :-1 s=READY pgs=56 cs=0 l=1 rev1=1 crypto rx=0x7fbe1c011a20 tx=0x7fbe1c011b00 comp rx=0 tx=0).ready entity=mon.0 client_cookie=0 server_cookie=0 in_seq=0 out_seq=0
2024-03-04T08:28:59.097 INFO:teuthology.orchestra.run.smithi038.stdout:/usr/bin/ceph: stderr
2024-03-04T08:28:57.552+0000 7fbe22ffd700 1 -- 172.21.15.38:0/3001155167 <== mon.0 v2:172.21.15.38:3300/0 1 ==== mon_map magic: 0 v1 ==== 205+0+0 (secure 0 0 0) 0x7fbe1c003b70 con 0x7fbe2c106260
2024-03-04T08:28:59.097 INFO:teuthology.orchestra.run.smithi038.stdout:/usr/bin/ceph: stderr
2024-03-04T08:28:57.552+0000 7fbe22ffd700 1 -- 172.21.15.38:0/3001155167 <== mon.0 v2:172.21.15.38:3300/0 2 ==== config(26 keys) v1 ==== 1102+0+0 (secure 0 0 0) 0x7fbe1c01a8e0 con 0x7fbe2c106260
2024-03-04T08:28:59.097 INFO:teuthology.orchestra.run.smithi038.stdout:/usr/bin/ceph: stderr
2024-03-04T08:28:57.552+0000 7fbe33aff700 1 -- 172.21.15.38:0/3001155167 --> [v2:172.21.15.38:3300/0,v1:172.21.15.38:6789/0] -- mon_subscribe({mgrmap=0+}) v3 -- 0x7fbe2c19e1c0 con 0x7fbe2c106260
2024-03-04T08:28:59.097 INFO:teuthology.orchestra.run.smithi038.stdout:/usr/bin/ceph: stderr
2024-03-04T08:28:57.552+0000 7fbe22ffd700 1 -- 172.21.15.38:0/3001155167 <== mon.0 v2:172.21.15.38:3300/0 3 ==== mon_map magic: 0 v1 ==== 205+0+0 (secure 0 0 0) 0x7fbe1c024990 con 0x7fbe2c106260
2024-03-04T08:28:59.097 INFO:teuthology.orchestra.run.smithi038.stdout:/usr/bin/ceph: stderr
2024-03-04T08:28:57.552+0000 7fbe33aff700 1 -- 172.21.15.38:0/3001155167 --> [v2:172.21.15.38:3300/0,v1:172.21.15.38:6789/0] -- mon_subscribe({osdmap=0}) v3 -- 0x7fbe2c1a0eb0 con 0x7fbe2c106260
2024-03-04T08:28:59.097 INFO:teuthology.orchestra.run.smithi038.stdout:/usr/bin/ceph: stderr
2024-03-04T08:28:57.553+0000 7fbe22ffd700 1 -- 172.21.15.38:0/3001155167 <== mon.0 v2:172.21.15.38:3300/0 4 ==== mgrmap(e 8) v1 ==== 45928+0+0 (secure 0 0 0) 0x7fbe1c022020 con 0x7fbe2c106260
2024-03-04T08:28:59.097 INFO:teuthology.orchestra.run.smithi038.stdout:/usr/bin/ceph: stderr
2024-03-04T08:28:57.553+0000 7fbe33aff700 1 -- 172.21.15.38:0/3001155167 --> [v2:172.21.15.38:3300/0,v1:172.21.15.38:6789/0] -- mon_command({"prefix": "get_command_descriptions"} v 0) v1 -- 0x7fbe2c0636f0 con 0x7fbe2c106260
2024-03-04T08:28:59.097 INFO:teuthology.orchestra.run.smithi038.stdout:/usr/bin/ceph: stderr
2024-03-04T08:28:57.553+0000 7fbe22ffd700 1 --2- 172.21.15.38:0/3001155167 >> [v2:172.21.15.38:6800/3059038497,v1:172.21.15.38:6801/3059038497] conn(0x7fbe18038ba0 0x7fbe1803b060 unknown :-1 s=NONE pgs=0 cs=0 l=1 rev1=0 crypto rx=0 tx=0 comp rx=0 tx=0).connect
2024-03-04T08:28:59.097 INFO:teuthology.orchestra.run.smithi038.stdout:/usr/bin/ceph: stderr
2024-03-04T08:28:57.553+0000 7fbe22ffd700 1 -- 172.21.15.38:0/3001155167 <== mon.0 v2:172.21.15.38:3300/0 5 ==== osd_map(2..2 src has 1..2) v4 ==== 940+0+0 (secure 0 0 0) 0x7fbe1c04cd10 con 0x7fbe2c106260
2024-03-04T08:28:59.097 INFO:teuthology.orchestra.run.smithi038.stdout:/usr/bin/ceph: stderr
2024-03-04T08:28:57.553+0000 7fbe3109a700 1 --2- 172.21.15.38:0/3001155167 >> [v2:172.21.15.38:6800/3059038497,v1:172.21.15.38:6801/3059038497] conn(0x7fbe18038ba0 0x7fbe1803b060 unknown :-1 s=BANNER_CONNECTING pgs=0 cs=0 l=1 rev1=0 crypto rx=0 tx=0 comp rx=0 tx=0)._handle_peer_banner_payload supported=3 required=0
2024-03-04T08:28:59.097 INFO:teuthology.orchestra.run.smithi038.stdout:/usr/bin/ceph: stderr
2024-03-04T08:28:57.553+0000 7fbe3109a700 1 --2- 172.21.15.38:0/3001155167 >> [v2:172.21.15.38:6800/3059038497,v1:172.21.15.38:6801/3059038497] conn(0x7fbe18038ba0 0x7fbe1803b060 secure :-1 s=READY pgs=16 cs=0 l=1 rev1=1 crypto rx=0x7fbe28006fd0 tx=0x7fbe28006e40 comp rx=0 tx=0).ready entity=mgr.14120 client_cookie=0 server_cookie=0 in_seq=0 out_seq=0
2024-03-04T08:28:59.097 INFO:teuthology.orchestra.run.smithi038.stdout:/usr/bin/ceph: stderr
2024-03-04T08:28:57.558+0000 7fbe22ffd700 1 -- 172.21.15.38:0/3001155167 <== mon.0 v2:172.21.15.38:3300/0 6 ==== mon_command_ack([{"prefix": "get_command_descriptions"}]=0 v0) v1 ==== 72+0+184932 (secure 0 0 0) 0x7fbe1c00b3e0 con 0x7fbe2c106260
2024-03-04T08:28:59.097 INFO:teuthology.orchestra.run.smithi038.stdout:/usr/bin/ceph: stderr
2024-03-04T08:28:57.821+0000 7fbe33aff700 1 -- 172.21.15.38:0/3001155167 --> [v2:172.21.15.38:3300/0,v1:172.21.15.38:6789/0] -- mon_command({"prefix": "mgr module enable", "module": "dashboard"} v 0) v1 -- 0x7fbe2c02dca0 con 0x7fbe2c106260
2024-03-04T08:28:59.098 INFO:teuthology.orchestra.run.smithi038.stdout:/usr/bin/ceph: stderr
2024-03-04T08:28:58.495+0000 7fbe22ffd700 1 -- 172.21.15.38:0/3001155167 <== mon.0 v2:172.21.15.38:3300/0 7 ==== mon_command_ack([{"prefix": "mgr module enable", "module": "dashboard"}]=0 v9) v1 ==== 88+0+0 (secure 0 0 0) 0x7fbe1c024cf0 con 0x7fbe2c106260
2024-03-04T08:28:59.098 INFO:teuthology.orchestra.run.smithi038.stdout:/usr/bin/ceph: stderr
2024-03-04T08:28:58.497+0000 7fbe22ffd700 1 -- 172.21.15.38:0/3001155167 <== mon.0 v2:172.21.15.38:3300/0 8 ==== mgrmap(e 9) v1 ==== 45941+0+0 (secure 0 0 0) 0x7fbe1c01aa90 con 0x7fbe2c106260
2024-03-04T08:28:59.098 INFO:teuthology.orchestra.run.smithi038.stdout:/usr/bin/ceph: stderr
2024-03-04T08:28:58.499+0000 7fbe33aff700 1 -- 172.21.15.38:0/3001155167 >> [v2:172.21.15.38:6800/3059038497,v1:172.21.15.38:6801/3059038497] conn(0x7fbe18038ba0 msgr2=0x7fbe1803b060 secure :-1 s=STATE_CONNECTION_ESTABLISHED l=1).mark_down
2024-03-04T08:28:59.098 INFO:teuthology.orchestra.run.smithi038.stdout:/usr/bin/ceph: stderr
2024-03-04T08:28:58.499+0000 7fbe33aff700 1 --2- 172.21.15.38:0/3001155167 >> [v2:172.21.15.38:6800/3059038497,v1:172.21.15.38:6801/3059038497] conn(0x7fbe18038ba0 0x7fbe1803b060 secure :-1 s=READY pgs=16 cs=0 l=1 rev1=1 crypto rx=0x7fbe28006fd0 tx=0x7fbe28006e40 comp rx=0 tx=0).stop
2024-03-04T08:28:59.098 INFO:teuthology.orchestra.run.smithi038.stdout:/usr/bin/ceph: stderr
2024-03-04T08:28:58.499+0000 7fbe33aff700 1 -- 172.21.15.38:0/3001155167 >> [v2:172.21.15.38:3300/0,v1:172.21.15.38:6789/0] conn(0x7fbe2c106260 msgr2=0x7fbe2c19d9f0 secure :-1 s=STATE_CONNECTION_ESTABLISHED l=1).mark_down
2024-03-04T08:28:59.098 INFO:teuthology.orchestra.run.smithi038.stdout:/usr/bin/ceph: stderr
2024-03-04T08:28:58.499+0000 7fbe33aff700 1 --2- 172.21.15.38:0/3001155167 >> [v2:172.21.15.38:3300/0,v1:172.21.15.38:6789/0] conn(0x7fbe2c106260 0x7fbe2c19d9f0 secure :-1 s=READY pgs=56 cs=0 l=1 rev1=1 crypto rx=0x7fbe1c011a20 tx=0x7fbe1c011b00 comp rx=0 tx=0).stop
2024-03-04T08:28:59.098 INFO:teuthology.orchestra.run.smithi038.stdout:/usr/bin/ceph: stderr
2024-03-04T08:28:58.499+0000 7fbe33aff700 1 -- 172.21.15.38:0/3001155167 shutdown_connections
2024-03-04T08:28:59.098 INFO:teuthology.orchestra.run.smithi038.stdout:/usr/bin/ceph: stderr
2024-03-04T08:28:58.499+0000 7fbe33aff700 1 --2- 172.21.15.38:0/3001155167 >> [v2:172.21.15.38:6800/3059038497,v1:172.21.15.38:6801/3059038497] conn(0x7fbe18038ba0 0x7fbe1803b060 unknown :-1 s=CLOSED pgs=16 cs=0 l=1 rev1=1 crypto rx=0 tx=0 comp rx=0 tx=0).stop
2024-03-04T08:28:59.098 INFO:teuthology.orchestra.run.smithi038.stdout:/usr/bin/ceph: stderr
2024-03-04T08:28:58.499+0000 7fbe33aff700 1 --2- 172.21.15.38:0/3001155167 >> [v2:172.21.15.38:3300/0,v1:172.21.15.38:6789/0] conn(0x7fbe2c106260 0x7fbe2c19d9f0 unknown :-1 s=CLOSED pgs=56 cs=0 l=1 rev1=1 crypto rx=0 tx=0 comp rx=0 tx=0).stop
2024-03-04T08:28:59.098 INFO:teuthology.orchestra.run.smithi038.stdout:/usr/bin/ceph: stderr
2024-03-04T08:28:58.499+0000 7fbe33aff700 1 -- 172.21.15.38:0/3001155167 >> 172.21.15.38:0/3001155167 conn(0x7fbe2c101e80 msgr2=0x7fbe2c194680 unknown :-1 s=STATE_NONE l=0).mark_down
2024-03-04T08:28:59.098 INFO:teuthology.orchestra.run.smithi038.stdout:/usr/bin/ceph: stderr
2024-03-04T08:28:58.499+0000 7fbe33aff700 1 -- 172.21.15.38:0/3001155167 shutdown_connections
2024-03-04T08:28:59.098 INFO:teuthology.orchestra.run.smithi038.stdout:/usr/bin/ceph: stderr
2024-03-04T08:28:58.499+0000 7fbe33aff700 1 -- 172.21.15.38:0/3001155167 wait complete.
2024-03-04T08:28:59.390 INFO:journalctl@ceph.mgr.x.smithi038.stdout:Mar 04 08:28:59 smithi038 ceph-f9056288-da00-11ee-95c6-87774f69a715-mgr-x[32926]:
2024-03-04T08:28:59.081+0000 7fb48e57a200 -1 mgr[py] Module osd_perf_query has missing NOTIFY_TYPES member
2024-03-04T08:28:59.390 INFO:journalctl@ceph.mgr.x.smithi038.stdout:Mar 04 08:28:59 smithi038 ceph-f9056288-da00-11ee-95c6-87774f69a715-mgr-x[32926]:
2024-03-04T08:28:59.182+0000 7fb48e57a200 -1 mgr[py] Module snap_schedule has missing NOTIFY_TYPES member
2024-03-04T08:28:59.697 INFO:journalctl@ceph.mon.a.smithi038.stdout:Mar 04 08:28:59 smithi038 ceph-mon[32696]: from='client.? 172.21.15.38:0/3001155167' entity='client.admin' cmd='[{"prefix": "mgr module enable", "module": "dashboard"}]': finished
2024-03-04T08:28:59.698 INFO:journalctl@ceph.mon.a.smithi038.stdout:Mar 04 08:28:59 smithi038 ceph-mon[32696]: mgrmap e9: x(active, since 21s)
2024-03-04T08:28:59.951 INFO:journalctl@ceph.mgr.x.smithi038.stdout:Mar 04 08:28:59 smithi038 ceph-f9056288-da00-11ee-95c6-87774f69a715-mgr-x[32926]:
2024-03-04T08:28:59.858+0000 7fb48e57a200 -1 mgr[py] Module zabbix has missing NOTIFY_TYPES member
2024-03-04T08:28:59.951 INFO:journalctl@ceph.mgr.x.smithi038.stdout:Mar 04 08:28:59 smithi038 ceph-f9056288-da00-11ee-95c6-87774f69a715-mgr-x[32926]:
2024-03-04T08:28:59.953+0000 7fb48e57a200 -1 mgr[py] Module balancer has missing NOTIFY_TYPES member
2024-03-04T08:29:00.281 INFO:journalctl@ceph.mgr.x.smithi038.stdout:Mar 04 08:29:00 smithi038 ceph-f9056288-da00-11ee-95c6-87774f69a715-mgr-x[32926]:
2024-03-04T08:29:00.100+0000 7fb48e57a200 -1 mgr[py] Module influx has missing NOTIFY_TYPES member
2024-03-04T08:29:00.281 INFO:journalctl@ceph.mgr.x.smithi038.stdout:Mar 04 08:29:00 smithi038 ceph-f9056288-da00-11ee-95c6-87774f69a715-mgr-x[32926]:
2024-03-04T08:29:00.198+0000 7fb48e57a200 -1 mgr[py] Module alerts has missing NOTIFY_TYPES member
2024-03-04T08:29:00.281 INFO:journalctl@ceph.mgr.x.smithi038.stdout:Mar 04 08:29:00 smithi038 ceph-f9056288-da00-11ee-95c6-87774f69a715-mgr-x[32926]:
2024-03-04T08:29:00.284+0000 7fb48e57a200 -1 mgr[py] Module iostat has missing NOTIFY_TYPES member
2024-03-04T08:29:00.393 INFO:teuthology.orchestra.run.smithi038.stdout:/usr/bin/ceph: stdout {
2024-03-04T08:29:00.394 INFO:teuthology.orchestra.run.smithi038.stdout:/usr/bin/ceph: stdout "epoch": 9,
2024-03-04T08:29:00.394 INFO:teuthology.orchestra.run.smithi038.stdout:/usr/bin/ceph: stdout "available": true,
2024-03-04T08:29:00.394 INFO:teuthology.orchestra.run.smithi038.stdout:/usr/bin/ceph: stdout "active_name": "x",
2024-03-04T08:29:00.394 INFO:teuthology.orchestra.run.smithi038.stdout:/usr/bin/ceph: stdout "num_standby": 0
2024-03-04T08:29:00.394 INFO:teuthology.orchestra.run.smithi038.stdout:/usr/bin/ceph: stdout }
2024-03-04T08:29:00.394 INFO:teuthology.orchestra.run.smithi038.stdout:/usr/bin/ceph: stderr
2024-03-04T08:28:59.494+0000 7f4cfc289700 1 Processor -- start
2024-03-04T08:29:00.394 INFO:teuthology.orchestra.run.smithi038.stdout:/usr/bin/ceph: stderr
2024-03-04T08:28:59.494+0000 7f4cfc289700 1 -- start start
2024-03-04T08:29:00.394 INFO:teuthology.orchestra.run.smithi038.stdout:/usr/bin/ceph: stderr
2024-03-04T08:28:59.495+0000 7f4cfc289700 1 --2- >> [v2:172.21.15.38:3300/0,v1:172.21.15.38:6789/0] conn(0x7f4cf4108f90 0x7f4cf41093b0 unknown :-1 s=NONE pgs=0 cs=0 l=0 rev1=0 crypto rx=0 tx=0 comp rx=0 tx=0).connect
2024-03-04T08:29:00.394 INFO:teuthology.orchestra.run.smithi038.stdout:/usr/bin/ceph: stderr
2024-03-04T08:28:59.495+0000 7f4cfc289700 1 -- --> [v2:172.21.15.38:3300/0,v1:172.21.15.38:6789/0] -- mon_getmap magic: 0 v1 -- 0x7f4cf4109980 con 0x7f4cf4108f90
2024-03-04T08:29:00.394 INFO:teuthology.orchestra.run.smithi038.stdout:/usr/bin/ceph: stderr
2024-03-04T08:28:59.495+0000 7f4cfa025700 1 --2- >> [v2:172.21.15.38:3300/0,v1:172.21.15.38:6789/0] conn(0x7f4cf4108f90 0x7f4cf41093b0 unknown :-1 s=BANNER_CONNECTING pgs=0 cs=0 l=0 rev1=0 crypto rx=0 tx=0 comp rx=0 tx=0)._handle_peer_banner_payload supported=3 required=0
2024-03-04T08:29:00.394 INFO:teuthology.orchestra.run.smithi038.stdout:/usr/bin/ceph: stderr
2024-03-04T08:28:59.495+0000 7f4cfa025700 1 --2- >> [v2:172.21.15.38:3300/0,v1:172.21.15.38:6789/0] conn(0x7f4cf4108f90 0x7f4cf41093b0 unknown :-1 s=HELLO_CONNECTING pgs=0 cs=0 l=0 rev1=1 crypto rx=0 tx=0 comp rx=0 tx=0).handle_hello peer v2:172.21.15.38:3300/0 says I am v2:172.21.15.38:51644/0 (socket says 172.21.15.38:51644)
2024-03-04T08:29:00.395 INFO:teuthology.orchestra.run.smithi038.stdout:/usr/bin/ceph: stderr
2024-03-04T08:28:59.495+0000 7f4cfa025700 1 -- 172.21.15.38:0/1620540399 learned_addr learned my addr 172.21.15.38:0/1620540399 (peer_addr_for_me v2:172.21.15.38:0/0)
2024-03-04T08:29:00.395 INFO:teuthology.orchestra.run.smithi038.stdout:/usr/bin/ceph: stderr
2024-03-04T08:28:59.495+0000 7f4cfa025700 1 -- 172.21.15.38:0/1620540399 --> [v2:172.21.15.38:3300/0,v1:172.21.15.38:6789/0] -- mon_subscribe({config=0+,monmap=0+}) v3 -- 0x7f4cf4109b00 con 0x7f4cf4108f90
2024-03-04T08:29:00.395 INFO:teuthology.orchestra.run.smithi038.stdout:/usr/bin/ceph: stderr
2024-03-04T08:28:59.495+0000 7f4cfa025700 1 --2- 172.21.15.38:0/1620540399 >> [v2:172.21.15.38:3300/0,v1:172.21.15.38:6789/0] conn(0x7f4cf4108f90 0x7f4cf41093b0 secure :-1 s=READY pgs=59 cs=0 l=1 rev1=1 crypto rx=0x7f4cf00098a0 tx=0x7f4cf0009bb0 comp rx=0 tx=0).ready entity=mon.0 client_cookie=5d6a0616c1c4ee11 server_cookie=0 in_seq=0 out_seq=0
2024-03-04T08:29:00.395 INFO:teuthology.orchestra.run.smithi038.stdout:/usr/bin/ceph: stderr
2024-03-04T08:28:59.495+0000 7f4cf9023700 1 -- 172.21.15.38:0/1620540399 <== mon.0 v2:172.21.15.38:3300/0 1 ==== mon_map magic: 0 v1 ==== 205+0+0 (secure 0 0 0) 0x7f4cf0004160 con 0x7f4cf4108f90
2024-03-04T08:29:00.395 INFO:teuthology.orchestra.run.smithi038.stdout:/usr/bin/ceph: stderr
2024-03-04T08:28:59.495+0000 7f4cf9023700 1 -- 172.21.15.38:0/1620540399 <== mon.0 v2:172.21.15.38:3300/0 2 ==== config(26 keys) v1 ==== 1102+0+0 (secure 0 0 0) 0x7f4cf0004300 con 0x7f4cf4108f90
2024-03-04T08:29:00.395 INFO:teuthology.orchestra.run.smithi038.stdout:/usr/bin/ceph: stderr
2024-03-04T08:28:59.496+0000 7f4cf9023700 1 -- 172.21.15.38:0/1620540399 <== mon.0 v2:172.21.15.38:3300/0 3 ==== mon_map magic: 0 v1 ==== 205+0+0 (secure 0 0 0) 0x7f4cf0011a50 con 0x7f4cf4108f90
2024-03-04T08:29:00.395 INFO:teuthology.orchestra.run.smithi038.stdout:/usr/bin/ceph: stderr
2024-03-04T08:28:59.496+0000 7f4cfc289700 1 -- 172.21.15.38:0/1620540399 >> [v2:172.21.15.38:3300/0,v1:172.21.15.38:6789/0] conn(0x7f4cf4108f90 msgr2=0x7f4cf41093b0 secure :-1 s=STATE_CONNECTION_ESTABLISHED l=1).mark_down
2024-03-04T08:29:00.395 INFO:teuthology.orchestra.run.smithi038.stdout:/usr/bin/ceph: stderr
2024-03-04T08:28:59.496+0000 7f4cfc289700 1 --2- 172.21.15.38:0/1620540399 >> [v2:172.21.15.38:3300/0,v1:172.21.15.38:6789/0] conn(0x7f4cf4108f90 0x7f4cf41093b0 secure :-1 s=READY pgs=59 cs=0 l=1 rev1=1 crypto rx=0x7f4cf00098a0 tx=0x7f4cf0009bb0 comp rx=0 tx=0).stop
2024-03-04T08:29:00.395 INFO:teuthology.orchestra.run.smithi038.stdout:/usr/bin/ceph: stderr
2024-03-04T08:28:59.496+0000 7f4cfc289700 1 -- 172.21.15.38:0/1620540399 shutdown_connections
2024-03-04T08:29:00.395 INFO:teuthology.orchestra.run.smithi038.stdout:/usr/bin/ceph: stderr
2024-03-04T08:28:59.496+0000 7f4cfc289700 1 --2- 172.21.15.38:0/1620540399 >> [v2:172.21.15.38:3300/0,v1:172.21.15.38:6789/0] conn(0x7f4cf4108f90 0x7f4cf41093b0 unknown :-1 s=CLOSED pgs=59 cs=0 l=1 rev1=1 crypto rx=0 tx=0 comp rx=0 tx=0).stop
2024-03-04T08:29:00.395 INFO:teuthology.orchestra.run.smithi038.stdout:/usr/bin/ceph: stderr
2024-03-04T08:28:59.496+0000 7f4cfc289700 1 -- 172.21.15.38:0/1620540399 >> 172.21.15.38:0/1620540399 conn(0x7f4cf4101630 msgr2=0x7f4cf4103a50 unknown :-1 s=STATE_NONE l=0).mark_down
2024-03-04T08:29:00.395 INFO:teuthology.orchestra.run.smithi038.stdout:/usr/bin/ceph: stderr
2024-03-04T08:28:59.497+0000 7f4cfc289700 1 -- 172.21.15.38:0/1620540399 shutdown_connections
2024-03-04T08:29:00.395 INFO:teuthology.orchestra.run.smithi038.stdout:/usr/bin/ceph: stderr
2024-03-04T08:28:59.497+0000 7f4cfc289700 1 -- 172.21.15.38:0/1620540399 wait complete.
2024-03-04T08:29:00.395 INFO:teuthology.orchestra.run.smithi038.stdout:/usr/bin/ceph: stderr
2024-03-04T08:28:59.497+0000 7f4cfc289700 1 Processor -- start
2024-03-04T08:29:00.395 INFO:teuthology.orchestra.run.smithi038.stdout:/usr/bin/ceph: stderr
2024-03-04T08:28:59.497+0000 7f4cfc289700 1 -- start start
2024-03-04T08:29:00.396 INFO:teuthology.orchestra.run.smithi038.stdout:/usr/bin/ceph: stderr
2024-03-04T08:28:59.498+0000 7f4cfc289700 1 --2- >> [v2:172.21.15.38:3300/0,v1:172.21.15.38:6789/0] conn(0x7f4cf4108f90 0x7f4cf419b7c0 unknown :-1 s=NONE pgs=0 cs=0 l=1 rev1=0 crypto rx=0 tx=0 comp rx=0 tx=0).connect
2024-03-04T08:29:00.396 INFO:teuthology.orchestra.run.smithi038.stdout:/usr/bin/ceph: stderr
2024-03-04T08:28:59.498+0000 7f4cfc289700 1 -- --> [v2:172.21.15.38:3300/0,v1:172.21.15.38:6789/0] -- mon_getmap magic: 0 v1 -- 0x7f4cf4106850 con 0x7f4cf4108f90
2024-03-04T08:29:00.396 INFO:teuthology.orchestra.run.smithi038.stdout:/usr/bin/ceph: stderr
2024-03-04T08:28:59.498+0000 7f4cfa025700 1 --2- >> [v2:172.21.15.38:3300/0,v1:172.21.15.38:6789/0] conn(0x7f4cf4108f90 0x7f4cf419b7c0 unknown :-1 s=BANNER_CONNECTING pgs=0 cs=0 l=1 rev1=0 crypto rx=0 tx=0 comp rx=0 tx=0)._handle_peer_banner_payload supported=3 required=0
2024-03-04T08:29:00.396 INFO:teuthology.orchestra.run.smithi038.stdout:/usr/bin/ceph: stderr
2024-03-04T08:28:59.498+0000 7f4cfa025700 1 --2- >> [v2:172.21.15.38:3300/0,v1:172.21.15.38:6789/0] conn(0x7f4cf4108f90 0x7f4cf419b7c0 unknown :-1 s=HELLO_CONNECTING pgs=0 cs=0 l=1 rev1=1 crypto rx=0 tx=0 comp rx=0 tx=0).handle_hello peer v2:172.21.15.38:3300/0 says I am v2:172.21.15.38:51658/0 (socket says 172.21.15.38:51658)
2024-03-04T08:29:00.396 INFO:teuthology.orchestra.run.smithi038.stdout:/usr/bin/ceph: stderr
2024-03-04T08:28:59.498+0000 7f4cfa025700 1 -- 172.21.15.38:0/1014472546 learned_addr learned my addr 172.21.15.38:0/1014472546 (peer_addr_for_me v2:172.21.15.38:0/0)
2024-03-04T08:29:00.396 INFO:teuthology.orchestra.run.smithi038.stdout:/usr/bin/ceph: stderr
2024-03-04T08:28:59.498+0000 7f4cfa025700 1 -- 172.21.15.38:0/1014472546 --> [v2:172.21.15.38:3300/0,v1:172.21.15.38:6789/0] -- mon_subscribe({config=0+,monmap=0+}) v3 -- 0x7f4cf419bd00 con 0x7f4cf4108f90
2024-03-04T08:29:00.396 INFO:teuthology.orchestra.run.smithi038.stdout:/usr/bin/ceph: stderr
2024-03-04T08:28:59.498+0000 7f4cfa025700 1 --2- 172.21.15.38:0/1014472546 >> [v2:172.21.15.38:3300/0,v1:172.21.15.38:6789/0] conn(0x7f4cf4108f90 0x7f4cf419b7c0 secure :-1 s=READY pgs=60 cs=0 l=1 rev1=1 crypto rx=0x7f4cf0006b20 tx=0x7f4cf0011ad0 comp rx=0 tx=0).ready entity=mon.0 client_cookie=0 server_cookie=0 in_seq=0 out_seq=0
2024-03-04T08:29:00.396 INFO:teuthology.orchestra.run.smithi038.stdout:/usr/bin/ceph: stderr
2024-03-04T08:28:59.498+0000 7f4ce77fe700 1 -- 172.21.15.38:0/1014472546 <== mon.0 v2:172.21.15.38:3300/0 1 ==== mon_map magic: 0 v1 ==== 205+0+0 (secure 0 0 0) 0x7f4cf00039e0 con 0x7f4cf4108f90
2024-03-04T08:29:00.396 INFO:teuthology.orchestra.run.smithi038.stdout:/usr/bin/ceph: stderr
2024-03-04T08:28:59.498+0000 7f4ce77fe700 1 -- 172.21.15.38:0/1014472546 <== mon.0 v2:172.21.15.38:3300/0 2 ==== config(26 keys) v1 ==== 1102+0+0 (secure 0 0 0) 0x7f4cf001a8e0 con 0x7f4cf4108f90
2024-03-04T08:29:00.396 INFO:teuthology.orchestra.run.smithi038.stdout:/usr/bin/ceph: stderr
2024-03-04T08:28:59.498+0000 7f4cfc289700 1 -- 172.21.15.38:0/1014472546 --> [v2:172.21.15.38:3300/0,v1:172.21.15.38:6789/0] -- mon_subscribe({mgrmap=0+}) v3 -- 0x7f4cf419bff0 con 0x7f4cf4108f90
2024-03-04T08:29:00.396 INFO:teuthology.orchestra.run.smithi038.stdout:/usr/bin/ceph: stderr
2024-03-04T08:28:59.498+0000 7f4cfc289700 1 -- 172.21.15.38:0/1014472546 --> [v2:172.21.15.38:3300/0,v1:172.21.15.38:6789/0] -- mon_subscribe({osdmap=0}) v3 -- 0x7f4cf419ec80 con 0x7f4cf4108f90
2024-03-04T08:29:00.396 INFO:teuthology.orchestra.run.smithi038.stdout:/usr/bin/ceph: stderr
2024-03-04T08:28:59.498+0000 7f4ce77fe700 1 -- 172.21.15.38:0/1014472546 <== mon.0 v2:172.21.15.38:3300/0 3 ==== mon_map magic: 0 v1 ==== 205+0+0 (secure 0 0 0) 0x7f4cf00247e0 con 0x7f4cf4108f90
2024-03-04T08:29:00.396 INFO:teuthology.orchestra.run.smithi038.stdout:/usr/bin/ceph: stderr
2024-03-04T08:28:59.499+0000 7f4ce77fe700 1 -- 172.21.15.38:0/1014472546 <== mon.0 v2:172.21.15.38:3300/0 4 ==== mgrmap(e 9) v1 ==== 45941+0+0 (secure 0 0 0) 0x7f4cf0022020 con 0x7f4cf4108f90
2024-03-04T08:29:00.397 INFO:teuthology.orchestra.run.smithi038.stdout:/usr/bin/ceph: stderr
2024-03-04T08:28:59.499+0000 7f4cfc289700 1 -- 172.21.15.38:0/1014472546 --> [v2:172.21.15.38:3300/0,v1:172.21.15.38:6789/0] -- mon_command({"prefix": "get_command_descriptions"} v 0) v1 -- 0x7f4cf40636f0 con 0x7f4cf4108f90
2024-03-04T08:29:00.397 INFO:teuthology.orchestra.run.smithi038.stdout:/usr/bin/ceph: stderr
