2024-03-04T08:28:24.654+0000 7f0ef6ac1700 1 -- 172.21.15.38:0/427757244 >> [v2:172.21.15.38:3300/0,v1:172.21.15.38:6789/0] conn(0x7f0ef0107a10 msgr2=0x7f0ef0107e30 secure :-1 s=STATE_CONNECTION_ESTABLISHED l=1).mark_down
2024-03-04T08:28:25.339 INFO:teuthology.orchestra.run.smithi038.stdout:/usr/bin/ceph: stderr
2024-03-04T08:28:24.654+0000 7f0ef6ac1700 1 --2- 172.21.15.38:0/427757244 >> [v2:172.21.15.38:3300/0,v1:172.21.15.38:6789/0] conn(0x7f0ef0107a10 0x7f0ef0107e30 secure :-1 s=READY pgs=9 cs=0 l=1 rev1=1 crypto rx=0x7f0ee40098a0 tx=0x7f0ee4009bb0 comp rx=0 tx=0).stop
2024-03-04T08:28:25.339 INFO:teuthology.orchestra.run.smithi038.stdout:/usr/bin/ceph: stderr
2024-03-04T08:28:24.655+0000 7f0ef6ac1700 1 -- 172.21.15.38:0/427757244 shutdown_connections
2024-03-04T08:28:25.339 INFO:teuthology.orchestra.run.smithi038.stdout:/usr/bin/ceph: stderr
2024-03-04T08:28:24.655+0000 7f0ef6ac1700 1 --2- 172.21.15.38:0/427757244 >> [v2:172.21.15.38:3300/0,v1:172.21.15.38:6789/0] conn(0x7f0ef0107a10 0x7f0ef0107e30 unknown :-1 s=CLOSED pgs=9 cs=0 l=1 rev1=1 crypto rx=0 tx=0 comp rx=0 tx=0).stop
2024-03-04T08:28:25.339 INFO:teuthology.orchestra.run.smithi038.stdout:/usr/bin/ceph: stderr
2024-03-04T08:28:24.655+0000 7f0ef6ac1700 1 -- 172.21.15.38:0/427757244 >> 172.21.15.38:0/427757244 conn(0x7f0ef0102ff0 msgr2=0x7f0ef0105410 unknown :-1 s=STATE_NONE l=0).mark_down
2024-03-04T08:28:25.339 INFO:teuthology.orchestra.run.smithi038.stdout:/usr/bin/ceph: stderr
2024-03-04T08:28:24.655+0000 7f0ef6ac1700 1 -- 172.21.15.38:0/427757244 shutdown_connections
2024-03-04T08:28:25.339 INFO:teuthology.orchestra.run.smithi038.stdout:/usr/bin/ceph: stderr
2024-03-04T08:28:24.655+0000 7f0ef6ac1700 1 -- 172.21.15.38:0/427757244 wait complete.
2024-03-04T08:28:25.339 INFO:teuthology.orchestra.run.smithi038.stdout:/usr/bin/ceph: stderr
2024-03-04T08:28:24.655+0000 7f0ef6ac1700 1 Processor -- start
2024-03-04T08:28:25.339 INFO:teuthology.orchestra.run.smithi038.stdout:/usr/bin/ceph: stderr
2024-03-04T08:28:24.655+0000 7f0ef6ac1700 1 -- start start
2024-03-04T08:28:25.339 INFO:teuthology.orchestra.run.smithi038.stdout:/usr/bin/ceph: stderr
2024-03-04T08:28:24.655+0000 7f0ef6ac1700 1 --2- >> [v2:172.21.15.38:3300/0,v1:172.21.15.38:6789/0] conn(0x7f0ef0107a10 0x7f0ef007dae0 unknown :-1 s=NONE pgs=0 cs=0 l=1 rev1=0 crypto rx=0 tx=0 comp rx=0 tx=0).connect
2024-03-04T08:28:25.339 INFO:teuthology.orchestra.run.smithi038.stdout:/usr/bin/ceph: stderr
2024-03-04T08:28:24.655+0000 7f0ef6ac1700 1 -- --> [v2:172.21.15.38:3300/0,v1:172.21.15.38:6789/0] -- mon_getmap magic: 0 v1 -- 0x7f0ef010bdf0 con 0x7f0ef0107a10
2024-03-04T08:28:25.339 INFO:teuthology.orchestra.run.smithi038.stdout:/usr/bin/ceph: stderr
2024-03-04T08:28:24.656+0000 7f0ef485d700 1 --2- >> [v2:172.21.15.38:3300/0,v1:172.21.15.38:6789/0] conn(0x7f0ef0107a10 0x7f0ef007dae0 unknown :-1 s=BANNER_CONNECTING pgs=0 cs=0 l=1 rev1=0 crypto rx=0 tx=0 comp rx=0 tx=0)._handle_peer_banner_payload supported=3 required=0
2024-03-04T08:28:25.339 INFO:teuthology.orchestra.run.smithi038.stdout:/usr/bin/ceph: stderr
2024-03-04T08:28:24.656+0000 7f0ef485d700 1 --2- >> [v2:172.21.15.38:3300/0,v1:172.21.15.38:6789/0] conn(0x7f0ef0107a10 0x7f0ef007dae0 unknown :-1 s=HELLO_CONNECTING pgs=0 cs=0 l=1 rev1=1 crypto rx=0 tx=0 comp rx=0 tx=0).handle_hello peer v2:172.21.15.38:3300/0 says I am v2:172.21.15.38:37676/0 (socket says 172.21.15.38:37676)
2024-03-04T08:28:25.339 INFO:teuthology.orchestra.run.smithi038.stdout:/usr/bin/ceph: stderr
2024-03-04T08:28:24.656+0000 7f0ef485d700 1 -- 172.21.15.38:0/662463464 learned_addr learned my addr 172.21.15.38:0/662463464 (peer_addr_for_me v2:172.21.15.38:0/0)
2024-03-04T08:28:25.340 INFO:teuthology.orchestra.run.smithi038.stdout:/usr/bin/ceph: stderr
2024-03-04T08:28:24.656+0000 7f0ef485d700 1 -- 172.21.15.38:0/662463464 --> [v2:172.21.15.38:3300/0,v1:172.21.15.38:6789/0] -- mon_subscribe({config=0+,monmap=0+}) v3 -- 0x7f0ef007e020 con 0x7f0ef0107a10
2024-03-04T08:28:25.340 INFO:teuthology.orchestra.run.smithi038.stdout:/usr/bin/ceph: stderr
2024-03-04T08:28:24.656+0000 7f0ef485d700 1 --2- 172.21.15.38:0/662463464 >> [v2:172.21.15.38:3300/0,v1:172.21.15.38:6789/0] conn(0x7f0ef0107a10 0x7f0ef007dae0 secure :-1 s=READY pgs=10 cs=0 l=1 rev1=1 crypto rx=0x7f0ee4000c00 tx=0x7f0ee4011b00 comp rx=0 tx=0).ready entity=mon.0 client_cookie=0 server_cookie=0 in_seq=0 out_seq=0
2024-03-04T08:28:25.340 INFO:teuthology.orchestra.run.smithi038.stdout:/usr/bin/ceph: stderr
2024-03-04T08:28:24.656+0000 7f0eedffb700 1 -- 172.21.15.38:0/662463464 <== mon.0 v2:172.21.15.38:3300/0 1 ==== mon_map magic: 0 v1 ==== 205+0+0 (secure 0 0 0) 0x7f0ee40039f0 con 0x7f0ef0107a10
2024-03-04T08:28:25.340 INFO:teuthology.orchestra.run.smithi038.stdout:/usr/bin/ceph: stderr
2024-03-04T08:28:24.656+0000 7f0ef6ac1700 1 -- 172.21.15.38:0/662463464 --> [v2:172.21.15.38:3300/0,v1:172.21.15.38:6789/0] -- mon_subscribe({mgrmap=0+}) v3 -- 0x7f0ef007c260 con 0x7f0ef0107a10
2024-03-04T08:28:25.340 INFO:teuthology.orchestra.run.smithi038.stdout:/usr/bin/ceph: stderr
2024-03-04T08:28:24.656+0000 7f0eedffb700 1 -- 172.21.15.38:0/662463464 <== mon.0 v2:172.21.15.38:3300/0 2 ==== config(26 keys) v1 ==== 1071+0+0 (secure 0 0 0) 0x7f0ee4003b90 con 0x7f0ef0107a10
2024-03-04T08:28:25.340 INFO:teuthology.orchestra.run.smithi038.stdout:/usr/bin/ceph: stderr
2024-03-04T08:28:24.656+0000 7f0eedffb700 1 -- 172.21.15.38:0/662463464 <== mon.0 v2:172.21.15.38:3300/0 3 ==== mon_map magic: 0 v1 ==== 205+0+0 (secure 0 0 0) 0x7f0ee401a740 con 0x7f0ef0107a10
2024-03-04T08:28:25.340 INFO:teuthology.orchestra.run.smithi038.stdout:/usr/bin/ceph: stderr
2024-03-04T08:28:24.656+0000 7f0ef6ac1700 1 -- 172.21.15.38:0/662463464 --> [v2:172.21.15.38:3300/0,v1:172.21.15.38:6789/0] -- mon_subscribe({osdmap=0}) v3 -- 0x7f0ef007c740 con 0x7f0ef0107a10
2024-03-04T08:28:25.340 INFO:teuthology.orchestra.run.smithi038.stdout:/usr/bin/ceph: stderr
2024-03-04T08:28:24.657+0000 7f0eedffb700 1 -- 172.21.15.38:0/662463464 <== mon.0 v2:172.21.15.38:3300/0 4 ==== mgrmap(e 1) v1 ==== 807+0+0 (secure 0 0 0) 0x7f0ee402d3f0 con 0x7f0ef0107a10
2024-03-04T08:28:25.340 INFO:teuthology.orchestra.run.smithi038.stdout:/usr/bin/ceph: stderr
2024-03-04T08:28:24.657+0000 7f0eedffb700 1 -- 172.21.15.38:0/662463464 <== mon.0 v2:172.21.15.38:3300/0 5 ==== osd_map(1..1 src has 1..1) v4 ==== 725+0+0 (secure 0 0 0) 0x7f0ee4019700 con 0x7f0ef0107a10
2024-03-04T08:28:25.340 INFO:teuthology.orchestra.run.smithi038.stdout:/usr/bin/ceph: stderr
2024-03-04T08:28:24.657+0000 7f0ef6ac1700 1 -- 172.21.15.38:0/662463464 --> [v2:172.21.15.38:3300/0,v1:172.21.15.38:6789/0] -- mon_command({"prefix": "get_command_descriptions"} v 0) v1 -- 0x7f0ef010bf70 con 0x7f0ef0107a10
2024-03-04T08:28:25.340 INFO:teuthology.orchestra.run.smithi038.stdout:/usr/bin/ceph: stderr
2024-03-04T08:28:24.661+0000 7f0eedffb700 1 -- 172.21.15.38:0/662463464 <== mon.0 v2:172.21.15.38:3300/0 6 ==== mon_command_ack([{"prefix": "get_command_descriptions"}]=0 v0) v1 ==== 72+0+73141 (secure 0 0 0) 0x7f0ee4024af0 con 0x7f0ef0107a10
2024-03-04T08:28:25.340 INFO:teuthology.orchestra.run.smithi038.stdout:/usr/bin/ceph: stderr
2024-03-04T08:28:24.735+0000 7f0ef6ac1700 1 -- 172.21.15.38:0/662463464 --> [v2:172.21.15.38:3300/0,v1:172.21.15.38:6789/0] -- mon_command({"prefix": "status", "format": "json-pretty"} v 0) v1 -- 0x7f0ef007ce80 con 0x7f0ef0107a10
2024-03-04T08:28:25.340 INFO:teuthology.orchestra.run.smithi038.stdout:/usr/bin/ceph: stderr
2024-03-04T08:28:24.735+0000 7f0eedffb700 1 -- 172.21.15.38:0/662463464 <== mon.0 v2:172.21.15.38:3300/0 7 ==== mon_command_ack([{"prefix": "status", "format": "json-pretty"}]=0 v0) v1 ==== 79+0+1239 (secure 0 0 0) 0x7f0ee40199a0 con 0x7f0ef0107a10
2024-03-04T08:28:25.340 INFO:teuthology.orchestra.run.smithi038.stdout:/usr/bin/ceph: stderr
2024-03-04T08:28:24.736+0000 7f0ef6ac1700 1 -- 172.21.15.38:0/662463464 >> [v2:172.21.15.38:3300/0,v1:172.21.15.38:6789/0] conn(0x7f0ef0107a10 msgr2=0x7f0ef007dae0 secure :-1 s=STATE_CONNECTION_ESTABLISHED l=1).mark_down
2024-03-04T08:28:25.341 INFO:teuthology.orchestra.run.smithi038.stdout:/usr/bin/ceph: stderr
2024-03-04T08:28:24.736+0000 7f0ef6ac1700 1 --2- 172.21.15.38:0/662463464 >> [v2:172.21.15.38:3300/0,v1:172.21.15.38:6789/0] conn(0x7f0ef0107a10 0x7f0ef007dae0 secure :-1 s=READY pgs=10 cs=0 l=1 rev1=1 crypto rx=0x7f0ee4000c00 tx=0x7f0ee4011b00 comp rx=0 tx=0).stop
2024-03-04T08:28:25.341 INFO:teuthology.orchestra.run.smithi038.stdout:/usr/bin/ceph: stderr
2024-03-04T08:28:24.737+0000 7f0ef6ac1700 1 -- 172.21.15.38:0/662463464 shutdown_connections
2024-03-04T08:28:25.341 INFO:teuthology.orchestra.run.smithi038.stdout:/usr/bin/ceph: stderr
2024-03-04T08:28:24.737+0000 7f0ef6ac1700 1 --2- 172.21.15.38:0/662463464 >> [v2:172.21.15.38:3300/0,v1:172.21.15.38:6789/0] conn(0x7f0ef0107a10 0x7f0ef007dae0 unknown :-1 s=CLOSED pgs=10 cs=0 l=1 rev1=1 crypto rx=0 tx=0 comp rx=0 tx=0).stop
2024-03-04T08:28:25.341 INFO:teuthology.orchestra.run.smithi038.stdout:/usr/bin/ceph: stderr
2024-03-04T08:28:24.737+0000 7f0ef6ac1700 1 -- 172.21.15.38:0/662463464 >> 172.21.15.38:0/662463464 conn(0x7f0ef0102ff0 msgr2=0x7f0ef0103af0 unknown :-1 s=STATE_NONE l=0).mark_down
2024-03-04T08:28:25.341 INFO:teuthology.orchestra.run.smithi038.stdout:/usr/bin/ceph: stderr
2024-03-04T08:28:24.737+0000 7f0ef6ac1700 1 -- 172.21.15.38:0/662463464 shutdown_connections
2024-03-04T08:28:25.341 INFO:teuthology.orchestra.run.smithi038.stdout:/usr/bin/ceph: stderr
2024-03-04T08:28:24.737+0000 7f0ef6ac1700 1 -- 172.21.15.38:0/662463464 wait complete.
2024-03-04T08:28:25.341 INFO:teuthology.orchestra.run.smithi038.stdout:mgr not available, waiting (3/15)...
2024-03-04T08:28:26.063 INFO:journalctl@ceph.mon.a.smithi038.stdout:Mar 04 08:28:25 smithi038 ceph-mon[32696]: Activating manager daemon x
2024-03-04T08:28:26.064 INFO:journalctl@ceph.mon.a.smithi038.stdout:Mar 04 08:28:25 smithi038 ceph-mon[32696]: mgrmap e2: x(active, starting, since 0.00311582s)
2024-03-04T08:28:26.064 INFO:journalctl@ceph.mon.a.smithi038.stdout:Mar 04 08:28:25 smithi038 ceph-mon[32696]: from='mgr.14100 172.21.15.38:0/1783525573' entity='mgr.x' cmd=[{"prefix": "mds metadata"}]: dispatch
2024-03-04T08:28:26.064 INFO:journalctl@ceph.mon.a.smithi038.stdout:Mar 04 08:28:25 smithi038 ceph-mon[32696]: from='mgr.14100 172.21.15.38:0/1783525573' entity='mgr.x' cmd=[{"prefix": "osd metadata"}]: dispatch
2024-03-04T08:28:26.064 INFO:journalctl@ceph.mon.a.smithi038.stdout:Mar 04 08:28:25 smithi038 ceph-mon[32696]: from='mgr.14100 172.21.15.38:0/1783525573' entity='mgr.x' cmd=[{"prefix": "mon metadata"}]: dispatch
2024-03-04T08:28:26.064 INFO:journalctl@ceph.mon.a.smithi038.stdout:Mar 04 08:28:25 smithi038 ceph-mon[32696]: from='mgr.14100 172.21.15.38:0/1783525573' entity='mgr.x' cmd=[{"prefix": "mon metadata", "id": "a"}]: dispatch
2024-03-04T08:28:26.064 INFO:journalctl@ceph.mon.a.smithi038.stdout:Mar 04 08:28:25 smithi038 ceph-mon[32696]: from='mgr.14100 172.21.15.38:0/1783525573' entity='mgr.x' cmd=[{"prefix": "mgr metadata", "who": "x", "id": "x"}]: dispatch
2024-03-04T08:28:26.064 INFO:journalctl@ceph.mon.a.smithi038.stdout:Mar 04 08:28:25 smithi038 ceph-mon[32696]: Manager daemon x is now available
2024-03-04T08:28:26.064 INFO:journalctl@ceph.mon.a.smithi038.stdout:Mar 04 08:28:25 smithi038 ceph-mon[32696]: from='mgr.14100 172.21.15.38:0/1783525573' entity='mgr.x' cmd=[{"prefix":"config rm","who":"mgr","name":"mgr/rbd_support/x/mirror_snapshot_schedule"}]: dispatch
2024-03-04T08:28:26.064 INFO:journalctl@ceph.mon.a.smithi038.stdout:Mar 04 08:28:25 smithi038 ceph-mon[32696]: from='mgr.14100 172.21.15.38:0/1783525573' entity='mgr.x' cmd=[{"prefix":"config rm","who":"mgr","name":"mgr/rbd_support/x/trash_purge_schedule"}]: dispatch
2024-03-04T08:28:26.064 INFO:journalctl@ceph.mon.a.smithi038.stdout:Mar 04 08:28:25 smithi038 ceph-mon[32696]: from='mgr.14100 172.21.15.38:0/1783525573' entity='mgr.x'
2024-03-04T08:28:26.064 INFO:journalctl@ceph.mon.a.smithi038.stdout:Mar 04 08:28:25 smithi038 ceph-mon[32696]: from='mgr.14100 172.21.15.38:0/1783525573' entity='mgr.x'
2024-03-04T08:28:26.064 INFO:journalctl@ceph.mon.a.smithi038.stdout:Mar 04 08:28:25 smithi038 ceph-mon[32696]: from='mgr.14100 172.21.15.38:0/1783525573' entity='mgr.x'
2024-03-04T08:28:27.439 INFO:journalctl@ceph.mon.a.smithi038.stdout:Mar 04 08:28:27 smithi038 ceph-mon[32696]: mgrmap e3: x(active, since 1.01179s)
2024-03-04T08:28:28.301 INFO:journalctl@ceph.mon.a.smithi038.stdout:Mar 04 08:28:28 smithi038 ceph-mon[32696]: mgrmap e4: x(active, since 2s)
2024-03-04T08:28:28.301 INFO:journalctl@ceph.mon.a.smithi038.stdout:Mar 04 08:28:28 smithi038 ceph-mon[32696]: from='client.? 172.21.15.38:0/4123398069' entity='client.admin' cmd=[{"prefix": "status", "format": "json-pretty"}]: dispatch
2024-03-04T08:28:28.557 INFO:teuthology.orchestra.run.smithi038.stdout:/usr/bin/ceph: stdout
2024-03-04T08:28:28.557 INFO:teuthology.orchestra.run.smithi038.stdout:/usr/bin/ceph: stdout {
2024-03-04T08:28:28.557 INFO:teuthology.orchestra.run.smithi038.stdout:/usr/bin/ceph: stdout "fsid": "f9056288-da00-11ee-95c6-87774f69a715",
2024-03-04T08:28:28.557 INFO:teuthology.orchestra.run.smithi038.stdout:/usr/bin/ceph: stdout "health": {
2024-03-04T08:28:28.557 INFO:teuthology.orchestra.run.smithi038.stdout:/usr/bin/ceph: stdout "status": "HEALTH_OK",
2024-03-04T08:28:28.557 INFO:teuthology.orchestra.run.smithi038.stdout:/usr/bin/ceph: stdout "checks": {},
2024-03-04T08:28:28.557 INFO:teuthology.orchestra.run.smithi038.stdout:/usr/bin/ceph: stdout "mutes": []
2024-03-04T08:28:28.557 INFO:teuthology.orchestra.run.smithi038.stdout:/usr/bin/ceph: stdout },
2024-03-04T08:28:28.557 INFO:teuthology.orchestra.run.smithi038.stdout:/usr/bin/ceph: stdout "election_epoch": 5,
2024-03-04T08:28:28.557 INFO:teuthology.orchestra.run.smithi038.stdout:/usr/bin/ceph: stdout "quorum": [
2024-03-04T08:28:28.558 INFO:teuthology.orchestra.run.smithi038.stdout:/usr/bin/ceph: stdout 0
2024-03-04T08:28:28.558 INFO:teuthology.orchestra.run.smithi038.stdout:/usr/bin/ceph: stdout ],
2024-03-04T08:28:28.558 INFO:teuthology.orchestra.run.smithi038.stdout:/usr/bin/ceph: stdout "quorum_names": [
2024-03-04T08:28:28.558 INFO:teuthology.orchestra.run.smithi038.stdout:/usr/bin/ceph: stdout "a"
2024-03-04T08:28:28.558 INFO:teuthology.orchestra.run.smithi038.stdout:/usr/bin/ceph: stdout ],
2024-03-04T08:28:28.558 INFO:teuthology.orchestra.run.smithi038.stdout:/usr/bin/ceph: stdout "quorum_age": 12,
2024-03-04T08:28:28.558 INFO:teuthology.orchestra.run.smithi038.stdout:/usr/bin/ceph: stdout "monmap": {
2024-03-04T08:28:28.558 INFO:teuthology.orchestra.run.smithi038.stdout:/usr/bin/ceph: stdout "epoch": 1,
2024-03-04T08:28:28.558 INFO:teuthology.orchestra.run.smithi038.stdout:/usr/bin/ceph: stdout "min_mon_release_name": "squid",
2024-03-04T08:28:28.558 INFO:teuthology.orchestra.run.smithi038.stdout:/usr/bin/ceph: stdout "num_mons": 1
2024-03-04T08:28:28.558 INFO:teuthology.orchestra.run.smithi038.stdout:/usr/bin/ceph: stdout },
2024-03-04T08:28:28.558 INFO:teuthology.orchestra.run.smithi038.stdout:/usr/bin/ceph: stdout "osdmap": {
2024-03-04T08:28:28.558 INFO:teuthology.orchestra.run.smithi038.stdout:/usr/bin/ceph: stdout "epoch": 1,
2024-03-04T08:28:28.558 INFO:teuthology.orchestra.run.smithi038.stdout:/usr/bin/ceph: stdout "num_osds": 0,
2024-03-04T08:28:28.558 INFO:teuthology.orchestra.run.smithi038.stdout:/usr/bin/ceph: stdout "num_up_osds": 0,
2024-03-04T08:28:28.559 INFO:teuthology.orchestra.run.smithi038.stdout:/usr/bin/ceph: stdout "osd_up_since": 0,
2024-03-04T08:28:28.559 INFO:teuthology.orchestra.run.smithi038.stdout:/usr/bin/ceph: stdout "num_in_osds": 0,
2024-03-04T08:28:28.559 INFO:teuthology.orchestra.run.smithi038.stdout:/usr/bin/ceph: stdout "osd_in_since": 0,
2024-03-04T08:28:28.559 INFO:teuthology.orchestra.run.smithi038.stdout:/usr/bin/ceph: stdout "num_remapped_pgs": 0
2024-03-04T08:28:28.559 INFO:teuthology.orchestra.run.smithi038.stdout:/usr/bin/ceph: stdout },
2024-03-04T08:28:28.559 INFO:teuthology.orchestra.run.smithi038.stdout:/usr/bin/ceph: stdout "pgmap": {
2024-03-04T08:28:28.559 INFO:teuthology.orchestra.run.smithi038.stdout:/usr/bin/ceph: stdout "pgs_by_state": [],
2024-03-04T08:28:28.559 INFO:teuthology.orchestra.run.smithi038.stdout:/usr/bin/ceph: stdout "num_pgs": 0,
2024-03-04T08:28:28.559 INFO:teuthology.orchestra.run.smithi038.stdout:/usr/bin/ceph: stdout "num_pools": 0,
2024-03-04T08:28:28.559 INFO:teuthology.orchestra.run.smithi038.stdout:/usr/bin/ceph: stdout "num_objects": 0,
2024-03-04T08:28:28.559 INFO:teuthology.orchestra.run.smithi038.stdout:/usr/bin/ceph: stdout "data_bytes": 0,
2024-03-04T08:28:28.559 INFO:teuthology.orchestra.run.smithi038.stdout:/usr/bin/ceph: stdout "bytes_used": 0,
2024-03-04T08:28:28.559 INFO:teuthology.orchestra.run.smithi038.stdout:/usr/bin/ceph: stdout "bytes_avail": 0,
2024-03-04T08:28:28.559 INFO:teuthology.orchestra.run.smithi038.stdout:/usr/bin/ceph: stdout "bytes_total": 0
2024-03-04T08:28:28.560 INFO:teuthology.orchestra.run.smithi038.stdout:/usr/bin/ceph: stdout },
2024-03-04T08:28:28.560 INFO:teuthology.orchestra.run.smithi038.stdout:/usr/bin/ceph: stdout "fsmap": {
2024-03-04T08:28:28.560 INFO:teuthology.orchestra.run.smithi038.stdout:/usr/bin/ceph: stdout "epoch": 1,
2024-03-04T08:28:28.560 INFO:teuthology.orchestra.run.smithi038.stdout:/usr/bin/ceph: stdout "by_rank": [],
2024-03-04T08:28:28.560 INFO:teuthology.orchestra.run.smithi038.stdout:/usr/bin/ceph: stdout "up:standby": 0
2024-03-04T08:28:28.560 INFO:teuthology.orchestra.run.smithi038.stdout:/usr/bin/ceph: stdout },
2024-03-04T08:28:28.560 INFO:teuthology.orchestra.run.smithi038.stdout:/usr/bin/ceph: stdout "mgrmap": {
2024-03-04T08:28:28.560 INFO:teuthology.orchestra.run.smithi038.stdout:/usr/bin/ceph: stdout "available": true,
2024-03-04T08:28:28.560 INFO:teuthology.orchestra.run.smithi038.stdout:/usr/bin/ceph: stdout "num_standbys": 0,
2024-03-04T08:28:28.560 INFO:teuthology.orchestra.run.smithi038.stdout:/usr/bin/ceph: stdout "modules": [
2024-03-04T08:28:28.560 INFO:teuthology.orchestra.run.smithi038.stdout:/usr/bin/ceph: stdout "iostat",
2024-03-04T08:28:28.560 INFO:teuthology.orchestra.run.smithi038.stdout:/usr/bin/ceph: stdout "nfs",
2024-03-04T08:28:28.560 INFO:teuthology.orchestra.run.smithi038.stdout:/usr/bin/ceph: stdout "restful"
2024-03-04T08:28:28.560 INFO:teuthology.orchestra.run.smithi038.stdout:/usr/bin/ceph: stdout ],
2024-03-04T08:28:28.561 INFO:teuthology.orchestra.run.smithi038.stdout:/usr/bin/ceph: stdout "services": {}
2024-03-04T08:28:28.561 INFO:teuthology.orchestra.run.smithi038.stdout:/usr/bin/ceph: stdout },
2024-03-04T08:28:28.561 INFO:teuthology.orchestra.run.smithi038.stdout:/usr/bin/ceph: stdout "servicemap": {
2024-03-04T08:28:28.561 INFO:teuthology.orchestra.run.smithi038.stdout:/usr/bin/ceph: stdout "epoch": 1,
2024-03-04T08:28:28.561 INFO:teuthology.orchestra.run.smithi038.stdout:/usr/bin/ceph: stdout "modified": "2024-03-04T08:28:10.969848+0000",
2024-03-04T08:28:28.561 INFO:teuthology.orchestra.run.smithi038.stdout:/usr/bin/ceph: stdout "services": {}
2024-03-04T08:28:28.561 INFO:teuthology.orchestra.run.smithi038.stdout:/usr/bin/ceph: stdout },
2024-03-04T08:28:28.561 INFO:teuthology.orchestra.run.smithi038.stdout:/usr/bin/ceph: stdout "progress_events": {}
2024-03-04T08:28:28.561 INFO:teuthology.orchestra.run.smithi038.stdout:/usr/bin/ceph: stdout }
2024-03-04T08:28:28.561 INFO:teuthology.orchestra.run.smithi038.stdout:/usr/bin/ceph: stderr
2024-03-04T08:28:27.707+0000 7fd767182700 1 Processor -- start
2024-03-04T08:28:28.561 INFO:teuthology.orchestra.run.smithi038.stdout:/usr/bin/ceph: stderr
2024-03-04T08:28:27.708+0000 7fd767182700 1 -- start start
2024-03-04T08:28:28.561 INFO:teuthology.orchestra.run.smithi038.stdout:/usr/bin/ceph: stderr
2024-03-04T08:28:27.708+0000 7fd767182700 1 --2- >> [v2:172.21.15.38:3300/0,v1:172.21.15.38:6789/0] conn(0x7fd7601079f0 0x7fd760107e10 unknown :-1 s=NONE pgs=0 cs=0 l=0 rev1=0 crypto rx=0 tx=0 comp rx=0 tx=0).connect
2024-03-04T08:28:28.561 INFO:teuthology.orchestra.run.smithi038.stdout:/usr/bin/ceph: stderr
2024-03-04T08:28:27.708+0000 7fd767182700 1 -- --> [v2:172.21.15.38:3300/0,v1:172.21.15.38:6789/0] -- mon_getmap magic: 0 v1 -- 0x7fd7601083e0 con 0x7fd7601079f0
2024-03-04T08:28:28.561 INFO:teuthology.orchestra.run.smithi038.stdout:/usr/bin/ceph: stderr
2024-03-04T08:28:27.708+0000 7fd764f1e700 1 --2- >> [v2:172.21.15.38:3300/0,v1:172.21.15.38:6789/0] conn(0x7fd7601079f0 0x7fd760107e10 unknown :-1 s=BANNER_CONNECTING pgs=0 cs=0 l=0 rev1=0 crypto rx=0 tx=0 comp rx=0 tx=0)._handle_peer_banner_payload supported=3 required=0
2024-03-04T08:28:28.561 INFO:teuthology.orchestra.run.smithi038.stdout:/usr/bin/ceph: stderr
2024-03-04T08:28:27.708+0000 7fd764f1e700 1 --2- >> [v2:172.21.15.38:3300/0,v1:172.21.15.38:6789/0] conn(0x7fd7601079f0 0x7fd760107e10 unknown :-1 s=HELLO_CONNECTING pgs=0 cs=0 l=0 rev1=1 crypto rx=0 tx=0 comp rx=0 tx=0).handle_hello peer v2:172.21.15.38:3300/0 says I am v2:172.21.15.38:41352/0 (socket says 172.21.15.38:41352)
2024-03-04T08:28:28.562 INFO:teuthology.orchestra.run.smithi038.stdout:/usr/bin/ceph: stderr
2024-03-04T08:28:27.708+0000 7fd764f1e700 1 -- 172.21.15.38:0/3498710290 learned_addr learned my addr 172.21.15.38:0/3498710290 (peer_addr_for_me v2:172.21.15.38:0/0)
2024-03-04T08:28:28.562 INFO:teuthology.orchestra.run.smithi038.stdout:/usr/bin/ceph: stderr
2024-03-04T08:28:27.708+0000 7fd764f1e700 1 -- 172.21.15.38:0/3498710290 --> [v2:172.21.15.38:3300/0,v1:172.21.15.38:6789/0] -- mon_subscribe({config=0+,monmap=0+}) v3 -- 0x7fd760108bf0 con 0x7fd7601079f0
2024-03-04T08:28:28.562 INFO:teuthology.orchestra.run.smithi038.stdout:/usr/bin/ceph: stderr
2024-03-04T08:28:27.709+0000 7fd764f1e700 1 --2- 172.21.15.38:0/3498710290 >> [v2:172.21.15.38:3300/0,v1:172.21.15.38:6789/0] conn(0x7fd7601079f0 0x7fd760107e10 secure :-1 s=READY pgs=18 cs=0 l=1 rev1=1 crypto rx=0x7fd7540098a0 tx=0x7fd754009bb0 comp rx=0 tx=0).ready entity=mon.0 client_cookie=22c125eee23ea963 server_cookie=0 in_seq=0 out_seq=0
2024-03-04T08:28:28.562 INFO:teuthology.orchestra.run.smithi038.stdout:/usr/bin/ceph: stderr
2024-03-04T08:28:27.709+0000 7fd75f7fe700 1 -- 172.21.15.38:0/3498710290 <== mon.0 v2:172.21.15.38:3300/0 1 ==== mon_map magic: 0 v1 ==== 205+0+0 (secure 0 0 0) 0x7fd754004160 con 0x7fd7601079f0
2024-03-04T08:28:28.562 INFO:teuthology.orchestra.run.smithi038.stdout:/usr/bin/ceph: stderr
2024-03-04T08:28:27.709+0000 7fd75f7fe700 1 -- 172.21.15.38:0/3498710290 <== mon.0 v2:172.21.15.38:3300/0 2 ==== config(26 keys) v1 ==== 1071+0+0 (secure 0 0 0) 0x7fd754004300 con 0x7fd7601079f0
2024-03-04T08:28:28.562 INFO:teuthology.orchestra.run.smithi038.stdout:/usr/bin/ceph: stderr
2024-03-04T08:28:27.709+0000 7fd75f7fe700 1 -- 172.21.15.38:0/3498710290 <== mon.0 v2:172.21.15.38:3300/0 3 ==== mon_map magic: 0 v1 ==== 205+0+0 (secure 0 0 0) 0x7fd754011a80 con 0x7fd7601079f0
2024-03-04T08:28:28.562 INFO:teuthology.orchestra.run.smithi038.stdout:/usr/bin/ceph: stderr
2024-03-04T08:28:27.709+0000 7fd767182700 1 -- 172.21.15.38:0/3498710290 >> [v2:172.21.15.38:3300/0,v1:172.21.15.38:6789/0] conn(0x7fd7601079f0 msgr2=0x7fd760107e10 secure :-1 s=STATE_CONNECTION_ESTABLISHED l=1).mark_down
2024-03-04T08:28:28.562 INFO:teuthology.orchestra.run.smithi038.stdout:/usr/bin/ceph: stderr
2024-03-04T08:28:27.709+0000 7fd767182700 1 --2- 172.21.15.38:0/3498710290 >> [v2:172.21.15.38:3300/0,v1:172.21.15.38:6789/0] conn(0x7fd7601079f0 0x7fd760107e10 secure :-1 s=READY pgs=18 cs=0 l=1 rev1=1 crypto rx=0x7fd7540098a0 tx=0x7fd754009bb0 comp rx=0 tx=0).stop
2024-03-04T08:28:28.562 INFO:teuthology.orchestra.run.smithi038.stdout:/usr/bin/ceph: stderr
2024-03-04T08:28:27.709+0000 7fd767182700 1 -- 172.21.15.38:0/3498710290 shutdown_connections
2024-03-04T08:28:28.562 INFO:teuthology.orchestra.run.smithi038.stdout:/usr/bin/ceph: stderr
2024-03-04T08:28:27.709+0000 7fd767182700 1 --2- 172.21.15.38:0/3498710290 >> [v2:172.21.15.38:3300/0,v1:172.21.15.38:6789/0] conn(0x7fd7601079f0 0x7fd760107e10 unknown :-1 s=CLOSED pgs=18 cs=0 l=1 rev1=1 crypto rx=0 tx=0 comp rx=0 tx=0).stop
2024-03-04T08:28:28.562 INFO:teuthology.orchestra.run.smithi038.stdout:/usr/bin/ceph: stderr
2024-03-04T08:28:27.709+0000 7fd767182700 1 -- 172.21.15.38:0/3498710290 >> 172.21.15.38:0/3498710290 conn(0x7fd760102fb0 msgr2=0x7fd7601053d0 unknown :-1 s=STATE_NONE l=0).mark_down
2024-03-04T08:28:28.562 INFO:teuthology.orchestra.run.smithi038.stdout:/usr/bin/ceph: stderr
2024-03-04T08:28:27.709+0000 7fd767182700 1 -- 172.21.15.38:0/3498710290 shutdown_connections
2024-03-04T08:28:28.562 INFO:teuthology.orchestra.run.smithi038.stdout:/usr/bin/ceph: stderr
2024-03-04T08:28:27.710+0000 7fd767182700 1 -- 172.21.15.38:0/3498710290 wait complete.
2024-03-04T08:28:28.562 INFO:teuthology.orchestra.run.smithi038.stdout:/usr/bin/ceph: stderr
2024-03-04T08:28:27.710+0000 7fd767182700 1 Processor -- start
2024-03-04T08:28:28.562 INFO:teuthology.orchestra.run.smithi038.stdout:/usr/bin/ceph: stderr
2024-03-04T08:28:27.710+0000 7fd767182700 1 -- start start
2024-03-04T08:28:28.563 INFO:teuthology.orchestra.run.smithi038.stdout:/usr/bin/ceph: stderr
2024-03-04T08:28:27.710+0000 7fd767182700 1 --2- >> [v2:172.21.15.38:3300/0,v1:172.21.15.38:6789/0] conn(0x7fd7601079f0 0x7fd76019b8c0 unknown :-1 s=NONE pgs=0 cs=0 l=1 rev1=0 crypto rx=0 tx=0 comp rx=0 tx=0).connect
2024-03-04T08:28:28.563 INFO:teuthology.orchestra.run.smithi038.stdout:/usr/bin/ceph: stderr
2024-03-04T08:28:27.710+0000 7fd767182700 1 -- --> [v2:172.21.15.38:3300/0,v1:172.21.15.38:6789/0] -- mon_getmap magic: 0 v1 -- 0x7fd76010be20 con 0x7fd7601079f0
2024-03-04T08:28:28.563 INFO:teuthology.orchestra.run.smithi038.stdout:/usr/bin/ceph: stderr
2024-03-04T08:28:27.710+0000 7fd764f1e700 1 --2- >> [v2:172.21.15.38:3300/0,v1:172.21.15.38:6789/0] conn(0x7fd7601079f0 0x7fd76019b8c0 unknown :-1 s=BANNER_CONNECTING pgs=0 cs=0 l=1 rev1=0 crypto rx=0 tx=0 comp rx=0 tx=0)._handle_peer_banner_payload supported=3 required=0
2024-03-04T08:28:28.563 INFO:teuthology.orchestra.run.smithi038.stdout:/usr/bin/ceph: stderr
2024-03-04T08:28:27.710+0000 7fd764f1e700 1 --2- >> [v2:172.21.15.38:3300/0,v1:172.21.15.38:6789/0] conn(0x7fd7601079f0 0x7fd76019b8c0 unknown :-1 s=HELLO_CONNECTING pgs=0 cs=0 l=1 rev1=1 crypto rx=0 tx=0 comp rx=0 tx=0).handle_hello peer v2:172.21.15.38:3300/0 says I am v2:172.21.15.38:41356/0 (socket says 172.21.15.38:41356)
2024-03-04T08:28:28.563 INFO:teuthology.orchestra.run.smithi038.stdout:/usr/bin/ceph: stderr
2024-03-04T08:28:27.710+0000 7fd764f1e700 1 -- 172.21.15.38:0/4123398069 learned_addr learned my addr 172.21.15.38:0/4123398069 (peer_addr_for_me v2:172.21.15.38:0/0)
2024-03-04T08:28:28.563 INFO:teuthology.orchestra.run.smithi038.stdout:/usr/bin/ceph: stderr
2024-03-04T08:28:27.711+0000 7fd764f1e700 1 -- 172.21.15.38:0/4123398069 --> [v2:172.21.15.38:3300/0,v1:172.21.15.38:6789/0] -- mon_subscribe({config=0+,monmap=0+}) v3 -- 0x7fd76019be00 con 0x7fd7601079f0
2024-03-04T08:28:28.563 INFO:teuthology.orchestra.run.smithi038.stdout:/usr/bin/ceph: stderr
2024-03-04T08:28:27.711+0000 7fd764f1e700 1 --2- 172.21.15.38:0/4123398069 >> [v2:172.21.15.38:3300/0,v1:172.21.15.38:6789/0] conn(0x7fd7601079f0 0x7fd76019b8c0 secure :-1 s=READY pgs=19 cs=0 l=1 rev1=1 crypto rx=0x7fd754006af0 tx=0x7fd754011c40 comp rx=0 tx=0).ready entity=mon.0 client_cookie=0 server_cookie=0 in_seq=0 out_seq=0
2024-03-04T08:28:28.563 INFO:teuthology.orchestra.run.smithi038.stdout:/usr/bin/ceph: stderr
2024-03-04T08:28:27.711+0000 7fd75dffb700 1 -- 172.21.15.38:0/4123398069 <== mon.0 v2:172.21.15.38:3300/0 1 ==== mon_map magic: 0 v1 ==== 205+0+0 (secure 0 0 0) 0x7fd7540039e0 con 0x7fd7601079f0
2024-03-04T08:28:28.563 INFO:teuthology.orchestra.run.smithi038.stdout:/usr/bin/ceph: stderr
2024-03-04T08:28:27.711+0000 7fd75dffb700 1 -- 172.21.15.38:0/4123398069 <== mon.0 v2:172.21.15.38:3300/0 2 ==== config(26 keys) v1 ==== 1071+0+0 (secure 0 0 0) 0x7fd754003b80 con 0x7fd7601079f0
2024-03-04T08:28:28.563 INFO:teuthology.orchestra.run.smithi038.stdout:/usr/bin/ceph: stderr
2024-03-04T08:28:27.711+0000 7fd767182700 1 -- 172.21.15.38:0/4123398069 --> [v2:172.21.15.38:3300/0,v1:172.21.15.38:6789/0] -- mon_subscribe({mgrmap=0+}) v3 -- 0x7fd76019c090 con 0x7fd7601079f0
2024-03-04T08:28:28.563 INFO:teuthology.orchestra.run.smithi038.stdout:/usr/bin/ceph: stderr
2024-03-04T08:28:27.711+0000 7fd75dffb700 1 -- 172.21.15.38:0/4123398069 <== mon.0 v2:172.21.15.38:3300/0 3 ==== mon_map magic: 0 v1 ==== 205+0+0 (secure 0 0 0) 0x7fd7540196a0 con 0x7fd7601079f0
2024-03-04T08:28:28.563 INFO:teuthology.orchestra.run.smithi038.stdout:/usr/bin/ceph: stderr
2024-03-04T08:28:27.711+0000 7fd767182700 1 -- 172.21.15.38:0/4123398069 --> [v2:172.21.15.38:3300/0,v1:172.21.15.38:6789/0] -- mon_subscribe({osdmap=0}) v3 -- 0x7fd76019ed80 con 0x7fd7601079f0
2024-03-04T08:28:28.563 INFO:teuthology.orchestra.run.smithi038.stdout:/usr/bin/ceph: stderr
2024-03-04T08:28:27.712+0000 7fd75dffb700 1 -- 172.21.15.38:0/4123398069 <== mon.0 v2:172.21.15.38:3300/0 4 ==== mgrmap(e 4) v1 ==== 45917+0+0 (secure 0 0 0) 0x7fd754019950 con 0x7fd7601079f0
2024-03-04T08:28:28.563 INFO:teuthology.orchestra.run.smithi038.stdout:/usr/bin/ceph: stderr
2024-03-04T08:28:27.712+0000 7fd767182700 1 -- 172.21.15.38:0/4123398069 --> [v2:172.21.15.38:3300/0,v1:172.21.15.38:6789/0] -- mon_command({"prefix": "get_command_descriptions"} v 0) v1 -- 0x7fd76010bfa0 con 0x7fd7601079f0
2024-03-04T08:28:28.564 INFO:teuthology.orchestra.run.smithi038.stdout:/usr/bin/ceph: stderr
2024-03-04T08:28:27.712+0000 7fd75dffb700 1 --2- 172.21.15.38:0/4123398069 >> [v2:172.21.15.38:6800/3969394806,v1:172.21.15.38:6801/3969394806] conn(0x7fd750038b50 0x7fd75003b010 unknown :-1 s=NONE pgs=0 cs=0 l=1 rev1=0 crypto rx=0 tx=0 comp rx=0 tx=0).connect
2024-03-04T08:28:28.564 INFO:teuthology.orchestra.run.smithi038.stdout:/usr/bin/ceph: stderr
2024-03-04T08:28:27.713+0000 7fd75dffb700 1 -- 172.21.15.38:0/4123398069 <== mon.0 v2:172.21.15.38:3300/0 5 ==== osd_map(1..1 src has 1..1) v4 ==== 725+0+0 (secure 0 0 0) 0x7fd75404cf10 con 0x7fd7601079f0
2024-03-04T08:28:28.564 INFO:teuthology.orchestra.run.smithi038.stdout:/usr/bin/ceph: stderr
2024-03-04T08:28:27.713+0000 7fd75ffff700 1 --2- 172.21.15.38:0/4123398069 >> [v2:172.21.15.38:6800/3969394806,v1:172.21.15.38:6801/3969394806] conn(0x7fd750038b50 0x7fd75003b010 unknown :-1 s=BANNER_CONNECTING pgs=0 cs=0 l=1 rev1=0 crypto rx=0 tx=0 comp rx=0 tx=0)._handle_peer_banner_payload supported=3 required=0
2024-03-04T08:28:28.564 INFO:teuthology.orchestra.run.smithi038.stdout:/usr/bin/ceph: stderr
2024-03-04T08:28:27.713+0000 7fd75ffff700 1 --2- 172.21.15.38:0/4123398069 >> [v2:172.21.15.38:6800/3969394806,v1:172.21.15.38:6801/3969394806] conn(0x7fd750038b50 0x7fd75003b010 secure :-1 s=READY pgs=6 cs=0 l=1 rev1=1 crypto rx=0x7fd74c006fd0 tx=0x7fd74c006e40 comp rx=0 tx=0).ready entity=mgr.14100 client_cookie=0 server_cookie=0 in_seq=0 out_seq=0
2024-03-04T08:28:28.564 INFO:teuthology.orchestra.run.smithi038.stdout:/usr/bin/ceph: stderr
2024-03-04T08:28:27.718+0000 7fd75dffb700 1 -- 172.21.15.38:0/4123398069 <== mon.0 v2:172.21.15.38:3300/0 6 ==== mon_command_ack([{"prefix": "get_command_descriptions"}]=0 v0) v1 ==== 72+0+184932 (secure 0 0 0) 0x7fd75404c930 con 0x7fd7601079f0
2024-03-04T08:28:28.564 INFO:teuthology.orchestra.run.smithi038.stdout:/usr/bin/ceph: stderr
2024-03-04T08:28:28.005+0000 7fd767182700 1 -- 172.21.15.38:0/4123398069 --> [v2:172.21.15.38:3300/0,v1:172.21.15.38:6789/0] -- mon_command({"prefix": "status", "format": "json-pretty"} v 0) v1 -- 0x7fd76019f3d0 con 0x7fd7601079f0
2024-03-04T08:28:28.564 INFO:teuthology.orchestra.run.smithi038.stdout:/usr/bin/ceph: stderr
2024-03-04T08:28:28.006+0000 7fd75dffb700 1 -- 172.21.15.38:0/4123398069 <== mon.0 v2:172.21.15.38:3300/0 7 ==== mon_command_ack([{"prefix": "status", "format": "json-pretty"}]=0 v0) v1 ==== 79+0+1239 (secure 0 0 0) 0x7fd75404f020 con 0x7fd7601079f0
2024-03-04T08:28:28.564 INFO:teuthology.orchestra.run.smithi038.stdout:/usr/bin/ceph: stderr
2024-03-04T08:28:28.008+0000 7fd767182700 1 -- 172.21.15.38:0/4123398069 >> [v2:172.21.15.38:6800/3969394806,v1:172.21.15.38:6801/3969394806] conn(0x7fd750038b50 msgr2=0x7fd75003b010 secure :-1 s=STATE_CONNECTION_ESTABLISHED l=1).mark_down
2024-03-04T08:28:28.564 INFO:teuthology.orchestra.run.smithi038.stdout:/usr/bin/ceph: stderr
2024-03-04T08:28:28.008+0000 7fd767182700 1 --2- 172.21.15.38:0/4123398069 >> [v2:172.21.15.38:6800/3969394806,v1:172.21.15.38:6801/3969394806] conn(0x7fd750038b50 0x7fd75003b010 secure :-1 s=READY pgs=6 cs=0 l=1 rev1=1 crypto rx=0x7fd74c006fd0 tx=0x7fd74c006e40 comp rx=0 tx=0).stop
2024-03-04T08:28:28.564 INFO:teuthology.orchestra.run.smithi038.stdout:/usr/bin/ceph: stderr
2024-03-04T08:28:28.008+0000 7fd767182700 1 -- 172.21.15.38:0/4123398069 >> [v2:172.21.15.38:3300/0,v1:172.21.15.38:6789/0] conn(0x7fd7601079f0 msgr2=0x7fd76019b8c0 secure :-1 s=STATE_CONNECTION_ESTABLISHED l=1).mark_down
2024-03-04T08:28:28.564 INFO:teuthology.orchestra.run.smithi038.stdout:/usr/bin/ceph: stderr
2024-03-04T08:28:28.008+0000 7fd767182700 1 --2- 172.21.15.38:0/4123398069 >> [v2:172.21.15.38:3300/0,v1:172.21.15.38:6789/0] conn(0x7fd7601079f0 0x7fd76019b8c0 secure :-1 s=READY pgs=19 cs=0 l=1 rev1=1 crypto rx=0x7fd754006af0 tx=0x7fd754011c40 comp rx=0 tx=0).stop
2024-03-04T08:28:28.564 INFO:teuthology.orchestra.run.smithi038.stdout:/usr/bin/ceph: stderr
2024-03-04T08:28:28.008+0000 7fd767182700 1 -- 172.21.15.38:0/4123398069 shutdown_connections
2024-03-04T08:28:28.564 INFO:teuthology.orchestra.run.smithi038.stdout:/usr/bin/ceph: stderr
2024-03-04T08:28:28.008+0000 7fd767182700 1 --2- 172.21.15.38:0/4123398069 >> [v2:172.21.15.38:6800/3969394806,v1:172.21.15.38:6801/3969394806] conn(0x7fd750038b50 0x7fd75003b010 unknown :-1 s=CLOSED pgs=6 cs=0 l=1 rev1=1 crypto rx=0 tx=0 comp rx=0 tx=0).stop
2024-03-04T08:28:28.565 INFO:teuthology.orchestra.run.smithi038.stdout:/usr/bin/ceph: stderr
2024-03-04T08:28:28.008+0000 7fd767182700 1 --2- 172.21.15.38:0/4123398069 >> [v2:172.21.15.38:3300/0,v1:172.21.15.38:6789/0] conn(0x7fd7601079f0 0x7fd76019b8c0 unknown :-1 s=CLOSED pgs=19 cs=0 l=1 rev1=1 crypto rx=0 tx=0 comp rx=0 tx=0).stop
2024-03-04T08:28:28.565 INFO:teuthology.orchestra.run.smithi038.stdout:/usr/bin/ceph: stderr
2024-03-04T08:28:28.008+0000 7fd767182700 1 -- 172.21.15.38:0/4123398069 >> 172.21.15.38:0/4123398069 conn(0x7fd760102fb0 msgr2=0x7fd760103aa0 unknown :-1 s=STATE_NONE l=0).mark_down
2024-03-04T08:28:28.565 INFO:teuthology.orchestra.run.smithi038.stdout:/usr/bin/ceph: stderr
2024-03-04T08:28:28.008+0000 7fd767182700 1 -- 172.21.15.38:0/4123398069 shutdown_connections
2024-03-04T08:28:28.565 INFO:teuthology.orchestra.run.smithi038.stdout:/usr/bin/ceph: stderr
2024-03-04T08:28:28.008+0000 7fd767182700 1 -- 172.21.15.38:0/4123398069 wait complete.
2024-03-04T08:28:28.565 INFO:teuthology.orchestra.run.smithi038.stdout:mgr is available
2024-03-04T08:28:29.563 INFO:journalctl@ceph.mon.a.smithi038.stdout:Mar 04 08:28:29 smithi038 ceph-mon[32696]: from='client.? 172.21.15.38:0/513982649' entity='client.admin' cmd=[{"prefix": "config assimilate-conf"}]: dispatch
2024-03-04T08:28:29.751 INFO:teuthology.orchestra.run.smithi038.stdout:/usr/bin/ceph: stdout
2024-03-04T08:28:29.751 INFO:teuthology.orchestra.run.smithi038.stdout:/usr/bin/ceph: stdout [global]
2024-03-04T08:28:29.751 INFO:teuthology.orchestra.run.smithi038.stdout:/usr/bin/ceph: stdout fsid = f9056288-da00-11ee-95c6-87774f69a715
2024-03-04T08:28:29.751 INFO:teuthology.orchestra.run.smithi038.stdout:/usr/bin/ceph: stdout mon_osd_allow_pg_remap = true
2024-03-04T08:28:29.751 INFO:teuthology.orchestra.run.smithi038.stdout:/usr/bin/ceph: stdout mon_osd_allow_primary_affinity = true
2024-03-04T08:28:29.751 INFO:teuthology.orchestra.run.smithi038.stdout:/usr/bin/ceph: stdout mon_warn_on_no_sortbitwise = false
2024-03-04T08:28:29.751 INFO:teuthology.orchestra.run.smithi038.stdout:/usr/bin/ceph: stdout osd_crush_chooseleaf_type = 0
2024-03-04T08:28:29.751 INFO:teuthology.orchestra.run.smithi038.stdout:/usr/bin/ceph: stdout
2024-03-04T08:28:29.751 INFO:teuthology.orchestra.run.smithi038.stdout:/usr/bin/ceph: stdout [mgr]
2024-03-04T08:28:29.752 INFO:teuthology.orchestra.run.smithi038.stdout:/usr/bin/ceph: stdout mgr/telemetry/nag = false
2024-03-04T08:28:29.752 INFO:teuthology.orchestra.run.smithi038.stdout:/usr/bin/ceph: stdout
2024-03-04T08:28:29.752 INFO:teuthology.orchestra.run.smithi038.stdout:/usr/bin/ceph: stdout [osd]
2024-03-04T08:28:29.752 INFO:teuthology.orchestra.run.smithi038.stdout:/usr/bin/ceph: stdout mon_osd_backfillfull_ratio = 0.85
2024-03-04T08:28:29.752 INFO:teuthology.orchestra.run.smithi038.stdout:/usr/bin/ceph: stdout mon_osd_full_ratio = 0.9
2024-03-04T08:28:29.752 INFO:teuthology.orchestra.run.smithi038.stdout:/usr/bin/ceph: stdout mon_osd_nearfull_ratio = 0.8
2024-03-04T08:28:29.752 INFO:teuthology.orchestra.run.smithi038.stdout:/usr/bin/ceph: stdout osd_map_max_advance = 10
2024-03-04T08:28:29.752 INFO:teuthology.orchestra.run.smithi038.stdout:/usr/bin/ceph: stdout osd_sloppy_crc = true
2024-03-04T08:28:29.752 INFO:teuthology.orchestra.run.smithi038.stdout:/usr/bin/ceph: stderr
2024-03-04T08:28:28.962+0000 7fe80eb7e700 1 Processor -- start
2024-03-04T08:28:29.752 INFO:teuthology.orchestra.run.smithi038.stdout:/usr/bin/ceph: stderr
2024-03-04T08:28:28.962+0000 7fe80eb7e700 1 -- start start
2024-03-04T08:28:29.752 INFO:teuthology.orchestra.run.smithi038.stdout:/usr/bin/ceph: stderr
2024-03-04T08:28:28.962+0000 7fe80eb7e700 1 --2- >> [v2:172.21.15.38:3300/0,v1:172.21.15.38:6789/0] conn(0x7fe808108500 0x7fe80810a8f0 unknown :-1 s=NONE pgs=0 cs=0 l=0 rev1=0 crypto rx=0 tx=0 comp rx=0 tx=0).connect
2024-03-04T08:28:29.752 INFO:teuthology.orchestra.run.smithi038.stdout:/usr/bin/ceph: stderr
2024-03-04T08:28:28.962+0000 7fe80eb7e700 1 -- --> [v2:172.21.15.38:3300/0,v1:172.21.15.38:6789/0] -- mon_getmap magic: 0 v1 -- 0x7fe80807bdd0 con 0x7fe808108500
2024-03-04T08:28:29.752 INFO:teuthology.orchestra.run.smithi038.stdout:/usr/bin/ceph: stderr
2024-03-04T08:28:28.962+0000 7fe80c91a700 1 --2- >> [v2:172.21.15.38:3300/0,v1:172.21.15.38:6789/0] conn(0x7fe808108500 0x7fe80810a8f0 unknown :-1 s=BANNER_CONNECTING pgs=0 cs=0 l=0 rev1=0 crypto rx=0 tx=0 comp rx=0 tx=0)._handle_peer_banner_payload supported=3 required=0
2024-03-04T08:28:29.752 INFO:teuthology.orchestra.run.smithi038.stdout:/usr/bin/ceph: stderr
2024-03-04T08:28:28.962+0000 7fe80c91a700 1 --2- >> [v2:172.21.15.38:3300/0,v1:172.21.15.38:6789/0] conn(0x7fe808108500 0x7fe80810a8f0 unknown :-1 s=HELLO_CONNECTING pgs=0 cs=0 l=0 rev1=1 crypto rx=0 tx=0 comp rx=0 tx=0).handle_hello peer v2:172.21.15.38:3300/0 says I am v2:172.21.15.38:41370/0 (socket says 172.21.15.38:41370)
2024-03-04T08:28:29.752 INFO:teuthology.orchestra.run.smithi038.stdout:/usr/bin/ceph: stderr
2024-03-04T08:28:28.962+0000 7fe80c91a700 1 -- 172.21.15.38:0/1104826593 learned_addr learned my addr 172.21.15.38:0/1104826593 (peer_addr_for_me v2:172.21.15.38:0/0)
2024-03-04T08:28:29.753 INFO:teuthology.orchestra.run.smithi038.stdout:/usr/bin/ceph: stderr
2024-03-04T08:28:28.963+0000 7fe80c91a700 1 -- 172.21.15.38:0/1104826593 --> [v2:172.21.15.38:3300/0,v1:172.21.15.38:6789/0] -- mon_subscribe({config=0+,monmap=0+}) v3 -- 0x7fe80810ae30 con 0x7fe808108500
2024-03-04T08:28:29.753 INFO:teuthology.orchestra.run.smithi038.stdout:/usr/bin/ceph: stderr
2024-03-04T08:28:28.963+0000 7fe80c91a700 1 --2- 172.21.15.38:0/1104826593 >> [v2:172.21.15.38:3300/0,v1:172.21.15.38:6789/0] conn(0x7fe808108500 0x7fe80810a8f0 secure :-1 s=READY pgs=20 cs=0 l=1 rev1=1 crypto rx=0x7fe7fc0098a0 tx=0x7fe7fc009bb0 comp rx=0 tx=0).ready entity=mon.0 client_cookie=f3021b37d28d5197 server_cookie=0 in_seq=0 out_seq=0
2024-03-04T08:28:29.753 INFO:teuthology.orchestra.run.smithi038.stdout:/usr/bin/ceph: stderr
2024-03-04T08:28:28.963+0000 7fe8077fe700 1 -- 172.21.15.38:0/1104826593 <== mon.0 v2:172.21.15.38:3300/0 1 ==== mon_map magic: 0 v1 ==== 205+0+0 (secure 0 0 0) 0x7fe7fc004160 con 0x7fe808108500
2024-03-04T08:28:29.753 INFO:teuthology.orchestra.run.smithi038.stdout:/usr/bin/ceph: stderr
2024-03-04T08:28:28.963+0000 7fe8077fe700 1 -- 172.21.15.38:0/1104826593 <== mon.0 v2:172.21.15.38:3300/0 2 ==== config(26 keys) v1 ==== 1071+0+0 (secure 0 0 0) 0x7fe7fc004300 con 0x7fe808108500
2024-03-04T08:28:29.753 INFO:teuthology.orchestra.run.smithi038.stdout:/usr/bin/ceph: stderr
2024-03-04T08:28:28.963+0000 7fe8077fe700 1 -- 172.21.15.38:0/1104826593 <== mon.0 v2:172.21.15.38:3300/0 3 ==== mon_map magic: 0 v1 ==== 205+0+0 (secure 0 0 0) 0x7fe7fc011a80 con 0x7fe808108500
2024-03-04T08:28:29.753 INFO:teuthology.orchestra.run.smithi038.stdout:/usr/bin/ceph: stderr
2024-03-04T08:28:28.964+0000 7fe80eb7e700 1 -- 172.21.15.38:0/1104826593 >> [v2:172.21.15.38:3300/0,v1:172.21.15.38:6789/0] conn(0x7fe808108500 msgr2=0x7fe80810a8f0 secure :-1 s=STATE_CONNECTION_ESTABLISHED l=1).mark_down
2024-03-04T08:28:29.753 INFO:teuthology.orchestra.run.smithi038.stdout:/usr/bin/ceph: stderr
2024-03-04T08:28:28.964+0000 7fe80eb7e700 1 --2- 172.21.15.38:0/1104826593 >> [v2:172.21.15.38:3300/0,v1:172.21.15.38:6789/0] conn(0x7fe808108500 0x7fe80810a8f0 secure :-1 s=READY pgs=20 cs=0 l=1 rev1=1 crypto rx=0x7fe7fc0098a0 tx=0x7fe7fc009bb0 comp rx=0 tx=0).stop
2024-03-04T08:28:29.753 INFO:teuthology.orchestra.run.smithi038.stdout:/usr/bin/ceph: stderr
2024-03-04T08:28:28.964+0000 7fe80eb7e700 1 -- 172.21.15.38:0/1104826593 shutdown_connections
2024-03-04T08:28:29.753 INFO:teuthology.orchestra.run.smithi038.stdout:/usr/bin/ceph: stderr
2024-03-04T08:28:28.964+0000 7fe80eb7e700 1 --2- 172.21.15.38:0/1104826593 >> [v2:172.21.15.38:3300/0,v1:172.21.15.38:6789/0] conn(0x7fe808108500 0x7fe80810a8f0 unknown :-1 s=CLOSED pgs=20 cs=0 l=1 rev1=1 crypto rx=0 tx=0 comp rx=0 tx=0).stop
2024-03-04T08:28:29.753 INFO:teuthology.orchestra.run.smithi038.stdout:/usr/bin/ceph: stderr
2024-03-04T08:28:28.964+0000 7fe80eb7e700 1 -- 172.21.15.38:0/1104826593 >> 172.21.15.38:0/1104826593 conn(0x7fe808101ed0 msgr2=0x7fe8081042f0 unknown :-1 s=STATE_NONE l=0).mark_down
2024-03-04T08:28:29.753 INFO:teuthology.orchestra.run.smithi038.stdout:/usr/bin/ceph: stderr
2024-03-04T08:28:28.964+0000 7fe80eb7e700 1 -- 172.21.15.38:0/1104826593 shutdown_connections
2024-03-04T08:28:29.753 INFO:teuthology.orchestra.run.smithi038.stdout:/usr/bin/ceph: stderr
2024-03-04T08:28:28.964+0000 7fe80eb7e700 1 -- 172.21.15.38:0/1104826593 wait complete.
2024-03-04T08:28:29.753 INFO:teuthology.orchestra.run.smithi038.stdout:/usr/bin/ceph: stderr
2024-03-04T08:28:28.964+0000 7fe80eb7e700 1 Processor -- start
2024-03-04T08:28:29.753 INFO:teuthology.orchestra.run.smithi038.stdout:/usr/bin/ceph: stderr
2024-03-04T08:28:28.964+0000 7fe80eb7e700 1 -- start start
2024-03-04T08:28:29.754 INFO:teuthology.orchestra.run.smithi038.stdout:/usr/bin/ceph: stderr
2024-03-04T08:28:28.964+0000 7fe80eb7e700 1 --2- >> [v2:172.21.15.38:3300/0,v1:172.21.15.38:6789/0] conn(0x7fe808108500 0x7fe80819b8b0 unknown :-1 s=NONE pgs=0 cs=0 l=1 rev1=0 crypto rx=0 tx=0 comp rx=0 tx=0).connect
2024-03-04T08:28:29.754 INFO:teuthology.orchestra.run.smithi038.stdout:/usr/bin/ceph: stderr
2024-03-04T08:28:28.964+0000 7fe80eb7e700 1 -- --> [v2:172.21.15.38:3300/0,v1:172.21.15.38:6789/0] -- mon_getmap magic: 0 v1 -- 0x7fe80810bd20 con 0x7fe808108500
2024-03-04T08:28:29.754 INFO:teuthology.orchestra.run.smithi038.stdout:/usr/bin/ceph: stderr
2024-03-04T08:28:28.965+0000 7fe80c91a700 1 --2- >> [v2:172.21.15.38:3300/0,v1:172.21.15.38:6789/0] conn(0x7fe808108500 0x7fe80819b8b0 unknown :-1 s=BANNER_CONNECTING pgs=0 cs=0 l=1 rev1=0 crypto rx=0 tx=0 comp rx=0 tx=0)._handle_peer_banner_payload supported=3 required=0
2024-03-04T08:28:29.754 INFO:teuthology.orchestra.run.smithi038.stdout:/usr/bin/ceph: stderr
2024-03-04T08:28:28.965+0000 7fe80c91a700 1 --2- >> [v2:172.21.15.38:3300/0,v1:172.21.15.38:6789/0] conn(0x7fe808108500 0x7fe80819b8b0 unknown :-1 s=HELLO_CONNECTING pgs=0 cs=0 l=1 rev1=1 crypto rx=0 tx=0 comp rx=0 tx=0).handle_hello peer v2:172.21.15.38:3300/0 says I am v2:172.21.15.38:41384/0 (socket says 172.21.15.38:41384)
2024-03-04T08:28:29.754 INFO:teuthology.orchestra.run.smithi038.stdout:/usr/bin/ceph: stderr
2024-03-04T08:28:28.965+0000 7fe80c91a700 1 -- 172.21.15.38:0/513982649 learned_addr learned my addr 172.21.15.38:0/513982649 (peer_addr_for_me v2:172.21.15.38:0/0)
2024-03-04T08:28:29.754 INFO:teuthology.orchestra.run.smithi038.stdout:/usr/bin/ceph: stderr
2024-03-04T08:28:28.965+0000 7fe80c91a700 1 -- 172.21.15.38:0/513982649 --> [v2:172.21.15.38:3300/0,v1:172.21.15.38:6789/0] -- mon_subscribe({config=0+,monmap=0+}) v3 -- 0x7fe80819bdf0 con 0x7fe808108500
2024-03-04T08:28:29.754 INFO:teuthology.orchestra.run.smithi038.stdout:/usr/bin/ceph: stderr
2024-03-04T08:28:28.965+0000 7fe80c91a700 1 --2- 172.21.15.38:0/513982649 >> [v2:172.21.15.38:3300/0,v1:172.21.15.38:6789/0] conn(0x7fe808108500 0x7fe80819b8b0 secure :-1 s=READY pgs=21 cs=0 l=1 rev1=1 crypto rx=0x7fe7fc011a50 tx=0x7fe7fc011b30 comp rx=0 tx=0).ready entity=mon.0 client_cookie=0 server_cookie=0 in_seq=0 out_seq=0
2024-03-04T08:28:29.754 INFO:teuthology.orchestra.run.smithi038.stdout:/usr/bin/ceph: stderr
2024-03-04T08:28:28.965+0000 7fe805ffb700 1 -- 172.21.15.38:0/513982649 <== mon.0 v2:172.21.15.38:3300/0 1 ==== mon_map magic: 0 v1 ==== 205+0+0 (secure 0 0 0) 0x7fe7fc003a80 con 0x7fe808108500
2024-03-04T08:28:29.754 INFO:teuthology.orchestra.run.smithi038.stdout:/usr/bin/ceph: stderr
2024-03-04T08:28:28.965+0000 7fe805ffb700 1 -- 172.21.15.38:0/513982649 <== mon.0 v2:172.21.15.38:3300/0 2 ==== config(26 keys) v1 ==== 1071+0+0 (secure 0 0 0) 0x7fe7fc003c20 con 0x7fe808108500
2024-03-04T08:28:29.754 INFO:teuthology.orchestra.run.smithi038.stdout:/usr/bin/ceph: stderr
2024-03-04T08:28:28.965+0000 7fe80eb7e700 1 -- 172.21.15.38:0/513982649 --> [v2:172.21.15.38:3300/0,v1:172.21.15.38:6789/0] -- mon_subscribe({mgrmap=0+}) v3 -- 0x7fe80819c080 con 0x7fe808108500
2024-03-04T08:28:29.754 INFO:teuthology.orchestra.run.smithi038.stdout:/usr/bin/ceph: stderr
2024-03-04T08:28:28.965+0000 7fe805ffb700 1 -- 172.21.15.38:0/513982649 <== mon.0 v2:172.21.15.38:3300/0 3 ==== mon_map magic: 0 v1 ==== 205+0+0 (secure 0 0 0) 0x7fe7fc01a650 con 0x7fe808108500
2024-03-04T08:28:29.754 INFO:teuthology.orchestra.run.smithi038.stdout:/usr/bin/ceph: stderr
2024-03-04T08:28:28.965+0000 7fe80eb7e700 1 -- 172.21.15.38:0/513982649 --> [v2:172.21.15.38:3300/0,v1:172.21.15.38:6789/0] -- mon_subscribe({osdmap=0}) v3 -- 0x7fe80819ed70 con 0x7fe808108500
2024-03-04T08:28:29.754 INFO:teuthology.orchestra.run.smithi038.stdout:/usr/bin/ceph: stderr
2024-03-04T08:28:28.966+0000 7fe805ffb700 1 -- 172.21.15.38:0/513982649 <== mon.0 v2:172.21.15.38:3300/0 4 ==== mgrmap(e 4) v1 ==== 45917+0+0 (secure 0 0 0) 0x7fe7fc01a950 con 0x7fe808108500
2024-03-04T08:28:29.754 INFO:teuthology.orchestra.run.smithi038.stdout:/usr/bin/ceph: stderr
2024-03-04T08:28:28.966+0000 7fe805ffb700 1 --2- 172.21.15.38:0/513982649 >> [v2:172.21.15.38:6800/3969394806,v1:172.21.15.38:6801/3969394806] conn(0x7fe7f8038b50 0x7fe7f803b010 unknown :-1 s=NONE pgs=0 cs=0 l=1 rev1=0 crypto rx=0 tx=0 comp rx=0 tx=0).connect
2024-03-04T08:28:29.755 INFO:teuthology.orchestra.run.smithi038.stdout:/usr/bin/ceph: stderr
2024-03-04T08:28:28.966+0000 7fe80eb7e700 1 -- 172.21.15.38:0/513982649 --> [v2:172.21.15.38:3300/0,v1:172.21.15.38:6789/0] -- mon_command({"prefix": "get_command_descriptions"} v 0) v1 -- 0x7fe8080636f0 con 0x7fe808108500
2024-03-04T08:28:29.755 INFO:teuthology.orchestra.run.smithi038.stdout:/usr/bin/ceph: stderr
2024-03-04T08:28:28.966+0000 7fe805ffb700 1 -- 172.21.15.38:0/513982649 <== mon.0 v2:172.21.15.38:3300/0 5 ==== osd_map(1..1 src has 1..1) v4 ==== 725+0+0 (secure 0 0 0) 0x7fe7fc04cff0 con 0x7fe808108500
2024-03-04T08:28:29.755 INFO:teuthology.orchestra.run.smithi038.stdout:/usr/bin/ceph: stderr
2024-03-04T08:28:28.967+0000 7fe807fff700 1 --2- 172.21.15.38:0/513982649 >> [v2:172.21.15.38:6800/3969394806,v1:172.21.15.38:6801/3969394806] conn(0x7fe7f8038b50 0x7fe7f803b010 unknown :-1 s=BANNER_CONNECTING pgs=0 cs=0 l=1 rev1=0 crypto rx=0 tx=0 comp rx=0 tx=0)._handle_peer_banner_payload supported=3 required=0
2024-03-04T08:28:29.755 INFO:teuthology.orchestra.run.smithi038.stdout:/usr/bin/ceph: stderr
2024-03-04T08:28:28.967+0000 7fe807fff700 1 --2- 172.21.15.38:0/513982649 >> [v2:172.21.15.38:6800/3969394806,v1:172.21.15.38:6801/3969394806] conn(0x7fe7f8038b50 0x7fe7f803b010 secure :-1 s=READY pgs=7 cs=0 l=1 rev1=1 crypto rx=0x7fe7f4006fd0 tx=0x7fe7f4006e40 comp rx=0 tx=0).ready entity=mgr.14100 client_cookie=0 server_cookie=0 in_seq=0 out_seq=0
2024-03-04T08:28:29.755 INFO:teuthology.orchestra.run.smithi038.stdout:/usr/bin/ceph: stderr
2024-03-04T08:28:28.971+0000 7fe805ffb700 1 -- 172.21.15.38:0/513982649 <== mon.0 v2:172.21.15.38:3300/0 6 ==== mon_command_ack([{"prefix": "get_command_descriptions"}]=0 v0) v1 ==== 72+0+184932 (secure 0 0 0) 0x7fe7fc019c70 con 0x7fe808108500
2024-03-04T08:28:29.755 INFO:teuthology.orchestra.run.smithi038.stdout:/usr/bin/ceph: stderr
2024-03-04T08:28:29.175+0000 7fe80eb7e700 1 -- 172.21.15.38:0/513982649 --> [v2:172.21.15.38:3300/0,v1:172.21.15.38:6789/0] -- mon_command({"prefix": "config assimilate-conf"} v 0) v1 -- 0x7fe80819ef40 con 0x7fe808108500
2024-03-04T08:28:29.755 INFO:teuthology.orchestra.run.smithi038.stdout:/usr/bin/ceph: stderr
2024-03-04T08:28:29.176+0000 7fe805ffb700 1 -- 172.21.15.38:0/513982649 <== mon.0 v2:172.21.15.38:3300/0 7 ==== mon_command_ack([{"prefix": "config assimilate-conf"}]=0 v3) v1 ==== 70+0+373 (secure 0 0 0) 0x7fe7fc033190 con 0x7fe808108500
2024-03-04T08:28:29.755 INFO:teuthology.orchestra.run.smithi038.stdout:/usr/bin/ceph: stderr
2024-03-04T08:28:29.178+0000 7fe80eb7e700 1 -- 172.21.15.38:0/513982649 >> [v2:172.21.15.38:6800/3969394806,v1:172.21.15.38:6801/3969394806] conn(0x7fe7f8038b50 msgr2=0x7fe7f803b010 secure :-1 s=STATE_CONNECTION_ESTABLISHED l=1).mark_down
