2024-03-04T09:05:36.767+0000 7f053ed79700 1 -- 172.21.15.82:0/1586177825 >> [v2:172.21.15.82:6800/3291527077,v1:172.21.15.82:6801/3291527077] conn(0x7f0528038b00 msgr2=0x7f052803afc0 secure :-1 s=STATE_CONNECTION_ESTABLISHED l=1).mark_down
2024-03-04T09:05:37.382 INFO:teuthology.orchestra.run.smithi082.stdout:/usr/bin/ceph: stderr
2024-03-04T09:05:36.767+0000 7f053ed79700 1 --2- 172.21.15.82:0/1586177825 >> [v2:172.21.15.82:6800/3291527077,v1:172.21.15.82:6801/3291527077] conn(0x7f0528038b00 0x7f052803afc0 secure :-1 s=READY pgs=7 cs=0 l=1 rev1=1 crypto rx=0x7f0524006fd0 tx=0x7f0524006e40 comp rx=0 tx=0).stop
2024-03-04T09:05:37.382 INFO:teuthology.orchestra.run.smithi082.stdout:/usr/bin/ceph: stderr
2024-03-04T09:05:36.767+0000 7f053ed79700 1 -- 172.21.15.82:0/1586177825 >> [v2:172.21.15.82:3300/0,v1:172.21.15.82:6789/0] conn(0x7f05381060f0 msgr2=0x7f053819ba20 secure :-1 s=STATE_CONNECTION_ESTABLISHED l=1).mark_down
2024-03-04T09:05:37.383 INFO:teuthology.orchestra.run.smithi082.stdout:/usr/bin/ceph: stderr
2024-03-04T09:05:36.767+0000 7f053ed79700 1 --2- 172.21.15.82:0/1586177825 >> [v2:172.21.15.82:3300/0,v1:172.21.15.82:6789/0] conn(0x7f05381060f0 0x7f053819ba20 secure :-1 s=READY pgs=21 cs=0 l=1 rev1=1 crypto rx=0x7f052c0046e0 tx=0x7f052c003f40 comp rx=0 tx=0).stop
2024-03-04T09:05:37.383 INFO:teuthology.orchestra.run.smithi082.stdout:/usr/bin/ceph: stderr
2024-03-04T09:05:36.768+0000 7f053ed79700 1 -- 172.21.15.82:0/1586177825 shutdown_connections
2024-03-04T09:05:37.383 INFO:teuthology.orchestra.run.smithi082.stdout:/usr/bin/ceph: stderr
2024-03-04T09:05:36.768+0000 7f053ed79700 1 --2- 172.21.15.82:0/1586177825 >> [v2:172.21.15.82:6800/3291527077,v1:172.21.15.82:6801/3291527077] conn(0x7f0528038b00 0x7f052803afc0 unknown :-1 s=CLOSED pgs=7 cs=0 l=1 rev1=1 crypto rx=0 tx=0 comp rx=0 tx=0).stop
2024-03-04T09:05:37.383 INFO:teuthology.orchestra.run.smithi082.stdout:/usr/bin/ceph: stderr
2024-03-04T09:05:36.768+0000 7f053ed79700 1 --2- 172.21.15.82:0/1586177825 >> [v2:172.21.15.82:3300/0,v1:172.21.15.82:6789/0] conn(0x7f05381060f0 0x7f053819ba20 unknown :-1 s=CLOSED pgs=21 cs=0 l=1 rev1=1 crypto rx=0 tx=0 comp rx=0 tx=0).stop
2024-03-04T09:05:37.383 INFO:teuthology.orchestra.run.smithi082.stdout:/usr/bin/ceph: stderr
2024-03-04T09:05:36.768+0000 7f053ed79700 1 -- 172.21.15.82:0/1586177825 >> 172.21.15.82:0/1586177825 conn(0x7f0538101710 msgr2=0x7f0538190450 unknown :-1 s=STATE_NONE l=0).mark_down
2024-03-04T09:05:37.383 INFO:teuthology.orchestra.run.smithi082.stdout:/usr/bin/ceph: stderr
2024-03-04T09:05:36.768+0000 7f053ed79700 1 -- 172.21.15.82:0/1586177825 shutdown_connections
2024-03-04T09:05:37.383 INFO:teuthology.orchestra.run.smithi082.stdout:/usr/bin/ceph: stderr
2024-03-04T09:05:36.768+0000 7f053ed79700 1 -- 172.21.15.82:0/1586177825 wait complete.
2024-03-04T09:05:37.383 INFO:teuthology.orchestra.run.smithi082.stdout:Enabling cephadm module...
2024-03-04T09:05:38.316 INFO:journalctl@ceph.mon.a.smithi082.stdout:Mar 04 09:05:38 smithi082 ceph-mon[32880]: from='client.? 172.21.15.82:0/1385734242' entity='client.admin' cmd=[{"prefix": "mgr module enable", "module": "cephadm"}]: dispatch
2024-03-04T09:05:38.316 INFO:journalctl@ceph.mgr.x.smithi082.stdout:Mar 04 09:05:38 smithi082 ceph-2e533fc8-da06-11ee-95c6-87774f69a715-mgr-x[33112]: ignoring --setuser ceph since I am not root
2024-03-04T09:05:38.316 INFO:journalctl@ceph.mgr.x.smithi082.stdout:Mar 04 09:05:38 smithi082 ceph-2e533fc8-da06-11ee-95c6-87774f69a715-mgr-x[33112]: ignoring --setgroup ceph since I am not root
2024-03-04T09:05:38.681 INFO:teuthology.orchestra.run.smithi082.stdout:/usr/bin/ceph: stderr
2024-03-04T09:05:37.798+0000 7f3aa15f2700 1 Processor -- start
2024-03-04T09:05:38.681 INFO:teuthology.orchestra.run.smithi082.stdout:/usr/bin/ceph: stderr
2024-03-04T09:05:37.798+0000 7f3aa15f2700 1 -- start start
2024-03-04T09:05:38.681 INFO:teuthology.orchestra.run.smithi082.stdout:/usr/bin/ceph: stderr
2024-03-04T09:05:37.798+0000 7f3aa15f2700 1 --2- >> [v2:172.21.15.82:3300/0,v1:172.21.15.82:6789/0] conn(0x7f3a9c107b30 0x7f3a9c107f50 unknown :-1 s=NONE pgs=0 cs=0 l=0 rev1=0 crypto rx=0 tx=0 comp rx=0 tx=0).connect
2024-03-04T09:05:38.681 INFO:teuthology.orchestra.run.smithi082.stdout:/usr/bin/ceph: stderr
2024-03-04T09:05:37.798+0000 7f3aa15f2700 1 -- --> [v2:172.21.15.82:3300/0,v1:172.21.15.82:6789/0] -- mon_getmap magic: 0 v1 -- 0x7f3a9c108520 con 0x7f3a9c107b30
2024-03-04T09:05:38.681 INFO:teuthology.orchestra.run.smithi082.stdout:/usr/bin/ceph: stderr
2024-03-04T09:05:37.799+0000 7f3a9affd700 1 --2- >> [v2:172.21.15.82:3300/0,v1:172.21.15.82:6789/0] conn(0x7f3a9c107b30 0x7f3a9c107f50 unknown :-1 s=BANNER_CONNECTING pgs=0 cs=0 l=0 rev1=0 crypto rx=0 tx=0 comp rx=0 tx=0)._handle_peer_banner_payload supported=3 required=0
2024-03-04T09:05:38.681 INFO:teuthology.orchestra.run.smithi082.stdout:/usr/bin/ceph: stderr
2024-03-04T09:05:37.799+0000 7f3a9affd700 1 --2- >> [v2:172.21.15.82:3300/0,v1:172.21.15.82:6789/0] conn(0x7f3a9c107b30 0x7f3a9c107f50 unknown :-1 s=HELLO_CONNECTING pgs=0 cs=0 l=0 rev1=1 crypto rx=0 tx=0 comp rx=0 tx=0).handle_hello peer v2:172.21.15.82:3300/0 says I am v2:172.21.15.82:38752/0 (socket says 172.21.15.82:38752)
2024-03-04T09:05:38.681 INFO:teuthology.orchestra.run.smithi082.stdout:/usr/bin/ceph: stderr
2024-03-04T09:05:37.799+0000 7f3a9affd700 1 -- 172.21.15.82:0/2411435594 learned_addr learned my addr 172.21.15.82:0/2411435594 (peer_addr_for_me v2:172.21.15.82:0/0)
2024-03-04T09:05:38.681 INFO:teuthology.orchestra.run.smithi082.stdout:/usr/bin/ceph: stderr
2024-03-04T09:05:37.799+0000 7f3a9affd700 1 -- 172.21.15.82:0/2411435594 --> [v2:172.21.15.82:3300/0,v1:172.21.15.82:6789/0] -- mon_subscribe({config=0+,monmap=0+}) v3 -- 0x7f3a9c108ce0 con 0x7f3a9c107b30
2024-03-04T09:05:38.681 INFO:teuthology.orchestra.run.smithi082.stdout:/usr/bin/ceph: stderr
2024-03-04T09:05:37.799+0000 7f3a9affd700 1 --2- 172.21.15.82:0/2411435594 >> [v2:172.21.15.82:3300/0,v1:172.21.15.82:6789/0] conn(0x7f3a9c107b30 0x7f3a9c107f50 secure :-1 s=READY pgs=22 cs=0 l=1 rev1=1 crypto rx=0x7f3a8c0098a0 tx=0x7f3a8c009bb0 comp rx=0 tx=0).ready entity=mon.0 client_cookie=b7e6d63fc85f7854 server_cookie=0 in_seq=0 out_seq=0
2024-03-04T09:05:38.681 INFO:teuthology.orchestra.run.smithi082.stdout:/usr/bin/ceph: stderr
2024-03-04T09:05:37.799+0000 7f3a99ffb700 1 -- 172.21.15.82:0/2411435594 <== mon.0 v2:172.21.15.82:3300/0 1 ==== mon_map magic: 0 v1 ==== 205+0+0 (secure 0 0 0) 0x7f3a8c004160 con 0x7f3a9c107b30
2024-03-04T09:05:38.681 INFO:teuthology.orchestra.run.smithi082.stdout:/usr/bin/ceph: stderr
2024-03-04T09:05:37.799+0000 7f3a99ffb700 1 -- 172.21.15.82:0/2411435594 <== mon.0 v2:172.21.15.82:3300/0 2 ==== config(27 keys) v1 ==== 1105+0+0 (secure 0 0 0) 0x7f3a8c004300 con 0x7f3a9c107b30
2024-03-04T09:05:38.682 INFO:teuthology.orchestra.run.smithi082.stdout:/usr/bin/ceph: stderr
2024-03-04T09:05:37.799+0000 7f3a99ffb700 1 -- 172.21.15.82:0/2411435594 <== mon.0 v2:172.21.15.82:3300/0 3 ==== mon_map magic: 0 v1 ==== 205+0+0 (secure 0 0 0) 0x7f3a8c011b40 con 0x7f3a9c107b30
2024-03-04T09:05:38.682 INFO:teuthology.orchestra.run.smithi082.stdout:/usr/bin/ceph: stderr
2024-03-04T09:05:37.800+0000 7f3aa15f2700 1 -- 172.21.15.82:0/2411435594 >> [v2:172.21.15.82:3300/0,v1:172.21.15.82:6789/0] conn(0x7f3a9c107b30 msgr2=0x7f3a9c107f50 secure :-1 s=STATE_CONNECTION_ESTABLISHED l=1).mark_down
2024-03-04T09:05:38.682 INFO:teuthology.orchestra.run.smithi082.stdout:/usr/bin/ceph: stderr
2024-03-04T09:05:37.800+0000 7f3aa15f2700 1 --2- 172.21.15.82:0/2411435594 >> [v2:172.21.15.82:3300/0,v1:172.21.15.82:6789/0] conn(0x7f3a9c107b30 0x7f3a9c107f50 secure :-1 s=READY pgs=22 cs=0 l=1 rev1=1 crypto rx=0x7f3a8c0098a0 tx=0x7f3a8c009bb0 comp rx=0 tx=0).stop
2024-03-04T09:05:38.682 INFO:teuthology.orchestra.run.smithi082.stdout:/usr/bin/ceph: stderr
2024-03-04T09:05:37.800+0000 7f3aa15f2700 1 -- 172.21.15.82:0/2411435594 shutdown_connections
2024-03-04T09:05:38.682 INFO:teuthology.orchestra.run.smithi082.stdout:/usr/bin/ceph: stderr
2024-03-04T09:05:37.800+0000 7f3aa15f2700 1 --2- 172.21.15.82:0/2411435594 >> [v2:172.21.15.82:3300/0,v1:172.21.15.82:6789/0] conn(0x7f3a9c107b30 0x7f3a9c107f50 unknown :-1 s=CLOSED pgs=22 cs=0 l=1 rev1=1 crypto rx=0 tx=0 comp rx=0 tx=0).stop
2024-03-04T09:05:38.682 INFO:teuthology.orchestra.run.smithi082.stdout:/usr/bin/ceph: stderr
2024-03-04T09:05:37.800+0000 7f3aa15f2700 1 -- 172.21.15.82:0/2411435594 >> 172.21.15.82:0/2411435594 conn(0x7f3a9c1030f0 msgr2=0x7f3a9c105510 unknown :-1 s=STATE_NONE l=0).mark_down
2024-03-04T09:05:38.682 INFO:teuthology.orchestra.run.smithi082.stdout:/usr/bin/ceph: stderr
2024-03-04T09:05:37.800+0000 7f3aa15f2700 1 -- 172.21.15.82:0/2411435594 shutdown_connections
2024-03-04T09:05:38.682 INFO:teuthology.orchestra.run.smithi082.stdout:/usr/bin/ceph: stderr
2024-03-04T09:05:37.800+0000 7f3aa15f2700 1 -- 172.21.15.82:0/2411435594 wait complete.
2024-03-04T09:05:38.682 INFO:teuthology.orchestra.run.smithi082.stdout:/usr/bin/ceph: stderr
2024-03-04T09:05:37.800+0000 7f3aa15f2700 1 Processor -- start
2024-03-04T09:05:38.682 INFO:teuthology.orchestra.run.smithi082.stdout:/usr/bin/ceph: stderr
2024-03-04T09:05:37.801+0000 7f3aa15f2700 1 -- start start
2024-03-04T09:05:38.682 INFO:teuthology.orchestra.run.smithi082.stdout:/usr/bin/ceph: stderr
2024-03-04T09:05:37.801+0000 7f3aa15f2700 1 --2- >> [v2:172.21.15.82:3300/0,v1:172.21.15.82:6789/0] conn(0x7f3a9c107b30 0x7f3a9c19ba90 unknown :-1 s=NONE pgs=0 cs=0 l=1 rev1=0 crypto rx=0 tx=0 comp rx=0 tx=0).connect
2024-03-04T09:05:38.682 INFO:teuthology.orchestra.run.smithi082.stdout:/usr/bin/ceph: stderr
2024-03-04T09:05:37.801+0000 7f3aa15f2700 1 -- --> [v2:172.21.15.82:3300/0,v1:172.21.15.82:6789/0] -- mon_getmap magic: 0 v1 -- 0x7f3a9c10c090 con 0x7f3a9c107b30
2024-03-04T09:05:38.682 INFO:teuthology.orchestra.run.smithi082.stdout:/usr/bin/ceph: stderr
2024-03-04T09:05:37.801+0000 7f3a9affd700 1 --2- >> [v2:172.21.15.82:3300/0,v1:172.21.15.82:6789/0] conn(0x7f3a9c107b30 0x7f3a9c19ba90 unknown :-1 s=BANNER_CONNECTING pgs=0 cs=0 l=1 rev1=0 crypto rx=0 tx=0 comp rx=0 tx=0)._handle_peer_banner_payload supported=3 required=0
2024-03-04T09:05:38.682 INFO:teuthology.orchestra.run.smithi082.stdout:/usr/bin/ceph: stderr
2024-03-04T09:05:37.801+0000 7f3a9affd700 1 --2- >> [v2:172.21.15.82:3300/0,v1:172.21.15.82:6789/0] conn(0x7f3a9c107b30 0x7f3a9c19ba90 unknown :-1 s=HELLO_CONNECTING pgs=0 cs=0 l=1 rev1=1 crypto rx=0 tx=0 comp rx=0 tx=0).handle_hello peer v2:172.21.15.82:3300/0 says I am v2:172.21.15.82:38764/0 (socket says 172.21.15.82:38764)
2024-03-04T09:05:38.683 INFO:teuthology.orchestra.run.smithi082.stdout:/usr/bin/ceph: stderr
2024-03-04T09:05:37.801+0000 7f3a9affd700 1 -- 172.21.15.82:0/1385734242 learned_addr learned my addr 172.21.15.82:0/1385734242 (peer_addr_for_me v2:172.21.15.82:0/0)
2024-03-04T09:05:38.683 INFO:teuthology.orchestra.run.smithi082.stdout:/usr/bin/ceph: stderr
2024-03-04T09:05:37.801+0000 7f3a9affd700 1 -- 172.21.15.82:0/1385734242 --> [v2:172.21.15.82:3300/0,v1:172.21.15.82:6789/0] -- mon_subscribe({config=0+,monmap=0+}) v3 -- 0x7f3a9c19bfd0 con 0x7f3a9c107b30
2024-03-04T09:05:38.683 INFO:teuthology.orchestra.run.smithi082.stdout:/usr/bin/ceph: stderr
2024-03-04T09:05:37.801+0000 7f3a9affd700 1 --2- 172.21.15.82:0/1385734242 >> [v2:172.21.15.82:3300/0,v1:172.21.15.82:6789/0] conn(0x7f3a9c107b30 0x7f3a9c19ba90 secure :-1 s=READY pgs=23 cs=0 l=1 rev1=1 crypto rx=0x7f3a8c011840 tx=0x7f3a8c004230 comp rx=0 tx=0).ready entity=mon.0 client_cookie=0 server_cookie=0 in_seq=0 out_seq=0
2024-03-04T09:05:38.683 INFO:teuthology.orchestra.run.smithi082.stdout:/usr/bin/ceph: stderr
2024-03-04T09:05:37.801+0000 7f3a83fff700 1 -- 172.21.15.82:0/1385734242 <== mon.0 v2:172.21.15.82:3300/0 1 ==== mon_map magic: 0 v1 ==== 205+0+0 (secure 0 0 0) 0x7f3a8c0038b0 con 0x7f3a9c107b30
2024-03-04T09:05:38.683 INFO:teuthology.orchestra.run.smithi082.stdout:/usr/bin/ceph: stderr
2024-03-04T09:05:37.801+0000 7f3a83fff700 1 -- 172.21.15.82:0/1385734242 <== mon.0 v2:172.21.15.82:3300/0 2 ==== config(27 keys) v1 ==== 1105+0+0 (secure 0 0 0) 0x7f3a8c01a430 con 0x7f3a9c107b30
2024-03-04T09:05:38.683 INFO:teuthology.orchestra.run.smithi082.stdout:/usr/bin/ceph: stderr
2024-03-04T09:05:37.801+0000 7f3aa15f2700 1 -- 172.21.15.82:0/1385734242 --> [v2:172.21.15.82:3300/0,v1:172.21.15.82:6789/0] -- mon_subscribe({mgrmap=0+}) v3 -- 0x7f3a9c19c260 con 0x7f3a9c107b30
2024-03-04T09:05:38.683 INFO:teuthology.orchestra.run.smithi082.stdout:/usr/bin/ceph: stderr
2024-03-04T09:05:37.801+0000 7f3a83fff700 1 -- 172.21.15.82:0/1385734242 <== mon.0 v2:172.21.15.82:3300/0 3 ==== mon_map magic: 0 v1 ==== 205+0+0 (secure 0 0 0) 0x7f3a8c024650 con 0x7f3a9c107b30
2024-03-04T09:05:38.683 INFO:teuthology.orchestra.run.smithi082.stdout:/usr/bin/ceph: stderr
2024-03-04T09:05:37.802+0000 7f3aa15f2700 1 -- 172.21.15.82:0/1385734242 --> [v2:172.21.15.82:3300/0,v1:172.21.15.82:6789/0] -- mon_subscribe({osdmap=0}) v3 -- 0x7f3a9c19ef50 con 0x7f3a9c107b30
2024-03-04T09:05:38.683 INFO:teuthology.orchestra.run.smithi082.stdout:/usr/bin/ceph: stderr
2024-03-04T09:05:37.802+0000 7f3a83fff700 1 -- 172.21.15.82:0/1385734242 <== mon.0 v2:172.21.15.82:3300/0 4 ==== mgrmap(e 4) v1 ==== 45917+0+0 (secure 0 0 0) 0x7f3a8c022020 con 0x7f3a9c107b30
2024-03-04T09:05:38.683 INFO:teuthology.orchestra.run.smithi082.stdout:/usr/bin/ceph: stderr
2024-03-04T09:05:37.803+0000 7f3a83fff700 1 --2- 172.21.15.82:0/1385734242 >> [v2:172.21.15.82:6800/3291527077,v1:172.21.15.82:6801/3291527077] conn(0x7f3a84038b50 0x7f3a8403b010 unknown :-1 s=NONE pgs=0 cs=0 l=1 rev1=0 crypto rx=0 tx=0 comp rx=0 tx=0).connect
2024-03-04T09:05:38.683 INFO:teuthology.orchestra.run.smithi082.stdout:/usr/bin/ceph: stderr
2024-03-04T09:05:37.803+0000 7f3aa15f2700 1 -- 172.21.15.82:0/1385734242 --> [v2:172.21.15.82:3300/0,v1:172.21.15.82:6789/0] -- mon_command({"prefix": "get_command_descriptions"} v 0) v1 -- 0x7f3a9c0636f0 con 0x7f3a9c107b30
2024-03-04T09:05:38.683 INFO:teuthology.orchestra.run.smithi082.stdout:/usr/bin/ceph: stderr
2024-03-04T09:05:37.803+0000 7f3a83fff700 1 -- 172.21.15.82:0/1385734242 <== mon.0 v2:172.21.15.82:3300/0 5 ==== osd_map(1..1 src has 1..1) v4 ==== 725+0+0 (secure 0 0 0) 0x7f3a8c04c490 con 0x7f3a9c107b30
2024-03-04T09:05:38.683 INFO:teuthology.orchestra.run.smithi082.stdout:/usr/bin/ceph: stderr
2024-03-04T09:05:37.803+0000 7f3a9a7fc700 1 --2- 172.21.15.82:0/1385734242 >> [v2:172.21.15.82:6800/3291527077,v1:172.21.15.82:6801/3291527077] conn(0x7f3a84038b50 0x7f3a8403b010 unknown :-1 s=BANNER_CONNECTING pgs=0 cs=0 l=1 rev1=0 crypto rx=0 tx=0 comp rx=0 tx=0)._handle_peer_banner_payload supported=3 required=0
2024-03-04T09:05:38.683 INFO:teuthology.orchestra.run.smithi082.stdout:/usr/bin/ceph: stderr
2024-03-04T09:05:37.803+0000 7f3a9a7fc700 1 --2- 172.21.15.82:0/1385734242 >> [v2:172.21.15.82:6800/3291527077,v1:172.21.15.82:6801/3291527077] conn(0x7f3a84038b50 0x7f3a8403b010 secure :-1 s=READY pgs=8 cs=0 l=1 rev1=1 crypto rx=0x7f3a90006fd0 tx=0x7f3a90006e40 comp rx=0 tx=0).ready entity=mgr.14100 client_cookie=0 server_cookie=0 in_seq=0 out_seq=0
2024-03-04T09:05:38.683 INFO:teuthology.orchestra.run.smithi082.stdout:/usr/bin/ceph: stderr
2024-03-04T09:05:37.808+0000 7f3a83fff700 1 -- 172.21.15.82:0/1385734242 <== mon.0 v2:172.21.15.82:3300/0 6 ==== mon_command_ack([{"prefix": "get_command_descriptions"}]=0 v0) v1 ==== 72+0+184932 (secure 0 0 0) 0x7f3a8c00e260 con 0x7f3a9c107b30
2024-03-04T09:05:38.684 INFO:teuthology.orchestra.run.smithi082.stdout:/usr/bin/ceph: stderr
2024-03-04T09:05:38.056+0000 7f3aa15f2700 1 -- 172.21.15.82:0/1385734242 --> [v2:172.21.15.82:3300/0,v1:172.21.15.82:6789/0] -- mon_command({"prefix": "mgr module enable", "module": "cephadm"} v 0) v1 -- 0x7f3a9c19f120 con 0x7f3a9c107b30
2024-03-04T09:05:38.684 INFO:teuthology.orchestra.run.smithi082.stdout:/usr/bin/ceph: stderr
2024-03-04T09:05:38.108+0000 7f3a83fff700 1 -- 172.21.15.82:0/1385734242 <== mon.0 v2:172.21.15.82:3300/0 7 ==== mon_command_ack([{"prefix": "mgr module enable", "module": "cephadm"}]=0 v5) v1 ==== 86+0+0 (secure 0 0 0) 0x7f3a8c01a5e0 con 0x7f3a9c107b30
2024-03-04T09:05:38.684 INFO:teuthology.orchestra.run.smithi082.stdout:/usr/bin/ceph: stderr
2024-03-04T09:05:38.110+0000 7f3a83fff700 1 -- 172.21.15.82:0/1385734242 <== mon.0 v2:172.21.15.82:3300/0 8 ==== mgrmap(e 5) v1 ==== 45928+0+0 (secure 0 0 0) 0x7f3a8c02cca0 con 0x7f3a9c107b30
2024-03-04T09:05:38.684 INFO:teuthology.orchestra.run.smithi082.stdout:/usr/bin/ceph: stderr
2024-03-04T09:05:38.111+0000 7f3aa15f2700 1 -- 172.21.15.82:0/1385734242 >> [v2:172.21.15.82:6800/3291527077,v1:172.21.15.82:6801/3291527077] conn(0x7f3a84038b50 msgr2=0x7f3a8403b010 secure :-1 s=STATE_CONNECTION_ESTABLISHED l=1).mark_down
2024-03-04T09:05:38.684 INFO:teuthology.orchestra.run.smithi082.stdout:/usr/bin/ceph: stderr
2024-03-04T09:05:38.111+0000 7f3aa15f2700 1 --2- 172.21.15.82:0/1385734242 >> [v2:172.21.15.82:6800/3291527077,v1:172.21.15.82:6801/3291527077] conn(0x7f3a84038b50 0x7f3a8403b010 secure :-1 s=READY pgs=8 cs=0 l=1 rev1=1 crypto rx=0x7f3a90006fd0 tx=0x7f3a90006e40 comp rx=0 tx=0).stop
2024-03-04T09:05:38.684 INFO:teuthology.orchestra.run.smithi082.stdout:/usr/bin/ceph: stderr
2024-03-04T09:05:38.111+0000 7f3aa15f2700 1 -- 172.21.15.82:0/1385734242 >> [v2:172.21.15.82:3300/0,v1:172.21.15.82:6789/0] conn(0x7f3a9c107b30 msgr2=0x7f3a9c19ba90 secure :-1 s=STATE_CONNECTION_ESTABLISHED l=1).mark_down
2024-03-04T09:05:38.684 INFO:teuthology.orchestra.run.smithi082.stdout:/usr/bin/ceph: stderr
2024-03-04T09:05:38.111+0000 7f3aa15f2700 1 --2- 172.21.15.82:0/1385734242 >> [v2:172.21.15.82:3300/0,v1:172.21.15.82:6789/0] conn(0x7f3a9c107b30 0x7f3a9c19ba90 secure :-1 s=READY pgs=23 cs=0 l=1 rev1=1 crypto rx=0x7f3a8c011840 tx=0x7f3a8c004230 comp rx=0 tx=0).stop
2024-03-04T09:05:38.684 INFO:teuthology.orchestra.run.smithi082.stdout:/usr/bin/ceph: stderr
2024-03-04T09:05:38.111+0000 7f3aa15f2700 1 -- 172.21.15.82:0/1385734242 shutdown_connections
2024-03-04T09:05:38.684 INFO:teuthology.orchestra.run.smithi082.stdout:/usr/bin/ceph: stderr
2024-03-04T09:05:38.111+0000 7f3aa15f2700 1 --2- 172.21.15.82:0/1385734242 >> [v2:172.21.15.82:6800/3291527077,v1:172.21.15.82:6801/3291527077] conn(0x7f3a84038b50 0x7f3a8403b010 unknown :-1 s=CLOSED pgs=8 cs=0 l=1 rev1=1 crypto rx=0 tx=0 comp rx=0 tx=0).stop
2024-03-04T09:05:38.684 INFO:teuthology.orchestra.run.smithi082.stdout:/usr/bin/ceph: stderr
2024-03-04T09:05:38.111+0000 7f3aa15f2700 1 --2- 172.21.15.82:0/1385734242 >> [v2:172.21.15.82:3300/0,v1:172.21.15.82:6789/0] conn(0x7f3a9c107b30 0x7f3a9c19ba90 unknown :-1 s=CLOSED pgs=23 cs=0 l=1 rev1=1 crypto rx=0 tx=0 comp rx=0 tx=0).stop
2024-03-04T09:05:38.684 INFO:teuthology.orchestra.run.smithi082.stdout:/usr/bin/ceph: stderr
2024-03-04T09:05:38.111+0000 7f3aa15f2700 1 -- 172.21.15.82:0/1385734242 >> 172.21.15.82:0/1385734242 conn(0x7f3a9c1030f0 msgr2=0x7f3a9c103c50 unknown :-1 s=STATE_NONE l=0).mark_down
2024-03-04T09:05:38.684 INFO:teuthology.orchestra.run.smithi082.stdout:/usr/bin/ceph: stderr
2024-03-04T09:05:38.111+0000 7f3aa15f2700 1 -- 172.21.15.82:0/1385734242 shutdown_connections
2024-03-04T09:05:38.684 INFO:teuthology.orchestra.run.smithi082.stdout:/usr/bin/ceph: stderr
2024-03-04T09:05:38.111+0000 7f3aa15f2700 1 -- 172.21.15.82:0/1385734242 wait complete.
2024-03-04T09:05:38.756 INFO:journalctl@ceph.mgr.x.smithi082.stdout:Mar 04 09:05:38 smithi082 ceph-2e533fc8-da06-11ee-95c6-87774f69a715-mgr-x[33112]:
2024-03-04T09:05:38.660+0000 7f91fa9f7200 -1 mgr[py] Module osd_perf_query has missing NOTIFY_TYPES member
2024-03-04T09:05:38.757 INFO:journalctl@ceph.mgr.x.smithi082.stdout:Mar 04 09:05:38 smithi082 ceph-2e533fc8-da06-11ee-95c6-87774f69a715-mgr-x[33112]:
2024-03-04T09:05:38.760+0000 7f91fa9f7200 -1 mgr[py] Module snap_schedule has missing NOTIFY_TYPES member
2024-03-04T09:05:39.314 INFO:journalctl@ceph.mon.a.smithi082.stdout:Mar 04 09:05:39 smithi082 ceph-mon[32880]: from='client.? 172.21.15.82:0/1385734242' entity='client.admin' cmd='[{"prefix": "mgr module enable", "module": "cephadm"}]': finished
2024-03-04T09:05:39.314 INFO:journalctl@ceph.mon.a.smithi082.stdout:Mar 04 09:05:39 smithi082 ceph-mon[32880]: mgrmap e5: x(active, since 6s)
2024-03-04T09:05:39.566 INFO:journalctl@ceph.mgr.x.smithi082.stdout:Mar 04 09:05:39 smithi082 ceph-2e533fc8-da06-11ee-95c6-87774f69a715-mgr-x[33112]:
2024-03-04T09:05:39.417+0000 7f91fa9f7200 -1 mgr[py] Module zabbix has missing NOTIFY_TYPES member
2024-03-04T09:05:39.566 INFO:journalctl@ceph.mgr.x.smithi082.stdout:Mar 04 09:05:39 smithi082 ceph-2e533fc8-da06-11ee-95c6-87774f69a715-mgr-x[33112]:
2024-03-04T09:05:39.511+0000 7f91fa9f7200 -1 mgr[py] Module balancer has missing NOTIFY_TYPES member
2024-03-04T09:05:40.012 INFO:journalctl@ceph.mgr.x.smithi082.stdout:Mar 04 09:05:39 smithi082 ceph-2e533fc8-da06-11ee-95c6-87774f69a715-mgr-x[33112]:
2024-03-04T09:05:39.653+0000 7f91fa9f7200 -1 mgr[py] Module influx has missing NOTIFY_TYPES member
2024-03-04T09:05:40.012 INFO:journalctl@ceph.mgr.x.smithi082.stdout:Mar 04 09:05:39 smithi082 ceph-2e533fc8-da06-11ee-95c6-87774f69a715-mgr-x[33112]:
2024-03-04T09:05:39.748+0000 7f91fa9f7200 -1 mgr[py] Module alerts has missing NOTIFY_TYPES member
2024-03-04T09:05:40.012 INFO:journalctl@ceph.mgr.x.smithi082.stdout:Mar 04 09:05:39 smithi082 ceph-2e533fc8-da06-11ee-95c6-87774f69a715-mgr-x[33112]:
2024-03-04T09:05:39.831+0000 7f91fa9f7200 -1 mgr[py] Module iostat has missing NOTIFY_TYPES member
2024-03-04T09:05:40.020 INFO:teuthology.orchestra.run.smithi082.stdout:/usr/bin/ceph: stdout {
2024-03-04T09:05:40.020 INFO:teuthology.orchestra.run.smithi082.stdout:/usr/bin/ceph: stdout "epoch": 5,
2024-03-04T09:05:40.020 INFO:teuthology.orchestra.run.smithi082.stdout:/usr/bin/ceph: stdout "available": true,
2024-03-04T09:05:40.020 INFO:teuthology.orchestra.run.smithi082.stdout:/usr/bin/ceph: stdout "active_name": "x",
2024-03-04T09:05:40.020 INFO:teuthology.orchestra.run.smithi082.stdout:/usr/bin/ceph: stdout "num_standby": 0
2024-03-04T09:05:40.020 INFO:teuthology.orchestra.run.smithi082.stdout:/usr/bin/ceph: stdout }
2024-03-04T09:05:40.020 INFO:teuthology.orchestra.run.smithi082.stdout:/usr/bin/ceph: stderr
2024-03-04T09:05:39.111+0000 7f4033033700 1 Processor -- start
2024-03-04T09:05:40.021 INFO:teuthology.orchestra.run.smithi082.stdout:/usr/bin/ceph: stderr
2024-03-04T09:05:39.111+0000 7f4033033700 1 -- start start
2024-03-04T09:05:40.021 INFO:teuthology.orchestra.run.smithi082.stdout:/usr/bin/ceph: stderr
2024-03-04T09:05:39.111+0000 7f4033033700 1 --2- >> [v2:172.21.15.82:3300/0,v1:172.21.15.82:6789/0] conn(0x7f402c105d80 0x7f402c1061a0 unknown :-1 s=NONE pgs=0 cs=0 l=0 rev1=0 crypto rx=0 tx=0 comp rx=0 tx=0).connect
2024-03-04T09:05:40.021 INFO:teuthology.orchestra.run.smithi082.stdout:/usr/bin/ceph: stderr
2024-03-04T09:05:39.111+0000 7f4033033700 1 -- --> [v2:172.21.15.82:3300/0,v1:172.21.15.82:6789/0] -- mon_getmap magic: 0 v1 -- 0x7f402c106770 con 0x7f402c105d80
2024-03-04T09:05:40.021 INFO:teuthology.orchestra.run.smithi082.stdout:/usr/bin/ceph: stderr
2024-03-04T09:05:39.111+0000 7f4030dcf700 1 --2- >> [v2:172.21.15.82:3300/0,v1:172.21.15.82:6789/0] conn(0x7f402c105d80 0x7f402c1061a0 unknown :-1 s=BANNER_CONNECTING pgs=0 cs=0 l=0 rev1=0 crypto rx=0 tx=0 comp rx=0 tx=0)._handle_peer_banner_payload supported=3 required=0
2024-03-04T09:05:40.021 INFO:teuthology.orchestra.run.smithi082.stdout:/usr/bin/ceph: stderr
2024-03-04T09:05:39.111+0000 7f4030dcf700 1 --2- >> [v2:172.21.15.82:3300/0,v1:172.21.15.82:6789/0] conn(0x7f402c105d80 0x7f402c1061a0 unknown :-1 s=HELLO_CONNECTING pgs=0 cs=0 l=0 rev1=1 crypto rx=0 tx=0 comp rx=0 tx=0).handle_hello peer v2:172.21.15.82:3300/0 says I am v2:172.21.15.82:38782/0 (socket says 172.21.15.82:38782)
2024-03-04T09:05:40.021 INFO:teuthology.orchestra.run.smithi082.stdout:/usr/bin/ceph: stderr
2024-03-04T09:05:39.111+0000 7f4030dcf700 1 -- 172.21.15.82:0/4069869813 learned_addr learned my addr 172.21.15.82:0/4069869813 (peer_addr_for_me v2:172.21.15.82:0/0)
2024-03-04T09:05:40.021 INFO:teuthology.orchestra.run.smithi082.stdout:/usr/bin/ceph: stderr
2024-03-04T09:05:39.112+0000 7f4030dcf700 1 -- 172.21.15.82:0/4069869813 --> [v2:172.21.15.82:3300/0,v1:172.21.15.82:6789/0] -- mon_subscribe({config=0+,monmap=0+}) v3 -- 0x7f402c108d10 con 0x7f402c105d80
2024-03-04T09:05:40.021 INFO:teuthology.orchestra.run.smithi082.stdout:/usr/bin/ceph: stderr
2024-03-04T09:05:39.112+0000 7f4030dcf700 1 --2- 172.21.15.82:0/4069869813 >> [v2:172.21.15.82:3300/0,v1:172.21.15.82:6789/0] conn(0x7f402c105d80 0x7f402c1061a0 secure :-1 s=READY pgs=26 cs=0 l=1 rev1=1 crypto rx=0x7f40200098a0 tx=0x7f4020009bb0 comp rx=0 tx=0).ready entity=mon.0 client_cookie=89d8bbe0c0cc8955 server_cookie=0 in_seq=0 out_seq=0
2024-03-04T09:05:40.021 INFO:teuthology.orchestra.run.smithi082.stdout:/usr/bin/ceph: stderr
2024-03-04T09:05:39.114+0000 7f402b7fe700 1 -- 172.21.15.82:0/4069869813 <== mon.0 v2:172.21.15.82:3300/0 1 ==== mon_map magic: 0 v1 ==== 205+0+0 (secure 0 0 0) 0x7f4020004160 con 0x7f402c105d80
2024-03-04T09:05:40.021 INFO:teuthology.orchestra.run.smithi082.stdout:/usr/bin/ceph: stderr
2024-03-04T09:05:39.114+0000 7f402b7fe700 1 -- 172.21.15.82:0/4069869813 <== mon.0 v2:172.21.15.82:3300/0 2 ==== config(27 keys) v1 ==== 1105+0+0 (secure 0 0 0) 0x7f4020004300 con 0x7f402c105d80
2024-03-04T09:05:40.021 INFO:teuthology.orchestra.run.smithi082.stdout:/usr/bin/ceph: stderr
2024-03-04T09:05:39.114+0000 7f402b7fe700 1 -- 172.21.15.82:0/4069869813 <== mon.0 v2:172.21.15.82:3300/0 3 ==== mon_map magic: 0 v1 ==== 205+0+0 (secure 0 0 0) 0x7f4020011b40 con 0x7f402c105d80
2024-03-04T09:05:40.021 INFO:teuthology.orchestra.run.smithi082.stdout:/usr/bin/ceph: stderr
2024-03-04T09:05:39.114+0000 7f4033033700 1 -- 172.21.15.82:0/4069869813 >> [v2:172.21.15.82:3300/0,v1:172.21.15.82:6789/0] conn(0x7f402c105d80 msgr2=0x7f402c1061a0 secure :-1 s=STATE_CONNECTION_ESTABLISHED l=1).mark_down
2024-03-04T09:05:40.021 INFO:teuthology.orchestra.run.smithi082.stdout:/usr/bin/ceph: stderr
2024-03-04T09:05:39.114+0000 7f4033033700 1 --2- 172.21.15.82:0/4069869813 >> [v2:172.21.15.82:3300/0,v1:172.21.15.82:6789/0] conn(0x7f402c105d80 0x7f402c1061a0 secure :-1 s=READY pgs=26 cs=0 l=1 rev1=1 crypto rx=0x7f40200098a0 tx=0x7f4020009bb0 comp rx=0 tx=0).stop
2024-03-04T09:05:40.022 INFO:teuthology.orchestra.run.smithi082.stdout:/usr/bin/ceph: stderr
2024-03-04T09:05:39.114+0000 7f4033033700 1 -- 172.21.15.82:0/4069869813 shutdown_connections
2024-03-04T09:05:40.022 INFO:teuthology.orchestra.run.smithi082.stdout:/usr/bin/ceph: stderr
2024-03-04T09:05:39.114+0000 7f4033033700 1 --2- 172.21.15.82:0/4069869813 >> [v2:172.21.15.82:3300/0,v1:172.21.15.82:6789/0] conn(0x7f402c105d80 0x7f402c1061a0 unknown :-1 s=CLOSED pgs=26 cs=0 l=1 rev1=1 crypto rx=0 tx=0 comp rx=0 tx=0).stop
2024-03-04T09:05:40.022 INFO:teuthology.orchestra.run.smithi082.stdout:/usr/bin/ceph: stderr
2024-03-04T09:05:39.114+0000 7f4033033700 1 -- 172.21.15.82:0/4069869813 >> 172.21.15.82:0/4069869813 conn(0x7f402c1016f0 msgr2=0x7f402c103b10 unknown :-1 s=STATE_NONE l=0).mark_down
2024-03-04T09:05:40.022 INFO:teuthology.orchestra.run.smithi082.stdout:/usr/bin/ceph: stderr
2024-03-04T09:05:39.114+0000 7f4033033700 1 -- 172.21.15.82:0/4069869813 shutdown_connections
2024-03-04T09:05:40.022 INFO:teuthology.orchestra.run.smithi082.stdout:/usr/bin/ceph: stderr
2024-03-04T09:05:39.114+0000 7f4033033700 1 -- 172.21.15.82:0/4069869813 wait complete.
2024-03-04T09:05:40.022 INFO:teuthology.orchestra.run.smithi082.stdout:/usr/bin/ceph: stderr
2024-03-04T09:05:39.115+0000 7f4033033700 1 Processor -- start
2024-03-04T09:05:40.022 INFO:teuthology.orchestra.run.smithi082.stdout:/usr/bin/ceph: stderr
2024-03-04T09:05:39.115+0000 7f4033033700 1 -- start start
2024-03-04T09:05:40.022 INFO:teuthology.orchestra.run.smithi082.stdout:/usr/bin/ceph: stderr
2024-03-04T09:05:39.115+0000 7f4033033700 1 --2- >> [v2:172.21.15.82:3300/0,v1:172.21.15.82:6789/0] conn(0x7f402c105d80 0x7f402c19b9a0 unknown :-1 s=NONE pgs=0 cs=0 l=1 rev1=0 crypto rx=0 tx=0 comp rx=0 tx=0).connect
2024-03-04T09:05:40.022 INFO:teuthology.orchestra.run.smithi082.stdout:/usr/bin/ceph: stderr
2024-03-04T09:05:39.115+0000 7f4033033700 1 -- --> [v2:172.21.15.82:3300/0,v1:172.21.15.82:6789/0] -- mon_getmap magic: 0 v1 -- 0x7f402c10c0c0 con 0x7f402c105d80
2024-03-04T09:05:40.022 INFO:teuthology.orchestra.run.smithi082.stdout:/usr/bin/ceph: stderr
2024-03-04T09:05:39.115+0000 7f4030dcf700 1 --2- >> [v2:172.21.15.82:3300/0,v1:172.21.15.82:6789/0] conn(0x7f402c105d80 0x7f402c19b9a0 unknown :-1 s=BANNER_CONNECTING pgs=0 cs=0 l=1 rev1=0 crypto rx=0 tx=0 comp rx=0 tx=0)._handle_peer_banner_payload supported=3 required=0
2024-03-04T09:05:40.022 INFO:teuthology.orchestra.run.smithi082.stdout:/usr/bin/ceph: stderr
2024-03-04T09:05:39.115+0000 7f4030dcf700 1 --2- >> [v2:172.21.15.82:3300/0,v1:172.21.15.82:6789/0] conn(0x7f402c105d80 0x7f402c19b9a0 unknown :-1 s=HELLO_CONNECTING pgs=0 cs=0 l=1 rev1=1 crypto rx=0 tx=0 comp rx=0 tx=0).handle_hello peer v2:172.21.15.82:3300/0 says I am v2:172.21.15.82:38792/0 (socket says 172.21.15.82:38792)
2024-03-04T09:05:40.022 INFO:teuthology.orchestra.run.smithi082.stdout:/usr/bin/ceph: stderr
2024-03-04T09:05:39.115+0000 7f4030dcf700 1 -- 172.21.15.82:0/3797014802 learned_addr learned my addr 172.21.15.82:0/3797014802 (peer_addr_for_me v2:172.21.15.82:0/0)
2024-03-04T09:05:40.022 INFO:teuthology.orchestra.run.smithi082.stdout:/usr/bin/ceph: stderr
2024-03-04T09:05:39.116+0000 7f4030dcf700 1 -- 172.21.15.82:0/3797014802 --> [v2:172.21.15.82:3300/0,v1:172.21.15.82:6789/0] -- mon_subscribe({config=0+,monmap=0+}) v3 -- 0x7f402c19bee0 con 0x7f402c105d80
2024-03-04T09:05:40.022 INFO:teuthology.orchestra.run.smithi082.stdout:/usr/bin/ceph: stderr
2024-03-04T09:05:39.116+0000 7f4030dcf700 1 --2- 172.21.15.82:0/3797014802 >> [v2:172.21.15.82:3300/0,v1:172.21.15.82:6789/0] conn(0x7f402c105d80 0x7f402c19b9a0 secure :-1 s=READY pgs=27 cs=0 l=1 rev1=1 crypto rx=0x7f4020011670 tx=0x7f4020011920 comp rx=0 tx=0).ready entity=mon.0 client_cookie=0 server_cookie=0 in_seq=0 out_seq=0
2024-03-04T09:05:40.023 INFO:teuthology.orchestra.run.smithi082.stdout:/usr/bin/ceph: stderr
2024-03-04T09:05:39.116+0000 7f4029ffb700 1 -- 172.21.15.82:0/3797014802 <== mon.0 v2:172.21.15.82:3300/0 1 ==== mon_map magic: 0 v1 ==== 205+0+0 (secure 0 0 0) 0x7f40200037d0 con 0x7f402c105d80
2024-03-04T09:05:40.023 INFO:teuthology.orchestra.run.smithi082.stdout:/usr/bin/ceph: stderr
2024-03-04T09:05:39.116+0000 7f4029ffb700 1 -- 172.21.15.82:0/3797014802 <== mon.0 v2:172.21.15.82:3300/0 2 ==== config(27 keys) v1 ==== 1105+0+0 (secure 0 0 0) 0x7f402001a430 con 0x7f402c105d80
2024-03-04T09:05:40.023 INFO:teuthology.orchestra.run.smithi082.stdout:/usr/bin/ceph: stderr
2024-03-04T09:05:39.116+0000 7f4033033700 1 -- 172.21.15.82:0/3797014802 --> [v2:172.21.15.82:3300/0,v1:172.21.15.82:6789/0] -- mon_subscribe({mgrmap=0+}) v3 -- 0x7f402c19c170 con 0x7f402c105d80
2024-03-04T09:05:40.023 INFO:teuthology.orchestra.run.smithi082.stdout:/usr/bin/ceph: stderr
2024-03-04T09:05:39.116+0000 7f4029ffb700 1 -- 172.21.15.82:0/3797014802 <== mon.0 v2:172.21.15.82:3300/0 3 ==== mon_map magic: 0 v1 ==== 205+0+0 (secure 0 0 0) 0x7f4020019550 con 0x7f402c105d80
2024-03-04T09:05:40.023 INFO:teuthology.orchestra.run.smithi082.stdout:/usr/bin/ceph: stderr
2024-03-04T09:05:39.116+0000 7f4033033700 1 -- 172.21.15.82:0/3797014802 --> [v2:172.21.15.82:3300/0,v1:172.21.15.82:6789/0] -- mon_subscribe({osdmap=0}) v3 -- 0x7f402c19ee60 con 0x7f402c105d80
2024-03-04T09:05:40.023 INFO:teuthology.orchestra.run.smithi082.stdout:/usr/bin/ceph: stderr
2024-03-04T09:05:39.117+0000 7f4029ffb700 1 -- 172.21.15.82:0/3797014802 <== mon.0 v2:172.21.15.82:3300/0 4 ==== mgrmap(e 5) v1 ==== 45928+0+0 (secure 0 0 0) 0x7f4020022020 con 0x7f402c105d80
2024-03-04T09:05:40.023 INFO:teuthology.orchestra.run.smithi082.stdout:/usr/bin/ceph: stderr
2024-03-04T09:05:39.117+0000 7f4033033700 1 -- 172.21.15.82:0/3797014802 --> [v2:172.21.15.82:3300/0,v1:172.21.15.82:6789/0] -- mon_command({"prefix": "get_command_descriptions"} v 0) v1 -- 0x7f402c0636f0 con 0x7f402c105d80
2024-03-04T09:05:40.023 INFO:teuthology.orchestra.run.smithi082.stdout:/usr/bin/ceph: stderr
2024-03-04T09:05:39.117+0000 7f4029ffb700 1 --2- 172.21.15.82:0/3797014802 >> [v2:172.21.15.82:6800/3291527077,v1:172.21.15.82:6801/3291527077] conn(0x7f401c038ba0 0x7f401c03b060 unknown :-1 s=NONE pgs=0 cs=0 l=1 rev1=0 crypto rx=0 tx=0 comp rx=0 tx=0).connect
2024-03-04T09:05:40.023 INFO:teuthology.orchestra.run.smithi082.stdout:/usr/bin/ceph: stderr
2024-03-04T09:05:39.117+0000 7f4029ffb700 1 -- 172.21.15.82:0/3797014802 <== mon.0 v2:172.21.15.82:3300/0 5 ==== osd_map(1..1 src has 1..1) v4 ==== 725+0+0 (secure 0 0 0) 0x7f402004c660 con 0x7f402c105d80
2024-03-04T09:05:40.023 INFO:teuthology.orchestra.run.smithi082.stdout:/usr/bin/ceph: stderr
2024-03-04T09:05:39.117+0000 7f402bfff700 1 -- 172.21.15.82:0/3797014802 >> [v2:172.21.15.82:6800/3291527077,v1:172.21.15.82:6801/3291527077] conn(0x7f401c038ba0 msgr2=0x7f401c03b060 unknown :-1 s=STATE_CONNECTING_RE l=1).process reconnect failed to v2:172.21.15.82:6800/3291527077
2024-03-04T09:05:40.023 INFO:teuthology.orchestra.run.smithi082.stdout:/usr/bin/ceph: stderr
2024-03-04T09:05:39.117+0000 7f402bfff700 1 --2- 172.21.15.82:0/3797014802 >> [v2:172.21.15.82:6800/3291527077,v1:172.21.15.82:6801/3291527077] conn(0x7f401c038ba0 0x7f401c03b060 unknown :-1 s=START_CONNECT pgs=0 cs=0 l=1 rev1=0 crypto rx=0 tx=0 comp rx=0 tx=0)._fault waiting 0.200000
2024-03-04T09:05:40.023 INFO:teuthology.orchestra.run.smithi082.stdout:/usr/bin/ceph: stderr
2024-03-04T09:05:39.122+0000 7f4029ffb700 1 -- 172.21.15.82:0/3797014802 <== mon.0 v2:172.21.15.82:3300/0 6 ==== mon_command_ack([{"prefix": "get_command_descriptions"}]=0 v0) v1 ==== 72+0+184932 (secure 0 0 0) 0x7f402002b510 con 0x7f402c105d80
2024-03-04T09:05:40.023 INFO:teuthology.orchestra.run.smithi082.stdout:/usr/bin/ceph: stderr
2024-03-04T09:05:39.318+0000 7f402bfff700 1 -- 172.21.15.82:0/3797014802 >> [v2:172.21.15.82:6800/3291527077,v1:172.21.15.82:6801/3291527077] conn(0x7f401c038ba0 msgr2=0x7f401c03b060 unknown :-1 s=STATE_CONNECTING_RE l=1).process reconnect failed to v2:172.21.15.82:6800/3291527077
2024-03-04T09:05:40.023 INFO:teuthology.orchestra.run.smithi082.stdout:/usr/bin/ceph: stderr
2024-03-04T09:05:39.318+0000 7f402bfff700 1 --2- 172.21.15.82:0/3797014802 >> [v2:172.21.15.82:6800/3291527077,v1:172.21.15.82:6801/3291527077] conn(0x7f401c038ba0 0x7f401c03b060 unknown :-1 s=START_CONNECT pgs=0 cs=0 l=1 rev1=0 crypto rx=0 tx=0 comp rx=0 tx=0)._fault waiting 0.400000
2024-03-04T09:05:40.024 INFO:teuthology.orchestra.run.smithi082.stdout:/usr/bin/ceph: stderr
2024-03-04T09:05:39.377+0000 7f4033033700 1 -- 172.21.15.82:0/3797014802 --> [v2:172.21.15.82:3300/0,v1:172.21.15.82:6789/0] -- mon_command({"prefix": "mgr stat"} v 0) v1 -- 0x7f402c19f030 con 0x7f402c105d80
2024-03-04T09:05:40.024 INFO:teuthology.orchestra.run.smithi082.stdout:/usr/bin/ceph: stderr
2024-03-04T09:05:39.377+0000 7f4029ffb700 1 -- 172.21.15.82:0/3797014802 <== mon.0 v2:172.21.15.82:3300/0 7 ==== mon_command_ack([{"prefix": "mgr stat"}]=0 v5) v1 ==== 56+0+88 (secure 0 0 0) 0x7f402c19f030 con 0x7f402c105d80
2024-03-04T09:05:40.024 INFO:teuthology.orchestra.run.smithi082.stdout:/usr/bin/ceph: stderr
2024-03-04T09:05:39.379+0000 7f4033033700 1 -- 172.21.15.82:0/3797014802 >> [v2:172.21.15.82:6800/3291527077,v1:172.21.15.82:6801/3291527077] conn(0x7f401c038ba0 msgr2=0x7f401c03b060 unknown :-1 s=STATE_CONNECTING l=1).mark_down
2024-03-04T09:05:40.024 INFO:teuthology.orchestra.run.smithi082.stdout:/usr/bin/ceph: stderr
2024-03-04T09:05:39.379+0000 7f4033033700 1 --2- 172.21.15.82:0/3797014802 >> [v2:172.21.15.82:6800/3291527077,v1:172.21.15.82:6801/3291527077] conn(0x7f401c038ba0 0x7f401c03b060 unknown :-1 s=START_CONNECT pgs=0 cs=0 l=1 rev1=0 crypto rx=0 tx=0 comp rx=0 tx=0).stop
2024-03-04T09:05:40.024 INFO:teuthology.orchestra.run.smithi082.stdout:/usr/bin/ceph: stderr
2024-03-04T09:05:39.379+0000 7f4033033700 1 -- 172.21.15.82:0/3797014802 >> [v2:172.21.15.82:3300/0,v1:172.21.15.82:6789/0] conn(0x7f402c105d80 msgr2=0x7f402c19b9a0 secure :-1 s=STATE_CONNECTION_ESTABLISHED l=1).mark_down
2024-03-04T09:05:40.024 INFO:teuthology.orchestra.run.smithi082.stdout:/usr/bin/ceph: stderr
2024-03-04T09:05:39.379+0000 7f4033033700 1 --2- 172.21.15.82:0/3797014802 >> [v2:172.21.15.82:3300/0,v1:172.21.15.82:6789/0] conn(0x7f402c105d80 0x7f402c19b9a0 secure :-1 s=READY pgs=27 cs=0 l=1 rev1=1 crypto rx=0x7f4020011670 tx=0x7f4020011920 comp rx=0 tx=0).stop
2024-03-04T09:05:40.024 INFO:teuthology.orchestra.run.smithi082.stdout:/usr/bin/ceph: stderr
2024-03-04T09:05:39.380+0000 7f4033033700 1 -- 172.21.15.82:0/3797014802 shutdown_connections
2024-03-04T09:05:40.024 INFO:teuthology.orchestra.run.smithi082.stdout:/usr/bin/ceph: stderr
2024-03-04T09:05:39.380+0000 7f4033033700 1 --2- 172.21.15.82:0/3797014802 >> [v2:172.21.15.82:6800/3291527077,v1:172.21.15.82:6801/3291527077] conn(0x7f401c038ba0 0x7f401c03b060 unknown :-1 s=CLOSED pgs=0 cs=0 l=1 rev1=0 crypto rx=0 tx=0 comp rx=0 tx=0).stop
2024-03-04T09:05:40.024 INFO:teuthology.orchestra.run.smithi082.stdout:/usr/bin/ceph: stderr
2024-03-04T09:05:39.380+0000 7f4033033700 1 --2- 172.21.15.82:0/3797014802 >> [v2:172.21.15.82:3300/0,v1:172.21.15.82:6789/0] conn(0x7f402c105d80 0x7f402c19b9a0 unknown :-1 s=CLOSED pgs=27 cs=0 l=1 rev1=1 crypto rx=0 tx=0 comp rx=0 tx=0).stop
2024-03-04T09:05:40.024 INFO:teuthology.orchestra.run.smithi082.stdout:/usr/bin/ceph: stderr
2024-03-04T09:05:39.380+0000 7f4033033700 1 -- 172.21.15.82:0/3797014802 >> 172.21.15.82:0/3797014802 conn(0x7f402c1016f0 msgr2=0x7f402c1021b0 unknown :-1 s=STATE_NONE l=0).mark_down
2024-03-04T09:05:40.024 INFO:teuthology.orchestra.run.smithi082.stdout:/usr/bin/ceph: stderr
2024-03-04T09:05:39.380+0000 7f4033033700 1 -- 172.21.15.82:0/3797014802 shutdown_connections
2024-03-04T09:05:40.024 INFO:teuthology.orchestra.run.smithi082.stdout:/usr/bin/ceph: stderr
2024-03-04T09:05:39.380+0000 7f4033033700 1 -- 172.21.15.82:0/3797014802 wait complete.
2024-03-04T09:05:40.024 INFO:teuthology.orchestra.run.smithi082.stdout:Waiting for the mgr to restart...
2024-03-04T09:05:40.024 INFO:teuthology.orchestra.run.smithi082.stdout:Waiting for mgr epoch 5...
2024-03-04T09:05:40.299 INFO:journalctl@ceph.mon.a.smithi082.stdout:Mar 04 09:05:40 smithi082 ceph-mon[32880]: from='client.? 172.21.15.82:0/3797014802' entity='client.admin' cmd=[{"prefix": "mgr stat"}]: dispatch
2024-03-04T09:05:40.299 INFO:journalctl@ceph.mgr.x.smithi082.stdout:Mar 04 09:05:40 smithi082 ceph-2e533fc8-da06-11ee-95c6-87774f69a715-mgr-x[33112]:
2024-03-04T09:05:40.101+0000 7f91fa9f7200 -1 mgr[py] Module rgw has missing NOTIFY_TYPES member
2024-03-04T09:05:40.300 INFO:journalctl@ceph.mgr.x.smithi082.stdout:Mar 04 09:05:40 smithi082 ceph-2e533fc8-da06-11ee-95c6-87774f69a715-mgr-x[33112]:
2024-03-04T09:05:40.212+0000 7f91fa9f7200 -1 mgr[py] Module rbd_support has missing NOTIFY_TYPES member
2024-03-04T09:05:40.300 INFO:journalctl@ceph.mgr.x.smithi082.stdout:Mar 04 09:05:40 smithi082 ceph-2e533fc8-da06-11ee-95c6-87774f69a715-mgr-x[33112]:
2024-03-04T09:05:40.303+0000 7f91fa9f7200 -1 mgr[py] Module progress has missing NOTIFY_TYPES member
2024-03-04T09:05:40.566 INFO:journalctl@ceph.mgr.x.smithi082.stdout:Mar 04 09:05:40 smithi082 ceph-2e533fc8-da06-11ee-95c6-87774f69a715-mgr-x[33112]:
2024-03-04T09:05:40.398+0000 7f91fa9f7200 -1 mgr[py] Module pg_autoscaler has missing NOTIFY_TYPES member
2024-03-04T09:05:41.066 INFO:journalctl@ceph.mgr.x.smithi082.stdout:Mar 04 09:05:40 smithi082 ceph-2e533fc8-da06-11ee-95c6-87774f69a715-mgr-x[33112]:
2024-03-04T09:05:40.580+0000 7f91fa9f7200 -1 mgr[py] Module devicehealth has missing NOTIFY_TYPES member
2024-03-04T09:05:41.816 INFO:journalctl@ceph.mgr.x.smithi082.stdout:Mar 04 09:05:41 smithi082 ceph-2e533fc8-da06-11ee-95c6-87774f69a715-mgr-x[33112]:
2024-03-04T09:05:41.532+0000 7f91fa9f7200 -1 mgr[py] Module rook has missing NOTIFY_TYPES member
2024-03-04T09:05:41.816 INFO:journalctl@ceph.mgr.x.smithi082.stdout:Mar 04 09:05:41 smithi082 ceph-2e533fc8-da06-11ee-95c6-87774f69a715-mgr-x[33112]:
2024-03-04T09:05:41.662+0000 7f91fa9f7200 -1 mgr[py] Module diskprediction_local has missing NOTIFY_TYPES member
2024-03-04T09:05:42.282 INFO:journalctl@ceph.mgr.x.smithi082.stdout:Mar 04 09:05:42 smithi082 ceph-2e533fc8-da06-11ee-95c6-87774f69a715-mgr-x[33112]:
2024-03-04T09:05:42.004+0000 7f91fa9f7200 -1 mgr[py] Module selftest has missing NOTIFY_TYPES member
2024-03-04T09:05:42.282 INFO:journalctl@ceph.mgr.x.smithi082.stdout:Mar 04 09:05:42 smithi082 ceph-2e533fc8-da06-11ee-95c6-87774f69a715-mgr-x[33112]:
2024-03-04T09:05:42.093+0000 7f91fa9f7200 -1 mgr[py] Module telegraf has missing NOTIFY_TYPES member
2024-03-04T09:05:42.282 INFO:journalctl@ceph.mgr.x.smithi082.stdout:Mar 04 09:05:42 smithi082 ceph-2e533fc8-da06-11ee-95c6-87774f69a715-mgr-x[33112]:
2024-03-04T09:05:42.286+0000 7f91fa9f7200 -1 mgr[py] Module test_orchestrator has missing NOTIFY_TYPES member
2024-03-04T09:05:42.566 INFO:journalctl@ceph.mgr.x.smithi082.stdout:Mar 04 09:05:42 smithi082 ceph-2e533fc8-da06-11ee-95c6-87774f69a715-mgr-x[33112]:
2024-03-04T09:05:42.467+0000 7f91fa9f7200 -1 mgr[py] Module crash has missing NOTIFY_TYPES member
2024-03-04T09:05:42.999 INFO:journalctl@ceph.mgr.x.smithi082.stdout:Mar 04 09:05:42 smithi082 ceph-2e533fc8-da06-11ee-95c6-87774f69a715-mgr-x[33112]:
2024-03-04T09:05:42.748+0000 7f91fa9f7200 -1 mgr[py] Module orchestrator has missing NOTIFY_TYPES member
2024-03-04T09:05:43.316 INFO:journalctl@ceph.mgr.x.smithi082.stdout:Mar 04 09:05:43 smithi082 ceph-2e533fc8-da06-11ee-95c6-87774f69a715-mgr-x[33112]:
2024-03-04T09:05:43.003+0000 7f91fa9f7200 -1 mgr[py] Module osd_support has missing NOTIFY_TYPES member
2024-03-04T09:05:43.316 INFO:journalctl@ceph.mgr.x.smithi082.stdout:Mar 04 09:05:43 smithi082 ceph-2e533fc8-da06-11ee-95c6-87774f69a715-mgr-x[33112]:
2024-03-04T09:05:43.235+0000 7f91fa9f7200 -1 mgr[py] Module volumes has missing NOTIFY_TYPES member
2024-03-04T09:05:44.316 INFO:journalctl@ceph.mgr.x.smithi082.stdout:Mar 04 09:05:44 smithi082 ceph-2e533fc8-da06-11ee-95c6-87774f69a715-mgr-x[33112]:
2024-03-04T09:05:44.022+0000 7f91fa9f7200 -1 mgr[py] Module telemetry has missing NOTIFY_TYPES member
2024-03-04T09:05:44.894 INFO:journalctl@ceph.mgr.x.smithi082.stdout:Mar 04 09:05:44 smithi082 ceph-2e533fc8-da06-11ee-95c6-87774f69a715-mgr-x[33112]:
2024-03-04T09:05:44.586+0000 7f91fa9f7200 -1 mgr[py] Module prometheus has missing NOTIFY_TYPES member
2024-03-04T09:05:44.894 INFO:journalctl@ceph.mgr.x.smithi082.stdout:Mar 04 09:05:44 smithi082 ceph-2e533fc8-da06-11ee-95c6-87774f69a715-mgr-x[33112]:
2024-03-04T09:05:44.683+0000 7f91fa9f7200 -1 mgr[py] Module status has missing NOTIFY_TYPES member
2024-03-04T09:05:44.895 INFO:journalctl@ceph.mgr.x.smithi082.stdout:Mar 04 09:05:44 smithi082 ceph-2e533fc8-da06-11ee-95c6-87774f69a715-mgr-x[33112]:
2024-03-04T09:05:44.898+0000 7f91fa9f7200 -1 mgr[py] Module nfs has missing NOTIFY_TYPES member
2024-03-04T09:05:45.316 INFO:journalctl@ceph.mon.a.smithi082.stdout:Mar 04 09:05:44 smithi082 ceph-mon[32880]: Active manager daemon x restarted
2024-03-04T09:05:45.317 INFO:journalctl@ceph.mon.a.smithi082.stdout:Mar 04 09:05:44 smithi082 ceph-mon[32880]: Activating manager daemon x
2024-03-04T09:05:45.317 INFO:journalctl@ceph.mon.a.smithi082.stdout:Mar 04 09:05:44 smithi082 ceph-mon[32880]: osdmap e2: 0 total, 0 up, 0 in
2024-03-04T09:05:45.317 INFO:journalctl@ceph.mon.a.smithi082.stdout:Mar 04 09:05:44 smithi082 ceph-mon[32880]: mgrmap e6: x(active, starting, since 0.00341655s)
2024-03-04T09:05:45.317 INFO:journalctl@ceph.mon.a.smithi082.stdout:Mar 04 09:05:44 smithi082 ceph-mon[32880]: from='mgr.14120 172.21.15.82:0/998079227' entity='mgr.x' cmd=[{"prefix": "mon metadata", "id": "a"}]: dispatch
2024-03-04T09:05:45.317 INFO:journalctl@ceph.mon.a.smithi082.stdout:Mar 04 09:05:44 smithi082 ceph-mon[32880]: from='mgr.14120 172.21.15.82:0/998079227' entity='mgr.x' cmd=[{"prefix": "mgr metadata", "who": "x", "id": "x"}]: dispatch
2024-03-04T09:05:45.317 INFO:journalctl@ceph.mon.a.smithi082.stdout:Mar 04 09:05:44 smithi082 ceph-mon[32880]: from='mgr.14120 172.21.15.82:0/998079227' entity='mgr.x' cmd=[{"prefix": "mds metadata"}]: dispatch
2024-03-04T09:05:45.317 INFO:journalctl@ceph.mon.a.smithi082.stdout:Mar 04 09:05:44 smithi082 ceph-mon[32880]: from='mgr.14120 172.21.15.82:0/998079227' entity='mgr.x' cmd=[{"prefix": "osd metadata"}]: dispatch
2024-03-04T09:05:45.317 INFO:journalctl@ceph.mon.a.smithi082.stdout:Mar 04 09:05:44 smithi082 ceph-mon[32880]: from='mgr.14120 172.21.15.82:0/998079227' entity='mgr.x' cmd=[{"prefix": "mon metadata"}]: dispatch
2024-03-04T09:05:45.317 INFO:journalctl@ceph.mon.a.smithi082.stdout:Mar 04 09:05:44 smithi082 ceph-mon[32880]: Manager daemon x is now available
2024-03-04T09:05:45.317 INFO:journalctl@ceph.mon.a.smithi082.stdout:Mar 04 09:05:44 smithi082 ceph-mon[32880]: from='mgr.14120 172.21.15.82:0/998079227' entity='mgr.x'
2024-03-04T09:05:45.317 INFO:journalctl@ceph.mon.a.smithi082.stdout:Mar 04 09:05:44 smithi082 ceph-mon[32880]: from='mgr.14120 172.21.15.82:0/998079227' entity='mgr.x'
2024-03-04T09:05:45.317 INFO:journalctl@ceph.mon.a.smithi082.stdout:Mar 04 09:05:44 smithi082 ceph-mon[32880]: from='mgr.14120 172.21.15.82:0/998079227' entity='mgr.x' cmd=[{"prefix": "config dump", "format": "json"}]: dispatch
2024-03-04T09:05:45.318 INFO:journalctl@ceph.mon.a.smithi082.stdout:Mar 04 09:05:44 smithi082 ceph-mon[32880]: from='mgr.14120 172.21.15.82:0/998079227' entity='mgr.x' cmd=[{"prefix": "config dump", "format": "json"}]: dispatch
2024-03-04T09:05:45.318 INFO:journalctl@ceph.mon.a.smithi082.stdout:Mar 04 09:05:44 smithi082 ceph-mon[32880]: from='mgr.14120 172.21.15.82:0/998079227' entity='mgr.x' cmd=[{"prefix": "config dump", "format": "json"}]: dispatch
2024-03-04T09:05:46.243 INFO:journalctl@ceph.mon.a.smithi082.stdout:Mar 04 09:05:45 smithi082 ceph-mon[32880]: Found migration_current of "None". Setting to last migration.
2024-03-04T09:05:46.243 INFO:journalctl@ceph.mon.a.smithi082.stdout:Mar 04 09:05:45 smithi082 ceph-mon[32880]: from='mgr.14120 172.21.15.82:0/998079227' entity='mgr.x' cmd=[{"prefix":"config rm","who":"mgr","name":"mgr/rbd_support/x/mirror_snapshot_schedule"}]: dispatch
2024-03-04T09:05:46.243 INFO:journalctl@ceph.mon.a.smithi082.stdout:Mar 04 09:05:45 smithi082 ceph-mon[32880]: from='mgr.14120 172.21.15.82:0/998079227' entity='mgr.x' cmd=[{"prefix":"config rm","who":"mgr","name":"mgr/rbd_support/x/trash_purge_schedule"}]: dispatch
2024-03-04T09:05:46.243 INFO:journalctl@ceph.mon.a.smithi082.stdout:Mar 04 09:05:45 smithi082 ceph-mon[32880]: from='mgr.14120 172.21.15.82:0/998079227' entity='mgr.x'
2024-03-04T09:05:46.243 INFO:journalctl@ceph.mon.a.smithi082.stdout:Mar 04 09:05:45 smithi082 ceph-mon[32880]: from='mgr.14120 172.21.15.82:0/998079227' entity='mgr.x'
2024-03-04T09:05:46.243 INFO:journalctl@ceph.mon.a.smithi082.stdout:Mar 04 09:05:45 smithi082 ceph-mon[32880]: mgrmap e7: x(active, since 1.00639s)
2024-03-04T09:05:46.521 INFO:teuthology.orchestra.run.smithi082.stdout:/usr/bin/ceph: stdout {
2024-03-04T09:05:46.521 INFO:teuthology.orchestra.run.smithi082.stdout:/usr/bin/ceph: stdout "mgrmap_epoch": 7,
2024-03-04T09:05:46.521 INFO:teuthology.orchestra.run.smithi082.stdout:/usr/bin/ceph: stdout "initialized": true
2024-03-04T09:05:46.521 INFO:teuthology.orchestra.run.smithi082.stdout:/usr/bin/ceph: stdout }
2024-03-04T09:05:46.521 INFO:teuthology.orchestra.run.smithi082.stdout:/usr/bin/ceph: stderr
2024-03-04T09:05:40.506+0000 7fd9ef85f700 1 Processor -- start
2024-03-04T09:05:46.522 INFO:teuthology.orchestra.run.smithi082.stdout:/usr/bin/ceph: stderr
2024-03-04T09:05:40.506+0000 7fd9ef85f700 1 -- start start
2024-03-04T09:05:46.522 INFO:teuthology.orchestra.run.smithi082.stdout:/usr/bin/ceph: stderr
2024-03-04T09:05:40.506+0000 7fd9ef85f700 1 --2- >> [v2:172.21.15.82:3300/0,v1:172.21.15.82:6789/0] conn(0x7fd9e81084f0 0x7fd9e810a8e0 unknown :-1 s=NONE pgs=0 cs=0 l=0 rev1=0 crypto rx=0 tx=0 comp rx=0 tx=0).connect
2024-03-04T09:05:46.522 INFO:teuthology.orchestra.run.smithi082.stdout:/usr/bin/ceph: stderr
2024-03-04T09:05:40.506+0000 7fd9ef85f700 1 -- --> [v2:172.21.15.82:3300/0,v1:172.21.15.82:6789/0] -- mon_getmap magic: 0 v1 -- 0x7fd9e807be30 con 0x7fd9e81084f0
2024-03-04T09:05:46.522 INFO:teuthology.orchestra.run.smithi082.stdout:/usr/bin/ceph: stderr
2024-03-04T09:05:40.506+0000 7fd9ed5fb700 1 --2- >> [v2:172.21.15.82:3300/0,v1:172.21.15.82:6789/0] conn(0x7fd9e81084f0 0x7fd9e810a8e0 unknown :-1 s=BANNER_CONNECTING pgs=0 cs=0 l=0 rev1=0 crypto rx=0 tx=0 comp rx=0 tx=0)._handle_peer_banner_payload supported=3 required=0
2024-03-04T09:05:46.522 INFO:teuthology.orchestra.run.smithi082.stdout:/usr/bin/ceph: stderr
2024-03-04T09:05:40.506+0000 7fd9ed5fb700 1 --2- >> [v2:172.21.15.82:3300/0,v1:172.21.15.82:6789/0] conn(0x7fd9e81084f0 0x7fd9e810a8e0 unknown :-1 s=HELLO_CONNECTING pgs=0 cs=0 l=0 rev1=1 crypto rx=0 tx=0 comp rx=0 tx=0).handle_hello peer v2:172.21.15.82:3300/0 says I am v2:172.21.15.82:38800/0 (socket says 172.21.15.82:38800)
2024-03-04T09:05:46.522 INFO:teuthology.orchestra.run.smithi082.stdout:/usr/bin/ceph: stderr
2024-03-04T09:05:40.506+0000 7fd9ed5fb700 1 -- 172.21.15.82:0/2979342516 learned_addr learned my addr 172.21.15.82:0/2979342516 (peer_addr_for_me v2:172.21.15.82:0/0)
2024-03-04T09:05:46.522 INFO:teuthology.orchestra.run.smithi082.stdout:/usr/bin/ceph: stderr
2024-03-04T09:05:40.507+0000 7fd9ed5fb700 1 -- 172.21.15.82:0/2979342516 --> [v2:172.21.15.82:3300/0,v1:172.21.15.82:6789/0] -- mon_subscribe({config=0+,monmap=0+}) v3 -- 0x7fd9e810ae20 con 0x7fd9e81084f0
2024-03-04T09:05:46.522 INFO:teuthology.orchestra.run.smithi082.stdout:/usr/bin/ceph: stderr
