2024-03-07T09:49:22.370+0000 7f5565995700 1 --2- 172.21.15.18:0/2014628515 >> [v2:172.21.15.18:6800/3136177842,v1:172.21.15.18:6801/3136177842] conn(0x7f554c038b50 0x7f554c03b010 secure :-1 s=READY pgs=8 cs=0 l=1 rev1=1 crypto rx=0x7f5548006fd0 tx=0x7f5548006e40 comp rx=0 tx=0).stop
2024-03-07T09:49:22.968 INFO:teuthology.orchestra.run.smithi018.stdout:/usr/bin/ceph: stderr
2024-03-07T09:49:22.370+0000 7f5565995700 1 -- 172.21.15.18:0/2014628515 >> [v2:172.21.15.18:3300/0,v1:172.21.15.18:6789/0] conn(0x7f5560105db0 msgr2=0x7f556019bab0 secure :-1 s=STATE_CONNECTION_ESTABLISHED l=1).mark_down
2024-03-07T09:49:22.968 INFO:teuthology.orchestra.run.smithi018.stdout:/usr/bin/ceph: stderr
2024-03-07T09:49:22.370+0000 7f5565995700 1 --2- 172.21.15.18:0/2014628515 >> [v2:172.21.15.18:3300/0,v1:172.21.15.18:6789/0] conn(0x7f5560105db0 0x7f556019bab0 secure :-1 s=READY pgs=23 cs=0 l=1 rev1=1 crypto rx=0x7f5558009fb0 tx=0x7f5558011bf0 comp rx=0 tx=0).stop
2024-03-07T09:49:22.968 INFO:teuthology.orchestra.run.smithi018.stdout:/usr/bin/ceph: stderr
2024-03-07T09:49:22.370+0000 7f5565995700 1 -- 172.21.15.18:0/2014628515 shutdown_connections
2024-03-07T09:49:22.968 INFO:teuthology.orchestra.run.smithi018.stdout:/usr/bin/ceph: stderr
2024-03-07T09:49:22.370+0000 7f5565995700 1 --2- 172.21.15.18:0/2014628515 >> [v2:172.21.15.18:6800/3136177842,v1:172.21.15.18:6801/3136177842] conn(0x7f554c038b50 0x7f554c03b010 unknown :-1 s=CLOSED pgs=8 cs=0 l=1 rev1=1 crypto rx=0 tx=0 comp rx=0 tx=0).stop
2024-03-07T09:49:22.968 INFO:teuthology.orchestra.run.smithi018.stdout:/usr/bin/ceph: stderr
2024-03-07T09:49:22.370+0000 7f5565995700 1 --2- 172.21.15.18:0/2014628515 >> [v2:172.21.15.18:3300/0,v1:172.21.15.18:6789/0] conn(0x7f5560105db0 0x7f556019bab0 unknown :-1 s=CLOSED pgs=23 cs=0 l=1 rev1=1 crypto rx=0 tx=0 comp rx=0 tx=0).stop
2024-03-07T09:49:22.968 INFO:teuthology.orchestra.run.smithi018.stdout:/usr/bin/ceph: stderr
2024-03-07T09:49:22.370+0000 7f5565995700 1 -- 172.21.15.18:0/2014628515 >> 172.21.15.18:0/2014628515 conn(0x7f5560101760 msgr2=0x7f5560102290 unknown :-1 s=STATE_NONE l=0).mark_down
2024-03-07T09:49:22.968 INFO:teuthology.orchestra.run.smithi018.stdout:/usr/bin/ceph: stderr
2024-03-07T09:49:22.370+0000 7f5565995700 1 -- 172.21.15.18:0/2014628515 shutdown_connections
2024-03-07T09:49:22.968 INFO:teuthology.orchestra.run.smithi018.stdout:/usr/bin/ceph: stderr
2024-03-07T09:49:22.370+0000 7f5565995700 1 -- 172.21.15.18:0/2014628515 wait complete.
2024-03-07T09:49:23.204 INFO:journalctl@ceph.mgr.x.smithi018.stdout:Mar 07 09:49:22 smithi018 ceph-c474c52c-dc67-11ee-95c6-87774f69a715-mgr-x[32401]:
2024-03-07T09:49:22.950+0000 7f0c7d4e2200 -1 mgr[py] Module osd_perf_query has missing NOTIFY_TYPES member
2024-03-07T09:49:23.204 INFO:journalctl@ceph.mgr.x.smithi018.stdout:Mar 07 09:49:23 smithi018 ceph-c474c52c-dc67-11ee-95c6-87774f69a715-mgr-x[32401]:
2024-03-07T09:49:23.051+0000 7f0c7d4e2200 -1 mgr[py] Module snap_schedule has missing NOTIFY_TYPES member
2024-03-07T09:49:23.591 INFO:journalctl@ceph.mon.a.smithi018.stdout:Mar 07 09:49:23 smithi018 ceph-mon[32171]: from='client.? 172.21.15.18:0/2014628515' entity='client.admin' cmd='[{"prefix": "mgr module enable", "module": "cephadm"}]': finished
2024-03-07T09:49:23.591 INFO:journalctl@ceph.mon.a.smithi018.stdout:Mar 07 09:49:23 smithi018 ceph-mon[32171]: mgrmap e5: x(active, since 6s)
2024-03-07T09:49:23.956 INFO:journalctl@ceph.mgr.x.smithi018.stdout:Mar 07 09:49:23 smithi018 ceph-c474c52c-dc67-11ee-95c6-87774f69a715-mgr-x[32401]:
2024-03-07T09:49:23.715+0000 7f0c7d4e2200 -1 mgr[py] Module zabbix has missing NOTIFY_TYPES member
2024-03-07T09:49:23.956 INFO:journalctl@ceph.mgr.x.smithi018.stdout:Mar 07 09:49:23 smithi018 ceph-c474c52c-dc67-11ee-95c6-87774f69a715-mgr-x[32401]:
2024-03-07T09:49:23.809+0000 7f0c7d4e2200 -1 mgr[py] Module balancer has missing NOTIFY_TYPES member
2024-03-07T09:49:23.956 INFO:journalctl@ceph.mgr.x.smithi018.stdout:Mar 07 09:49:23 smithi018 ceph-c474c52c-dc67-11ee-95c6-87774f69a715-mgr-x[32401]:
2024-03-07T09:49:23.955+0000 7f0c7d4e2200 -1 mgr[py] Module influx has missing NOTIFY_TYPES member
2024-03-07T09:49:24.306 INFO:journalctl@ceph.mgr.x.smithi018.stdout:Mar 07 09:49:24 smithi018 ceph-c474c52c-dc67-11ee-95c6-87774f69a715-mgr-x[32401]:
2024-03-07T09:49:24.053+0000 7f0c7d4e2200 -1 mgr[py] Module alerts has missing NOTIFY_TYPES member
2024-03-07T09:49:24.306 INFO:journalctl@ceph.mgr.x.smithi018.stdout:Mar 07 09:49:24 smithi018 ceph-c474c52c-dc67-11ee-95c6-87774f69a715-mgr-x[32401]:
2024-03-07T09:49:24.138+0000 7f0c7d4e2200 -1 mgr[py] Module iostat has missing NOTIFY_TYPES member
2024-03-07T09:49:24.314 INFO:teuthology.orchestra.run.smithi018.stdout:/usr/bin/ceph: stdout {
2024-03-07T09:49:24.314 INFO:teuthology.orchestra.run.smithi018.stdout:/usr/bin/ceph: stdout "epoch": 5,
2024-03-07T09:49:24.314 INFO:teuthology.orchestra.run.smithi018.stdout:/usr/bin/ceph: stdout "available": true,
2024-03-07T09:49:24.314 INFO:teuthology.orchestra.run.smithi018.stdout:/usr/bin/ceph: stdout "active_name": "x",
2024-03-07T09:49:24.314 INFO:teuthology.orchestra.run.smithi018.stdout:/usr/bin/ceph: stdout "num_standby": 0
2024-03-07T09:49:24.315 INFO:teuthology.orchestra.run.smithi018.stdout:/usr/bin/ceph: stdout }
2024-03-07T09:49:24.315 INFO:teuthology.orchestra.run.smithi018.stdout:/usr/bin/ceph: stderr
2024-03-07T09:49:23.392+0000 7f4621091700 1 Processor -- start
2024-03-07T09:49:24.315 INFO:teuthology.orchestra.run.smithi018.stdout:/usr/bin/ceph: stderr
2024-03-07T09:49:23.392+0000 7f4621091700 1 -- start start
2024-03-07T09:49:24.315 INFO:teuthology.orchestra.run.smithi018.stdout:/usr/bin/ceph: stderr
2024-03-07T09:49:23.392+0000 7f4621091700 1 --2- >> [v2:172.21.15.18:3300/0,v1:172.21.15.18:6789/0] conn(0x7f461c107ae0 0x7f461c107f00 unknown :-1 s=NONE pgs=0 cs=0 l=0 rev1=0 crypto rx=0 tx=0 comp rx=0 tx=0).connect
2024-03-07T09:49:24.315 INFO:teuthology.orchestra.run.smithi018.stdout:/usr/bin/ceph: stderr
2024-03-07T09:49:23.392+0000 7f4621091700 1 -- --> [v2:172.21.15.18:3300/0,v1:172.21.15.18:6789/0] -- mon_getmap magic: 0 v1 -- 0x7f461c1084d0 con 0x7f461c107ae0
2024-03-07T09:49:24.315 INFO:teuthology.orchestra.run.smithi018.stdout:/usr/bin/ceph: stderr
2024-03-07T09:49:23.392+0000 7f461ad9d700 1 --2- >> [v2:172.21.15.18:3300/0,v1:172.21.15.18:6789/0] conn(0x7f461c107ae0 0x7f461c107f00 unknown :-1 s=BANNER_CONNECTING pgs=0 cs=0 l=0 rev1=0 crypto rx=0 tx=0 comp rx=0 tx=0)._handle_peer_banner_payload supported=3 required=0
2024-03-07T09:49:24.315 INFO:teuthology.orchestra.run.smithi018.stdout:/usr/bin/ceph: stderr
2024-03-07T09:49:23.393+0000 7f461ad9d700 1 --2- >> [v2:172.21.15.18:3300/0,v1:172.21.15.18:6789/0] conn(0x7f461c107ae0 0x7f461c107f00 unknown :-1 s=HELLO_CONNECTING pgs=0 cs=0 l=0 rev1=1 crypto rx=0 tx=0 comp rx=0 tx=0).handle_hello peer v2:172.21.15.18:3300/0 says I am v2:172.21.15.18:37446/0 (socket says 172.21.15.18:37446)
2024-03-07T09:49:24.315 INFO:teuthology.orchestra.run.smithi018.stdout:/usr/bin/ceph: stderr
2024-03-07T09:49:23.393+0000 7f461ad9d700 1 -- 172.21.15.18:0/409415009 learned_addr learned my addr 172.21.15.18:0/409415009 (peer_addr_for_me v2:172.21.15.18:0/0)
2024-03-07T09:49:24.315 INFO:teuthology.orchestra.run.smithi018.stdout:/usr/bin/ceph: stderr
2024-03-07T09:49:23.393+0000 7f461ad9d700 1 -- 172.21.15.18:0/409415009 --> [v2:172.21.15.18:3300/0,v1:172.21.15.18:6789/0] -- mon_subscribe({config=0+,monmap=0+}) v3 -- 0x7f461c108ce0 con 0x7f461c107ae0
2024-03-07T09:49:24.315 INFO:teuthology.orchestra.run.smithi018.stdout:/usr/bin/ceph: stderr
2024-03-07T09:49:23.393+0000 7f461ad9d700 1 --2- 172.21.15.18:0/409415009 >> [v2:172.21.15.18:3300/0,v1:172.21.15.18:6789/0] conn(0x7f461c107ae0 0x7f461c107f00 secure :-1 s=READY pgs=26 cs=0 l=1 rev1=1 crypto rx=0x7f460c0098a0 tx=0x7f460c009bb0 comp rx=0 tx=0).ready entity=mon.0 client_cookie=a92acb114c4b20a0 server_cookie=0 in_seq=0 out_seq=0
2024-03-07T09:49:24.315 INFO:teuthology.orchestra.run.smithi018.stdout:/usr/bin/ceph: stderr
2024-03-07T09:49:23.393+0000 7f4619d9b700 1 -- 172.21.15.18:0/409415009 <== mon.0 v2:172.21.15.18:3300/0 1 ==== mon_map magic: 0 v1 ==== 205+0+0 (secure 0 0 0) 0x7f460c004160 con 0x7f461c107ae0
2024-03-07T09:49:24.315 INFO:teuthology.orchestra.run.smithi018.stdout:/usr/bin/ceph: stderr
2024-03-07T09:49:23.393+0000 7f4619d9b700 1 -- 172.21.15.18:0/409415009 <== mon.0 v2:172.21.15.18:3300/0 2 ==== config(27 keys) v1 ==== 1109+0+0 (secure 0 0 0) 0x7f460c004300 con 0x7f461c107ae0
2024-03-07T09:49:24.315 INFO:teuthology.orchestra.run.smithi018.stdout:/usr/bin/ceph: stderr
2024-03-07T09:49:23.393+0000 7f4619d9b700 1 -- 172.21.15.18:0/409415009 <== mon.0 v2:172.21.15.18:3300/0 3 ==== mon_map magic: 0 v1 ==== 205+0+0 (secure 0 0 0) 0x7f460c011b50 con 0x7f461c107ae0
2024-03-07T09:49:24.315 INFO:teuthology.orchestra.run.smithi018.stdout:/usr/bin/ceph: stderr
2024-03-07T09:49:23.394+0000 7f4621091700 1 -- 172.21.15.18:0/409415009 >> [v2:172.21.15.18:3300/0,v1:172.21.15.18:6789/0] conn(0x7f461c107ae0 msgr2=0x7f461c107f00 secure :-1 s=STATE_CONNECTION_ESTABLISHED l=1).mark_down
2024-03-07T09:49:24.316 INFO:teuthology.orchestra.run.smithi018.stdout:/usr/bin/ceph: stderr
2024-03-07T09:49:23.394+0000 7f4621091700 1 --2- 172.21.15.18:0/409415009 >> [v2:172.21.15.18:3300/0,v1:172.21.15.18:6789/0] conn(0x7f461c107ae0 0x7f461c107f00 secure :-1 s=READY pgs=26 cs=0 l=1 rev1=1 crypto rx=0x7f460c0098a0 tx=0x7f460c009bb0 comp rx=0 tx=0).stop
2024-03-07T09:49:24.316 INFO:teuthology.orchestra.run.smithi018.stdout:/usr/bin/ceph: stderr
2024-03-07T09:49:23.394+0000 7f4621091700 1 -- 172.21.15.18:0/409415009 shutdown_connections
2024-03-07T09:49:24.316 INFO:teuthology.orchestra.run.smithi018.stdout:/usr/bin/ceph: stderr
2024-03-07T09:49:23.394+0000 7f4621091700 1 --2- 172.21.15.18:0/409415009 >> [v2:172.21.15.18:3300/0,v1:172.21.15.18:6789/0] conn(0x7f461c107ae0 0x7f461c107f00 unknown :-1 s=CLOSED pgs=26 cs=0 l=1 rev1=1 crypto rx=0 tx=0 comp rx=0 tx=0).stop
2024-03-07T09:49:24.316 INFO:teuthology.orchestra.run.smithi018.stdout:/usr/bin/ceph: stderr
2024-03-07T09:49:23.394+0000 7f4621091700 1 -- 172.21.15.18:0/409415009 >> 172.21.15.18:0/409415009 conn(0x7f461c1030a0 msgr2=0x7f461c1054c0 unknown :-1 s=STATE_NONE l=0).mark_down
2024-03-07T09:49:24.316 INFO:teuthology.orchestra.run.smithi018.stdout:/usr/bin/ceph: stderr
2024-03-07T09:49:23.394+0000 7f4621091700 1 -- 172.21.15.18:0/409415009 shutdown_connections
2024-03-07T09:49:24.316 INFO:teuthology.orchestra.run.smithi018.stdout:/usr/bin/ceph: stderr
2024-03-07T09:49:23.394+0000 7f4621091700 1 -- 172.21.15.18:0/409415009 wait complete.
2024-03-07T09:49:24.316 INFO:teuthology.orchestra.run.smithi018.stdout:/usr/bin/ceph: stderr
2024-03-07T09:49:23.395+0000 7f4621091700 1 Processor -- start
2024-03-07T09:49:24.316 INFO:teuthology.orchestra.run.smithi018.stdout:/usr/bin/ceph: stderr
2024-03-07T09:49:23.395+0000 7f4621091700 1 -- start start
2024-03-07T09:49:24.316 INFO:teuthology.orchestra.run.smithi018.stdout:/usr/bin/ceph: stderr
2024-03-07T09:49:23.395+0000 7f4621091700 1 --2- >> [v2:172.21.15.18:3300/0,v1:172.21.15.18:6789/0] conn(0x7f461c107ae0 0x7f461c19bb30 unknown :-1 s=NONE pgs=0 cs=0 l=1 rev1=0 crypto rx=0 tx=0 comp rx=0 tx=0).connect
2024-03-07T09:49:24.316 INFO:teuthology.orchestra.run.smithi018.stdout:/usr/bin/ceph: stderr
2024-03-07T09:49:23.395+0000 7f4621091700 1 -- --> [v2:172.21.15.18:3300/0,v1:172.21.15.18:6789/0] -- mon_getmap magic: 0 v1 -- 0x7f461c10c090 con 0x7f461c107ae0
2024-03-07T09:49:24.316 INFO:teuthology.orchestra.run.smithi018.stdout:/usr/bin/ceph: stderr
2024-03-07T09:49:23.395+0000 7f461ad9d700 1 --2- >> [v2:172.21.15.18:3300/0,v1:172.21.15.18:6789/0] conn(0x7f461c107ae0 0x7f461c19bb30 unknown :-1 s=BANNER_CONNECTING pgs=0 cs=0 l=1 rev1=0 crypto rx=0 tx=0 comp rx=0 tx=0)._handle_peer_banner_payload supported=3 required=0
2024-03-07T09:49:24.316 INFO:teuthology.orchestra.run.smithi018.stdout:/usr/bin/ceph: stderr
2024-03-07T09:49:23.395+0000 7f461ad9d700 1 --2- >> [v2:172.21.15.18:3300/0,v1:172.21.15.18:6789/0] conn(0x7f461c107ae0 0x7f461c19bb30 unknown :-1 s=HELLO_CONNECTING pgs=0 cs=0 l=1 rev1=1 crypto rx=0 tx=0 comp rx=0 tx=0).handle_hello peer v2:172.21.15.18:3300/0 says I am v2:172.21.15.18:37450/0 (socket says 172.21.15.18:37450)
2024-03-07T09:49:24.316 INFO:teuthology.orchestra.run.smithi018.stdout:/usr/bin/ceph: stderr
2024-03-07T09:49:23.395+0000 7f461ad9d700 1 -- 172.21.15.18:0/447649245 learned_addr learned my addr 172.21.15.18:0/447649245 (peer_addr_for_me v2:172.21.15.18:0/0)
2024-03-07T09:49:24.316 INFO:teuthology.orchestra.run.smithi018.stdout:/usr/bin/ceph: stderr
2024-03-07T09:49:23.395+0000 7f461ad9d700 1 -- 172.21.15.18:0/447649245 --> [v2:172.21.15.18:3300/0,v1:172.21.15.18:6789/0] -- mon_subscribe({config=0+,monmap=0+}) v3 -- 0x7f461c19c070 con 0x7f461c107ae0
2024-03-07T09:49:24.317 INFO:teuthology.orchestra.run.smithi018.stdout:/usr/bin/ceph: stderr
2024-03-07T09:49:23.395+0000 7f461ad9d700 1 --2- 172.21.15.18:0/447649245 >> [v2:172.21.15.18:3300/0,v1:172.21.15.18:6789/0] conn(0x7f461c107ae0 0x7f461c19bb30 secure :-1 s=READY pgs=27 cs=0 l=1 rev1=1 crypto rx=0x7f460c009fb0 tx=0x7f460c011bf0 comp rx=0 tx=0).ready entity=mon.0 client_cookie=0 server_cookie=0 in_seq=0 out_seq=0
2024-03-07T09:49:24.317 INFO:teuthology.orchestra.run.smithi018.stdout:/usr/bin/ceph: stderr
2024-03-07T09:49:23.396+0000 7f4613fff700 1 -- 172.21.15.18:0/447649245 <== mon.0 v2:172.21.15.18:3300/0 1 ==== mon_map magic: 0 v1 ==== 205+0+0 (secure 0 0 0) 0x7f460c0038b0 con 0x7f461c107ae0
2024-03-07T09:49:24.317 INFO:teuthology.orchestra.run.smithi018.stdout:/usr/bin/ceph: stderr
2024-03-07T09:49:23.396+0000 7f4613fff700 1 -- 172.21.15.18:0/447649245 <== mon.0 v2:172.21.15.18:3300/0 2 ==== config(27 keys) v1 ==== 1109+0+0 (secure 0 0 0) 0x7f460c011e50 con 0x7f461c107ae0
2024-03-07T09:49:24.317 INFO:teuthology.orchestra.run.smithi018.stdout:/usr/bin/ceph: stderr
2024-03-07T09:49:23.396+0000 7f4621091700 1 -- 172.21.15.18:0/447649245 --> [v2:172.21.15.18:3300/0,v1:172.21.15.18:6789/0] -- mon_subscribe({mgrmap=0+}) v3 -- 0x7f461c19c300 con 0x7f461c107ae0
2024-03-07T09:49:24.317 INFO:teuthology.orchestra.run.smithi018.stdout:/usr/bin/ceph: stderr
2024-03-07T09:49:23.396+0000 7f4613fff700 1 -- 172.21.15.18:0/447649245 <== mon.0 v2:172.21.15.18:3300/0 3 ==== mon_map magic: 0 v1 ==== 205+0+0 (secure 0 0 0) 0x7f460c019550 con 0x7f461c107ae0
2024-03-07T09:49:24.317 INFO:teuthology.orchestra.run.smithi018.stdout:/usr/bin/ceph: stderr
2024-03-07T09:49:23.396+0000 7f4621091700 1 -- 172.21.15.18:0/447649245 --> [v2:172.21.15.18:3300/0,v1:172.21.15.18:6789/0] -- mon_subscribe({osdmap=0}) v3 -- 0x7f461c19eff0 con 0x7f461c107ae0
2024-03-07T09:49:24.317 INFO:teuthology.orchestra.run.smithi018.stdout:/usr/bin/ceph: stderr
2024-03-07T09:49:23.397+0000 7f4613fff700 1 -- 172.21.15.18:0/447649245 <== mon.0 v2:172.21.15.18:3300/0 4 ==== mgrmap(e 5) v1 ==== 45927+0+0 (secure 0 0 0) 0x7f460c019850 con 0x7f461c107ae0
2024-03-07T09:49:24.317 INFO:teuthology.orchestra.run.smithi018.stdout:/usr/bin/ceph: stderr
2024-03-07T09:49:23.397+0000 7f4613fff700 1 --2- 172.21.15.18:0/447649245 >> [v2:172.21.15.18:6800/3136177842,v1:172.21.15.18:6801/3136177842] conn(0x7f4608038b50 0x7f460803b010 unknown :-1 s=NONE pgs=0 cs=0 l=1 rev1=0 crypto rx=0 tx=0 comp rx=0 tx=0).connect
2024-03-07T09:49:24.317 INFO:teuthology.orchestra.run.smithi018.stdout:/usr/bin/ceph: stderr
2024-03-07T09:49:23.397+0000 7f4613fff700 1 -- 172.21.15.18:0/447649245 <== mon.0 v2:172.21.15.18:3300/0 5 ==== osd_map(1..1 src has 1..1) v4 ==== 725+0+0 (secure 0 0 0) 0x7f460c04dcf0 con 0x7f461c107ae0
2024-03-07T09:49:24.317 INFO:teuthology.orchestra.run.smithi018.stdout:/usr/bin/ceph: stderr
2024-03-07T09:49:23.397+0000 7f461a59c700 1 -- 172.21.15.18:0/447649245 >> [v2:172.21.15.18:6800/3136177842,v1:172.21.15.18:6801/3136177842] conn(0x7f4608038b50 msgr2=0x7f460803b010 unknown :-1 s=STATE_CONNECTING_RE l=1).process reconnect failed to v2:172.21.15.18:6800/3136177842
2024-03-07T09:49:24.317 INFO:teuthology.orchestra.run.smithi018.stdout:/usr/bin/ceph: stderr
2024-03-07T09:49:23.397+0000 7f4621091700 1 -- 172.21.15.18:0/447649245 --> [v2:172.21.15.18:3300/0,v1:172.21.15.18:6789/0] -- mon_command({"prefix": "get_command_descriptions"} v 0) v1 -- 0x7f461c069230 con 0x7f461c107ae0
2024-03-07T09:49:24.317 INFO:teuthology.orchestra.run.smithi018.stdout:/usr/bin/ceph: stderr
2024-03-07T09:49:23.397+0000 7f461a59c700 1 --2- 172.21.15.18:0/447649245 >> [v2:172.21.15.18:6800/3136177842,v1:172.21.15.18:6801/3136177842] conn(0x7f4608038b50 0x7f460803b010 unknown :-1 s=START_CONNECT pgs=0 cs=0 l=1 rev1=0 crypto rx=0 tx=0 comp rx=0 tx=0)._fault waiting 0.200000
2024-03-07T09:49:24.317 INFO:teuthology.orchestra.run.smithi018.stdout:/usr/bin/ceph: stderr
2024-03-07T09:49:23.402+0000 7f4613fff700 1 -- 172.21.15.18:0/447649245 <== mon.0 v2:172.21.15.18:3300/0 6 ==== mon_command_ack([{"prefix": "get_command_descriptions"}]=0 v0) v1 ==== 72+0+184932 (secure 0 0 0) 0x7f460c04d710 con 0x7f461c107ae0
2024-03-07T09:49:24.318 INFO:teuthology.orchestra.run.smithi018.stdout:/usr/bin/ceph: stderr
2024-03-07T09:49:23.598+0000 7f461a59c700 1 -- 172.21.15.18:0/447649245 >> [v2:172.21.15.18:6800/3136177842,v1:172.21.15.18:6801/3136177842] conn(0x7f4608038b50 msgr2=0x7f460803b010 unknown :-1 s=STATE_CONNECTING_RE l=1).process reconnect failed to v2:172.21.15.18:6800/3136177842
2024-03-07T09:49:24.318 INFO:teuthology.orchestra.run.smithi018.stdout:/usr/bin/ceph: stderr
2024-03-07T09:49:23.598+0000 7f461a59c700 1 --2- 172.21.15.18:0/447649245 >> [v2:172.21.15.18:6800/3136177842,v1:172.21.15.18:6801/3136177842] conn(0x7f4608038b50 0x7f460803b010 unknown :-1 s=START_CONNECT pgs=0 cs=0 l=1 rev1=0 crypto rx=0 tx=0 comp rx=0 tx=0)._fault waiting 0.400000
2024-03-07T09:49:24.318 INFO:teuthology.orchestra.run.smithi018.stdout:/usr/bin/ceph: stderr
2024-03-07T09:49:23.665+0000 7f4621091700 1 -- 172.21.15.18:0/447649245 --> [v2:172.21.15.18:3300/0,v1:172.21.15.18:6789/0] -- mon_command({"prefix": "mgr stat"} v 0) v1 -- 0x7f461c07c550 con 0x7f461c107ae0
2024-03-07T09:49:24.318 INFO:teuthology.orchestra.run.smithi018.stdout:/usr/bin/ceph: stderr
2024-03-07T09:49:23.666+0000 7f4613fff700 1 -- 172.21.15.18:0/447649245 <== mon.0 v2:172.21.15.18:3300/0 7 ==== mon_command_ack([{"prefix": "mgr stat"}]=0 v5) v1 ==== 56+0+88 (secure 0 0 0) 0x7f460c02d960 con 0x7f461c107ae0
2024-03-07T09:49:24.318 INFO:teuthology.orchestra.run.smithi018.stdout:/usr/bin/ceph: stderr
2024-03-07T09:49:23.668+0000 7f4621091700 1 -- 172.21.15.18:0/447649245 >> [v2:172.21.15.18:6800/3136177842,v1:172.21.15.18:6801/3136177842] conn(0x7f4608038b50 msgr2=0x7f460803b010 unknown :-1 s=STATE_CONNECTING l=1).mark_down
2024-03-07T09:49:24.318 INFO:teuthology.orchestra.run.smithi018.stdout:/usr/bin/ceph: stderr
2024-03-07T09:49:23.668+0000 7f4621091700 1 --2- 172.21.15.18:0/447649245 >> [v2:172.21.15.18:6800/3136177842,v1:172.21.15.18:6801/3136177842] conn(0x7f4608038b50 0x7f460803b010 unknown :-1 s=START_CONNECT pgs=0 cs=0 l=1 rev1=0 crypto rx=0 tx=0 comp rx=0 tx=0).stop
2024-03-07T09:49:24.318 INFO:teuthology.orchestra.run.smithi018.stdout:/usr/bin/ceph: stderr
2024-03-07T09:49:23.668+0000 7f4621091700 1 -- 172.21.15.18:0/447649245 >> [v2:172.21.15.18:3300/0,v1:172.21.15.18:6789/0] conn(0x7f461c107ae0 msgr2=0x7f461c19bb30 secure :-1 s=STATE_CONNECTION_ESTABLISHED l=1).mark_down
2024-03-07T09:49:24.318 INFO:teuthology.orchestra.run.smithi018.stdout:/usr/bin/ceph: stderr
2024-03-07T09:49:23.668+0000 7f4621091700 1 --2- 172.21.15.18:0/447649245 >> [v2:172.21.15.18:3300/0,v1:172.21.15.18:6789/0] conn(0x7f461c107ae0 0x7f461c19bb30 secure :-1 s=READY pgs=27 cs=0 l=1 rev1=1 crypto rx=0x7f460c009fb0 tx=0x7f460c011bf0 comp rx=0 tx=0).stop
2024-03-07T09:49:24.318 INFO:teuthology.orchestra.run.smithi018.stdout:/usr/bin/ceph: stderr
2024-03-07T09:49:23.668+0000 7f4621091700 1 -- 172.21.15.18:0/447649245 shutdown_connections
2024-03-07T09:49:24.318 INFO:teuthology.orchestra.run.smithi018.stdout:/usr/bin/ceph: stderr
2024-03-07T09:49:23.668+0000 7f4621091700 1 --2- 172.21.15.18:0/447649245 >> [v2:172.21.15.18:6800/3136177842,v1:172.21.15.18:6801/3136177842] conn(0x7f4608038b50 0x7f460803b010 unknown :-1 s=CLOSED pgs=0 cs=0 l=1 rev1=0 crypto rx=0 tx=0 comp rx=0 tx=0).stop
2024-03-07T09:49:24.318 INFO:teuthology.orchestra.run.smithi018.stdout:/usr/bin/ceph: stderr
2024-03-07T09:49:23.668+0000 7f4621091700 1 --2- 172.21.15.18:0/447649245 >> [v2:172.21.15.18:3300/0,v1:172.21.15.18:6789/0] conn(0x7f461c107ae0 0x7f461c19bb30 unknown :-1 s=CLOSED pgs=27 cs=0 l=1 rev1=1 crypto rx=0 tx=0 comp rx=0 tx=0).stop
2024-03-07T09:49:24.318 INFO:teuthology.orchestra.run.smithi018.stdout:/usr/bin/ceph: stderr
2024-03-07T09:49:23.668+0000 7f4621091700 1 -- 172.21.15.18:0/447649245 >> 172.21.15.18:0/447649245 conn(0x7f461c1030a0 msgr2=0x7f461c103c50 unknown :-1 s=STATE_NONE l=0).mark_down
2024-03-07T09:49:24.318 INFO:teuthology.orchestra.run.smithi018.stdout:/usr/bin/ceph: stderr
2024-03-07T09:49:23.668+0000 7f4621091700 1 -- 172.21.15.18:0/447649245 shutdown_connections
2024-03-07T09:49:24.318 INFO:teuthology.orchestra.run.smithi018.stdout:/usr/bin/ceph: stderr
2024-03-07T09:49:23.668+0000 7f4621091700 1 -- 172.21.15.18:0/447649245 wait complete.
2024-03-07T09:49:24.318 INFO:teuthology.orchestra.run.smithi018.stdout:Waiting for the mgr to restart...
2024-03-07T09:49:24.319 INFO:teuthology.orchestra.run.smithi018.stdout:Waiting for mgr epoch 5...
2024-03-07T09:49:24.557 INFO:journalctl@ceph.mon.a.smithi018.stdout:Mar 07 09:49:24 smithi018 ceph-mon[32171]: from='client.? 172.21.15.18:0/447649245' entity='client.admin' cmd=[{"prefix": "mgr stat"}]: dispatch
2024-03-07T09:49:24.557 INFO:journalctl@ceph.mgr.x.smithi018.stdout:Mar 07 09:49:24 smithi018 ceph-c474c52c-dc67-11ee-95c6-87774f69a715-mgr-x[32401]:
2024-03-07T09:49:24.413+0000 7f0c7d4e2200 -1 mgr[py] Module rgw has missing NOTIFY_TYPES member
2024-03-07T09:49:24.557 INFO:journalctl@ceph.mgr.x.smithi018.stdout:Mar 07 09:49:24 smithi018 ceph-c474c52c-dc67-11ee-95c6-87774f69a715-mgr-x[32401]:
2024-03-07T09:49:24.525+0000 7f0c7d4e2200 -1 mgr[py] Module rbd_support has missing NOTIFY_TYPES member
2024-03-07T09:49:24.841 INFO:journalctl@ceph.mgr.x.smithi018.stdout:Mar 07 09:49:24 smithi018 ceph-c474c52c-dc67-11ee-95c6-87774f69a715-mgr-x[32401]:
2024-03-07T09:49:24.616+0000 7f0c7d4e2200 -1 mgr[py] Module progress has missing NOTIFY_TYPES member
2024-03-07T09:49:24.842 INFO:journalctl@ceph.mgr.x.smithi018.stdout:Mar 07 09:49:24 smithi018 ceph-c474c52c-dc67-11ee-95c6-87774f69a715-mgr-x[32401]:
2024-03-07T09:49:24.714+0000 7f0c7d4e2200 -1 mgr[py] Module pg_autoscaler has missing NOTIFY_TYPES member
2024-03-07T09:49:25.341 INFO:journalctl@ceph.mgr.x.smithi018.stdout:Mar 07 09:49:24 smithi018 ceph-c474c52c-dc67-11ee-95c6-87774f69a715-mgr-x[32401]:
2024-03-07T09:49:24.895+0000 7f0c7d4e2200 -1 mgr[py] Module devicehealth has missing NOTIFY_TYPES member
2024-03-07T09:49:26.194 INFO:journalctl@ceph.mgr.x.smithi018.stdout:Mar 07 09:49:25 smithi018 ceph-c474c52c-dc67-11ee-95c6-87774f69a715-mgr-x[32401]:
2024-03-07T09:49:25.876+0000 7f0c7d4e2200 -1 mgr[py] Module rook has missing NOTIFY_TYPES member
2024-03-07T09:49:26.194 INFO:journalctl@ceph.mgr.x.smithi018.stdout:Mar 07 09:49:26 smithi018 ceph-c474c52c-dc67-11ee-95c6-87774f69a715-mgr-x[32401]:
2024-03-07T09:49:26.009+0000 7f0c7d4e2200 -1 mgr[py] Module diskprediction_local has missing NOTIFY_TYPES member
2024-03-07T09:49:26.591 INFO:journalctl@ceph.mgr.x.smithi018.stdout:Mar 07 09:49:26 smithi018 ceph-c474c52c-dc67-11ee-95c6-87774f69a715-mgr-x[32401]:
2024-03-07T09:49:26.346+0000 7f0c7d4e2200 -1 mgr[py] Module selftest has missing NOTIFY_TYPES member
2024-03-07T09:49:26.592 INFO:journalctl@ceph.mgr.x.smithi018.stdout:Mar 07 09:49:26 smithi018 ceph-c474c52c-dc67-11ee-95c6-87774f69a715-mgr-x[32401]:
2024-03-07T09:49:26.437+0000 7f0c7d4e2200 -1 mgr[py] Module telegraf has missing NOTIFY_TYPES member
2024-03-07T09:49:27.091 INFO:journalctl@ceph.mgr.x.smithi018.stdout:Mar 07 09:49:26 smithi018 ceph-c474c52c-dc67-11ee-95c6-87774f69a715-mgr-x[32401]:
2024-03-07T09:49:26.636+0000 7f0c7d4e2200 -1 mgr[py] Module test_orchestrator has missing NOTIFY_TYPES member
2024-03-07T09:49:27.091 INFO:journalctl@ceph.mgr.x.smithi018.stdout:Mar 07 09:49:26 smithi018 ceph-c474c52c-dc67-11ee-95c6-87774f69a715-mgr-x[32401]:
2024-03-07T09:49:26.826+0000 7f0c7d4e2200 -1 mgr[py] Module crash has missing NOTIFY_TYPES member
2024-03-07T09:49:27.376 INFO:journalctl@ceph.mgr.x.smithi018.stdout:Mar 07 09:49:27 smithi018 ceph-c474c52c-dc67-11ee-95c6-87774f69a715-mgr-x[32401]:
2024-03-07T09:49:27.114+0000 7f0c7d4e2200 -1 mgr[py] Module orchestrator has missing NOTIFY_TYPES member
2024-03-07T09:49:27.796 INFO:journalctl@ceph.mgr.x.smithi018.stdout:Mar 07 09:49:27 smithi018 ceph-c474c52c-dc67-11ee-95c6-87774f69a715-mgr-x[32401]:
2024-03-07T09:49:27.374+0000 7f0c7d4e2200 -1 mgr[py] Module osd_support has missing NOTIFY_TYPES member
2024-03-07T09:49:27.796 INFO:journalctl@ceph.mgr.x.smithi018.stdout:Mar 07 09:49:27 smithi018 ceph-c474c52c-dc67-11ee-95c6-87774f69a715-mgr-x[32401]:
2024-03-07T09:49:27.614+0000 7f0c7d4e2200 -1 mgr[py] Module volumes has missing NOTIFY_TYPES member
2024-03-07T09:49:28.841 INFO:journalctl@ceph.mgr.x.smithi018.stdout:Mar 07 09:49:28 smithi018 ceph-c474c52c-dc67-11ee-95c6-87774f69a715-mgr-x[32401]:
2024-03-07T09:49:28.433+0000 7f0c7d4e2200 -1 mgr[py] Module telemetry has missing NOTIFY_TYPES member
2024-03-07T09:49:29.331 INFO:journalctl@ceph.mgr.x.smithi018.stdout:Mar 07 09:49:29 smithi018 ceph-c474c52c-dc67-11ee-95c6-87774f69a715-mgr-x[32401]:
2024-03-07T09:49:29.011+0000 7f0c7d4e2200 -1 mgr[py] Module prometheus has missing NOTIFY_TYPES member
2024-03-07T09:49:29.331 INFO:journalctl@ceph.mgr.x.smithi018.stdout:Mar 07 09:49:29 smithi018 ceph-c474c52c-dc67-11ee-95c6-87774f69a715-mgr-x[32401]:
2024-03-07T09:49:29.110+0000 7f0c7d4e2200 -1 mgr[py] Module status has missing NOTIFY_TYPES member
2024-03-07T09:49:29.331 INFO:journalctl@ceph.mgr.x.smithi018.stdout:Mar 07 09:49:29 smithi018 ceph-c474c52c-dc67-11ee-95c6-87774f69a715-mgr-x[32401]:
2024-03-07T09:49:29.329+0000 7f0c7d4e2200 -1 mgr[py] Module nfs has missing NOTIFY_TYPES member
2024-03-07T09:49:29.592 INFO:journalctl@ceph.mon.a.smithi018.stdout:Mar 07 09:49:29 smithi018 ceph-mon[32171]: Active manager daemon x restarted
2024-03-07T09:49:29.592 INFO:journalctl@ceph.mon.a.smithi018.stdout:Mar 07 09:49:29 smithi018 ceph-mon[32171]: Activating manager daemon x
2024-03-07T09:49:29.592 INFO:journalctl@ceph.mon.a.smithi018.stdout:Mar 07 09:49:29 smithi018 ceph-mon[32171]: osdmap e2: 0 total, 0 up, 0 in
2024-03-07T09:49:29.592 INFO:journalctl@ceph.mon.a.smithi018.stdout:Mar 07 09:49:29 smithi018 ceph-mon[32171]: mgrmap e6: x(active, starting, since 0.00322688s)
2024-03-07T09:49:29.592 INFO:journalctl@ceph.mon.a.smithi018.stdout:Mar 07 09:49:29 smithi018 ceph-mon[32171]: from='mgr.14120 172.21.15.18:0/2468121734' entity='mgr.x' cmd=[{"prefix": "mon metadata", "id": "a"}]: dispatch
2024-03-07T09:49:29.592 INFO:journalctl@ceph.mon.a.smithi018.stdout:Mar 07 09:49:29 smithi018 ceph-mon[32171]: from='mgr.14120 172.21.15.18:0/2468121734' entity='mgr.x' cmd=[{"prefix": "mgr metadata", "who": "x", "id": "x"}]: dispatch
2024-03-07T09:49:29.592 INFO:journalctl@ceph.mon.a.smithi018.stdout:Mar 07 09:49:29 smithi018 ceph-mon[32171]: from='mgr.14120 172.21.15.18:0/2468121734' entity='mgr.x' cmd=[{"prefix": "mds metadata"}]: dispatch
2024-03-07T09:49:29.592 INFO:journalctl@ceph.mon.a.smithi018.stdout:Mar 07 09:49:29 smithi018 ceph-mon[32171]: from='mgr.14120 172.21.15.18:0/2468121734' entity='mgr.x' cmd=[{"prefix": "osd metadata"}]: dispatch
2024-03-07T09:49:29.592 INFO:journalctl@ceph.mon.a.smithi018.stdout:Mar 07 09:49:29 smithi018 ceph-mon[32171]: from='mgr.14120 172.21.15.18:0/2468121734' entity='mgr.x' cmd=[{"prefix": "mon metadata"}]: dispatch
2024-03-07T09:49:29.592 INFO:journalctl@ceph.mon.a.smithi018.stdout:Mar 07 09:49:29 smithi018 ceph-mon[32171]: Manager daemon x is now available
2024-03-07T09:49:29.592 INFO:journalctl@ceph.mon.a.smithi018.stdout:Mar 07 09:49:29 smithi018 ceph-mon[32171]: from='mgr.14120 172.21.15.18:0/2468121734' entity='mgr.x'
2024-03-07T09:49:29.593 INFO:journalctl@ceph.mon.a.smithi018.stdout:Mar 07 09:49:29 smithi018 ceph-mon[32171]: from='mgr.14120 172.21.15.18:0/2468121734' entity='mgr.x'
2024-03-07T09:49:29.593 INFO:journalctl@ceph.mon.a.smithi018.stdout:Mar 07 09:49:29 smithi018 ceph-mon[32171]: from='mgr.14120 172.21.15.18:0/2468121734' entity='mgr.x' cmd=[{"prefix": "config dump", "format": "json"}]: dispatch
2024-03-07T09:49:29.593 INFO:journalctl@ceph.mon.a.smithi018.stdout:Mar 07 09:49:29 smithi018 ceph-mon[32171]: from='mgr.14120 172.21.15.18:0/2468121734' entity='mgr.x' cmd=[{"prefix": "config dump", "format": "json"}]: dispatch
2024-03-07T09:49:30.703 INFO:journalctl@ceph.mon.a.smithi018.stdout:Mar 07 09:49:30 smithi018 ceph-mon[32171]: Found migration_current of "None". Setting to last migration.
2024-03-07T09:49:30.703 INFO:journalctl@ceph.mon.a.smithi018.stdout:Mar 07 09:49:30 smithi018 ceph-mon[32171]: from='mgr.14120 172.21.15.18:0/2468121734' entity='mgr.x' cmd=[{"prefix": "config dump", "format": "json"}]: dispatch
2024-03-07T09:49:30.703 INFO:journalctl@ceph.mon.a.smithi018.stdout:Mar 07 09:49:30 smithi018 ceph-mon[32171]: from='mgr.14120 172.21.15.18:0/2468121734' entity='mgr.x' cmd=[{"prefix":"config rm","who":"mgr","name":"mgr/rbd_support/x/mirror_snapshot_schedule"}]: dispatch
2024-03-07T09:49:30.704 INFO:journalctl@ceph.mon.a.smithi018.stdout:Mar 07 09:49:30 smithi018 ceph-mon[32171]: from='mgr.14120 172.21.15.18:0/2468121734' entity='mgr.x' cmd=[{"prefix":"config rm","who":"mgr","name":"mgr/rbd_support/x/trash_purge_schedule"}]: dispatch
2024-03-07T09:49:30.704 INFO:journalctl@ceph.mon.a.smithi018.stdout:Mar 07 09:49:30 smithi018 ceph-mon[32171]: from='mgr.14120 172.21.15.18:0/2468121734' entity='mgr.x'
2024-03-07T09:49:30.704 INFO:journalctl@ceph.mon.a.smithi018.stdout:Mar 07 09:49:30 smithi018 ceph-mon[32171]: from='mgr.14120 172.21.15.18:0/2468121734' entity='mgr.x'
2024-03-07T09:49:30.704 INFO:journalctl@ceph.mon.a.smithi018.stdout:Mar 07 09:49:30 smithi018 ceph-mon[32171]: mgrmap e7: x(active, since 1.00491s)
2024-03-07T09:49:30.972 INFO:teuthology.orchestra.run.smithi018.stdout:/usr/bin/ceph: stdout {
2024-03-07T09:49:30.972 INFO:teuthology.orchestra.run.smithi018.stdout:/usr/bin/ceph: stdout "mgrmap_epoch": 7,
2024-03-07T09:49:30.972 INFO:teuthology.orchestra.run.smithi018.stdout:/usr/bin/ceph: stdout "initialized": true
2024-03-07T09:49:30.972 INFO:teuthology.orchestra.run.smithi018.stdout:/usr/bin/ceph: stdout }
2024-03-07T09:49:30.972 INFO:teuthology.orchestra.run.smithi018.stdout:/usr/bin/ceph: stderr
2024-03-07T09:49:24.785+0000 7fc335f03700 1 Processor -- start
2024-03-07T09:49:30.972 INFO:teuthology.orchestra.run.smithi018.stdout:/usr/bin/ceph: stderr
2024-03-07T09:49:24.785+0000 7fc335f03700 1 -- start start
2024-03-07T09:49:30.972 INFO:teuthology.orchestra.run.smithi018.stdout:/usr/bin/ceph: stderr
2024-03-07T09:49:24.785+0000 7fc335f03700 1 --2- >> [v2:172.21.15.18:3300/0,v1:172.21.15.18:6789/0] conn(0x7fc330108530 0x7fc33010a920 unknown :-1 s=NONE pgs=0 cs=0 l=0 rev1=0 crypto rx=0 tx=0 comp rx=0 tx=0).connect
2024-03-07T09:49:30.972 INFO:teuthology.orchestra.run.smithi018.stdout:/usr/bin/ceph: stderr
2024-03-07T09:49:24.785+0000 7fc335f03700 1 -- --> [v2:172.21.15.18:3300/0,v1:172.21.15.18:6789/0] -- mon_getmap magic: 0 v1 -- 0x7fc33007be70 con 0x7fc330108530
2024-03-07T09:49:30.972 INFO:teuthology.orchestra.run.smithi018.stdout:/usr/bin/ceph: stderr
2024-03-07T09:49:24.785+0000 7fc32f7fe700 1 --2- >> [v2:172.21.15.18:3300/0,v1:172.21.15.18:6789/0] conn(0x7fc330108530 0x7fc33010a920 unknown :-1 s=BANNER_CONNECTING pgs=0 cs=0 l=0 rev1=0 crypto rx=0 tx=0 comp rx=0 tx=0)._handle_peer_banner_payload supported=3 required=0
2024-03-07T09:49:30.972 INFO:teuthology.orchestra.run.smithi018.stdout:/usr/bin/ceph: stderr
2024-03-07T09:49:24.785+0000 7fc32f7fe700 1 --2- >> [v2:172.21.15.18:3300/0,v1:172.21.15.18:6789/0] conn(0x7fc330108530 0x7fc33010a920 unknown :-1 s=HELLO_CONNECTING pgs=0 cs=0 l=0 rev1=1 crypto rx=0 tx=0 comp rx=0 tx=0).handle_hello peer v2:172.21.15.18:3300/0 says I am v2:172.21.15.18:37466/0 (socket says 172.21.15.18:37466)
2024-03-07T09:49:30.972 INFO:teuthology.orchestra.run.smithi018.stdout:/usr/bin/ceph: stderr
2024-03-07T09:49:24.785+0000 7fc32f7fe700 1 -- 172.21.15.18:0/2758977333 learned_addr learned my addr 172.21.15.18:0/2758977333 (peer_addr_for_me v2:172.21.15.18:0/0)
2024-03-07T09:49:30.973 INFO:teuthology.orchestra.run.smithi018.stdout:/usr/bin/ceph: stderr
2024-03-07T09:49:24.785+0000 7fc32f7fe700 1 -- 172.21.15.18:0/2758977333 --> [v2:172.21.15.18:3300/0,v1:172.21.15.18:6789/0] -- mon_subscribe({config=0+,monmap=0+}) v3 -- 0x7fc33010ae60 con 0x7fc330108530
2024-03-07T09:49:30.973 INFO:teuthology.orchestra.run.smithi018.stdout:/usr/bin/ceph: stderr
2024-03-07T09:49:24.786+0000 7fc32f7fe700 1 --2- 172.21.15.18:0/2758977333 >> [v2:172.21.15.18:3300/0,v1:172.21.15.18:6789/0] conn(0x7fc330108530 0x7fc33010a920 secure :-1 s=READY pgs=28 cs=0 l=1 rev1=1 crypto rx=0x7fc3200098a0 tx=0x7fc320009bb0 comp rx=0 tx=0).ready entity=mon.0 client_cookie=30126eb353fa8eff server_cookie=0 in_seq=0 out_seq=0
2024-03-07T09:49:30.973 INFO:teuthology.orchestra.run.smithi018.stdout:/usr/bin/ceph: stderr
2024-03-07T09:49:24.786+0000 7fc32e7fc700 1 -- 172.21.15.18:0/2758977333 <== mon.0 v2:172.21.15.18:3300/0 1 ==== mon_map magic: 0 v1 ==== 205+0+0 (secure 0 0 0) 0x7fc320004160 con 0x7fc330108530
2024-03-07T09:49:30.973 INFO:teuthology.orchestra.run.smithi018.stdout:/usr/bin/ceph: stderr
2024-03-07T09:49:24.786+0000 7fc32e7fc700 1 -- 172.21.15.18:0/2758977333 <== mon.0 v2:172.21.15.18:3300/0 2 ==== config(27 keys) v1 ==== 1109+0+0 (secure 0 0 0) 0x7fc320004300 con 0x7fc330108530
2024-03-07T09:49:30.973 INFO:teuthology.orchestra.run.smithi018.stdout:/usr/bin/ceph: stderr
2024-03-07T09:49:24.786+0000 7fc32e7fc700 1 -- 172.21.15.18:0/2758977333 <== mon.0 v2:172.21.15.18:3300/0 3 ==== mon_map magic: 0 v1 ==== 205+0+0 (secure 0 0 0) 0x7fc320011b50 con 0x7fc330108530
2024-03-07T09:49:30.973 INFO:teuthology.orchestra.run.smithi018.stdout:/usr/bin/ceph: stderr
2024-03-07T09:49:24.786+0000 7fc335f03700 1 -- 172.21.15.18:0/2758977333 >> [v2:172.21.15.18:3300/0,v1:172.21.15.18:6789/0] conn(0x7fc330108530 msgr2=0x7fc33010a920 secure :-1 s=STATE_CONNECTION_ESTABLISHED l=1).mark_down
2024-03-07T09:49:30.973 INFO:teuthology.orchestra.run.smithi018.stdout:/usr/bin/ceph: stderr
2024-03-07T09:49:24.786+0000 7fc335f03700 1 --2- 172.21.15.18:0/2758977333 >> [v2:172.21.15.18:3300/0,v1:172.21.15.18:6789/0] conn(0x7fc330108530 0x7fc33010a920 secure :-1 s=READY pgs=28 cs=0 l=1 rev1=1 crypto rx=0x7fc3200098a0 tx=0x7fc320009bb0 comp rx=0 tx=0).stop
2024-03-07T09:49:30.973 INFO:teuthology.orchestra.run.smithi018.stdout:/usr/bin/ceph: stderr
2024-03-07T09:49:24.787+0000 7fc335f03700 1 -- 172.21.15.18:0/2758977333 shutdown_connections
2024-03-07T09:49:30.973 INFO:teuthology.orchestra.run.smithi018.stdout:/usr/bin/ceph: stderr
2024-03-07T09:49:24.787+0000 7fc335f03700 1 --2- 172.21.15.18:0/2758977333 >> [v2:172.21.15.18:3300/0,v1:172.21.15.18:6789/0] conn(0x7fc330108530 0x7fc33010a920 unknown :-1 s=CLOSED pgs=28 cs=0 l=1 rev1=1 crypto rx=0 tx=0 comp rx=0 tx=0).stop
2024-03-07T09:49:30.973 INFO:teuthology.orchestra.run.smithi018.stdout:/usr/bin/ceph: stderr
2024-03-07T09:49:24.787+0000 7fc335f03700 1 -- 172.21.15.18:0/2758977333 >> 172.21.15.18:0/2758977333 conn(0x7fc330101fa0 msgr2=0x7fc3301043c0 unknown :-1 s=STATE_NONE l=0).mark_down
2024-03-07T09:49:30.973 INFO:teuthology.orchestra.run.smithi018.stdout:/usr/bin/ceph: stderr
2024-03-07T09:49:24.787+0000 7fc335f03700 1 -- 172.21.15.18:0/2758977333 shutdown_connections
2024-03-07T09:49:30.973 INFO:teuthology.orchestra.run.smithi018.stdout:/usr/bin/ceph: stderr
2024-03-07T09:49:24.787+0000 7fc335f03700 1 -- 172.21.15.18:0/2758977333 wait complete.
2024-03-07T09:49:30.973 INFO:teuthology.orchestra.run.smithi018.stdout:/usr/bin/ceph: stderr
2024-03-07T09:49:24.787+0000 7fc335f03700 1 Processor -- start
2024-03-07T09:49:30.973 INFO:teuthology.orchestra.run.smithi018.stdout:/usr/bin/ceph: stderr
2024-03-07T09:49:24.788+0000 7fc335f03700 1 -- start start
2024-03-07T09:49:30.974 INFO:teuthology.orchestra.run.smithi018.stdout:/usr/bin/ceph: stderr
2024-03-07T09:49:24.788+0000 7fc335f03700 1 --2- >> [v2:172.21.15.18:3300/0,v1:172.21.15.18:6789/0] conn(0x7fc330108530 0x7fc33019ba70 unknown :-1 s=NONE pgs=0 cs=0 l=1 rev1=0 crypto rx=0 tx=0 comp rx=0 tx=0).connect
2024-03-07T09:49:30.974 INFO:teuthology.orchestra.run.smithi018.stdout:/usr/bin/ceph: stderr
2024-03-07T09:49:24.788+0000 7fc335f03700 1 -- --> [v2:172.21.15.18:3300/0,v1:172.21.15.18:6789/0] -- mon_getmap magic: 0 v1 -- 0x7fc33010be90 con 0x7fc330108530
2024-03-07T09:49:30.974 INFO:teuthology.orchestra.run.smithi018.stdout:/usr/bin/ceph: stderr
2024-03-07T09:49:24.788+0000 7fc32f7fe700 1 --2- >> [v2:172.21.15.18:3300/0,v1:172.21.15.18:6789/0] conn(0x7fc330108530 0x7fc33019ba70 unknown :-1 s=BANNER_CONNECTING pgs=0 cs=0 l=1 rev1=0 crypto rx=0 tx=0 comp rx=0 tx=0)._handle_peer_banner_payload supported=3 required=0
2024-03-07T09:49:30.974 INFO:teuthology.orchestra.run.smithi018.stdout:/usr/bin/ceph: stderr
2024-03-07T09:49:24.788+0000 7fc32f7fe700 1 --2- >> [v2:172.21.15.18:3300/0,v1:172.21.15.18:6789/0] conn(0x7fc330108530 0x7fc33019ba70 unknown :-1 s=HELLO_CONNECTING pgs=0 cs=0 l=1 rev1=1 crypto rx=0 tx=0 comp rx=0 tx=0).handle_hello peer v2:172.21.15.18:3300/0 says I am v2:172.21.15.18:37478/0 (socket says 172.21.15.18:37478)
2024-03-07T09:49:30.974 INFO:teuthology.orchestra.run.smithi018.stdout:/usr/bin/ceph: stderr
2024-03-07T09:49:24.788+0000 7fc32f7fe700 1 -- 172.21.15.18:0/3404654737 learned_addr learned my addr 172.21.15.18:0/3404654737 (peer_addr_for_me v2:172.21.15.18:0/0)
2024-03-07T09:49:30.974 INFO:teuthology.orchestra.run.smithi018.stdout:/usr/bin/ceph: stderr
2024-03-07T09:49:24.788+0000 7fc32f7fe700 1 -- 172.21.15.18:0/3404654737 --> [v2:172.21.15.18:3300/0,v1:172.21.15.18:6789/0] -- mon_subscribe({config=0+,monmap=0+}) v3 -- 0x7fc33019bfb0 con 0x7fc330108530
2024-03-07T09:49:30.974 INFO:teuthology.orchestra.run.smithi018.stdout:/usr/bin/ceph: stderr
2024-03-07T09:49:24.788+0000 7fc32f7fe700 1 --2- 172.21.15.18:0/3404654737 >> [v2:172.21.15.18:3300/0,v1:172.21.15.18:6789/0] conn(0x7fc330108530 0x7fc33019ba70 secure :-1 s=READY pgs=29 cs=0 l=1 rev1=1 crypto rx=0x7fc320011b60 tx=0x7fc320011c40 comp rx=0 tx=0).ready entity=mon.0 client_cookie=0 server_cookie=0 in_seq=0 out_seq=0
2024-03-07T09:49:30.974 INFO:teuthology.orchestra.run.smithi018.stdout:/usr/bin/ceph: stderr
2024-03-07T09:49:24.789+0000 7fc32cff9700 1 -- 172.21.15.18:0/3404654737 <== mon.0 v2:172.21.15.18:3300/0 1 ==== mon_map magic: 0 v1 ==== 205+0+0 (secure 0 0 0) 0x7fc320003b20 con 0x7fc330108530
2024-03-07T09:49:30.974 INFO:teuthology.orchestra.run.smithi018.stdout:/usr/bin/ceph: stderr
2024-03-07T09:49:24.789+0000 7fc32cff9700 1 -- 172.21.15.18:0/3404654737 <== mon.0 v2:172.21.15.18:3300/0 2 ==== config(27 keys) v1 ==== 1109+0+0 (secure 0 0 0) 0x7fc320003cc0 con 0x7fc330108530
2024-03-07T09:49:30.974 INFO:teuthology.orchestra.run.smithi018.stdout:/usr/bin/ceph: stderr
2024-03-07T09:49:24.789+0000 7fc335f03700 1 -- 172.21.15.18:0/3404654737 --> [v2:172.21.15.18:3300/0,v1:172.21.15.18:6789/0] -- mon_subscribe({mgrmap=0+}) v3 -- 0x7fc33019c240 con 0x7fc330108530
2024-03-07T09:49:30.974 INFO:teuthology.orchestra.run.smithi018.stdout:/usr/bin/ceph: stderr
2024-03-07T09:49:24.789+0000 7fc32cff9700 1 -- 172.21.15.18:0/3404654737 <== mon.0 v2:172.21.15.18:3300/0 3 ==== mon_map magic: 0 v1 ==== 205+0+0 (secure 0 0 0) 0x7fc320024840 con 0x7fc330108530
2024-03-07T09:49:30.974 INFO:teuthology.orchestra.run.smithi018.stdout:/usr/bin/ceph: stderr
2024-03-07T09:49:24.789+0000 7fc335f03700 1 -- 172.21.15.18:0/3404654737 --> [v2:172.21.15.18:3300/0,v1:172.21.15.18:6789/0] -- mon_subscribe({osdmap=0}) v3 -- 0x7fc33019ef30 con 0x7fc330108530
2024-03-07T09:49:30.974 INFO:teuthology.orchestra.run.smithi018.stdout:/usr/bin/ceph: stderr
2024-03-07T09:49:24.790+0000 7fc32cff9700 1 -- 172.21.15.18:0/3404654737 <== mon.0 v2:172.21.15.18:3300/0 4 ==== mgrmap(e 5) v1 ==== 45927+0+0 (secure 0 0 0) 0x7fc320022020 con 0x7fc330108530
2024-03-07T09:49:30.974 INFO:teuthology.orchestra.run.smithi018.stdout:/usr/bin/ceph: stderr
2024-03-07T09:49:24.790+0000 7fc32cff9700 1 --2- 172.21.15.18:0/3404654737 >> [v2:172.21.15.18:6800/3136177842,v1:172.21.15.18:6801/3136177842] conn(0x7fc318038bf0 0x7fc31803b0b0 unknown :-1 s=NONE pgs=0 cs=0 l=1 rev1=0 crypto rx=0 tx=0 comp rx=0 tx=0).connect
2024-03-07T09:49:30.975 INFO:teuthology.orchestra.run.smithi018.stdout:/usr/bin/ceph: stderr
2024-03-07T09:49:24.790+0000 7fc32cff9700 1 -- 172.21.15.18:0/3404654737 --> [v2:172.21.15.18:6800/3136177842,v1:172.21.15.18:6801/3136177842] -- command(tid 0: {"prefix": "get_command_descriptions"}) v1 -- 0x7fc31803b7c0 con 0x7fc318038bf0
2024-03-07T09:49:30.975 INFO:teuthology.orchestra.run.smithi018.stdout:/usr/bin/ceph: stderr
2024-03-07T09:49:24.790+0000 7fc32cff9700 1 -- 172.21.15.18:0/3404654737 <== mon.0 v2:172.21.15.18:3300/0 5 ==== osd_map(1..1 src has 1..1) v4 ==== 725+0+0 (secure 0 0 0) 0x7fc320011e00 con 0x7fc330108530
2024-03-07T09:49:30.975 INFO:teuthology.orchestra.run.smithi018.stdout:/usr/bin/ceph: stderr
2024-03-07T09:49:24.790+0000 7fc32effd700 1 -- 172.21.15.18:0/3404654737 >> [v2:172.21.15.18:6800/3136177842,v1:172.21.15.18:6801/3136177842] conn(0x7fc318038bf0 msgr2=0x7fc31803b0b0 unknown :-1 s=STATE_CONNECTING_RE l=1).process reconnect failed to v2:172.21.15.18:6800/3136177842
2024-03-07T09:49:30.975 INFO:teuthology.orchestra.run.smithi018.stdout:/usr/bin/ceph: stderr
2024-03-07T09:49:24.790+0000 7fc32effd700 1 --2- 172.21.15.18:0/3404654737 >> [v2:172.21.15.18:6800/3136177842,v1:172.21.15.18:6801/3136177842] conn(0x7fc318038bf0 0x7fc31803b0b0 unknown :-1 s=START_CONNECT pgs=0 cs=0 l=1 rev1=0 crypto rx=0 tx=0 comp rx=0 tx=0)._fault waiting 0.200000
2024-03-07T09:49:30.975 INFO:teuthology.orchestra.run.smithi018.stdout:/usr/bin/ceph: stderr
2024-03-07T09:49:24.991+0000 7fc32effd700 1 -- 172.21.15.18:0/3404654737 >> [v2:172.21.15.18:6800/3136177842,v1:172.21.15.18:6801/3136177842] conn(0x7fc318038bf0 msgr2=0x7fc31803b0b0 unknown :-1 s=STATE_CONNECTING_RE l=1).process reconnect failed to v2:172.21.15.18:6800/3136177842
2024-03-07T09:49:30.975 INFO:teuthology.orchestra.run.smithi018.stdout:/usr/bin/ceph: stderr
2024-03-07T09:49:24.991+0000 7fc32effd700 1 --2- 172.21.15.18:0/3404654737 >> [v2:172.21.15.18:6800/3136177842,v1:172.21.15.18:6801/3136177842] conn(0x7fc318038bf0 0x7fc31803b0b0 unknown :-1 s=START_CONNECT pgs=0 cs=0 l=1 rev1=0 crypto rx=0 tx=0 comp rx=0 tx=0)._fault waiting 0.400000
2024-03-07T09:49:30.975 INFO:teuthology.orchestra.run.smithi018.stdout:/usr/bin/ceph: stderr
2024-03-07T09:49:25.392+0000 7fc32effd700 1 -- 172.21.15.18:0/3404654737 >> [v2:172.21.15.18:6800/3136177842,v1:172.21.15.18:6801/3136177842] conn(0x7fc318038bf0 msgr2=0x7fc31803b0b0 unknown :-1 s=STATE_CONNECTING_RE l=1).process reconnect failed to v2:172.21.15.18:6800/3136177842
2024-03-07T09:49:30.975 INFO:teuthology.orchestra.run.smithi018.stdout:/usr/bin/ceph: stderr
2024-03-07T09:49:25.392+0000 7fc32effd700 1 --2- 172.21.15.18:0/3404654737 >> [v2:172.21.15.18:6800/3136177842,v1:172.21.15.18:6801/3136177842] conn(0x7fc318038bf0 0x7fc31803b0b0 unknown :-1 s=START_CONNECT pgs=0 cs=0 l=1 rev1=0 crypto rx=0 tx=0 comp rx=0 tx=0)._fault waiting 0.800000
2024-03-07T09:49:30.975 INFO:teuthology.orchestra.run.smithi018.stdout:/usr/bin/ceph: stderr
2024-03-07T09:49:26.193+0000 7fc32effd700 1 -- 172.21.15.18:0/3404654737 >> [v2:172.21.15.18:6800/3136177842,v1:172.21.15.18:6801/3136177842] conn(0x7fc318038bf0 msgr2=0x7fc31803b0b0 unknown :-1 s=STATE_CONNECTING_RE l=1).process reconnect failed to v2:172.21.15.18:6800/3136177842
2024-03-07T09:49:30.975 INFO:teuthology.orchestra.run.smithi018.stdout:/usr/bin/ceph: stderr
2024-03-07T09:49:26.193+0000 7fc32effd700 1 --2- 172.21.15.18:0/3404654737 >> [v2:172.21.15.18:6800/3136177842,v1:172.21.15.18:6801/3136177842] conn(0x7fc318038bf0 0x7fc31803b0b0 unknown :-1 s=START_CONNECT pgs=0 cs=0 l=1 rev1=0 crypto rx=0 tx=0 comp rx=0 tx=0)._fault waiting 1.600000
2024-03-07T09:49:30.975 INFO:teuthology.orchestra.run.smithi018.stdout:/usr/bin/ceph: stderr
2024-03-07T09:49:27.794+0000 7fc32effd700 1 -- 172.21.15.18:0/3404654737 >> [v2:172.21.15.18:6800/3136177842,v1:172.21.15.18:6801/3136177842] conn(0x7fc318038bf0 msgr2=0x7fc31803b0b0 unknown :-1 s=STATE_CONNECTING_RE l=1).process reconnect failed to v2:172.21.15.18:6800/3136177842
2024-03-07T09:49:30.975 INFO:teuthology.orchestra.run.smithi018.stdout:/usr/bin/ceph: stderr
2024-03-07T09:49:27.794+0000 7fc32effd700 1 --2- 172.21.15.18:0/3404654737 >> [v2:172.21.15.18:6800/3136177842,v1:172.21.15.18:6801/3136177842] conn(0x7fc318038bf0 0x7fc31803b0b0 unknown :-1 s=START_CONNECT pgs=0 cs=0 l=1 rev1=0 crypto rx=0 tx=0 comp rx=0 tx=0)._fault waiting 3.200000
2024-03-07T09:49:30.975 INFO:teuthology.orchestra.run.smithi018.stdout:/usr/bin/ceph: stderr
2024-03-07T09:49:29.345+0000 7fc32cff9700 1 -- 172.21.15.18:0/3404654737 <== mon.0 v2:172.21.15.18:3300/0 6 ==== mgrmap(e 6) v1 ==== 45694+0+0 (secure 0 0 0) 0x7fc320024b00 con 0x7fc330108530
2024-03-07T09:49:30.975 INFO:teuthology.orchestra.run.smithi018.stdout:/usr/bin/ceph: stderr
2024-03-07T09:49:29.345+0000 7fc32cff9700 1 -- 172.21.15.18:0/3404654737 >> [v2:172.21.15.18:6800/3136177842,v1:172.21.15.18:6801/3136177842] conn(0x7fc318038bf0 msgr2=0x7fc31803b0b0 unknown :-1 s=STATE_CONNECTING l=1).mark_down
2024-03-07T09:49:30.976 INFO:teuthology.orchestra.run.smithi018.stdout:/usr/bin/ceph: stderr
2024-03-07T09:49:29.345+0000 7fc32cff9700 1 --2- 172.21.15.18:0/3404654737 >> [v2:172.21.15.18:6800/3136177842,v1:172.21.15.18:6801/3136177842] conn(0x7fc318038bf0 0x7fc31803b0b0 unknown :-1 s=START_CONNECT pgs=0 cs=0 l=1 rev1=0 crypto rx=0 tx=0 comp rx=0 tx=0).stop
2024-03-07T09:49:30.976 INFO:teuthology.orchestra.run.smithi018.stdout:/usr/bin/ceph: stderr
2024-03-07T09:49:30.346+0000 7fc32cff9700 1 -- 172.21.15.18:0/3404654737 <== mon.0 v2:172.21.15.18:3300/0 7 ==== mgrmap(e 7) v1 ==== 45821+0+0 (secure 0 0 0) 0x7fc32004df60 con 0x7fc330108530
2024-03-07T09:49:30.976 INFO:teuthology.orchestra.run.smithi018.stdout:/usr/bin/ceph: stderr
2024-03-07T09:49:30.346+0000 7fc32cff9700 1 --2- 172.21.15.18:0/3404654737 >> [v2:172.21.15.18:6800/2708184648,v1:172.21.15.18:6801/2708184648] conn(0x7fc31803c520 0x7fc31803e910 unknown :-1 s=NONE pgs=0 cs=0 l=1 rev1=0 crypto rx=0 tx=0 comp rx=0 tx=0).connect
2024-03-07T09:49:30.976 INFO:teuthology.orchestra.run.smithi018.stdout:/usr/bin/ceph: stderr
2024-03-07T09:49:30.346+0000 7fc32cff9700 1 -- 172.21.15.18:0/3404654737 --> [v2:172.21.15.18:6800/2708184648,v1:172.21.15.18:6801/2708184648] -- command(tid 0: {"prefix": "get_command_descriptions"}) v1 -- 0x7fc320001d30 con 0x7fc31803c520
2024-03-07T09:49:30.976 INFO:teuthology.orchestra.run.smithi018.stdout:/usr/bin/ceph: stderr
2024-03-07T09:49:30.346+0000 7fc32effd700 1 --2- 172.21.15.18:0/3404654737 >> [v2:172.21.15.18:6800/2708184648,v1:172.21.15.18:6801/2708184648] conn(0x7fc31803c520 0x7fc31803e910 unknown :-1 s=BANNER_CONNECTING pgs=0 cs=0 l=1 rev1=0 crypto rx=0 tx=0 comp rx=0 tx=0)._handle_peer_banner_payload supported=3 required=0
2024-03-07T09:49:30.976 INFO:teuthology.orchestra.run.smithi018.stdout:/usr/bin/ceph: stderr
2024-03-07T09:49:30.347+0000 7fc32effd700 1 --2- 172.21.15.18:0/3404654737 >> [v2:172.21.15.18:6800/2708184648,v1:172.21.15.18:6801/2708184648] conn(0x7fc31803c520 0x7fc31803e910 secure :-1 s=READY pgs=1 cs=0 l=1 rev1=1 crypto rx=0x7fc324003a10 tx=0x7fc3240092b0 comp rx=0 tx=0).ready entity=mgr.14120 client_cookie=0 server_cookie=0 in_seq=0 out_seq=0
2024-03-07T09:49:30.976 INFO:teuthology.orchestra.run.smithi018.stdout:/usr/bin/ceph: stderr
2024-03-07T09:49:30.348+0000 7fc32cff9700 1 -- 172.21.15.18:0/3404654737 <== mgr.14120 v2:172.21.15.18:6800/2708184648 1 ==== command_reply(tid 0: 0 ) v1 ==== 8+0+7774 (secure 0 0 0) 0x7fc320001d30 con 0x7fc31803c520
2024-03-07T09:49:30.976 INFO:teuthology.orchestra.run.smithi018.stdout:/usr/bin/ceph: stderr
2024-03-07T09:49:30.354+0000 7fc335f03700 1 -- 172.21.15.18:0/3404654737 --> [v2:172.21.15.18:6800/2708184648,v1:172.21.15.18:6801/2708184648] -- command(tid 1: {"prefix": "mgr_status"}) v1 -- 0x7fc330069230 con 0x7fc31803c520
2024-03-07T09:49:30.976 INFO:teuthology.orchestra.run.smithi018.stdout:/usr/bin/ceph: stderr
2024-03-07T09:49:30.354+0000 7fc32cff9700 1 -- 172.21.15.18:0/3404654737 <== mgr.14120 v2:172.21.15.18:6800/2708184648 2 ==== command_reply(tid 1: 0 ) v1 ==== 8+0+51 (secure 0 0 0) 0x7fc330069230 con 0x7fc31803c520
2024-03-07T09:49:30.976 INFO:teuthology.orchestra.run.smithi018.stdout:/usr/bin/ceph: stderr
2024-03-07T09:49:30.355+0000 7fc335f03700 1 -- 172.21.15.18:0/3404654737 >> [v2:172.21.15.18:6800/2708184648,v1:172.21.15.18:6801/2708184648] conn(0x7fc31803c520 msgr2=0x7fc31803e910 secure :-1 s=STATE_CONNECTION_ESTABLISHED l=1).mark_down
2024-03-07T09:49:30.976 INFO:teuthology.orchestra.run.smithi018.stdout:/usr/bin/ceph: stderr
2024-03-07T09:49:30.355+0000 7fc335f03700 1 --2- 172.21.15.18:0/3404654737 >> [v2:172.21.15.18:6800/2708184648,v1:172.21.15.18:6801/2708184648] conn(0x7fc31803c520 0x7fc31803e910 secure :-1 s=READY pgs=1 cs=0 l=1 rev1=1 crypto rx=0x7fc324003a10 tx=0x7fc3240092b0 comp rx=0 tx=0).stop
2024-03-07T09:49:30.976 INFO:teuthology.orchestra.run.smithi018.stdout:/usr/bin/ceph: stderr
2024-03-07T09:49:30.355+0000 7fc335f03700 1 -- 172.21.15.18:0/3404654737 >> [v2:172.21.15.18:3300/0,v1:172.21.15.18:6789/0] conn(0x7fc330108530 msgr2=0x7fc33019ba70 secure :-1 s=STATE_CONNECTION_ESTABLISHED l=1).mark_down
