2024-03-07T09:49:46.452+0000 7ff6bdac1700 1 -- 172.21.15.18:0/883896338 --> [v2:172.21.15.18:3300/0,v1:172.21.15.18:6789/0] -- mon_command([{prefix=config set, name=mgr/dashboard/ssl_server_port}] v 0) v1 -- 0x7ff6b819f140 con 0x7ff6b81085a0
2024-03-07T09:49:47.560 INFO:teuthology.orchestra.run.smithi018.stdout:/usr/bin/ceph: stderr
2024-03-07T09:49:46.454+0000 7ff6b4ff9700 1 -- 172.21.15.18:0/883896338 <== mon.0 v2:172.21.15.18:3300/0 7 ==== mon_command_ack([{prefix=config set, name=mgr/dashboard/ssl_server_port}]=0 v8)=0 v8) v1 ==== 130+0+0 (secure 0 0 0) 0x7ff6ac02d3f0 con 0x7ff6b81085a0
2024-03-07T09:49:47.560 INFO:teuthology.orchestra.run.smithi018.stdout:/usr/bin/ceph: stderr
2024-03-07T09:49:46.457+0000 7ff6bdac1700 1 -- 172.21.15.18:0/883896338 >> [v2:172.21.15.18:6800/2708184648,v1:172.21.15.18:6801/2708184648] conn(0x7ff6a0038ba0 msgr2=0x7ff6a003b060 secure :-1 s=STATE_CONNECTION_ESTABLISHED l=1).mark_down
2024-03-07T09:49:47.560 INFO:teuthology.orchestra.run.smithi018.stdout:/usr/bin/ceph: stderr
2024-03-07T09:49:46.457+0000 7ff6bdac1700 1 --2- 172.21.15.18:0/883896338 >> [v2:172.21.15.18:6800/2708184648,v1:172.21.15.18:6801/2708184648] conn(0x7ff6a0038ba0 0x7ff6a003b060 secure :-1 s=READY pgs=15 cs=0 l=1 rev1=1 crypto rx=0x7ff6a8006fd0 tx=0x7ff6a8006e40 comp rx=0 tx=0).stop
2024-03-07T09:49:47.560 INFO:teuthology.orchestra.run.smithi018.stdout:/usr/bin/ceph: stderr
2024-03-07T09:49:46.457+0000 7ff6bdac1700 1 -- 172.21.15.18:0/883896338 >> [v2:172.21.15.18:3300/0,v1:172.21.15.18:6789/0] conn(0x7ff6b81085a0 msgr2=0x7ff6b819ba80 secure :-1 s=STATE_CONNECTION_ESTABLISHED l=1).mark_down
2024-03-07T09:49:47.561 INFO:teuthology.orchestra.run.smithi018.stdout:/usr/bin/ceph: stderr
2024-03-07T09:49:46.457+0000 7ff6bdac1700 1 --2- 172.21.15.18:0/883896338 >> [v2:172.21.15.18:3300/0,v1:172.21.15.18:6789/0] conn(0x7ff6b81085a0 0x7ff6b819ba80 secure :-1 s=READY pgs=54 cs=0 l=1 rev1=1 crypto rx=0x7ff6ac011b60 tx=0x7ff6ac011c40 comp rx=0 tx=0).stop
2024-03-07T09:49:47.561 INFO:teuthology.orchestra.run.smithi018.stdout:/usr/bin/ceph: stderr
2024-03-07T09:49:46.457+0000 7ff6bdac1700 1 -- 172.21.15.18:0/883896338 shutdown_connections
2024-03-07T09:49:47.561 INFO:teuthology.orchestra.run.smithi018.stdout:/usr/bin/ceph: stderr
2024-03-07T09:49:46.457+0000 7ff6bdac1700 1 --2- 172.21.15.18:0/883896338 >> [v2:172.21.15.18:6800/2708184648,v1:172.21.15.18:6801/2708184648] conn(0x7ff6a0038ba0 0x7ff6a003b060 unknown :-1 s=CLOSED pgs=15 cs=0 l=1 rev1=1 crypto rx=0 tx=0 comp rx=0 tx=0).stop
2024-03-07T09:49:47.561 INFO:teuthology.orchestra.run.smithi018.stdout:/usr/bin/ceph: stderr
2024-03-07T09:49:46.457+0000 7ff6bdac1700 1 --2- 172.21.15.18:0/883896338 >> [v2:172.21.15.18:3300/0,v1:172.21.15.18:6789/0] conn(0x7ff6b81085a0 0x7ff6b819ba80 unknown :-1 s=CLOSED pgs=54 cs=0 l=1 rev1=1 crypto rx=0 tx=0 comp rx=0 tx=0).stop
2024-03-07T09:49:47.561 INFO:teuthology.orchestra.run.smithi018.stdout:/usr/bin/ceph: stderr
2024-03-07T09:49:46.457+0000 7ff6bdac1700 1 -- 172.21.15.18:0/883896338 >> 172.21.15.18:0/883896338 conn(0x7ff6b8101fd0 msgr2=0x7ff6b8102ac0 unknown :-1 s=STATE_NONE l=0).mark_down
2024-03-07T09:49:47.561 INFO:teuthology.orchestra.run.smithi018.stdout:/usr/bin/ceph: stderr
2024-03-07T09:49:46.457+0000 7ff6bdac1700 1 -- 172.21.15.18:0/883896338 shutdown_connections
2024-03-07T09:49:47.561 INFO:teuthology.orchestra.run.smithi018.stdout:/usr/bin/ceph: stderr
2024-03-07T09:49:46.457+0000 7ff6bdac1700 1 -- 172.21.15.18:0/883896338 wait complete.
2024-03-07T09:49:47.561 INFO:teuthology.orchestra.run.smithi018.stdout:Enabling the dashboard module...
2024-03-07T09:49:48.485 INFO:journalctl@ceph.mon.a.smithi018.stdout:Mar 07 09:49:48 smithi018 ceph-mon[32171]: from='client.? 172.21.15.18:0/536982247' entity='client.admin' cmd=[{"prefix": "mgr module enable", "module": "dashboard"}]: dispatch
2024-03-07T09:49:48.773 INFO:journalctl@ceph.mgr.x.smithi018.stdout:Mar 07 09:49:48 smithi018 ceph-c474c52c-dc67-11ee-95c6-87774f69a715-mgr-x[32401]: ignoring --setuser ceph since I am not root
2024-03-07T09:49:48.773 INFO:journalctl@ceph.mgr.x.smithi018.stdout:Mar 07 09:49:48 smithi018 ceph-c474c52c-dc67-11ee-95c6-87774f69a715-mgr-x[32401]: ignoring --setgroup ceph since I am not root
2024-03-07T09:49:49.056 INFO:teuthology.orchestra.run.smithi018.stdout:/usr/bin/ceph: stderr
2024-03-07T09:49:47.950+0000 7f1c1a85a700 1 Processor -- start
2024-03-07T09:49:49.056 INFO:teuthology.orchestra.run.smithi018.stdout:/usr/bin/ceph: stderr
2024-03-07T09:49:47.950+0000 7f1c1a85a700 1 -- start start
2024-03-07T09:49:49.056 INFO:teuthology.orchestra.run.smithi018.stdout:/usr/bin/ceph: stderr
2024-03-07T09:49:47.950+0000 7f1c1a85a700 1 --2- >> [v2:172.21.15.18:3300/0,v1:172.21.15.18:6789/0] conn(0x7f1c14108550 0x7f1c1410a940 unknown :-1 s=NONE pgs=0 cs=0 l=0 rev1=0 crypto rx=0 tx=0 comp rx=0 tx=0).connect
2024-03-07T09:49:49.056 INFO:teuthology.orchestra.run.smithi018.stdout:/usr/bin/ceph: stderr
2024-03-07T09:49:47.950+0000 7f1c1a85a700 1 -- --> [v2:172.21.15.18:3300/0,v1:172.21.15.18:6789/0] -- mon_getmap magic: 0 v1 -- 0x7f1c1407be10 con 0x7f1c14108550
2024-03-07T09:49:49.057 INFO:teuthology.orchestra.run.smithi018.stdout:/usr/bin/ceph: stderr
2024-03-07T09:49:47.950+0000 7f1c13fff700 1 --2- >> [v2:172.21.15.18:3300/0,v1:172.21.15.18:6789/0] conn(0x7f1c14108550 0x7f1c1410a940 unknown :-1 s=BANNER_CONNECTING pgs=0 cs=0 l=0 rev1=0 crypto rx=0 tx=0 comp rx=0 tx=0)._handle_peer_banner_payload supported=3 required=0
2024-03-07T09:49:49.057 INFO:teuthology.orchestra.run.smithi018.stdout:/usr/bin/ceph: stderr
2024-03-07T09:49:47.950+0000 7f1c13fff700 1 --2- >> [v2:172.21.15.18:3300/0,v1:172.21.15.18:6789/0] conn(0x7f1c14108550 0x7f1c1410a940 unknown :-1 s=HELLO_CONNECTING pgs=0 cs=0 l=0 rev1=1 crypto rx=0 tx=0 comp rx=0 tx=0).handle_hello peer v2:172.21.15.18:3300/0 says I am v2:172.21.15.18:33416/0 (socket says 172.21.15.18:33416)
2024-03-07T09:49:49.057 INFO:teuthology.orchestra.run.smithi018.stdout:/usr/bin/ceph: stderr
2024-03-07T09:49:47.950+0000 7f1c13fff700 1 -- 172.21.15.18:0/1310347782 learned_addr learned my addr 172.21.15.18:0/1310347782 (peer_addr_for_me v2:172.21.15.18:0/0)
2024-03-07T09:49:49.057 INFO:teuthology.orchestra.run.smithi018.stdout:/usr/bin/ceph: stderr
2024-03-07T09:49:47.950+0000 7f1c13fff700 1 -- 172.21.15.18:0/1310347782 --> [v2:172.21.15.18:3300/0,v1:172.21.15.18:6789/0] -- mon_subscribe({config=0+,monmap=0+}) v3 -- 0x7f1c1410ae80 con 0x7f1c14108550
2024-03-07T09:49:49.057 INFO:teuthology.orchestra.run.smithi018.stdout:/usr/bin/ceph: stderr
2024-03-07T09:49:47.951+0000 7f1c13fff700 1 --2- 172.21.15.18:0/1310347782 >> [v2:172.21.15.18:3300/0,v1:172.21.15.18:6789/0] conn(0x7f1c14108550 0x7f1c1410a940 secure :-1 s=READY pgs=55 cs=0 l=1 rev1=1 crypto rx=0x7f1c040098a0 tx=0x7f1c04009bb0 comp rx=0 tx=0).ready entity=mon.0 client_cookie=8ccbd7a70249273d server_cookie=0 in_seq=0 out_seq=0
2024-03-07T09:49:49.057 INFO:teuthology.orchestra.run.smithi018.stdout:/usr/bin/ceph: stderr
2024-03-07T09:49:47.951+0000 7f1c12ffd700 1 -- 172.21.15.18:0/1310347782 <== mon.0 v2:172.21.15.18:3300/0 1 ==== mon_map magic: 0 v1 ==== 205+0+0 (secure 0 0 0) 0x7f1c04004160 con 0x7f1c14108550
2024-03-07T09:49:49.057 INFO:teuthology.orchestra.run.smithi018.stdout:/usr/bin/ceph: stderr
2024-03-07T09:49:47.951+0000 7f1c12ffd700 1 -- 172.21.15.18:0/1310347782 <== mon.0 v2:172.21.15.18:3300/0 2 ==== config(27 keys) v1 ==== 1140+0+0 (secure 0 0 0) 0x7f1c04004300 con 0x7f1c14108550
2024-03-07T09:49:49.057 INFO:teuthology.orchestra.run.smithi018.stdout:/usr/bin/ceph: stderr
2024-03-07T09:49:47.951+0000 7f1c12ffd700 1 -- 172.21.15.18:0/1310347782 <== mon.0 v2:172.21.15.18:3300/0 3 ==== mon_map magic: 0 v1 ==== 205+0+0 (secure 0 0 0) 0x7f1c04011b20 con 0x7f1c14108550
2024-03-07T09:49:49.057 INFO:teuthology.orchestra.run.smithi018.stdout:/usr/bin/ceph: stderr
2024-03-07T09:49:47.952+0000 7f1c1a85a700 1 -- 172.21.15.18:0/1310347782 >> [v2:172.21.15.18:3300/0,v1:172.21.15.18:6789/0] conn(0x7f1c14108550 msgr2=0x7f1c1410a940 secure :-1 s=STATE_CONNECTION_ESTABLISHED l=1).mark_down
2024-03-07T09:49:49.057 INFO:teuthology.orchestra.run.smithi018.stdout:/usr/bin/ceph: stderr
2024-03-07T09:49:47.952+0000 7f1c1a85a700 1 --2- 172.21.15.18:0/1310347782 >> [v2:172.21.15.18:3300/0,v1:172.21.15.18:6789/0] conn(0x7f1c14108550 0x7f1c1410a940 secure :-1 s=READY pgs=55 cs=0 l=1 rev1=1 crypto rx=0x7f1c040098a0 tx=0x7f1c04009bb0 comp rx=0 tx=0).stop
2024-03-07T09:49:49.057 INFO:teuthology.orchestra.run.smithi018.stdout:/usr/bin/ceph: stderr
2024-03-07T09:49:47.952+0000 7f1c1a85a700 1 -- 172.21.15.18:0/1310347782 shutdown_connections
2024-03-07T09:49:49.057 INFO:teuthology.orchestra.run.smithi018.stdout:/usr/bin/ceph: stderr
2024-03-07T09:49:47.952+0000 7f1c1a85a700 1 --2- 172.21.15.18:0/1310347782 >> [v2:172.21.15.18:3300/0,v1:172.21.15.18:6789/0] conn(0x7f1c14108550 0x7f1c1410a940 unknown :-1 s=CLOSED pgs=55 cs=0 l=1 rev1=1 crypto rx=0 tx=0 comp rx=0 tx=0).stop
2024-03-07T09:49:49.057 INFO:teuthology.orchestra.run.smithi018.stdout:/usr/bin/ceph: stderr
2024-03-07T09:49:47.952+0000 7f1c1a85a700 1 -- 172.21.15.18:0/1310347782 >> 172.21.15.18:0/1310347782 conn(0x7f1c14101fe0 msgr2=0x7f1c14104400 unknown :-1 s=STATE_NONE l=0).mark_down
2024-03-07T09:49:49.057 INFO:teuthology.orchestra.run.smithi018.stdout:/usr/bin/ceph: stderr
2024-03-07T09:49:47.952+0000 7f1c1a85a700 1 -- 172.21.15.18:0/1310347782 shutdown_connections
2024-03-07T09:49:49.058 INFO:teuthology.orchestra.run.smithi018.stdout:/usr/bin/ceph: stderr
2024-03-07T09:49:47.952+0000 7f1c1a85a700 1 -- 172.21.15.18:0/1310347782 wait complete.
2024-03-07T09:49:49.058 INFO:teuthology.orchestra.run.smithi018.stdout:/usr/bin/ceph: stderr
2024-03-07T09:49:47.953+0000 7f1c1a85a700 1 Processor -- start
2024-03-07T09:49:49.058 INFO:teuthology.orchestra.run.smithi018.stdout:/usr/bin/ceph: stderr
2024-03-07T09:49:47.953+0000 7f1c1a85a700 1 -- start start
2024-03-07T09:49:49.058 INFO:teuthology.orchestra.run.smithi018.stdout:/usr/bin/ceph: stderr
2024-03-07T09:49:47.953+0000 7f1c1a85a700 1 --2- >> [v2:172.21.15.18:3300/0,v1:172.21.15.18:6789/0] conn(0x7f1c14108550 0x7f1c1419b9f0 unknown :-1 s=NONE pgs=0 cs=0 l=1 rev1=0 crypto rx=0 tx=0 comp rx=0 tx=0).connect
2024-03-07T09:49:49.058 INFO:teuthology.orchestra.run.smithi018.stdout:/usr/bin/ceph: stderr
2024-03-07T09:49:47.953+0000 7f1c1a85a700 1 -- --> [v2:172.21.15.18:3300/0,v1:172.21.15.18:6789/0] -- mon_getmap magic: 0 v1 -- 0x7f1c1410be90 con 0x7f1c14108550
2024-03-07T09:49:49.058 INFO:teuthology.orchestra.run.smithi018.stdout:/usr/bin/ceph: stderr
2024-03-07T09:49:47.953+0000 7f1c13fff700 1 --2- >> [v2:172.21.15.18:3300/0,v1:172.21.15.18:6789/0] conn(0x7f1c14108550 0x7f1c1419b9f0 unknown :-1 s=BANNER_CONNECTING pgs=0 cs=0 l=1 rev1=0 crypto rx=0 tx=0 comp rx=0 tx=0)._handle_peer_banner_payload supported=3 required=0
2024-03-07T09:49:49.058 INFO:teuthology.orchestra.run.smithi018.stdout:/usr/bin/ceph: stderr
2024-03-07T09:49:47.953+0000 7f1c13fff700 1 --2- >> [v2:172.21.15.18:3300/0,v1:172.21.15.18:6789/0] conn(0x7f1c14108550 0x7f1c1419b9f0 unknown :-1 s=HELLO_CONNECTING pgs=0 cs=0 l=1 rev1=1 crypto rx=0 tx=0 comp rx=0 tx=0).handle_hello peer v2:172.21.15.18:3300/0 says I am v2:172.21.15.18:33426/0 (socket says 172.21.15.18:33426)
2024-03-07T09:49:49.058 INFO:teuthology.orchestra.run.smithi018.stdout:/usr/bin/ceph: stderr
2024-03-07T09:49:47.953+0000 7f1c13fff700 1 -- 172.21.15.18:0/536982247 learned_addr learned my addr 172.21.15.18:0/536982247 (peer_addr_for_me v2:172.21.15.18:0/0)
2024-03-07T09:49:49.058 INFO:teuthology.orchestra.run.smithi018.stdout:/usr/bin/ceph: stderr
2024-03-07T09:49:47.953+0000 7f1c13fff700 1 -- 172.21.15.18:0/536982247 --> [v2:172.21.15.18:3300/0,v1:172.21.15.18:6789/0] -- mon_subscribe({config=0+,monmap=0+}) v3 -- 0x7f1c1419bf30 con 0x7f1c14108550
2024-03-07T09:49:49.058 INFO:teuthology.orchestra.run.smithi018.stdout:/usr/bin/ceph: stderr
2024-03-07T09:49:47.954+0000 7f1c13fff700 1 --2- 172.21.15.18:0/536982247 >> [v2:172.21.15.18:3300/0,v1:172.21.15.18:6789/0] conn(0x7f1c14108550 0x7f1c1419b9f0 secure :-1 s=READY pgs=56 cs=0 l=1 rev1=1 crypto rx=0x7f1c040117e0 tx=0x7f1c04011ba0 comp rx=0 tx=0).ready entity=mon.0 client_cookie=0 server_cookie=0 in_seq=0 out_seq=0
2024-03-07T09:49:49.058 INFO:teuthology.orchestra.run.smithi018.stdout:/usr/bin/ceph: stderr
2024-03-07T09:49:47.954+0000 7f1c117fa700 1 -- 172.21.15.18:0/536982247 <== mon.0 v2:172.21.15.18:3300/0 1 ==== mon_map magic: 0 v1 ==== 205+0+0 (secure 0 0 0) 0x7f1c04003ba0 con 0x7f1c14108550
2024-03-07T09:49:49.058 INFO:teuthology.orchestra.run.smithi018.stdout:/usr/bin/ceph: stderr
2024-03-07T09:49:47.954+0000 7f1c117fa700 1 -- 172.21.15.18:0/536982247 <== mon.0 v2:172.21.15.18:3300/0 2 ==== config(27 keys) v1 ==== 1140+0+0 (secure 0 0 0) 0x7f1c0401a910 con 0x7f1c14108550
2024-03-07T09:49:49.058 INFO:teuthology.orchestra.run.smithi018.stdout:/usr/bin/ceph: stderr
2024-03-07T09:49:47.954+0000 7f1c1a85a700 1 -- 172.21.15.18:0/536982247 --> [v2:172.21.15.18:3300/0,v1:172.21.15.18:6789/0] -- mon_subscribe({mgrmap=0+}) v3 -- 0x7f1c1419c1c0 con 0x7f1c14108550
2024-03-07T09:49:49.058 INFO:teuthology.orchestra.run.smithi018.stdout:/usr/bin/ceph: stderr
2024-03-07T09:49:47.954+0000 7f1c117fa700 1 -- 172.21.15.18:0/536982247 <== mon.0 v2:172.21.15.18:3300/0 3 ==== mon_map magic: 0 v1 ==== 205+0+0 (secure 0 0 0) 0x7f1c040248f0 con 0x7f1c14108550
2024-03-07T09:49:49.059 INFO:teuthology.orchestra.run.smithi018.stdout:/usr/bin/ceph: stderr
2024-03-07T09:49:47.954+0000 7f1c1a85a700 1 -- 172.21.15.18:0/536982247 --> [v2:172.21.15.18:3300/0,v1:172.21.15.18:6789/0] -- mon_subscribe({osdmap=0}) v3 -- 0x7f1c1419c620 con 0x7f1c14108550
2024-03-07T09:49:49.059 INFO:teuthology.orchestra.run.smithi018.stdout:/usr/bin/ceph: stderr
2024-03-07T09:49:47.955+0000 7f1c117fa700 1 -- 172.21.15.18:0/536982247 <== mon.0 v2:172.21.15.18:3300/0 4 ==== mgrmap(e 8) v1 ==== 45927+0+0 (secure 0 0 0) 0x7f1c04022020 con 0x7f1c14108550
2024-03-07T09:49:49.059 INFO:teuthology.orchestra.run.smithi018.stdout:/usr/bin/ceph: stderr
2024-03-07T09:49:47.955+0000 7f1c117fa700 1 --2- 172.21.15.18:0/536982247 >> [v2:172.21.15.18:6800/2708184648,v1:172.21.15.18:6801/2708184648] conn(0x7f1bfc038ba0 0x7f1bfc03b060 unknown :-1 s=NONE pgs=0 cs=0 l=1 rev1=0 crypto rx=0 tx=0 comp rx=0 tx=0).connect
2024-03-07T09:49:49.059 INFO:teuthology.orchestra.run.smithi018.stdout:/usr/bin/ceph: stderr
2024-03-07T09:49:47.955+0000 7f1c117fa700 1 -- 172.21.15.18:0/536982247 <== mon.0 v2:172.21.15.18:3300/0 5 ==== osd_map(2..2 src has 1..2) v4 ==== 940+0+0 (secure 0 0 0) 0x7f1c0401aac0 con 0x7f1c14108550
2024-03-07T09:49:49.059 INFO:teuthology.orchestra.run.smithi018.stdout:/usr/bin/ceph: stderr
2024-03-07T09:49:47.955+0000 7f1c137fe700 1 --2- 172.21.15.18:0/536982247 >> [v2:172.21.15.18:6800/2708184648,v1:172.21.15.18:6801/2708184648] conn(0x7f1bfc038ba0 0x7f1bfc03b060 unknown :-1 s=BANNER_CONNECTING pgs=0 cs=0 l=1 rev1=0 crypto rx=0 tx=0 comp rx=0 tx=0)._handle_peer_banner_payload supported=3 required=0
2024-03-07T09:49:49.059 INFO:teuthology.orchestra.run.smithi018.stdout:/usr/bin/ceph: stderr
2024-03-07T09:49:47.955+0000 7f1c1a85a700 1 -- 172.21.15.18:0/536982247 --> [v2:172.21.15.18:3300/0,v1:172.21.15.18:6789/0] -- mon_command({"prefix": "get_command_descriptions"} v 0) v1 -- 0x7f1c14063780 con 0x7f1c14108550
2024-03-07T09:49:49.059 INFO:teuthology.orchestra.run.smithi018.stdout:/usr/bin/ceph: stderr
2024-03-07T09:49:47.955+0000 7f1c137fe700 1 --2- 172.21.15.18:0/536982247 >> [v2:172.21.15.18:6800/2708184648,v1:172.21.15.18:6801/2708184648] conn(0x7f1bfc038ba0 0x7f1bfc03b060 secure :-1 s=READY pgs=16 cs=0 l=1 rev1=1 crypto rx=0x7f1c08006fd0 tx=0x7f1c08006e40 comp rx=0 tx=0).ready entity=mgr.14120 client_cookie=0 server_cookie=0 in_seq=0 out_seq=0
2024-03-07T09:49:49.059 INFO:teuthology.orchestra.run.smithi018.stdout:/usr/bin/ceph: stderr
2024-03-07T09:49:47.961+0000 7f1c117fa700 1 -- 172.21.15.18:0/536982247 <== mon.0 v2:172.21.15.18:3300/0 6 ==== mon_command_ack([{"prefix": "get_command_descriptions"}]=0 v0) v1 ==== 72+0+184932 (secure 0 0 0) 0x7f1c040172b0 con 0x7f1c14108550
2024-03-07T09:49:49.059 INFO:teuthology.orchestra.run.smithi018.stdout:/usr/bin/ceph: stderr
2024-03-07T09:49:48.223+0000 7f1c1a85a700 1 -- 172.21.15.18:0/536982247 --> [v2:172.21.15.18:3300/0,v1:172.21.15.18:6789/0] -- mon_command({"prefix": "mgr module enable", "module": "dashboard"} v 0) v1 -- 0x7f1c1419ef50 con 0x7f1c14108550
2024-03-07T09:49:49.059 INFO:teuthology.orchestra.run.smithi018.stdout:/usr/bin/ceph: stderr
2024-03-07T09:49:48.457+0000 7f1c117fa700 1 -- 172.21.15.18:0/536982247 <== mon.0 v2:172.21.15.18:3300/0 7 ==== mon_command_ack([{"prefix": "mgr module enable", "module": "dashboard"}]=0 v9) v1 ==== 88+0+0 (secure 0 0 0) 0x7f1c0400b5a0 con 0x7f1c14108550
2024-03-07T09:49:49.059 INFO:teuthology.orchestra.run.smithi018.stdout:/usr/bin/ceph: stderr
2024-03-07T09:49:48.458+0000 7f1c117fa700 1 -- 172.21.15.18:0/536982247 <== mon.0 v2:172.21.15.18:3300/0 8 ==== mgrmap(e 9) v1 ==== 45940+0+0 (secure 0 0 0) 0x7f1c0402dc90 con 0x7f1c14108550
2024-03-07T09:49:49.059 INFO:teuthology.orchestra.run.smithi018.stdout:/usr/bin/ceph: stderr
2024-03-07T09:49:48.459+0000 7f1c1a85a700 1 -- 172.21.15.18:0/536982247 >> [v2:172.21.15.18:6800/2708184648,v1:172.21.15.18:6801/2708184648] conn(0x7f1bfc038ba0 msgr2=0x7f1bfc03b060 secure :-1 s=STATE_CONNECTION_ESTABLISHED l=1).mark_down
2024-03-07T09:49:49.059 INFO:teuthology.orchestra.run.smithi018.stdout:/usr/bin/ceph: stderr
2024-03-07T09:49:48.459+0000 7f1c1a85a700 1 --2- 172.21.15.18:0/536982247 >> [v2:172.21.15.18:6800/2708184648,v1:172.21.15.18:6801/2708184648] conn(0x7f1bfc038ba0 0x7f1bfc03b060 secure :-1 s=READY pgs=16 cs=0 l=1 rev1=1 crypto rx=0x7f1c08006fd0 tx=0x7f1c08006e40 comp rx=0 tx=0).stop
2024-03-07T09:49:49.059 INFO:teuthology.orchestra.run.smithi018.stdout:/usr/bin/ceph: stderr
2024-03-07T09:49:48.459+0000 7f1c1a85a700 1 -- 172.21.15.18:0/536982247 >> [v2:172.21.15.18:3300/0,v1:172.21.15.18:6789/0] conn(0x7f1c14108550 msgr2=0x7f1c1419b9f0 secure :-1 s=STATE_CONNECTION_ESTABLISHED l=1).mark_down
2024-03-07T09:49:49.060 INFO:teuthology.orchestra.run.smithi018.stdout:/usr/bin/ceph: stderr
2024-03-07T09:49:48.459+0000 7f1c1a85a700 1 --2- 172.21.15.18:0/536982247 >> [v2:172.21.15.18:3300/0,v1:172.21.15.18:6789/0] conn(0x7f1c14108550 0x7f1c1419b9f0 secure :-1 s=READY pgs=56 cs=0 l=1 rev1=1 crypto rx=0x7f1c040117e0 tx=0x7f1c04011ba0 comp rx=0 tx=0).stop
2024-03-07T09:49:49.060 INFO:teuthology.orchestra.run.smithi018.stdout:/usr/bin/ceph: stderr
2024-03-07T09:49:48.460+0000 7f1c1a85a700 1 -- 172.21.15.18:0/536982247 shutdown_connections
2024-03-07T09:49:49.060 INFO:teuthology.orchestra.run.smithi018.stdout:/usr/bin/ceph: stderr
2024-03-07T09:49:48.460+0000 7f1c1a85a700 1 --2- 172.21.15.18:0/536982247 >> [v2:172.21.15.18:6800/2708184648,v1:172.21.15.18:6801/2708184648] conn(0x7f1bfc038ba0 0x7f1bfc03b060 unknown :-1 s=CLOSED pgs=16 cs=0 l=1 rev1=1 crypto rx=0 tx=0 comp rx=0 tx=0).stop
2024-03-07T09:49:49.060 INFO:teuthology.orchestra.run.smithi018.stdout:/usr/bin/ceph: stderr
2024-03-07T09:49:48.460+0000 7f1c1a85a700 1 --2- 172.21.15.18:0/536982247 >> [v2:172.21.15.18:3300/0,v1:172.21.15.18:6789/0] conn(0x7f1c14108550 0x7f1c1419b9f0 unknown :-1 s=CLOSED pgs=56 cs=0 l=1 rev1=1 crypto rx=0 tx=0 comp rx=0 tx=0).stop
2024-03-07T09:49:49.060 INFO:teuthology.orchestra.run.smithi018.stdout:/usr/bin/ceph: stderr
2024-03-07T09:49:48.460+0000 7f1c1a85a700 1 -- 172.21.15.18:0/536982247 >> 172.21.15.18:0/536982247 conn(0x7f1c14101fe0 msgr2=0x7f1c14102a80 unknown :-1 s=STATE_NONE l=0).mark_down
2024-03-07T09:49:49.060 INFO:teuthology.orchestra.run.smithi018.stdout:/usr/bin/ceph: stderr
2024-03-07T09:49:48.460+0000 7f1c1a85a700 1 -- 172.21.15.18:0/536982247 shutdown_connections
2024-03-07T09:49:49.060 INFO:teuthology.orchestra.run.smithi018.stdout:/usr/bin/ceph: stderr
2024-03-07T09:49:48.460+0000 7f1c1a85a700 1 -- 172.21.15.18:0/536982247 wait complete.
2024-03-07T09:49:49.322 INFO:journalctl@ceph.mgr.x.smithi018.stdout:Mar 07 09:49:49 smithi018 ceph-c474c52c-dc67-11ee-95c6-87774f69a715-mgr-x[32401]:
2024-03-07T09:49:49.036+0000 7fa3592f1200 -1 mgr[py] Module osd_perf_query has missing NOTIFY_TYPES member
2024-03-07T09:49:49.322 INFO:journalctl@ceph.mgr.x.smithi018.stdout:Mar 07 09:49:49 smithi018 ceph-c474c52c-dc67-11ee-95c6-87774f69a715-mgr-x[32401]:
2024-03-07T09:49:49.144+0000 7fa3592f1200 -1 mgr[py] Module snap_schedule has missing NOTIFY_TYPES member
2024-03-07T09:49:49.592 INFO:journalctl@ceph.mon.a.smithi018.stdout:Mar 07 09:49:49 smithi018 ceph-mon[32171]: from='client.? 172.21.15.18:0/536982247' entity='client.admin' cmd='[{"prefix": "mgr module enable", "module": "dashboard"}]': finished
2024-03-07T09:49:49.592 INFO:journalctl@ceph.mon.a.smithi018.stdout:Mar 07 09:49:49 smithi018 ceph-mon[32171]: mgrmap e9: x(active, since 19s)
2024-03-07T09:49:49.592 INFO:journalctl@ceph.mon.a.smithi018.stdout:Mar 07 09:49:49 smithi018 ceph-mon[32171]: from='mgr.14120 172.21.15.18:0/2468121734' entity='mgr.x'
2024-03-07T09:49:50.056 INFO:journalctl@ceph.mgr.x.smithi018.stdout:Mar 07 09:49:49 smithi018 ceph-c474c52c-dc67-11ee-95c6-87774f69a715-mgr-x[32401]:
2024-03-07T09:49:49.813+0000 7fa3592f1200 -1 mgr[py] Module zabbix has missing NOTIFY_TYPES member
2024-03-07T09:49:50.057 INFO:journalctl@ceph.mgr.x.smithi018.stdout:Mar 07 09:49:49 smithi018 ceph-c474c52c-dc67-11ee-95c6-87774f69a715-mgr-x[32401]:
2024-03-07T09:49:49.911+0000 7fa3592f1200 -1 mgr[py] Module balancer has missing NOTIFY_TYPES member
2024-03-07T09:49:50.057 INFO:journalctl@ceph.mgr.x.smithi018.stdout:Mar 07 09:49:50 smithi018 ceph-c474c52c-dc67-11ee-95c6-87774f69a715-mgr-x[32401]:
2024-03-07T09:49:50.055+0000 7fa3592f1200 -1 mgr[py] Module influx has missing NOTIFY_TYPES member
2024-03-07T09:49:50.341 INFO:journalctl@ceph.mgr.x.smithi018.stdout:Mar 07 09:49:50 smithi018 ceph-c474c52c-dc67-11ee-95c6-87774f69a715-mgr-x[32401]:
2024-03-07T09:49:50.154+0000 7fa3592f1200 -1 mgr[py] Module alerts has missing NOTIFY_TYPES member
2024-03-07T09:49:50.341 INFO:journalctl@ceph.mgr.x.smithi018.stdout:Mar 07 09:49:50 smithi018 ceph-c474c52c-dc67-11ee-95c6-87774f69a715-mgr-x[32401]:
2024-03-07T09:49:50.240+0000 7fa3592f1200 -1 mgr[py] Module iostat has missing NOTIFY_TYPES member
2024-03-07T09:49:50.366 INFO:teuthology.orchestra.run.smithi018.stdout:/usr/bin/ceph: stdout {
2024-03-07T09:49:50.372 INFO:teuthology.orchestra.run.smithi018.stdout:/usr/bin/ceph: stdout "epoch": 9,
2024-03-07T09:49:50.372 INFO:teuthology.orchestra.run.smithi018.stdout:/usr/bin/ceph: stdout "available": true,
2024-03-07T09:49:50.373 INFO:teuthology.orchestra.run.smithi018.stdout:/usr/bin/ceph: stdout "active_name": "x",
2024-03-07T09:49:50.373 INFO:teuthology.orchestra.run.smithi018.stdout:/usr/bin/ceph: stdout "num_standby": 0
2024-03-07T09:49:50.373 INFO:teuthology.orchestra.run.smithi018.stdout:/usr/bin/ceph: stdout }
2024-03-07T09:49:50.373 INFO:teuthology.orchestra.run.smithi018.stdout:/usr/bin/ceph: stderr
2024-03-07T09:49:49.534+0000 7f3bda130700 1 Processor -- start
2024-03-07T09:49:50.373 INFO:teuthology.orchestra.run.smithi018.stdout:/usr/bin/ceph: stderr
2024-03-07T09:49:49.534+0000 7f3bda130700 1 -- start start
2024-03-07T09:49:50.373 INFO:teuthology.orchestra.run.smithi018.stdout:/usr/bin/ceph: stderr
2024-03-07T09:49:49.534+0000 7f3bda130700 1 --2- >> [v2:172.21.15.18:3300/0,v1:172.21.15.18:6789/0] conn(0x7f3bd407de60 0x7f3bd407c2c0 unknown :-1 s=NONE pgs=0 cs=0 l=0 rev1=0 crypto rx=0 tx=0 comp rx=0 tx=0).connect
2024-03-07T09:49:50.373 INFO:teuthology.orchestra.run.smithi018.stdout:/usr/bin/ceph: stderr
2024-03-07T09:49:49.534+0000 7f3bda130700 1 -- --> [v2:172.21.15.18:3300/0,v1:172.21.15.18:6789/0] -- mon_getmap magic: 0 v1 -- 0x7f3bd407c890 con 0x7f3bd407de60
2024-03-07T09:49:50.373 INFO:teuthology.orchestra.run.smithi018.stdout:/usr/bin/ceph: stderr
2024-03-07T09:49:49.534+0000 7f3bd37fe700 1 --2- >> [v2:172.21.15.18:3300/0,v1:172.21.15.18:6789/0] conn(0x7f3bd407de60 0x7f3bd407c2c0 unknown :-1 s=BANNER_CONNECTING pgs=0 cs=0 l=0 rev1=0 crypto rx=0 tx=0 comp rx=0 tx=0)._handle_peer_banner_payload supported=3 required=0
2024-03-07T09:49:50.373 INFO:teuthology.orchestra.run.smithi018.stdout:/usr/bin/ceph: stderr
2024-03-07T09:49:49.534+0000 7f3bd37fe700 1 --2- >> [v2:172.21.15.18:3300/0,v1:172.21.15.18:6789/0] conn(0x7f3bd407de60 0x7f3bd407c2c0 unknown :-1 s=HELLO_CONNECTING pgs=0 cs=0 l=0 rev1=1 crypto rx=0 tx=0 comp rx=0 tx=0).handle_hello peer v2:172.21.15.18:3300/0 says I am v2:172.21.15.18:33450/0 (socket says 172.21.15.18:33450)
2024-03-07T09:49:50.373 INFO:teuthology.orchestra.run.smithi018.stdout:/usr/bin/ceph: stderr
2024-03-07T09:49:49.534+0000 7f3bd37fe700 1 -- 172.21.15.18:0/1054212929 learned_addr learned my addr 172.21.15.18:0/1054212929 (peer_addr_for_me v2:172.21.15.18:0/0)
2024-03-07T09:49:50.373 INFO:teuthology.orchestra.run.smithi018.stdout:/usr/bin/ceph: stderr
2024-03-07T09:49:49.534+0000 7f3bd37fe700 1 -- 172.21.15.18:0/1054212929 --> [v2:172.21.15.18:3300/0,v1:172.21.15.18:6789/0] -- mon_subscribe({config=0+,monmap=0+}) v3 -- 0x7f3bd407ca10 con 0x7f3bd407de60
2024-03-07T09:49:50.373 INFO:teuthology.orchestra.run.smithi018.stdout:/usr/bin/ceph: stderr
2024-03-07T09:49:49.535+0000 7f3bd37fe700 1 --2- 172.21.15.18:0/1054212929 >> [v2:172.21.15.18:3300/0,v1:172.21.15.18:6789/0] conn(0x7f3bd407de60 0x7f3bd407c2c0 secure :-1 s=READY pgs=59 cs=0 l=1 rev1=1 crypto rx=0x7f3bc40098a0 tx=0x7f3bc4009bb0 comp rx=0 tx=0).ready entity=mon.0 client_cookie=4f227fb407535dcd server_cookie=0 in_seq=0 out_seq=0
2024-03-07T09:49:50.373 INFO:teuthology.orchestra.run.smithi018.stdout:/usr/bin/ceph: stderr
2024-03-07T09:49:49.535+0000 7f3bd27fc700 1 -- 172.21.15.18:0/1054212929 <== mon.0 v2:172.21.15.18:3300/0 1 ==== mon_map magic: 0 v1 ==== 205+0+0 (secure 0 0 0) 0x7f3bc4004160 con 0x7f3bd407de60
2024-03-07T09:49:50.374 INFO:teuthology.orchestra.run.smithi018.stdout:/usr/bin/ceph: stderr
2024-03-07T09:49:49.535+0000 7f3bd27fc700 1 -- 172.21.15.18:0/1054212929 <== mon.0 v2:172.21.15.18:3300/0 2 ==== config(27 keys) v1 ==== 1140+0+0 (secure 0 0 0) 0x7f3bc4004300 con 0x7f3bd407de60
2024-03-07T09:49:50.374 INFO:teuthology.orchestra.run.smithi018.stdout:/usr/bin/ceph: stderr
2024-03-07T09:49:49.535+0000 7f3bd27fc700 1 -- 172.21.15.18:0/1054212929 <== mon.0 v2:172.21.15.18:3300/0 3 ==== mon_map magic: 0 v1 ==== 205+0+0 (secure 0 0 0) 0x7f3bc4011b20 con 0x7f3bd407de60
2024-03-07T09:49:50.374 INFO:teuthology.orchestra.run.smithi018.stdout:/usr/bin/ceph: stderr
2024-03-07T09:49:49.536+0000 7f3bda130700 1 -- 172.21.15.18:0/1054212929 >> [v2:172.21.15.18:3300/0,v1:172.21.15.18:6789/0] conn(0x7f3bd407de60 msgr2=0x7f3bd407c2c0 secure :-1 s=STATE_CONNECTION_ESTABLISHED l=1).mark_down
2024-03-07T09:49:50.374 INFO:teuthology.orchestra.run.smithi018.stdout:/usr/bin/ceph: stderr
2024-03-07T09:49:49.536+0000 7f3bda130700 1 --2- 172.21.15.18:0/1054212929 >> [v2:172.21.15.18:3300/0,v1:172.21.15.18:6789/0] conn(0x7f3bd407de60 0x7f3bd407c2c0 secure :-1 s=READY pgs=59 cs=0 l=1 rev1=1 crypto rx=0x7f3bc40098a0 tx=0x7f3bc4009bb0 comp rx=0 tx=0).stop
2024-03-07T09:49:50.374 INFO:teuthology.orchestra.run.smithi018.stdout:/usr/bin/ceph: stderr
2024-03-07T09:49:49.536+0000 7f3bda130700 1 -- 172.21.15.18:0/1054212929 shutdown_connections
2024-03-07T09:49:50.374 INFO:teuthology.orchestra.run.smithi018.stdout:/usr/bin/ceph: stderr
2024-03-07T09:49:49.536+0000 7f3bda130700 1 --2- 172.21.15.18:0/1054212929 >> [v2:172.21.15.18:3300/0,v1:172.21.15.18:6789/0] conn(0x7f3bd407de60 0x7f3bd407c2c0 unknown :-1 s=CLOSED pgs=59 cs=0 l=1 rev1=1 crypto rx=0 tx=0 comp rx=0 tx=0).stop
2024-03-07T09:49:50.374 INFO:teuthology.orchestra.run.smithi018.stdout:/usr/bin/ceph: stderr
2024-03-07T09:49:49.536+0000 7f3bda130700 1 -- 172.21.15.18:0/1054212929 >> 172.21.15.18:0/1054212929 conn(0x7f3bd41030a0 msgr2=0x7f3bd41054c0 unknown :-1 s=STATE_NONE l=0).mark_down
2024-03-07T09:49:50.374 INFO:teuthology.orchestra.run.smithi018.stdout:/usr/bin/ceph: stderr
2024-03-07T09:49:49.536+0000 7f3bda130700 1 -- 172.21.15.18:0/1054212929 shutdown_connections
2024-03-07T09:49:50.374 INFO:teuthology.orchestra.run.smithi018.stdout:/usr/bin/ceph: stderr
2024-03-07T09:49:49.536+0000 7f3bda130700 1 -- 172.21.15.18:0/1054212929 wait complete.
2024-03-07T09:49:50.374 INFO:teuthology.orchestra.run.smithi018.stdout:/usr/bin/ceph: stderr
2024-03-07T09:49:49.537+0000 7f3bda130700 1 Processor -- start
2024-03-07T09:49:50.374 INFO:teuthology.orchestra.run.smithi018.stdout:/usr/bin/ceph: stderr
2024-03-07T09:49:49.537+0000 7f3bda130700 1 -- start start
2024-03-07T09:49:50.375 INFO:teuthology.orchestra.run.smithi018.stdout:/usr/bin/ceph: stderr
2024-03-07T09:49:49.537+0000 7f3bda130700 1 --2- >> [v2:172.21.15.18:3300/0,v1:172.21.15.18:6789/0] conn(0x7f3bd407de60 0x7f3bd419dcd0 unknown :-1 s=NONE pgs=0 cs=0 l=1 rev1=0 crypto rx=0 tx=0 comp rx=0 tx=0).connect
2024-03-07T09:49:50.375 INFO:teuthology.orchestra.run.smithi018.stdout:/usr/bin/ceph: stderr
2024-03-07T09:49:49.537+0000 7f3bda130700 1 -- --> [v2:172.21.15.18:3300/0,v1:172.21.15.18:6789/0] -- mon_getmap magic: 0 v1 -- 0x7f3bd410e140 con 0x7f3bd407de60
2024-03-07T09:49:50.375 INFO:teuthology.orchestra.run.smithi018.stdout:/usr/bin/ceph: stderr
2024-03-07T09:49:49.537+0000 7f3bd37fe700 1 --2- >> [v2:172.21.15.18:3300/0,v1:172.21.15.18:6789/0] conn(0x7f3bd407de60 0x7f3bd419dcd0 unknown :-1 s=BANNER_CONNECTING pgs=0 cs=0 l=1 rev1=0 crypto rx=0 tx=0 comp rx=0 tx=0)._handle_peer_banner_payload supported=3 required=0
2024-03-07T09:49:50.375 INFO:teuthology.orchestra.run.smithi018.stdout:/usr/bin/ceph: stderr
2024-03-07T09:49:49.537+0000 7f3bd37fe700 1 --2- >> [v2:172.21.15.18:3300/0,v1:172.21.15.18:6789/0] conn(0x7f3bd407de60 0x7f3bd419dcd0 unknown :-1 s=HELLO_CONNECTING pgs=0 cs=0 l=1 rev1=1 crypto rx=0 tx=0 comp rx=0 tx=0).handle_hello peer v2:172.21.15.18:3300/0 says I am v2:172.21.15.18:33456/0 (socket says 172.21.15.18:33456)
2024-03-07T09:49:50.375 INFO:teuthology.orchestra.run.smithi018.stdout:/usr/bin/ceph: stderr
2024-03-07T09:49:49.537+0000 7f3bd37fe700 1 -- 172.21.15.18:0/3942807328 learned_addr learned my addr 172.21.15.18:0/3942807328 (peer_addr_for_me v2:172.21.15.18:0/0)
2024-03-07T09:49:50.375 INFO:teuthology.orchestra.run.smithi018.stdout:/usr/bin/ceph: stderr
2024-03-07T09:49:49.537+0000 7f3bd37fe700 1 -- 172.21.15.18:0/3942807328 --> [v2:172.21.15.18:3300/0,v1:172.21.15.18:6789/0] -- mon_subscribe({config=0+,monmap=0+}) v3 -- 0x7f3bd419e210 con 0x7f3bd407de60
2024-03-07T09:49:50.375 INFO:teuthology.orchestra.run.smithi018.stdout:/usr/bin/ceph: stderr
2024-03-07T09:49:49.538+0000 7f3bd37fe700 1 --2- 172.21.15.18:0/3942807328 >> [v2:172.21.15.18:3300/0,v1:172.21.15.18:6789/0] conn(0x7f3bd407de60 0x7f3bd419dcd0 secure :-1 s=READY pgs=60 cs=0 l=1 rev1=1 crypto rx=0x7f3bc40116a0 tx=0x7f3bc4011ba0 comp rx=0 tx=0).ready entity=mon.0 client_cookie=0 server_cookie=0 in_seq=0 out_seq=0
2024-03-07T09:49:50.375 INFO:teuthology.orchestra.run.smithi018.stdout:/usr/bin/ceph: stderr
2024-03-07T09:49:49.538+0000 7f3bd0ff9700 1 -- 172.21.15.18:0/3942807328 <== mon.0 v2:172.21.15.18:3300/0 1 ==== mon_map magic: 0 v1 ==== 205+0+0 (secure 0 0 0) 0x7f3bc4003a40 con 0x7f3bd407de60
2024-03-07T09:49:50.375 INFO:teuthology.orchestra.run.smithi018.stdout:/usr/bin/ceph: stderr
2024-03-07T09:49:49.538+0000 7f3bda130700 1 -- 172.21.15.18:0/3942807328 --> [v2:172.21.15.18:3300/0,v1:172.21.15.18:6789/0] -- mon_subscribe({mgrmap=0+}) v3 -- 0x7f3bd419e4a0 con 0x7f3bd407de60
2024-03-07T09:49:50.375 INFO:teuthology.orchestra.run.smithi018.stdout:/usr/bin/ceph: stderr
2024-03-07T09:49:49.538+0000 7f3bd0ff9700 1 -- 172.21.15.18:0/3942807328 <== mon.0 v2:172.21.15.18:3300/0 2 ==== config(27 keys) v1 ==== 1140+0+0 (secure 0 0 0) 0x7f3bc4003be0 con 0x7f3bd407de60
2024-03-07T09:49:50.375 INFO:teuthology.orchestra.run.smithi018.stdout:/usr/bin/ceph: stderr
2024-03-07T09:49:49.538+0000 7f3bd0ff9700 1 -- 172.21.15.18:0/3942807328 <== mon.0 v2:172.21.15.18:3300/0 3 ==== mon_map magic: 0 v1 ==== 205+0+0 (secure 0 0 0) 0x7f3bc401a720 con 0x7f3bd407de60
2024-03-07T09:49:50.375 INFO:teuthology.orchestra.run.smithi018.stdout:/usr/bin/ceph: stderr
2024-03-07T09:49:49.538+0000 7f3bda130700 1 -- 172.21.15.18:0/3942807328 --> [v2:172.21.15.18:3300/0,v1:172.21.15.18:6789/0] -- mon_subscribe({osdmap=0}) v3 -- 0x7f3bd419e900 con 0x7f3bd407de60
2024-03-07T09:49:50.376 INFO:teuthology.orchestra.run.smithi018.stdout:/usr/bin/ceph: stderr
2024-03-07T09:49:49.539+0000 7f3bda130700 1 -- 172.21.15.18:0/3942807328 --> [v2:172.21.15.18:3300/0,v1:172.21.15.18:6789/0] -- mon_command({"prefix": "get_command_descriptions"} v 0) v1 -- 0x7f3bd4069230 con 0x7f3bd407de60
2024-03-07T09:49:50.376 INFO:teuthology.orchestra.run.smithi018.stdout:/usr/bin/ceph: stderr
2024-03-07T09:49:49.539+0000 7f3bd0ff9700 1 -- 172.21.15.18:0/3942807328 <== mon.0 v2:172.21.15.18:3300/0 4 ==== mgrmap(e 9) v1 ==== 45940+0+0 (secure 0 0 0) 0x7f3bc401aa20 con 0x7f3bd407de60
2024-03-07T09:49:50.376 INFO:teuthology.orchestra.run.smithi018.stdout:/usr/bin/ceph: stderr
2024-03-07T09:49:49.539+0000 7f3bd0ff9700 1 --2- 172.21.15.18:0/3942807328 >> [v2:172.21.15.18:6800/2708184648,v1:172.21.15.18:6801/2708184648] conn(0x7f3bbc038ba0 0x7f3bbc03b060 unknown :-1 s=NONE pgs=0 cs=0 l=1 rev1=0 crypto rx=0 tx=0 comp rx=0 tx=0).connect
2024-03-07T09:49:50.376 INFO:teuthology.orchestra.run.smithi018.stdout:/usr/bin/ceph: stderr
2024-03-07T09:49:49.539+0000 7f3bd0ff9700 1 -- 172.21.15.18:0/3942807328 <== mon.0 v2:172.21.15.18:3300/0 5 ==== osd_map(2..2 src has 1..2) v4 ==== 940+0+0 (secure 0 0 0) 0x7f3bc404d1b0 con 0x7f3bd407de60
2024-03-07T09:49:50.376 INFO:teuthology.orchestra.run.smithi018.stdout:/usr/bin/ceph: stderr
2024-03-07T09:49:49.539+0000 7f3bd2ffd700 1 -- 172.21.15.18:0/3942807328 >> [v2:172.21.15.18:6800/2708184648,v1:172.21.15.18:6801/2708184648] conn(0x7f3bbc038ba0 msgr2=0x7f3bbc03b060 unknown :-1 s=STATE_CONNECTING_RE l=1).process reconnect failed to v2:172.21.15.18:6800/2708184648
2024-03-07T09:49:50.376 INFO:teuthology.orchestra.run.smithi018.stdout:/usr/bin/ceph: stderr
2024-03-07T09:49:49.539+0000 7f3bd2ffd700 1 --2- 172.21.15.18:0/3942807328 >> [v2:172.21.15.18:6800/2708184648,v1:172.21.15.18:6801/2708184648] conn(0x7f3bbc038ba0 0x7f3bbc03b060 unknown :-1 s=START_CONNECT pgs=0 cs=0 l=1 rev1=0 crypto rx=0 tx=0 comp rx=0 tx=0)._fault waiting 0.200000
2024-03-07T09:49:50.376 INFO:teuthology.orchestra.run.smithi018.stdout:/usr/bin/ceph: stderr
2024-03-07T09:49:49.544+0000 7f3bd0ff9700 1 -- 172.21.15.18:0/3942807328 <== mon.0 v2:172.21.15.18:3300/0 6 ==== mon_command_ack([{"prefix": "get_command_descriptions"}]=0 v0) v1 ==== 72+0+184932 (secure 0 0 0) 0x7f3bc4011e20 con 0x7f3bd407de60
2024-03-07T09:49:50.377 INFO:teuthology.orchestra.run.smithi018.stdout:/usr/bin/ceph: stderr
2024-03-07T09:49:49.740+0000 7f3bd2ffd700 1 -- 172.21.15.18:0/3942807328 >> [v2:172.21.15.18:6800/2708184648,v1:172.21.15.18:6801/2708184648] conn(0x7f3bbc038ba0 msgr2=0x7f3bbc03b060 unknown :-1 s=STATE_CONNECTING_RE l=1).process reconnect failed to v2:172.21.15.18:6800/2708184648
2024-03-07T09:49:50.377 INFO:teuthology.orchestra.run.smithi018.stdout:/usr/bin/ceph: stderr
2024-03-07T09:49:49.740+0000 7f3bd2ffd700 1 --2- 172.21.15.18:0/3942807328 >> [v2:172.21.15.18:6800/2708184648,v1:172.21.15.18:6801/2708184648] conn(0x7f3bbc038ba0 0x7f3bbc03b060 unknown :-1 s=START_CONNECT pgs=0 cs=0 l=1 rev1=0 crypto rx=0 tx=0 comp rx=0 tx=0)._fault waiting 0.400000
2024-03-07T09:49:50.377 INFO:teuthology.orchestra.run.smithi018.stdout:/usr/bin/ceph: stderr
2024-03-07T09:49:49.804+0000 7f3bda130700 1 -- 172.21.15.18:0/3942807328 --> [v2:172.21.15.18:3300/0,v1:172.21.15.18:6789/0] -- mon_command({"prefix": "mgr stat"} v 0) v1 -- 0x7f3bd41a1730 con 0x7f3bd407de60
2024-03-07T09:49:50.377 INFO:teuthology.orchestra.run.smithi018.stdout:/usr/bin/ceph: stderr
2024-03-07T09:49:49.804+0000 7f3bd0ff9700 1 -- 172.21.15.18:0/3942807328 <== mon.0 v2:172.21.15.18:3300/0 7 ==== mon_command_ack([{"prefix": "mgr stat"}]=0 v9) v1 ==== 56+0+88 (secure 0 0 0) 0x7f3bc400f2e0 con 0x7f3bd407de60
2024-03-07T09:49:50.377 INFO:teuthology.orchestra.run.smithi018.stdout:/usr/bin/ceph: stderr
2024-03-07T09:49:49.806+0000 7f3bda130700 1 -- 172.21.15.18:0/3942807328 >> [v2:172.21.15.18:6800/2708184648,v1:172.21.15.18:6801/2708184648] conn(0x7f3bbc038ba0 msgr2=0x7f3bbc03b060 unknown :-1 s=STATE_CONNECTING l=1).mark_down
2024-03-07T09:49:50.377 INFO:teuthology.orchestra.run.smithi018.stdout:/usr/bin/ceph: stderr
2024-03-07T09:49:49.806+0000 7f3bda130700 1 --2- 172.21.15.18:0/3942807328 >> [v2:172.21.15.18:6800/2708184648,v1:172.21.15.18:6801/2708184648] conn(0x7f3bbc038ba0 0x7f3bbc03b060 unknown :-1 s=START_CONNECT pgs=0 cs=0 l=1 rev1=0 crypto rx=0 tx=0 comp rx=0 tx=0).stop
2024-03-07T09:49:50.377 INFO:teuthology.orchestra.run.smithi018.stdout:/usr/bin/ceph: stderr
2024-03-07T09:49:49.806+0000 7f3bda130700 1 -- 172.21.15.18:0/3942807328 >> [v2:172.21.15.18:3300/0,v1:172.21.15.18:6789/0] conn(0x7f3bd407de60 msgr2=0x7f3bd419dcd0 secure :-1 s=STATE_CONNECTION_ESTABLISHED l=1).mark_down
2024-03-07T09:49:50.377 INFO:teuthology.orchestra.run.smithi018.stdout:/usr/bin/ceph: stderr
2024-03-07T09:49:49.806+0000 7f3bda130700 1 --2- 172.21.15.18:0/3942807328 >> [v2:172.21.15.18:3300/0,v1:172.21.15.18:6789/0] conn(0x7f3bd407de60 0x7f3bd419dcd0 secure :-1 s=READY pgs=60 cs=0 l=1 rev1=1 crypto rx=0x7f3bc40116a0 tx=0x7f3bc4011ba0 comp rx=0 tx=0).stop
2024-03-07T09:49:50.377 INFO:teuthology.orchestra.run.smithi018.stdout:/usr/bin/ceph: stderr
2024-03-07T09:49:49.806+0000 7f3bda130700 1 -- 172.21.15.18:0/3942807328 shutdown_connections
2024-03-07T09:49:50.377 INFO:teuthology.orchestra.run.smithi018.stdout:/usr/bin/ceph: stderr
2024-03-07T09:49:49.806+0000 7f3bda130700 1 --2- 172.21.15.18:0/3942807328 >> [v2:172.21.15.18:6800/2708184648,v1:172.21.15.18:6801/2708184648] conn(0x7f3bbc038ba0 0x7f3bbc03b060 unknown :-1 s=CLOSED pgs=0 cs=0 l=1 rev1=0 crypto rx=0 tx=0 comp rx=0 tx=0).stop
2024-03-07T09:49:50.377 INFO:teuthology.orchestra.run.smithi018.stdout:/usr/bin/ceph: stderr
2024-03-07T09:49:49.806+0000 7f3bda130700 1 --2- 172.21.15.18:0/3942807328 >> [v2:172.21.15.18:3300/0,v1:172.21.15.18:6789/0] conn(0x7f3bd407de60 0x7f3bd419dcd0 unknown :-1 s=CLOSED pgs=60 cs=0 l=1 rev1=1 crypto rx=0 tx=0 comp rx=0 tx=0).stop
2024-03-07T09:49:50.377 INFO:teuthology.orchestra.run.smithi018.stdout:/usr/bin/ceph: stderr
2024-03-07T09:49:49.806+0000 7f3bda130700 1 -- 172.21.15.18:0/3942807328 >> 172.21.15.18:0/3942807328 conn(0x7f3bd41030a0 msgr2=0x7f3bd4103bb0 unknown :-1 s=STATE_NONE l=0).mark_down
2024-03-07T09:49:50.377 INFO:teuthology.orchestra.run.smithi018.stdout:/usr/bin/ceph: stderr
2024-03-07T09:49:49.807+0000 7f3bda130700 1 -- 172.21.15.18:0/3942807328 shutdown_connections
2024-03-07T09:49:50.377 INFO:teuthology.orchestra.run.smithi018.stdout:/usr/bin/ceph: stderr
2024-03-07T09:49:49.807+0000 7f3bda130700 1 -- 172.21.15.18:0/3942807328 wait complete.
2024-03-07T09:49:50.378 INFO:teuthology.orchestra.run.smithi018.stdout:Waiting for the mgr to restart...
2024-03-07T09:49:50.378 INFO:teuthology.orchestra.run.smithi018.stdout:Waiting for mgr epoch 9...
2024-03-07T09:49:50.632 INFO:journalctl@ceph.mon.a.smithi018.stdout:Mar 07 09:49:50 smithi018 ceph-mon[32171]: from='client.? 172.21.15.18:0/3942807328' entity='client.admin' cmd=[{"prefix": "mgr stat"}]: dispatch
2024-03-07T09:49:50.632 INFO:journalctl@ceph.mgr.x.smithi018.stdout:Mar 07 09:49:50 smithi018 ceph-c474c52c-dc67-11ee-95c6-87774f69a715-mgr-x[32401]:
2024-03-07T09:49:50.513+0000 7fa3592f1200 -1 mgr[py] Module rgw has missing NOTIFY_TYPES member
2024-03-07T09:49:50.632 INFO:journalctl@ceph.mgr.x.smithi018.stdout:Mar 07 09:49:50 smithi018 ceph-c474c52c-dc67-11ee-95c6-87774f69a715-mgr-x[32401]:
2024-03-07T09:49:50.630+0000 7fa3592f1200 -1 mgr[py] Module rbd_support has missing NOTIFY_TYPES member
2024-03-07T09:49:50.989 INFO:journalctl@ceph.mgr.x.smithi018.stdout:Mar 07 09:49:50 smithi018 ceph-c474c52c-dc67-11ee-95c6-87774f69a715-mgr-x[32401]:
2024-03-07T09:49:50.720+0000 7fa3592f1200 -1 mgr[py] Module progress has missing NOTIFY_TYPES member
2024-03-07T09:49:50.989 INFO:journalctl@ceph.mgr.x.smithi018.stdout:Mar 07 09:49:50 smithi018 ceph-c474c52c-dc67-11ee-95c6-87774f69a715-mgr-x[32401]:
2024-03-07T09:49:50.821+0000 7fa3592f1200 -1 mgr[py] Module pg_autoscaler has missing NOTIFY_TYPES member
2024-03-07T09:49:51.341 INFO:journalctl@ceph.mgr.x.smithi018.stdout:Mar 07 09:49:51 smithi018 ceph-c474c52c-dc67-11ee-95c6-87774f69a715-mgr-x[32401]:
2024-03-07T09:49:51.000+0000 7fa3592f1200 -1 mgr[py] Module devicehealth has missing NOTIFY_TYPES member
2024-03-07T09:49:52.341 INFO:journalctl@ceph.mgr.x.smithi018.stdout:Mar 07 09:49:51 smithi018 ceph-c474c52c-dc67-11ee-95c6-87774f69a715-mgr-x[32401]:
2024-03-07T09:49:51.982+0000 7fa3592f1200 -1 mgr[py] Module rook has missing NOTIFY_TYPES member
2024-03-07T09:49:52.342 INFO:journalctl@ceph.mgr.x.smithi018.stdout:Mar 07 09:49:52 smithi018 ceph-c474c52c-dc67-11ee-95c6-87774f69a715-mgr-x[32401]:
2024-03-07T09:49:52.115+0000 7fa3592f1200 -1 mgr[py] Module diskprediction_local has missing NOTIFY_TYPES member
2024-03-07T09:49:52.748 INFO:journalctl@ceph.mgr.x.smithi018.stdout:Mar 07 09:49:52 smithi018 ceph-c474c52c-dc67-11ee-95c6-87774f69a715-mgr-x[32401]:
2024-03-07T09:49:52.454+0000 7fa3592f1200 -1 mgr[py] Module selftest has missing NOTIFY_TYPES member
2024-03-07T09:49:52.749 INFO:journalctl@ceph.mgr.x.smithi018.stdout:Mar 07 09:49:52 smithi018 ceph-c474c52c-dc67-11ee-95c6-87774f69a715-mgr-x[32401]:
2024-03-07T09:49:52.545+0000 7fa3592f1200 -1 mgr[py] Module telegraf has missing NOTIFY_TYPES member
2024-03-07T09:49:52.749 INFO:journalctl@ceph.mgr.x.smithi018.stdout:Mar 07 09:49:52 smithi018 ceph-c474c52c-dc67-11ee-95c6-87774f69a715-mgr-x[32401]:
2024-03-07T09:49:52.747+0000 7fa3592f1200 -1 mgr[py] Module test_orchestrator has missing NOTIFY_TYPES member
2024-03-07T09:49:53.091 INFO:journalctl@ceph.mgr.x.smithi018.stdout:Mar 07 09:49:52 smithi018 ceph-c474c52c-dc67-11ee-95c6-87774f69a715-mgr-x[32401]:
2024-03-07T09:49:52.937+0000 7fa3592f1200 -1 mgr[py] Module crash has missing NOTIFY_TYPES member
2024-03-07T09:49:53.492 INFO:journalctl@ceph.mgr.x.smithi018.stdout:Mar 07 09:49:53 smithi018 ceph-c474c52c-dc67-11ee-95c6-87774f69a715-mgr-x[32401]:
2024-03-07T09:49:53.229+0000 7fa3592f1200 -1 mgr[py] Module orchestrator has missing NOTIFY_TYPES member
2024-03-07T09:49:53.492 INFO:journalctl@ceph.mgr.x.smithi018.stdout:Mar 07 09:49:53 smithi018 ceph-c474c52c-dc67-11ee-95c6-87774f69a715-mgr-x[32401]:
2024-03-07T09:49:53.490+0000 7fa3592f1200 -1 mgr[py] Module osd_support has missing NOTIFY_TYPES member
2024-03-07T09:49:53.793 INFO:journalctl@ceph.mgr.x.smithi018.stdout:Mar 07 09:49:53 smithi018 ceph-c474c52c-dc67-11ee-95c6-87774f69a715-mgr-x[32401]:
2024-03-07T09:49:53.732+0000 7fa3592f1200 -1 mgr[py] Module volumes has missing NOTIFY_TYPES member
2024-03-07T09:49:54.841 INFO:journalctl@ceph.mgr.x.smithi018.stdout:Mar 07 09:49:54 smithi018 ceph-c474c52c-dc67-11ee-95c6-87774f69a715-mgr-x[32401]:
2024-03-07T09:49:54.563+0000 7fa3592f1200 -1 mgr[py] Module telemetry has missing NOTIFY_TYPES member
2024-03-07T09:49:55.468 INFO:journalctl@ceph.mgr.x.smithi018.stdout:Mar 07 09:49:55 smithi018 ceph-c474c52c-dc67-11ee-95c6-87774f69a715-mgr-x[32401]:
2024-03-07T09:49:55.141+0000 7fa3592f1200 -1 mgr[py] Module prometheus has missing NOTIFY_TYPES member
2024-03-07T09:49:55.468 INFO:journalctl@ceph.mgr.x.smithi018.stdout:Mar 07 09:49:55 smithi018 ceph-c474c52c-dc67-11ee-95c6-87774f69a715-mgr-x[32401]:
2024-03-07T09:49:55.243+0000 7fa3592f1200 -1 mgr[py] Module status has missing NOTIFY_TYPES member
2024-03-07T09:49:55.469 INFO:journalctl@ceph.mgr.x.smithi018.stdout:Mar 07 09:49:55 smithi018 ceph-c474c52c-dc67-11ee-95c6-87774f69a715-mgr-x[32401]:
2024-03-07T09:49:55.467+0000 7fa3592f1200 -1 mgr[py] Module nfs has missing NOTIFY_TYPES member
2024-03-07T09:49:55.842 INFO:journalctl@ceph.mon.a.smithi018.stdout:Mar 07 09:49:55 smithi018 ceph-mon[32171]: Active manager daemon x restarted
2024-03-07T09:49:55.842 INFO:journalctl@ceph.mon.a.smithi018.stdout:Mar 07 09:49:55 smithi018 ceph-mon[32171]: Activating manager daemon x
2024-03-07T09:49:55.842 INFO:journalctl@ceph.mon.a.smithi018.stdout:Mar 07 09:49:55 smithi018 ceph-mon[32171]: osdmap e3: 0 total, 0 up, 0 in
2024-03-07T09:49:55.842 INFO:journalctl@ceph.mon.a.smithi018.stdout:Mar 07 09:49:55 smithi018 ceph-mon[32171]: mgrmap e10: x(active, starting, since 0.00329979s)
2024-03-07T09:49:55.842 INFO:journalctl@ceph.mon.a.smithi018.stdout:Mar 07 09:49:55 smithi018 ceph-mon[32171]: from='mgr.14152 172.21.15.18:0/4080357506' entity='mgr.x' cmd=[{"prefix": "mon metadata", "id": "a"}]: dispatch
2024-03-07T09:49:55.842 INFO:journalctl@ceph.mon.a.smithi018.stdout:Mar 07 09:49:55 smithi018 ceph-mon[32171]: from='mgr.14152 172.21.15.18:0/4080357506' entity='mgr.x' cmd=[{"prefix": "mgr metadata", "who": "x", "id": "x"}]: dispatch
2024-03-07T09:49:55.842 INFO:journalctl@ceph.mon.a.smithi018.stdout:Mar 07 09:49:55 smithi018 ceph-mon[32171]: from='mgr.14152 172.21.15.18:0/4080357506' entity='mgr.x' cmd=[{"prefix": "mds metadata"}]: dispatch
2024-03-07T09:49:55.842 INFO:journalctl@ceph.mon.a.smithi018.stdout:Mar 07 09:49:55 smithi018 ceph-mon[32171]: from='mgr.14152 172.21.15.18:0/4080357506' entity='mgr.x' cmd=[{"prefix": "osd metadata"}]: dispatch
2024-03-07T09:49:55.842 INFO:journalctl@ceph.mon.a.smithi018.stdout:Mar 07 09:49:55 smithi018 ceph-mon[32171]: from='mgr.14152 172.21.15.18:0/4080357506' entity='mgr.x' cmd=[{"prefix": "mon metadata"}]: dispatch
2024-03-07T09:49:55.843 INFO:journalctl@ceph.mon.a.smithi018.stdout:Mar 07 09:49:55 smithi018 ceph-mon[32171]: Manager daemon x is now available
2024-03-07T09:49:55.843 INFO:journalctl@ceph.mon.a.smithi018.stdout:Mar 07 09:49:55 smithi018 ceph-mon[32171]: from='mgr.14152 172.21.15.18:0/4080357506' entity='mgr.x' cmd=[{"prefix": "config dump", "format": "json"}]: dispatch
2024-03-07T09:49:55.843 INFO:journalctl@ceph.mon.a.smithi018.stdout:Mar 07 09:49:55 smithi018 ceph-mon[32171]: from='mgr.14152 172.21.15.18:0/4080357506' entity='mgr.x' cmd=[{"prefix": "config dump", "format": "json"}]: dispatch
2024-03-07T09:49:56.842 INFO:journalctl@ceph.mon.a.smithi018.stdout:Mar 07 09:49:56 smithi018 ceph-mon[32171]: from='mgr.14152 172.21.15.18:0/4080357506' entity='mgr.x' cmd=[{"prefix":"config rm","who":"mgr","name":"mgr/rbd_support/x/mirror_snapshot_schedule"}]: dispatch
2024-03-07T09:49:56.842 INFO:journalctl@ceph.mon.a.smithi018.stdout:Mar 07 09:49:56 smithi018 ceph-mon[32171]: from='mgr.14152 172.21.15.18:0/4080357506' entity='mgr.x' cmd=[{"prefix":"config rm","who":"mgr","name":"mgr/rbd_support/x/trash_purge_schedule"}]: dispatch
2024-03-07T09:49:56.842 INFO:journalctl@ceph.mon.a.smithi018.stdout:Mar 07 09:49:56 smithi018 ceph-mon[32171]: [07/Mar/2024:09:49:55] ENGINE Bus STARTING
2024-03-07T09:49:56.842 INFO:journalctl@ceph.mon.a.smithi018.stdout:Mar 07 09:49:56 smithi018 ceph-mon[32171]: [07/Mar/2024:09:49:55] ENGINE Serving on https://172.21.15.18:7150
2024-03-07T09:49:56.842 INFO:journalctl@ceph.mon.a.smithi018.stdout:Mar 07 09:49:56 smithi018 ceph-mon[32171]: [07/Mar/2024:09:49:56] ENGINE Serving on http://172.21.15.18:8765
2024-03-07T09:49:56.842 INFO:journalctl@ceph.mon.a.smithi018.stdout:Mar 07 09:49:56 smithi018 ceph-mon[32171]: [07/Mar/2024:09:49:56] ENGINE Bus STARTED
2024-03-07T09:49:56.842 INFO:journalctl@ceph.mon.a.smithi018.stdout:Mar 07 09:49:56 smithi018 ceph-mon[32171]: from='client.14156 -' entity='client.admin' cmd=[{"prefix": "get_command_descriptions"}]: dispatch
2024-03-07T09:49:56.842 INFO:journalctl@ceph.mon.a.smithi018.stdout:Mar 07 09:49:56 smithi018 ceph-mon[32171]: mgrmap e11: x(active, since 1.00564s)
2024-03-07T09:49:56.842 INFO:journalctl@ceph.mon.a.smithi018.stdout:Mar 07 09:49:56 smithi018 ceph-mon[32171]: from='client.14156 -' entity='client.admin' cmd=[{"prefix": "mgr_status"}]: dispatch
2024-03-07T09:49:57.172 INFO:teuthology.orchestra.run.smithi018.stdout:/usr/bin/ceph: stdout {
2024-03-07T09:49:57.172 INFO:teuthology.orchestra.run.smithi018.stdout:/usr/bin/ceph: stdout "mgrmap_epoch": 11,
2024-03-07T09:49:57.173 INFO:teuthology.orchestra.run.smithi018.stdout:/usr/bin/ceph: stdout "initialized": true
2024-03-07T09:49:57.173 INFO:teuthology.orchestra.run.smithi018.stdout:/usr/bin/ceph: stdout }
2024-03-07T09:49:57.173 INFO:teuthology.orchestra.run.smithi018.stdout:/usr/bin/ceph: stderr
2024-03-07T09:49:50.783+0000 7fa12dbf2700 1 Processor -- start
2024-03-07T09:49:57.173 INFO:teuthology.orchestra.run.smithi018.stdout:/usr/bin/ceph: stderr
2024-03-07T09:49:50.783+0000 7fa12dbf2700 1 -- start start
2024-03-07T09:49:57.173 INFO:teuthology.orchestra.run.smithi018.stdout:/usr/bin/ceph: stderr
2024-03-07T09:49:50.783+0000 7fa12dbf2700 1 --2- >> [v2:172.21.15.18:3300/0,v1:172.21.15.18:6789/0] conn(0x7fa1281069f0 0x7fa128106e10 unknown :-1 s=NONE pgs=0 cs=0 l=0 rev1=0 crypto rx=0 tx=0 comp rx=0 tx=0).connect
2024-03-07T09:49:57.173 INFO:teuthology.orchestra.run.smithi018.stdout:/usr/bin/ceph: stderr
2024-03-07T09:49:50.783+0000 7fa12dbf2700 1 -- --> [v2:172.21.15.18:3300/0,v1:172.21.15.18:6789/0] -- mon_getmap magic: 0 v1 -- 0x7fa1281073e0 con 0x7fa1281069f0
2024-03-07T09:49:57.174 INFO:teuthology.orchestra.run.smithi018.stdout:/usr/bin/ceph: stderr
2024-03-07T09:49:50.783+0000 7fa1277fe700 1 --2- >> [v2:172.21.15.18:3300/0,v1:172.21.15.18:6789/0] conn(0x7fa1281069f0 0x7fa128106e10 unknown :-1 s=BANNER_CONNECTING pgs=0 cs=0 l=0 rev1=0 crypto rx=0 tx=0 comp rx=0 tx=0)._handle_peer_banner_payload supported=3 required=0
2024-03-07T09:49:57.174 INFO:teuthology.orchestra.run.smithi018.stdout:/usr/bin/ceph: stderr
