2024-03-07T09:49:34.634 INFO:teuthology.orchestra.run.smithi018.stdout:/usr/bin/ceph: stderr
2024-03-07T09:49:33.751+0000 7f241d7fa700 1 -- 172.21.15.18:0/2171022362 <== mon.0 v2:172.21.15.18:3300/0 5 ==== osd_map(2..2 src has 1..2) v4 ==== 940+0+0 (secure 0 0 0) 0x7f2410011e00 con 0x7f24201085b0
2024-03-07T09:49:34.634 INFO:teuthology.orchestra.run.smithi018.stdout:/usr/bin/ceph: stderr
2024-03-07T09:49:33.751+0000 7f241f7fe700 1 --2- 172.21.15.18:0/2171022362 >> [v2:172.21.15.18:6800/2708184648,v1:172.21.15.18:6801/2708184648] conn(0x7f240c038ba0 0x7f240c03b060 unknown :-1 s=BANNER_CONNECTING pgs=0 cs=0 l=1 rev1=0 crypto rx=0 tx=0 comp rx=0 tx=0)._handle_peer_banner_payload supported=3 required=0
2024-03-07T09:49:34.635 INFO:teuthology.orchestra.run.smithi018.stdout:/usr/bin/ceph: stderr
2024-03-07T09:49:33.752+0000 7f241f7fe700 1 --2- 172.21.15.18:0/2171022362 >> [v2:172.21.15.18:6800/2708184648,v1:172.21.15.18:6801/2708184648] conn(0x7f240c038ba0 0x7f240c03b060 secure :-1 s=READY pgs=9 cs=0 l=1 rev1=1 crypto rx=0x7f2408006fd0 tx=0x7f2408006e40 comp rx=0 tx=0).ready entity=mgr.14120 client_cookie=0 server_cookie=0 in_seq=0 out_seq=0
2024-03-07T09:49:34.635 INFO:teuthology.orchestra.run.smithi018.stdout:/usr/bin/ceph: stderr
2024-03-07T09:49:33.756+0000 7f241d7fa700 1 -- 172.21.15.18:0/2171022362 <== mon.0 v2:172.21.15.18:3300/0 6 ==== mon_command_ack([{"prefix": "get_command_descriptions"}]=0 v0) v1 ==== 72+0+184932 (secure 0 0 0) 0x7f241000b3e0 con 0x7f24201085b0
2024-03-07T09:49:34.635 INFO:teuthology.orchestra.run.smithi018.stdout:/usr/bin/ceph: stderr
2024-03-07T09:49:33.964+0000 7f2426750700 1 -- 172.21.15.18:0/2171022362 --> [v2:172.21.15.18:6800/2708184648,v1:172.21.15.18:6801/2708184648] -- mgr_command(tid 0: {"prefix": "cephadm generate-key", "target": ["mon-mgr", ""]}) v1 -- 0x7f24201031a0 con 0x7f240c038ba0
2024-03-07T09:49:34.635 INFO:teuthology.orchestra.run.smithi018.stdout:/usr/bin/ceph: stderr
2024-03-07T09:49:34.025+0000 7f241d7fa700 1 -- 172.21.15.18:0/2171022362 <== mgr.14120 v2:172.21.15.18:6800/2708184648 1 ==== mgr_command_reply(tid 0: 0 ) v1 ==== 8+0+0 (secure 0 0 0) 0x7f24201031a0 con 0x7f240c038ba0
2024-03-07T09:49:34.635 INFO:teuthology.orchestra.run.smithi018.stdout:/usr/bin/ceph: stderr
2024-03-07T09:49:34.027+0000 7f2426750700 1 -- 172.21.15.18:0/2171022362 >> [v2:172.21.15.18:6800/2708184648,v1:172.21.15.18:6801/2708184648] conn(0x7f240c038ba0 msgr2=0x7f240c03b060 secure :-1 s=STATE_CONNECTION_ESTABLISHED l=1).mark_down
2024-03-07T09:49:34.635 INFO:teuthology.orchestra.run.smithi018.stdout:/usr/bin/ceph: stderr
2024-03-07T09:49:34.027+0000 7f2426750700 1 --2- 172.21.15.18:0/2171022362 >> [v2:172.21.15.18:6800/2708184648,v1:172.21.15.18:6801/2708184648] conn(0x7f240c038ba0 0x7f240c03b060 secure :-1 s=READY pgs=9 cs=0 l=1 rev1=1 crypto rx=0x7f2408006fd0 tx=0x7f2408006e40 comp rx=0 tx=0).stop
2024-03-07T09:49:34.635 INFO:teuthology.orchestra.run.smithi018.stdout:/usr/bin/ceph: stderr
2024-03-07T09:49:34.027+0000 7f2426750700 1 -- 172.21.15.18:0/2171022362 >> [v2:172.21.15.18:3300/0,v1:172.21.15.18:6789/0] conn(0x7f24201085b0 msgr2=0x7f242019bb00 secure :-1 s=STATE_CONNECTION_ESTABLISHED l=1).mark_down
2024-03-07T09:49:34.635 INFO:teuthology.orchestra.run.smithi018.stdout:/usr/bin/ceph: stderr
2024-03-07T09:49:34.027+0000 7f2426750700 1 --2- 172.21.15.18:0/2171022362 >> [v2:172.21.15.18:3300/0,v1:172.21.15.18:6789/0] conn(0x7f24201085b0 0x7f242019bb00 secure :-1 s=READY pgs=42 cs=0 l=1 rev1=1 crypto rx=0x7f2410011b60 tx=0x7f2410011c40 comp rx=0 tx=0).stop
2024-03-07T09:49:34.635 INFO:teuthology.orchestra.run.smithi018.stdout:/usr/bin/ceph: stderr
2024-03-07T09:49:34.027+0000 7f2426750700 1 -- 172.21.15.18:0/2171022362 shutdown_connections
2024-03-07T09:49:34.635 INFO:teuthology.orchestra.run.smithi018.stdout:/usr/bin/ceph: stderr
2024-03-07T09:49:34.027+0000 7f2426750700 1 --2- 172.21.15.18:0/2171022362 >> [v2:172.21.15.18:6800/2708184648,v1:172.21.15.18:6801/2708184648] conn(0x7f240c038ba0 0x7f240c03b060 unknown :-1 s=CLOSED pgs=9 cs=0 l=1 rev1=1 crypto rx=0 tx=0 comp rx=0 tx=0).stop
2024-03-07T09:49:34.635 INFO:teuthology.orchestra.run.smithi018.stdout:/usr/bin/ceph: stderr
2024-03-07T09:49:34.027+0000 7f2426750700 1 --2- 172.21.15.18:0/2171022362 >> [v2:172.21.15.18:3300/0,v1:172.21.15.18:6789/0] conn(0x7f24201085b0 0x7f242019bb00 unknown :-1 s=CLOSED pgs=42 cs=0 l=1 rev1=1 crypto rx=0 tx=0 comp rx=0 tx=0).stop
2024-03-07T09:49:34.635 INFO:teuthology.orchestra.run.smithi018.stdout:/usr/bin/ceph: stderr
2024-03-07T09:49:34.027+0000 7f2426750700 1 -- 172.21.15.18:0/2171022362 >> 172.21.15.18:0/2171022362 conn(0x7f2420101fc0 msgr2=0x7f2420102a90 unknown :-1 s=STATE_NONE l=0).mark_down
2024-03-07T09:49:34.635 INFO:teuthology.orchestra.run.smithi018.stdout:/usr/bin/ceph: stderr
2024-03-07T09:49:34.027+0000 7f2426750700 1 -- 172.21.15.18:0/2171022362 shutdown_connections
2024-03-07T09:49:34.635 INFO:teuthology.orchestra.run.smithi018.stdout:/usr/bin/ceph: stderr
2024-03-07T09:49:34.027+0000 7f2426750700 1 -- 172.21.15.18:0/2171022362 wait complete.
2024-03-07T09:49:35.592 INFO:journalctl@ceph.mon.a.smithi018.stdout:Mar 07 09:49:35 smithi018 ceph-mon[32171]: from='client.14136 -' entity='client.admin' cmd=[{"prefix": "cephadm generate-key", "target": ["mon-mgr", ""]}]: dispatch
2024-03-07T09:49:35.592 INFO:journalctl@ceph.mon.a.smithi018.stdout:Mar 07 09:49:35 smithi018 ceph-mon[32171]: Generating ssh key...
2024-03-07T09:49:35.831 INFO:teuthology.orchestra.run.smithi018.stdout:/usr/bin/ceph: stdout ssh-rsa AAAAB3NzaC1yc2EAAAADAQABAAABgQDK31iZzwA+ro6MGrrYOB/XtZApTqaG5ZjSXRrhdtO1fi0mOMqTgLwvF5iRBFAak/IXBwCtUxliittcLNs6WqJe9xjUagaPbVo1d8+JOdYEbrWdbfeE4PQnXVc3JhCiCD4v639Ca1c2JnE8mHhZP7A6HIcUipK5liAaw5VtV1sXcHC9aqEL/GNq6QSWH4tPSnhKKW/V6YCFLWGITsPAXP1Kqoena2lqImoBNvQqOaRzhOITf11+yyGql+YDsida+3QIDs0JUJa5rP1aEkLOMFWYSLfEgZUr1kxxN71z4thfEeasXj7GdwkPNcrLHEwga685iSVxW8o4+2Z4mZDpAlW/KPr0QZc7SUVRbBeL5ybtcaXhbPy427Bj5fw86hUQeY1rE/goiz4yBi2I1BvlGmZy/qsMRqF3zHs32nJuCWk9W4gv/MHSHFpkV0qgkD/agT7t7hlQ6Zwtta23FxInLKafOsxJUXWenwQmhv5QGnVFbo8YjIQQ7VR+DMShKsGf8+s= ceph-c474c52c-dc67-11ee-95c6-87774f69a715
2024-03-07T09:49:35.831 INFO:teuthology.orchestra.run.smithi018.stdout:/usr/bin/ceph: stderr
2024-03-07T09:49:35.048+0000 7fc683f32700 1 Processor -- start
2024-03-07T09:49:35.831 INFO:teuthology.orchestra.run.smithi018.stdout:/usr/bin/ceph: stderr
2024-03-07T09:49:35.049+0000 7fc683f32700 1 -- start start
2024-03-07T09:49:35.831 INFO:teuthology.orchestra.run.smithi018.stdout:/usr/bin/ceph: stderr
2024-03-07T09:49:35.049+0000 7fc683f32700 1 --2- >> [v2:172.21.15.18:3300/0,v1:172.21.15.18:6789/0] conn(0x7fc67c105da0 0x7fc67c1061c0 unknown :-1 s=NONE pgs=0 cs=0 l=0 rev1=0 crypto rx=0 tx=0 comp rx=0 tx=0).connect
2024-03-07T09:49:35.831 INFO:teuthology.orchestra.run.smithi018.stdout:/usr/bin/ceph: stderr
2024-03-07T09:49:35.049+0000 7fc683f32700 1 -- --> [v2:172.21.15.18:3300/0,v1:172.21.15.18:6789/0] -- mon_getmap magic: 0 v1 -- 0x7fc67c106790 con 0x7fc67c105da0
2024-03-07T09:49:35.831 INFO:teuthology.orchestra.run.smithi018.stdout:/usr/bin/ceph: stderr
2024-03-07T09:49:35.049+0000 7fc681cce700 1 --2- >> [v2:172.21.15.18:3300/0,v1:172.21.15.18:6789/0] conn(0x7fc67c105da0 0x7fc67c1061c0 unknown :-1 s=BANNER_CONNECTING pgs=0 cs=0 l=0 rev1=0 crypto rx=0 tx=0 comp rx=0 tx=0)._handle_peer_banner_payload supported=3 required=0
2024-03-07T09:49:35.831 INFO:teuthology.orchestra.run.smithi018.stdout:/usr/bin/ceph: stderr
2024-03-07T09:49:35.049+0000 7fc681cce700 1 --2- >> [v2:172.21.15.18:3300/0,v1:172.21.15.18:6789/0] conn(0x7fc67c105da0 0x7fc67c1061c0 unknown :-1 s=HELLO_CONNECTING pgs=0 cs=0 l=0 rev1=1 crypto rx=0 tx=0 comp rx=0 tx=0).handle_hello peer v2:172.21.15.18:3300/0 says I am v2:172.21.15.18:36924/0 (socket says 172.21.15.18:36924)
2024-03-07T09:49:35.832 INFO:teuthology.orchestra.run.smithi018.stdout:/usr/bin/ceph: stderr
2024-03-07T09:49:35.049+0000 7fc681cce700 1 -- 172.21.15.18:0/4238447288 learned_addr learned my addr 172.21.15.18:0/4238447288 (peer_addr_for_me v2:172.21.15.18:0/0)
2024-03-07T09:49:35.832 INFO:teuthology.orchestra.run.smithi018.stdout:/usr/bin/ceph: stderr
2024-03-07T09:49:35.049+0000 7fc681cce700 1 -- 172.21.15.18:0/4238447288 --> [v2:172.21.15.18:3300/0,v1:172.21.15.18:6789/0] -- mon_subscribe({config=0+,monmap=0+}) v3 -- 0x7fc67c106910 con 0x7fc67c105da0
2024-03-07T09:49:35.832 INFO:teuthology.orchestra.run.smithi018.stdout:/usr/bin/ceph: stderr
2024-03-07T09:49:35.049+0000 7fc681cce700 1 --2- 172.21.15.18:0/4238447288 >> [v2:172.21.15.18:3300/0,v1:172.21.15.18:6789/0] conn(0x7fc67c105da0 0x7fc67c1061c0 secure :-1 s=READY pgs=43 cs=0 l=1 rev1=1 crypto rx=0x7fc66c0098a0 tx=0x7fc66c009bb0 comp rx=0 tx=0).ready entity=mon.0 client_cookie=3c1c6f226d17886e server_cookie=0 in_seq=0 out_seq=0
2024-03-07T09:49:35.832 INFO:teuthology.orchestra.run.smithi018.stdout:/usr/bin/ceph: stderr
2024-03-07T09:49:35.050+0000 7fc680ccc700 1 -- 172.21.15.18:0/4238447288 <== mon.0 v2:172.21.15.18:3300/0 1 ==== mon_map magic: 0 v1 ==== 205+0+0 (secure 0 0 0) 0x7fc66c004160 con 0x7fc67c105da0
2024-03-07T09:49:35.832 INFO:teuthology.orchestra.run.smithi018.stdout:/usr/bin/ceph: stderr
2024-03-07T09:49:35.050+0000 7fc680ccc700 1 -- 172.21.15.18:0/4238447288 <== mon.0 v2:172.21.15.18:3300/0 2 ==== config(27 keys) v1 ==== 1109+0+0 (secure 0 0 0) 0x7fc66c004300 con 0x7fc67c105da0
2024-03-07T09:49:35.832 INFO:teuthology.orchestra.run.smithi018.stdout:/usr/bin/ceph: stderr
2024-03-07T09:49:35.050+0000 7fc680ccc700 1 -- 172.21.15.18:0/4238447288 <== mon.0 v2:172.21.15.18:3300/0 3 ==== mon_map magic: 0 v1 ==== 205+0+0 (secure 0 0 0) 0x7fc66c011b50 con 0x7fc67c105da0
2024-03-07T09:49:35.832 INFO:teuthology.orchestra.run.smithi018.stdout:/usr/bin/ceph: stderr
2024-03-07T09:49:35.050+0000 7fc683f32700 1 -- 172.21.15.18:0/4238447288 >> [v2:172.21.15.18:3300/0,v1:172.21.15.18:6789/0] conn(0x7fc67c105da0 msgr2=0x7fc67c1061c0 secure :-1 s=STATE_CONNECTION_ESTABLISHED l=1).mark_down
2024-03-07T09:49:35.832 INFO:teuthology.orchestra.run.smithi018.stdout:/usr/bin/ceph: stderr
2024-03-07T09:49:35.050+0000 7fc683f32700 1 --2- 172.21.15.18:0/4238447288 >> [v2:172.21.15.18:3300/0,v1:172.21.15.18:6789/0] conn(0x7fc67c105da0 0x7fc67c1061c0 secure :-1 s=READY pgs=43 cs=0 l=1 rev1=1 crypto rx=0x7fc66c0098a0 tx=0x7fc66c009bb0 comp rx=0 tx=0).stop
2024-03-07T09:49:35.832 INFO:teuthology.orchestra.run.smithi018.stdout:/usr/bin/ceph: stderr
2024-03-07T09:49:35.050+0000 7fc683f32700 1 -- 172.21.15.18:0/4238447288 shutdown_connections
2024-03-07T09:49:35.832 INFO:teuthology.orchestra.run.smithi018.stdout:/usr/bin/ceph: stderr
2024-03-07T09:49:35.050+0000 7fc683f32700 1 --2- 172.21.15.18:0/4238447288 >> [v2:172.21.15.18:3300/0,v1:172.21.15.18:6789/0] conn(0x7fc67c105da0 0x7fc67c1061c0 unknown :-1 s=CLOSED pgs=43 cs=0 l=1 rev1=1 crypto rx=0 tx=0 comp rx=0 tx=0).stop
2024-03-07T09:49:35.832 INFO:teuthology.orchestra.run.smithi018.stdout:/usr/bin/ceph: stderr
2024-03-07T09:49:35.050+0000 7fc683f32700 1 -- 172.21.15.18:0/4238447288 >> 172.21.15.18:0/4238447288 conn(0x7fc67c101720 msgr2=0x7fc67c103b40 unknown :-1 s=STATE_NONE l=0).mark_down
2024-03-07T09:49:35.832 INFO:teuthology.orchestra.run.smithi018.stdout:/usr/bin/ceph: stderr
2024-03-07T09:49:35.050+0000 7fc683f32700 1 -- 172.21.15.18:0/4238447288 shutdown_connections
2024-03-07T09:49:35.832 INFO:teuthology.orchestra.run.smithi018.stdout:/usr/bin/ceph: stderr
2024-03-07T09:49:35.050+0000 7fc683f32700 1 -- 172.21.15.18:0/4238447288 wait complete.
2024-03-07T09:49:35.833 INFO:teuthology.orchestra.run.smithi018.stdout:/usr/bin/ceph: stderr
2024-03-07T09:49:35.051+0000 7fc683f32700 1 Processor -- start
2024-03-07T09:49:35.833 INFO:teuthology.orchestra.run.smithi018.stdout:/usr/bin/ceph: stderr
2024-03-07T09:49:35.051+0000 7fc683f32700 1 -- start start
2024-03-07T09:49:35.833 INFO:teuthology.orchestra.run.smithi018.stdout:/usr/bin/ceph: stderr
2024-03-07T09:49:35.051+0000 7fc683f32700 1 --2- >> [v2:172.21.15.18:3300/0,v1:172.21.15.18:6789/0] conn(0x7fc67c105da0 0x7fc67c1086a0 unknown :-1 s=NONE pgs=0 cs=0 l=1 rev1=0 crypto rx=0 tx=0 comp rx=0 tx=0).connect
2024-03-07T09:49:35.833 INFO:teuthology.orchestra.run.smithi018.stdout:/usr/bin/ceph: stderr
2024-03-07T09:49:35.051+0000 7fc683f32700 1 -- --> [v2:172.21.15.18:3300/0,v1:172.21.15.18:6789/0] -- mon_getmap magic: 0 v1 -- 0x7fc67c10c050 con 0x7fc67c105da0
2024-03-07T09:49:35.833 INFO:teuthology.orchestra.run.smithi018.stdout:/usr/bin/ceph: stderr
2024-03-07T09:49:35.051+0000 7fc681cce700 1 --2- >> [v2:172.21.15.18:3300/0,v1:172.21.15.18:6789/0] conn(0x7fc67c105da0 0x7fc67c1086a0 unknown :-1 s=BANNER_CONNECTING pgs=0 cs=0 l=1 rev1=0 crypto rx=0 tx=0 comp rx=0 tx=0)._handle_peer_banner_payload supported=3 required=0
2024-03-07T09:49:35.833 INFO:teuthology.orchestra.run.smithi018.stdout:/usr/bin/ceph: stderr
2024-03-07T09:49:35.051+0000 7fc681cce700 1 --2- >> [v2:172.21.15.18:3300/0,v1:172.21.15.18:6789/0] conn(0x7fc67c105da0 0x7fc67c1086a0 unknown :-1 s=HELLO_CONNECTING pgs=0 cs=0 l=1 rev1=1 crypto rx=0 tx=0 comp rx=0 tx=0).handle_hello peer v2:172.21.15.18:3300/0 says I am v2:172.21.15.18:36926/0 (socket says 172.21.15.18:36926)
2024-03-07T09:49:35.833 INFO:teuthology.orchestra.run.smithi018.stdout:/usr/bin/ceph: stderr
2024-03-07T09:49:35.051+0000 7fc681cce700 1 -- 172.21.15.18:0/787412542 learned_addr learned my addr 172.21.15.18:0/787412542 (peer_addr_for_me v2:172.21.15.18:0/0)
2024-03-07T09:49:35.833 INFO:teuthology.orchestra.run.smithi018.stdout:/usr/bin/ceph: stderr
2024-03-07T09:49:35.051+0000 7fc681cce700 1 -- 172.21.15.18:0/787412542 --> [v2:172.21.15.18:3300/0,v1:172.21.15.18:6789/0] -- mon_subscribe({config=0+,monmap=0+}) v3 -- 0x7fc67c108be0 con 0x7fc67c105da0
2024-03-07T09:49:35.833 INFO:teuthology.orchestra.run.smithi018.stdout:/usr/bin/ceph: stderr
2024-03-07T09:49:35.051+0000 7fc681cce700 1 --2- 172.21.15.18:0/787412542 >> [v2:172.21.15.18:3300/0,v1:172.21.15.18:6789/0] conn(0x7fc67c105da0 0x7fc67c1086a0 secure :-1 s=READY pgs=44 cs=0 l=1 rev1=1 crypto rx=0x7fc66c011670 tx=0x7fc66c011b60 comp rx=0 tx=0).ready entity=mon.0 client_cookie=0 server_cookie=0 in_seq=0 out_seq=0
2024-03-07T09:49:35.833 INFO:teuthology.orchestra.run.smithi018.stdout:/usr/bin/ceph: stderr
2024-03-07T09:49:35.052+0000 7fc672ffd700 1 -- 172.21.15.18:0/787412542 <== mon.0 v2:172.21.15.18:3300/0 1 ==== mon_map magic: 0 v1 ==== 205+0+0 (secure 0 0 0) 0x7fc66c0039c0 con 0x7fc67c105da0
2024-03-07T09:49:35.833 INFO:teuthology.orchestra.run.smithi018.stdout:/usr/bin/ceph: stderr
2024-03-07T09:49:35.052+0000 7fc672ffd700 1 -- 172.21.15.18:0/787412542 <== mon.0 v2:172.21.15.18:3300/0 2 ==== config(27 keys) v1 ==== 1109+0+0 (secure 0 0 0) 0x7fc66c011e50 con 0x7fc67c105da0
2024-03-07T09:49:35.833 INFO:teuthology.orchestra.run.smithi018.stdout:/usr/bin/ceph: stderr
2024-03-07T09:49:35.052+0000 7fc672ffd700 1 -- 172.21.15.18:0/787412542 <== mon.0 v2:172.21.15.18:3300/0 3 ==== mon_map magic: 0 v1 ==== 205+0+0 (secure 0 0 0) 0x7fc66c01a5c0 con 0x7fc67c105da0
2024-03-07T09:49:35.833 INFO:teuthology.orchestra.run.smithi018.stdout:/usr/bin/ceph: stderr
2024-03-07T09:49:35.052+0000 7fc683f32700 1 -- 172.21.15.18:0/787412542 --> [v2:172.21.15.18:3300/0,v1:172.21.15.18:6789/0] -- mon_subscribe({mgrmap=0+}) v3 -- 0x7fc67c106dd0 con 0x7fc67c105da0
2024-03-07T09:49:35.833 INFO:teuthology.orchestra.run.smithi018.stdout:/usr/bin/ceph: stderr
2024-03-07T09:49:35.052+0000 7fc683f32700 1 -- 172.21.15.18:0/787412542 --> [v2:172.21.15.18:3300/0,v1:172.21.15.18:6789/0] -- mon_subscribe({osdmap=0}) v3 -- 0x7fc67c107310 con 0x7fc67c105da0
2024-03-07T09:49:35.834 INFO:teuthology.orchestra.run.smithi018.stdout:/usr/bin/ceph: stderr
2024-03-07T09:49:35.053+0000 7fc672ffd700 1 -- 172.21.15.18:0/787412542 <== mon.0 v2:172.21.15.18:3300/0 4 ==== mgrmap(e 8) v1 ==== 45927+0+0 (secure 0 0 0) 0x7fc66c01a8c0 con 0x7fc67c105da0
2024-03-07T09:49:35.834 INFO:teuthology.orchestra.run.smithi018.stdout:/usr/bin/ceph: stderr
2024-03-07T09:49:35.053+0000 7fc683f32700 1 -- 172.21.15.18:0/787412542 --> [v2:172.21.15.18:3300/0,v1:172.21.15.18:6789/0] -- mon_command({"prefix": "get_command_descriptions"} v 0) v1 -- 0x7fc67c069230 con 0x7fc67c105da0
2024-03-07T09:49:35.834 INFO:teuthology.orchestra.run.smithi018.stdout:/usr/bin/ceph: stderr
2024-03-07T09:49:35.053+0000 7fc672ffd700 1 --2- 172.21.15.18:0/787412542 >> [v2:172.21.15.18:6800/2708184648,v1:172.21.15.18:6801/2708184648] conn(0x7fc668038b50 0x7fc66803b010 unknown :-1 s=NONE pgs=0 cs=0 l=1 rev1=0 crypto rx=0 tx=0 comp rx=0 tx=0).connect
2024-03-07T09:49:35.834 INFO:teuthology.orchestra.run.smithi018.stdout:/usr/bin/ceph: stderr
2024-03-07T09:49:35.053+0000 7fc672ffd700 1 -- 172.21.15.18:0/787412542 <== mon.0 v2:172.21.15.18:3300/0 5 ==== osd_map(2..2 src has 1..2) v4 ==== 940+0+0 (secure 0 0 0) 0x7fc66c04cfd0 con 0x7fc67c105da0
2024-03-07T09:49:35.834 INFO:teuthology.orchestra.run.smithi018.stdout:/usr/bin/ceph: stderr
2024-03-07T09:49:35.053+0000 7fc6814cd700 1 --2- 172.21.15.18:0/787412542 >> [v2:172.21.15.18:6800/2708184648,v1:172.21.15.18:6801/2708184648] conn(0x7fc668038b50 0x7fc66803b010 unknown :-1 s=BANNER_CONNECTING pgs=0 cs=0 l=1 rev1=0 crypto rx=0 tx=0 comp rx=0 tx=0)._handle_peer_banner_payload supported=3 required=0
2024-03-07T09:49:35.834 INFO:teuthology.orchestra.run.smithi018.stdout:/usr/bin/ceph: stderr
2024-03-07T09:49:35.053+0000 7fc6814cd700 1 --2- 172.21.15.18:0/787412542 >> [v2:172.21.15.18:6800/2708184648,v1:172.21.15.18:6801/2708184648] conn(0x7fc668038b50 0x7fc66803b010 secure :-1 s=READY pgs=10 cs=0 l=1 rev1=1 crypto rx=0x7fc678006fd0 tx=0x7fc678006e40 comp rx=0 tx=0).ready entity=mgr.14120 client_cookie=0 server_cookie=0 in_seq=0 out_seq=0
2024-03-07T09:49:35.834 INFO:teuthology.orchestra.run.smithi018.stdout:/usr/bin/ceph: stderr
2024-03-07T09:49:35.058+0000 7fc672ffd700 1 -- 172.21.15.18:0/787412542 <== mon.0 v2:172.21.15.18:3300/0 6 ==== mon_command_ack([{"prefix": "get_command_descriptions"}]=0 v0) v1 ==== 72+0+184932 (secure 0 0 0) 0x7fc66c019c70 con 0x7fc67c105da0
2024-03-07T09:49:35.834 INFO:teuthology.orchestra.run.smithi018.stdout:/usr/bin/ceph: stderr
2024-03-07T09:49:35.263+0000 7fc683f32700 1 -- 172.21.15.18:0/787412542 --> [v2:172.21.15.18:6800/2708184648,v1:172.21.15.18:6801/2708184648] -- mgr_command(tid 0: {"prefix": "cephadm get-pub-key", "target": ["mon-mgr", ""]}) v1 -- 0x7fc67c102900 con 0x7fc668038b50
2024-03-07T09:49:35.834 INFO:teuthology.orchestra.run.smithi018.stdout:/usr/bin/ceph: stderr
2024-03-07T09:49:35.264+0000 7fc672ffd700 1 -- 172.21.15.18:0/787412542 <== mgr.14120 v2:172.21.15.18:6800/2708184648 1 ==== mgr_command_reply(tid 0: 0 ) v1 ==== 8+0+595 (secure 0 0 0) 0x7fc67c102900 con 0x7fc668038b50
2024-03-07T09:49:35.834 INFO:teuthology.orchestra.run.smithi018.stdout:/usr/bin/ceph: stderr
2024-03-07T09:49:35.266+0000 7fc683f32700 1 -- 172.21.15.18:0/787412542 >> [v2:172.21.15.18:6800/2708184648,v1:172.21.15.18:6801/2708184648] conn(0x7fc668038b50 msgr2=0x7fc66803b010 secure :-1 s=STATE_CONNECTION_ESTABLISHED l=1).mark_down
2024-03-07T09:49:35.834 INFO:teuthology.orchestra.run.smithi018.stdout:/usr/bin/ceph: stderr
2024-03-07T09:49:35.266+0000 7fc683f32700 1 --2- 172.21.15.18:0/787412542 >> [v2:172.21.15.18:6800/2708184648,v1:172.21.15.18:6801/2708184648] conn(0x7fc668038b50 0x7fc66803b010 secure :-1 s=READY pgs=10 cs=0 l=1 rev1=1 crypto rx=0x7fc678006fd0 tx=0x7fc678006e40 comp rx=0 tx=0).stop
2024-03-07T09:49:35.834 INFO:teuthology.orchestra.run.smithi018.stdout:/usr/bin/ceph: stderr
2024-03-07T09:49:35.266+0000 7fc683f32700 1 -- 172.21.15.18:0/787412542 >> [v2:172.21.15.18:3300/0,v1:172.21.15.18:6789/0] conn(0x7fc67c105da0 msgr2=0x7fc67c1086a0 secure :-1 s=STATE_CONNECTION_ESTABLISHED l=1).mark_down
2024-03-07T09:49:35.834 INFO:teuthology.orchestra.run.smithi018.stdout:/usr/bin/ceph: stderr
2024-03-07T09:49:35.266+0000 7fc683f32700 1 --2- 172.21.15.18:0/787412542 >> [v2:172.21.15.18:3300/0,v1:172.21.15.18:6789/0] conn(0x7fc67c105da0 0x7fc67c1086a0 secure :-1 s=READY pgs=44 cs=0 l=1 rev1=1 crypto rx=0x7fc66c011670 tx=0x7fc66c011b60 comp rx=0 tx=0).stop
2024-03-07T09:49:35.835 INFO:teuthology.orchestra.run.smithi018.stdout:/usr/bin/ceph: stderr
2024-03-07T09:49:35.266+0000 7fc683f32700 1 -- 172.21.15.18:0/787412542 shutdown_connections
2024-03-07T09:49:35.835 INFO:teuthology.orchestra.run.smithi018.stdout:/usr/bin/ceph: stderr
2024-03-07T09:49:35.266+0000 7fc683f32700 1 --2- 172.21.15.18:0/787412542 >> [v2:172.21.15.18:6800/2708184648,v1:172.21.15.18:6801/2708184648] conn(0x7fc668038b50 0x7fc66803b010 unknown :-1 s=CLOSED pgs=10 cs=0 l=1 rev1=1 crypto rx=0 tx=0 comp rx=0 tx=0).stop
2024-03-07T09:49:35.835 INFO:teuthology.orchestra.run.smithi018.stdout:/usr/bin/ceph: stderr
2024-03-07T09:49:35.266+0000 7fc683f32700 1 --2- 172.21.15.18:0/787412542 >> [v2:172.21.15.18:3300/0,v1:172.21.15.18:6789/0] conn(0x7fc67c105da0 0x7fc67c1086a0 unknown :-1 s=CLOSED pgs=44 cs=0 l=1 rev1=1 crypto rx=0 tx=0 comp rx=0 tx=0).stop
2024-03-07T09:49:35.835 INFO:teuthology.orchestra.run.smithi018.stdout:/usr/bin/ceph: stderr
2024-03-07T09:49:35.266+0000 7fc683f32700 1 -- 172.21.15.18:0/787412542 >> 172.21.15.18:0/787412542 conn(0x7fc67c101720 msgr2=0x7fc67c1021f0 unknown :-1 s=STATE_NONE l=0).mark_down
2024-03-07T09:49:35.835 INFO:teuthology.orchestra.run.smithi018.stdout:/usr/bin/ceph: stderr
2024-03-07T09:49:35.266+0000 7fc683f32700 1 -- 172.21.15.18:0/787412542 shutdown_connections
2024-03-07T09:49:35.835 INFO:teuthology.orchestra.run.smithi018.stdout:/usr/bin/ceph: stderr
2024-03-07T09:49:35.266+0000 7fc683f32700 1 -- 172.21.15.18:0/787412542 wait complete.
2024-03-07T09:49:35.835 INFO:teuthology.orchestra.run.smithi018.stdout:Wrote public SSH key to /home/ubuntu/cephtest/ceph.pub
2024-03-07T09:49:35.835 INFO:teuthology.orchestra.run.smithi018.stdout:Adding key to root@localhost authorized_keys...
2024-03-07T09:49:35.835 INFO:teuthology.orchestra.run.smithi018.stdout:Adding host smithi018...
2024-03-07T09:49:36.841 INFO:journalctl@ceph.mon.a.smithi018.stdout:Mar 07 09:49:36 smithi018 ceph-mon[32171]: from='client.14138 -' entity='client.admin' cmd=[{"prefix": "cephadm get-pub-key", "target": ["mon-mgr", ""]}]: dispatch
2024-03-07T09:49:37.733 INFO:journalctl@ceph.mon.a.smithi018.stdout:Mar 07 09:49:37 smithi018 ceph-mon[32171]: from='client.14140 -' entity='client.admin' cmd=[{"prefix": "orch host add", "hostname": "smithi018", "addr": "172.21.15.18", "target": ["mon-mgr", ""]}]: dispatch
2024-03-07T09:49:37.733 INFO:journalctl@ceph.mon.a.smithi018.stdout:Mar 07 09:49:37 smithi018 ceph-mon[32171]: Deploying cephadm binary to smithi018
2024-03-07T09:49:41.582 INFO:teuthology.orchestra.run.smithi018.stdout:/usr/bin/ceph: stdout Added host 'smithi018' with addr '172.21.15.18'
2024-03-07T09:49:41.582 INFO:teuthology.orchestra.run.smithi018.stdout:/usr/bin/ceph: stderr
2024-03-07T09:49:36.244+0000 7f10df159700 1 Processor -- start
2024-03-07T09:49:41.582 INFO:teuthology.orchestra.run.smithi018.stdout:/usr/bin/ceph: stderr
2024-03-07T09:49:36.244+0000 7f10df159700 1 -- start start
2024-03-07T09:49:41.582 INFO:teuthology.orchestra.run.smithi018.stdout:/usr/bin/ceph: stderr
2024-03-07T09:49:36.244+0000 7f10df159700 1 --2- >> [v2:172.21.15.18:3300/0,v1:172.21.15.18:6789/0] conn(0x7f10d8108580 0x7f10d810a970 unknown :-1 s=NONE pgs=0 cs=0 l=0 rev1=0 crypto rx=0 tx=0 comp rx=0 tx=0).connect
2024-03-07T09:49:41.582 INFO:teuthology.orchestra.run.smithi018.stdout:/usr/bin/ceph: stderr
2024-03-07T09:49:36.244+0000 7f10df159700 1 -- --> [v2:172.21.15.18:3300/0,v1:172.21.15.18:6789/0] -- mon_getmap magic: 0 v1 -- 0x7f10d807be30 con 0x7f10d8108580
2024-03-07T09:49:41.582 INFO:teuthology.orchestra.run.smithi018.stdout:/usr/bin/ceph: stderr
2024-03-07T09:49:36.244+0000 7f10dcef5700 1 --2- >> [v2:172.21.15.18:3300/0,v1:172.21.15.18:6789/0] conn(0x7f10d8108580 0x7f10d810a970 unknown :-1 s=BANNER_CONNECTING pgs=0 cs=0 l=0 rev1=0 crypto rx=0 tx=0 comp rx=0 tx=0)._handle_peer_banner_payload supported=3 required=0
2024-03-07T09:49:41.582 INFO:teuthology.orchestra.run.smithi018.stdout:/usr/bin/ceph: stderr
2024-03-07T09:49:36.244+0000 7f10dcef5700 1 --2- >> [v2:172.21.15.18:3300/0,v1:172.21.15.18:6789/0] conn(0x7f10d8108580 0x7f10d810a970 unknown :-1 s=HELLO_CONNECTING pgs=0 cs=0 l=0 rev1=1 crypto rx=0 tx=0 comp rx=0 tx=0).handle_hello peer v2:172.21.15.18:3300/0 says I am v2:172.21.15.18:36942/0 (socket says 172.21.15.18:36942)
2024-03-07T09:49:41.582 INFO:teuthology.orchestra.run.smithi018.stdout:/usr/bin/ceph: stderr
2024-03-07T09:49:36.244+0000 7f10dcef5700 1 -- 172.21.15.18:0/3524408971 learned_addr learned my addr 172.21.15.18:0/3524408971 (peer_addr_for_me v2:172.21.15.18:0/0)
2024-03-07T09:49:41.582 INFO:teuthology.orchestra.run.smithi018.stdout:/usr/bin/ceph: stderr
2024-03-07T09:49:36.245+0000 7f10dcef5700 1 -- 172.21.15.18:0/3524408971 --> [v2:172.21.15.18:3300/0,v1:172.21.15.18:6789/0] -- mon_subscribe({config=0+,monmap=0+}) v3 -- 0x7f10d810aeb0 con 0x7f10d8108580
2024-03-07T09:49:41.582 INFO:teuthology.orchestra.run.smithi018.stdout:/usr/bin/ceph: stderr
2024-03-07T09:49:36.245+0000 7f10dcef5700 1 --2- 172.21.15.18:0/3524408971 >> [v2:172.21.15.18:3300/0,v1:172.21.15.18:6789/0] conn(0x7f10d8108580 0x7f10d810a970 secure :-1 s=READY pgs=45 cs=0 l=1 rev1=1 crypto rx=0x7f10cc0098a0 tx=0x7f10cc009bb0 comp rx=0 tx=0).ready entity=mon.0 client_cookie=3b5587a86b25305e server_cookie=0 in_seq=0 out_seq=0
2024-03-07T09:49:41.583 INFO:teuthology.orchestra.run.smithi018.stdout:/usr/bin/ceph: stderr
2024-03-07T09:49:36.245+0000 7f10d77fe700 1 -- 172.21.15.18:0/3524408971 <== mon.0 v2:172.21.15.18:3300/0 1 ==== mon_map magic: 0 v1 ==== 205+0+0 (secure 0 0 0) 0x7f10cc004160 con 0x7f10d8108580
2024-03-07T09:49:41.583 INFO:teuthology.orchestra.run.smithi018.stdout:/usr/bin/ceph: stderr
2024-03-07T09:49:36.245+0000 7f10d77fe700 1 -- 172.21.15.18:0/3524408971 <== mon.0 v2:172.21.15.18:3300/0 2 ==== config(27 keys) v1 ==== 1109+0+0 (secure 0 0 0) 0x7f10cc004300 con 0x7f10d8108580
2024-03-07T09:49:41.583 INFO:teuthology.orchestra.run.smithi018.stdout:/usr/bin/ceph: stderr
2024-03-07T09:49:36.245+0000 7f10d77fe700 1 -- 172.21.15.18:0/3524408971 <== mon.0 v2:172.21.15.18:3300/0 3 ==== mon_map magic: 0 v1 ==== 205+0+0 (secure 0 0 0) 0x7f10cc011b50 con 0x7f10d8108580
2024-03-07T09:49:41.583 INFO:teuthology.orchestra.run.smithi018.stdout:/usr/bin/ceph: stderr
2024-03-07T09:49:36.245+0000 7f10df159700 1 -- 172.21.15.18:0/3524408971 >> [v2:172.21.15.18:3300/0,v1:172.21.15.18:6789/0] conn(0x7f10d8108580 msgr2=0x7f10d810a970 secure :-1 s=STATE_CONNECTION_ESTABLISHED l=1).mark_down
2024-03-07T09:49:41.583 INFO:teuthology.orchestra.run.smithi018.stdout:/usr/bin/ceph: stderr
2024-03-07T09:49:36.245+0000 7f10df159700 1 --2- 172.21.15.18:0/3524408971 >> [v2:172.21.15.18:3300/0,v1:172.21.15.18:6789/0] conn(0x7f10d8108580 0x7f10d810a970 secure :-1 s=READY pgs=45 cs=0 l=1 rev1=1 crypto rx=0x7f10cc0098a0 tx=0x7f10cc009bb0 comp rx=0 tx=0).stop
2024-03-07T09:49:41.583 INFO:teuthology.orchestra.run.smithi018.stdout:/usr/bin/ceph: stderr
2024-03-07T09:49:36.246+0000 7f10df159700 1 -- 172.21.15.18:0/3524408971 shutdown_connections
2024-03-07T09:49:41.583 INFO:teuthology.orchestra.run.smithi018.stdout:/usr/bin/ceph: stderr
2024-03-07T09:49:36.246+0000 7f10df159700 1 --2- 172.21.15.18:0/3524408971 >> [v2:172.21.15.18:3300/0,v1:172.21.15.18:6789/0] conn(0x7f10d8108580 0x7f10d810a970 unknown :-1 s=CLOSED pgs=45 cs=0 l=1 rev1=1 crypto rx=0 tx=0 comp rx=0 tx=0).stop
2024-03-07T09:49:41.583 INFO:teuthology.orchestra.run.smithi018.stdout:/usr/bin/ceph: stderr
2024-03-07T09:49:36.246+0000 7f10df159700 1 -- 172.21.15.18:0/3524408971 >> 172.21.15.18:0/3524408971 conn(0x7f10d8101fb0 msgr2=0x7f10d81043d0 unknown :-1 s=STATE_NONE l=0).mark_down
2024-03-07T09:49:41.583 INFO:teuthology.orchestra.run.smithi018.stdout:/usr/bin/ceph: stderr
2024-03-07T09:49:36.246+0000 7f10df159700 1 -- 172.21.15.18:0/3524408971 shutdown_connections
2024-03-07T09:49:41.583 INFO:teuthology.orchestra.run.smithi018.stdout:/usr/bin/ceph: stderr
2024-03-07T09:49:36.246+0000 7f10df159700 1 -- 172.21.15.18:0/3524408971 wait complete.
2024-03-07T09:49:41.583 INFO:teuthology.orchestra.run.smithi018.stdout:/usr/bin/ceph: stderr
2024-03-07T09:49:36.246+0000 7f10df159700 1 Processor -- start
2024-03-07T09:49:41.584 INFO:teuthology.orchestra.run.smithi018.stdout:/usr/bin/ceph: stderr
2024-03-07T09:49:36.246+0000 7f10df159700 1 -- start start
2024-03-07T09:49:41.584 INFO:teuthology.orchestra.run.smithi018.stdout:/usr/bin/ceph: stderr
2024-03-07T09:49:36.246+0000 7f10df159700 1 --2- >> [v2:172.21.15.18:3300/0,v1:172.21.15.18:6789/0] conn(0x7f10d8108580 0x7f10d819ba80 unknown :-1 s=NONE pgs=0 cs=0 l=1 rev1=0 crypto rx=0 tx=0 comp rx=0 tx=0).connect
2024-03-07T09:49:41.584 INFO:teuthology.orchestra.run.smithi018.stdout:/usr/bin/ceph: stderr
2024-03-07T09:49:36.246+0000 7f10df159700 1 -- --> [v2:172.21.15.18:3300/0,v1:172.21.15.18:6789/0] -- mon_getmap magic: 0 v1 -- 0x7f10d810bed0 con 0x7f10d8108580
2024-03-07T09:49:41.584 INFO:teuthology.orchestra.run.smithi018.stdout:/usr/bin/ceph: stderr
2024-03-07T09:49:36.247+0000 7f10dcef5700 1 --2- >> [v2:172.21.15.18:3300/0,v1:172.21.15.18:6789/0] conn(0x7f10d8108580 0x7f10d819ba80 unknown :-1 s=BANNER_CONNECTING pgs=0 cs=0 l=1 rev1=0 crypto rx=0 tx=0 comp rx=0 tx=0)._handle_peer_banner_payload supported=3 required=0
2024-03-07T09:49:41.584 INFO:teuthology.orchestra.run.smithi018.stdout:/usr/bin/ceph: stderr
2024-03-07T09:49:36.247+0000 7f10dcef5700 1 --2- >> [v2:172.21.15.18:3300/0,v1:172.21.15.18:6789/0] conn(0x7f10d8108580 0x7f10d819ba80 unknown :-1 s=HELLO_CONNECTING pgs=0 cs=0 l=1 rev1=1 crypto rx=0 tx=0 comp rx=0 tx=0).handle_hello peer v2:172.21.15.18:3300/0 says I am v2:172.21.15.18:36948/0 (socket says 172.21.15.18:36948)
2024-03-07T09:49:41.584 INFO:teuthology.orchestra.run.smithi018.stdout:/usr/bin/ceph: stderr
2024-03-07T09:49:36.247+0000 7f10dcef5700 1 -- 172.21.15.18:0/3148340378 learned_addr learned my addr 172.21.15.18:0/3148340378 (peer_addr_for_me v2:172.21.15.18:0/0)
2024-03-07T09:49:41.584 INFO:teuthology.orchestra.run.smithi018.stdout:/usr/bin/ceph: stderr
2024-03-07T09:49:36.247+0000 7f10dcef5700 1 -- 172.21.15.18:0/3148340378 --> [v2:172.21.15.18:3300/0,v1:172.21.15.18:6789/0] -- mon_subscribe({config=0+,monmap=0+}) v3 -- 0x7f10d819bfc0 con 0x7f10d8108580
2024-03-07T09:49:41.584 INFO:teuthology.orchestra.run.smithi018.stdout:/usr/bin/ceph: stderr
2024-03-07T09:49:36.247+0000 7f10dcef5700 1 --2- 172.21.15.18:0/3148340378 >> [v2:172.21.15.18:3300/0,v1:172.21.15.18:6789/0] conn(0x7f10d8108580 0x7f10d819ba80 secure :-1 s=READY pgs=46 cs=0 l=1 rev1=1 crypto rx=0x7f10cc011b60 tx=0x7f10cc011c40 comp rx=0 tx=0).ready entity=mon.0 client_cookie=0 server_cookie=0 in_seq=0 out_seq=0
2024-03-07T09:49:41.584 INFO:teuthology.orchestra.run.smithi018.stdout:/usr/bin/ceph: stderr
2024-03-07T09:49:36.247+0000 7f10d5ffb700 1 -- 172.21.15.18:0/3148340378 <== mon.0 v2:172.21.15.18:3300/0 1 ==== mon_map magic: 0 v1 ==== 205+0+0 (secure 0 0 0) 0x7f10cc003b20 con 0x7f10d8108580
2024-03-07T09:49:41.584 INFO:teuthology.orchestra.run.smithi018.stdout:/usr/bin/ceph: stderr
2024-03-07T09:49:36.247+0000 7f10d5ffb700 1 -- 172.21.15.18:0/3148340378 <== mon.0 v2:172.21.15.18:3300/0 2 ==== config(27 keys) v1 ==== 1109+0+0 (secure 0 0 0) 0x7f10cc003cc0 con 0x7f10d8108580
2024-03-07T09:49:41.584 INFO:teuthology.orchestra.run.smithi018.stdout:/usr/bin/ceph: stderr
2024-03-07T09:49:36.247+0000 7f10df159700 1 -- 172.21.15.18:0/3148340378 --> [v2:172.21.15.18:3300/0,v1:172.21.15.18:6789/0] -- mon_subscribe({mgrmap=0+}) v3 -- 0x7f10d819c250 con 0x7f10d8108580
2024-03-07T09:49:41.585 INFO:teuthology.orchestra.run.smithi018.stdout:/usr/bin/ceph: stderr
2024-03-07T09:49:36.247+0000 7f10d5ffb700 1 -- 172.21.15.18:0/3148340378 <== mon.0 v2:172.21.15.18:3300/0 3 ==== mon_map magic: 0 v1 ==== 205+0+0 (secure 0 0 0) 0x7f10cc024840 con 0x7f10d8108580
2024-03-07T09:49:41.585 INFO:teuthology.orchestra.run.smithi018.stdout:/usr/bin/ceph: stderr
2024-03-07T09:49:36.248+0000 7f10df159700 1 -- 172.21.15.18:0/3148340378 --> [v2:172.21.15.18:3300/0,v1:172.21.15.18:6789/0] -- mon_subscribe({osdmap=0}) v3 -- 0x7f10d819ef40 con 0x7f10d8108580
2024-03-07T09:49:41.585 INFO:teuthology.orchestra.run.smithi018.stdout:/usr/bin/ceph: stderr
2024-03-07T09:49:36.248+0000 7f10d5ffb700 1 -- 172.21.15.18:0/3148340378 <== mon.0 v2:172.21.15.18:3300/0 4 ==== mgrmap(e 8) v1 ==== 45927+0+0 (secure 0 0 0) 0x7f10cc022020 con 0x7f10d8108580
2024-03-07T09:49:41.585 INFO:teuthology.orchestra.run.smithi018.stdout:/usr/bin/ceph: stderr
2024-03-07T09:49:36.248+0000 7f10d5ffb700 1 --2- 172.21.15.18:0/3148340378 >> [v2:172.21.15.18:6800/2708184648,v1:172.21.15.18:6801/2708184648] conn(0x7f10c8038bf0 0x7f10c803b0b0 unknown :-1 s=NONE pgs=0 cs=0 l=1 rev1=0 crypto rx=0 tx=0 comp rx=0 tx=0).connect
2024-03-07T09:49:41.585 INFO:teuthology.orchestra.run.smithi018.stdout:/usr/bin/ceph: stderr
2024-03-07T09:49:36.248+0000 7f10df159700 1 -- 172.21.15.18:0/3148340378 --> [v2:172.21.15.18:3300/0,v1:172.21.15.18:6789/0] -- mon_command({"prefix": "get_command_descriptions"} v 0) v1 -- 0x7f10d8063780 con 0x7f10d8108580
2024-03-07T09:49:41.585 INFO:teuthology.orchestra.run.smithi018.stdout:/usr/bin/ceph: stderr
2024-03-07T09:49:36.249+0000 7f10d5ffb700 1 -- 172.21.15.18:0/3148340378 <== mon.0 v2:172.21.15.18:3300/0 5 ==== osd_map(2..2 src has 1..2) v4 ==== 940+0+0 (secure 0 0 0) 0x7f10cc011e00 con 0x7f10d8108580
2024-03-07T09:49:41.585 INFO:teuthology.orchestra.run.smithi018.stdout:/usr/bin/ceph: stderr
2024-03-07T09:49:36.249+0000 7f10d7fff700 1 --2- 172.21.15.18:0/3148340378 >> [v2:172.21.15.18:6800/2708184648,v1:172.21.15.18:6801/2708184648] conn(0x7f10c8038bf0 0x7f10c803b0b0 unknown :-1 s=BANNER_CONNECTING pgs=0 cs=0 l=1 rev1=0 crypto rx=0 tx=0 comp rx=0 tx=0)._handle_peer_banner_payload supported=3 required=0
2024-03-07T09:49:41.585 INFO:teuthology.orchestra.run.smithi018.stdout:/usr/bin/ceph: stderr
2024-03-07T09:49:36.249+0000 7f10d7fff700 1 --2- 172.21.15.18:0/3148340378 >> [v2:172.21.15.18:6800/2708184648,v1:172.21.15.18:6801/2708184648] conn(0x7f10c8038bf0 0x7f10c803b0b0 secure :-1 s=READY pgs=11 cs=0 l=1 rev1=1 crypto rx=0x7f10c4006fd0 tx=0x7f10c4006e40 comp rx=0 tx=0).ready entity=mgr.14120 client_cookie=0 server_cookie=0 in_seq=0 out_seq=0
2024-03-07T09:49:41.585 INFO:teuthology.orchestra.run.smithi018.stdout:/usr/bin/ceph: stderr
2024-03-07T09:49:36.253+0000 7f10d5ffb700 1 -- 172.21.15.18:0/3148340378 <== mon.0 v2:172.21.15.18:3300/0 6 ==== mon_command_ack([{"prefix": "get_command_descriptions"}]=0 v0) v1 ==== 72+0+184932 (secure 0 0 0) 0x7f10cc00b9e0 con 0x7f10d8108580
2024-03-07T09:49:41.585 INFO:teuthology.orchestra.run.smithi018.stdout:/usr/bin/ceph: stderr
2024-03-07T09:49:36.460+0000 7f10df159700 1 -- 172.21.15.18:0/3148340378 --> [v2:172.21.15.18:6800/2708184648,v1:172.21.15.18:6801/2708184648] -- mgr_command(tid 0: {"prefix": "orch host add", "hostname": "smithi018", "addr": "172.21.15.18", "target": ["mon-mgr", ""]}) v1 -- 0x7f10d8103200 con 0x7f10c8038bf0
2024-03-07T09:49:41.585 INFO:teuthology.orchestra.run.smithi018.stdout:/usr/bin/ceph: stderr
2024-03-07T09:49:41.005+0000 7f10d5ffb700 1 -- 172.21.15.18:0/3148340378 <== mgr.14120 v2:172.21.15.18:6800/2708184648 1 ==== mgr_command_reply(tid 0: 0 ) v1 ==== 8+0+48 (secure 0 0 0) 0x7f10d8103200 con 0x7f10c8038bf0
2024-03-07T09:49:41.586 INFO:teuthology.orchestra.run.smithi018.stdout:/usr/bin/ceph: stderr
2024-03-07T09:49:41.007+0000 7f10df159700 1 -- 172.21.15.18:0/3148340378 >> [v2:172.21.15.18:6800/2708184648,v1:172.21.15.18:6801/2708184648] conn(0x7f10c8038bf0 msgr2=0x7f10c803b0b0 secure :-1 s=STATE_CONNECTION_ESTABLISHED l=1).mark_down
2024-03-07T09:49:41.586 INFO:teuthology.orchestra.run.smithi018.stdout:/usr/bin/ceph: stderr
2024-03-07T09:49:41.007+0000 7f10df159700 1 --2- 172.21.15.18:0/3148340378 >> [v2:172.21.15.18:6800/2708184648,v1:172.21.15.18:6801/2708184648] conn(0x7f10c8038bf0 0x7f10c803b0b0 secure :-1 s=READY pgs=11 cs=0 l=1 rev1=1 crypto rx=0x7f10c4006fd0 tx=0x7f10c4006e40 comp rx=0 tx=0).stop
2024-03-07T09:49:41.586 INFO:teuthology.orchestra.run.smithi018.stdout:/usr/bin/ceph: stderr
2024-03-07T09:49:41.007+0000 7f10df159700 1 -- 172.21.15.18:0/3148340378 >> [v2:172.21.15.18:3300/0,v1:172.21.15.18:6789/0] conn(0x7f10d8108580 msgr2=0x7f10d819ba80 secure :-1 s=STATE_CONNECTION_ESTABLISHED l=1).mark_down
2024-03-07T09:49:41.586 INFO:teuthology.orchestra.run.smithi018.stdout:/usr/bin/ceph: stderr
2024-03-07T09:49:41.007+0000 7f10df159700 1 --2- 172.21.15.18:0/3148340378 >> [v2:172.21.15.18:3300/0,v1:172.21.15.18:6789/0] conn(0x7f10d8108580 0x7f10d819ba80 secure :-1 s=READY pgs=46 cs=0 l=1 rev1=1 crypto rx=0x7f10cc011b60 tx=0x7f10cc011c40 comp rx=0 tx=0).stop
2024-03-07T09:49:41.586 INFO:teuthology.orchestra.run.smithi018.stdout:/usr/bin/ceph: stderr
2024-03-07T09:49:41.007+0000 7f10df159700 1 -- 172.21.15.18:0/3148340378 shutdown_connections
2024-03-07T09:49:41.586 INFO:teuthology.orchestra.run.smithi018.stdout:/usr/bin/ceph: stderr
2024-03-07T09:49:41.007+0000 7f10df159700 1 --2- 172.21.15.18:0/3148340378 >> [v2:172.21.15.18:6800/2708184648,v1:172.21.15.18:6801/2708184648] conn(0x7f10c8038bf0 0x7f10c803b0b0 unknown :-1 s=CLOSED pgs=11 cs=0 l=1 rev1=1 crypto rx=0 tx=0 comp rx=0 tx=0).stop
2024-03-07T09:49:41.586 INFO:teuthology.orchestra.run.smithi018.stdout:/usr/bin/ceph: stderr
2024-03-07T09:49:41.007+0000 7f10df159700 1 --2- 172.21.15.18:0/3148340378 >> [v2:172.21.15.18:3300/0,v1:172.21.15.18:6789/0] conn(0x7f10d8108580 0x7f10d819ba80 unknown :-1 s=CLOSED pgs=46 cs=0 l=1 rev1=1 crypto rx=0 tx=0 comp rx=0 tx=0).stop
2024-03-07T09:49:41.586 INFO:teuthology.orchestra.run.smithi018.stdout:/usr/bin/ceph: stderr
2024-03-07T09:49:41.007+0000 7f10df159700 1 -- 172.21.15.18:0/3148340378 >> 172.21.15.18:0/3148340378 conn(0x7f10d8101fb0 msgr2=0x7f10d8102af0 unknown :-1 s=STATE_NONE l=0).mark_down
2024-03-07T09:49:41.586 INFO:teuthology.orchestra.run.smithi018.stdout:/usr/bin/ceph: stderr
2024-03-07T09:49:41.007+0000 7f10df159700 1 -- 172.21.15.18:0/3148340378 shutdown_connections
2024-03-07T09:49:41.586 INFO:teuthology.orchestra.run.smithi018.stdout:/usr/bin/ceph: stderr
2024-03-07T09:49:41.007+0000 7f10df159700 1 -- 172.21.15.18:0/3148340378 wait complete.
2024-03-07T09:49:41.586 INFO:teuthology.orchestra.run.smithi018.stdout:Deploying unmanaged mon service...
2024-03-07T09:49:42.092 INFO:journalctl@ceph.mon.a.smithi018.stdout:Mar 07 09:49:42 smithi018 ceph-mon[32171]: from='mgr.14120 172.21.15.18:0/2468121734' entity='mgr.x'
2024-03-07T09:49:42.092 INFO:journalctl@ceph.mon.a.smithi018.stdout:Mar 07 09:49:42 smithi018 ceph-mon[32171]: Added host smithi018
2024-03-07T09:49:42.092 INFO:journalctl@ceph.mon.a.smithi018.stdout:Mar 07 09:49:42 smithi018 ceph-mon[32171]: from='mgr.14120 172.21.15.18:0/2468121734' entity='mgr.x' cmd=[{"prefix": "config dump", "format": "json"}]: dispatch
2024-03-07T09:49:42.902 INFO:teuthology.orchestra.run.smithi018.stdout:/usr/bin/ceph: stdout Scheduled mon update...
2024-03-07T09:49:42.903 INFO:teuthology.orchestra.run.smithi018.stdout:/usr/bin/ceph: stderr
2024-03-07T09:49:42.043+0000 7ffbf4cf2700 1 Processor -- start
2024-03-07T09:49:42.903 INFO:teuthology.orchestra.run.smithi018.stdout:/usr/bin/ceph: stderr
2024-03-07T09:49:42.043+0000 7ffbf4cf2700 1 -- start start
2024-03-07T09:49:42.903 INFO:teuthology.orchestra.run.smithi018.stdout:/usr/bin/ceph: stderr
2024-03-07T09:49:42.043+0000 7ffbf4cf2700 1 --2- >> [v2:172.21.15.18:3300/0,v1:172.21.15.18:6789/0] conn(0x7ffbf0106370 0x7ffbf0106790 unknown :-1 s=NONE pgs=0 cs=0 l=0 rev1=0 crypto rx=0 tx=0 comp rx=0 tx=0).connect
2024-03-07T09:49:42.903 INFO:teuthology.orchestra.run.smithi018.stdout:/usr/bin/ceph: stderr
2024-03-07T09:49:42.043+0000 7ffbf4cf2700 1 -- --> [v2:172.21.15.18:3300/0,v1:172.21.15.18:6789/0] -- mon_getmap magic: 0 v1 -- 0x7ffbf007bdf0 con 0x7ffbf0106370
2024-03-07T09:49:42.903 INFO:teuthology.orchestra.run.smithi018.stdout:/usr/bin/ceph: stderr
2024-03-07T09:49:42.044+0000 7ffbee59c700 1 --2- >> [v2:172.21.15.18:3300/0,v1:172.21.15.18:6789/0] conn(0x7ffbf0106370 0x7ffbf0106790 unknown :-1 s=BANNER_CONNECTING pgs=0 cs=0 l=0 rev1=0 crypto rx=0 tx=0 comp rx=0 tx=0)._handle_peer_banner_payload supported=3 required=0
2024-03-07T09:49:42.904 INFO:teuthology.orchestra.run.smithi018.stdout:/usr/bin/ceph: stderr
2024-03-07T09:49:42.044+0000 7ffbee59c700 1 --2- >> [v2:172.21.15.18:3300/0,v1:172.21.15.18:6789/0] conn(0x7ffbf0106370 0x7ffbf0106790 unknown :-1 s=HELLO_CONNECTING pgs=0 cs=0 l=0 rev1=1 crypto rx=0 tx=0 comp rx=0 tx=0).handle_hello peer v2:172.21.15.18:3300/0 says I am v2:172.21.15.18:58002/0 (socket says 172.21.15.18:58002)
2024-03-07T09:49:42.904 INFO:teuthology.orchestra.run.smithi018.stdout:/usr/bin/ceph: stderr
2024-03-07T09:49:42.044+0000 7ffbee59c700 1 -- 172.21.15.18:0/568819351 learned_addr learned my addr 172.21.15.18:0/568819351 (peer_addr_for_me v2:172.21.15.18:0/0)
2024-03-07T09:49:42.904 INFO:teuthology.orchestra.run.smithi018.stdout:/usr/bin/ceph: stderr
2024-03-07T09:49:42.044+0000 7ffbee59c700 1 -- 172.21.15.18:0/568819351 --> [v2:172.21.15.18:3300/0,v1:172.21.15.18:6789/0] -- mon_subscribe({config=0+,monmap=0+}) v3 -- 0x7ffbf0106cd0 con 0x7ffbf0106370
2024-03-07T09:49:42.904 INFO:teuthology.orchestra.run.smithi018.stdout:/usr/bin/ceph: stderr
2024-03-07T09:49:42.044+0000 7ffbee59c700 1 --2- 172.21.15.18:0/568819351 >> [v2:172.21.15.18:3300/0,v1:172.21.15.18:6789/0] conn(0x7ffbf0106370 0x7ffbf0106790 secure :-1 s=READY pgs=47 cs=0 l=1 rev1=1 crypto rx=0x7ffbe8009e80 tx=0x7ffbe800b330 comp rx=0 tx=0).ready entity=mon.0 client_cookie=d81b258cdc136feb server_cookie=0 in_seq=0 out_seq=0
2024-03-07T09:49:42.904 INFO:teuthology.orchestra.run.smithi018.stdout:/usr/bin/ceph: stderr
2024-03-07T09:49:42.044+0000 7ffbed59a700 1 -- 172.21.15.18:0/568819351 <== mon.0 v2:172.21.15.18:3300/0 1 ==== mon_map magic: 0 v1 ==== 205+0+0 (secure 0 0 0) 0x7ffbe8017070 con 0x7ffbf0106370
2024-03-07T09:49:42.905 INFO:teuthology.orchestra.run.smithi018.stdout:/usr/bin/ceph: stderr
2024-03-07T09:49:42.044+0000 7ffbed59a700 1 -- 172.21.15.18:0/568819351 <== mon.0 v2:172.21.15.18:3300/0 2 ==== config(27 keys) v1 ==== 1109+0+0 (secure 0 0 0) 0x7ffbe800b8c0 con 0x7ffbf0106370
2024-03-07T09:49:42.905 INFO:teuthology.orchestra.run.smithi018.stdout:/usr/bin/ceph: stderr
2024-03-07T09:49:42.044+0000 7ffbed59a700 1 -- 172.21.15.18:0/568819351 <== mon.0 v2:172.21.15.18:3300/0 3 ==== mon_map magic: 0 v1 ==== 205+0+0 (secure 0 0 0) 0x7ffbe80045c0 con 0x7ffbf0106370
2024-03-07T09:49:42.905 INFO:teuthology.orchestra.run.smithi018.stdout:/usr/bin/ceph: stderr
2024-03-07T09:49:42.045+0000 7ffbf4cf2700 1 -- 172.21.15.18:0/568819351 >> [v2:172.21.15.18:3300/0,v1:172.21.15.18:6789/0] conn(0x7ffbf0106370 msgr2=0x7ffbf0106790 secure :-1 s=STATE_CONNECTION_ESTABLISHED l=1).mark_down
2024-03-07T09:49:42.905 INFO:teuthology.orchestra.run.smithi018.stdout:/usr/bin/ceph: stderr
2024-03-07T09:49:42.045+0000 7ffbf4cf2700 1 --2- 172.21.15.18:0/568819351 >> [v2:172.21.15.18:3300/0,v1:172.21.15.18:6789/0] conn(0x7ffbf0106370 0x7ffbf0106790 secure :-1 s=READY pgs=47 cs=0 l=1 rev1=1 crypto rx=0x7ffbe8009e80 tx=0x7ffbe800b330 comp rx=0 tx=0).stop
2024-03-07T09:49:42.905 INFO:teuthology.orchestra.run.smithi018.stdout:/usr/bin/ceph: stderr
2024-03-07T09:49:42.045+0000 7ffbf4cf2700 1 -- 172.21.15.18:0/568819351 shutdown_connections
2024-03-07T09:49:42.905 INFO:teuthology.orchestra.run.smithi018.stdout:/usr/bin/ceph: stderr
2024-03-07T09:49:42.045+0000 7ffbf4cf2700 1 --2- 172.21.15.18:0/568819351 >> [v2:172.21.15.18:3300/0,v1:172.21.15.18:6789/0] conn(0x7ffbf0106370 0x7ffbf0106790 unknown :-1 s=CLOSED pgs=47 cs=0 l=1 rev1=1 crypto rx=0 tx=0 comp rx=0 tx=0).stop
2024-03-07T09:49:42.906 INFO:teuthology.orchestra.run.smithi018.stdout:/usr/bin/ceph: stderr
2024-03-07T09:49:42.045+0000 7ffbf4cf2700 1 -- 172.21.15.18:0/568819351 >> 172.21.15.18:0/568819351 conn(0x7ffbf0101f70 msgr2=0x7ffbf0104390 unknown :-1 s=STATE_NONE l=0).mark_down
2024-03-07T09:49:42.906 INFO:teuthology.orchestra.run.smithi018.stdout:/usr/bin/ceph: stderr
2024-03-07T09:49:42.045+0000 7ffbf4cf2700 1 -- 172.21.15.18:0/568819351 shutdown_connections
2024-03-07T09:49:42.906 INFO:teuthology.orchestra.run.smithi018.stdout:/usr/bin/ceph: stderr
2024-03-07T09:49:42.045+0000 7ffbf4cf2700 1 -- 172.21.15.18:0/568819351 wait complete.
2024-03-07T09:49:42.906 INFO:teuthology.orchestra.run.smithi018.stdout:/usr/bin/ceph: stderr
2024-03-07T09:49:42.046+0000 7ffbf4cf2700 1 Processor -- start
2024-03-07T09:49:42.906 INFO:teuthology.orchestra.run.smithi018.stdout:/usr/bin/ceph: stderr
2024-03-07T09:49:42.046+0000 7ffbf4cf2700 1 -- start start
2024-03-07T09:49:42.906 INFO:teuthology.orchestra.run.smithi018.stdout:/usr/bin/ceph: stderr
2024-03-07T09:49:42.046+0000 7ffbf4cf2700 1 --2- >> [v2:172.21.15.18:3300/0,v1:172.21.15.18:6789/0] conn(0x7ffbf0106370 0x7ffbf019dc10 unknown :-1 s=NONE pgs=0 cs=0 l=1 rev1=0 crypto rx=0 tx=0 comp rx=0 tx=0).connect
2024-03-07T09:49:42.907 INFO:teuthology.orchestra.run.smithi018.stdout:/usr/bin/ceph: stderr
2024-03-07T09:49:42.046+0000 7ffbf4cf2700 1 -- --> [v2:172.21.15.18:3300/0,v1:172.21.15.18:6789/0] -- mon_getmap magic: 0 v1 -- 0x7ffbf0107d60 con 0x7ffbf0106370
2024-03-07T09:49:42.907 INFO:teuthology.orchestra.run.smithi018.stdout:/usr/bin/ceph: stderr
2024-03-07T09:49:42.046+0000 7ffbee59c700 1 --2- >> [v2:172.21.15.18:3300/0,v1:172.21.15.18:6789/0] conn(0x7ffbf0106370 0x7ffbf019dc10 unknown :-1 s=BANNER_CONNECTING pgs=0 cs=0 l=1 rev1=0 crypto rx=0 tx=0 comp rx=0 tx=0)._handle_peer_banner_payload supported=3 required=0
2024-03-07T09:49:42.907 INFO:teuthology.orchestra.run.smithi018.stdout:/usr/bin/ceph: stderr
2024-03-07T09:49:42.046+0000 7ffbee59c700 1 --2- >> [v2:172.21.15.18:3300/0,v1:172.21.15.18:6789/0] conn(0x7ffbf0106370 0x7ffbf019dc10 unknown :-1 s=HELLO_CONNECTING pgs=0 cs=0 l=1 rev1=1 crypto rx=0 tx=0 comp rx=0 tx=0).handle_hello peer v2:172.21.15.18:3300/0 says I am v2:172.21.15.18:58018/0 (socket says 172.21.15.18:58018)
2024-03-07T09:49:42.907 INFO:teuthology.orchestra.run.smithi018.stdout:/usr/bin/ceph: stderr
2024-03-07T09:49:42.046+0000 7ffbee59c700 1 -- 172.21.15.18:0/488594135 learned_addr learned my addr 172.21.15.18:0/488594135 (peer_addr_for_me v2:172.21.15.18:0/0)
2024-03-07T09:49:42.907 INFO:teuthology.orchestra.run.smithi018.stdout:/usr/bin/ceph: stderr
2024-03-07T09:49:42.047+0000 7ffbee59c700 1 -- 172.21.15.18:0/488594135 --> [v2:172.21.15.18:3300/0,v1:172.21.15.18:6789/0] -- mon_subscribe({config=0+,monmap=0+}) v3 -- 0x7ffbf019e150 con 0x7ffbf0106370
2024-03-07T09:49:42.907 INFO:teuthology.orchestra.run.smithi018.stdout:/usr/bin/ceph: stderr
2024-03-07T09:49:42.047+0000 7ffbee59c700 1 --2- 172.21.15.18:0/488594135 >> [v2:172.21.15.18:3300/0,v1:172.21.15.18:6789/0] conn(0x7ffbf0106370 0x7ffbf019dc10 secure :-1 s=READY pgs=48 cs=0 l=1 rev1=1 crypto rx=0x7ffbe80072a0 tx=0x7ffbe800bd50 comp rx=0 tx=0).ready entity=mon.0 client_cookie=0 server_cookie=0 in_seq=0 out_seq=0
2024-03-07T09:49:42.908 INFO:teuthology.orchestra.run.smithi018.stdout:/usr/bin/ceph: stderr
2024-03-07T09:49:42.047+0000 7ffbe77fe700 1 -- 172.21.15.18:0/488594135 <== mon.0 v2:172.21.15.18:3300/0 1 ==== mon_map magic: 0 v1 ==== 205+0+0 (secure 0 0 0) 0x7ffbe8020020 con 0x7ffbf0106370
2024-03-07T09:49:42.908 INFO:teuthology.orchestra.run.smithi018.stdout:/usr/bin/ceph: stderr
2024-03-07T09:49:42.047+0000 7ffbe77fe700 1 -- 172.21.15.18:0/488594135 <== mon.0 v2:172.21.15.18:3300/0 2 ==== config(27 keys) v1 ==== 1109+0+0 (secure 0 0 0) 0x7ffbe8003b50 con 0x7ffbf0106370
2024-03-07T09:49:42.908 INFO:teuthology.orchestra.run.smithi018.stdout:/usr/bin/ceph: stderr
2024-03-07T09:49:42.047+0000 7ffbf4cf2700 1 -- 172.21.15.18:0/488594135 --> [v2:172.21.15.18:3300/0,v1:172.21.15.18:6789/0] -- mon_subscribe({mgrmap=0+}) v3 -- 0x7ffbf019e3e0 con 0x7ffbf0106370
2024-03-07T09:49:42.908 INFO:teuthology.orchestra.run.smithi018.stdout:/usr/bin/ceph: stderr
2024-03-07T09:49:42.047+0000 7ffbe77fe700 1 -- 172.21.15.18:0/488594135 <== mon.0 v2:172.21.15.18:3300/0 3 ==== mon_map magic: 0 v1 ==== 205+0+0 (secure 0 0 0) 0x7ffbe8017040 con 0x7ffbf0106370
2024-03-07T09:49:42.908 INFO:teuthology.orchestra.run.smithi018.stdout:/usr/bin/ceph: stderr
2024-03-07T09:49:42.047+0000 7ffbf4cf2700 1 -- 172.21.15.18:0/488594135 --> [v2:172.21.15.18:3300/0,v1:172.21.15.18:6789/0] -- mon_subscribe({osdmap=0}) v3 -- 0x7ffbf01a10d0 con 0x7ffbf0106370
2024-03-07T09:49:42.909 INFO:teuthology.orchestra.run.smithi018.stdout:/usr/bin/ceph: stderr
2024-03-07T09:49:42.048+0000 7ffbe77fe700 1 -- 172.21.15.18:0/488594135 <== mon.0 v2:172.21.15.18:3300/0 4 ==== mgrmap(e 8) v1 ==== 45927+0+0 (secure 0 0 0) 0x7ffbe8023020 con 0x7ffbf0106370
2024-03-07T09:49:42.909 INFO:teuthology.orchestra.run.smithi018.stdout:/usr/bin/ceph: stderr
2024-03-07T09:49:42.048+0000 7ffbe77fe700 1 --2- 172.21.15.18:0/488594135 >> [v2:172.21.15.18:6800/2708184648,v1:172.21.15.18:6801/2708184648] conn(0x7ffbdc038b50 0x7ffbdc03b010 unknown :-1 s=NONE pgs=0 cs=0 l=1 rev1=0 crypto rx=0 tx=0 comp rx=0 tx=0).connect
2024-03-07T09:49:42.909 INFO:teuthology.orchestra.run.smithi018.stdout:/usr/bin/ceph: stderr
2024-03-07T09:49:42.048+0000 7ffbe77fe700 1 -- 172.21.15.18:0/488594135 <== mon.0 v2:172.21.15.18:3300/0 5 ==== osd_map(2..2 src has 1..2) v4 ==== 940+0+0 (secure 0 0 0) 0x7ffbe800f050 con 0x7ffbf0106370
2024-03-07T09:49:42.909 INFO:teuthology.orchestra.run.smithi018.stdout:/usr/bin/ceph: stderr
2024-03-07T09:49:42.048+0000 7ffbedd9b700 1 --2- 172.21.15.18:0/488594135 >> [v2:172.21.15.18:6800/2708184648,v1:172.21.15.18:6801/2708184648] conn(0x7ffbdc038b50 0x7ffbdc03b010 unknown :-1 s=BANNER_CONNECTING pgs=0 cs=0 l=1 rev1=0 crypto rx=0 tx=0 comp rx=0 tx=0)._handle_peer_banner_payload supported=3 required=0
2024-03-07T09:49:42.909 INFO:teuthology.orchestra.run.smithi018.stdout:/usr/bin/ceph: stderr
