2024-03-07T09:49:42.048+0000 7ffbf4cf2700 1 -- 172.21.15.18:0/488594135 --> [v2:172.21.15.18:3300/0,v1:172.21.15.18:6789/0] -- mon_command({"prefix": "get_command_descriptions"} v 0) v1 -- 0x7ffbf0063780 con 0x7ffbf0106370
2024-03-07T09:49:42.910 INFO:teuthology.orchestra.run.smithi018.stdout:/usr/bin/ceph: stderr
2024-03-07T09:49:42.049+0000 7ffbedd9b700 1 --2- 172.21.15.18:0/488594135 >> [v2:172.21.15.18:6800/2708184648,v1:172.21.15.18:6801/2708184648] conn(0x7ffbdc038b50 0x7ffbdc03b010 secure :-1 s=READY pgs=12 cs=0 l=1 rev1=1 crypto rx=0x7ffbd8006fd0 tx=0x7ffbd8006e40 comp rx=0 tx=0).ready entity=mgr.14120 client_cookie=0 server_cookie=0 in_seq=0 out_seq=0
2024-03-07T09:49:42.910 INFO:teuthology.orchestra.run.smithi018.stdout:/usr/bin/ceph: stderr
2024-03-07T09:49:42.054+0000 7ffbe77fe700 1 -- 172.21.15.18:0/488594135 <== mon.0 v2:172.21.15.18:3300/0 6 ==== mon_command_ack([{"prefix": "get_command_descriptions"}]=0 v0) v1 ==== 72+0+184932 (secure 0 0 0) 0x7ffbe802a020 con 0x7ffbf0106370
2024-03-07T09:49:42.910 INFO:teuthology.orchestra.run.smithi018.stdout:/usr/bin/ceph: stderr
2024-03-07T09:49:42.279+0000 7ffbf4cf2700 1 -- 172.21.15.18:0/488594135 --> [v2:172.21.15.18:6800/2708184648,v1:172.21.15.18:6801/2708184648] -- mgr_command(tid 0: {"prefix": "orch apply", "service_type": "mon", "unmanaged": true, "target": ["mon-mgr", ""]}) v1 -- 0x7ffbf002dbf0 con 0x7ffbdc038b50
2024-03-07T09:49:42.910 INFO:teuthology.orchestra.run.smithi018.stdout:/usr/bin/ceph: stderr
2024-03-07T09:49:42.284+0000 7ffbe77fe700 1 -- 172.21.15.18:0/488594135 <== mgr.14120 v2:172.21.15.18:6800/2708184648 1 ==== mgr_command_reply(tid 0: 0 ) v1 ==== 8+0+24 (secure 0 0 0) 0x7ffbf002dbf0 con 0x7ffbdc038b50
2024-03-07T09:49:42.910 INFO:teuthology.orchestra.run.smithi018.stdout:/usr/bin/ceph: stderr
2024-03-07T09:49:42.286+0000 7ffbf4cf2700 1 -- 172.21.15.18:0/488594135 >> [v2:172.21.15.18:6800/2708184648,v1:172.21.15.18:6801/2708184648] conn(0x7ffbdc038b50 msgr2=0x7ffbdc03b010 secure :-1 s=STATE_CONNECTION_ESTABLISHED l=1).mark_down
2024-03-07T09:49:42.910 INFO:teuthology.orchestra.run.smithi018.stdout:/usr/bin/ceph: stderr
2024-03-07T09:49:42.286+0000 7ffbf4cf2700 1 --2- 172.21.15.18:0/488594135 >> [v2:172.21.15.18:6800/2708184648,v1:172.21.15.18:6801/2708184648] conn(0x7ffbdc038b50 0x7ffbdc03b010 secure :-1 s=READY pgs=12 cs=0 l=1 rev1=1 crypto rx=0x7ffbd8006fd0 tx=0x7ffbd8006e40 comp rx=0 tx=0).stop
2024-03-07T09:49:42.911 INFO:teuthology.orchestra.run.smithi018.stdout:/usr/bin/ceph: stderr
2024-03-07T09:49:42.286+0000 7ffbf4cf2700 1 -- 172.21.15.18:0/488594135 >> [v2:172.21.15.18:3300/0,v1:172.21.15.18:6789/0] conn(0x7ffbf0106370 msgr2=0x7ffbf019dc10 secure :-1 s=STATE_CONNECTION_ESTABLISHED l=1).mark_down
2024-03-07T09:49:42.911 INFO:teuthology.orchestra.run.smithi018.stdout:/usr/bin/ceph: stderr
2024-03-07T09:49:42.286+0000 7ffbf4cf2700 1 --2- 172.21.15.18:0/488594135 >> [v2:172.21.15.18:3300/0,v1:172.21.15.18:6789/0] conn(0x7ffbf0106370 0x7ffbf019dc10 secure :-1 s=READY pgs=48 cs=0 l=1 rev1=1 crypto rx=0x7ffbe80072a0 tx=0x7ffbe800bd50 comp rx=0 tx=0).stop
2024-03-07T09:49:42.911 INFO:teuthology.orchestra.run.smithi018.stdout:/usr/bin/ceph: stderr
2024-03-07T09:49:42.286+0000 7ffbf4cf2700 1 -- 172.21.15.18:0/488594135 shutdown_connections
2024-03-07T09:49:42.911 INFO:teuthology.orchestra.run.smithi018.stdout:/usr/bin/ceph: stderr
2024-03-07T09:49:42.286+0000 7ffbf4cf2700 1 --2- 172.21.15.18:0/488594135 >> [v2:172.21.15.18:6800/2708184648,v1:172.21.15.18:6801/2708184648] conn(0x7ffbdc038b50 0x7ffbdc03b010 unknown :-1 s=CLOSED pgs=12 cs=0 l=1 rev1=1 crypto rx=0 tx=0 comp rx=0 tx=0).stop
2024-03-07T09:49:42.911 INFO:teuthology.orchestra.run.smithi018.stdout:/usr/bin/ceph: stderr
2024-03-07T09:49:42.286+0000 7ffbf4cf2700 1 --2- 172.21.15.18:0/488594135 >> [v2:172.21.15.18:3300/0,v1:172.21.15.18:6789/0] conn(0x7ffbf0106370 0x7ffbf019dc10 unknown :-1 s=CLOSED pgs=48 cs=0 l=1 rev1=1 crypto rx=0 tx=0 comp rx=0 tx=0).stop
2024-03-07T09:49:42.911 INFO:teuthology.orchestra.run.smithi018.stdout:/usr/bin/ceph: stderr
2024-03-07T09:49:42.286+0000 7ffbf4cf2700 1 -- 172.21.15.18:0/488594135 >> 172.21.15.18:0/488594135 conn(0x7ffbf0101f70 msgr2=0x7ffbf0194880 unknown :-1 s=STATE_NONE l=0).mark_down
2024-03-07T09:49:42.912 INFO:teuthology.orchestra.run.smithi018.stdout:/usr/bin/ceph: stderr
2024-03-07T09:49:42.286+0000 7ffbf4cf2700 1 -- 172.21.15.18:0/488594135 shutdown_connections
2024-03-07T09:49:42.912 INFO:teuthology.orchestra.run.smithi018.stdout:/usr/bin/ceph: stderr
2024-03-07T09:49:42.286+0000 7ffbf4cf2700 1 -- 172.21.15.18:0/488594135 wait complete.
2024-03-07T09:49:42.912 INFO:teuthology.orchestra.run.smithi018.stdout:Deploying unmanaged mgr service...
2024-03-07T09:49:43.441 INFO:journalctl@ceph.mon.a.smithi018.stdout:Mar 07 09:49:43 smithi018 ceph-mon[32171]: from='client.14142 -' entity='client.admin' cmd=[{"prefix": "orch apply", "service_type": "mon", "unmanaged": true, "target": ["mon-mgr", ""]}]: dispatch
2024-03-07T09:49:43.441 INFO:journalctl@ceph.mon.a.smithi018.stdout:Mar 07 09:49:43 smithi018 ceph-mon[32171]: Saving service mon spec with placement count:5
2024-03-07T09:49:43.442 INFO:journalctl@ceph.mon.a.smithi018.stdout:Mar 07 09:49:43 smithi018 ceph-mon[32171]: from='mgr.14120 172.21.15.18:0/2468121734' entity='mgr.x'
2024-03-07T09:49:44.290 INFO:teuthology.orchestra.run.smithi018.stdout:/usr/bin/ceph: stdout Scheduled mgr update...
2024-03-07T09:49:44.290 INFO:teuthology.orchestra.run.smithi018.stdout:/usr/bin/ceph: stderr
2024-03-07T09:49:43.356+0000 7faf4b291700 1 Processor -- start
2024-03-07T09:49:44.290 INFO:teuthology.orchestra.run.smithi018.stdout:/usr/bin/ceph: stderr
2024-03-07T09:49:43.356+0000 7faf4b291700 1 -- start start
2024-03-07T09:49:44.290 INFO:teuthology.orchestra.run.smithi018.stdout:/usr/bin/ceph: stderr
2024-03-07T09:49:43.356+0000 7faf4b291700 1 --2- >> [v2:172.21.15.18:3300/0,v1:172.21.15.18:6789/0] conn(0x7faf44106310 0x7faf44106730 unknown :-1 s=NONE pgs=0 cs=0 l=0 rev1=0 crypto rx=0 tx=0 comp rx=0 tx=0).connect
2024-03-07T09:49:44.290 INFO:teuthology.orchestra.run.smithi018.stdout:/usr/bin/ceph: stderr
2024-03-07T09:49:43.356+0000 7faf4b291700 1 -- --> [v2:172.21.15.18:3300/0,v1:172.21.15.18:6789/0] -- mon_getmap magic: 0 v1 -- 0x7faf4407be70 con 0x7faf44106310
2024-03-07T09:49:44.290 INFO:teuthology.orchestra.run.smithi018.stdout:/usr/bin/ceph: stderr
2024-03-07T09:49:43.356+0000 7faf4902d700 1 --2- >> [v2:172.21.15.18:3300/0,v1:172.21.15.18:6789/0] conn(0x7faf44106310 0x7faf44106730 unknown :-1 s=BANNER_CONNECTING pgs=0 cs=0 l=0 rev1=0 crypto rx=0 tx=0 comp rx=0 tx=0)._handle_peer_banner_payload supported=3 required=0
2024-03-07T09:49:44.290 INFO:teuthology.orchestra.run.smithi018.stdout:/usr/bin/ceph: stderr
2024-03-07T09:49:43.356+0000 7faf4902d700 1 --2- >> [v2:172.21.15.18:3300/0,v1:172.21.15.18:6789/0] conn(0x7faf44106310 0x7faf44106730 unknown :-1 s=HELLO_CONNECTING pgs=0 cs=0 l=0 rev1=1 crypto rx=0 tx=0 comp rx=0 tx=0).handle_hello peer v2:172.21.15.18:3300/0 says I am v2:172.21.15.18:58030/0 (socket says 172.21.15.18:58030)
2024-03-07T09:49:44.290 INFO:teuthology.orchestra.run.smithi018.stdout:/usr/bin/ceph: stderr
2024-03-07T09:49:43.356+0000 7faf4902d700 1 -- 172.21.15.18:0/1488478080 learned_addr learned my addr 172.21.15.18:0/1488478080 (peer_addr_for_me v2:172.21.15.18:0/0)
2024-03-07T09:49:44.290 INFO:teuthology.orchestra.run.smithi018.stdout:/usr/bin/ceph: stderr
2024-03-07T09:49:43.357+0000 7faf4902d700 1 -- 172.21.15.18:0/1488478080 --> [v2:172.21.15.18:3300/0,v1:172.21.15.18:6789/0] -- mon_subscribe({config=0+,monmap=0+}) v3 -- 0x7faf44106c70 con 0x7faf44106310
2024-03-07T09:49:44.290 INFO:teuthology.orchestra.run.smithi018.stdout:/usr/bin/ceph: stderr
2024-03-07T09:49:43.357+0000 7faf4902d700 1 --2- 172.21.15.18:0/1488478080 >> [v2:172.21.15.18:3300/0,v1:172.21.15.18:6789/0] conn(0x7faf44106310 0x7faf44106730 secure :-1 s=READY pgs=49 cs=0 l=1 rev1=1 crypto rx=0x7faf380098a0 tx=0x7faf38009bb0 comp rx=0 tx=0).ready entity=mon.0 client_cookie=3be67f5143c842cd server_cookie=0 in_seq=0 out_seq=0
2024-03-07T09:49:44.291 INFO:teuthology.orchestra.run.smithi018.stdout:/usr/bin/ceph: stderr
2024-03-07T09:49:43.357+0000 7faf37fff700 1 -- 172.21.15.18:0/1488478080 <== mon.0 v2:172.21.15.18:3300/0 1 ==== mon_map magic: 0 v1 ==== 205+0+0 (secure 0 0 0) 0x7faf38004160 con 0x7faf44106310
2024-03-07T09:49:44.291 INFO:teuthology.orchestra.run.smithi018.stdout:/usr/bin/ceph: stderr
2024-03-07T09:49:43.357+0000 7faf37fff700 1 -- 172.21.15.18:0/1488478080 <== mon.0 v2:172.21.15.18:3300/0 2 ==== config(27 keys) v1 ==== 1109+0+0 (secure 0 0 0) 0x7faf38004300 con 0x7faf44106310
2024-03-07T09:49:44.291 INFO:teuthology.orchestra.run.smithi018.stdout:/usr/bin/ceph: stderr
2024-03-07T09:49:43.357+0000 7faf37fff700 1 -- 172.21.15.18:0/1488478080 <== mon.0 v2:172.21.15.18:3300/0 3 ==== mon_map magic: 0 v1 ==== 205+0+0 (secure 0 0 0) 0x7faf38011b50 con 0x7faf44106310
2024-03-07T09:49:44.291 INFO:teuthology.orchestra.run.smithi018.stdout:/usr/bin/ceph: stderr
2024-03-07T09:49:43.357+0000 7faf4b291700 1 -- 172.21.15.18:0/1488478080 >> [v2:172.21.15.18:3300/0,v1:172.21.15.18:6789/0] conn(0x7faf44106310 msgr2=0x7faf44106730 secure :-1 s=STATE_CONNECTION_ESTABLISHED l=1).mark_down
2024-03-07T09:49:44.291 INFO:teuthology.orchestra.run.smithi018.stdout:/usr/bin/ceph: stderr
2024-03-07T09:49:43.357+0000 7faf4b291700 1 --2- 172.21.15.18:0/1488478080 >> [v2:172.21.15.18:3300/0,v1:172.21.15.18:6789/0] conn(0x7faf44106310 0x7faf44106730 secure :-1 s=READY pgs=49 cs=0 l=1 rev1=1 crypto rx=0x7faf380098a0 tx=0x7faf38009bb0 comp rx=0 tx=0).stop
2024-03-07T09:49:44.291 INFO:teuthology.orchestra.run.smithi018.stdout:/usr/bin/ceph: stderr
2024-03-07T09:49:43.357+0000 7faf4b291700 1 -- 172.21.15.18:0/1488478080 shutdown_connections
2024-03-07T09:49:44.291 INFO:teuthology.orchestra.run.smithi018.stdout:/usr/bin/ceph: stderr
2024-03-07T09:49:43.357+0000 7faf4b291700 1 --2- 172.21.15.18:0/1488478080 >> [v2:172.21.15.18:3300/0,v1:172.21.15.18:6789/0] conn(0x7faf44106310 0x7faf44106730 unknown :-1 s=CLOSED pgs=49 cs=0 l=1 rev1=1 crypto rx=0 tx=0 comp rx=0 tx=0).stop
2024-03-07T09:49:44.291 INFO:teuthology.orchestra.run.smithi018.stdout:/usr/bin/ceph: stderr
2024-03-07T09:49:43.357+0000 7faf4b291700 1 -- 172.21.15.18:0/1488478080 >> 172.21.15.18:0/1488478080 conn(0x7faf44101f70 msgr2=0x7faf44104390 unknown :-1 s=STATE_NONE l=0).mark_down
2024-03-07T09:49:44.291 INFO:teuthology.orchestra.run.smithi018.stdout:/usr/bin/ceph: stderr
2024-03-07T09:49:43.358+0000 7faf4b291700 1 -- 172.21.15.18:0/1488478080 shutdown_connections
2024-03-07T09:49:44.291 INFO:teuthology.orchestra.run.smithi018.stdout:/usr/bin/ceph: stderr
2024-03-07T09:49:43.358+0000 7faf4b291700 1 -- 172.21.15.18:0/1488478080 wait complete.
2024-03-07T09:49:44.291 INFO:teuthology.orchestra.run.smithi018.stdout:/usr/bin/ceph: stderr
2024-03-07T09:49:43.358+0000 7faf4b291700 1 Processor -- start
2024-03-07T09:49:44.291 INFO:teuthology.orchestra.run.smithi018.stdout:/usr/bin/ceph: stderr
2024-03-07T09:49:43.358+0000 7faf4b291700 1 -- start start
2024-03-07T09:49:44.291 INFO:teuthology.orchestra.run.smithi018.stdout:/usr/bin/ceph: stderr
2024-03-07T09:49:43.358+0000 7faf4b291700 1 --2- >> [v2:172.21.15.18:3300/0,v1:172.21.15.18:6789/0] conn(0x7faf44106310 0x7faf4419dc10 unknown :-1 s=NONE pgs=0 cs=0 l=1 rev1=0 crypto rx=0 tx=0 comp rx=0 tx=0).connect
2024-03-07T09:49:44.291 INFO:teuthology.orchestra.run.smithi018.stdout:/usr/bin/ceph: stderr
2024-03-07T09:49:43.358+0000 7faf4b291700 1 -- --> [v2:172.21.15.18:3300/0,v1:172.21.15.18:6789/0] -- mon_getmap magic: 0 v1 -- 0x7faf44107d00 con 0x7faf44106310
2024-03-07T09:49:44.291 INFO:teuthology.orchestra.run.smithi018.stdout:/usr/bin/ceph: stderr
2024-03-07T09:49:43.358+0000 7faf4902d700 1 --2- >> [v2:172.21.15.18:3300/0,v1:172.21.15.18:6789/0] conn(0x7faf44106310 0x7faf4419dc10 unknown :-1 s=BANNER_CONNECTING pgs=0 cs=0 l=1 rev1=0 crypto rx=0 tx=0 comp rx=0 tx=0)._handle_peer_banner_payload supported=3 required=0
2024-03-07T09:49:44.292 INFO:teuthology.orchestra.run.smithi018.stdout:/usr/bin/ceph: stderr
2024-03-07T09:49:43.358+0000 7faf4902d700 1 --2- >> [v2:172.21.15.18:3300/0,v1:172.21.15.18:6789/0] conn(0x7faf44106310 0x7faf4419dc10 unknown :-1 s=HELLO_CONNECTING pgs=0 cs=0 l=1 rev1=1 crypto rx=0 tx=0 comp rx=0 tx=0).handle_hello peer v2:172.21.15.18:3300/0 says I am v2:172.21.15.18:58038/0 (socket says 172.21.15.18:58038)
2024-03-07T09:49:44.292 INFO:teuthology.orchestra.run.smithi018.stdout:/usr/bin/ceph: stderr
2024-03-07T09:49:43.358+0000 7faf4902d700 1 -- 172.21.15.18:0/3093703241 learned_addr learned my addr 172.21.15.18:0/3093703241 (peer_addr_for_me v2:172.21.15.18:0/0)
2024-03-07T09:49:44.292 INFO:teuthology.orchestra.run.smithi018.stdout:/usr/bin/ceph: stderr
2024-03-07T09:49:43.359+0000 7faf4902d700 1 -- 172.21.15.18:0/3093703241 --> [v2:172.21.15.18:3300/0,v1:172.21.15.18:6789/0] -- mon_subscribe({config=0+,monmap=0+}) v3 -- 0x7faf4419e150 con 0x7faf44106310
2024-03-07T09:49:44.292 INFO:teuthology.orchestra.run.smithi018.stdout:/usr/bin/ceph: stderr
2024-03-07T09:49:43.359+0000 7faf4902d700 1 --2- 172.21.15.18:0/3093703241 >> [v2:172.21.15.18:3300/0,v1:172.21.15.18:6789/0] conn(0x7faf44106310 0x7faf4419dc10 secure :-1 s=READY pgs=50 cs=0 l=1 rev1=1 crypto rx=0x7faf38011670 tx=0x7faf38011b60 comp rx=0 tx=0).ready entity=mon.0 client_cookie=0 server_cookie=0 in_seq=0 out_seq=0
2024-03-07T09:49:44.292 INFO:teuthology.orchestra.run.smithi018.stdout:/usr/bin/ceph: stderr
2024-03-07T09:49:43.359+0000 7faf367fc700 1 -- 172.21.15.18:0/3093703241 <== mon.0 v2:172.21.15.18:3300/0 1 ==== mon_map magic: 0 v1 ==== 205+0+0 (secure 0 0 0) 0x7faf380039c0 con 0x7faf44106310
2024-03-07T09:49:44.292 INFO:teuthology.orchestra.run.smithi018.stdout:/usr/bin/ceph: stderr
2024-03-07T09:49:43.359+0000 7faf367fc700 1 -- 172.21.15.18:0/3093703241 <== mon.0 v2:172.21.15.18:3300/0 2 ==== config(27 keys) v1 ==== 1109+0+0 (secure 0 0 0) 0x7faf38011e50 con 0x7faf44106310
2024-03-07T09:49:44.292 INFO:teuthology.orchestra.run.smithi018.stdout:/usr/bin/ceph: stderr
2024-03-07T09:49:43.359+0000 7faf4b291700 1 -- 172.21.15.18:0/3093703241 --> [v2:172.21.15.18:3300/0,v1:172.21.15.18:6789/0] -- mon_subscribe({mgrmap=0+}) v3 -- 0x7faf4419e3e0 con 0x7faf44106310
2024-03-07T09:49:44.292 INFO:teuthology.orchestra.run.smithi018.stdout:/usr/bin/ceph: stderr
2024-03-07T09:49:43.359+0000 7faf367fc700 1 -- 172.21.15.18:0/3093703241 <== mon.0 v2:172.21.15.18:3300/0 3 ==== mon_map magic: 0 v1 ==== 205+0+0 (secure 0 0 0) 0x7faf3801a5c0 con 0x7faf44106310
2024-03-07T09:49:44.293 INFO:teuthology.orchestra.run.smithi018.stdout:/usr/bin/ceph: stderr
2024-03-07T09:49:43.359+0000 7faf4b291700 1 -- 172.21.15.18:0/3093703241 --> [v2:172.21.15.18:3300/0,v1:172.21.15.18:6789/0] -- mon_subscribe({osdmap=0}) v3 -- 0x7faf441a10d0 con 0x7faf44106310
2024-03-07T09:49:44.293 INFO:teuthology.orchestra.run.smithi018.stdout:/usr/bin/ceph: stderr
2024-03-07T09:49:43.360+0000 7faf367fc700 1 -- 172.21.15.18:0/3093703241 <== mon.0 v2:172.21.15.18:3300/0 4 ==== mgrmap(e 8) v1 ==== 45927+0+0 (secure 0 0 0) 0x7faf3801a870 con 0x7faf44106310
2024-03-07T09:49:44.293 INFO:teuthology.orchestra.run.smithi018.stdout:/usr/bin/ceph: stderr
2024-03-07T09:49:43.360+0000 7faf4b291700 1 -- 172.21.15.18:0/3093703241 --> [v2:172.21.15.18:3300/0,v1:172.21.15.18:6789/0] -- mon_command({"prefix": "get_command_descriptions"} v 0) v1 -- 0x7faf44063780 con 0x7faf44106310
2024-03-07T09:49:44.293 INFO:teuthology.orchestra.run.smithi018.stdout:/usr/bin/ceph: stderr
2024-03-07T09:49:43.360+0000 7faf367fc700 1 --2- 172.21.15.18:0/3093703241 >> [v2:172.21.15.18:6800/2708184648,v1:172.21.15.18:6801/2708184648] conn(0x7faf30038ba0 0x7faf3003b060 unknown :-1 s=NONE pgs=0 cs=0 l=1 rev1=0 crypto rx=0 tx=0 comp rx=0 tx=0).connect
2024-03-07T09:49:44.293 INFO:teuthology.orchestra.run.smithi018.stdout:/usr/bin/ceph: stderr
2024-03-07T09:49:43.360+0000 7faf367fc700 1 -- 172.21.15.18:0/3093703241 <== mon.0 v2:172.21.15.18:3300/0 5 ==== osd_map(2..2 src has 1..2) v4 ==== 940+0+0 (secure 0 0 0) 0x7faf3804ce90 con 0x7faf44106310
2024-03-07T09:49:44.293 INFO:teuthology.orchestra.run.smithi018.stdout:/usr/bin/ceph: stderr
2024-03-07T09:49:43.360+0000 7faf4882c700 1 --2- 172.21.15.18:0/3093703241 >> [v2:172.21.15.18:6800/2708184648,v1:172.21.15.18:6801/2708184648] conn(0x7faf30038ba0 0x7faf3003b060 unknown :-1 s=BANNER_CONNECTING pgs=0 cs=0 l=1 rev1=0 crypto rx=0 tx=0 comp rx=0 tx=0)._handle_peer_banner_payload supported=3 required=0
2024-03-07T09:49:44.293 INFO:teuthology.orchestra.run.smithi018.stdout:/usr/bin/ceph: stderr
2024-03-07T09:49:43.361+0000 7faf4882c700 1 --2- 172.21.15.18:0/3093703241 >> [v2:172.21.15.18:6800/2708184648,v1:172.21.15.18:6801/2708184648] conn(0x7faf30038ba0 0x7faf3003b060 secure :-1 s=READY pgs=13 cs=0 l=1 rev1=1 crypto rx=0x7faf40006fd0 tx=0x7faf40006e40 comp rx=0 tx=0).ready entity=mgr.14120 client_cookie=0 server_cookie=0 in_seq=0 out_seq=0
2024-03-07T09:49:44.293 INFO:teuthology.orchestra.run.smithi018.stdout:/usr/bin/ceph: stderr
2024-03-07T09:49:43.365+0000 7faf367fc700 1 -- 172.21.15.18:0/3093703241 <== mon.0 v2:172.21.15.18:3300/0 6 ==== mon_command_ack([{"prefix": "get_command_descriptions"}]=0 v0) v1 ==== 72+0+184932 (secure 0 0 0) 0x7faf38019c70 con 0x7faf44106310
2024-03-07T09:49:44.293 INFO:teuthology.orchestra.run.smithi018.stdout:/usr/bin/ceph: stderr
2024-03-07T09:49:43.588+0000 7faf4b291700 1 -- 172.21.15.18:0/3093703241 --> [v2:172.21.15.18:6800/2708184648,v1:172.21.15.18:6801/2708184648] -- mgr_command(tid 0: {"prefix": "orch apply", "service_type": "mgr", "unmanaged": true, "target": ["mon-mgr", ""]}) v1 -- 0x7faf440008d0 con 0x7faf30038ba0
2024-03-07T09:49:44.293 INFO:teuthology.orchestra.run.smithi018.stdout:/usr/bin/ceph: stderr
2024-03-07T09:49:43.592+0000 7faf367fc700 1 -- 172.21.15.18:0/3093703241 <== mgr.14120 v2:172.21.15.18:6800/2708184648 1 ==== mgr_command_reply(tid 0: 0 ) v1 ==== 8+0+24 (secure 0 0 0) 0x7faf440008d0 con 0x7faf30038ba0
2024-03-07T09:49:44.293 INFO:teuthology.orchestra.run.smithi018.stdout:/usr/bin/ceph: stderr
2024-03-07T09:49:43.594+0000 7faf4b291700 1 -- 172.21.15.18:0/3093703241 >> [v2:172.21.15.18:6800/2708184648,v1:172.21.15.18:6801/2708184648] conn(0x7faf30038ba0 msgr2=0x7faf3003b060 secure :-1 s=STATE_CONNECTION_ESTABLISHED l=1).mark_down
2024-03-07T09:49:44.293 INFO:teuthology.orchestra.run.smithi018.stdout:/usr/bin/ceph: stderr
2024-03-07T09:49:43.594+0000 7faf4b291700 1 --2- 172.21.15.18:0/3093703241 >> [v2:172.21.15.18:6800/2708184648,v1:172.21.15.18:6801/2708184648] conn(0x7faf30038ba0 0x7faf3003b060 secure :-1 s=READY pgs=13 cs=0 l=1 rev1=1 crypto rx=0x7faf40006fd0 tx=0x7faf40006e40 comp rx=0 tx=0).stop
2024-03-07T09:49:44.293 INFO:teuthology.orchestra.run.smithi018.stdout:/usr/bin/ceph: stderr
2024-03-07T09:49:43.594+0000 7faf4b291700 1 -- 172.21.15.18:0/3093703241 >> [v2:172.21.15.18:3300/0,v1:172.21.15.18:6789/0] conn(0x7faf44106310 msgr2=0x7faf4419dc10 secure :-1 s=STATE_CONNECTION_ESTABLISHED l=1).mark_down
2024-03-07T09:49:44.294 INFO:teuthology.orchestra.run.smithi018.stdout:/usr/bin/ceph: stderr
2024-03-07T09:49:43.594+0000 7faf4b291700 1 --2- 172.21.15.18:0/3093703241 >> [v2:172.21.15.18:3300/0,v1:172.21.15.18:6789/0] conn(0x7faf44106310 0x7faf4419dc10 secure :-1 s=READY pgs=50 cs=0 l=1 rev1=1 crypto rx=0x7faf38011670 tx=0x7faf38011b60 comp rx=0 tx=0).stop
2024-03-07T09:49:44.294 INFO:teuthology.orchestra.run.smithi018.stdout:/usr/bin/ceph: stderr
2024-03-07T09:49:43.594+0000 7faf4b291700 1 -- 172.21.15.18:0/3093703241 shutdown_connections
2024-03-07T09:49:44.294 INFO:teuthology.orchestra.run.smithi018.stdout:/usr/bin/ceph: stderr
2024-03-07T09:49:43.594+0000 7faf4b291700 1 --2- 172.21.15.18:0/3093703241 >> [v2:172.21.15.18:6800/2708184648,v1:172.21.15.18:6801/2708184648] conn(0x7faf30038ba0 0x7faf3003b060 unknown :-1 s=CLOSED pgs=13 cs=0 l=1 rev1=1 crypto rx=0 tx=0 comp rx=0 tx=0).stop
2024-03-07T09:49:44.294 INFO:teuthology.orchestra.run.smithi018.stdout:/usr/bin/ceph: stderr
2024-03-07T09:49:43.594+0000 7faf4b291700 1 --2- 172.21.15.18:0/3093703241 >> [v2:172.21.15.18:3300/0,v1:172.21.15.18:6789/0] conn(0x7faf44106310 0x7faf4419dc10 unknown :-1 s=CLOSED pgs=50 cs=0 l=1 rev1=1 crypto rx=0 tx=0 comp rx=0 tx=0).stop
2024-03-07T09:49:44.294 INFO:teuthology.orchestra.run.smithi018.stdout:/usr/bin/ceph: stderr
2024-03-07T09:49:43.594+0000 7faf4b291700 1 -- 172.21.15.18:0/3093703241 >> 172.21.15.18:0/3093703241 conn(0x7faf44101f70 msgr2=0x7faf44194870 unknown :-1 s=STATE_NONE l=0).mark_down
2024-03-07T09:49:44.294 INFO:teuthology.orchestra.run.smithi018.stdout:/usr/bin/ceph: stderr
2024-03-07T09:49:43.594+0000 7faf4b291700 1 -- 172.21.15.18:0/3093703241 shutdown_connections
2024-03-07T09:49:44.294 INFO:teuthology.orchestra.run.smithi018.stdout:/usr/bin/ceph: stderr
2024-03-07T09:49:43.594+0000 7faf4b291700 1 -- 172.21.15.18:0/3093703241 wait complete.
2024-03-07T09:49:44.841 INFO:journalctl@ceph.mon.a.smithi018.stdout:Mar 07 09:49:44 smithi018 ceph-mon[32171]: from='client.14144 -' entity='client.admin' cmd=[{"prefix": "orch apply", "service_type": "mgr", "unmanaged": true, "target": ["mon-mgr", ""]}]: dispatch
2024-03-07T09:49:44.842 INFO:journalctl@ceph.mon.a.smithi018.stdout:Mar 07 09:49:44 smithi018 ceph-mon[32171]: Saving service mgr spec with placement count:2
2024-03-07T09:49:44.842 INFO:journalctl@ceph.mon.a.smithi018.stdout:Mar 07 09:49:44 smithi018 ceph-mon[32171]: from='mgr.14120 172.21.15.18:0/2468121734' entity='mgr.x'
2024-03-07T09:49:45.808 INFO:teuthology.orchestra.run.smithi018.stdout:/usr/bin/ceph: stderr
2024-03-07T09:49:44.898+0000 7fc0e1ef6700 1 Processor -- start
2024-03-07T09:49:45.808 INFO:teuthology.orchestra.run.smithi018.stdout:/usr/bin/ceph: stderr
2024-03-07T09:49:44.898+0000 7fc0e1ef6700 1 -- start start
2024-03-07T09:49:45.808 INFO:teuthology.orchestra.run.smithi018.stdout:/usr/bin/ceph: stderr
2024-03-07T09:49:44.898+0000 7fc0e1ef6700 1 --2- >> [v2:172.21.15.18:3300/0,v1:172.21.15.18:6789/0] conn(0x7fc0dc108590 0x7fc0dc10a980 unknown :-1 s=NONE pgs=0 cs=0 l=0 rev1=0 crypto rx=0 tx=0 comp rx=0 tx=0).connect
2024-03-07T09:49:45.808 INFO:teuthology.orchestra.run.smithi018.stdout:/usr/bin/ceph: stderr
2024-03-07T09:49:44.898+0000 7fc0e1ef6700 1 -- --> [v2:172.21.15.18:3300/0,v1:172.21.15.18:6789/0] -- mon_getmap magic: 0 v1 -- 0x7fc0dc07be10 con 0x7fc0dc108590
2024-03-07T09:49:45.808 INFO:teuthology.orchestra.run.smithi018.stdout:/usr/bin/ceph: stderr
2024-03-07T09:49:44.899+0000 7fc0db7fe700 1 --2- >> [v2:172.21.15.18:3300/0,v1:172.21.15.18:6789/0] conn(0x7fc0dc108590 0x7fc0dc10a980 unknown :-1 s=BANNER_CONNECTING pgs=0 cs=0 l=0 rev1=0 crypto rx=0 tx=0 comp rx=0 tx=0)._handle_peer_banner_payload supported=3 required=0
2024-03-07T09:49:45.808 INFO:teuthology.orchestra.run.smithi018.stdout:/usr/bin/ceph: stderr
2024-03-07T09:49:44.899+0000 7fc0db7fe700 1 --2- >> [v2:172.21.15.18:3300/0,v1:172.21.15.18:6789/0] conn(0x7fc0dc108590 0x7fc0dc10a980 unknown :-1 s=HELLO_CONNECTING pgs=0 cs=0 l=0 rev1=1 crypto rx=0 tx=0 comp rx=0 tx=0).handle_hello peer v2:172.21.15.18:3300/0 says I am v2:172.21.15.18:58048/0 (socket says 172.21.15.18:58048)
2024-03-07T09:49:45.808 INFO:teuthology.orchestra.run.smithi018.stdout:/usr/bin/ceph: stderr
2024-03-07T09:49:44.899+0000 7fc0db7fe700 1 -- 172.21.15.18:0/2489421847 learned_addr learned my addr 172.21.15.18:0/2489421847 (peer_addr_for_me v2:172.21.15.18:0/0)
2024-03-07T09:49:45.808 INFO:teuthology.orchestra.run.smithi018.stdout:/usr/bin/ceph: stderr
2024-03-07T09:49:44.899+0000 7fc0db7fe700 1 -- 172.21.15.18:0/2489421847 --> [v2:172.21.15.18:3300/0,v1:172.21.15.18:6789/0] -- mon_subscribe({config=0+,monmap=0+}) v3 -- 0x7fc0dc10aec0 con 0x7fc0dc108590
2024-03-07T09:49:45.808 INFO:teuthology.orchestra.run.smithi018.stdout:/usr/bin/ceph: stderr
2024-03-07T09:49:44.899+0000 7fc0db7fe700 1 --2- 172.21.15.18:0/2489421847 >> [v2:172.21.15.18:3300/0,v1:172.21.15.18:6789/0] conn(0x7fc0dc108590 0x7fc0dc10a980 secure :-1 s=READY pgs=51 cs=0 l=1 rev1=1 crypto rx=0x7fc0cc009e80 tx=0x7fc0cc00b330 comp rx=0 tx=0).ready entity=mon.0 client_cookie=f072074f5ab79441 server_cookie=0 in_seq=0 out_seq=0
2024-03-07T09:49:45.808 INFO:teuthology.orchestra.run.smithi018.stdout:/usr/bin/ceph: stderr
2024-03-07T09:49:44.899+0000 7fc0da7fc700 1 -- 172.21.15.18:0/2489421847 <== mon.0 v2:172.21.15.18:3300/0 1 ==== mon_map magic: 0 v1 ==== 205+0+0 (secure 0 0 0) 0x7fc0cc017070 con 0x7fc0dc108590
2024-03-07T09:49:45.809 INFO:teuthology.orchestra.run.smithi018.stdout:/usr/bin/ceph: stderr
2024-03-07T09:49:44.899+0000 7fc0da7fc700 1 -- 172.21.15.18:0/2489421847 <== mon.0 v2:172.21.15.18:3300/0 2 ==== config(27 keys) v1 ==== 1109+0+0 (secure 0 0 0) 0x7fc0cc00b8c0 con 0x7fc0dc108590
2024-03-07T09:49:45.809 INFO:teuthology.orchestra.run.smithi018.stdout:/usr/bin/ceph: stderr
2024-03-07T09:49:44.899+0000 7fc0da7fc700 1 -- 172.21.15.18:0/2489421847 <== mon.0 v2:172.21.15.18:3300/0 3 ==== mon_map magic: 0 v1 ==== 205+0+0 (secure 0 0 0) 0x7fc0cc0045c0 con 0x7fc0dc108590
2024-03-07T09:49:45.809 INFO:teuthology.orchestra.run.smithi018.stdout:/usr/bin/ceph: stderr
2024-03-07T09:49:44.900+0000 7fc0e1ef6700 1 -- 172.21.15.18:0/2489421847 >> [v2:172.21.15.18:3300/0,v1:172.21.15.18:6789/0] conn(0x7fc0dc108590 msgr2=0x7fc0dc10a980 secure :-1 s=STATE_CONNECTION_ESTABLISHED l=1).mark_down
2024-03-07T09:49:45.809 INFO:teuthology.orchestra.run.smithi018.stdout:/usr/bin/ceph: stderr
2024-03-07T09:49:44.900+0000 7fc0e1ef6700 1 --2- 172.21.15.18:0/2489421847 >> [v2:172.21.15.18:3300/0,v1:172.21.15.18:6789/0] conn(0x7fc0dc108590 0x7fc0dc10a980 secure :-1 s=READY pgs=51 cs=0 l=1 rev1=1 crypto rx=0x7fc0cc009e80 tx=0x7fc0cc00b330 comp rx=0 tx=0).stop
2024-03-07T09:49:45.809 INFO:teuthology.orchestra.run.smithi018.stdout:/usr/bin/ceph: stderr
2024-03-07T09:49:44.900+0000 7fc0e1ef6700 1 -- 172.21.15.18:0/2489421847 shutdown_connections
2024-03-07T09:49:45.809 INFO:teuthology.orchestra.run.smithi018.stdout:/usr/bin/ceph: stderr
2024-03-07T09:49:44.900+0000 7fc0e1ef6700 1 --2- 172.21.15.18:0/2489421847 >> [v2:172.21.15.18:3300/0,v1:172.21.15.18:6789/0] conn(0x7fc0dc108590 0x7fc0dc10a980 unknown :-1 s=CLOSED pgs=51 cs=0 l=1 rev1=1 crypto rx=0 tx=0 comp rx=0 tx=0).stop
2024-03-07T09:49:45.809 INFO:teuthology.orchestra.run.smithi018.stdout:/usr/bin/ceph: stderr
2024-03-07T09:49:44.900+0000 7fc0e1ef6700 1 -- 172.21.15.18:0/2489421847 >> 172.21.15.18:0/2489421847 conn(0x7fc0dc101fa0 msgr2=0x7fc0dc1043c0 unknown :-1 s=STATE_NONE l=0).mark_down
2024-03-07T09:49:45.809 INFO:teuthology.orchestra.run.smithi018.stdout:/usr/bin/ceph: stderr
2024-03-07T09:49:44.900+0000 7fc0e1ef6700 1 -- 172.21.15.18:0/2489421847 shutdown_connections
2024-03-07T09:49:45.809 INFO:teuthology.orchestra.run.smithi018.stdout:/usr/bin/ceph: stderr
2024-03-07T09:49:44.900+0000 7fc0e1ef6700 1 -- 172.21.15.18:0/2489421847 wait complete.
2024-03-07T09:49:45.809 INFO:teuthology.orchestra.run.smithi018.stdout:/usr/bin/ceph: stderr
2024-03-07T09:49:44.901+0000 7fc0e1ef6700 1 Processor -- start
2024-03-07T09:49:45.809 INFO:teuthology.orchestra.run.smithi018.stdout:/usr/bin/ceph: stderr
2024-03-07T09:49:44.901+0000 7fc0e1ef6700 1 -- start start
2024-03-07T09:49:45.809 INFO:teuthology.orchestra.run.smithi018.stdout:/usr/bin/ceph: stderr
2024-03-07T09:49:44.901+0000 7fc0e1ef6700 1 --2- >> [v2:172.21.15.18:3300/0,v1:172.21.15.18:6789/0] conn(0x7fc0dc108590 0x7fc0dc107e10 unknown :-1 s=NONE pgs=0 cs=0 l=1 rev1=0 crypto rx=0 tx=0 comp rx=0 tx=0).connect
2024-03-07T09:49:45.809 INFO:teuthology.orchestra.run.smithi018.stdout:/usr/bin/ceph: stderr
2024-03-07T09:49:44.901+0000 7fc0e1ef6700 1 -- --> [v2:172.21.15.18:3300/0,v1:172.21.15.18:6789/0] -- mon_getmap magic: 0 v1 -- 0x7fc0dc10be90 con 0x7fc0dc108590
2024-03-07T09:49:45.809 INFO:teuthology.orchestra.run.smithi018.stdout:/usr/bin/ceph: stderr
2024-03-07T09:49:44.901+0000 7fc0db7fe700 1 --2- >> [v2:172.21.15.18:3300/0,v1:172.21.15.18:6789/0] conn(0x7fc0dc108590 0x7fc0dc107e10 unknown :-1 s=BANNER_CONNECTING pgs=0 cs=0 l=1 rev1=0 crypto rx=0 tx=0 comp rx=0 tx=0)._handle_peer_banner_payload supported=3 required=0
2024-03-07T09:49:45.809 INFO:teuthology.orchestra.run.smithi018.stdout:/usr/bin/ceph: stderr
2024-03-07T09:49:44.901+0000 7fc0db7fe700 1 --2- >> [v2:172.21.15.18:3300/0,v1:172.21.15.18:6789/0] conn(0x7fc0dc108590 0x7fc0dc107e10 unknown :-1 s=HELLO_CONNECTING pgs=0 cs=0 l=1 rev1=1 crypto rx=0 tx=0 comp rx=0 tx=0).handle_hello peer v2:172.21.15.18:3300/0 says I am v2:172.21.15.18:58058/0 (socket says 172.21.15.18:58058)
2024-03-07T09:49:45.810 INFO:teuthology.orchestra.run.smithi018.stdout:/usr/bin/ceph: stderr
2024-03-07T09:49:44.901+0000 7fc0db7fe700 1 -- 172.21.15.18:0/1465449201 learned_addr learned my addr 172.21.15.18:0/1465449201 (peer_addr_for_me v2:172.21.15.18:0/0)
2024-03-07T09:49:45.810 INFO:teuthology.orchestra.run.smithi018.stdout:/usr/bin/ceph: stderr
2024-03-07T09:49:44.901+0000 7fc0db7fe700 1 -- 172.21.15.18:0/1465449201 --> [v2:172.21.15.18:3300/0,v1:172.21.15.18:6789/0] -- mon_subscribe({config=0+,monmap=0+}) v3 -- 0x7fc0dc108350 con 0x7fc0dc108590
2024-03-07T09:49:45.810 INFO:teuthology.orchestra.run.smithi018.stdout:/usr/bin/ceph: stderr
2024-03-07T09:49:44.901+0000 7fc0db7fe700 1 --2- 172.21.15.18:0/1465449201 >> [v2:172.21.15.18:3300/0,v1:172.21.15.18:6789/0] conn(0x7fc0dc108590 0x7fc0dc107e10 secure :-1 s=READY pgs=52 cs=0 l=1 rev1=1 crypto rx=0x7fc0cc004350 tx=0x7fc0cc00bd50 comp rx=0 tx=0).ready entity=mon.0 client_cookie=0 server_cookie=0 in_seq=0 out_seq=0
2024-03-07T09:49:45.810 INFO:teuthology.orchestra.run.smithi018.stdout:/usr/bin/ceph: stderr
2024-03-07T09:49:44.902+0000 7fc0d8ff9700 1 -- 172.21.15.18:0/1465449201 <== mon.0 v2:172.21.15.18:3300/0 1 ==== mon_map magic: 0 v1 ==== 205+0+0 (secure 0 0 0) 0x7fc0cc020020 con 0x7fc0dc108590
2024-03-07T09:49:45.810 INFO:teuthology.orchestra.run.smithi018.stdout:/usr/bin/ceph: stderr
2024-03-07T09:49:44.902+0000 7fc0e1ef6700 1 -- 172.21.15.18:0/1465449201 --> [v2:172.21.15.18:3300/0,v1:172.21.15.18:6789/0] -- mon_subscribe({mgrmap=0+}) v3 -- 0x7fc0dc106540 con 0x7fc0dc108590
2024-03-07T09:49:45.810 INFO:teuthology.orchestra.run.smithi018.stdout:/usr/bin/ceph: stderr
2024-03-07T09:49:44.902+0000 7fc0d8ff9700 1 -- 172.21.15.18:0/1465449201 <== mon.0 v2:172.21.15.18:3300/0 2 ==== config(27 keys) v1 ==== 1109+0+0 (secure 0 0 0) 0x7fc0cc003c10 con 0x7fc0dc108590
2024-03-07T09:49:45.810 INFO:teuthology.orchestra.run.smithi018.stdout:/usr/bin/ceph: stderr
2024-03-07T09:49:44.902+0000 7fc0d8ff9700 1 -- 172.21.15.18:0/1465449201 <== mon.0 v2:172.21.15.18:3300/0 3 ==== mon_map magic: 0 v1 ==== 205+0+0 (secure 0 0 0) 0x7fc0cc017040 con 0x7fc0dc108590
2024-03-07T09:49:45.810 INFO:teuthology.orchestra.run.smithi018.stdout:/usr/bin/ceph: stderr
2024-03-07T09:49:44.902+0000 7fc0e1ef6700 1 -- 172.21.15.18:0/1465449201 --> [v2:172.21.15.18:3300/0,v1:172.21.15.18:6789/0] -- mon_subscribe({osdmap=0}) v3 -- 0x7fc0dc106a80 con 0x7fc0dc108590
2024-03-07T09:49:45.810 INFO:teuthology.orchestra.run.smithi018.stdout:/usr/bin/ceph: stderr
2024-03-07T09:49:44.903+0000 7fc0d8ff9700 1 -- 172.21.15.18:0/1465449201 <== mon.0 v2:172.21.15.18:3300/0 4 ==== mgrmap(e 8) v1 ==== 45927+0+0 (secure 0 0 0) 0x7fc0cc023020 con 0x7fc0dc108590
2024-03-07T09:49:45.810 INFO:teuthology.orchestra.run.smithi018.stdout:/usr/bin/ceph: stderr
2024-03-07T09:49:44.903+0000 7fc0e1ef6700 1 -- 172.21.15.18:0/1465449201 --> [v2:172.21.15.18:3300/0,v1:172.21.15.18:6789/0] -- mon_command({"prefix": "get_command_descriptions"} v 0) v1 -- 0x7fc0dc069230 con 0x7fc0dc108590
2024-03-07T09:49:45.810 INFO:teuthology.orchestra.run.smithi018.stdout:/usr/bin/ceph: stderr
2024-03-07T09:49:44.903+0000 7fc0d8ff9700 1 --2- 172.21.15.18:0/1465449201 >> [v2:172.21.15.18:6800/2708184648,v1:172.21.15.18:6801/2708184648] conn(0x7fc0c8038ba0 0x7fc0c803b060 unknown :-1 s=NONE pgs=0 cs=0 l=1 rev1=0 crypto rx=0 tx=0 comp rx=0 tx=0).connect
2024-03-07T09:49:45.810 INFO:teuthology.orchestra.run.smithi018.stdout:/usr/bin/ceph: stderr
2024-03-07T09:49:44.903+0000 7fc0d8ff9700 1 -- 172.21.15.18:0/1465449201 <== mon.0 v2:172.21.15.18:3300/0 5 ==== osd_map(2..2 src has 1..2) v4 ==== 940+0+0 (secure 0 0 0) 0x7fc0cc00f050 con 0x7fc0dc108590
2024-03-07T09:49:45.810 INFO:teuthology.orchestra.run.smithi018.stdout:/usr/bin/ceph: stderr
2024-03-07T09:49:44.903+0000 7fc0daffd700 1 --2- 172.21.15.18:0/1465449201 >> [v2:172.21.15.18:6800/2708184648,v1:172.21.15.18:6801/2708184648] conn(0x7fc0c8038ba0 0x7fc0c803b060 unknown :-1 s=BANNER_CONNECTING pgs=0 cs=0 l=1 rev1=0 crypto rx=0 tx=0 comp rx=0 tx=0)._handle_peer_banner_payload supported=3 required=0
2024-03-07T09:49:45.810 INFO:teuthology.orchestra.run.smithi018.stdout:/usr/bin/ceph: stderr
2024-03-07T09:49:44.903+0000 7fc0daffd700 1 --2- 172.21.15.18:0/1465449201 >> [v2:172.21.15.18:6800/2708184648,v1:172.21.15.18:6801/2708184648] conn(0x7fc0c8038ba0 0x7fc0c803b060 secure :-1 s=READY pgs=14 cs=0 l=1 rev1=1 crypto rx=0x7fc0c4006fd0 tx=0x7fc0c4006e40 comp rx=0 tx=0).ready entity=mgr.14120 client_cookie=0 server_cookie=0 in_seq=0 out_seq=0
2024-03-07T09:49:45.811 INFO:teuthology.orchestra.run.smithi018.stdout:/usr/bin/ceph: stderr
2024-03-07T09:49:44.908+0000 7fc0d8ff9700 1 -- 172.21.15.18:0/1465449201 <== mon.0 v2:172.21.15.18:3300/0 6 ==== mon_command_ack([{"prefix": "get_command_descriptions"}]=0 v0) v1 ==== 72+0+184932 (secure 0 0 0) 0x7fc0cc02a020 con 0x7fc0dc108590
2024-03-07T09:49:45.811 INFO:teuthology.orchestra.run.smithi018.stdout:/usr/bin/ceph: stderr
2024-03-07T09:49:45.115+0000 7fc0e1ef6700 1 -- 172.21.15.18:0/1465449201 --> [v2:172.21.15.18:3300/0,v1:172.21.15.18:6789/0] -- mon_command([{prefix=config set, name=mgr/cephadm/container_init}] v 0) v1 -- 0x7fc0dc107270 con 0x7fc0dc108590
2024-03-07T09:49:45.811 INFO:teuthology.orchestra.run.smithi018.stdout:/usr/bin/ceph: stderr
2024-03-07T09:49:45.117+0000 7fc0d8ff9700 1 -- 172.21.15.18:0/1465449201 <== mon.0 v2:172.21.15.18:3300/0 7 ==== mon_command_ack([{prefix=config set, name=mgr/cephadm/container_init}]=0 v6)=0 v6) v1 ==== 142+0+0 (secure 0 0 0) 0x7fc0cc04ce20 con 0x7fc0dc108590
2024-03-07T09:49:45.811 INFO:teuthology.orchestra.run.smithi018.stdout:/usr/bin/ceph: stderr
2024-03-07T09:49:45.120+0000 7fc0e1ef6700 1 -- 172.21.15.18:0/1465449201 >> [v2:172.21.15.18:6800/2708184648,v1:172.21.15.18:6801/2708184648] conn(0x7fc0c8038ba0 msgr2=0x7fc0c803b060 secure :-1 s=STATE_CONNECTION_ESTABLISHED l=1).mark_down
2024-03-07T09:49:45.811 INFO:teuthology.orchestra.run.smithi018.stdout:/usr/bin/ceph: stderr
2024-03-07T09:49:45.120+0000 7fc0e1ef6700 1 --2- 172.21.15.18:0/1465449201 >> [v2:172.21.15.18:6800/2708184648,v1:172.21.15.18:6801/2708184648] conn(0x7fc0c8038ba0 0x7fc0c803b060 secure :-1 s=READY pgs=14 cs=0 l=1 rev1=1 crypto rx=0x7fc0c4006fd0 tx=0x7fc0c4006e40 comp rx=0 tx=0).stop
2024-03-07T09:49:45.811 INFO:teuthology.orchestra.run.smithi018.stdout:/usr/bin/ceph: stderr
2024-03-07T09:49:45.120+0000 7fc0e1ef6700 1 -- 172.21.15.18:0/1465449201 >> [v2:172.21.15.18:3300/0,v1:172.21.15.18:6789/0] conn(0x7fc0dc108590 msgr2=0x7fc0dc107e10 secure :-1 s=STATE_CONNECTION_ESTABLISHED l=1).mark_down
2024-03-07T09:49:45.811 INFO:teuthology.orchestra.run.smithi018.stdout:/usr/bin/ceph: stderr
2024-03-07T09:49:45.120+0000 7fc0e1ef6700 1 --2- 172.21.15.18:0/1465449201 >> [v2:172.21.15.18:3300/0,v1:172.21.15.18:6789/0] conn(0x7fc0dc108590 0x7fc0dc107e10 secure :-1 s=READY pgs=52 cs=0 l=1 rev1=1 crypto rx=0x7fc0cc004350 tx=0x7fc0cc00bd50 comp rx=0 tx=0).stop
2024-03-07T09:49:45.812 INFO:teuthology.orchestra.run.smithi018.stdout:/usr/bin/ceph: stderr
2024-03-07T09:49:45.121+0000 7fc0e1ef6700 1 -- 172.21.15.18:0/1465449201 shutdown_connections
2024-03-07T09:49:45.812 INFO:teuthology.orchestra.run.smithi018.stdout:/usr/bin/ceph: stderr
2024-03-07T09:49:45.121+0000 7fc0e1ef6700 1 --2- 172.21.15.18:0/1465449201 >> [v2:172.21.15.18:6800/2708184648,v1:172.21.15.18:6801/2708184648] conn(0x7fc0c8038ba0 0x7fc0c803b060 unknown :-1 s=CLOSED pgs=14 cs=0 l=1 rev1=1 crypto rx=0 tx=0 comp rx=0 tx=0).stop
2024-03-07T09:49:45.812 INFO:teuthology.orchestra.run.smithi018.stdout:/usr/bin/ceph: stderr
2024-03-07T09:49:45.121+0000 7fc0e1ef6700 1 --2- 172.21.15.18:0/1465449201 >> [v2:172.21.15.18:3300/0,v1:172.21.15.18:6789/0] conn(0x7fc0dc108590 0x7fc0dc107e10 unknown :-1 s=CLOSED pgs=52 cs=0 l=1 rev1=1 crypto rx=0 tx=0 comp rx=0 tx=0).stop
2024-03-07T09:49:45.812 INFO:teuthology.orchestra.run.smithi018.stdout:/usr/bin/ceph: stderr
2024-03-07T09:49:45.121+0000 7fc0e1ef6700 1 -- 172.21.15.18:0/1465449201 >> 172.21.15.18:0/1465449201 conn(0x7fc0dc101fa0 msgr2=0x7fc0dc102a90 unknown :-1 s=STATE_NONE l=0).mark_down
2024-03-07T09:49:45.812 INFO:teuthology.orchestra.run.smithi018.stdout:/usr/bin/ceph: stderr
2024-03-07T09:49:45.121+0000 7fc0e1ef6700 1 -- 172.21.15.18:0/1465449201 shutdown_connections
2024-03-07T09:49:45.812 INFO:teuthology.orchestra.run.smithi018.stdout:/usr/bin/ceph: stderr
2024-03-07T09:49:45.121+0000 7fc0e1ef6700 1 -- 172.21.15.18:0/1465449201 wait complete.
2024-03-07T09:49:46.453 INFO:journalctl@ceph.mon.a.smithi018.stdout:Mar 07 09:49:46 smithi018 ceph-mon[32171]: from='client.? 172.21.15.18:0/1465449201' entity='client.admin'
2024-03-07T09:49:46.453 INFO:journalctl@ceph.mon.a.smithi018.stdout:Mar 07 09:49:46 smithi018 ceph-mon[32171]: from='mgr.14120 172.21.15.18:0/2468121734' entity='mgr.x'
2024-03-07T09:49:46.454 INFO:journalctl@ceph.mon.a.smithi018.stdout:Mar 07 09:49:46 smithi018 ceph-mon[32171]: from='mgr.14120 172.21.15.18:0/2468121734' entity='mgr.x'
2024-03-07T09:49:47.549 INFO:journalctl@ceph.mon.a.smithi018.stdout:Mar 07 09:49:47 smithi018 ceph-mon[32171]: from='client.? 172.21.15.18:0/883896338' entity='client.admin'
2024-03-07T09:49:47.550 INFO:journalctl@ceph.mon.a.smithi018.stdout:Mar 07 09:49:47 smithi018 ceph-mon[32171]: from='mgr.14120 172.21.15.18:0/2468121734' entity='mgr.x'
2024-03-07T09:49:47.557 INFO:teuthology.orchestra.run.smithi018.stdout:/usr/bin/ceph: stderr
2024-03-07T09:49:46.229+0000 7ff6bdac1700 1 Processor -- start
2024-03-07T09:49:47.557 INFO:teuthology.orchestra.run.smithi018.stdout:/usr/bin/ceph: stderr
2024-03-07T09:49:46.229+0000 7ff6bdac1700 1 -- start start
2024-03-07T09:49:47.557 INFO:teuthology.orchestra.run.smithi018.stdout:/usr/bin/ceph: stderr
2024-03-07T09:49:46.229+0000 7ff6bdac1700 1 --2- >> [v2:172.21.15.18:3300/0,v1:172.21.15.18:6789/0] conn(0x7ff6b81085a0 0x7ff6b810a990 unknown :-1 s=NONE pgs=0 cs=0 l=0 rev1=0 crypto rx=0 tx=0 comp rx=0 tx=0).connect
2024-03-07T09:49:47.557 INFO:teuthology.orchestra.run.smithi018.stdout:/usr/bin/ceph: stderr
2024-03-07T09:49:46.229+0000 7ff6bdac1700 1 -- --> [v2:172.21.15.18:3300/0,v1:172.21.15.18:6789/0] -- mon_getmap magic: 0 v1 -- 0x7ff6b807be10 con 0x7ff6b81085a0
2024-03-07T09:49:47.557 INFO:teuthology.orchestra.run.smithi018.stdout:/usr/bin/ceph: stderr
2024-03-07T09:49:46.229+0000 7ff6b77fe700 1 --2- >> [v2:172.21.15.18:3300/0,v1:172.21.15.18:6789/0] conn(0x7ff6b81085a0 0x7ff6b810a990 unknown :-1 s=BANNER_CONNECTING pgs=0 cs=0 l=0 rev1=0 crypto rx=0 tx=0 comp rx=0 tx=0)._handle_peer_banner_payload supported=3 required=0
2024-03-07T09:49:47.557 INFO:teuthology.orchestra.run.smithi018.stdout:/usr/bin/ceph: stderr
2024-03-07T09:49:46.229+0000 7ff6b77fe700 1 --2- >> [v2:172.21.15.18:3300/0,v1:172.21.15.18:6789/0] conn(0x7ff6b81085a0 0x7ff6b810a990 unknown :-1 s=HELLO_CONNECTING pgs=0 cs=0 l=0 rev1=1 crypto rx=0 tx=0 comp rx=0 tx=0).handle_hello peer v2:172.21.15.18:3300/0 says I am v2:172.21.15.18:58064/0 (socket says 172.21.15.18:58064)
2024-03-07T09:49:47.558 INFO:teuthology.orchestra.run.smithi018.stdout:/usr/bin/ceph: stderr
2024-03-07T09:49:46.229+0000 7ff6b77fe700 1 -- 172.21.15.18:0/1939079492 learned_addr learned my addr 172.21.15.18:0/1939079492 (peer_addr_for_me v2:172.21.15.18:0/0)
2024-03-07T09:49:47.558 INFO:teuthology.orchestra.run.smithi018.stdout:/usr/bin/ceph: stderr
2024-03-07T09:49:46.230+0000 7ff6b77fe700 1 -- 172.21.15.18:0/1939079492 --> [v2:172.21.15.18:3300/0,v1:172.21.15.18:6789/0] -- mon_subscribe({config=0+,monmap=0+}) v3 -- 0x7ff6b810aed0 con 0x7ff6b81085a0
2024-03-07T09:49:47.558 INFO:teuthology.orchestra.run.smithi018.stdout:/usr/bin/ceph: stderr
2024-03-07T09:49:46.230+0000 7ff6b77fe700 1 --2- 172.21.15.18:0/1939079492 >> [v2:172.21.15.18:3300/0,v1:172.21.15.18:6789/0] conn(0x7ff6b81085a0 0x7ff6b810a990 secure :-1 s=READY pgs=53 cs=0 l=1 rev1=1 crypto rx=0x7ff6ac0098a0 tx=0x7ff6ac009bb0 comp rx=0 tx=0).ready entity=mon.0 client_cookie=8f916102e4acf2ad server_cookie=0 in_seq=0 out_seq=0
2024-03-07T09:49:47.558 INFO:teuthology.orchestra.run.smithi018.stdout:/usr/bin/ceph: stderr
2024-03-07T09:49:46.230+0000 7ff6b67fc700 1 -- 172.21.15.18:0/1939079492 <== mon.0 v2:172.21.15.18:3300/0 1 ==== mon_map magic: 0 v1 ==== 205+0+0 (secure 0 0 0) 0x7ff6ac004160 con 0x7ff6b81085a0
2024-03-07T09:49:47.558 INFO:teuthology.orchestra.run.smithi018.stdout:/usr/bin/ceph: stderr
2024-03-07T09:49:46.230+0000 7ff6b67fc700 1 -- 172.21.15.18:0/1939079492 <== mon.0 v2:172.21.15.18:3300/0 2 ==== config(27 keys) v1 ==== 1140+0+0 (secure 0 0 0) 0x7ff6ac004300 con 0x7ff6b81085a0
2024-03-07T09:49:47.558 INFO:teuthology.orchestra.run.smithi018.stdout:/usr/bin/ceph: stderr
2024-03-07T09:49:46.230+0000 7ff6b67fc700 1 -- 172.21.15.18:0/1939079492 <== mon.0 v2:172.21.15.18:3300/0 3 ==== mon_map magic: 0 v1 ==== 205+0+0 (secure 0 0 0) 0x7ff6ac011b20 con 0x7ff6b81085a0
2024-03-07T09:49:47.558 INFO:teuthology.orchestra.run.smithi018.stdout:/usr/bin/ceph: stderr
2024-03-07T09:49:46.231+0000 7ff6bdac1700 1 -- 172.21.15.18:0/1939079492 >> [v2:172.21.15.18:3300/0,v1:172.21.15.18:6789/0] conn(0x7ff6b81085a0 msgr2=0x7ff6b810a990 secure :-1 s=STATE_CONNECTION_ESTABLISHED l=1).mark_down
2024-03-07T09:49:47.558 INFO:teuthology.orchestra.run.smithi018.stdout:/usr/bin/ceph: stderr
2024-03-07T09:49:46.231+0000 7ff6bdac1700 1 --2- 172.21.15.18:0/1939079492 >> [v2:172.21.15.18:3300/0,v1:172.21.15.18:6789/0] conn(0x7ff6b81085a0 0x7ff6b810a990 secure :-1 s=READY pgs=53 cs=0 l=1 rev1=1 crypto rx=0x7ff6ac0098a0 tx=0x7ff6ac009bb0 comp rx=0 tx=0).stop
2024-03-07T09:49:47.558 INFO:teuthology.orchestra.run.smithi018.stdout:/usr/bin/ceph: stderr
2024-03-07T09:49:46.231+0000 7ff6bdac1700 1 -- 172.21.15.18:0/1939079492 shutdown_connections
2024-03-07T09:49:47.558 INFO:teuthology.orchestra.run.smithi018.stdout:/usr/bin/ceph: stderr
2024-03-07T09:49:46.231+0000 7ff6bdac1700 1 --2- 172.21.15.18:0/1939079492 >> [v2:172.21.15.18:3300/0,v1:172.21.15.18:6789/0] conn(0x7ff6b81085a0 0x7ff6b810a990 unknown :-1 s=CLOSED pgs=53 cs=0 l=1 rev1=1 crypto rx=0 tx=0 comp rx=0 tx=0).stop
2024-03-07T09:49:47.558 INFO:teuthology.orchestra.run.smithi018.stdout:/usr/bin/ceph: stderr
2024-03-07T09:49:46.231+0000 7ff6bdac1700 1 -- 172.21.15.18:0/1939079492 >> 172.21.15.18:0/1939079492 conn(0x7ff6b8101fd0 msgr2=0x7ff6b81043f0 unknown :-1 s=STATE_NONE l=0).mark_down
2024-03-07T09:49:47.558 INFO:teuthology.orchestra.run.smithi018.stdout:/usr/bin/ceph: stderr
2024-03-07T09:49:46.231+0000 7ff6bdac1700 1 -- 172.21.15.18:0/1939079492 shutdown_connections
2024-03-07T09:49:47.558 INFO:teuthology.orchestra.run.smithi018.stdout:/usr/bin/ceph: stderr
2024-03-07T09:49:46.231+0000 7ff6bdac1700 1 -- 172.21.15.18:0/1939079492 wait complete.
2024-03-07T09:49:47.559 INFO:teuthology.orchestra.run.smithi018.stdout:/usr/bin/ceph: stderr
2024-03-07T09:49:46.231+0000 7ff6bdac1700 1 Processor -- start
2024-03-07T09:49:47.559 INFO:teuthology.orchestra.run.smithi018.stdout:/usr/bin/ceph: stderr
2024-03-07T09:49:46.232+0000 7ff6bdac1700 1 -- start start
2024-03-07T09:49:47.559 INFO:teuthology.orchestra.run.smithi018.stdout:/usr/bin/ceph: stderr
2024-03-07T09:49:46.232+0000 7ff6bdac1700 1 --2- >> [v2:172.21.15.18:3300/0,v1:172.21.15.18:6789/0] conn(0x7ff6b81085a0 0x7ff6b819ba80 unknown :-1 s=NONE pgs=0 cs=0 l=1 rev1=0 crypto rx=0 tx=0 comp rx=0 tx=0).connect
2024-03-07T09:49:47.559 INFO:teuthology.orchestra.run.smithi018.stdout:/usr/bin/ceph: stderr
2024-03-07T09:49:46.232+0000 7ff6bdac1700 1 -- --> [v2:172.21.15.18:3300/0,v1:172.21.15.18:6789/0] -- mon_getmap magic: 0 v1 -- 0x7ff6b810bee0 con 0x7ff6b81085a0
2024-03-07T09:49:47.559 INFO:teuthology.orchestra.run.smithi018.stdout:/usr/bin/ceph: stderr
2024-03-07T09:49:46.232+0000 7ff6b77fe700 1 --2- >> [v2:172.21.15.18:3300/0,v1:172.21.15.18:6789/0] conn(0x7ff6b81085a0 0x7ff6b819ba80 unknown :-1 s=BANNER_CONNECTING pgs=0 cs=0 l=1 rev1=0 crypto rx=0 tx=0 comp rx=0 tx=0)._handle_peer_banner_payload supported=3 required=0
2024-03-07T09:49:47.559 INFO:teuthology.orchestra.run.smithi018.stdout:/usr/bin/ceph: stderr
2024-03-07T09:49:46.232+0000 7ff6b77fe700 1 --2- >> [v2:172.21.15.18:3300/0,v1:172.21.15.18:6789/0] conn(0x7ff6b81085a0 0x7ff6b819ba80 unknown :-1 s=HELLO_CONNECTING pgs=0 cs=0 l=1 rev1=1 crypto rx=0 tx=0 comp rx=0 tx=0).handle_hello peer v2:172.21.15.18:3300/0 says I am v2:172.21.15.18:58074/0 (socket says 172.21.15.18:58074)
2024-03-07T09:49:47.559 INFO:teuthology.orchestra.run.smithi018.stdout:/usr/bin/ceph: stderr
2024-03-07T09:49:46.232+0000 7ff6b77fe700 1 -- 172.21.15.18:0/883896338 learned_addr learned my addr 172.21.15.18:0/883896338 (peer_addr_for_me v2:172.21.15.18:0/0)
2024-03-07T09:49:47.559 INFO:teuthology.orchestra.run.smithi018.stdout:/usr/bin/ceph: stderr
2024-03-07T09:49:46.232+0000 7ff6b77fe700 1 -- 172.21.15.18:0/883896338 --> [v2:172.21.15.18:3300/0,v1:172.21.15.18:6789/0] -- mon_subscribe({config=0+,monmap=0+}) v3 -- 0x7ff6b819bfc0 con 0x7ff6b81085a0
2024-03-07T09:49:47.559 INFO:teuthology.orchestra.run.smithi018.stdout:/usr/bin/ceph: stderr
2024-03-07T09:49:46.232+0000 7ff6b77fe700 1 --2- 172.21.15.18:0/883896338 >> [v2:172.21.15.18:3300/0,v1:172.21.15.18:6789/0] conn(0x7ff6b81085a0 0x7ff6b819ba80 secure :-1 s=READY pgs=54 cs=0 l=1 rev1=1 crypto rx=0x7ff6ac011b60 tx=0x7ff6ac011c40 comp rx=0 tx=0).ready entity=mon.0 client_cookie=0 server_cookie=0 in_seq=0 out_seq=0
2024-03-07T09:49:47.559 INFO:teuthology.orchestra.run.smithi018.stdout:/usr/bin/ceph: stderr
2024-03-07T09:49:46.232+0000 7ff6b4ff9700 1 -- 172.21.15.18:0/883896338 <== mon.0 v2:172.21.15.18:3300/0 1 ==== mon_map magic: 0 v1 ==== 205+0+0 (secure 0 0 0) 0x7ff6ac003b60 con 0x7ff6b81085a0
2024-03-07T09:49:47.559 INFO:teuthology.orchestra.run.smithi018.stdout:/usr/bin/ceph: stderr
2024-03-07T09:49:46.232+0000 7ff6b4ff9700 1 -- 172.21.15.18:0/883896338 <== mon.0 v2:172.21.15.18:3300/0 2 ==== config(27 keys) v1 ==== 1140+0+0 (secure 0 0 0) 0x7ff6ac01a910 con 0x7ff6b81085a0
2024-03-07T09:49:47.559 INFO:teuthology.orchestra.run.smithi018.stdout:/usr/bin/ceph: stderr
2024-03-07T09:49:46.232+0000 7ff6bdac1700 1 -- 172.21.15.18:0/883896338 --> [v2:172.21.15.18:3300/0,v1:172.21.15.18:6789/0] -- mon_subscribe({mgrmap=0+}) v3 -- 0x7ff6b819c250 con 0x7ff6b81085a0
2024-03-07T09:49:47.559 INFO:teuthology.orchestra.run.smithi018.stdout:/usr/bin/ceph: stderr
2024-03-07T09:49:46.232+0000 7ff6b4ff9700 1 -- 172.21.15.18:0/883896338 <== mon.0 v2:172.21.15.18:3300/0 3 ==== mon_map magic: 0 v1 ==== 205+0+0 (secure 0 0 0) 0x7ff6ac024930 con 0x7ff6b81085a0
2024-03-07T09:49:47.560 INFO:teuthology.orchestra.run.smithi018.stdout:/usr/bin/ceph: stderr
2024-03-07T09:49:46.233+0000 7ff6bdac1700 1 -- 172.21.15.18:0/883896338 --> [v2:172.21.15.18:3300/0,v1:172.21.15.18:6789/0] -- mon_subscribe({osdmap=0}) v3 -- 0x7ff6b819c6b0 con 0x7ff6b81085a0
2024-03-07T09:49:47.560 INFO:teuthology.orchestra.run.smithi018.stdout:/usr/bin/ceph: stderr
2024-03-07T09:49:46.233+0000 7ff6b4ff9700 1 -- 172.21.15.18:0/883896338 <== mon.0 v2:172.21.15.18:3300/0 4 ==== mgrmap(e 8) v1 ==== 45927+0+0 (secure 0 0 0) 0x7ff6ac022020 con 0x7ff6b81085a0
2024-03-07T09:49:47.560 INFO:teuthology.orchestra.run.smithi018.stdout:/usr/bin/ceph: stderr
2024-03-07T09:49:46.233+0000 7ff6bdac1700 1 -- 172.21.15.18:0/883896338 --> [v2:172.21.15.18:3300/0,v1:172.21.15.18:6789/0] -- mon_command({"prefix": "get_command_descriptions"} v 0) v1 -- 0x7ff6b8063780 con 0x7ff6b81085a0
2024-03-07T09:49:47.560 INFO:teuthology.orchestra.run.smithi018.stdout:/usr/bin/ceph: stderr
2024-03-07T09:49:46.234+0000 7ff6b4ff9700 1 --2- 172.21.15.18:0/883896338 >> [v2:172.21.15.18:6800/2708184648,v1:172.21.15.18:6801/2708184648] conn(0x7ff6a0038ba0 0x7ff6a003b060 unknown :-1 s=NONE pgs=0 cs=0 l=1 rev1=0 crypto rx=0 tx=0 comp rx=0 tx=0).connect
2024-03-07T09:49:47.560 INFO:teuthology.orchestra.run.smithi018.stdout:/usr/bin/ceph: stderr
2024-03-07T09:49:46.234+0000 7ff6b4ff9700 1 -- 172.21.15.18:0/883896338 <== mon.0 v2:172.21.15.18:3300/0 5 ==== osd_map(2..2 src has 1..2) v4 ==== 940+0+0 (secure 0 0 0) 0x7ff6ac04cc40 con 0x7ff6b81085a0
2024-03-07T09:49:47.560 INFO:teuthology.orchestra.run.smithi018.stdout:/usr/bin/ceph: stderr
2024-03-07T09:49:46.234+0000 7ff6b6ffd700 1 --2- 172.21.15.18:0/883896338 >> [v2:172.21.15.18:6800/2708184648,v1:172.21.15.18:6801/2708184648] conn(0x7ff6a0038ba0 0x7ff6a003b060 unknown :-1 s=BANNER_CONNECTING pgs=0 cs=0 l=1 rev1=0 crypto rx=0 tx=0 comp rx=0 tx=0)._handle_peer_banner_payload supported=3 required=0
2024-03-07T09:49:47.560 INFO:teuthology.orchestra.run.smithi018.stdout:/usr/bin/ceph: stderr
2024-03-07T09:49:46.234+0000 7ff6b6ffd700 1 --2- 172.21.15.18:0/883896338 >> [v2:172.21.15.18:6800/2708184648,v1:172.21.15.18:6801/2708184648] conn(0x7ff6a0038ba0 0x7ff6a003b060 secure :-1 s=READY pgs=15 cs=0 l=1 rev1=1 crypto rx=0x7ff6a8006fd0 tx=0x7ff6a8006e40 comp rx=0 tx=0).ready entity=mgr.14120 client_cookie=0 server_cookie=0 in_seq=0 out_seq=0
2024-03-07T09:49:47.560 INFO:teuthology.orchestra.run.smithi018.stdout:/usr/bin/ceph: stderr
2024-03-07T09:49:46.238+0000 7ff6b4ff9700 1 -- 172.21.15.18:0/883896338 <== mon.0 v2:172.21.15.18:3300/0 6 ==== mon_command_ack([{"prefix": "get_command_descriptions"}]=0 v0) v1 ==== 72+0+184932 (secure 0 0 0) 0x7ff6ac02d910 con 0x7ff6b81085a0
2024-03-07T09:49:47.560 INFO:teuthology.orchestra.run.smithi018.stdout:/usr/bin/ceph: stderr
