2024-03-07T09:50:00.980 INFO:teuthology.orchestra.run.smithi018.stdout:/usr/bin/ceph: stderr
2024-03-07T09:49:59.809+0000 7ffa81ffb700 1 -- 172.21.15.18:0/2986160355 <== mgr.14152 v2:172.21.15.18:6800/1270389896 1 ==== mgr_command_reply(tid 0: 0 ) v1 ==== 8+0+252 (secure 0 0 0) 0x7ffa84103160 con 0x7ffa6c038ba0
2024-03-07T09:50:00.980 INFO:teuthology.orchestra.run.smithi018.stdout:/usr/bin/ceph: stderr
2024-03-07T09:49:59.811+0000 7ffa8b194700 1 -- 172.21.15.18:0/2986160355 >> [v2:172.21.15.18:6800/1270389896,v1:172.21.15.18:6801/1270389896] conn(0x7ffa6c038ba0 msgr2=0x7ffa6c03b060 secure :-1 s=STATE_CONNECTION_ESTABLISHED l=1).mark_down
2024-03-07T09:50:00.980 INFO:teuthology.orchestra.run.smithi018.stdout:/usr/bin/ceph: stderr
2024-03-07T09:49:59.811+0000 7ffa8b194700 1 --2- 172.21.15.18:0/2986160355 >> [v2:172.21.15.18:6800/1270389896,v1:172.21.15.18:6801/1270389896] conn(0x7ffa6c038ba0 0x7ffa6c03b060 secure :-1 s=READY pgs=8 cs=0 l=1 rev1=1 crypto rx=0x7ffa78006fd0 tx=0x7ffa78006e40 comp rx=0 tx=0).stop
2024-03-07T09:50:00.981 INFO:teuthology.orchestra.run.smithi018.stdout:/usr/bin/ceph: stderr
2024-03-07T09:49:59.811+0000 7ffa8b194700 1 -- 172.21.15.18:0/2986160355 >> [v2:172.21.15.18:3300/0,v1:172.21.15.18:6789/0] conn(0x7ffa84108610 msgr2=0x7ffa8419ba60 secure :-1 s=STATE_CONNECTION_ESTABLISHED l=1).mark_down
2024-03-07T09:50:00.981 INFO:teuthology.orchestra.run.smithi018.stdout:/usr/bin/ceph: stderr
2024-03-07T09:49:59.811+0000 7ffa8b194700 1 --2- 172.21.15.18:0/2986160355 >> [v2:172.21.15.18:3300/0,v1:172.21.15.18:6789/0] conn(0x7ffa84108610 0x7ffa8419ba60 secure :-1 s=READY pgs=73 cs=0 l=1 rev1=1 crypto rx=0x7ffa7c00b7b0 tx=0x7ffa7c00bd50 comp rx=0 tx=0).stop
2024-03-07T09:50:00.981 INFO:teuthology.orchestra.run.smithi018.stdout:/usr/bin/ceph: stderr
2024-03-07T09:49:59.811+0000 7ffa8b194700 1 -- 172.21.15.18:0/2986160355 shutdown_connections
2024-03-07T09:50:00.981 INFO:teuthology.orchestra.run.smithi018.stdout:/usr/bin/ceph: stderr
2024-03-07T09:49:59.811+0000 7ffa8b194700 1 --2- 172.21.15.18:0/2986160355 >> [v2:172.21.15.18:6800/1270389896,v1:172.21.15.18:6801/1270389896] conn(0x7ffa6c038ba0 0x7ffa6c03b060 unknown :-1 s=CLOSED pgs=8 cs=0 l=1 rev1=1 crypto rx=0 tx=0 comp rx=0 tx=0).stop
2024-03-07T09:50:00.981 INFO:teuthology.orchestra.run.smithi018.stdout:/usr/bin/ceph: stderr
2024-03-07T09:49:59.811+0000 7ffa8b194700 1 --2- 172.21.15.18:0/2986160355 >> [v2:172.21.15.18:3300/0,v1:172.21.15.18:6789/0] conn(0x7ffa84108610 0x7ffa8419ba60 unknown :-1 s=CLOSED pgs=73 cs=0 l=1 rev1=1 crypto rx=0 tx=0 comp rx=0 tx=0).stop
2024-03-07T09:50:00.981 INFO:teuthology.orchestra.run.smithi018.stdout:/usr/bin/ceph: stderr
2024-03-07T09:49:59.811+0000 7ffa8b194700 1 -- 172.21.15.18:0/2986160355 >> 172.21.15.18:0/2986160355 conn(0x7ffa84101f80 msgr2=0x7ffa84102a50 unknown :-1 s=STATE_NONE l=0).mark_down
2024-03-07T09:50:00.981 INFO:teuthology.orchestra.run.smithi018.stdout:/usr/bin/ceph: stderr
2024-03-07T09:49:59.811+0000 7ffa8b194700 1 -- 172.21.15.18:0/2986160355 shutdown_connections
2024-03-07T09:50:00.981 INFO:teuthology.orchestra.run.smithi018.stdout:/usr/bin/ceph: stderr
2024-03-07T09:49:59.811+0000 7ffa8b194700 1 -- 172.21.15.18:0/2986160355 wait complete.
2024-03-07T09:50:00.981 INFO:teuthology.orchestra.run.smithi018.stdout:Fetching dashboard port number...
2024-03-07T09:50:01.193 INFO:journalctl@ceph.mon.a.smithi018.stdout:Mar 07 09:50:00 smithi018 ceph-mon[32171]: from='client.14166 -' entity='client.admin' cmd=[{"prefix": "dashboard ac-user-create", "username": "admin", "rolename": "administrator", "force_password": true, "pwd_update_required": true, "target": ["mon-mgr", ""]}]: dispatch
2024-03-07T09:50:02.191 INFO:journalctl@ceph.mon.a.smithi018.stdout:Mar 07 09:50:01 smithi018 ceph-mon[32171]: from='client.? 172.21.15.18:0/1301511379' entity='client.admin' cmd=[{"prefix": "config get", "who": "mgr", "key": "mgr/dashboard/ssl_server_port"}]: dispatch
2024-03-07T09:50:02.198 INFO:teuthology.orchestra.run.smithi018.stdout:/usr/bin/ceph: stdout 8443
2024-03-07T09:50:02.198 INFO:teuthology.orchestra.run.smithi018.stdout:/usr/bin/ceph: stderr
2024-03-07T09:50:01.380+0000 7f9288c08700 1 Processor -- start
2024-03-07T09:50:02.199 INFO:teuthology.orchestra.run.smithi018.stdout:/usr/bin/ceph: stderr
2024-03-07T09:50:01.380+0000 7f9288c08700 1 -- start start
2024-03-07T09:50:02.199 INFO:teuthology.orchestra.run.smithi018.stdout:/usr/bin/ceph: stderr
2024-03-07T09:50:01.380+0000 7f9288c08700 1 --2- >> [v2:172.21.15.18:3300/0,v1:172.21.15.18:6789/0] conn(0x7f9284107a90 0x7f9284107eb0 unknown :-1 s=NONE pgs=0 cs=0 l=0 rev1=0 crypto rx=0 tx=0 comp rx=0 tx=0).connect
2024-03-07T09:50:02.199 INFO:teuthology.orchestra.run.smithi018.stdout:/usr/bin/ceph: stderr
2024-03-07T09:50:01.380+0000 7f9288c08700 1 -- --> [v2:172.21.15.18:3300/0,v1:172.21.15.18:6789/0] -- mon_getmap magic: 0 v1 -- 0x7f9284108480 con 0x7f9284107a90
2024-03-07T09:50:02.199 INFO:teuthology.orchestra.run.smithi018.stdout:/usr/bin/ceph: stderr
2024-03-07T09:50:01.380+0000 7f928259c700 1 --2- >> [v2:172.21.15.18:3300/0,v1:172.21.15.18:6789/0] conn(0x7f9284107a90 0x7f9284107eb0 unknown :-1 s=BANNER_CONNECTING pgs=0 cs=0 l=0 rev1=0 crypto rx=0 tx=0 comp rx=0 tx=0)._handle_peer_banner_payload supported=3 required=0
2024-03-07T09:50:02.199 INFO:teuthology.orchestra.run.smithi018.stdout:/usr/bin/ceph: stderr
2024-03-07T09:50:01.380+0000 7f928259c700 1 --2- >> [v2:172.21.15.18:3300/0,v1:172.21.15.18:6789/0] conn(0x7f9284107a90 0x7f9284107eb0 unknown :-1 s=HELLO_CONNECTING pgs=0 cs=0 l=0 rev1=1 crypto rx=0 tx=0 comp rx=0 tx=0).handle_hello peer v2:172.21.15.18:3300/0 says I am v2:172.21.15.18:53760/0 (socket says 172.21.15.18:53760)
2024-03-07T09:50:02.199 INFO:teuthology.orchestra.run.smithi018.stdout:/usr/bin/ceph: stderr
2024-03-07T09:50:01.380+0000 7f928259c700 1 -- 172.21.15.18:0/500995712 learned_addr learned my addr 172.21.15.18:0/500995712 (peer_addr_for_me v2:172.21.15.18:0/0)
2024-03-07T09:50:02.199 INFO:teuthology.orchestra.run.smithi018.stdout:/usr/bin/ceph: stderr
2024-03-07T09:50:01.381+0000 7f928259c700 1 -- 172.21.15.18:0/500995712 --> [v2:172.21.15.18:3300/0,v1:172.21.15.18:6789/0] -- mon_subscribe({config=0+,monmap=0+}) v3 -- 0x7f9284108c90 con 0x7f9284107a90
2024-03-07T09:50:02.199 INFO:teuthology.orchestra.run.smithi018.stdout:/usr/bin/ceph: stderr
2024-03-07T09:50:01.381+0000 7f928259c700 1 --2- 172.21.15.18:0/500995712 >> [v2:172.21.15.18:3300/0,v1:172.21.15.18:6789/0] conn(0x7f9284107a90 0x7f9284107eb0 secure :-1 s=READY pgs=74 cs=0 l=1 rev1=1 crypto rx=0x7f9274009e80 tx=0x7f927400b330 comp rx=0 tx=0).ready entity=mon.0 client_cookie=a4514f819b32f5ac server_cookie=0 in_seq=0 out_seq=0
2024-03-07T09:50:02.199 INFO:teuthology.orchestra.run.smithi018.stdout:/usr/bin/ceph: stderr
2024-03-07T09:50:01.381+0000 7f928159a700 1 -- 172.21.15.18:0/500995712 <== mon.0 v2:172.21.15.18:3300/0 1 ==== mon_map magic: 0 v1 ==== 205+0+0 (secure 0 0 0) 0x7f9274017070 con 0x7f9284107a90
2024-03-07T09:50:02.199 INFO:teuthology.orchestra.run.smithi018.stdout:/usr/bin/ceph: stderr
2024-03-07T09:50:01.381+0000 7f928159a700 1 -- 172.21.15.18:0/500995712 <== mon.0 v2:172.21.15.18:3300/0 2 ==== config(27 keys) v1 ==== 1140+0+0 (secure 0 0 0) 0x7f927400b8c0 con 0x7f9284107a90
2024-03-07T09:50:02.199 INFO:teuthology.orchestra.run.smithi018.stdout:/usr/bin/ceph: stderr
2024-03-07T09:50:01.381+0000 7f928159a700 1 -- 172.21.15.18:0/500995712 <== mon.0 v2:172.21.15.18:3300/0 3 ==== mon_map magic: 0 v1 ==== 205+0+0 (secure 0 0 0) 0x7f92740045c0 con 0x7f9284107a90
2024-03-07T09:50:02.199 INFO:teuthology.orchestra.run.smithi018.stdout:/usr/bin/ceph: stderr
2024-03-07T09:50:01.382+0000 7f9288c08700 1 -- 172.21.15.18:0/500995712 >> [v2:172.21.15.18:3300/0,v1:172.21.15.18:6789/0] conn(0x7f9284107a90 msgr2=0x7f9284107eb0 secure :-1 s=STATE_CONNECTION_ESTABLISHED l=1).mark_down
2024-03-07T09:50:02.199 INFO:teuthology.orchestra.run.smithi018.stdout:/usr/bin/ceph: stderr
2024-03-07T09:50:01.382+0000 7f9288c08700 1 --2- 172.21.15.18:0/500995712 >> [v2:172.21.15.18:3300/0,v1:172.21.15.18:6789/0] conn(0x7f9284107a90 0x7f9284107eb0 secure :-1 s=READY pgs=74 cs=0 l=1 rev1=1 crypto rx=0x7f9274009e80 tx=0x7f927400b330 comp rx=0 tx=0).stop
2024-03-07T09:50:02.199 INFO:teuthology.orchestra.run.smithi018.stdout:/usr/bin/ceph: stderr
2024-03-07T09:50:01.382+0000 7f9288c08700 1 -- 172.21.15.18:0/500995712 shutdown_connections
2024-03-07T09:50:02.200 INFO:teuthology.orchestra.run.smithi018.stdout:/usr/bin/ceph: stderr
2024-03-07T09:50:01.382+0000 7f9288c08700 1 --2- 172.21.15.18:0/500995712 >> [v2:172.21.15.18:3300/0,v1:172.21.15.18:6789/0] conn(0x7f9284107a90 0x7f9284107eb0 unknown :-1 s=CLOSED pgs=74 cs=0 l=1 rev1=1 crypto rx=0 tx=0 comp rx=0 tx=0).stop
2024-03-07T09:50:02.200 INFO:teuthology.orchestra.run.smithi018.stdout:/usr/bin/ceph: stderr
2024-03-07T09:50:01.382+0000 7f9288c08700 1 -- 172.21.15.18:0/500995712 >> 172.21.15.18:0/500995712 conn(0x7f9284103050 msgr2=0x7f9284105470 unknown :-1 s=STATE_NONE l=0).mark_down
2024-03-07T09:50:02.200 INFO:teuthology.orchestra.run.smithi018.stdout:/usr/bin/ceph: stderr
2024-03-07T09:50:01.382+0000 7f9288c08700 1 -- 172.21.15.18:0/500995712 shutdown_connections
2024-03-07T09:50:02.200 INFO:teuthology.orchestra.run.smithi018.stdout:/usr/bin/ceph: stderr
2024-03-07T09:50:01.382+0000 7f9288c08700 1 -- 172.21.15.18:0/500995712 wait complete.
2024-03-07T09:50:02.200 INFO:teuthology.orchestra.run.smithi018.stdout:/usr/bin/ceph: stderr
2024-03-07T09:50:01.382+0000 7f9288c08700 1 Processor -- start
2024-03-07T09:50:02.200 INFO:teuthology.orchestra.run.smithi018.stdout:/usr/bin/ceph: stderr
2024-03-07T09:50:01.382+0000 7f9288c08700 1 -- start start
2024-03-07T09:50:02.200 INFO:teuthology.orchestra.run.smithi018.stdout:/usr/bin/ceph: stderr
2024-03-07T09:50:01.383+0000 7f9288c08700 1 --2- >> [v2:172.21.15.18:3300/0,v1:172.21.15.18:6789/0] conn(0x7f9284107a90 0x7f928419ba20 unknown :-1 s=NONE pgs=0 cs=0 l=1 rev1=0 crypto rx=0 tx=0 comp rx=0 tx=0).connect
2024-03-07T09:50:02.200 INFO:teuthology.orchestra.run.smithi018.stdout:/usr/bin/ceph: stderr
2024-03-07T09:50:01.383+0000 7f9288c08700 1 -- --> [v2:172.21.15.18:3300/0,v1:172.21.15.18:6789/0] -- mon_getmap magic: 0 v1 -- 0x7f928410c040 con 0x7f9284107a90
2024-03-07T09:50:02.200 INFO:teuthology.orchestra.run.smithi018.stdout:/usr/bin/ceph: stderr
2024-03-07T09:50:01.383+0000 7f928259c700 1 --2- >> [v2:172.21.15.18:3300/0,v1:172.21.15.18:6789/0] conn(0x7f9284107a90 0x7f928419ba20 unknown :-1 s=BANNER_CONNECTING pgs=0 cs=0 l=1 rev1=0 crypto rx=0 tx=0 comp rx=0 tx=0)._handle_peer_banner_payload supported=3 required=0
2024-03-07T09:50:02.200 INFO:teuthology.orchestra.run.smithi018.stdout:/usr/bin/ceph: stderr
2024-03-07T09:50:01.383+0000 7f928259c700 1 --2- >> [v2:172.21.15.18:3300/0,v1:172.21.15.18:6789/0] conn(0x7f9284107a90 0x7f928419ba20 unknown :-1 s=HELLO_CONNECTING pgs=0 cs=0 l=1 rev1=1 crypto rx=0 tx=0 comp rx=0 tx=0).handle_hello peer v2:172.21.15.18:3300/0 says I am v2:172.21.15.18:53772/0 (socket says 172.21.15.18:53772)
2024-03-07T09:50:02.200 INFO:teuthology.orchestra.run.smithi018.stdout:/usr/bin/ceph: stderr
2024-03-07T09:50:01.383+0000 7f928259c700 1 -- 172.21.15.18:0/1301511379 learned_addr learned my addr 172.21.15.18:0/1301511379 (peer_addr_for_me v2:172.21.15.18:0/0)
2024-03-07T09:50:02.200 INFO:teuthology.orchestra.run.smithi018.stdout:/usr/bin/ceph: stderr
2024-03-07T09:50:01.383+0000 7f928259c700 1 -- 172.21.15.18:0/1301511379 --> [v2:172.21.15.18:3300/0,v1:172.21.15.18:6789/0] -- mon_subscribe({config=0+,monmap=0+}) v3 -- 0x7f928419bf60 con 0x7f9284107a90
2024-03-07T09:50:02.200 INFO:teuthology.orchestra.run.smithi018.stdout:/usr/bin/ceph: stderr
2024-03-07T09:50:01.383+0000 7f928259c700 1 --2- 172.21.15.18:0/1301511379 >> [v2:172.21.15.18:3300/0,v1:172.21.15.18:6789/0] conn(0x7f9284107a90 0x7f928419ba20 secure :-1 s=READY pgs=75 cs=0 l=1 rev1=1 crypto rx=0x7f9274009fd0 tx=0x7f9274003d00 comp rx=0 tx=0).ready entity=mon.0 client_cookie=0 server_cookie=0 in_seq=0 out_seq=0
2024-03-07T09:50:02.200 INFO:teuthology.orchestra.run.smithi018.stdout:/usr/bin/ceph: stderr
2024-03-07T09:50:01.383+0000 7f927b7fe700 1 -- 172.21.15.18:0/1301511379 <== mon.0 v2:172.21.15.18:3300/0 1 ==== mon_map magic: 0 v1 ==== 205+0+0 (secure 0 0 0) 0x7f9274020020 con 0x7f9284107a90
2024-03-07T09:50:02.201 INFO:teuthology.orchestra.run.smithi018.stdout:/usr/bin/ceph: stderr
2024-03-07T09:50:01.383+0000 7f927b7fe700 1 -- 172.21.15.18:0/1301511379 <== mon.0 v2:172.21.15.18:3300/0 2 ==== config(27 keys) v1 ==== 1140+0+0 (secure 0 0 0) 0x7f927400bba0 con 0x7f9284107a90
2024-03-07T09:50:02.201 INFO:teuthology.orchestra.run.smithi018.stdout:/usr/bin/ceph: stderr
2024-03-07T09:50:01.383+0000 7f9288c08700 1 -- 172.21.15.18:0/1301511379 --> [v2:172.21.15.18:3300/0,v1:172.21.15.18:6789/0] -- mon_subscribe({mgrmap=0+}) v3 -- 0x7f928419c1f0 con 0x7f9284107a90
2024-03-07T09:50:02.201 INFO:teuthology.orchestra.run.smithi018.stdout:/usr/bin/ceph: stderr
2024-03-07T09:50:01.383+0000 7f927b7fe700 1 -- 172.21.15.18:0/1301511379 <== mon.0 v2:172.21.15.18:3300/0 3 ==== mon_map magic: 0 v1 ==== 205+0+0 (secure 0 0 0) 0x7f9274017040 con 0x7f9284107a90
2024-03-07T09:50:02.201 INFO:teuthology.orchestra.run.smithi018.stdout:/usr/bin/ceph: stderr
2024-03-07T09:50:01.383+0000 7f9288c08700 1 -- 172.21.15.18:0/1301511379 --> [v2:172.21.15.18:3300/0,v1:172.21.15.18:6789/0] -- mon_subscribe({osdmap=0}) v3 -- 0x7f928419eee0 con 0x7f9284107a90
2024-03-07T09:50:02.201 INFO:teuthology.orchestra.run.smithi018.stdout:/usr/bin/ceph: stderr
2024-03-07T09:50:01.384+0000 7f927b7fe700 1 -- 172.21.15.18:0/1301511379 <== mon.0 v2:172.21.15.18:3300/0 4 ==== mgrmap(e 12) v1 ==== 45940+0+0 (secure 0 0 0) 0x7f9274023020 con 0x7f9284107a90
2024-03-07T09:50:02.201 INFO:teuthology.orchestra.run.smithi018.stdout:/usr/bin/ceph: stderr
2024-03-07T09:50:01.384+0000 7f9288c08700 1 -- 172.21.15.18:0/1301511379 --> [v2:172.21.15.18:3300/0,v1:172.21.15.18:6789/0] -- mon_command({"prefix": "get_command_descriptions"} v 0) v1 -- 0x7f9284063780 con 0x7f9284107a90
2024-03-07T09:50:02.201 INFO:teuthology.orchestra.run.smithi018.stdout:/usr/bin/ceph: stderr
2024-03-07T09:50:01.384+0000 7f927b7fe700 1 --2- 172.21.15.18:0/1301511379 >> [v2:172.21.15.18:6800/1270389896,v1:172.21.15.18:6801/1270389896] conn(0x7f9270038c50 0x7f927003b110 unknown :-1 s=NONE pgs=0 cs=0 l=1 rev1=0 crypto rx=0 tx=0 comp rx=0 tx=0).connect
2024-03-07T09:50:02.201 INFO:teuthology.orchestra.run.smithi018.stdout:/usr/bin/ceph: stderr
2024-03-07T09:50:01.384+0000 7f927b7fe700 1 -- 172.21.15.18:0/1301511379 <== mon.0 v2:172.21.15.18:3300/0 5 ==== osd_map(3..3 src has 1..3) v4 ==== 1155+0+0 (secure 0 0 0) 0x7f927400f050 con 0x7f9284107a90
2024-03-07T09:50:02.201 INFO:teuthology.orchestra.run.smithi018.stdout:/usr/bin/ceph: stderr
2024-03-07T09:50:01.385+0000 7f9281d9b700 1 --2- 172.21.15.18:0/1301511379 >> [v2:172.21.15.18:6800/1270389896,v1:172.21.15.18:6801/1270389896] conn(0x7f9270038c50 0x7f927003b110 unknown :-1 s=BANNER_CONNECTING pgs=0 cs=0 l=1 rev1=0 crypto rx=0 tx=0 comp rx=0 tx=0)._handle_peer_banner_payload supported=3 required=0
2024-03-07T09:50:02.201 INFO:teuthology.orchestra.run.smithi018.stdout:/usr/bin/ceph: stderr
2024-03-07T09:50:01.385+0000 7f9281d9b700 1 --2- 172.21.15.18:0/1301511379 >> [v2:172.21.15.18:6800/1270389896,v1:172.21.15.18:6801/1270389896] conn(0x7f9270038c50 0x7f927003b110 secure :-1 s=READY pgs=9 cs=0 l=1 rev1=1 crypto rx=0x7f926c006fd0 tx=0x7f926c006e40 comp rx=0 tx=0).ready entity=mgr.14152 client_cookie=0 server_cookie=0 in_seq=0 out_seq=0
2024-03-07T09:50:02.201 INFO:teuthology.orchestra.run.smithi018.stdout:/usr/bin/ceph: stderr
2024-03-07T09:50:01.389+0000 7f927b7fe700 1 -- 172.21.15.18:0/1301511379 <== mon.0 v2:172.21.15.18:3300/0 6 ==== mon_command_ack([{"prefix": "get_command_descriptions"}]=0 v0) v1 ==== 72+0+184932 (secure 0 0 0) 0x7f927402a020 con 0x7f9284107a90
2024-03-07T09:50:02.201 INFO:teuthology.orchestra.run.smithi018.stdout:/usr/bin/ceph: stderr
2024-03-07T09:50:01.596+0000 7f9288c08700 1 -- 172.21.15.18:0/1301511379 --> [v2:172.21.15.18:3300/0,v1:172.21.15.18:6789/0] -- mon_command({"prefix": "config get", "who": "mgr", "key": "mgr/dashboard/ssl_server_port"} v 0) v1 -- 0x7f928419f4b0 con 0x7f9284107a90
2024-03-07T09:50:02.201 INFO:teuthology.orchestra.run.smithi018.stdout:/usr/bin/ceph: stderr
2024-03-07T09:50:01.597+0000 7f927b7fe700 1 -- 172.21.15.18:0/1301511379 <== mon.0 v2:172.21.15.18:3300/0 7 ==== mon_command_ack([{"prefix": "config get", "who": "mgr", "key": "mgr/dashboard/ssl_server_port"}]=0 v8) v1 ==== 112+0+5 (secure 0 0 0) 0x7f92740124e0 con 0x7f9284107a90
2024-03-07T09:50:02.202 INFO:teuthology.orchestra.run.smithi018.stdout:/usr/bin/ceph: stderr
2024-03-07T09:50:01.599+0000 7f9288c08700 1 -- 172.21.15.18:0/1301511379 >> [v2:172.21.15.18:6800/1270389896,v1:172.21.15.18:6801/1270389896] conn(0x7f9270038c50 msgr2=0x7f927003b110 secure :-1 s=STATE_CONNECTION_ESTABLISHED l=1).mark_down
2024-03-07T09:50:02.202 INFO:teuthology.orchestra.run.smithi018.stdout:/usr/bin/ceph: stderr
2024-03-07T09:50:01.599+0000 7f9288c08700 1 --2- 172.21.15.18:0/1301511379 >> [v2:172.21.15.18:6800/1270389896,v1:172.21.15.18:6801/1270389896] conn(0x7f9270038c50 0x7f927003b110 secure :-1 s=READY pgs=9 cs=0 l=1 rev1=1 crypto rx=0x7f926c006fd0 tx=0x7f926c006e40 comp rx=0 tx=0).stop
2024-03-07T09:50:02.202 INFO:teuthology.orchestra.run.smithi018.stdout:/usr/bin/ceph: stderr
2024-03-07T09:50:01.599+0000 7f9288c08700 1 -- 172.21.15.18:0/1301511379 >> [v2:172.21.15.18:3300/0,v1:172.21.15.18:6789/0] conn(0x7f9284107a90 msgr2=0x7f928419ba20 secure :-1 s=STATE_CONNECTION_ESTABLISHED l=1).mark_down
2024-03-07T09:50:02.202 INFO:teuthology.orchestra.run.smithi018.stdout:/usr/bin/ceph: stderr
2024-03-07T09:50:01.599+0000 7f9288c08700 1 --2- 172.21.15.18:0/1301511379 >> [v2:172.21.15.18:3300/0,v1:172.21.15.18:6789/0] conn(0x7f9284107a90 0x7f928419ba20 secure :-1 s=READY pgs=75 cs=0 l=1 rev1=1 crypto rx=0x7f9274009fd0 tx=0x7f9274003d00 comp rx=0 tx=0).stop
2024-03-07T09:50:02.202 INFO:teuthology.orchestra.run.smithi018.stdout:/usr/bin/ceph: stderr
2024-03-07T09:50:01.599+0000 7f9288c08700 1 -- 172.21.15.18:0/1301511379 shutdown_connections
2024-03-07T09:50:02.202 INFO:teuthology.orchestra.run.smithi018.stdout:/usr/bin/ceph: stderr
2024-03-07T09:50:01.599+0000 7f9288c08700 1 --2- 172.21.15.18:0/1301511379 >> [v2:172.21.15.18:6800/1270389896,v1:172.21.15.18:6801/1270389896] conn(0x7f9270038c50 0x7f927003b110 unknown :-1 s=CLOSED pgs=9 cs=0 l=1 rev1=1 crypto rx=0 tx=0 comp rx=0 tx=0).stop
2024-03-07T09:50:02.202 INFO:teuthology.orchestra.run.smithi018.stdout:/usr/bin/ceph: stderr
2024-03-07T09:50:01.599+0000 7f9288c08700 1 --2- 172.21.15.18:0/1301511379 >> [v2:172.21.15.18:3300/0,v1:172.21.15.18:6789/0] conn(0x7f9284107a90 0x7f928419ba20 unknown :-1 s=CLOSED pgs=75 cs=0 l=1 rev1=1 crypto rx=0 tx=0 comp rx=0 tx=0).stop
2024-03-07T09:50:02.202 INFO:teuthology.orchestra.run.smithi018.stdout:/usr/bin/ceph: stderr
2024-03-07T09:50:01.599+0000 7f9288c08700 1 -- 172.21.15.18:0/1301511379 >> 172.21.15.18:0/1301511379 conn(0x7f9284103050 msgr2=0x7f9284103b10 unknown :-1 s=STATE_NONE l=0).mark_down
2024-03-07T09:50:02.202 INFO:teuthology.orchestra.run.smithi018.stdout:/usr/bin/ceph: stderr
2024-03-07T09:50:01.599+0000 7f9288c08700 1 -- 172.21.15.18:0/1301511379 shutdown_connections
2024-03-07T09:50:02.202 INFO:teuthology.orchestra.run.smithi018.stdout:/usr/bin/ceph: stderr
2024-03-07T09:50:01.599+0000 7f9288c08700 1 -- 172.21.15.18:0/1301511379 wait complete.
2024-03-07T09:50:02.208 INFO:teuthology.orchestra.run.smithi018.stdout:Non-zero exit code 1 from systemctl is-enabled firewalld.service
2024-03-07T09:50:02.208 INFO:teuthology.orchestra.run.smithi018.stdout:systemctl: stdout disabled
2024-03-07T09:50:02.216 INFO:teuthology.orchestra.run.smithi018.stdout:Non-zero exit code 3 from systemctl is-active firewalld.service
2024-03-07T09:50:02.216 INFO:teuthology.orchestra.run.smithi018.stdout:systemctl: stdout inactive
2024-03-07T09:50:02.216 INFO:teuthology.orchestra.run.smithi018.stdout:firewalld.service is not enabled
2024-03-07T09:50:02.216 INFO:teuthology.orchestra.run.smithi018.stdout:Not possible to open ports <[8443]>. firewalld.service is not available
2024-03-07T09:50:02.218 INFO:teuthology.orchestra.run.smithi018.stdout:Ceph Dashboard is now available at:
2024-03-07T09:50:02.218 INFO:teuthology.orchestra.run.smithi018.stdout:
2024-03-07T09:50:02.218 INFO:teuthology.orchestra.run.smithi018.stdout: URL: https://smithi018.front.sepia.ceph.com:8443/
2024-03-07T09:50:02.218 INFO:teuthology.orchestra.run.smithi018.stdout: User: admin
2024-03-07T09:50:02.218 INFO:teuthology.orchestra.run.smithi018.stdout: Password: 1jxjkxclqa
2024-03-07T09:50:02.218 INFO:teuthology.orchestra.run.smithi018.stdout:
2024-03-07T09:50:02.218 INFO:teuthology.orchestra.run.smithi018.stdout:Saving cluster configuration to /var/lib/ceph/c474c52c-dc67-11ee-95c6-87774f69a715/config directory
2024-03-07T09:50:02.219 INFO:teuthology.orchestra.run.smithi018.stdout:Enabling autotune for osd_memory_target
2024-03-07T09:50:03.092 INFO:journalctl@ceph.mon.a.smithi018.stdout:Mar 07 09:50:02 smithi018 ceph-mon[32171]: mgrmap e13: x(active, since 6s)
2024-03-07T09:50:03.358 INFO:teuthology.orchestra.run.smithi018.stdout:/usr/bin/ceph: stderr
2024-03-07T09:50:02.595+0000 7f2acb1eb700 1 Processor -- start
2024-03-07T09:50:03.358 INFO:teuthology.orchestra.run.smithi018.stdout:/usr/bin/ceph: stderr
2024-03-07T09:50:02.595+0000 7f2acb1eb700 1 -- start start
2024-03-07T09:50:03.358 INFO:teuthology.orchestra.run.smithi018.stdout:/usr/bin/ceph: stderr
2024-03-07T09:50:02.595+0000 7f2acb1eb700 1 --2- >> [v2:172.21.15.18:3300/0,v1:172.21.15.18:6789/0] conn(0x7f2ac4105dd0 0x7f2ac41061f0 unknown :-1 s=NONE pgs=0 cs=0 l=0 rev1=0 crypto rx=0 tx=0 comp rx=0 tx=0).connect
2024-03-07T09:50:03.358 INFO:teuthology.orchestra.run.smithi018.stdout:/usr/bin/ceph: stderr
2024-03-07T09:50:02.595+0000 7f2acb1eb700 1 -- --> [v2:172.21.15.18:3300/0,v1:172.21.15.18:6789/0] -- mon_getmap magic: 0 v1 -- 0x7f2ac41067c0 con 0x7f2ac4105dd0
2024-03-07T09:50:03.358 INFO:teuthology.orchestra.run.smithi018.stdout:/usr/bin/ceph: stderr
2024-03-07T09:50:02.595+0000 7f2ac8f87700 1 --2- >> [v2:172.21.15.18:3300/0,v1:172.21.15.18:6789/0] conn(0x7f2ac4105dd0 0x7f2ac41061f0 unknown :-1 s=BANNER_CONNECTING pgs=0 cs=0 l=0 rev1=0 crypto rx=0 tx=0 comp rx=0 tx=0)._handle_peer_banner_payload supported=3 required=0
2024-03-07T09:50:03.358 INFO:teuthology.orchestra.run.smithi018.stdout:/usr/bin/ceph: stderr
2024-03-07T09:50:02.595+0000 7f2ac8f87700 1 --2- >> [v2:172.21.15.18:3300/0,v1:172.21.15.18:6789/0] conn(0x7f2ac4105dd0 0x7f2ac41061f0 unknown :-1 s=HELLO_CONNECTING pgs=0 cs=0 l=0 rev1=1 crypto rx=0 tx=0 comp rx=0 tx=0).handle_hello peer v2:172.21.15.18:3300/0 says I am v2:172.21.15.18:53776/0 (socket says 172.21.15.18:53776)
2024-03-07T09:50:03.358 INFO:teuthology.orchestra.run.smithi018.stdout:/usr/bin/ceph: stderr
2024-03-07T09:50:02.595+0000 7f2ac8f87700 1 -- 172.21.15.18:0/3841252869 learned_addr learned my addr 172.21.15.18:0/3841252869 (peer_addr_for_me v2:172.21.15.18:0/0)
2024-03-07T09:50:03.358 INFO:teuthology.orchestra.run.smithi018.stdout:/usr/bin/ceph: stderr
2024-03-07T09:50:02.596+0000 7f2ac8f87700 1 -- 172.21.15.18:0/3841252869 --> [v2:172.21.15.18:3300/0,v1:172.21.15.18:6789/0] -- mon_subscribe({config=0+,monmap=0+}) v3 -- 0x7f2ac4108d60 con 0x7f2ac4105dd0
2024-03-07T09:50:03.358 INFO:teuthology.orchestra.run.smithi018.stdout:/usr/bin/ceph: stderr
2024-03-07T09:50:02.596+0000 7f2ac8f87700 1 --2- 172.21.15.18:0/3841252869 >> [v2:172.21.15.18:3300/0,v1:172.21.15.18:6789/0] conn(0x7f2ac4105dd0 0x7f2ac41061f0 secure :-1 s=READY pgs=76 cs=0 l=1 rev1=1 crypto rx=0x7f2ab80098a0 tx=0x7f2ab8009bb0 comp rx=0 tx=0).ready entity=mon.0 client_cookie=a2a88a2e43702f55 server_cookie=0 in_seq=0 out_seq=0
2024-03-07T09:50:03.359 INFO:teuthology.orchestra.run.smithi018.stdout:/usr/bin/ceph: stderr
2024-03-07T09:50:02.596+0000 7f2ac37fe700 1 -- 172.21.15.18:0/3841252869 <== mon.0 v2:172.21.15.18:3300/0 1 ==== mon_map magic: 0 v1 ==== 205+0+0 (secure 0 0 0) 0x7f2ab8004160 con 0x7f2ac4105dd0
2024-03-07T09:50:03.359 INFO:teuthology.orchestra.run.smithi018.stdout:/usr/bin/ceph: stderr
2024-03-07T09:50:02.596+0000 7f2ac37fe700 1 -- 172.21.15.18:0/3841252869 <== mon.0 v2:172.21.15.18:3300/0 2 ==== config(27 keys) v1 ==== 1140+0+0 (secure 0 0 0) 0x7f2ab8004300 con 0x7f2ac4105dd0
2024-03-07T09:50:03.359 INFO:teuthology.orchestra.run.smithi018.stdout:/usr/bin/ceph: stderr
2024-03-07T09:50:02.596+0000 7f2ac37fe700 1 -- 172.21.15.18:0/3841252869 <== mon.0 v2:172.21.15.18:3300/0 3 ==== mon_map magic: 0 v1 ==== 205+0+0 (secure 0 0 0) 0x7f2ab8011b20 con 0x7f2ac4105dd0
2024-03-07T09:50:03.359 INFO:teuthology.orchestra.run.smithi018.stdout:/usr/bin/ceph: stderr
2024-03-07T09:50:02.597+0000 7f2acb1eb700 1 -- 172.21.15.18:0/3841252869 >> [v2:172.21.15.18:3300/0,v1:172.21.15.18:6789/0] conn(0x7f2ac4105dd0 msgr2=0x7f2ac41061f0 secure :-1 s=STATE_CONNECTION_ESTABLISHED l=1).mark_down
2024-03-07T09:50:03.359 INFO:teuthology.orchestra.run.smithi018.stdout:/usr/bin/ceph: stderr
2024-03-07T09:50:02.597+0000 7f2acb1eb700 1 --2- 172.21.15.18:0/3841252869 >> [v2:172.21.15.18:3300/0,v1:172.21.15.18:6789/0] conn(0x7f2ac4105dd0 0x7f2ac41061f0 secure :-1 s=READY pgs=76 cs=0 l=1 rev1=1 crypto rx=0x7f2ab80098a0 tx=0x7f2ab8009bb0 comp rx=0 tx=0).stop
2024-03-07T09:50:03.359 INFO:teuthology.orchestra.run.smithi018.stdout:/usr/bin/ceph: stderr
2024-03-07T09:50:02.597+0000 7f2acb1eb700 1 -- 172.21.15.18:0/3841252869 shutdown_connections
2024-03-07T09:50:03.359 INFO:teuthology.orchestra.run.smithi018.stdout:/usr/bin/ceph: stderr
2024-03-07T09:50:02.597+0000 7f2acb1eb700 1 --2- 172.21.15.18:0/3841252869 >> [v2:172.21.15.18:3300/0,v1:172.21.15.18:6789/0] conn(0x7f2ac4105dd0 0x7f2ac41061f0 unknown :-1 s=CLOSED pgs=76 cs=0 l=1 rev1=1 crypto rx=0 tx=0 comp rx=0 tx=0).stop
2024-03-07T09:50:03.359 INFO:teuthology.orchestra.run.smithi018.stdout:/usr/bin/ceph: stderr
2024-03-07T09:50:02.597+0000 7f2acb1eb700 1 -- 172.21.15.18:0/3841252869 >> 172.21.15.18:0/3841252869 conn(0x7f2ac4101720 msgr2=0x7f2ac4103b40 unknown :-1 s=STATE_NONE l=0).mark_down
2024-03-07T09:50:03.360 INFO:teuthology.orchestra.run.smithi018.stdout:/usr/bin/ceph: stderr
2024-03-07T09:50:02.597+0000 7f2acb1eb700 1 -- 172.21.15.18:0/3841252869 shutdown_connections
2024-03-07T09:50:03.360 INFO:teuthology.orchestra.run.smithi018.stdout:/usr/bin/ceph: stderr
2024-03-07T09:50:02.597+0000 7f2acb1eb700 1 -- 172.21.15.18:0/3841252869 wait complete.
2024-03-07T09:50:03.360 INFO:teuthology.orchestra.run.smithi018.stdout:/usr/bin/ceph: stderr
2024-03-07T09:50:02.597+0000 7f2acb1eb700 1 Processor -- start
2024-03-07T09:50:03.360 INFO:teuthology.orchestra.run.smithi018.stdout:/usr/bin/ceph: stderr
2024-03-07T09:50:02.597+0000 7f2acb1eb700 1 -- start start
2024-03-07T09:50:03.360 INFO:teuthology.orchestra.run.smithi018.stdout:/usr/bin/ceph: stderr
2024-03-07T09:50:02.597+0000 7f2acb1eb700 1 --2- >> [v2:172.21.15.18:3300/0,v1:172.21.15.18:6789/0] conn(0x7f2ac4105dd0 0x7f2ac419ba50 unknown :-1 s=NONE pgs=0 cs=0 l=1 rev1=0 crypto rx=0 tx=0 comp rx=0 tx=0).connect
2024-03-07T09:50:03.360 INFO:teuthology.orchestra.run.smithi018.stdout:/usr/bin/ceph: stderr
2024-03-07T09:50:02.597+0000 7f2acb1eb700 1 -- --> [v2:172.21.15.18:3300/0,v1:172.21.15.18:6789/0] -- mon_getmap magic: 0 v1 -- 0x7f2ac410c110 con 0x7f2ac4105dd0
2024-03-07T09:50:03.360 INFO:teuthology.orchestra.run.smithi018.stdout:/usr/bin/ceph: stderr
2024-03-07T09:50:02.597+0000 7f2ac8f87700 1 --2- >> [v2:172.21.15.18:3300/0,v1:172.21.15.18:6789/0] conn(0x7f2ac4105dd0 0x7f2ac419ba50 unknown :-1 s=BANNER_CONNECTING pgs=0 cs=0 l=1 rev1=0 crypto rx=0 tx=0 comp rx=0 tx=0)._handle_peer_banner_payload supported=3 required=0
2024-03-07T09:50:03.360 INFO:teuthology.orchestra.run.smithi018.stdout:/usr/bin/ceph: stderr
2024-03-07T09:50:02.598+0000 7f2ac8f87700 1 --2- >> [v2:172.21.15.18:3300/0,v1:172.21.15.18:6789/0] conn(0x7f2ac4105dd0 0x7f2ac419ba50 unknown :-1 s=HELLO_CONNECTING pgs=0 cs=0 l=1 rev1=1 crypto rx=0 tx=0 comp rx=0 tx=0).handle_hello peer v2:172.21.15.18:3300/0 says I am v2:172.21.15.18:53782/0 (socket says 172.21.15.18:53782)
2024-03-07T09:50:03.360 INFO:teuthology.orchestra.run.smithi018.stdout:/usr/bin/ceph: stderr
2024-03-07T09:50:02.598+0000 7f2ac8f87700 1 -- 172.21.15.18:0/814456648 learned_addr learned my addr 172.21.15.18:0/814456648 (peer_addr_for_me v2:172.21.15.18:0/0)
2024-03-07T09:50:03.360 INFO:teuthology.orchestra.run.smithi018.stdout:/usr/bin/ceph: stderr
2024-03-07T09:50:02.598+0000 7f2ac8f87700 1 -- 172.21.15.18:0/814456648 --> [v2:172.21.15.18:3300/0,v1:172.21.15.18:6789/0] -- mon_subscribe({config=0+,monmap=0+}) v3 -- 0x7f2ac419bf90 con 0x7f2ac4105dd0
2024-03-07T09:50:03.360 INFO:teuthology.orchestra.run.smithi018.stdout:/usr/bin/ceph: stderr
2024-03-07T09:50:02.598+0000 7f2ac8f87700 1 --2- 172.21.15.18:0/814456648 >> [v2:172.21.15.18:3300/0,v1:172.21.15.18:6789/0] conn(0x7f2ac4105dd0 0x7f2ac419ba50 secure :-1 s=READY pgs=77 cs=0 l=1 rev1=1 crypto rx=0x7f2ab8000c00 tx=0x7f2ab8011c10 comp rx=0 tx=0).ready entity=mon.0 client_cookie=0 server_cookie=0 in_seq=0 out_seq=0
2024-03-07T09:50:03.361 INFO:teuthology.orchestra.run.smithi018.stdout:/usr/bin/ceph: stderr
2024-03-07T09:50:02.598+0000 7f2ac1ffb700 1 -- 172.21.15.18:0/814456648 <== mon.0 v2:172.21.15.18:3300/0 1 ==== mon_map magic: 0 v1 ==== 205+0+0 (secure 0 0 0) 0x7f2ab8003b60 con 0x7f2ac4105dd0
2024-03-07T09:50:03.361 INFO:teuthology.orchestra.run.smithi018.stdout:/usr/bin/ceph: stderr
2024-03-07T09:50:02.598+0000 7f2ac1ffb700 1 -- 172.21.15.18:0/814456648 <== mon.0 v2:172.21.15.18:3300/0 2 ==== config(27 keys) v1 ==== 1140+0+0 (secure 0 0 0) 0x7f2ab801a910 con 0x7f2ac4105dd0
2024-03-07T09:50:03.361 INFO:teuthology.orchestra.run.smithi018.stdout:/usr/bin/ceph: stderr
2024-03-07T09:50:02.598+0000 7f2acb1eb700 1 -- 172.21.15.18:0/814456648 --> [v2:172.21.15.18:3300/0,v1:172.21.15.18:6789/0] -- mon_subscribe({mgrmap=0+}) v3 -- 0x7f2ac419c220 con 0x7f2ac4105dd0
2024-03-07T09:50:03.361 INFO:teuthology.orchestra.run.smithi018.stdout:/usr/bin/ceph: stderr
2024-03-07T09:50:02.598+0000 7f2ac1ffb700 1 -- 172.21.15.18:0/814456648 <== mon.0 v2:172.21.15.18:3300/0 3 ==== mon_map magic: 0 v1 ==== 205+0+0 (secure 0 0 0) 0x7f2ab8024930 con 0x7f2ac4105dd0
2024-03-07T09:50:03.361 INFO:teuthology.orchestra.run.smithi018.stdout:/usr/bin/ceph: stderr
2024-03-07T09:50:02.598+0000 7f2acb1eb700 1 -- 172.21.15.18:0/814456648 --> [v2:172.21.15.18:3300/0,v1:172.21.15.18:6789/0] -- mon_subscribe({osdmap=0}) v3 -- 0x7f2ac419c680 con 0x7f2ac4105dd0
2024-03-07T09:50:03.361 INFO:teuthology.orchestra.run.smithi018.stdout:/usr/bin/ceph: stderr
2024-03-07T09:50:02.599+0000 7f2ac1ffb700 1 -- 172.21.15.18:0/814456648 <== mon.0 v2:172.21.15.18:3300/0 4 ==== mgrmap(e 13) v1 ==== 45983+0+0 (secure 0 0 0) 0x7f2ab8022020 con 0x7f2ac4105dd0
2024-03-07T09:50:03.361 INFO:teuthology.orchestra.run.smithi018.stdout:/usr/bin/ceph: stderr
2024-03-07T09:50:02.599+0000 7f2ac1ffb700 1 --2- 172.21.15.18:0/814456648 >> [v2:172.21.15.18:6800/1270389896,v1:172.21.15.18:6801/1270389896] conn(0x7f2ab4038cf0 0x7f2ab403b1b0 unknown :-1 s=NONE pgs=0 cs=0 l=1 rev1=0 crypto rx=0 tx=0 comp rx=0 tx=0).connect
2024-03-07T09:50:03.361 INFO:teuthology.orchestra.run.smithi018.stdout:/usr/bin/ceph: stderr
2024-03-07T09:50:02.599+0000 7f2acb1eb700 1 -- 172.21.15.18:0/814456648 --> [v2:172.21.15.18:3300/0,v1:172.21.15.18:6789/0] -- mon_command({"prefix": "get_command_descriptions"} v 0) v1 -- 0x7f2ac4063780 con 0x7f2ac4105dd0
2024-03-07T09:50:03.361 INFO:teuthology.orchestra.run.smithi018.stdout:/usr/bin/ceph: stderr
2024-03-07T09:50:02.599+0000 7f2ac1ffb700 1 -- 172.21.15.18:0/814456648 <== mon.0 v2:172.21.15.18:3300/0 5 ==== osd_map(3..3 src has 1..3) v4 ==== 1155+0+0 (secure 0 0 0) 0x7f2ab804cd50 con 0x7f2ac4105dd0
2024-03-07T09:50:03.361 INFO:teuthology.orchestra.run.smithi018.stdout:/usr/bin/ceph: stderr
2024-03-07T09:50:02.599+0000 7f2ac3fff700 1 --2- 172.21.15.18:0/814456648 >> [v2:172.21.15.18:6800/1270389896,v1:172.21.15.18:6801/1270389896] conn(0x7f2ab4038cf0 0x7f2ab403b1b0 unknown :-1 s=BANNER_CONNECTING pgs=0 cs=0 l=1 rev1=0 crypto rx=0 tx=0 comp rx=0 tx=0)._handle_peer_banner_payload supported=3 required=0
2024-03-07T09:50:03.361 INFO:teuthology.orchestra.run.smithi018.stdout:/usr/bin/ceph: stderr
2024-03-07T09:50:02.600+0000 7f2ac3fff700 1 --2- 172.21.15.18:0/814456648 >> [v2:172.21.15.18:6800/1270389896,v1:172.21.15.18:6801/1270389896] conn(0x7f2ab4038cf0 0x7f2ab403b1b0 secure :-1 s=READY pgs=10 cs=0 l=1 rev1=1 crypto rx=0x7f2ab0006fd0 tx=0x7f2ab0006e40 comp rx=0 tx=0).ready entity=mgr.14152 client_cookie=0 server_cookie=0 in_seq=0 out_seq=0
2024-03-07T09:50:03.362 INFO:teuthology.orchestra.run.smithi018.stdout:/usr/bin/ceph: stderr
2024-03-07T09:50:02.604+0000 7f2ac1ffb700 1 -- 172.21.15.18:0/814456648 <== mon.0 v2:172.21.15.18:3300/0 6 ==== mon_command_ack([{"prefix": "get_command_descriptions"}]=0 v0) v1 ==== 72+0+184932 (secure 0 0 0) 0x7f2ab801aac0 con 0x7f2ac4105dd0
2024-03-07T09:50:03.362 INFO:teuthology.orchestra.run.smithi018.stdout:/usr/bin/ceph: stderr
2024-03-07T09:50:02.808+0000 7f2acb1eb700 1 -- 172.21.15.18:0/814456648 --> [v2:172.21.15.18:3300/0,v1:172.21.15.18:6789/0] -- mon_command([{prefix=config set, name=osd_memory_target_autotune}] v 0) v1 -- 0x7f2ac419f050 con 0x7f2ac4105dd0
2024-03-07T09:50:03.362 INFO:teuthology.orchestra.run.smithi018.stdout:/usr/bin/ceph: stderr
2024-03-07T09:50:02.808+0000 7f2ac1ffb700 1 -- 172.21.15.18:0/814456648 <== mon.0 v2:172.21.15.18:3300/0 7 ==== mon_command_ack([{prefix=config set, name=osd_memory_target_autotune}]=0 v8)=0 v8) v1 ==== 127+0+0 (secure 0 0 0) 0x7f2ab8033030 con 0x7f2ac4105dd0
2024-03-07T09:50:03.362 INFO:teuthology.orchestra.run.smithi018.stdout:/usr/bin/ceph: stderr
2024-03-07T09:50:02.810+0000 7f2acb1eb700 1 -- 172.21.15.18:0/814456648 >> [v2:172.21.15.18:6800/1270389896,v1:172.21.15.18:6801/1270389896] conn(0x7f2ab4038cf0 msgr2=0x7f2ab403b1b0 secure :-1 s=STATE_CONNECTION_ESTABLISHED l=1).mark_down
2024-03-07T09:50:03.362 INFO:teuthology.orchestra.run.smithi018.stdout:/usr/bin/ceph: stderr
2024-03-07T09:50:02.810+0000 7f2acb1eb700 1 --2- 172.21.15.18:0/814456648 >> [v2:172.21.15.18:6800/1270389896,v1:172.21.15.18:6801/1270389896] conn(0x7f2ab4038cf0 0x7f2ab403b1b0 secure :-1 s=READY pgs=10 cs=0 l=1 rev1=1 crypto rx=0x7f2ab0006fd0 tx=0x7f2ab0006e40 comp rx=0 tx=0).stop
2024-03-07T09:50:03.362 INFO:teuthology.orchestra.run.smithi018.stdout:/usr/bin/ceph: stderr
2024-03-07T09:50:02.810+0000 7f2acb1eb700 1 -- 172.21.15.18:0/814456648 >> [v2:172.21.15.18:3300/0,v1:172.21.15.18:6789/0] conn(0x7f2ac4105dd0 msgr2=0x7f2ac419ba50 secure :-1 s=STATE_CONNECTION_ESTABLISHED l=1).mark_down
2024-03-07T09:50:03.362 INFO:teuthology.orchestra.run.smithi018.stdout:/usr/bin/ceph: stderr
2024-03-07T09:50:02.810+0000 7f2acb1eb700 1 --2- 172.21.15.18:0/814456648 >> [v2:172.21.15.18:3300/0,v1:172.21.15.18:6789/0] conn(0x7f2ac4105dd0 0x7f2ac419ba50 secure :-1 s=READY pgs=77 cs=0 l=1 rev1=1 crypto rx=0x7f2ab8000c00 tx=0x7f2ab8011c10 comp rx=0 tx=0).stop
2024-03-07T09:50:03.362 INFO:teuthology.orchestra.run.smithi018.stdout:/usr/bin/ceph: stderr
2024-03-07T09:50:02.811+0000 7f2acb1eb700 1 -- 172.21.15.18:0/814456648 shutdown_connections
2024-03-07T09:50:03.362 INFO:teuthology.orchestra.run.smithi018.stdout:/usr/bin/ceph: stderr
2024-03-07T09:50:02.811+0000 7f2acb1eb700 1 --2- 172.21.15.18:0/814456648 >> [v2:172.21.15.18:6800/1270389896,v1:172.21.15.18:6801/1270389896] conn(0x7f2ab4038cf0 0x7f2ab403b1b0 unknown :-1 s=CLOSED pgs=10 cs=0 l=1 rev1=1 crypto rx=0 tx=0 comp rx=0 tx=0).stop
2024-03-07T09:50:03.362 INFO:teuthology.orchestra.run.smithi018.stdout:/usr/bin/ceph: stderr
2024-03-07T09:50:02.811+0000 7f2acb1eb700 1 --2- 172.21.15.18:0/814456648 >> [v2:172.21.15.18:3300/0,v1:172.21.15.18:6789/0] conn(0x7f2ac4105dd0 0x7f2ac419ba50 unknown :-1 s=CLOSED pgs=77 cs=0 l=1 rev1=1 crypto rx=0 tx=0 comp rx=0 tx=0).stop
2024-03-07T09:50:03.362 INFO:teuthology.orchestra.run.smithi018.stdout:/usr/bin/ceph: stderr
2024-03-07T09:50:02.811+0000 7f2acb1eb700 1 -- 172.21.15.18:0/814456648 >> 172.21.15.18:0/814456648 conn(0x7f2ac4101720 msgr2=0x7f2ac41021a0 unknown :-1 s=STATE_NONE l=0).mark_down
2024-03-07T09:50:03.362 INFO:teuthology.orchestra.run.smithi018.stdout:/usr/bin/ceph: stderr
2024-03-07T09:50:02.811+0000 7f2acb1eb700 1 -- 172.21.15.18:0/814456648 shutdown_connections
2024-03-07T09:50:03.363 INFO:teuthology.orchestra.run.smithi018.stdout:/usr/bin/ceph: stderr
2024-03-07T09:50:02.811+0000 7f2acb1eb700 1 -- 172.21.15.18:0/814456648 wait complete.
2024-03-07T09:50:04.698 INFO:teuthology.orchestra.run.smithi018.stdout:/usr/bin/ceph: stderr
2024-03-07T09:50:03.777+0000 7efc4f229700 1 Processor -- start
2024-03-07T09:50:04.698 INFO:teuthology.orchestra.run.smithi018.stdout:/usr/bin/ceph: stderr
2024-03-07T09:50:03.777+0000 7efc4f229700 1 -- start start
2024-03-07T09:50:04.698 INFO:teuthology.orchestra.run.smithi018.stdout:/usr/bin/ceph: stderr
2024-03-07T09:50:03.778+0000 7efc4f229700 1 --2- >> [v2:172.21.15.18:3300/0,v1:172.21.15.18:6789/0] conn(0x7efc481085b0 0x7efc4810a9a0 unknown :-1 s=NONE pgs=0 cs=0 l=0 rev1=0 crypto rx=0 tx=0 comp rx=0 tx=0).connect
2024-03-07T09:50:04.698 INFO:teuthology.orchestra.run.smithi018.stdout:/usr/bin/ceph: stderr
2024-03-07T09:50:03.778+0000 7efc4f229700 1 -- --> [v2:172.21.15.18:3300/0,v1:172.21.15.18:6789/0] -- mon_getmap magic: 0 v1 -- 0x7efc4807bdb0 con 0x7efc481085b0
2024-03-07T09:50:04.698 INFO:teuthology.orchestra.run.smithi018.stdout:/usr/bin/ceph: stderr
2024-03-07T09:50:03.778+0000 7efc4cfc5700 1 --2- >> [v2:172.21.15.18:3300/0,v1:172.21.15.18:6789/0] conn(0x7efc481085b0 0x7efc4810a9a0 unknown :-1 s=BANNER_CONNECTING pgs=0 cs=0 l=0 rev1=0 crypto rx=0 tx=0 comp rx=0 tx=0)._handle_peer_banner_payload supported=3 required=0
2024-03-07T09:50:04.698 INFO:teuthology.orchestra.run.smithi018.stdout:/usr/bin/ceph: stderr
2024-03-07T09:50:03.778+0000 7efc4cfc5700 1 --2- >> [v2:172.21.15.18:3300/0,v1:172.21.15.18:6789/0] conn(0x7efc481085b0 0x7efc4810a9a0 unknown :-1 s=HELLO_CONNECTING pgs=0 cs=0 l=0 rev1=1 crypto rx=0 tx=0 comp rx=0 tx=0).handle_hello peer v2:172.21.15.18:3300/0 says I am v2:172.21.15.18:53792/0 (socket says 172.21.15.18:53792)
2024-03-07T09:50:04.698 INFO:teuthology.orchestra.run.smithi018.stdout:/usr/bin/ceph: stderr
2024-03-07T09:50:03.778+0000 7efc4cfc5700 1 -- 172.21.15.18:0/3423147731 learned_addr learned my addr 172.21.15.18:0/3423147731 (peer_addr_for_me v2:172.21.15.18:0/0)
2024-03-07T09:50:04.699 INFO:teuthology.orchestra.run.smithi018.stdout:/usr/bin/ceph: stderr
2024-03-07T09:50:03.778+0000 7efc4cfc5700 1 -- 172.21.15.18:0/3423147731 --> [v2:172.21.15.18:3300/0,v1:172.21.15.18:6789/0] -- mon_subscribe({config=0+,monmap=0+}) v3 -- 0x7efc4810aee0 con 0x7efc481085b0
2024-03-07T09:50:04.699 INFO:teuthology.orchestra.run.smithi018.stdout:/usr/bin/ceph: stderr
2024-03-07T09:50:03.778+0000 7efc4cfc5700 1 --2- 172.21.15.18:0/3423147731 >> [v2:172.21.15.18:3300/0,v1:172.21.15.18:6789/0] conn(0x7efc481085b0 0x7efc4810a9a0 secure :-1 s=READY pgs=78 cs=0 l=1 rev1=1 crypto rx=0x7efc3c0098a0 tx=0x7efc3c009bb0 comp rx=0 tx=0).ready entity=mon.0 client_cookie=b2e2c908c2707c49 server_cookie=0 in_seq=0 out_seq=0
2024-03-07T09:50:04.699 INFO:teuthology.orchestra.run.smithi018.stdout:/usr/bin/ceph: stderr
2024-03-07T09:50:03.778+0000 7efc477fe700 1 -- 172.21.15.18:0/3423147731 <== mon.0 v2:172.21.15.18:3300/0 1 ==== mon_map magic: 0 v1 ==== 205+0+0 (secure 0 0 0) 0x7efc3c004160 con 0x7efc481085b0
2024-03-07T09:50:04.699 INFO:teuthology.orchestra.run.smithi018.stdout:/usr/bin/ceph: stderr
2024-03-07T09:50:03.778+0000 7efc477fe700 1 -- 172.21.15.18:0/3423147731 <== mon.0 v2:172.21.15.18:3300/0 2 ==== config(27 keys) v1 ==== 1140+0+0 (secure 0 0 0) 0x7efc3c004300 con 0x7efc481085b0
2024-03-07T09:50:04.699 INFO:teuthology.orchestra.run.smithi018.stdout:/usr/bin/ceph: stderr
2024-03-07T09:50:03.778+0000 7efc477fe700 1 -- 172.21.15.18:0/3423147731 <== mon.0 v2:172.21.15.18:3300/0 3 ==== mon_map magic: 0 v1 ==== 205+0+0 (secure 0 0 0) 0x7efc3c011b20 con 0x7efc481085b0
2024-03-07T09:50:04.699 INFO:teuthology.orchestra.run.smithi018.stdout:/usr/bin/ceph: stderr
2024-03-07T09:50:03.779+0000 7efc4f229700 1 -- 172.21.15.18:0/3423147731 >> [v2:172.21.15.18:3300/0,v1:172.21.15.18:6789/0] conn(0x7efc481085b0 msgr2=0x7efc4810a9a0 secure :-1 s=STATE_CONNECTION_ESTABLISHED l=1).mark_down
2024-03-07T09:50:04.699 INFO:teuthology.orchestra.run.smithi018.stdout:/usr/bin/ceph: stderr
2024-03-07T09:50:03.779+0000 7efc4f229700 1 --2- 172.21.15.18:0/3423147731 >> [v2:172.21.15.18:3300/0,v1:172.21.15.18:6789/0] conn(0x7efc481085b0 0x7efc4810a9a0 secure :-1 s=READY pgs=78 cs=0 l=1 rev1=1 crypto rx=0x7efc3c0098a0 tx=0x7efc3c009bb0 comp rx=0 tx=0).stop
2024-03-07T09:50:04.699 INFO:teuthology.orchestra.run.smithi018.stdout:/usr/bin/ceph: stderr
2024-03-07T09:50:03.779+0000 7efc4f229700 1 -- 172.21.15.18:0/3423147731 shutdown_connections
2024-03-07T09:50:04.699 INFO:teuthology.orchestra.run.smithi018.stdout:/usr/bin/ceph: stderr
2024-03-07T09:50:03.779+0000 7efc4f229700 1 --2- 172.21.15.18:0/3423147731 >> [v2:172.21.15.18:3300/0,v1:172.21.15.18:6789/0] conn(0x7efc481085b0 0x7efc4810a9a0 unknown :-1 s=CLOSED pgs=78 cs=0 l=1 rev1=1 crypto rx=0 tx=0 comp rx=0 tx=0).stop
2024-03-07T09:50:04.699 INFO:teuthology.orchestra.run.smithi018.stdout:/usr/bin/ceph: stderr
2024-03-07T09:50:03.779+0000 7efc4f229700 1 -- 172.21.15.18:0/3423147731 >> 172.21.15.18:0/3423147731 conn(0x7efc48101f80 msgr2=0x7efc481043a0 unknown :-1 s=STATE_NONE l=0).mark_down
2024-03-07T09:50:04.699 INFO:teuthology.orchestra.run.smithi018.stdout:/usr/bin/ceph: stderr
2024-03-07T09:50:03.779+0000 7efc4f229700 1 -- 172.21.15.18:0/3423147731 shutdown_connections
2024-03-07T09:50:04.699 INFO:teuthology.orchestra.run.smithi018.stdout:/usr/bin/ceph: stderr
2024-03-07T09:50:03.779+0000 7efc4f229700 1 -- 172.21.15.18:0/3423147731 wait complete.
2024-03-07T09:50:04.700 INFO:teuthology.orchestra.run.smithi018.stdout:/usr/bin/ceph: stderr
2024-03-07T09:50:03.780+0000 7efc4f229700 1 Processor -- start
2024-03-07T09:50:04.700 INFO:teuthology.orchestra.run.smithi018.stdout:/usr/bin/ceph: stderr
2024-03-07T09:50:03.780+0000 7efc4f229700 1 -- start start
2024-03-07T09:50:04.700 INFO:teuthology.orchestra.run.smithi018.stdout:/usr/bin/ceph: stderr
2024-03-07T09:50:03.780+0000 7efc4f229700 1 --2- >> [v2:172.21.15.18:3300/0,v1:172.21.15.18:6789/0] conn(0x7efc481085b0 0x7efc4819dc10 unknown :-1 s=NONE pgs=0 cs=0 l=1 rev1=0 crypto rx=0 tx=0 comp rx=0 tx=0).connect
2024-03-07T09:50:04.700 INFO:teuthology.orchestra.run.smithi018.stdout:/usr/bin/ceph: stderr
2024-03-07T09:50:03.780+0000 7efc4f229700 1 -- --> [v2:172.21.15.18:3300/0,v1:172.21.15.18:6789/0] -- mon_getmap magic: 0 v1 -- 0x7efc4810be90 con 0x7efc481085b0
2024-03-07T09:50:04.700 INFO:teuthology.orchestra.run.smithi018.stdout:/usr/bin/ceph: stderr
2024-03-07T09:50:03.780+0000 7efc4cfc5700 1 --2- >> [v2:172.21.15.18:3300/0,v1:172.21.15.18:6789/0] conn(0x7efc481085b0 0x7efc4819dc10 unknown :-1 s=BANNER_CONNECTING pgs=0 cs=0 l=1 rev1=0 crypto rx=0 tx=0 comp rx=0 tx=0)._handle_peer_banner_payload supported=3 required=0
2024-03-07T09:50:04.700 INFO:teuthology.orchestra.run.smithi018.stdout:/usr/bin/ceph: stderr
2024-03-07T09:50:03.780+0000 7efc4cfc5700 1 --2- >> [v2:172.21.15.18:3300/0,v1:172.21.15.18:6789/0] conn(0x7efc481085b0 0x7efc4819dc10 unknown :-1 s=HELLO_CONNECTING pgs=0 cs=0 l=1 rev1=1 crypto rx=0 tx=0 comp rx=0 tx=0).handle_hello peer v2:172.21.15.18:3300/0 says I am v2:172.21.15.18:53800/0 (socket says 172.21.15.18:53800)
2024-03-07T09:50:04.700 INFO:teuthology.orchestra.run.smithi018.stdout:/usr/bin/ceph: stderr
2024-03-07T09:50:03.780+0000 7efc4cfc5700 1 -- 172.21.15.18:0/2951350310 learned_addr learned my addr 172.21.15.18:0/2951350310 (peer_addr_for_me v2:172.21.15.18:0/0)
2024-03-07T09:50:04.700 INFO:teuthology.orchestra.run.smithi018.stdout:/usr/bin/ceph: stderr
2024-03-07T09:50:03.780+0000 7efc4cfc5700 1 -- 172.21.15.18:0/2951350310 --> [v2:172.21.15.18:3300/0,v1:172.21.15.18:6789/0] -- mon_subscribe({config=0+,monmap=0+}) v3 -- 0x7efc4819e150 con 0x7efc481085b0
2024-03-07T09:50:04.700 INFO:teuthology.orchestra.run.smithi018.stdout:/usr/bin/ceph: stderr
2024-03-07T09:50:03.781+0000 7efc4cfc5700 1 --2- 172.21.15.18:0/2951350310 >> [v2:172.21.15.18:3300/0,v1:172.21.15.18:6789/0] conn(0x7efc481085b0 0x7efc4819dc10 secure :-1 s=READY pgs=79 cs=0 l=1 rev1=1 crypto rx=0x7efc3c011b60 tx=0x7efc3c011c40 comp rx=0 tx=0).ready entity=mon.0 client_cookie=0 server_cookie=0 in_seq=0 out_seq=0
2024-03-07T09:50:04.700 INFO:teuthology.orchestra.run.smithi018.stdout:/usr/bin/ceph: stderr
2024-03-07T09:50:03.781+0000 7efc45ffb700 1 -- 172.21.15.18:0/2951350310 <== mon.0 v2:172.21.15.18:3300/0 1 ==== mon_map magic: 0 v1 ==== 205+0+0 (secure 0 0 0) 0x7efc3c003b60 con 0x7efc481085b0
2024-03-07T09:50:04.700 INFO:teuthology.orchestra.run.smithi018.stdout:/usr/bin/ceph: stderr
2024-03-07T09:50:03.781+0000 7efc45ffb700 1 -- 172.21.15.18:0/2951350310 <== mon.0 v2:172.21.15.18:3300/0 2 ==== config(27 keys) v1 ==== 1140+0+0 (secure 0 0 0) 0x7efc3c01a910 con 0x7efc481085b0
2024-03-07T09:50:04.700 INFO:teuthology.orchestra.run.smithi018.stdout:/usr/bin/ceph: stderr
2024-03-07T09:50:03.781+0000 7efc4f229700 1 -- 172.21.15.18:0/2951350310 --> [v2:172.21.15.18:3300/0,v1:172.21.15.18:6789/0] -- mon_subscribe({mgrmap=0+}) v3 -- 0x7efc4819e3e0 con 0x7efc481085b0
2024-03-07T09:50:04.700 INFO:teuthology.orchestra.run.smithi018.stdout:/usr/bin/ceph: stderr
2024-03-07T09:50:03.781+0000 7efc45ffb700 1 -- 172.21.15.18:0/2951350310 <== mon.0 v2:172.21.15.18:3300/0 3 ==== mon_map magic: 0 v1 ==== 205+0+0 (secure 0 0 0) 0x7efc3c024930 con 0x7efc481085b0
2024-03-07T09:50:04.701 INFO:teuthology.orchestra.run.smithi018.stdout:/usr/bin/ceph: stderr
2024-03-07T09:50:03.781+0000 7efc4f229700 1 -- 172.21.15.18:0/2951350310 --> [v2:172.21.15.18:3300/0,v1:172.21.15.18:6789/0] -- mon_subscribe({osdmap=0}) v3 -- 0x7efc4819e840 con 0x7efc481085b0
2024-03-07T09:50:04.701 INFO:teuthology.orchestra.run.smithi018.stdout:/usr/bin/ceph: stderr
2024-03-07T09:50:03.782+0000 7efc45ffb700 1 -- 172.21.15.18:0/2951350310 <== mon.0 v2:172.21.15.18:3300/0 4 ==== mgrmap(e 13) v1 ==== 45983+0+0 (secure 0 0 0) 0x7efc3c022020 con 0x7efc481085b0
2024-03-07T09:50:04.701 INFO:teuthology.orchestra.run.smithi018.stdout:/usr/bin/ceph: stderr
2024-03-07T09:50:03.782+0000 7efc4f229700 1 -- 172.21.15.18:0/2951350310 --> [v2:172.21.15.18:3300/0,v1:172.21.15.18:6789/0] -- mon_command({"prefix": "get_command_descriptions"} v 0) v1 -- 0x7efc48063780 con 0x7efc481085b0
2024-03-07T09:50:04.701 INFO:teuthology.orchestra.run.smithi018.stdout:/usr/bin/ceph: stderr
2024-03-07T09:50:03.782+0000 7efc45ffb700 1 --2- 172.21.15.18:0/2951350310 >> [v2:172.21.15.18:6800/1270389896,v1:172.21.15.18:6801/1270389896] conn(0x7efc38038cf0 0x7efc3803b1b0 unknown :-1 s=NONE pgs=0 cs=0 l=1 rev1=0 crypto rx=0 tx=0 comp rx=0 tx=0).connect
2024-03-07T09:50:04.701 INFO:teuthology.orchestra.run.smithi018.stdout:/usr/bin/ceph: stderr
2024-03-07T09:50:03.782+0000 7efc45ffb700 1 -- 172.21.15.18:0/2951350310 <== mon.0 v2:172.21.15.18:3300/0 5 ==== osd_map(3..3 src has 1..3) v4 ==== 1155+0+0 (secure 0 0 0) 0x7efc3c01aac0 con 0x7efc481085b0
2024-03-07T09:50:04.701 INFO:teuthology.orchestra.run.smithi018.stdout:/usr/bin/ceph: stderr
2024-03-07T09:50:03.782+0000 7efc47fff700 1 --2- 172.21.15.18:0/2951350310 >> [v2:172.21.15.18:6800/1270389896,v1:172.21.15.18:6801/1270389896] conn(0x7efc38038cf0 0x7efc3803b1b0 unknown :-1 s=BANNER_CONNECTING pgs=0 cs=0 l=1 rev1=0 crypto rx=0 tx=0 comp rx=0 tx=0)._handle_peer_banner_payload supported=3 required=0
2024-03-07T09:50:04.701 INFO:teuthology.orchestra.run.smithi018.stdout:/usr/bin/ceph: stderr
2024-03-07T09:50:03.783+0000 7efc47fff700 1 --2- 172.21.15.18:0/2951350310 >> [v2:172.21.15.18:6800/1270389896,v1:172.21.15.18:6801/1270389896] conn(0x7efc38038cf0 0x7efc3803b1b0 secure :-1 s=READY pgs=11 cs=0 l=1 rev1=1 crypto rx=0x7efc34006fd0 tx=0x7efc34006e40 comp rx=0 tx=0).ready entity=mgr.14152 client_cookie=0 server_cookie=0 in_seq=0 out_seq=0
2024-03-07T09:50:04.701 INFO:teuthology.orchestra.run.smithi018.stdout:/usr/bin/ceph: stderr
2024-03-07T09:50:03.787+0000 7efc45ffb700 1 -- 172.21.15.18:0/2951350310 <== mon.0 v2:172.21.15.18:3300/0 6 ==== mon_command_ack([{"prefix": "get_command_descriptions"}]=0 v0) v1 ==== 72+0+184932 (secure 0 0 0) 0x7efc3c00bc70 con 0x7efc481085b0
2024-03-07T09:50:04.701 INFO:teuthology.orchestra.run.smithi018.stdout:/usr/bin/ceph: stderr
2024-03-07T09:50:04.112+0000 7efc4f229700 1 -- 172.21.15.18:0/2951350310 --> [v2:172.21.15.18:3300/0,v1:172.21.15.18:6789/0] -- mon_command([{prefix=config-key set, key=mgr/dashboard/cluster/status}] v 0) v1 -- 0x7efc481a1210 con 0x7efc481085b0
2024-03-07T09:50:04.701 INFO:teuthology.orchestra.run.smithi018.stdout:/usr/bin/ceph: stderr
2024-03-07T09:50:04.115+0000 7efc45ffb700 1 -- 172.21.15.18:0/2951350310 <== mon.0 v2:172.21.15.18:3300/0 7 ==== mon_command_ack([{prefix=config-key set, key=mgr/dashboard/cluster/status}]=0 set mgr/dashboard/cluster/status v28)=0 set mgr/dashboard/cluster/status v28) v1 ==== 153+0+0 (secure 0 0 0) 0x7efc3c02d770 con 0x7efc481085b0
2024-03-07T09:50:04.701 INFO:teuthology.orchestra.run.smithi018.stdout:/usr/bin/ceph: stderr
2024-03-07T09:50:04.117+0000 7efc4f229700 1 -- 172.21.15.18:0/2951350310 >> [v2:172.21.15.18:6800/1270389896,v1:172.21.15.18:6801/1270389896] conn(0x7efc38038cf0 msgr2=0x7efc3803b1b0 secure :-1 s=STATE_CONNECTION_ESTABLISHED l=1).mark_down
2024-03-07T09:50:04.701 INFO:teuthology.orchestra.run.smithi018.stdout:/usr/bin/ceph: stderr
