2024-03-15T12:48:42.414+0000 7f34b0ff9700 1 -- 172.21.15.2:0/2218290318 <== mon.0 v2:172.21.15.2:3300/0 7 ==== mon_command_ack([{"prefix": "status", "format": "json-pretty"}]=0 v0) v1 ==== 79+0+1239 (secure 0 0 0) 0x7f34a4023c20 con 0x7f34b41083b0
2024-03-15T12:48:42.964 INFO:teuthology.orchestra.run.smithi002.stdout:/usr/bin/ceph: stderr
2024-03-15T12:48:42.416+0000 7f34b95bf700 1 -- 172.21.15.2:0/2218290318 >> [v2:172.21.15.2:6800/3111414481,v1:172.21.15.2:6801/3111414481] conn(0x7f34a0038c10 msgr2=0x7f34a003b0d0 secure :-1 s=STATE_CONNECTION_ESTABLISHED l=1).mark_down
2024-03-15T12:48:42.964 INFO:teuthology.orchestra.run.smithi002.stdout:/usr/bin/ceph: stderr
2024-03-15T12:48:42.416+0000 7f34b95bf700 1 --2- 172.21.15.2:0/2218290318 >> [v2:172.21.15.2:6800/3111414481,v1:172.21.15.2:6801/3111414481] conn(0x7f34a0038c10 0x7f34a003b0d0 secure :-1 s=READY pgs=6 cs=0 l=1 rev1=1 crypto rx=0x7f349c006fd0 tx=0x7f349c006e40 comp rx=0 tx=0).stop
2024-03-15T12:48:42.964 INFO:teuthology.orchestra.run.smithi002.stdout:/usr/bin/ceph: stderr
2024-03-15T12:48:42.416+0000 7f34b95bf700 1 -- 172.21.15.2:0/2218290318 >> [v2:172.21.15.2:3300/0,v1:172.21.15.2:6789/0] conn(0x7f34b41083b0 msgr2=0x7f34b4107c30 secure :-1 s=STATE_CONNECTION_ESTABLISHED l=1).mark_down
2024-03-15T12:48:42.965 INFO:teuthology.orchestra.run.smithi002.stdout:/usr/bin/ceph: stderr
2024-03-15T12:48:42.416+0000 7f34b95bf700 1 --2- 172.21.15.2:0/2218290318 >> [v2:172.21.15.2:3300/0,v1:172.21.15.2:6789/0] conn(0x7f34b41083b0 0x7f34b4107c30 secure :-1 s=READY pgs=17 cs=0 l=1 rev1=1 crypto rx=0x7f34a4006af0 tx=0x7f34a4011b70 comp rx=0 tx=0).stop
2024-03-15T12:48:42.965 INFO:teuthology.orchestra.run.smithi002.stdout:/usr/bin/ceph: stderr
2024-03-15T12:48:42.416+0000 7f34b95bf700 1 -- 172.21.15.2:0/2218290318 shutdown_connections
2024-03-15T12:48:42.965 INFO:teuthology.orchestra.run.smithi002.stdout:/usr/bin/ceph: stderr
2024-03-15T12:48:42.416+0000 7f34b95bf700 1 --2- 172.21.15.2:0/2218290318 >> [v2:172.21.15.2:6800/3111414481,v1:172.21.15.2:6801/3111414481] conn(0x7f34a0038c10 0x7f34a003b0d0 unknown :-1 s=CLOSED pgs=6 cs=0 l=1 rev1=1 crypto rx=0 tx=0 comp rx=0 tx=0).stop
2024-03-15T12:48:42.965 INFO:teuthology.orchestra.run.smithi002.stdout:/usr/bin/ceph: stderr
2024-03-15T12:48:42.416+0000 7f34b95bf700 1 --2- 172.21.15.2:0/2218290318 >> [v2:172.21.15.2:3300/0,v1:172.21.15.2:6789/0] conn(0x7f34b41083b0 0x7f34b4107c30 unknown :-1 s=CLOSED pgs=17 cs=0 l=1 rev1=1 crypto rx=0 tx=0 comp rx=0 tx=0).stop
2024-03-15T12:48:42.965 INFO:teuthology.orchestra.run.smithi002.stdout:/usr/bin/ceph: stderr
2024-03-15T12:48:42.416+0000 7f34b95bf700 1 -- 172.21.15.2:0/2218290318 >> 172.21.15.2:0/2218290318 conn(0x7f34b4101e00 msgr2=0x7f34b41028f0 unknown :-1 s=STATE_NONE l=0).mark_down
2024-03-15T12:48:42.965 INFO:teuthology.orchestra.run.smithi002.stdout:/usr/bin/ceph: stderr
2024-03-15T12:48:42.416+0000 7f34b95bf700 1 -- 172.21.15.2:0/2218290318 shutdown_connections
2024-03-15T12:48:42.965 INFO:teuthology.orchestra.run.smithi002.stdout:/usr/bin/ceph: stderr
2024-03-15T12:48:42.416+0000 7f34b95bf700 1 -- 172.21.15.2:0/2218290318 wait complete.
2024-03-15T12:48:42.965 INFO:teuthology.orchestra.run.smithi002.stdout:mgr is available
2024-03-15T12:48:43.862 INFO:journalctl@ceph.mon.a.smithi002.stdout:Mar 15 12:48:43 smithi002 ceph-mon[32060]: from='client.? 172.21.15.2:0/405366189' entity='client.admin' cmd=[{"prefix": "config assimilate-conf"}]: dispatch
2024-03-15T12:48:44.098 INFO:teuthology.orchestra.run.smithi002.stdout:/usr/bin/ceph: stdout
2024-03-15T12:48:44.098 INFO:teuthology.orchestra.run.smithi002.stdout:/usr/bin/ceph: stdout [global]
2024-03-15T12:48:44.098 INFO:teuthology.orchestra.run.smithi002.stdout:/usr/bin/ceph: stdout fsid = 2767718a-e2ca-11ee-95c9-87774f69a715
2024-03-15T12:48:44.098 INFO:teuthology.orchestra.run.smithi002.stdout:/usr/bin/ceph: stdout mon_osd_allow_pg_remap = true
2024-03-15T12:48:44.098 INFO:teuthology.orchestra.run.smithi002.stdout:/usr/bin/ceph: stdout mon_osd_allow_primary_affinity = true
2024-03-15T12:48:44.098 INFO:teuthology.orchestra.run.smithi002.stdout:/usr/bin/ceph: stdout mon_warn_on_no_sortbitwise = false
2024-03-15T12:48:44.098 INFO:teuthology.orchestra.run.smithi002.stdout:/usr/bin/ceph: stdout osd_crush_chooseleaf_type = 0
2024-03-15T12:48:44.098 INFO:teuthology.orchestra.run.smithi002.stdout:/usr/bin/ceph: stdout
2024-03-15T12:48:44.098 INFO:teuthology.orchestra.run.smithi002.stdout:/usr/bin/ceph: stdout [mgr]
2024-03-15T12:48:44.098 INFO:teuthology.orchestra.run.smithi002.stdout:/usr/bin/ceph: stdout mgr/telemetry/nag = false
2024-03-15T12:48:44.098 INFO:teuthology.orchestra.run.smithi002.stdout:/usr/bin/ceph: stdout
2024-03-15T12:48:44.099 INFO:teuthology.orchestra.run.smithi002.stdout:/usr/bin/ceph: stdout [osd]
2024-03-15T12:48:44.099 INFO:teuthology.orchestra.run.smithi002.stdout:/usr/bin/ceph: stdout mon_osd_backfillfull_ratio = 0.85
2024-03-15T12:48:44.099 INFO:teuthology.orchestra.run.smithi002.stdout:/usr/bin/ceph: stdout mon_osd_full_ratio = 0.9
2024-03-15T12:48:44.099 INFO:teuthology.orchestra.run.smithi002.stdout:/usr/bin/ceph: stdout mon_osd_nearfull_ratio = 0.8
2024-03-15T12:48:44.099 INFO:teuthology.orchestra.run.smithi002.stdout:/usr/bin/ceph: stdout osd_map_max_advance = 10
2024-03-15T12:48:44.099 INFO:teuthology.orchestra.run.smithi002.stdout:/usr/bin/ceph: stdout osd_sloppy_crc = true
2024-03-15T12:48:44.099 INFO:teuthology.orchestra.run.smithi002.stdout:/usr/bin/ceph: stderr
2024-03-15T12:48:43.373+0000 7fd1e713f700 1 Processor -- start
2024-03-15T12:48:44.099 INFO:teuthology.orchestra.run.smithi002.stdout:/usr/bin/ceph: stderr
2024-03-15T12:48:43.373+0000 7fd1e713f700 1 -- start start
2024-03-15T12:48:44.099 INFO:teuthology.orchestra.run.smithi002.stdout:/usr/bin/ceph: stderr
2024-03-15T12:48:43.374+0000 7fd1e713f700 1 --2- >> [v2:172.21.15.2:3300/0,v1:172.21.15.2:6789/0] conn(0x7fd1e0105bd0 0x7fd1e0105ff0 unknown :-1 s=NONE pgs=0 cs=0 l=0 rev1=0 crypto rx=0 tx=0 comp rx=0 tx=0).connect
2024-03-15T12:48:44.099 INFO:teuthology.orchestra.run.smithi002.stdout:/usr/bin/ceph: stderr
2024-03-15T12:48:43.374+0000 7fd1e713f700 1 -- --> [v2:172.21.15.2:3300/0,v1:172.21.15.2:6789/0] -- mon_getmap magic: 0 v1 -- 0x7fd1e01065c0 con 0x7fd1e0105bd0
2024-03-15T12:48:44.099 INFO:teuthology.orchestra.run.smithi002.stdout:/usr/bin/ceph: stderr
2024-03-15T12:48:43.374+0000 7fd1e4edb700 1 --2- >> [v2:172.21.15.2:3300/0,v1:172.21.15.2:6789/0] conn(0x7fd1e0105bd0 0x7fd1e0105ff0 unknown :-1 s=BANNER_CONNECTING pgs=0 cs=0 l=0 rev1=0 crypto rx=0 tx=0 comp rx=0 tx=0)._handle_peer_banner_payload supported=3 required=0
2024-03-15T12:48:44.099 INFO:teuthology.orchestra.run.smithi002.stdout:/usr/bin/ceph: stderr
2024-03-15T12:48:43.374+0000 7fd1e4edb700 1 --2- >> [v2:172.21.15.2:3300/0,v1:172.21.15.2:6789/0] conn(0x7fd1e0105bd0 0x7fd1e0105ff0 unknown :-1 s=HELLO_CONNECTING pgs=0 cs=0 l=0 rev1=1 crypto rx=0 tx=0 comp rx=0 tx=0).handle_hello peer v2:172.21.15.2:3300/0 says I am v2:172.21.15.2:56034/0 (socket says 172.21.15.2:56034)
2024-03-15T12:48:44.100 INFO:teuthology.orchestra.run.smithi002.stdout:/usr/bin/ceph: stderr
2024-03-15T12:48:43.374+0000 7fd1e4edb700 1 -- 172.21.15.2:0/2291464812 learned_addr learned my addr 172.21.15.2:0/2291464812 (peer_addr_for_me v2:172.21.15.2:0/0)
2024-03-15T12:48:44.100 INFO:teuthology.orchestra.run.smithi002.stdout:/usr/bin/ceph: stderr
2024-03-15T12:48:43.374+0000 7fd1e4edb700 1 -- 172.21.15.2:0/2291464812 --> [v2:172.21.15.2:3300/0,v1:172.21.15.2:6789/0] -- mon_subscribe({config=0+,monmap=0+}) v3 -- 0x7fd1e0108b60 con 0x7fd1e0105bd0
2024-03-15T12:48:44.100 INFO:teuthology.orchestra.run.smithi002.stdout:/usr/bin/ceph: stderr
2024-03-15T12:48:43.374+0000 7fd1e4edb700 1 --2- 172.21.15.2:0/2291464812 >> [v2:172.21.15.2:3300/0,v1:172.21.15.2:6789/0] conn(0x7fd1e0105bd0 0x7fd1e0105ff0 secure :-1 s=READY pgs=18 cs=0 l=1 rev1=1 crypto rx=0x7fd1d40098a0 tx=0x7fd1d4009bb0 comp rx=0 tx=0).ready entity=mon.0 client_cookie=de0ca49427e304af server_cookie=0 in_seq=0 out_seq=0
2024-03-15T12:48:44.100 INFO:teuthology.orchestra.run.smithi002.stdout:/usr/bin/ceph: stderr
2024-03-15T12:48:43.374+0000 7fd1df7fe700 1 -- 172.21.15.2:0/2291464812 <== mon.0 v2:172.21.15.2:3300/0 1 ==== mon_map magic: 0 v1 ==== 205+0+0 (secure 0 0 0) 0x7fd1d4004160 con 0x7fd1e0105bd0
2024-03-15T12:48:44.100 INFO:teuthology.orchestra.run.smithi002.stdout:/usr/bin/ceph: stderr
2024-03-15T12:48:43.375+0000 7fd1df7fe700 1 -- 172.21.15.2:0/2291464812 <== mon.0 v2:172.21.15.2:3300/0 2 ==== config(27 keys) v1 ==== 1105+0+0 (secure 0 0 0) 0x7fd1d40042c0 con 0x7fd1e0105bd0
2024-03-15T12:48:44.100 INFO:teuthology.orchestra.run.smithi002.stdout:/usr/bin/ceph: stderr
2024-03-15T12:48:43.375+0000 7fd1df7fe700 1 -- 172.21.15.2:0/2291464812 <== mon.0 v2:172.21.15.2:3300/0 3 ==== mon_map magic: 0 v1 ==== 205+0+0 (secure 0 0 0) 0x7fd1d4011ab0 con 0x7fd1e0105bd0
2024-03-15T12:48:44.100 INFO:teuthology.orchestra.run.smithi002.stdout:/usr/bin/ceph: stderr
2024-03-15T12:48:43.375+0000 7fd1e713f700 1 -- 172.21.15.2:0/2291464812 >> [v2:172.21.15.2:3300/0,v1:172.21.15.2:6789/0] conn(0x7fd1e0105bd0 msgr2=0x7fd1e0105ff0 secure :-1 s=STATE_CONNECTION_ESTABLISHED l=1).mark_down
2024-03-15T12:48:44.100 INFO:teuthology.orchestra.run.smithi002.stdout:/usr/bin/ceph: stderr
2024-03-15T12:48:43.375+0000 7fd1e713f700 1 --2- 172.21.15.2:0/2291464812 >> [v2:172.21.15.2:3300/0,v1:172.21.15.2:6789/0] conn(0x7fd1e0105bd0 0x7fd1e0105ff0 secure :-1 s=READY pgs=18 cs=0 l=1 rev1=1 crypto rx=0x7fd1d40098a0 tx=0x7fd1d4009bb0 comp rx=0 tx=0).stop
2024-03-15T12:48:44.100 INFO:teuthology.orchestra.run.smithi002.stdout:/usr/bin/ceph: stderr
2024-03-15T12:48:43.375+0000 7fd1e713f700 1 -- 172.21.15.2:0/2291464812 shutdown_connections
2024-03-15T12:48:44.100 INFO:teuthology.orchestra.run.smithi002.stdout:/usr/bin/ceph: stderr
2024-03-15T12:48:43.375+0000 7fd1e713f700 1 --2- 172.21.15.2:0/2291464812 >> [v2:172.21.15.2:3300/0,v1:172.21.15.2:6789/0] conn(0x7fd1e0105bd0 0x7fd1e0105ff0 unknown :-1 s=CLOSED pgs=18 cs=0 l=1 rev1=1 crypto rx=0 tx=0 comp rx=0 tx=0).stop
2024-03-15T12:48:44.100 INFO:teuthology.orchestra.run.smithi002.stdout:/usr/bin/ceph: stderr
2024-03-15T12:48:43.375+0000 7fd1e713f700 1 -- 172.21.15.2:0/2291464812 >> 172.21.15.2:0/2291464812 conn(0x7fd1e0101560 msgr2=0x7fd1e0103980 unknown :-1 s=STATE_NONE l=0).mark_down
2024-03-15T12:48:44.100 INFO:teuthology.orchestra.run.smithi002.stdout:/usr/bin/ceph: stderr
2024-03-15T12:48:43.375+0000 7fd1e713f700 1 -- 172.21.15.2:0/2291464812 shutdown_connections
2024-03-15T12:48:44.100 INFO:teuthology.orchestra.run.smithi002.stdout:/usr/bin/ceph: stderr
2024-03-15T12:48:43.375+0000 7fd1e713f700 1 -- 172.21.15.2:0/2291464812 wait complete.
2024-03-15T12:48:44.101 INFO:teuthology.orchestra.run.smithi002.stdout:/usr/bin/ceph: stderr
2024-03-15T12:48:43.376+0000 7fd1e713f700 1 Processor -- start
2024-03-15T12:48:44.101 INFO:teuthology.orchestra.run.smithi002.stdout:/usr/bin/ceph: stderr
2024-03-15T12:48:43.376+0000 7fd1e713f700 1 -- start start
2024-03-15T12:48:44.101 INFO:teuthology.orchestra.run.smithi002.stdout:/usr/bin/ceph: stderr
2024-03-15T12:48:43.376+0000 7fd1e713f700 1 --2- >> [v2:172.21.15.2:3300/0,v1:172.21.15.2:6789/0] conn(0x7fd1e0105bd0 0x7fd1e019b740 unknown :-1 s=NONE pgs=0 cs=0 l=1 rev1=0 crypto rx=0 tx=0 comp rx=0 tx=0).connect
2024-03-15T12:48:44.101 INFO:teuthology.orchestra.run.smithi002.stdout:/usr/bin/ceph: stderr
2024-03-15T12:48:43.376+0000 7fd1e713f700 1 -- --> [v2:172.21.15.2:3300/0,v1:172.21.15.2:6789/0] -- mon_getmap magic: 0 v1 -- 0x7fd1e019bc80 con 0x7fd1e0105bd0
2024-03-15T12:48:44.101 INFO:teuthology.orchestra.run.smithi002.stdout:/usr/bin/ceph: stderr
2024-03-15T12:48:43.376+0000 7fd1e4edb700 1 --2- >> [v2:172.21.15.2:3300/0,v1:172.21.15.2:6789/0] conn(0x7fd1e0105bd0 0x7fd1e019b740 unknown :-1 s=BANNER_CONNECTING pgs=0 cs=0 l=1 rev1=0 crypto rx=0 tx=0 comp rx=0 tx=0)._handle_peer_banner_payload supported=3 required=0
2024-03-15T12:48:44.101 INFO:teuthology.orchestra.run.smithi002.stdout:/usr/bin/ceph: stderr
2024-03-15T12:48:43.376+0000 7fd1e4edb700 1 --2- >> [v2:172.21.15.2:3300/0,v1:172.21.15.2:6789/0] conn(0x7fd1e0105bd0 0x7fd1e019b740 unknown :-1 s=HELLO_CONNECTING pgs=0 cs=0 l=1 rev1=1 crypto rx=0 tx=0 comp rx=0 tx=0).handle_hello peer v2:172.21.15.2:3300/0 says I am v2:172.21.15.2:56046/0 (socket says 172.21.15.2:56046)
2024-03-15T12:48:44.101 INFO:teuthology.orchestra.run.smithi002.stdout:/usr/bin/ceph: stderr
2024-03-15T12:48:43.376+0000 7fd1e4edb700 1 -- 172.21.15.2:0/405366189 learned_addr learned my addr 172.21.15.2:0/405366189 (peer_addr_for_me v2:172.21.15.2:0/0)
2024-03-15T12:48:44.101 INFO:teuthology.orchestra.run.smithi002.stdout:/usr/bin/ceph: stderr
2024-03-15T12:48:43.376+0000 7fd1e4edb700 1 -- 172.21.15.2:0/405366189 --> [v2:172.21.15.2:3300/0,v1:172.21.15.2:6789/0] -- mon_subscribe({config=0+,monmap=0+}) v3 -- 0x7fd1d4009550 con 0x7fd1e0105bd0
2024-03-15T12:48:44.101 INFO:teuthology.orchestra.run.smithi002.stdout:/usr/bin/ceph: stderr
2024-03-15T12:48:43.376+0000 7fd1e4edb700 1 --2- 172.21.15.2:0/405366189 >> [v2:172.21.15.2:3300/0,v1:172.21.15.2:6789/0] conn(0x7fd1e0105bd0 0x7fd1e019b740 secure :-1 s=READY pgs=19 cs=0 l=1 rev1=1 crypto rx=0x7fd1d4011670 tx=0x7fd1d4011b70 comp rx=0 tx=0).ready entity=mon.0 client_cookie=0 server_cookie=0 in_seq=0 out_seq=0
2024-03-15T12:48:44.101 INFO:teuthology.orchestra.run.smithi002.stdout:/usr/bin/ceph: stderr
2024-03-15T12:48:43.377+0000 7fd1ddffb700 1 -- 172.21.15.2:0/405366189 <== mon.0 v2:172.21.15.2:3300/0 1 ==== mon_map magic: 0 v1 ==== 205+0+0 (secure 0 0 0) 0x7fd1d40039f0 con 0x7fd1e0105bd0
2024-03-15T12:48:44.101 INFO:teuthology.orchestra.run.smithi002.stdout:/usr/bin/ceph: stderr
2024-03-15T12:48:43.377+0000 7fd1ddffb700 1 -- 172.21.15.2:0/405366189 <== mon.0 v2:172.21.15.2:3300/0 2 ==== config(27 keys) v1 ==== 1105+0+0 (secure 0 0 0) 0x7fd1d4003b50 con 0x7fd1e0105bd0
2024-03-15T12:48:44.101 INFO:teuthology.orchestra.run.smithi002.stdout:/usr/bin/ceph: stderr
2024-03-15T12:48:43.377+0000 7fd1e713f700 1 -- 172.21.15.2:0/405366189 --> [v2:172.21.15.2:3300/0,v1:172.21.15.2:6789/0] -- mon_subscribe({mgrmap=0+}) v3 -- 0x7fd1e019be80 con 0x7fd1e0105bd0
2024-03-15T12:48:44.101 INFO:teuthology.orchestra.run.smithi002.stdout:/usr/bin/ceph: stderr
2024-03-15T12:48:43.377+0000 7fd1ddffb700 1 -- 172.21.15.2:0/405366189 <== mon.0 v2:172.21.15.2:3300/0 3 ==== mon_map magic: 0 v1 ==== 205+0+0 (secure 0 0 0) 0x7fd1d40197f0 con 0x7fd1e0105bd0
2024-03-15T12:48:44.101 INFO:teuthology.orchestra.run.smithi002.stdout:/usr/bin/ceph: stderr
2024-03-15T12:48:43.377+0000 7fd1e713f700 1 -- 172.21.15.2:0/405366189 --> [v2:172.21.15.2:3300/0,v1:172.21.15.2:6789/0] -- mon_subscribe({osdmap=0}) v3 -- 0x7fd1e019c320 con 0x7fd1e0105bd0
2024-03-15T12:48:44.102 INFO:teuthology.orchestra.run.smithi002.stdout:/usr/bin/ceph: stderr
2024-03-15T12:48:43.378+0000 7fd1ddffb700 1 -- 172.21.15.2:0/405366189 <== mon.0 v2:172.21.15.2:3300/0 4 ==== mgrmap(e 4) v1 ==== 45758+0+0 (secure 0 0 0) 0x7fd1d4019a60 con 0x7fd1e0105bd0
2024-03-15T12:48:44.102 INFO:teuthology.orchestra.run.smithi002.stdout:/usr/bin/ceph: stderr
2024-03-15T12:48:43.378+0000 7fd1e713f700 1 -- 172.21.15.2:0/405366189 --> [v2:172.21.15.2:3300/0,v1:172.21.15.2:6789/0] -- mon_command({"prefix": "get_command_descriptions"} v 0) v1 -- 0x7fd1e010bd90 con 0x7fd1e0105bd0
2024-03-15T12:48:44.102 INFO:teuthology.orchestra.run.smithi002.stdout:/usr/bin/ceph: stderr
2024-03-15T12:48:43.378+0000 7fd1ddffb700 1 --2- 172.21.15.2:0/405366189 >> [v2:172.21.15.2:6800/3111414481,v1:172.21.15.2:6801/3111414481] conn(0x7fd1d0038c10 0x7fd1d003b0d0 unknown :-1 s=NONE pgs=0 cs=0 l=1 rev1=0 crypto rx=0 tx=0 comp rx=0 tx=0).connect
2024-03-15T12:48:44.102 INFO:teuthology.orchestra.run.smithi002.stdout:/usr/bin/ceph: stderr
2024-03-15T12:48:43.378+0000 7fd1ddffb700 1 -- 172.21.15.2:0/405366189 <== mon.0 v2:172.21.15.2:3300/0 5 ==== osd_map(1..1 src has 1..1) v4 ==== 725+0+0 (secure 0 0 0) 0x7fd1d404cfb0 con 0x7fd1e0105bd0
2024-03-15T12:48:44.102 INFO:teuthology.orchestra.run.smithi002.stdout:/usr/bin/ceph: stderr
2024-03-15T12:48:43.378+0000 7fd1dffff700 1 --2- 172.21.15.2:0/405366189 >> [v2:172.21.15.2:6800/3111414481,v1:172.21.15.2:6801/3111414481] conn(0x7fd1d0038c10 0x7fd1d003b0d0 unknown :-1 s=BANNER_CONNECTING pgs=0 cs=0 l=1 rev1=0 crypto rx=0 tx=0 comp rx=0 tx=0)._handle_peer_banner_payload supported=3 required=0
2024-03-15T12:48:44.102 INFO:teuthology.orchestra.run.smithi002.stdout:/usr/bin/ceph: stderr
2024-03-15T12:48:43.378+0000 7fd1dffff700 1 --2- 172.21.15.2:0/405366189 >> [v2:172.21.15.2:6800/3111414481,v1:172.21.15.2:6801/3111414481] conn(0x7fd1d0038c10 0x7fd1d003b0d0 secure :-1 s=READY pgs=7 cs=0 l=1 rev1=1 crypto rx=0x7fd1cc006fd0 tx=0x7fd1cc006e40 comp rx=0 tx=0).ready entity=mgr.14100 client_cookie=0 server_cookie=0 in_seq=0 out_seq=0
2024-03-15T12:48:44.102 INFO:teuthology.orchestra.run.smithi002.stdout:/usr/bin/ceph: stderr
2024-03-15T12:48:43.383+0000 7fd1ddffb700 1 -- 172.21.15.2:0/405366189 <== mon.0 v2:172.21.15.2:3300/0 6 ==== mon_command_ack([{"prefix": "get_command_descriptions"}]=0 v0) v1 ==== 72+0+184932 (secure 0 0 0) 0x7fd1d402dcd0 con 0x7fd1e0105bd0
2024-03-15T12:48:44.102 INFO:teuthology.orchestra.run.smithi002.stdout:/usr/bin/ceph: stderr
2024-03-15T12:48:43.586+0000 7fd1e713f700 1 -- 172.21.15.2:0/405366189 --> [v2:172.21.15.2:3300/0,v1:172.21.15.2:6789/0] -- mon_command({"prefix": "config assimilate-conf"} v 0) v1 -- 0x7fd1e010bfa0 con 0x7fd1e0105bd0
2024-03-15T12:48:44.102 INFO:teuthology.orchestra.run.smithi002.stdout:/usr/bin/ceph: stderr
2024-03-15T12:48:43.587+0000 7fd1ddffb700 1 -- 172.21.15.2:0/405366189 <== mon.0 v2:172.21.15.2:3300/0 7 ==== mon_command_ack([{"prefix": "config assimilate-conf"}]=0 v3) v1 ==== 70+0+373 (secure 0 0 0) 0x7fd1d4023be0 con 0x7fd1e0105bd0
2024-03-15T12:48:44.102 INFO:teuthology.orchestra.run.smithi002.stdout:/usr/bin/ceph: stderr
2024-03-15T12:48:43.590+0000 7fd1e713f700 1 -- 172.21.15.2:0/405366189 >> [v2:172.21.15.2:6800/3111414481,v1:172.21.15.2:6801/3111414481] conn(0x7fd1d0038c10 msgr2=0x7fd1d003b0d0 secure :-1 s=STATE_CONNECTION_ESTABLISHED l=1).mark_down
2024-03-15T12:48:44.102 INFO:teuthology.orchestra.run.smithi002.stdout:/usr/bin/ceph: stderr
2024-03-15T12:48:43.590+0000 7fd1e713f700 1 --2- 172.21.15.2:0/405366189 >> [v2:172.21.15.2:6800/3111414481,v1:172.21.15.2:6801/3111414481] conn(0x7fd1d0038c10 0x7fd1d003b0d0 secure :-1 s=READY pgs=7 cs=0 l=1 rev1=1 crypto rx=0x7fd1cc006fd0 tx=0x7fd1cc006e40 comp rx=0 tx=0).stop
2024-03-15T12:48:44.103 INFO:teuthology.orchestra.run.smithi002.stdout:/usr/bin/ceph: stderr
2024-03-15T12:48:43.590+0000 7fd1e713f700 1 -- 172.21.15.2:0/405366189 >> [v2:172.21.15.2:3300/0,v1:172.21.15.2:6789/0] conn(0x7fd1e0105bd0 msgr2=0x7fd1e019b740 secure :-1 s=STATE_CONNECTION_ESTABLISHED l=1).mark_down
2024-03-15T12:48:44.103 INFO:teuthology.orchestra.run.smithi002.stdout:/usr/bin/ceph: stderr
2024-03-15T12:48:43.590+0000 7fd1e713f700 1 --2- 172.21.15.2:0/405366189 >> [v2:172.21.15.2:3300/0,v1:172.21.15.2:6789/0] conn(0x7fd1e0105bd0 0x7fd1e019b740 secure :-1 s=READY pgs=19 cs=0 l=1 rev1=1 crypto rx=0x7fd1d4011670 tx=0x7fd1d4011b70 comp rx=0 tx=0).stop
2024-03-15T12:48:44.103 INFO:teuthology.orchestra.run.smithi002.stdout:/usr/bin/ceph: stderr
2024-03-15T12:48:43.590+0000 7fd1e713f700 1 -- 172.21.15.2:0/405366189 shutdown_connections
2024-03-15T12:48:44.103 INFO:teuthology.orchestra.run.smithi002.stdout:/usr/bin/ceph: stderr
2024-03-15T12:48:43.590+0000 7fd1e713f700 1 --2- 172.21.15.2:0/405366189 >> [v2:172.21.15.2:6800/3111414481,v1:172.21.15.2:6801/3111414481] conn(0x7fd1d0038c10 0x7fd1d003b0d0 unknown :-1 s=CLOSED pgs=7 cs=0 l=1 rev1=1 crypto rx=0 tx=0 comp rx=0 tx=0).stop
2024-03-15T12:48:44.103 INFO:teuthology.orchestra.run.smithi002.stdout:/usr/bin/ceph: stderr
2024-03-15T12:48:43.590+0000 7fd1e713f700 1 --2- 172.21.15.2:0/405366189 >> [v2:172.21.15.2:3300/0,v1:172.21.15.2:6789/0] conn(0x7fd1e0105bd0 0x7fd1e019b740 unknown :-1 s=CLOSED pgs=19 cs=0 l=1 rev1=1 crypto rx=0 tx=0 comp rx=0 tx=0).stop
2024-03-15T12:48:44.103 INFO:teuthology.orchestra.run.smithi002.stdout:/usr/bin/ceph: stderr
2024-03-15T12:48:43.590+0000 7fd1e713f700 1 -- 172.21.15.2:0/405366189 >> 172.21.15.2:0/405366189 conn(0x7fd1e0101560 msgr2=0x7fd1e0102110 unknown :-1 s=STATE_NONE l=0).mark_down
2024-03-15T12:48:44.103 INFO:teuthology.orchestra.run.smithi002.stdout:/usr/bin/ceph: stderr
2024-03-15T12:48:43.590+0000 7fd1e713f700 1 -- 172.21.15.2:0/405366189 shutdown_connections
2024-03-15T12:48:44.103 INFO:teuthology.orchestra.run.smithi002.stdout:/usr/bin/ceph: stderr
2024-03-15T12:48:43.590+0000 7fd1e713f700 1 -- 172.21.15.2:0/405366189 wait complete.
2024-03-15T12:48:44.103 INFO:teuthology.orchestra.run.smithi002.stdout:Enabling cephadm module...
2024-03-15T12:48:45.054 INFO:journalctl@ceph.mon.a.smithi002.stdout:Mar 15 12:48:44 smithi002 ceph-mon[32060]: from='client.? 172.21.15.2:0/1095628659' entity='client.admin' cmd=[{"prefix": "mgr module enable", "module": "cephadm"}]: dispatch
2024-03-15T12:48:45.054 INFO:journalctl@ceph.mgr.x.smithi002.stdout:Mar 15 12:48:44 smithi002 ceph-2767718a-e2ca-11ee-95c9-87774f69a715-mgr-x[32294]: ignoring --setuser ceph since I am not root
2024-03-15T12:48:45.055 INFO:journalctl@ceph.mgr.x.smithi002.stdout:Mar 15 12:48:44 smithi002 ceph-2767718a-e2ca-11ee-95c9-87774f69a715-mgr-x[32294]: ignoring --setgroup ceph since I am not root
2024-03-15T12:48:45.343 INFO:teuthology.orchestra.run.smithi002.stdout:/usr/bin/ceph: stderr
2024-03-15T12:48:44.472+0000 7f83b9c25700 1 Processor -- start
2024-03-15T12:48:45.343 INFO:teuthology.orchestra.run.smithi002.stdout:/usr/bin/ceph: stderr
2024-03-15T12:48:44.472+0000 7f83b9c25700 1 -- start start
2024-03-15T12:48:45.343 INFO:teuthology.orchestra.run.smithi002.stdout:/usr/bin/ceph: stderr
2024-03-15T12:48:44.472+0000 7f83b9c25700 1 --2- >> [v2:172.21.15.2:3300/0,v1:172.21.15.2:6789/0] conn(0x7f83b41078e0 0x7f83b4107d00 unknown :-1 s=NONE pgs=0 cs=0 l=0 rev1=0 crypto rx=0 tx=0 comp rx=0 tx=0).connect
2024-03-15T12:48:45.343 INFO:teuthology.orchestra.run.smithi002.stdout:/usr/bin/ceph: stderr
2024-03-15T12:48:44.472+0000 7f83b9c25700 1 -- --> [v2:172.21.15.2:3300/0,v1:172.21.15.2:6789/0] -- mon_getmap magic: 0 v1 -- 0x7f83b41082d0 con 0x7f83b41078e0
2024-03-15T12:48:45.343 INFO:teuthology.orchestra.run.smithi002.stdout:/usr/bin/ceph: stderr
2024-03-15T12:48:44.472+0000 7f83b37fe700 1 --2- >> [v2:172.21.15.2:3300/0,v1:172.21.15.2:6789/0] conn(0x7f83b41078e0 0x7f83b4107d00 unknown :-1 s=BANNER_CONNECTING pgs=0 cs=0 l=0 rev1=0 crypto rx=0 tx=0 comp rx=0 tx=0)._handle_peer_banner_payload supported=3 required=0
2024-03-15T12:48:45.343 INFO:teuthology.orchestra.run.smithi002.stdout:/usr/bin/ceph: stderr
2024-03-15T12:48:44.472+0000 7f83b37fe700 1 --2- >> [v2:172.21.15.2:3300/0,v1:172.21.15.2:6789/0] conn(0x7f83b41078e0 0x7f83b4107d00 unknown :-1 s=HELLO_CONNECTING pgs=0 cs=0 l=0 rev1=1 crypto rx=0 tx=0 comp rx=0 tx=0).handle_hello peer v2:172.21.15.2:3300/0 says I am v2:172.21.15.2:56056/0 (socket says 172.21.15.2:56056)
2024-03-15T12:48:45.343 INFO:teuthology.orchestra.run.smithi002.stdout:/usr/bin/ceph: stderr
2024-03-15T12:48:44.472+0000 7f83b37fe700 1 -- 172.21.15.2:0/1750634130 learned_addr learned my addr 172.21.15.2:0/1750634130 (peer_addr_for_me v2:172.21.15.2:0/0)
2024-03-15T12:48:45.344 INFO:teuthology.orchestra.run.smithi002.stdout:/usr/bin/ceph: stderr
2024-03-15T12:48:44.472+0000 7f83b37fe700 1 -- 172.21.15.2:0/1750634130 --> [v2:172.21.15.2:3300/0,v1:172.21.15.2:6789/0] -- mon_subscribe({config=0+,monmap=0+}) v3 -- 0x7f83b4108a90 con 0x7f83b41078e0
2024-03-15T12:48:45.344 INFO:teuthology.orchestra.run.smithi002.stdout:/usr/bin/ceph: stderr
2024-03-15T12:48:44.473+0000 7f83b37fe700 1 --2- 172.21.15.2:0/1750634130 >> [v2:172.21.15.2:3300/0,v1:172.21.15.2:6789/0] conn(0x7f83b41078e0 0x7f83b4107d00 secure :-1 s=READY pgs=20 cs=0 l=1 rev1=1 crypto rx=0x7f83a40098a0 tx=0x7f83a4009bb0 comp rx=0 tx=0).ready entity=mon.0 client_cookie=5b9c83cd92b1e81e server_cookie=0 in_seq=0 out_seq=0
2024-03-15T12:48:45.344 INFO:teuthology.orchestra.run.smithi002.stdout:/usr/bin/ceph: stderr
2024-03-15T12:48:44.473+0000 7f83b2ffd700 1 -- 172.21.15.2:0/1750634130 <== mon.0 v2:172.21.15.2:3300/0 1 ==== mon_map magic: 0 v1 ==== 205+0+0 (secure 0 0 0) 0x7f83a4004160 con 0x7f83b41078e0
2024-03-15T12:48:45.344 INFO:teuthology.orchestra.run.smithi002.stdout:/usr/bin/ceph: stderr
2024-03-15T12:48:44.473+0000 7f83b2ffd700 1 -- 172.21.15.2:0/1750634130 <== mon.0 v2:172.21.15.2:3300/0 2 ==== config(27 keys) v1 ==== 1105+0+0 (secure 0 0 0) 0x7f83a40042c0 con 0x7f83b41078e0
2024-03-15T12:48:45.344 INFO:teuthology.orchestra.run.smithi002.stdout:/usr/bin/ceph: stderr
2024-03-15T12:48:44.473+0000 7f83b2ffd700 1 -- 172.21.15.2:0/1750634130 <== mon.0 v2:172.21.15.2:3300/0 3 ==== mon_map magic: 0 v1 ==== 205+0+0 (secure 0 0 0) 0x7f83a4011ab0 con 0x7f83b41078e0
2024-03-15T12:48:45.344 INFO:teuthology.orchestra.run.smithi002.stdout:/usr/bin/ceph: stderr
2024-03-15T12:48:44.473+0000 7f83b9c25700 1 -- 172.21.15.2:0/1750634130 >> [v2:172.21.15.2:3300/0,v1:172.21.15.2:6789/0] conn(0x7f83b41078e0 msgr2=0x7f83b4107d00 secure :-1 s=STATE_CONNECTION_ESTABLISHED l=1).mark_down
2024-03-15T12:48:45.344 INFO:teuthology.orchestra.run.smithi002.stdout:/usr/bin/ceph: stderr
2024-03-15T12:48:44.473+0000 7f83b9c25700 1 --2- 172.21.15.2:0/1750634130 >> [v2:172.21.15.2:3300/0,v1:172.21.15.2:6789/0] conn(0x7f83b41078e0 0x7f83b4107d00 secure :-1 s=READY pgs=20 cs=0 l=1 rev1=1 crypto rx=0x7f83a40098a0 tx=0x7f83a4009bb0 comp rx=0 tx=0).stop
2024-03-15T12:48:45.344 INFO:teuthology.orchestra.run.smithi002.stdout:/usr/bin/ceph: stderr
2024-03-15T12:48:44.473+0000 7f83b9c25700 1 -- 172.21.15.2:0/1750634130 shutdown_connections
2024-03-15T12:48:45.344 INFO:teuthology.orchestra.run.smithi002.stdout:/usr/bin/ceph: stderr
2024-03-15T12:48:44.473+0000 7f83b9c25700 1 --2- 172.21.15.2:0/1750634130 >> [v2:172.21.15.2:3300/0,v1:172.21.15.2:6789/0] conn(0x7f83b41078e0 0x7f83b4107d00 unknown :-1 s=CLOSED pgs=20 cs=0 l=1 rev1=1 crypto rx=0 tx=0 comp rx=0 tx=0).stop
2024-03-15T12:48:45.344 INFO:teuthology.orchestra.run.smithi002.stdout:/usr/bin/ceph: stderr
2024-03-15T12:48:44.473+0000 7f83b9c25700 1 -- 172.21.15.2:0/1750634130 >> 172.21.15.2:0/1750634130 conn(0x7f83b4102f00 msgr2=0x7f83b4105320 unknown :-1 s=STATE_NONE l=0).mark_down
2024-03-15T12:48:45.344 INFO:teuthology.orchestra.run.smithi002.stdout:/usr/bin/ceph: stderr
2024-03-15T12:48:44.473+0000 7f83b9c25700 1 -- 172.21.15.2:0/1750634130 shutdown_connections
2024-03-15T12:48:45.344 INFO:teuthology.orchestra.run.smithi002.stdout:/usr/bin/ceph: stderr
2024-03-15T12:48:44.473+0000 7f83b9c25700 1 -- 172.21.15.2:0/1750634130 wait complete.
2024-03-15T12:48:45.344 INFO:teuthology.orchestra.run.smithi002.stdout:/usr/bin/ceph: stderr
2024-03-15T12:48:44.474+0000 7f83b9c25700 1 Processor -- start
2024-03-15T12:48:45.344 INFO:teuthology.orchestra.run.smithi002.stdout:/usr/bin/ceph: stderr
2024-03-15T12:48:44.474+0000 7f83b9c25700 1 -- start start
2024-03-15T12:48:45.344 INFO:teuthology.orchestra.run.smithi002.stdout:/usr/bin/ceph: stderr
2024-03-15T12:48:44.474+0000 7f83b9c25700 1 --2- >> [v2:172.21.15.2:3300/0,v1:172.21.15.2:6789/0] conn(0x7f83b41078e0 0x7f83b419b6a0 unknown :-1 s=NONE pgs=0 cs=0 l=1 rev1=0 crypto rx=0 tx=0 comp rx=0 tx=0).connect
2024-03-15T12:48:45.345 INFO:teuthology.orchestra.run.smithi002.stdout:/usr/bin/ceph: stderr
2024-03-15T12:48:44.474+0000 7f83b9c25700 1 -- --> [v2:172.21.15.2:3300/0,v1:172.21.15.2:6789/0] -- mon_getmap magic: 0 v1 -- 0x7f83b419bbe0 con 0x7f83b41078e0
2024-03-15T12:48:45.345 INFO:teuthology.orchestra.run.smithi002.stdout:/usr/bin/ceph: stderr
2024-03-15T12:48:44.474+0000 7f83b37fe700 1 --2- >> [v2:172.21.15.2:3300/0,v1:172.21.15.2:6789/0] conn(0x7f83b41078e0 0x7f83b419b6a0 unknown :-1 s=BANNER_CONNECTING pgs=0 cs=0 l=1 rev1=0 crypto rx=0 tx=0 comp rx=0 tx=0)._handle_peer_banner_payload supported=3 required=0
2024-03-15T12:48:45.345 INFO:teuthology.orchestra.run.smithi002.stdout:/usr/bin/ceph: stderr
2024-03-15T12:48:44.474+0000 7f83b37fe700 1 --2- >> [v2:172.21.15.2:3300/0,v1:172.21.15.2:6789/0] conn(0x7f83b41078e0 0x7f83b419b6a0 unknown :-1 s=HELLO_CONNECTING pgs=0 cs=0 l=1 rev1=1 crypto rx=0 tx=0 comp rx=0 tx=0).handle_hello peer v2:172.21.15.2:3300/0 says I am v2:172.21.15.2:56068/0 (socket says 172.21.15.2:56068)
2024-03-15T12:48:45.345 INFO:teuthology.orchestra.run.smithi002.stdout:/usr/bin/ceph: stderr
2024-03-15T12:48:44.474+0000 7f83b37fe700 1 -- 172.21.15.2:0/1095628659 learned_addr learned my addr 172.21.15.2:0/1095628659 (peer_addr_for_me v2:172.21.15.2:0/0)
2024-03-15T12:48:45.345 INFO:teuthology.orchestra.run.smithi002.stdout:/usr/bin/ceph: stderr
2024-03-15T12:48:44.475+0000 7f83b37fe700 1 -- 172.21.15.2:0/1095628659 --> [v2:172.21.15.2:3300/0,v1:172.21.15.2:6789/0] -- mon_subscribe({config=0+,monmap=0+}) v3 -- 0x7f83a4009550 con 0x7f83b41078e0
2024-03-15T12:48:45.345 INFO:teuthology.orchestra.run.smithi002.stdout:/usr/bin/ceph: stderr
2024-03-15T12:48:44.475+0000 7f83b37fe700 1 --2- 172.21.15.2:0/1095628659 >> [v2:172.21.15.2:3300/0,v1:172.21.15.2:6789/0] conn(0x7f83b41078e0 0x7f83b419b6a0 secure :-1 s=READY pgs=21 cs=0 l=1 rev1=1 crypto rx=0x7f83a4006af0 tx=0x7f83a4011b70 comp rx=0 tx=0).ready entity=mon.0 client_cookie=0 server_cookie=0 in_seq=0 out_seq=0
2024-03-15T12:48:45.345 INFO:teuthology.orchestra.run.smithi002.stdout:/usr/bin/ceph: stderr
2024-03-15T12:48:44.475+0000 7f83b17fa700 1 -- 172.21.15.2:0/1095628659 <== mon.0 v2:172.21.15.2:3300/0 1 ==== mon_map magic: 0 v1 ==== 205+0+0 (secure 0 0 0) 0x7f83a4003930 con 0x7f83b41078e0
2024-03-15T12:48:45.345 INFO:teuthology.orchestra.run.smithi002.stdout:/usr/bin/ceph: stderr
2024-03-15T12:48:44.475+0000 7f83b17fa700 1 -- 172.21.15.2:0/1095628659 <== mon.0 v2:172.21.15.2:3300/0 2 ==== config(27 keys) v1 ==== 1105+0+0 (secure 0 0 0) 0x7f83a4003a90 con 0x7f83b41078e0
2024-03-15T12:48:45.345 INFO:teuthology.orchestra.run.smithi002.stdout:/usr/bin/ceph: stderr
2024-03-15T12:48:44.475+0000 7f83b9c25700 1 -- 172.21.15.2:0/1095628659 --> [v2:172.21.15.2:3300/0,v1:172.21.15.2:6789/0] -- mon_subscribe({mgrmap=0+}) v3 -- 0x7f83b419bde0 con 0x7f83b41078e0
2024-03-15T12:48:45.345 INFO:teuthology.orchestra.run.smithi002.stdout:/usr/bin/ceph: stderr
2024-03-15T12:48:44.475+0000 7f83b17fa700 1 -- 172.21.15.2:0/1095628659 <== mon.0 v2:172.21.15.2:3300/0 3 ==== mon_map magic: 0 v1 ==== 205+0+0 (secure 0 0 0) 0x7f83a4019670 con 0x7f83b41078e0
2024-03-15T12:48:45.345 INFO:teuthology.orchestra.run.smithi002.stdout:/usr/bin/ceph: stderr
2024-03-15T12:48:44.475+0000 7f83b9c25700 1 -- 172.21.15.2:0/1095628659 --> [v2:172.21.15.2:3300/0,v1:172.21.15.2:6789/0] -- mon_subscribe({osdmap=0}) v3 -- 0x7f83b419c280 con 0x7f83b41078e0
2024-03-15T12:48:45.345 INFO:teuthology.orchestra.run.smithi002.stdout:/usr/bin/ceph: stderr
2024-03-15T12:48:44.476+0000 7f83b17fa700 1 -- 172.21.15.2:0/1095628659 <== mon.0 v2:172.21.15.2:3300/0 4 ==== mgrmap(e 4) v1 ==== 45758+0+0 (secure 0 0 0) 0x7f83a4019930 con 0x7f83b41078e0
2024-03-15T12:48:45.345 INFO:teuthology.orchestra.run.smithi002.stdout:/usr/bin/ceph: stderr
2024-03-15T12:48:44.476+0000 7f83b17fa700 1 --2- 172.21.15.2:0/1095628659 >> [v2:172.21.15.2:6800/3111414481,v1:172.21.15.2:6801/3111414481] conn(0x7f83a0038c10 0x7f83a003b0d0 unknown :-1 s=NONE pgs=0 cs=0 l=1 rev1=0 crypto rx=0 tx=0 comp rx=0 tx=0).connect
2024-03-15T12:48:45.345 INFO:teuthology.orchestra.run.smithi002.stdout:/usr/bin/ceph: stderr
2024-03-15T12:48:44.476+0000 7f83b17fa700 1 -- 172.21.15.2:0/1095628659 <== mon.0 v2:172.21.15.2:3300/0 5 ==== osd_map(1..1 src has 1..1) v4 ==== 725+0+0 (secure 0 0 0) 0x7f83a404ce60 con 0x7f83b41078e0
2024-03-15T12:48:45.346 INFO:teuthology.orchestra.run.smithi002.stdout:/usr/bin/ceph: stderr
2024-03-15T12:48:44.476+0000 7f83b9c25700 1 -- 172.21.15.2:0/1095628659 --> [v2:172.21.15.2:3300/0,v1:172.21.15.2:6789/0] -- mon_command({"prefix": "get_command_descriptions"} v 0) v1 -- 0x7f83b410bcc0 con 0x7f83b41078e0
2024-03-15T12:48:45.346 INFO:teuthology.orchestra.run.smithi002.stdout:/usr/bin/ceph: stderr
2024-03-15T12:48:44.476+0000 7f83aaffd700 1 --2- 172.21.15.2:0/1095628659 >> [v2:172.21.15.2:6800/3111414481,v1:172.21.15.2:6801/3111414481] conn(0x7f83a0038c10 0x7f83a003b0d0 unknown :-1 s=BANNER_CONNECTING pgs=0 cs=0 l=1 rev1=0 crypto rx=0 tx=0 comp rx=0 tx=0)._handle_peer_banner_payload supported=3 required=0
2024-03-15T12:48:45.346 INFO:teuthology.orchestra.run.smithi002.stdout:/usr/bin/ceph: stderr
2024-03-15T12:48:44.476+0000 7f83aaffd700 1 --2- 172.21.15.2:0/1095628659 >> [v2:172.21.15.2:6800/3111414481,v1:172.21.15.2:6801/3111414481] conn(0x7f83a0038c10 0x7f83a003b0d0 secure :-1 s=READY pgs=8 cs=0 l=1 rev1=1 crypto rx=0x7f839c006fd0 tx=0x7f839c006e40 comp rx=0 tx=0).ready entity=mgr.14100 client_cookie=0 server_cookie=0 in_seq=0 out_seq=0
2024-03-15T12:48:45.346 INFO:teuthology.orchestra.run.smithi002.stdout:/usr/bin/ceph: stderr
2024-03-15T12:48:44.481+0000 7f83b17fa700 1 -- 172.21.15.2:0/1095628659 <== mon.0 v2:172.21.15.2:3300/0 6 ==== mon_command_ack([{"prefix": "get_command_descriptions"}]=0 v0) v1 ==== 72+0+184932 (secure 0 0 0) 0x7f83a4019be0 con 0x7f83b41078e0
2024-03-15T12:48:45.346 INFO:teuthology.orchestra.run.smithi002.stdout:/usr/bin/ceph: stderr
2024-03-15T12:48:44.741+0000 7f83b9c25700 1 -- 172.21.15.2:0/1095628659 --> [v2:172.21.15.2:3300/0,v1:172.21.15.2:6789/0] -- mon_command({"prefix": "mgr module enable", "module": "cephadm"} v 0) v1 -- 0x7f83b419eb60 con 0x7f83b41078e0
2024-03-15T12:48:45.346 INFO:teuthology.orchestra.run.smithi002.stdout:/usr/bin/ceph: stderr
2024-03-15T12:48:44.793+0000 7f83b17fa700 1 -- 172.21.15.2:0/1095628659 <== mon.0 v2:172.21.15.2:3300/0 7 ==== mon_command_ack([{"prefix": "mgr module enable", "module": "cephadm"}]=0 v5) v1 ==== 86+0+0 (secure 0 0 0) 0x7f83a4023390 con 0x7f83b41078e0
2024-03-15T12:48:45.346 INFO:teuthology.orchestra.run.smithi002.stdout:/usr/bin/ceph: stderr
2024-03-15T12:48:44.794+0000 7f83b17fa700 1 -- 172.21.15.2:0/1095628659 <== mon.0 v2:172.21.15.2:3300/0 8 ==== mgrmap(e 5) v1 ==== 45769+0+0 (secure 0 0 0) 0x7f83a402d9b0 con 0x7f83b41078e0
2024-03-15T12:48:45.346 INFO:teuthology.orchestra.run.smithi002.stdout:/usr/bin/ceph: stderr
2024-03-15T12:48:44.796+0000 7f83b9c25700 1 -- 172.21.15.2:0/1095628659 >> [v2:172.21.15.2:6800/3111414481,v1:172.21.15.2:6801/3111414481] conn(0x7f83a0038c10 msgr2=0x7f83a003b0d0 secure :-1 s=STATE_CONNECTION_ESTABLISHED l=1).mark_down
2024-03-15T12:48:45.346 INFO:teuthology.orchestra.run.smithi002.stdout:/usr/bin/ceph: stderr
2024-03-15T12:48:44.796+0000 7f83b9c25700 1 --2- 172.21.15.2:0/1095628659 >> [v2:172.21.15.2:6800/3111414481,v1:172.21.15.2:6801/3111414481] conn(0x7f83a0038c10 0x7f83a003b0d0 secure :-1 s=READY pgs=8 cs=0 l=1 rev1=1 crypto rx=0x7f839c006fd0 tx=0x7f839c006e40 comp rx=0 tx=0).stop
2024-03-15T12:48:45.346 INFO:teuthology.orchestra.run.smithi002.stdout:/usr/bin/ceph: stderr
2024-03-15T12:48:44.796+0000 7f83b9c25700 1 -- 172.21.15.2:0/1095628659 >> [v2:172.21.15.2:3300/0,v1:172.21.15.2:6789/0] conn(0x7f83b41078e0 msgr2=0x7f83b419b6a0 secure :-1 s=STATE_CONNECTION_ESTABLISHED l=1).mark_down
2024-03-15T12:48:45.346 INFO:teuthology.orchestra.run.smithi002.stdout:/usr/bin/ceph: stderr
2024-03-15T12:48:44.796+0000 7f83b9c25700 1 --2- 172.21.15.2:0/1095628659 >> [v2:172.21.15.2:3300/0,v1:172.21.15.2:6789/0] conn(0x7f83b41078e0 0x7f83b419b6a0 secure :-1 s=READY pgs=21 cs=0 l=1 rev1=1 crypto rx=0x7f83a4006af0 tx=0x7f83a4011b70 comp rx=0 tx=0).stop
2024-03-15T12:48:45.346 INFO:teuthology.orchestra.run.smithi002.stdout:/usr/bin/ceph: stderr
2024-03-15T12:48:44.796+0000 7f83b9c25700 1 -- 172.21.15.2:0/1095628659 shutdown_connections
2024-03-15T12:48:45.346 INFO:teuthology.orchestra.run.smithi002.stdout:/usr/bin/ceph: stderr
2024-03-15T12:48:44.796+0000 7f83b9c25700 1 --2- 172.21.15.2:0/1095628659 >> [v2:172.21.15.2:6800/3111414481,v1:172.21.15.2:6801/3111414481] conn(0x7f83a0038c10 0x7f83a003b0d0 unknown :-1 s=CLOSED pgs=8 cs=0 l=1 rev1=1 crypto rx=0 tx=0 comp rx=0 tx=0).stop
2024-03-15T12:48:45.346 INFO:teuthology.orchestra.run.smithi002.stdout:/usr/bin/ceph: stderr
2024-03-15T12:48:44.796+0000 7f83b9c25700 1 --2- 172.21.15.2:0/1095628659 >> [v2:172.21.15.2:3300/0,v1:172.21.15.2:6789/0] conn(0x7f83b41078e0 0x7f83b419b6a0 unknown :-1 s=CLOSED pgs=21 cs=0 l=1 rev1=1 crypto rx=0 tx=0 comp rx=0 tx=0).stop
2024-03-15T12:48:45.347 INFO:teuthology.orchestra.run.smithi002.stdout:/usr/bin/ceph: stderr
2024-03-15T12:48:44.796+0000 7f83b9c25700 1 -- 172.21.15.2:0/1095628659 >> 172.21.15.2:0/1095628659 conn(0x7f83b4102f00 msgr2=0x7f83b4103a40 unknown :-1 s=STATE_NONE l=0).mark_down
2024-03-15T12:48:45.347 INFO:teuthology.orchestra.run.smithi002.stdout:/usr/bin/ceph: stderr
2024-03-15T12:48:44.796+0000 7f83b9c25700 1 -- 172.21.15.2:0/1095628659 shutdown_connections
2024-03-15T12:48:45.347 INFO:teuthology.orchestra.run.smithi002.stdout:/usr/bin/ceph: stderr
2024-03-15T12:48:44.796+0000 7f83b9c25700 1 -- 172.21.15.2:0/1095628659 wait complete.
2024-03-15T12:48:45.454 INFO:journalctl@ceph.mgr.x.smithi002.stdout:Mar 15 12:48:45 smithi002 ceph-2767718a-e2ca-11ee-95c9-87774f69a715-mgr-x[32294]:
2024-03-15T12:48:45.363+0000 7fd0ce8c1200 -1 mgr[py] Module osd_perf_query has missing NOTIFY_TYPES member
2024-03-15T12:48:45.455 INFO:journalctl@ceph.mgr.x.smithi002.stdout:Mar 15 12:48:45 smithi002 ceph-2767718a-e2ca-11ee-95c9-87774f69a715-mgr-x[32294]:
2024-03-15T12:48:45.467+0000 7fd0ce8c1200 -1 mgr[py] Module snap_schedule has missing NOTIFY_TYPES member
2024-03-15T12:48:46.019 INFO:journalctl@ceph.mon.a.smithi002.stdout:Mar 15 12:48:45 smithi002 ceph-mon[32060]: from='client.? 172.21.15.2:0/1095628659' entity='client.admin' cmd='[{"prefix": "mgr module enable", "module": "cephadm"}]': finished
2024-03-15T12:48:46.019 INFO:journalctl@ceph.mon.a.smithi002.stdout:Mar 15 12:48:45 smithi002 ceph-mon[32060]: mgrmap e5: x(active, since 7s)
2024-03-15T12:48:46.304 INFO:journalctl@ceph.mgr.x.smithi002.stdout:Mar 15 12:48:46 smithi002 ceph-2767718a-e2ca-11ee-95c9-87774f69a715-mgr-x[32294]:
2024-03-15T12:48:46.134+0000 7fd0ce8c1200 -1 mgr[py] Module zabbix has missing NOTIFY_TYPES member
2024-03-15T12:48:46.304 INFO:journalctl@ceph.mgr.x.smithi002.stdout:Mar 15 12:48:46 smithi002 ceph-2767718a-e2ca-11ee-95c9-87774f69a715-mgr-x[32294]:
2024-03-15T12:48:46.230+0000 7fd0ce8c1200 -1 mgr[py] Module balancer has missing NOTIFY_TYPES member
2024-03-15T12:48:46.650 INFO:journalctl@ceph.mgr.x.smithi002.stdout:Mar 15 12:48:46 smithi002 ceph-2767718a-e2ca-11ee-95c9-87774f69a715-mgr-x[32294]:
2024-03-15T12:48:46.374+0000 7fd0ce8c1200 -1 mgr[py] Module influx has missing NOTIFY_TYPES member
2024-03-15T12:48:46.650 INFO:journalctl@ceph.mgr.x.smithi002.stdout:Mar 15 12:48:46 smithi002 ceph-2767718a-e2ca-11ee-95c9-87774f69a715-mgr-x[32294]:
2024-03-15T12:48:46.472+0000 7fd0ce8c1200 -1 mgr[py] Module alerts has missing NOTIFY_TYPES member
2024-03-15T12:48:46.650 INFO:journalctl@ceph.mgr.x.smithi002.stdout:Mar 15 12:48:46 smithi002 ceph-2767718a-e2ca-11ee-95c9-87774f69a715-mgr-x[32294]:
2024-03-15T12:48:46.558+0000 7fd0ce8c1200 -1 mgr[py] Module iostat has missing NOTIFY_TYPES member
2024-03-15T12:48:46.658 INFO:teuthology.orchestra.run.smithi002.stdout:/usr/bin/ceph: stdout {
2024-03-15T12:48:46.658 INFO:teuthology.orchestra.run.smithi002.stdout:/usr/bin/ceph: stdout "epoch": 5,
2024-03-15T12:48:46.658 INFO:teuthology.orchestra.run.smithi002.stdout:/usr/bin/ceph: stdout "available": true,
2024-03-15T12:48:46.658 INFO:teuthology.orchestra.run.smithi002.stdout:/usr/bin/ceph: stdout "active_name": "x",
2024-03-15T12:48:46.658 INFO:teuthology.orchestra.run.smithi002.stdout:/usr/bin/ceph: stdout "num_standby": 0
2024-03-15T12:48:46.659 INFO:teuthology.orchestra.run.smithi002.stdout:/usr/bin/ceph: stdout }
2024-03-15T12:48:46.659 INFO:teuthology.orchestra.run.smithi002.stdout:/usr/bin/ceph: stderr
2024-03-15T12:48:45.826+0000 7f7da1aba700 1 Processor -- start
2024-03-15T12:48:46.659 INFO:teuthology.orchestra.run.smithi002.stdout:/usr/bin/ceph: stderr
2024-03-15T12:48:45.826+0000 7f7da1aba700 1 -- start start
2024-03-15T12:48:46.659 INFO:teuthology.orchestra.run.smithi002.stdout:/usr/bin/ceph: stderr
2024-03-15T12:48:45.826+0000 7f7da1aba700 1 --2- >> [v2:172.21.15.2:3300/0,v1:172.21.15.2:6789/0] conn(0x7f7d9c1067b0 0x7f7d9c106bd0 unknown :-1 s=NONE pgs=0 cs=0 l=0 rev1=0 crypto rx=0 tx=0 comp rx=0 tx=0).connect
2024-03-15T12:48:46.659 INFO:teuthology.orchestra.run.smithi002.stdout:/usr/bin/ceph: stderr
2024-03-15T12:48:45.826+0000 7f7da1aba700 1 -- --> [v2:172.21.15.2:3300/0,v1:172.21.15.2:6789/0] -- mon_getmap magic: 0 v1 -- 0x7f7d9c1071a0 con 0x7f7d9c1067b0
2024-03-15T12:48:46.659 INFO:teuthology.orchestra.run.smithi002.stdout:/usr/bin/ceph: stderr
2024-03-15T12:48:45.826+0000 7f7d9b7fe700 1 --2- >> [v2:172.21.15.2:3300/0,v1:172.21.15.2:6789/0] conn(0x7f7d9c1067b0 0x7f7d9c106bd0 unknown :-1 s=BANNER_CONNECTING pgs=0 cs=0 l=0 rev1=0 crypto rx=0 tx=0 comp rx=0 tx=0)._handle_peer_banner_payload supported=3 required=0
2024-03-15T12:48:46.659 INFO:teuthology.orchestra.run.smithi002.stdout:/usr/bin/ceph: stderr
2024-03-15T12:48:45.826+0000 7f7d9b7fe700 1 --2- >> [v2:172.21.15.2:3300/0,v1:172.21.15.2:6789/0] conn(0x7f7d9c1067b0 0x7f7d9c106bd0 unknown :-1 s=HELLO_CONNECTING pgs=0 cs=0 l=0 rev1=1 crypto rx=0 tx=0 comp rx=0 tx=0).handle_hello peer v2:172.21.15.2:3300/0 says I am v2:172.21.15.2:56100/0 (socket says 172.21.15.2:56100)
2024-03-15T12:48:46.659 INFO:teuthology.orchestra.run.smithi002.stdout:/usr/bin/ceph: stderr
2024-03-15T12:48:45.826+0000 7f7d9b7fe700 1 -- 172.21.15.2:0/2039984976 learned_addr learned my addr 172.21.15.2:0/2039984976 (peer_addr_for_me v2:172.21.15.2:0/0)
2024-03-15T12:48:46.659 INFO:teuthology.orchestra.run.smithi002.stdout:/usr/bin/ceph: stderr
2024-03-15T12:48:45.827+0000 7f7d9b7fe700 1 -- 172.21.15.2:0/2039984976 --> [v2:172.21.15.2:3300/0,v1:172.21.15.2:6789/0] -- mon_subscribe({config=0+,monmap=0+}) v3 -- 0x7f7d9c1079b0 con 0x7f7d9c1067b0
2024-03-15T12:48:46.659 INFO:teuthology.orchestra.run.smithi002.stdout:/usr/bin/ceph: stderr
2024-03-15T12:48:45.827+0000 7f7d9b7fe700 1 --2- 172.21.15.2:0/2039984976 >> [v2:172.21.15.2:3300/0,v1:172.21.15.2:6789/0] conn(0x7f7d9c1067b0 0x7f7d9c106bd0 secure :-1 s=READY pgs=24 cs=0 l=1 rev1=1 crypto rx=0x7f7d900098a0 tx=0x7f7d90009bb0 comp rx=0 tx=0).ready entity=mon.0 client_cookie=fc204ecc69ad415e server_cookie=0 in_seq=0 out_seq=0
2024-03-15T12:48:46.659 INFO:teuthology.orchestra.run.smithi002.stdout:/usr/bin/ceph: stderr
2024-03-15T12:48:45.827+0000 7f7d9a7fc700 1 -- 172.21.15.2:0/2039984976 <== mon.0 v2:172.21.15.2:3300/0 1 ==== mon_map magic: 0 v1 ==== 205+0+0 (secure 0 0 0) 0x7f7d90004160 con 0x7f7d9c1067b0
2024-03-15T12:48:46.659 INFO:teuthology.orchestra.run.smithi002.stdout:/usr/bin/ceph: stderr
2024-03-15T12:48:45.827+0000 7f7d9a7fc700 1 -- 172.21.15.2:0/2039984976 <== mon.0 v2:172.21.15.2:3300/0 2 ==== config(27 keys) v1 ==== 1105+0+0 (secure 0 0 0) 0x7f7d900042c0 con 0x7f7d9c1067b0
2024-03-15T12:48:46.659 INFO:teuthology.orchestra.run.smithi002.stdout:/usr/bin/ceph: stderr
2024-03-15T12:48:45.827+0000 7f7d9a7fc700 1 -- 172.21.15.2:0/2039984976 <== mon.0 v2:172.21.15.2:3300/0 3 ==== mon_map magic: 0 v1 ==== 205+0+0 (secure 0 0 0) 0x7f7d90011ab0 con 0x7f7d9c1067b0
2024-03-15T12:48:46.660 INFO:teuthology.orchestra.run.smithi002.stdout:/usr/bin/ceph: stderr
2024-03-15T12:48:45.828+0000 7f7da1aba700 1 -- 172.21.15.2:0/2039984976 >> [v2:172.21.15.2:3300/0,v1:172.21.15.2:6789/0] conn(0x7f7d9c1067b0 msgr2=0x7f7d9c106bd0 secure :-1 s=STATE_CONNECTION_ESTABLISHED l=1).mark_down
2024-03-15T12:48:46.660 INFO:teuthology.orchestra.run.smithi002.stdout:/usr/bin/ceph: stderr
2024-03-15T12:48:45.828+0000 7f7da1aba700 1 --2- 172.21.15.2:0/2039984976 >> [v2:172.21.15.2:3300/0,v1:172.21.15.2:6789/0] conn(0x7f7d9c1067b0 0x7f7d9c106bd0 secure :-1 s=READY pgs=24 cs=0 l=1 rev1=1 crypto rx=0x7f7d900098a0 tx=0x7f7d90009bb0 comp rx=0 tx=0).stop
2024-03-15T12:48:46.660 INFO:teuthology.orchestra.run.smithi002.stdout:/usr/bin/ceph: stderr
2024-03-15T12:48:45.828+0000 7f7da1aba700 1 -- 172.21.15.2:0/2039984976 shutdown_connections
2024-03-15T12:48:46.660 INFO:teuthology.orchestra.run.smithi002.stdout:/usr/bin/ceph: stderr
2024-03-15T12:48:45.828+0000 7f7da1aba700 1 --2- 172.21.15.2:0/2039984976 >> [v2:172.21.15.2:3300/0,v1:172.21.15.2:6789/0] conn(0x7f7d9c1067b0 0x7f7d9c106bd0 unknown :-1 s=CLOSED pgs=24 cs=0 l=1 rev1=1 crypto rx=0 tx=0 comp rx=0 tx=0).stop
2024-03-15T12:48:46.660 INFO:teuthology.orchestra.run.smithi002.stdout:/usr/bin/ceph: stderr
2024-03-15T12:48:45.828+0000 7f7da1aba700 1 -- 172.21.15.2:0/2039984976 >> 172.21.15.2:0/2039984976 conn(0x7f7d9c101e10 msgr2=0x7f7d9c104230 unknown :-1 s=STATE_NONE l=0).mark_down
2024-03-15T12:48:46.660 INFO:teuthology.orchestra.run.smithi002.stdout:/usr/bin/ceph: stderr
2024-03-15T12:48:45.828+0000 7f7da1aba700 1 -- 172.21.15.2:0/2039984976 shutdown_connections
2024-03-15T12:48:46.660 INFO:teuthology.orchestra.run.smithi002.stdout:/usr/bin/ceph: stderr
2024-03-15T12:48:45.828+0000 7f7da1aba700 1 -- 172.21.15.2:0/2039984976 wait complete.
2024-03-15T12:48:46.660 INFO:teuthology.orchestra.run.smithi002.stdout:/usr/bin/ceph: stderr
2024-03-15T12:48:45.828+0000 7f7da1aba700 1 Processor -- start
2024-03-15T12:48:46.660 INFO:teuthology.orchestra.run.smithi002.stdout:/usr/bin/ceph: stderr
2024-03-15T12:48:45.829+0000 7f7da1aba700 1 -- start start
2024-03-15T12:48:46.660 INFO:teuthology.orchestra.run.smithi002.stdout:/usr/bin/ceph: stderr
2024-03-15T12:48:45.829+0000 7f7da1aba700 1 --2- >> [v2:172.21.15.2:3300/0,v1:172.21.15.2:6789/0] conn(0x7f7d9c1067b0 0x7f7d9c1918d0 unknown :-1 s=NONE pgs=0 cs=0 l=1 rev1=0 crypto rx=0 tx=0 comp rx=0 tx=0).connect
2024-03-15T12:48:46.660 INFO:teuthology.orchestra.run.smithi002.stdout:/usr/bin/ceph: stderr
2024-03-15T12:48:45.829+0000 7f7da1aba700 1 -- --> [v2:172.21.15.2:3300/0,v1:172.21.15.2:6789/0] -- mon_getmap magic: 0 v1 -- 0x7f7d9c191e10 con 0x7f7d9c1067b0
2024-03-15T12:48:46.660 INFO:teuthology.orchestra.run.smithi002.stdout:/usr/bin/ceph: stderr
2024-03-15T12:48:45.829+0000 7f7d9b7fe700 1 --2- >> [v2:172.21.15.2:3300/0,v1:172.21.15.2:6789/0] conn(0x7f7d9c1067b0 0x7f7d9c1918d0 unknown :-1 s=BANNER_CONNECTING pgs=0 cs=0 l=1 rev1=0 crypto rx=0 tx=0 comp rx=0 tx=0)._handle_peer_banner_payload supported=3 required=0
2024-03-15T12:48:46.660 INFO:teuthology.orchestra.run.smithi002.stdout:/usr/bin/ceph: stderr
2024-03-15T12:48:45.829+0000 7f7d9b7fe700 1 --2- >> [v2:172.21.15.2:3300/0,v1:172.21.15.2:6789/0] conn(0x7f7d9c1067b0 0x7f7d9c1918d0 unknown :-1 s=HELLO_CONNECTING pgs=0 cs=0 l=1 rev1=1 crypto rx=0 tx=0 comp rx=0 tx=0).handle_hello peer v2:172.21.15.2:3300/0 says I am v2:172.21.15.2:56110/0 (socket says 172.21.15.2:56110)
2024-03-15T12:48:46.660 INFO:teuthology.orchestra.run.smithi002.stdout:/usr/bin/ceph: stderr
2024-03-15T12:48:45.829+0000 7f7d9b7fe700 1 -- 172.21.15.2:0/1710881244 learned_addr learned my addr 172.21.15.2:0/1710881244 (peer_addr_for_me v2:172.21.15.2:0/0)
2024-03-15T12:48:46.661 INFO:teuthology.orchestra.run.smithi002.stdout:/usr/bin/ceph: stderr
2024-03-15T12:48:45.829+0000 7f7d9b7fe700 1 -- 172.21.15.2:0/1710881244 --> [v2:172.21.15.2:3300/0,v1:172.21.15.2:6789/0] -- mon_subscribe({config=0+,monmap=0+}) v3 -- 0x7f7d90009550 con 0x7f7d9c1067b0
2024-03-15T12:48:46.661 INFO:teuthology.orchestra.run.smithi002.stdout:/usr/bin/ceph: stderr
2024-03-15T12:48:45.829+0000 7f7d9b7fe700 1 --2- 172.21.15.2:0/1710881244 >> [v2:172.21.15.2:3300/0,v1:172.21.15.2:6789/0] conn(0x7f7d9c1067b0 0x7f7d9c1918d0 secure :-1 s=READY pgs=25 cs=0 l=1 rev1=1 crypto rx=0x7f7d90011670 tx=0x7f7d90011b70 comp rx=0 tx=0).ready entity=mon.0 client_cookie=0 server_cookie=0 in_seq=0 out_seq=0
2024-03-15T12:48:46.661 INFO:teuthology.orchestra.run.smithi002.stdout:/usr/bin/ceph: stderr
2024-03-15T12:48:45.829+0000 7f7d98ff9700 1 -- 172.21.15.2:0/1710881244 <== mon.0 v2:172.21.15.2:3300/0 1 ==== mon_map magic: 0 v1 ==== 205+0+0 (secure 0 0 0) 0x7f7d900039f0 con 0x7f7d9c1067b0
2024-03-15T12:48:46.661 INFO:teuthology.orchestra.run.smithi002.stdout:/usr/bin/ceph: stderr
2024-03-15T12:48:45.830+0000 7f7d98ff9700 1 -- 172.21.15.2:0/1710881244 <== mon.0 v2:172.21.15.2:3300/0 2 ==== config(27 keys) v1 ==== 1105+0+0 (secure 0 0 0) 0x7f7d90003b50 con 0x7f7d9c1067b0
2024-03-15T12:48:46.661 INFO:teuthology.orchestra.run.smithi002.stdout:/usr/bin/ceph: stderr
2024-03-15T12:48:45.830+0000 7f7da1aba700 1 -- 172.21.15.2:0/1710881244 --> [v2:172.21.15.2:3300/0,v1:172.21.15.2:6789/0] -- mon_subscribe({mgrmap=0+}) v3 -- 0x7f7d9c190050 con 0x7f7d9c1067b0
2024-03-15T12:48:46.661 INFO:teuthology.orchestra.run.smithi002.stdout:/usr/bin/ceph: stderr
2024-03-15T12:48:45.830+0000 7f7d98ff9700 1 -- 172.21.15.2:0/1710881244 <== mon.0 v2:172.21.15.2:3300/0 3 ==== mon_map magic: 0 v1 ==== 205+0+0 (secure 0 0 0) 0x7f7d900197f0 con 0x7f7d9c1067b0
2024-03-15T12:48:46.661 INFO:teuthology.orchestra.run.smithi002.stdout:/usr/bin/ceph: stderr
2024-03-15T12:48:45.830+0000 7f7da1aba700 1 -- 172.21.15.2:0/1710881244 --> [v2:172.21.15.2:3300/0,v1:172.21.15.2:6789/0] -- mon_subscribe({osdmap=0}) v3 -- 0x7f7d9c1904f0 con 0x7f7d9c1067b0
2024-03-15T12:48:46.661 INFO:teuthology.orchestra.run.smithi002.stdout:/usr/bin/ceph: stderr
2024-03-15T12:48:45.830+0000 7f7d98ff9700 1 -- 172.21.15.2:0/1710881244 <== mon.0 v2:172.21.15.2:3300/0 4 ==== mgrmap(e 5) v1 ==== 45769+0+0 (secure 0 0 0) 0x7f7d90019a60 con 0x7f7d9c1067b0
2024-03-15T12:48:46.661 INFO:teuthology.orchestra.run.smithi002.stdout:/usr/bin/ceph: stderr
2024-03-15T12:48:45.831+0000 7f7d98ff9700 1 --2- 172.21.15.2:0/1710881244 >> [v2:172.21.15.2:6800/3111414481,v1:172.21.15.2:6801/3111414481] conn(0x7f7d84038cb0 0x7f7d8403b170 unknown :-1 s=NONE pgs=0 cs=0 l=1 rev1=0 crypto rx=0 tx=0 comp rx=0 tx=0).connect
2024-03-15T12:48:46.661 INFO:teuthology.orchestra.run.smithi002.stdout:/usr/bin/ceph: stderr
