2024-03-16T18:11:42.804+0000 7fa6d77fe700 1 -- 172.21.15.17:0/4128142955 <== mon.0 v2:172.21.15.17:3300/0 4 ==== mgrmap(e 8) v1 ==== 45769+0+0 (secure 0 0 0) 0x7fa6dc019910 con 0x7fa6e8108200
2024-03-16T18:11:44.336 INFO:teuthology.orchestra.run.smithi017.stdout:/usr/bin/ceph: stderr
2024-03-16T18:11:42.804+0000 7fa6ecacd700 1 -- 172.21.15.17:0/4128142955 --> [v2:172.21.15.17:3300/0,v1:172.21.15.17:6789/0] -- mon_command({"prefix": "get_command_descriptions"} v 0) v1 -- 0x7fa6e810b8a0 con 0x7fa6e8108200
2024-03-16T18:11:44.337 INFO:teuthology.orchestra.run.smithi017.stdout:/usr/bin/ceph: stderr
2024-03-16T18:11:42.804+0000 7fa6d77fe700 1 --2- 172.21.15.17:0/4128142955 >> [v2:172.21.15.17:6800/2875100147,v1:172.21.15.17:6801/2875100147] conn(0x7fa6d0038cb0 0x7fa6d003b170 unknown :-1 s=NONE pgs=0 cs=0 l=1 rev1=0 crypto rx=0 tx=0 comp rx=0 tx=0).connect
2024-03-16T18:11:44.337 INFO:teuthology.orchestra.run.smithi017.stdout:/usr/bin/ceph: stderr
2024-03-16T18:11:42.804+0000 7fa6d77fe700 1 -- 172.21.15.17:0/4128142955 <== mon.0 v2:172.21.15.17:3300/0 5 ==== osd_map(2..2 src has 1..2) v4 ==== 940+0+0 (secure 0 0 0) 0x7fa6dc04de80 con 0x7fa6e8108200
2024-03-16T18:11:44.337 INFO:teuthology.orchestra.run.smithi017.stdout:/usr/bin/ceph: stderr
2024-03-16T18:11:42.804+0000 7fa6e5d9b700 1 --2- 172.21.15.17:0/4128142955 >> [v2:172.21.15.17:6800/2875100147,v1:172.21.15.17:6801/2875100147] conn(0x7fa6d0038cb0 0x7fa6d003b170 unknown :-1 s=BANNER_CONNECTING pgs=0 cs=0 l=1 rev1=0 crypto rx=0 tx=0 comp rx=0 tx=0)._handle_peer_banner_payload supported=3 required=0
2024-03-16T18:11:44.337 INFO:teuthology.orchestra.run.smithi017.stdout:/usr/bin/ceph: stderr
2024-03-16T18:11:42.804+0000 7fa6e5d9b700 1 --2- 172.21.15.17:0/4128142955 >> [v2:172.21.15.17:6800/2875100147,v1:172.21.15.17:6801/2875100147] conn(0x7fa6d0038cb0 0x7fa6d003b170 secure :-1 s=READY pgs=16 cs=0 l=1 rev1=1 crypto rx=0x7fa6d8006fd0 tx=0x7fa6d8006e40 comp rx=0 tx=0).ready entity=mgr.14118 client_cookie=0 server_cookie=0 in_seq=0 out_seq=0
2024-03-16T18:11:44.337 INFO:teuthology.orchestra.run.smithi017.stdout:/usr/bin/ceph: stderr
2024-03-16T18:11:42.813+0000 7fa6d77fe700 1 -- 172.21.15.17:0/4128142955 <== mon.0 v2:172.21.15.17:3300/0 6 ==== mon_command_ack([{"prefix": "get_command_descriptions"}]=0 v0) v1 ==== 72+0+184932 (secure 0 0 0) 0x7fa6dc018dc0 con 0x7fa6e8108200
2024-03-16T18:11:44.337 INFO:teuthology.orchestra.run.smithi017.stdout:/usr/bin/ceph: stderr
2024-03-16T18:11:43.076+0000 7fa6ecacd700 1 -- 172.21.15.17:0/4128142955 --> [v2:172.21.15.17:3300/0,v1:172.21.15.17:6789/0] -- mon_command({"prefix": "mgr module enable", "module": "dashboard"} v 0) v1 -- 0x7fa6e810bae0 con 0x7fa6e8108200
2024-03-16T18:11:44.337 INFO:teuthology.orchestra.run.smithi017.stdout:/usr/bin/ceph: stderr
2024-03-16T18:11:43.773+0000 7fa6d77fe700 1 -- 172.21.15.17:0/4128142955 <== mon.0 v2:172.21.15.17:3300/0 7 ==== mon_command_ack([{"prefix": "mgr module enable", "module": "dashboard"}]=0 v9) v1 ==== 88+0+0 (secure 0 0 0) 0x7fa6dc023390 con 0x7fa6e8108200
2024-03-16T18:11:44.337 INFO:teuthology.orchestra.run.smithi017.stdout:/usr/bin/ceph: stderr
2024-03-16T18:11:43.774+0000 7fa6d77fe700 1 -- 172.21.15.17:0/4128142955 <== mon.0 v2:172.21.15.17:3300/0 8 ==== mgrmap(e 9) v1 ==== 45782+0+0 (secure 0 0 0) 0x7fa6dc04c930 con 0x7fa6e8108200
2024-03-16T18:11:44.337 INFO:teuthology.orchestra.run.smithi017.stdout:/usr/bin/ceph: stderr
2024-03-16T18:11:43.776+0000 7fa6ecacd700 1 -- 172.21.15.17:0/4128142955 >> [v2:172.21.15.17:6800/2875100147,v1:172.21.15.17:6801/2875100147] conn(0x7fa6d0038cb0 msgr2=0x7fa6d003b170 secure :-1 s=STATE_CONNECTION_ESTABLISHED l=1).mark_down
2024-03-16T18:11:44.337 INFO:teuthology.orchestra.run.smithi017.stdout:/usr/bin/ceph: stderr
2024-03-16T18:11:43.776+0000 7fa6ecacd700 1 --2- 172.21.15.17:0/4128142955 >> [v2:172.21.15.17:6800/2875100147,v1:172.21.15.17:6801/2875100147] conn(0x7fa6d0038cb0 0x7fa6d003b170 secure :-1 s=READY pgs=16 cs=0 l=1 rev1=1 crypto rx=0x7fa6d8006fd0 tx=0x7fa6d8006e40 comp rx=0 tx=0).stop
2024-03-16T18:11:44.337 INFO:teuthology.orchestra.run.smithi017.stdout:/usr/bin/ceph: stderr
2024-03-16T18:11:43.776+0000 7fa6ecacd700 1 -- 172.21.15.17:0/4128142955 >> [v2:172.21.15.17:3300/0,v1:172.21.15.17:6789/0] conn(0x7fa6e8108200 msgr2=0x7fa6e819b3c0 secure :-1 s=STATE_CONNECTION_ESTABLISHED l=1).mark_down
2024-03-16T18:11:44.337 INFO:teuthology.orchestra.run.smithi017.stdout:/usr/bin/ceph: stderr
2024-03-16T18:11:43.776+0000 7fa6ecacd700 1 --2- 172.21.15.17:0/4128142955 >> [v2:172.21.15.17:3300/0,v1:172.21.15.17:6789/0] conn(0x7fa6e8108200 0x7fa6e819b3c0 secure :-1 s=READY pgs=54 cs=0 l=1 rev1=1 crypto rx=0x7fa6dc011980 tx=0x7fa6dc011a60 comp rx=0 tx=0).stop
2024-03-16T18:11:44.337 INFO:teuthology.orchestra.run.smithi017.stdout:/usr/bin/ceph: stderr
2024-03-16T18:11:43.776+0000 7fa6ecacd700 1 -- 172.21.15.17:0/4128142955 shutdown_connections
2024-03-16T18:11:44.338 INFO:teuthology.orchestra.run.smithi017.stdout:/usr/bin/ceph: stderr
2024-03-16T18:11:43.776+0000 7fa6ecacd700 1 --2- 172.21.15.17:0/4128142955 >> [v2:172.21.15.17:6800/2875100147,v1:172.21.15.17:6801/2875100147] conn(0x7fa6d0038cb0 0x7fa6d003b170 unknown :-1 s=CLOSED pgs=16 cs=0 l=1 rev1=1 crypto rx=0 tx=0 comp rx=0 tx=0).stop
2024-03-16T18:11:44.338 INFO:teuthology.orchestra.run.smithi017.stdout:/usr/bin/ceph: stderr
2024-03-16T18:11:43.776+0000 7fa6ecacd700 1 --2- 172.21.15.17:0/4128142955 >> [v2:172.21.15.17:3300/0,v1:172.21.15.17:6789/0] conn(0x7fa6e8108200 0x7fa6e819b3c0 unknown :-1 s=CLOSED pgs=54 cs=0 l=1 rev1=1 crypto rx=0 tx=0 comp rx=0 tx=0).stop
2024-03-16T18:11:44.338 INFO:teuthology.orchestra.run.smithi017.stdout:/usr/bin/ceph: stderr
2024-03-16T18:11:43.776+0000 7fa6ecacd700 1 -- 172.21.15.17:0/4128142955 >> 172.21.15.17:0/4128142955 conn(0x7fa6e8101bb0 msgr2=0x7fa6e8102620 unknown :-1 s=STATE_NONE l=0).mark_down
2024-03-16T18:11:44.338 INFO:teuthology.orchestra.run.smithi017.stdout:/usr/bin/ceph: stderr
2024-03-16T18:11:43.776+0000 7fa6ecacd700 1 -- 172.21.15.17:0/4128142955 shutdown_connections
2024-03-16T18:11:44.338 INFO:teuthology.orchestra.run.smithi017.stdout:/usr/bin/ceph: stderr
2024-03-16T18:11:43.776+0000 7fa6ecacd700 1 -- 172.21.15.17:0/4128142955 wait complete.
2024-03-16T18:11:44.707 INFO:journalctl@ceph.mgr.x.smithi017.stdout:Mar 16 18:11:44 smithi017 ceph-5a81d92e-e3c0-11ee-95c9-87774f69a715-mgr-x[32443]:
2024-03-16T18:11:44.374+0000 7f64c176d200 -1 mgr[py] Module osd_perf_query has missing NOTIFY_TYPES member
2024-03-16T18:11:44.707 INFO:journalctl@ceph.mgr.x.smithi017.stdout:Mar 16 18:11:44 smithi017 ceph-5a81d92e-e3c0-11ee-95c9-87774f69a715-mgr-x[32443]:
2024-03-16T18:11:44.472+0000 7f64c176d200 -1 mgr[py] Module snap_schedule has missing NOTIFY_TYPES member
2024-03-16T18:11:45.013 INFO:journalctl@ceph.mon.a.smithi017.stdout:Mar 16 18:11:44 smithi017 ceph-mon[32207]: from='client.? 172.21.15.17:0/4128142955' entity='client.admin' cmd='[{"prefix": "mgr module enable", "module": "dashboard"}]': finished
2024-03-16T18:11:45.013 INFO:journalctl@ceph.mon.a.smithi017.stdout:Mar 16 18:11:44 smithi017 ceph-mon[32207]: mgrmap e9: x(active, since 19s)
2024-03-16T18:11:45.289 INFO:journalctl@ceph.mgr.x.smithi017.stdout:Mar 16 18:11:45 smithi017 ceph-5a81d92e-e3c0-11ee-95c9-87774f69a715-mgr-x[32443]:
2024-03-16T18:11:45.145+0000 7f64c176d200 -1 mgr[py] Module zabbix has missing NOTIFY_TYPES member
2024-03-16T18:11:45.290 INFO:journalctl@ceph.mgr.x.smithi017.stdout:Mar 16 18:11:45 smithi017 ceph-5a81d92e-e3c0-11ee-95c9-87774f69a715-mgr-x[32443]:
2024-03-16T18:11:45.243+0000 7f64c176d200 -1 mgr[py] Module balancer has missing NOTIFY_TYPES member
2024-03-16T18:11:45.777 INFO:journalctl@ceph.mgr.x.smithi017.stdout:Mar 16 18:11:45 smithi017 ceph-5a81d92e-e3c0-11ee-95c9-87774f69a715-mgr-x[32443]:
2024-03-16T18:11:45.388+0000 7f64c176d200 -1 mgr[py] Module influx has missing NOTIFY_TYPES member
2024-03-16T18:11:45.777 INFO:journalctl@ceph.mgr.x.smithi017.stdout:Mar 16 18:11:45 smithi017 ceph-5a81d92e-e3c0-11ee-95c9-87774f69a715-mgr-x[32443]:
2024-03-16T18:11:45.486+0000 7f64c176d200 -1 mgr[py] Module alerts has missing NOTIFY_TYPES member
2024-03-16T18:11:45.777 INFO:journalctl@ceph.mgr.x.smithi017.stdout:Mar 16 18:11:45 smithi017 ceph-5a81d92e-e3c0-11ee-95c9-87774f69a715-mgr-x[32443]:
2024-03-16T18:11:45.571+0000 7f64c176d200 -1 mgr[py] Module iostat has missing NOTIFY_TYPES member
2024-03-16T18:11:45.802 INFO:teuthology.orchestra.run.smithi017.stdout:/usr/bin/ceph: stdout {
2024-03-16T18:11:45.802 INFO:teuthology.orchestra.run.smithi017.stdout:/usr/bin/ceph: stdout "epoch": 9,
2024-03-16T18:11:45.802 INFO:teuthology.orchestra.run.smithi017.stdout:/usr/bin/ceph: stdout "available": true,
2024-03-16T18:11:45.802 INFO:teuthology.orchestra.run.smithi017.stdout:/usr/bin/ceph: stdout "active_name": "x",
2024-03-16T18:11:45.802 INFO:teuthology.orchestra.run.smithi017.stdout:/usr/bin/ceph: stdout "num_standby": 0
2024-03-16T18:11:45.802 INFO:teuthology.orchestra.run.smithi017.stdout:/usr/bin/ceph: stdout }
2024-03-16T18:11:45.802 INFO:teuthology.orchestra.run.smithi017.stdout:/usr/bin/ceph: stderr
2024-03-16T18:11:44.804+0000 7f09ed2ed700 1 Processor -- start
2024-03-16T18:11:45.802 INFO:teuthology.orchestra.run.smithi017.stdout:/usr/bin/ceph: stderr
2024-03-16T18:11:44.804+0000 7f09ed2ed700 1 -- start start
2024-03-16T18:11:45.803 INFO:teuthology.orchestra.run.smithi017.stdout:/usr/bin/ceph: stderr
2024-03-16T18:11:44.804+0000 7f09ed2ed700 1 --2- >> [v2:172.21.15.17:3300/0,v1:172.21.15.17:6789/0] conn(0x7f09e8108190 0x7f09e810a580 unknown :-1 s=NONE pgs=0 cs=0 l=0 rev1=0 crypto rx=0 tx=0 comp rx=0 tx=0).connect
2024-03-16T18:11:45.803 INFO:teuthology.orchestra.run.smithi017.stdout:/usr/bin/ceph: stderr
2024-03-16T18:11:44.804+0000 7f09ed2ed700 1 -- --> [v2:172.21.15.17:3300/0,v1:172.21.15.17:6789/0] -- mon_getmap magic: 0 v1 -- 0x7f09e807ae70 con 0x7f09e8108190
2024-03-16T18:11:45.803 INFO:teuthology.orchestra.run.smithi017.stdout:/usr/bin/ceph: stderr
2024-03-16T18:11:44.805+0000 7f09e6ffd700 1 --2- >> [v2:172.21.15.17:3300/0,v1:172.21.15.17:6789/0] conn(0x7f09e8108190 0x7f09e810a580 unknown :-1 s=BANNER_CONNECTING pgs=0 cs=0 l=0 rev1=0 crypto rx=0 tx=0 comp rx=0 tx=0)._handle_peer_banner_payload supported=3 required=0
2024-03-16T18:11:45.803 INFO:teuthology.orchestra.run.smithi017.stdout:/usr/bin/ceph: stderr
2024-03-16T18:11:44.805+0000 7f09e6ffd700 1 --2- >> [v2:172.21.15.17:3300/0,v1:172.21.15.17:6789/0] conn(0x7f09e8108190 0x7f09e810a580 unknown :-1 s=HELLO_CONNECTING pgs=0 cs=0 l=0 rev1=1 crypto rx=0 tx=0 comp rx=0 tx=0).handle_hello peer v2:172.21.15.17:3300/0 says I am v2:172.21.15.17:46020/0 (socket says 172.21.15.17:46020)
2024-03-16T18:11:45.803 INFO:teuthology.orchestra.run.smithi017.stdout:/usr/bin/ceph: stderr
2024-03-16T18:11:44.805+0000 7f09e6ffd700 1 -- 172.21.15.17:0/1134677562 learned_addr learned my addr 172.21.15.17:0/1134677562 (peer_addr_for_me v2:172.21.15.17:0/0)
2024-03-16T18:11:45.803 INFO:teuthology.orchestra.run.smithi017.stdout:/usr/bin/ceph: stderr
2024-03-16T18:11:44.805+0000 7f09e6ffd700 1 -- 172.21.15.17:0/1134677562 --> [v2:172.21.15.17:3300/0,v1:172.21.15.17:6789/0] -- mon_subscribe({config=0+,monmap=0+}) v3 -- 0x7f09e810aac0 con 0x7f09e8108190
2024-03-16T18:11:45.803 INFO:teuthology.orchestra.run.smithi017.stdout:/usr/bin/ceph: stderr
2024-03-16T18:11:44.805+0000 7f09e6ffd700 1 --2- 172.21.15.17:0/1134677562 >> [v2:172.21.15.17:3300/0,v1:172.21.15.17:6789/0] conn(0x7f09e8108190 0x7f09e810a580 secure :-1 s=READY pgs=57 cs=0 l=1 rev1=1 crypto rx=0x7f09d00098a0 tx=0x7f09d0009bb0 comp rx=0 tx=0).ready entity=mon.0 client_cookie=b6fc0467db1f543 server_cookie=0 in_seq=0 out_seq=0
2024-03-16T18:11:45.803 INFO:teuthology.orchestra.run.smithi017.stdout:/usr/bin/ceph: stderr
2024-03-16T18:11:44.805+0000 7f09e5ffb700 1 -- 172.21.15.17:0/1134677562 <== mon.0 v2:172.21.15.17:3300/0 1 ==== mon_map magic: 0 v1 ==== 205+0+0 (secure 0 0 0) 0x7f09d0004160 con 0x7f09e8108190
2024-03-16T18:11:45.803 INFO:teuthology.orchestra.run.smithi017.stdout:/usr/bin/ceph: stderr
2024-03-16T18:11:44.805+0000 7f09e5ffb700 1 -- 172.21.15.17:0/1134677562 <== mon.0 v2:172.21.15.17:3300/0 2 ==== config(26 keys) v1 ==== 1102+0+0 (secure 0 0 0) 0x7f09d00042c0 con 0x7f09e8108190
2024-03-16T18:11:45.803 INFO:teuthology.orchestra.run.smithi017.stdout:/usr/bin/ceph: stderr
2024-03-16T18:11:44.805+0000 7f09e5ffb700 1 -- 172.21.15.17:0/1134677562 <== mon.0 v2:172.21.15.17:3300/0 3 ==== mon_map magic: 0 v1 ==== 205+0+0 (secure 0 0 0) 0x7f09d00119b0 con 0x7f09e8108190
2024-03-16T18:11:45.803 INFO:teuthology.orchestra.run.smithi017.stdout:/usr/bin/ceph: stderr
2024-03-16T18:11:44.806+0000 7f09ed2ed700 1 -- 172.21.15.17:0/1134677562 >> [v2:172.21.15.17:3300/0,v1:172.21.15.17:6789/0] conn(0x7f09e8108190 msgr2=0x7f09e810a580 secure :-1 s=STATE_CONNECTION_ESTABLISHED l=1).mark_down
2024-03-16T18:11:45.803 INFO:teuthology.orchestra.run.smithi017.stdout:/usr/bin/ceph: stderr
2024-03-16T18:11:44.806+0000 7f09ed2ed700 1 --2- 172.21.15.17:0/1134677562 >> [v2:172.21.15.17:3300/0,v1:172.21.15.17:6789/0] conn(0x7f09e8108190 0x7f09e810a580 secure :-1 s=READY pgs=57 cs=0 l=1 rev1=1 crypto rx=0x7f09d00098a0 tx=0x7f09d0009bb0 comp rx=0 tx=0).stop
2024-03-16T18:11:45.803 INFO:teuthology.orchestra.run.smithi017.stdout:/usr/bin/ceph: stderr
2024-03-16T18:11:44.806+0000 7f09ed2ed700 1 -- 172.21.15.17:0/1134677562 shutdown_connections
2024-03-16T18:11:45.803 INFO:teuthology.orchestra.run.smithi017.stdout:/usr/bin/ceph: stderr
2024-03-16T18:11:44.806+0000 7f09ed2ed700 1 --2- 172.21.15.17:0/1134677562 >> [v2:172.21.15.17:3300/0,v1:172.21.15.17:6789/0] conn(0x7f09e8108190 0x7f09e810a580 unknown :-1 s=CLOSED pgs=57 cs=0 l=1 rev1=1 crypto rx=0 tx=0 comp rx=0 tx=0).stop
2024-03-16T18:11:45.804 INFO:teuthology.orchestra.run.smithi017.stdout:/usr/bin/ceph: stderr
2024-03-16T18:11:44.806+0000 7f09ed2ed700 1 -- 172.21.15.17:0/1134677562 >> 172.21.15.17:0/1134677562 conn(0x7f09e8101b40 msgr2=0x7f09e8103fc0 unknown :-1 s=STATE_NONE l=0).mark_down
2024-03-16T18:11:45.804 INFO:teuthology.orchestra.run.smithi017.stdout:/usr/bin/ceph: stderr
2024-03-16T18:11:44.806+0000 7f09ed2ed700 1 -- 172.21.15.17:0/1134677562 shutdown_connections
2024-03-16T18:11:45.804 INFO:teuthology.orchestra.run.smithi017.stdout:/usr/bin/ceph: stderr
2024-03-16T18:11:44.806+0000 7f09ed2ed700 1 -- 172.21.15.17:0/1134677562 wait complete.
2024-03-16T18:11:45.804 INFO:teuthology.orchestra.run.smithi017.stdout:/usr/bin/ceph: stderr
2024-03-16T18:11:44.806+0000 7f09ed2ed700 1 Processor -- start
2024-03-16T18:11:45.804 INFO:teuthology.orchestra.run.smithi017.stdout:/usr/bin/ceph: stderr
2024-03-16T18:11:44.807+0000 7f09ed2ed700 1 -- start start
2024-03-16T18:11:45.804 INFO:teuthology.orchestra.run.smithi017.stdout:/usr/bin/ceph: stderr
2024-03-16T18:11:44.807+0000 7f09ed2ed700 1 --2- >> [v2:172.21.15.17:3300/0,v1:172.21.15.17:6789/0] conn(0x7f09e8108190 0x7f09e8107a10 unknown :-1 s=NONE pgs=0 cs=0 l=1 rev1=0 crypto rx=0 tx=0 comp rx=0 tx=0).connect
2024-03-16T18:11:45.804 INFO:teuthology.orchestra.run.smithi017.stdout:/usr/bin/ceph: stderr
2024-03-16T18:11:44.807+0000 7f09ed2ed700 1 -- --> [v2:172.21.15.17:3300/0,v1:172.21.15.17:6789/0] -- mon_getmap magic: 0 v1 -- 0x7f09e8107f50 con 0x7f09e8108190
2024-03-16T18:11:45.804 INFO:teuthology.orchestra.run.smithi017.stdout:/usr/bin/ceph: stderr
2024-03-16T18:11:44.807+0000 7f09e6ffd700 1 --2- >> [v2:172.21.15.17:3300/0,v1:172.21.15.17:6789/0] conn(0x7f09e8108190 0x7f09e8107a10 unknown :-1 s=BANNER_CONNECTING pgs=0 cs=0 l=1 rev1=0 crypto rx=0 tx=0 comp rx=0 tx=0)._handle_peer_banner_payload supported=3 required=0
2024-03-16T18:11:45.804 INFO:teuthology.orchestra.run.smithi017.stdout:/usr/bin/ceph: stderr
2024-03-16T18:11:44.807+0000 7f09e6ffd700 1 --2- >> [v2:172.21.15.17:3300/0,v1:172.21.15.17:6789/0] conn(0x7f09e8108190 0x7f09e8107a10 unknown :-1 s=HELLO_CONNECTING pgs=0 cs=0 l=1 rev1=1 crypto rx=0 tx=0 comp rx=0 tx=0).handle_hello peer v2:172.21.15.17:3300/0 says I am v2:172.21.15.17:46030/0 (socket says 172.21.15.17:46030)
2024-03-16T18:11:45.804 INFO:teuthology.orchestra.run.smithi017.stdout:/usr/bin/ceph: stderr
2024-03-16T18:11:44.807+0000 7f09e6ffd700 1 -- 172.21.15.17:0/524008091 learned_addr learned my addr 172.21.15.17:0/524008091 (peer_addr_for_me v2:172.21.15.17:0/0)
2024-03-16T18:11:45.804 INFO:teuthology.orchestra.run.smithi017.stdout:/usr/bin/ceph: stderr
2024-03-16T18:11:44.807+0000 7f09e6ffd700 1 -- 172.21.15.17:0/524008091 --> [v2:172.21.15.17:3300/0,v1:172.21.15.17:6789/0] -- mon_subscribe({config=0+,monmap=0+}) v3 -- 0x7f09d0009550 con 0x7f09e8108190
2024-03-16T18:11:45.804 INFO:teuthology.orchestra.run.smithi017.stdout:/usr/bin/ceph: stderr
2024-03-16T18:11:44.807+0000 7f09e6ffd700 1 --2- 172.21.15.17:0/524008091 >> [v2:172.21.15.17:3300/0,v1:172.21.15.17:6789/0] conn(0x7f09e8108190 0x7f09e8107a10 secure :-1 s=READY pgs=58 cs=0 l=1 rev1=1 crypto rx=0x7f09d0011670 tx=0x7f09d0011a30 comp rx=0 tx=0).ready entity=mon.0 client_cookie=0 server_cookie=0 in_seq=0 out_seq=0
2024-03-16T18:11:45.804 INFO:teuthology.orchestra.run.smithi017.stdout:/usr/bin/ceph: stderr
2024-03-16T18:11:44.808+0000 7f09dffff700 1 -- 172.21.15.17:0/524008091 <== mon.0 v2:172.21.15.17:3300/0 1 ==== mon_map magic: 0 v1 ==== 205+0+0 (secure 0 0 0) 0x7f09d00038b0 con 0x7f09e8108190
2024-03-16T18:11:45.805 INFO:teuthology.orchestra.run.smithi017.stdout:/usr/bin/ceph: stderr
2024-03-16T18:11:44.808+0000 7f09dffff700 1 -- 172.21.15.17:0/524008091 <== mon.0 v2:172.21.15.17:3300/0 2 ==== config(26 keys) v1 ==== 1102+0+0 (secure 0 0 0) 0x7f09d0003a10 con 0x7f09e8108190
2024-03-16T18:11:45.805 INFO:teuthology.orchestra.run.smithi017.stdout:/usr/bin/ceph: stderr
2024-03-16T18:11:44.808+0000 7f09ed2ed700 1 -- 172.21.15.17:0/524008091 --> [v2:172.21.15.17:3300/0,v1:172.21.15.17:6789/0] -- mon_subscribe({mgrmap=0+}) v3 -- 0x7f09e8106140 con 0x7f09e8108190
2024-03-16T18:11:45.805 INFO:teuthology.orchestra.run.smithi017.stdout:/usr/bin/ceph: stderr
2024-03-16T18:11:44.808+0000 7f09dffff700 1 -- 172.21.15.17:0/524008091 <== mon.0 v2:172.21.15.17:3300/0 3 ==== mon_map magic: 0 v1 ==== 205+0+0 (secure 0 0 0) 0x7f09d0019550 con 0x7f09e8108190
2024-03-16T18:11:45.805 INFO:teuthology.orchestra.run.smithi017.stdout:/usr/bin/ceph: stderr
2024-03-16T18:11:44.808+0000 7f09ed2ed700 1 -- 172.21.15.17:0/524008091 --> [v2:172.21.15.17:3300/0,v1:172.21.15.17:6789/0] -- mon_subscribe({osdmap=0}) v3 -- 0x7f09e81065e0 con 0x7f09e8108190
2024-03-16T18:11:45.805 INFO:teuthology.orchestra.run.smithi017.stdout:/usr/bin/ceph: stderr
2024-03-16T18:11:44.809+0000 7f09ed2ed700 1 -- 172.21.15.17:0/524008091 --> [v2:172.21.15.17:3300/0,v1:172.21.15.17:6789/0] -- mon_command({"prefix": "get_command_descriptions"} v 0) v1 -- 0x7f09e810b8a0 con 0x7f09e8108190
2024-03-16T18:11:45.805 INFO:teuthology.orchestra.run.smithi017.stdout:/usr/bin/ceph: stderr
2024-03-16T18:11:44.809+0000 7f09dffff700 1 -- 172.21.15.17:0/524008091 <== mon.0 v2:172.21.15.17:3300/0 4 ==== mgrmap(e 9) v1 ==== 45782+0+0 (secure 0 0 0) 0x7f09d00197c0 con 0x7f09e8108190
2024-03-16T18:11:45.805 INFO:teuthology.orchestra.run.smithi017.stdout:/usr/bin/ceph: stderr
2024-03-16T18:11:44.809+0000 7f09dffff700 1 --2- 172.21.15.17:0/524008091 >> [v2:172.21.15.17:6800/2875100147,v1:172.21.15.17:6801/2875100147] conn(0x7f09d4038d00 0x7f09d403b1c0 unknown :-1 s=NONE pgs=0 cs=0 l=1 rev1=0 crypto rx=0 tx=0 comp rx=0 tx=0).connect
2024-03-16T18:11:45.805 INFO:teuthology.orchestra.run.smithi017.stdout:/usr/bin/ceph: stderr
2024-03-16T18:11:44.809+0000 7f09dffff700 1 -- 172.21.15.17:0/524008091 <== mon.0 v2:172.21.15.17:3300/0 5 ==== osd_map(2..2 src has 1..2) v4 ==== 940+0+0 (secure 0 0 0) 0x7f09d004cf10 con 0x7f09e8108190
2024-03-16T18:11:45.805 INFO:teuthology.orchestra.run.smithi017.stdout:/usr/bin/ceph: stderr
2024-03-16T18:11:44.809+0000 7f09e67fc700 1 -- 172.21.15.17:0/524008091 >> [v2:172.21.15.17:6800/2875100147,v1:172.21.15.17:6801/2875100147] conn(0x7f09d4038d00 msgr2=0x7f09d403b1c0 unknown :-1 s=STATE_CONNECTING_RE l=1).process reconnect failed to v2:172.21.15.17:6800/2875100147
2024-03-16T18:11:45.805 INFO:teuthology.orchestra.run.smithi017.stdout:/usr/bin/ceph: stderr
2024-03-16T18:11:44.809+0000 7f09e67fc700 1 --2- 172.21.15.17:0/524008091 >> [v2:172.21.15.17:6800/2875100147,v1:172.21.15.17:6801/2875100147] conn(0x7f09d4038d00 0x7f09d403b1c0 unknown :-1 s=START_CONNECT pgs=0 cs=0 l=1 rev1=0 crypto rx=0 tx=0 comp rx=0 tx=0)._fault waiting 0.200000
2024-03-16T18:11:45.805 INFO:teuthology.orchestra.run.smithi017.stdout:/usr/bin/ceph: stderr
2024-03-16T18:11:44.814+0000 7f09dffff700 1 -- 172.21.15.17:0/524008091 <== mon.0 v2:172.21.15.17:3300/0 6 ==== mon_command_ack([{"prefix": "get_command_descriptions"}]=0 v0) v1 ==== 72+0+184932 (secure 0 0 0) 0x7f09d0018a40 con 0x7f09e8108190
2024-03-16T18:11:45.805 INFO:teuthology.orchestra.run.smithi017.stdout:/usr/bin/ceph: stderr
2024-03-16T18:11:45.010+0000 7f09e67fc700 1 -- 172.21.15.17:0/524008091 >> [v2:172.21.15.17:6800/2875100147,v1:172.21.15.17:6801/2875100147] conn(0x7f09d4038d00 msgr2=0x7f09d403b1c0 unknown :-1 s=STATE_CONNECTING_RE l=1).process reconnect failed to v2:172.21.15.17:6800/2875100147
2024-03-16T18:11:45.805 INFO:teuthology.orchestra.run.smithi017.stdout:/usr/bin/ceph: stderr
2024-03-16T18:11:45.010+0000 7f09e67fc700 1 --2- 172.21.15.17:0/524008091 >> [v2:172.21.15.17:6800/2875100147,v1:172.21.15.17:6801/2875100147] conn(0x7f09d4038d00 0x7f09d403b1c0 unknown :-1 s=START_CONNECT pgs=0 cs=0 l=1 rev1=0 crypto rx=0 tx=0 comp rx=0 tx=0)._fault waiting 0.400000
2024-03-16T18:11:45.806 INFO:teuthology.orchestra.run.smithi017.stdout:/usr/bin/ceph: stderr
2024-03-16T18:11:45.091+0000 7f09ed2ed700 1 -- 172.21.15.17:0/524008091 --> [v2:172.21.15.17:3300/0,v1:172.21.15.17:6789/0] -- mon_command({"prefix": "mgr stat"} v 0) v1 -- 0x7f09e8106be0 con 0x7f09e8108190
2024-03-16T18:11:45.806 INFO:teuthology.orchestra.run.smithi017.stdout:/usr/bin/ceph: stderr
2024-03-16T18:11:45.091+0000 7f09dffff700 1 -- 172.21.15.17:0/524008091 <== mon.0 v2:172.21.15.17:3300/0 7 ==== mon_command_ack([{"prefix": "mgr stat"}]=0 v9) v1 ==== 56+0+88 (secure 0 0 0) 0x7f09d0018350 con 0x7f09e8108190
2024-03-16T18:11:45.806 INFO:teuthology.orchestra.run.smithi017.stdout:/usr/bin/ceph: stderr
2024-03-16T18:11:45.093+0000 7f09ed2ed700 1 -- 172.21.15.17:0/524008091 >> [v2:172.21.15.17:6800/2875100147,v1:172.21.15.17:6801/2875100147] conn(0x7f09d4038d00 msgr2=0x7f09d403b1c0 unknown :-1 s=STATE_CONNECTING l=1).mark_down
2024-03-16T18:11:45.806 INFO:teuthology.orchestra.run.smithi017.stdout:/usr/bin/ceph: stderr
2024-03-16T18:11:45.093+0000 7f09ed2ed700 1 --2- 172.21.15.17:0/524008091 >> [v2:172.21.15.17:6800/2875100147,v1:172.21.15.17:6801/2875100147] conn(0x7f09d4038d00 0x7f09d403b1c0 unknown :-1 s=START_CONNECT pgs=0 cs=0 l=1 rev1=0 crypto rx=0 tx=0 comp rx=0 tx=0).stop
2024-03-16T18:11:45.806 INFO:teuthology.orchestra.run.smithi017.stdout:/usr/bin/ceph: stderr
2024-03-16T18:11:45.093+0000 7f09ed2ed700 1 -- 172.21.15.17:0/524008091 >> [v2:172.21.15.17:3300/0,v1:172.21.15.17:6789/0] conn(0x7f09e8108190 msgr2=0x7f09e8107a10 secure :-1 s=STATE_CONNECTION_ESTABLISHED l=1).mark_down
2024-03-16T18:11:45.806 INFO:teuthology.orchestra.run.smithi017.stdout:/usr/bin/ceph: stderr
2024-03-16T18:11:45.093+0000 7f09ed2ed700 1 --2- 172.21.15.17:0/524008091 >> [v2:172.21.15.17:3300/0,v1:172.21.15.17:6789/0] conn(0x7f09e8108190 0x7f09e8107a10 secure :-1 s=READY pgs=58 cs=0 l=1 rev1=1 crypto rx=0x7f09d0011670 tx=0x7f09d0011a30 comp rx=0 tx=0).stop
2024-03-16T18:11:45.806 INFO:teuthology.orchestra.run.smithi017.stdout:/usr/bin/ceph: stderr
2024-03-16T18:11:45.093+0000 7f09ed2ed700 1 -- 172.21.15.17:0/524008091 shutdown_connections
2024-03-16T18:11:45.806 INFO:teuthology.orchestra.run.smithi017.stdout:/usr/bin/ceph: stderr
2024-03-16T18:11:45.093+0000 7f09ed2ed700 1 --2- 172.21.15.17:0/524008091 >> [v2:172.21.15.17:6800/2875100147,v1:172.21.15.17:6801/2875100147] conn(0x7f09d4038d00 0x7f09d403b1c0 unknown :-1 s=CLOSED pgs=0 cs=0 l=1 rev1=0 crypto rx=0 tx=0 comp rx=0 tx=0).stop
2024-03-16T18:11:45.806 INFO:teuthology.orchestra.run.smithi017.stdout:/usr/bin/ceph: stderr
2024-03-16T18:11:45.093+0000 7f09ed2ed700 1 --2- 172.21.15.17:0/524008091 >> [v2:172.21.15.17:3300/0,v1:172.21.15.17:6789/0] conn(0x7f09e8108190 0x7f09e8107a10 unknown :-1 s=CLOSED pgs=58 cs=0 l=1 rev1=1 crypto rx=0 tx=0 comp rx=0 tx=0).stop
2024-03-16T18:11:45.806 INFO:teuthology.orchestra.run.smithi017.stdout:/usr/bin/ceph: stderr
2024-03-16T18:11:45.093+0000 7f09ed2ed700 1 -- 172.21.15.17:0/524008091 >> 172.21.15.17:0/524008091 conn(0x7f09e8101b40 msgr2=0x7f09e8102700 unknown :-1 s=STATE_NONE l=0).mark_down
2024-03-16T18:11:45.806 INFO:teuthology.orchestra.run.smithi017.stdout:/usr/bin/ceph: stderr
2024-03-16T18:11:45.094+0000 7f09ed2ed700 1 -- 172.21.15.17:0/524008091 shutdown_connections
2024-03-16T18:11:45.806 INFO:teuthology.orchestra.run.smithi017.stdout:/usr/bin/ceph: stderr
2024-03-16T18:11:45.094+0000 7f09ed2ed700 1 -- 172.21.15.17:0/524008091 wait complete.
2024-03-16T18:11:45.807 INFO:teuthology.orchestra.run.smithi017.stdout:Waiting for the mgr to restart...
2024-03-16T18:11:45.807 INFO:teuthology.orchestra.run.smithi017.stdout:Waiting for mgr epoch 9...
2024-03-16T18:11:46.039 INFO:journalctl@ceph.mon.a.smithi017.stdout:Mar 16 18:11:45 smithi017 ceph-mon[32207]: from='client.? 172.21.15.17:0/524008091' entity='client.admin' cmd=[{"prefix": "mgr stat"}]: dispatch
2024-03-16T18:11:46.039 INFO:journalctl@ceph.mgr.x.smithi017.stdout:Mar 16 18:11:45 smithi017 ceph-5a81d92e-e3c0-11ee-95c9-87774f69a715-mgr-x[32443]:
2024-03-16T18:11:45.843+0000 7f64c176d200 -1 mgr[py] Module rgw has missing NOTIFY_TYPES member
2024-03-16T18:11:46.040 INFO:journalctl@ceph.mgr.x.smithi017.stdout:Mar 16 18:11:45 smithi017 ceph-5a81d92e-e3c0-11ee-95c9-87774f69a715-mgr-x[32443]:
2024-03-16T18:11:45.956+0000 7f64c176d200 -1 mgr[py] Module rbd_support has missing NOTIFY_TYPES member
2024-03-16T18:11:46.336 INFO:journalctl@ceph.mgr.x.smithi017.stdout:Mar 16 18:11:46 smithi017 ceph-5a81d92e-e3c0-11ee-95c9-87774f69a715-mgr-x[32443]:
2024-03-16T18:11:46.044+0000 7f64c176d200 -1 mgr[py] Module progress has missing NOTIFY_TYPES member
2024-03-16T18:11:46.336 INFO:journalctl@ceph.mgr.x.smithi017.stdout:Mar 16 18:11:46 smithi017 ceph-5a81d92e-e3c0-11ee-95c9-87774f69a715-mgr-x[32443]:
2024-03-16T18:11:46.144+0000 7f64c176d200 -1 mgr[py] Module pg_autoscaler has missing NOTIFY_TYPES member
2024-03-16T18:11:46.591 INFO:journalctl@ceph.mgr.x.smithi017.stdout:Mar 16 18:11:46 smithi017 ceph-5a81d92e-e3c0-11ee-95c9-87774f69a715-mgr-x[32443]:
2024-03-16T18:11:46.332+0000 7f64c176d200 -1 mgr[py] Module devicehealth has missing NOTIFY_TYPES member
2024-03-16T18:11:47.789 INFO:journalctl@ceph.mgr.x.smithi017.stdout:Mar 16 18:11:47 smithi017 ceph-5a81d92e-e3c0-11ee-95c9-87774f69a715-mgr-x[32443]:
2024-03-16T18:11:47.320+0000 7f64c176d200 -1 mgr[py] Module rook has missing NOTIFY_TYPES member
2024-03-16T18:11:47.789 INFO:journalctl@ceph.mgr.x.smithi017.stdout:Mar 16 18:11:47 smithi017 ceph-5a81d92e-e3c0-11ee-95c9-87774f69a715-mgr-x[32443]:
2024-03-16T18:11:47.454+0000 7f64c176d200 -1 mgr[py] Module diskprediction_local has missing NOTIFY_TYPES member
2024-03-16T18:11:48.086 INFO:journalctl@ceph.mgr.x.smithi017.stdout:Mar 16 18:11:47 smithi017 ceph-5a81d92e-e3c0-11ee-95c9-87774f69a715-mgr-x[32443]:
2024-03-16T18:11:47.790+0000 7f64c176d200 -1 mgr[py] Module selftest has missing NOTIFY_TYPES member
2024-03-16T18:11:48.086 INFO:journalctl@ceph.mgr.x.smithi017.stdout:Mar 16 18:11:47 smithi017 ceph-5a81d92e-e3c0-11ee-95c9-87774f69a715-mgr-x[32443]:
2024-03-16T18:11:47.882+0000 7f64c176d200 -1 mgr[py] Module telegraf has missing NOTIFY_TYPES member
2024-03-16T18:11:48.086 INFO:journalctl@ceph.mgr.x.smithi017.stdout:Mar 16 18:11:48 smithi017 ceph-5a81d92e-e3c0-11ee-95c9-87774f69a715-mgr-x[32443]:
2024-03-16T18:11:48.082+0000 7f64c176d200 -1 mgr[py] Module test_orchestrator has missing NOTIFY_TYPES member
2024-03-16T18:11:48.539 INFO:journalctl@ceph.mgr.x.smithi017.stdout:Mar 16 18:11:48 smithi017 ceph-5a81d92e-e3c0-11ee-95c9-87774f69a715-mgr-x[32443]:
2024-03-16T18:11:48.271+0000 7f64c176d200 -1 mgr[py] Module crash has missing NOTIFY_TYPES member
2024-03-16T18:11:48.827 INFO:journalctl@ceph.mgr.x.smithi017.stdout:Mar 16 18:11:48 smithi017 ceph-5a81d92e-e3c0-11ee-95c9-87774f69a715-mgr-x[32443]:
2024-03-16T18:11:48.562+0000 7f64c176d200 -1 mgr[py] Module orchestrator has missing NOTIFY_TYPES member
2024-03-16T18:11:48.827 INFO:journalctl@ceph.mgr.x.smithi017.stdout:Mar 16 18:11:48 smithi017 ceph-5a81d92e-e3c0-11ee-95c9-87774f69a715-mgr-x[32443]:
2024-03-16T18:11:48.823+0000 7f64c176d200 -1 mgr[py] Module osd_support has missing NOTIFY_TYPES member
2024-03-16T18:11:49.289 INFO:journalctl@ceph.mgr.x.smithi017.stdout:Mar 16 18:11:49 smithi017 ceph-5a81d92e-e3c0-11ee-95c9-87774f69a715-mgr-x[32443]:
2024-03-16T18:11:49.065+0000 7f64c176d200 -1 mgr[py] Module volumes has missing NOTIFY_TYPES member
2024-03-16T18:11:50.289 INFO:journalctl@ceph.mgr.x.smithi017.stdout:Mar 16 18:11:49 smithi017 ceph-5a81d92e-e3c0-11ee-95c9-87774f69a715-mgr-x[32443]:
2024-03-16T18:11:49.888+0000 7f64c176d200 -1 mgr[py] Module telemetry has missing NOTIFY_TYPES member
2024-03-16T18:11:50.789 INFO:journalctl@ceph.mgr.x.smithi017.stdout:Mar 16 18:11:50 smithi017 ceph-5a81d92e-e3c0-11ee-95c9-87774f69a715-mgr-x[32443]:
2024-03-16T18:11:50.468+0000 7f64c176d200 -1 mgr[py] Module prometheus has missing NOTIFY_TYPES member
2024-03-16T18:11:50.789 INFO:journalctl@ceph.mgr.x.smithi017.stdout:Mar 16 18:11:50 smithi017 ceph-5a81d92e-e3c0-11ee-95c9-87774f69a715-mgr-x[32443]:
2024-03-16T18:11:50.572+0000 7f64c176d200 -1 mgr[py] Module status has missing NOTIFY_TYPES member
2024-03-16T18:11:51.289 INFO:journalctl@ceph.mgr.x.smithi017.stdout:Mar 16 18:11:50 smithi017 ceph-5a81d92e-e3c0-11ee-95c9-87774f69a715-mgr-x[32443]:
2024-03-16T18:11:50.796+0000 7f64c176d200 -1 mgr[py] Module nfs has missing NOTIFY_TYPES member
2024-03-16T18:11:51.290 INFO:journalctl@ceph.mon.a.smithi017.stdout:Mar 16 18:11:50 smithi017 ceph-mon[32207]: Active manager daemon x restarted
2024-03-16T18:11:51.290 INFO:journalctl@ceph.mon.a.smithi017.stdout:Mar 16 18:11:50 smithi017 ceph-mon[32207]: Activating manager daemon x
2024-03-16T18:11:51.290 INFO:journalctl@ceph.mon.a.smithi017.stdout:Mar 16 18:11:50 smithi017 ceph-mon[32207]: osdmap e3: 0 total, 0 up, 0 in
2024-03-16T18:11:51.290 INFO:journalctl@ceph.mon.a.smithi017.stdout:Mar 16 18:11:50 smithi017 ceph-mon[32207]: mgrmap e10: x(active, starting, since 0.00307167s)
2024-03-16T18:11:51.290 INFO:journalctl@ceph.mon.a.smithi017.stdout:Mar 16 18:11:50 smithi017 ceph-mon[32207]: from='mgr.14150 172.21.15.17:0/636095668' entity='mgr.x' cmd=[{"prefix": "mon metadata", "id": "a"}]: dispatch
2024-03-16T18:11:51.290 INFO:journalctl@ceph.mon.a.smithi017.stdout:Mar 16 18:11:50 smithi017 ceph-mon[32207]: from='mgr.14150 172.21.15.17:0/636095668' entity='mgr.x' cmd=[{"prefix": "mgr metadata", "who": "x", "id": "x"}]: dispatch
2024-03-16T18:11:51.290 INFO:journalctl@ceph.mon.a.smithi017.stdout:Mar 16 18:11:50 smithi017 ceph-mon[32207]: from='mgr.14150 172.21.15.17:0/636095668' entity='mgr.x' cmd=[{"prefix": "mds metadata"}]: dispatch
2024-03-16T18:11:51.290 INFO:journalctl@ceph.mon.a.smithi017.stdout:Mar 16 18:11:50 smithi017 ceph-mon[32207]: from='mgr.14150 172.21.15.17:0/636095668' entity='mgr.x' cmd=[{"prefix": "osd metadata"}]: dispatch
2024-03-16T18:11:51.290 INFO:journalctl@ceph.mon.a.smithi017.stdout:Mar 16 18:11:50 smithi017 ceph-mon[32207]: from='mgr.14150 172.21.15.17:0/636095668' entity='mgr.x' cmd=[{"prefix": "mon metadata"}]: dispatch
2024-03-16T18:11:51.290 INFO:journalctl@ceph.mon.a.smithi017.stdout:Mar 16 18:11:50 smithi017 ceph-mon[32207]: Manager daemon x is now available
2024-03-16T18:11:51.290 INFO:journalctl@ceph.mon.a.smithi017.stdout:Mar 16 18:11:50 smithi017 ceph-mon[32207]: from='mgr.14150 172.21.15.17:0/636095668' entity='mgr.x' cmd=[{"prefix": "config dump", "format": "json"}]: dispatch
2024-03-16T18:11:51.290 INFO:journalctl@ceph.mon.a.smithi017.stdout:Mar 16 18:11:50 smithi017 ceph-mon[32207]: from='mgr.14150 172.21.15.17:0/636095668' entity='mgr.x' cmd=[{"prefix": "config dump", "format": "json"}]: dispatch
2024-03-16T18:11:52.095 INFO:journalctl@ceph.mon.a.smithi017.stdout:Mar 16 18:11:51 smithi017 ceph-mon[32207]: from='mgr.14150 172.21.15.17:0/636095668' entity='mgr.x' cmd=[{"prefix":"config rm","who":"mgr","name":"mgr/rbd_support/x/mirror_snapshot_schedule"}]: dispatch
2024-03-16T18:11:52.095 INFO:journalctl@ceph.mon.a.smithi017.stdout:Mar 16 18:11:51 smithi017 ceph-mon[32207]: from='mgr.14150 172.21.15.17:0/636095668' entity='mgr.x' cmd=[{"prefix":"config rm","who":"mgr","name":"mgr/rbd_support/x/trash_purge_schedule"}]: dispatch
2024-03-16T18:11:52.095 INFO:journalctl@ceph.mon.a.smithi017.stdout:Mar 16 18:11:51 smithi017 ceph-mon[32207]: [16/Mar/2024:18:11:51] ENGINE Bus STARTING
2024-03-16T18:11:52.095 INFO:journalctl@ceph.mon.a.smithi017.stdout:Mar 16 18:11:51 smithi017 ceph-mon[32207]: [16/Mar/2024:18:11:51] ENGINE Serving on http://172.21.15.17:8765
2024-03-16T18:11:52.095 INFO:journalctl@ceph.mon.a.smithi017.stdout:Mar 16 18:11:51 smithi017 ceph-mon[32207]: [16/Mar/2024:18:11:51] ENGINE Serving on https://172.21.15.17:7150
2024-03-16T18:11:52.095 INFO:journalctl@ceph.mon.a.smithi017.stdout:Mar 16 18:11:51 smithi017 ceph-mon[32207]: [16/Mar/2024:18:11:51] ENGINE Bus STARTED
2024-03-16T18:11:52.095 INFO:journalctl@ceph.mon.a.smithi017.stdout:Mar 16 18:11:51 smithi017 ceph-mon[32207]: from='client.14154 -' entity='client.admin' cmd=[{"prefix": "get_command_descriptions"}]: dispatch
2024-03-16T18:11:52.095 INFO:journalctl@ceph.mon.a.smithi017.stdout:Mar 16 18:11:51 smithi017 ceph-mon[32207]: mgrmap e11: x(active, since 1.00608s)
2024-03-16T18:11:52.095 INFO:journalctl@ceph.mon.a.smithi017.stdout:Mar 16 18:11:51 smithi017 ceph-mon[32207]: from='client.14154 -' entity='client.admin' cmd=[{"prefix": "mgr_status"}]: dispatch
2024-03-16T18:11:52.967 INFO:teuthology.orchestra.run.smithi017.stdout:/usr/bin/ceph: stdout {
2024-03-16T18:11:52.967 INFO:teuthology.orchestra.run.smithi017.stdout:/usr/bin/ceph: stdout "mgrmap_epoch": 11,
2024-03-16T18:11:52.967 INFO:teuthology.orchestra.run.smithi017.stdout:/usr/bin/ceph: stdout "initialized": true
2024-03-16T18:11:52.968 INFO:teuthology.orchestra.run.smithi017.stdout:/usr/bin/ceph: stdout }
2024-03-16T18:11:52.968 INFO:teuthology.orchestra.run.smithi017.stdout:/usr/bin/ceph: stderr
2024-03-16T18:11:46.587+0000 7f07ffe38700 1 Processor -- start
2024-03-16T18:11:52.968 INFO:teuthology.orchestra.run.smithi017.stdout:/usr/bin/ceph: stderr
2024-03-16T18:11:46.587+0000 7f07ffe38700 1 -- start start
2024-03-16T18:11:52.968 INFO:teuthology.orchestra.run.smithi017.stdout:/usr/bin/ceph: stderr
2024-03-16T18:11:46.588+0000 7f07ffe38700 1 --2- >> [v2:172.21.15.17:3300/0,v1:172.21.15.17:6789/0] conn(0x7f07f807ce50 0x7f07f807b300 unknown :-1 s=NONE pgs=0 cs=0 l=0 rev1=0 crypto rx=0 tx=0 comp rx=0 tx=0).connect
2024-03-16T18:11:52.968 INFO:teuthology.orchestra.run.smithi017.stdout:/usr/bin/ceph: stderr
2024-03-16T18:11:46.588+0000 7f07ffe38700 1 -- --> [v2:172.21.15.17:3300/0,v1:172.21.15.17:6789/0] -- mon_getmap magic: 0 v1 -- 0x7f07f807b8d0 con 0x7f07f807ce50
2024-03-16T18:11:52.968 INFO:teuthology.orchestra.run.smithi017.stdout:/usr/bin/ceph: stderr
2024-03-16T18:11:46.588+0000 7f07fdbd4700 1 --2- >> [v2:172.21.15.17:3300/0,v1:172.21.15.17:6789/0] conn(0x7f07f807ce50 0x7f07f807b300 unknown :-1 s=BANNER_CONNECTING pgs=0 cs=0 l=0 rev1=0 crypto rx=0 tx=0 comp rx=0 tx=0)._handle_peer_banner_payload supported=3 required=0
2024-03-16T18:11:52.968 INFO:teuthology.orchestra.run.smithi017.stdout:/usr/bin/ceph: stderr
2024-03-16T18:11:46.588+0000 7f07fdbd4700 1 --2- >> [v2:172.21.15.17:3300/0,v1:172.21.15.17:6789/0] conn(0x7f07f807ce50 0x7f07f807b300 unknown :-1 s=HELLO_CONNECTING pgs=0 cs=0 l=0 rev1=1 crypto rx=0 tx=0 comp rx=0 tx=0).handle_hello peer v2:172.21.15.17:3300/0 says I am v2:172.21.15.17:46046/0 (socket says 172.21.15.17:46046)
2024-03-16T18:11:52.968 INFO:teuthology.orchestra.run.smithi017.stdout:/usr/bin/ceph: stderr
2024-03-16T18:11:46.588+0000 7f07fdbd4700 1 -- 172.21.15.17:0/2264942072 learned_addr learned my addr 172.21.15.17:0/2264942072 (peer_addr_for_me v2:172.21.15.17:0/0)
2024-03-16T18:11:52.968 INFO:teuthology.orchestra.run.smithi017.stdout:/usr/bin/ceph: stderr
2024-03-16T18:11:46.588+0000 7f07fdbd4700 1 -- 172.21.15.17:0/2264942072 --> [v2:172.21.15.17:3300/0,v1:172.21.15.17:6789/0] -- mon_subscribe({config=0+,monmap=0+}) v3 -- 0x7f07f807ba10 con 0x7f07f807ce50
2024-03-16T18:11:52.968 INFO:teuthology.orchestra.run.smithi017.stdout:/usr/bin/ceph: stderr
2024-03-16T18:11:46.588+0000 7f07fdbd4700 1 --2- 172.21.15.17:0/2264942072 >> [v2:172.21.15.17:3300/0,v1:172.21.15.17:6789/0] conn(0x7f07f807ce50 0x7f07f807b300 secure :-1 s=READY pgs=59 cs=0 l=1 rev1=1 crypto rx=0x7f07e80098a0 tx=0x7f07e8009bb0 comp rx=0 tx=0).ready entity=mon.0 client_cookie=fb6b65f6223c70c9 server_cookie=0 in_seq=0 out_seq=0
2024-03-16T18:11:52.968 INFO:teuthology.orchestra.run.smithi017.stdout:/usr/bin/ceph: stderr
2024-03-16T18:11:46.589+0000 7f07fcbd2700 1 -- 172.21.15.17:0/2264942072 <== mon.0 v2:172.21.15.17:3300/0 1 ==== mon_map magic: 0 v1 ==== 205+0+0 (secure 0 0 0) 0x7f07e8004160 con 0x7f07f807ce50
2024-03-16T18:11:52.968 INFO:teuthology.orchestra.run.smithi017.stdout:/usr/bin/ceph: stderr
2024-03-16T18:11:46.589+0000 7f07fcbd2700 1 -- 172.21.15.17:0/2264942072 <== mon.0 v2:172.21.15.17:3300/0 2 ==== config(26 keys) v1 ==== 1102+0+0 (secure 0 0 0) 0x7f07e80042c0 con 0x7f07f807ce50
2024-03-16T18:11:52.968 INFO:teuthology.orchestra.run.smithi017.stdout:/usr/bin/ceph: stderr
2024-03-16T18:11:46.589+0000 7f07fcbd2700 1 -- 172.21.15.17:0/2264942072 <== mon.0 v2:172.21.15.17:3300/0 3 ==== mon_map magic: 0 v1 ==== 205+0+0 (secure 0 0 0) 0x7f07e80119b0 con 0x7f07f807ce50
2024-03-16T18:11:52.968 INFO:teuthology.orchestra.run.smithi017.stdout:/usr/bin/ceph: stderr
2024-03-16T18:11:46.589+0000 7f07ffe38700 1 -- 172.21.15.17:0/2264942072 >> [v2:172.21.15.17:3300/0,v1:172.21.15.17:6789/0] conn(0x7f07f807ce50 msgr2=0x7f07f807b300 secure :-1 s=STATE_CONNECTION_ESTABLISHED l=1).mark_down
2024-03-16T18:11:52.969 INFO:teuthology.orchestra.run.smithi017.stdout:/usr/bin/ceph: stderr
2024-03-16T18:11:46.589+0000 7f07ffe38700 1 --2- 172.21.15.17:0/2264942072 >> [v2:172.21.15.17:3300/0,v1:172.21.15.17:6789/0] conn(0x7f07f807ce50 0x7f07f807b300 secure :-1 s=READY pgs=59 cs=0 l=1 rev1=1 crypto rx=0x7f07e80098a0 tx=0x7f07e8009bb0 comp rx=0 tx=0).stop
2024-03-16T18:11:52.969 INFO:teuthology.orchestra.run.smithi017.stdout:/usr/bin/ceph: stderr
2024-03-16T18:11:46.589+0000 7f07ffe38700 1 -- 172.21.15.17:0/2264942072 shutdown_connections
2024-03-16T18:11:52.969 INFO:teuthology.orchestra.run.smithi017.stdout:/usr/bin/ceph: stderr
2024-03-16T18:11:46.589+0000 7f07ffe38700 1 --2- 172.21.15.17:0/2264942072 >> [v2:172.21.15.17:3300/0,v1:172.21.15.17:6789/0] conn(0x7f07f807ce50 0x7f07f807b300 unknown :-1 s=CLOSED pgs=59 cs=0 l=1 rev1=1 crypto rx=0 tx=0 comp rx=0 tx=0).stop
2024-03-16T18:11:52.969 INFO:teuthology.orchestra.run.smithi017.stdout:/usr/bin/ceph: stderr
2024-03-16T18:11:46.589+0000 7f07ffe38700 1 -- 172.21.15.17:0/2264942072 >> 172.21.15.17:0/2264942072 conn(0x7f07f8102cb0 msgr2=0x7f07f81050d0 unknown :-1 s=STATE_NONE l=0).mark_down
2024-03-16T18:11:52.969 INFO:teuthology.orchestra.run.smithi017.stdout:/usr/bin/ceph: stderr
2024-03-16T18:11:46.589+0000 7f07ffe38700 1 -- 172.21.15.17:0/2264942072 shutdown_connections
2024-03-16T18:11:52.969 INFO:teuthology.orchestra.run.smithi017.stdout:/usr/bin/ceph: stderr
2024-03-16T18:11:46.590+0000 7f07ffe38700 1 -- 172.21.15.17:0/2264942072 wait complete.
2024-03-16T18:11:52.969 INFO:teuthology.orchestra.run.smithi017.stdout:/usr/bin/ceph: stderr
2024-03-16T18:11:46.590+0000 7f07ffe38700 1 Processor -- start
2024-03-16T18:11:52.969 INFO:teuthology.orchestra.run.smithi017.stdout:/usr/bin/ceph: stderr
2024-03-16T18:11:46.590+0000 7f07ffe38700 1 -- start start
2024-03-16T18:11:52.969 INFO:teuthology.orchestra.run.smithi017.stdout:/usr/bin/ceph: stderr
2024-03-16T18:11:46.590+0000 7f07ffe38700 1 --2- >> [v2:172.21.15.17:3300/0,v1:172.21.15.17:6789/0] conn(0x7f07f807ce50 0x7f07f819d670 unknown :-1 s=NONE pgs=0 cs=0 l=1 rev1=0 crypto rx=0 tx=0 comp rx=0 tx=0).connect
2024-03-16T18:11:52.969 INFO:teuthology.orchestra.run.smithi017.stdout:/usr/bin/ceph: stderr
2024-03-16T18:11:46.590+0000 7f07ffe38700 1 -- --> [v2:172.21.15.17:3300/0,v1:172.21.15.17:6789/0] -- mon_getmap magic: 0 v1 -- 0x7f07f819dbb0 con 0x7f07f807ce50
2024-03-16T18:11:52.969 INFO:teuthology.orchestra.run.smithi017.stdout:/usr/bin/ceph: stderr
2024-03-16T18:11:46.590+0000 7f07fdbd4700 1 --2- >> [v2:172.21.15.17:3300/0,v1:172.21.15.17:6789/0] conn(0x7f07f807ce50 0x7f07f819d670 unknown :-1 s=BANNER_CONNECTING pgs=0 cs=0 l=1 rev1=0 crypto rx=0 tx=0 comp rx=0 tx=0)._handle_peer_banner_payload supported=3 required=0
2024-03-16T18:11:52.969 INFO:teuthology.orchestra.run.smithi017.stdout:/usr/bin/ceph: stderr
2024-03-16T18:11:46.590+0000 7f07fdbd4700 1 --2- >> [v2:172.21.15.17:3300/0,v1:172.21.15.17:6789/0] conn(0x7f07f807ce50 0x7f07f819d670 unknown :-1 s=HELLO_CONNECTING pgs=0 cs=0 l=1 rev1=1 crypto rx=0 tx=0 comp rx=0 tx=0).handle_hello peer v2:172.21.15.17:3300/0 says I am v2:172.21.15.17:46048/0 (socket says 172.21.15.17:46048)
2024-03-16T18:11:52.970 INFO:teuthology.orchestra.run.smithi017.stdout:/usr/bin/ceph: stderr
2024-03-16T18:11:46.590+0000 7f07fdbd4700 1 -- 172.21.15.17:0/2568327513 learned_addr learned my addr 172.21.15.17:0/2568327513 (peer_addr_for_me v2:172.21.15.17:0/0)
2024-03-16T18:11:52.970 INFO:teuthology.orchestra.run.smithi017.stdout:/usr/bin/ceph: stderr
2024-03-16T18:11:46.591+0000 7f07fdbd4700 1 -- 172.21.15.17:0/2568327513 --> [v2:172.21.15.17:3300/0,v1:172.21.15.17:6789/0] -- mon_subscribe({config=0+,monmap=0+}) v3 -- 0x7f07e8009550 con 0x7f07f807ce50
2024-03-16T18:11:52.970 INFO:teuthology.orchestra.run.smithi017.stdout:/usr/bin/ceph: stderr
2024-03-16T18:11:46.591+0000 7f07fdbd4700 1 --2- 172.21.15.17:0/2568327513 >> [v2:172.21.15.17:3300/0,v1:172.21.15.17:6789/0] conn(0x7f07f807ce50 0x7f07f819d670 secure :-1 s=READY pgs=60 cs=0 l=1 rev1=1 crypto rx=0x7f07e8011980 tx=0x7f07e8011a60 comp rx=0 tx=0).ready entity=mon.0 client_cookie=0 server_cookie=0 in_seq=0 out_seq=0
2024-03-16T18:11:52.970 INFO:teuthology.orchestra.run.smithi017.stdout:/usr/bin/ceph: stderr
2024-03-16T18:11:46.591+0000 7f07eeffd700 1 -- 172.21.15.17:0/2568327513 <== mon.0 v2:172.21.15.17:3300/0 1 ==== mon_map magic: 0 v1 ==== 205+0+0 (secure 0 0 0) 0x7f07e8003970 con 0x7f07f807ce50
2024-03-16T18:11:52.970 INFO:teuthology.orchestra.run.smithi017.stdout:/usr/bin/ceph: stderr
2024-03-16T18:11:46.591+0000 7f07eeffd700 1 -- 172.21.15.17:0/2568327513 <== mon.0 v2:172.21.15.17:3300/0 2 ==== config(26 keys) v1 ==== 1102+0+0 (secure 0 0 0) 0x7f07e8003ad0 con 0x7f07f807ce50
2024-03-16T18:11:52.970 INFO:teuthology.orchestra.run.smithi017.stdout:/usr/bin/ceph: stderr
2024-03-16T18:11:46.591+0000 7f07ffe38700 1 -- 172.21.15.17:0/2568327513 --> [v2:172.21.15.17:3300/0,v1:172.21.15.17:6789/0] -- mon_subscribe({mgrmap=0+}) v3 -- 0x7f07f819ddb0 con 0x7f07f807ce50
2024-03-16T18:11:52.970 INFO:teuthology.orchestra.run.smithi017.stdout:/usr/bin/ceph: stderr
2024-03-16T18:11:46.591+0000 7f07eeffd700 1 -- 172.21.15.17:0/2568327513 <== mon.0 v2:172.21.15.17:3300/0 3 ==== mon_map magic: 0 v1 ==== 205+0+0 (secure 0 0 0) 0x7f07e80195e0 con 0x7f07f807ce50
2024-03-16T18:11:52.970 INFO:teuthology.orchestra.run.smithi017.stdout:/usr/bin/ceph: stderr
2024-03-16T18:11:46.591+0000 7f07ffe38700 1 -- 172.21.15.17:0/2568327513 --> [v2:172.21.15.17:3300/0,v1:172.21.15.17:6789/0] -- mon_subscribe({osdmap=0}) v3 -- 0x7f07f819e250 con 0x7f07f807ce50
2024-03-16T18:11:52.970 INFO:teuthology.orchestra.run.smithi017.stdout:/usr/bin/ceph: stderr
2024-03-16T18:11:46.592+0000 7f07eeffd700 1 -- 172.21.15.17:0/2568327513 <== mon.0 v2:172.21.15.17:3300/0 4 ==== mgrmap(e 9) v1 ==== 45782+0+0 (secure 0 0 0) 0x7f07e8019840 con 0x7f07f807ce50
2024-03-16T18:11:52.970 INFO:teuthology.orchestra.run.smithi017.stdout:/usr/bin/ceph: stderr
2024-03-16T18:11:46.592+0000 7f07eeffd700 1 --2- 172.21.15.17:0/2568327513 >> [v2:172.21.15.17:6800/2875100147,v1:172.21.15.17:6801/2875100147] conn(0x7f07e4038cb0 0x7f07e403b170 unknown :-1 s=NONE pgs=0 cs=0 l=1 rev1=0 crypto rx=0 tx=0 comp rx=0 tx=0).connect
2024-03-16T18:11:52.970 INFO:teuthology.orchestra.run.smithi017.stdout:/usr/bin/ceph: stderr
2024-03-16T18:11:46.592+0000 7f07ffe38700 1 -- 172.21.15.17:0/2568327513 --> [v2:172.21.15.17:6800/2875100147,v1:172.21.15.17:6801/2875100147] -- command(tid 0: {"prefix": "get_command_descriptions"}) v1 -- 0x7f07f810da90 con 0x7f07e4038cb0
2024-03-16T18:11:52.970 INFO:teuthology.orchestra.run.smithi017.stdout:/usr/bin/ceph: stderr
2024-03-16T18:11:46.592+0000 7f07eeffd700 1 -- 172.21.15.17:0/2568327513 <== mon.0 v2:172.21.15.17:3300/0 5 ==== osd_map(2..2 src has 1..2) v4 ==== 940+0+0 (secure 0 0 0) 0x7f07e804cf60 con 0x7f07f807ce50
2024-03-16T18:11:52.970 INFO:teuthology.orchestra.run.smithi017.stdout:/usr/bin/ceph: stderr
2024-03-16T18:11:46.592+0000 7f07fd3d3700 1 -- 172.21.15.17:0/2568327513 >> [v2:172.21.15.17:6800/2875100147,v1:172.21.15.17:6801/2875100147] conn(0x7f07e4038cb0 msgr2=0x7f07e403b170 unknown :-1 s=STATE_CONNECTING_RE l=1).process reconnect failed to v2:172.21.15.17:6800/2875100147
2024-03-16T18:11:52.970 INFO:teuthology.orchestra.run.smithi017.stdout:/usr/bin/ceph: stderr
2024-03-16T18:11:46.592+0000 7f07fd3d3700 1 --2- 172.21.15.17:0/2568327513 >> [v2:172.21.15.17:6800/2875100147,v1:172.21.15.17:6801/2875100147] conn(0x7f07e4038cb0 0x7f07e403b170 unknown :-1 s=START_CONNECT pgs=0 cs=0 l=1 rev1=0 crypto rx=0 tx=0 comp rx=0 tx=0)._fault waiting 0.200000
2024-03-16T18:11:52.971 INFO:teuthology.orchestra.run.smithi017.stdout:/usr/bin/ceph: stderr
2024-03-16T18:11:46.793+0000 7f07fd3d3700 1 -- 172.21.15.17:0/2568327513 >> [v2:172.21.15.17:6800/2875100147,v1:172.21.15.17:6801/2875100147] conn(0x7f07e4038cb0 msgr2=0x7f07e403b170 unknown :-1 s=STATE_CONNECTING_RE l=1).process reconnect failed to v2:172.21.15.17:6800/2875100147
2024-03-16T18:11:52.971 INFO:teuthology.orchestra.run.smithi017.stdout:/usr/bin/ceph: stderr
2024-03-16T18:11:46.793+0000 7f07fd3d3700 1 --2- 172.21.15.17:0/2568327513 >> [v2:172.21.15.17:6800/2875100147,v1:172.21.15.17:6801/2875100147] conn(0x7f07e4038cb0 0x7f07e403b170 unknown :-1 s=START_CONNECT pgs=0 cs=0 l=1 rev1=0 crypto rx=0 tx=0 comp rx=0 tx=0)._fault waiting 0.400000
2024-03-16T18:11:52.971 INFO:teuthology.orchestra.run.smithi017.stdout:/usr/bin/ceph: stderr
2024-03-16T18:11:47.194+0000 7f07fd3d3700 1 -- 172.21.15.17:0/2568327513 >> [v2:172.21.15.17:6800/2875100147,v1:172.21.15.17:6801/2875100147] conn(0x7f07e4038cb0 msgr2=0x7f07e403b170 unknown :-1 s=STATE_CONNECTING_RE l=1).process reconnect failed to v2:172.21.15.17:6800/2875100147
2024-03-16T18:11:52.971 INFO:teuthology.orchestra.run.smithi017.stdout:/usr/bin/ceph: stderr
2024-03-16T18:11:47.194+0000 7f07fd3d3700 1 --2- 172.21.15.17:0/2568327513 >> [v2:172.21.15.17:6800/2875100147,v1:172.21.15.17:6801/2875100147] conn(0x7f07e4038cb0 0x7f07e403b170 unknown :-1 s=START_CONNECT pgs=0 cs=0 l=1 rev1=0 crypto rx=0 tx=0 comp rx=0 tx=0)._fault waiting 0.800000
2024-03-16T18:11:52.971 INFO:teuthology.orchestra.run.smithi017.stdout:/usr/bin/ceph: stderr
2024-03-16T18:11:47.995+0000 7f07fd3d3700 1 -- 172.21.15.17:0/2568327513 >> [v2:172.21.15.17:6800/2875100147,v1:172.21.15.17:6801/2875100147] conn(0x7f07e4038cb0 msgr2=0x7f07e403b170 unknown :-1 s=STATE_CONNECTING_RE l=1).process reconnect failed to v2:172.21.15.17:6800/2875100147
2024-03-16T18:11:52.971 INFO:teuthology.orchestra.run.smithi017.stdout:/usr/bin/ceph: stderr
2024-03-16T18:11:47.995+0000 7f07fd3d3700 1 --2- 172.21.15.17:0/2568327513 >> [v2:172.21.15.17:6800/2875100147,v1:172.21.15.17:6801/2875100147] conn(0x7f07e4038cb0 0x7f07e403b170 unknown :-1 s=START_CONNECT pgs=0 cs=0 l=1 rev1=0 crypto rx=0 tx=0 comp rx=0 tx=0)._fault waiting 1.600000
2024-03-16T18:11:52.971 INFO:teuthology.orchestra.run.smithi017.stdout:/usr/bin/ceph: stderr
2024-03-16T18:11:49.596+0000 7f07fd3d3700 1 -- 172.21.15.17:0/2568327513 >> [v2:172.21.15.17:6800/2875100147,v1:172.21.15.17:6801/2875100147] conn(0x7f07e4038cb0 msgr2=0x7f07e403b170 unknown :-1 s=STATE_CONNECTING_RE l=1).process reconnect failed to v2:172.21.15.17:6800/2875100147
2024-03-16T18:11:52.971 INFO:teuthology.orchestra.run.smithi017.stdout:/usr/bin/ceph: stderr
2024-03-16T18:11:49.596+0000 7f07fd3d3700 1 --2- 172.21.15.17:0/2568327513 >> [v2:172.21.15.17:6800/2875100147,v1:172.21.15.17:6801/2875100147] conn(0x7f07e4038cb0 0x7f07e403b170 unknown :-1 s=START_CONNECT pgs=0 cs=0 l=1 rev1=0 crypto rx=0 tx=0 comp rx=0 tx=0)._fault waiting 3.200000
2024-03-16T18:11:52.971 INFO:teuthology.orchestra.run.smithi017.stdout:/usr/bin/ceph: stderr
2024-03-16T18:11:50.811+0000 7f07eeffd700 1 -- 172.21.15.17:0/2568327513 <== mon.0 v2:172.21.15.17:3300/0 6 ==== mgrmap(e 10) v1 ==== 45549+0+0 (secure 0 0 0) 0x7f07e802d9b0 con 0x7f07f807ce50
2024-03-16T18:11:52.971 INFO:teuthology.orchestra.run.smithi017.stdout:/usr/bin/ceph: stderr
2024-03-16T18:11:50.811+0000 7f07eeffd700 1 -- 172.21.15.17:0/2568327513 >> [v2:172.21.15.17:6800/2875100147,v1:172.21.15.17:6801/2875100147] conn(0x7f07e4038cb0 msgr2=0x7f07e403b170 unknown :-1 s=STATE_CONNECTING l=1).mark_down
2024-03-16T18:11:52.971 INFO:teuthology.orchestra.run.smithi017.stdout:/usr/bin/ceph: stderr
2024-03-16T18:11:50.811+0000 7f07eeffd700 1 --2- 172.21.15.17:0/2568327513 >> [v2:172.21.15.17:6800/2875100147,v1:172.21.15.17:6801/2875100147] conn(0x7f07e4038cb0 0x7f07e403b170 unknown :-1 s=START_CONNECT pgs=0 cs=0 l=1 rev1=0 crypto rx=0 tx=0 comp rx=0 tx=0).stop
2024-03-16T18:11:52.971 INFO:teuthology.orchestra.run.smithi017.stdout:/usr/bin/ceph: stderr
