2024-03-16T20:26:26.682+0000 7f92cdebf700 1 -- 172.21.15.23:0/2266384895 --> [v2:172.21.15.23:3300/0,v1:172.21.15.23:6789/0] -- mon_subscribe({config=0+,monmap=0+}) v3 -- 0x7f92c400b7f0 con 0x7f92c8106ed0
2024-03-16T20:26:27.453 INFO:teuthology.orchestra.run.smithi023.stdout:/usr/bin/ceph: stderr
2024-03-16T20:26:26.682+0000 7f92cdebf700 1 --2- 172.21.15.23:0/2266384895 >> [v2:172.21.15.23:3300/0,v1:172.21.15.23:6789/0] conn(0x7f92c8106ed0 0x7f92c819da70 secure :-1 s=READY pgs=40 cs=0 l=1 rev1=1 crypto rx=0x7f92c400d650 tx=0x7f92c40040b0 comp rx=0 tx=0).ready entity=mon.0 client_cookie=0 server_cookie=0 in_seq=0 out_seq=0
2024-03-16T20:26:27.453 INFO:teuthology.orchestra.run.smithi023.stdout:/usr/bin/ceph: stderr
2024-03-16T20:26:26.682+0000 7f92beffd700 1 -- 172.21.15.23:0/2266384895 <== mon.0 v2:172.21.15.23:3300/0 1 ==== mon_map magic: 0 v1 ==== 205+0+0 (secure 0 0 0) 0x7f92c40106f0 con 0x7f92c8106ed0
2024-03-16T20:26:27.453 INFO:teuthology.orchestra.run.smithi023.stdout:/usr/bin/ceph: stderr
2024-03-16T20:26:26.682+0000 7f92beffd700 1 -- 172.21.15.23:0/2266384895 <== mon.0 v2:172.21.15.23:3300/0 2 ==== config(27 keys) v1 ==== 1109+0+0 (secure 0 0 0) 0x7f92c4010d10 con 0x7f92c8106ed0
2024-03-16T20:26:27.453 INFO:teuthology.orchestra.run.smithi023.stdout:/usr/bin/ceph: stderr
2024-03-16T20:26:26.682+0000 7f92d0123700 1 -- 172.21.15.23:0/2266384895 --> [v2:172.21.15.23:3300/0,v1:172.21.15.23:6789/0] -- mon_subscribe({mgrmap=0+}) v3 -- 0x7f92c819e1b0 con 0x7f92c8106ed0
2024-03-16T20:26:27.453 INFO:teuthology.orchestra.run.smithi023.stdout:/usr/bin/ceph: stderr
2024-03-16T20:26:26.682+0000 7f92beffd700 1 -- 172.21.15.23:0/2266384895 <== mon.0 v2:172.21.15.23:3300/0 3 ==== mon_map magic: 0 v1 ==== 205+0+0 (secure 0 0 0) 0x7f92c4019d40 con 0x7f92c8106ed0
2024-03-16T20:26:27.453 INFO:teuthology.orchestra.run.smithi023.stdout:/usr/bin/ceph: stderr
2024-03-16T20:26:26.682+0000 7f92d0123700 1 -- 172.21.15.23:0/2266384895 --> [v2:172.21.15.23:3300/0,v1:172.21.15.23:6789/0] -- mon_subscribe({osdmap=0}) v3 -- 0x7f92c819e5f0 con 0x7f92c8106ed0
2024-03-16T20:26:27.453 INFO:teuthology.orchestra.run.smithi023.stdout:/usr/bin/ceph: stderr
2024-03-16T20:26:26.683+0000 7f92beffd700 1 -- 172.21.15.23:0/2266384895 <== mon.0 v2:172.21.15.23:3300/0 4 ==== mgrmap(e 8) v1 ==== 45769+0+0 (secure 0 0 0) 0x7f92c402a450 con 0x7f92c8106ed0
2024-03-16T20:26:27.453 INFO:teuthology.orchestra.run.smithi023.stdout:/usr/bin/ceph: stderr
2024-03-16T20:26:26.683+0000 7f92beffd700 1 --2- 172.21.15.23:0/2266384895 >> [v2:172.21.15.23:6800/2899821830,v1:172.21.15.23:6801/2899821830] conn(0x7f92b4038c60 0x7f92b403b120 unknown :-1 s=NONE pgs=0 cs=0 l=1 rev1=0 crypto rx=0 tx=0 comp rx=0 tx=0).connect
2024-03-16T20:26:27.453 INFO:teuthology.orchestra.run.smithi023.stdout:/usr/bin/ceph: stderr
2024-03-16T20:26:26.683+0000 7f92d0123700 1 -- 172.21.15.23:0/2266384895 --> [v2:172.21.15.23:3300/0,v1:172.21.15.23:6789/0] -- mon_command({"prefix": "get_command_descriptions"} v 0) v1 -- 0x7f92c8105a30 con 0x7f92c8106ed0
2024-03-16T20:26:27.453 INFO:teuthology.orchestra.run.smithi023.stdout:/usr/bin/ceph: stderr
2024-03-16T20:26:26.683+0000 7f92beffd700 1 -- 172.21.15.23:0/2266384895 <== mon.0 v2:172.21.15.23:3300/0 5 ==== osd_map(2..2 src has 1..2) v4 ==== 940+0+0 (secure 0 0 0) 0x7f92c404d260 con 0x7f92c8106ed0
2024-03-16T20:26:27.453 INFO:teuthology.orchestra.run.smithi023.stdout:/usr/bin/ceph: stderr
2024-03-16T20:26:26.683+0000 7f92cd6be700 1 --2- 172.21.15.23:0/2266384895 >> [v2:172.21.15.23:6800/2899821830,v1:172.21.15.23:6801/2899821830] conn(0x7f92b4038c60 0x7f92b403b120 unknown :-1 s=BANNER_CONNECTING pgs=0 cs=0 l=1 rev1=0 crypto rx=0 tx=0 comp rx=0 tx=0)._handle_peer_banner_payload supported=3 required=0
2024-03-16T20:26:27.453 INFO:teuthology.orchestra.run.smithi023.stdout:/usr/bin/ceph: stderr
2024-03-16T20:26:26.684+0000 7f92cd6be700 1 --2- 172.21.15.23:0/2266384895 >> [v2:172.21.15.23:6800/2899821830,v1:172.21.15.23:6801/2899821830] conn(0x7f92b4038c60 0x7f92b403b120 secure :-1 s=READY pgs=8 cs=0 l=1 rev1=1 crypto rx=0x7f92b8006fd0 tx=0x7f92b8006e40 comp rx=0 tx=0).ready entity=mgr.14120 client_cookie=0 server_cookie=0 in_seq=0 out_seq=0
2024-03-16T20:26:27.454 INFO:teuthology.orchestra.run.smithi023.stdout:/usr/bin/ceph: stderr
2024-03-16T20:26:26.688+0000 7f92beffd700 1 -- 172.21.15.23:0/2266384895 <== mon.0 v2:172.21.15.23:3300/0 6 ==== mon_command_ack([{"prefix": "get_command_descriptions"}]=0 v0) v1 ==== 72+0+184932 (secure 0 0 0) 0x7f92c400fbd0 con 0x7f92c8106ed0
2024-03-16T20:26:27.454 INFO:teuthology.orchestra.run.smithi023.stdout:/usr/bin/ceph: stderr
2024-03-16T20:26:26.897+0000 7f92d0123700 1 -- 172.21.15.23:0/2266384895 --> [v2:172.21.15.23:6800/2899821830,v1:172.21.15.23:6801/2899821830] -- mgr_command(tid 0: {"prefix": "cephadm set-user", "user": "root", "target": ["mon-mgr", ""]}) v1 -- 0x7f92c8062420 con 0x7f92b4038c60
2024-03-16T20:26:27.454 INFO:teuthology.orchestra.run.smithi023.stdout:/usr/bin/ceph: stderr
2024-03-16T20:26:26.897+0000 7f92beffd700 1 -- 172.21.15.23:0/2266384895 <== mgr.14120 v2:172.21.15.23:6800/2899821830 1 ==== mgr_command_reply(tid 0: 0 ) v1 ==== 8+0+16 (secure 0 0 0) 0x7f92c8062420 con 0x7f92b4038c60
2024-03-16T20:26:27.454 INFO:teuthology.orchestra.run.smithi023.stdout:/usr/bin/ceph: stderr
2024-03-16T20:26:26.899+0000 7f92d0123700 1 -- 172.21.15.23:0/2266384895 >> [v2:172.21.15.23:6800/2899821830,v1:172.21.15.23:6801/2899821830] conn(0x7f92b4038c60 msgr2=0x7f92b403b120 secure :-1 s=STATE_CONNECTION_ESTABLISHED l=1).mark_down
2024-03-16T20:26:27.454 INFO:teuthology.orchestra.run.smithi023.stdout:/usr/bin/ceph: stderr
2024-03-16T20:26:26.899+0000 7f92d0123700 1 --2- 172.21.15.23:0/2266384895 >> [v2:172.21.15.23:6800/2899821830,v1:172.21.15.23:6801/2899821830] conn(0x7f92b4038c60 0x7f92b403b120 secure :-1 s=READY pgs=8 cs=0 l=1 rev1=1 crypto rx=0x7f92b8006fd0 tx=0x7f92b8006e40 comp rx=0 tx=0).stop
2024-03-16T20:26:27.454 INFO:teuthology.orchestra.run.smithi023.stdout:/usr/bin/ceph: stderr
2024-03-16T20:26:26.899+0000 7f92d0123700 1 -- 172.21.15.23:0/2266384895 >> [v2:172.21.15.23:3300/0,v1:172.21.15.23:6789/0] conn(0x7f92c8106ed0 msgr2=0x7f92c819da70 secure :-1 s=STATE_CONNECTION_ESTABLISHED l=1).mark_down
2024-03-16T20:26:27.454 INFO:teuthology.orchestra.run.smithi023.stdout:/usr/bin/ceph: stderr
2024-03-16T20:26:26.899+0000 7f92d0123700 1 --2- 172.21.15.23:0/2266384895 >> [v2:172.21.15.23:3300/0,v1:172.21.15.23:6789/0] conn(0x7f92c8106ed0 0x7f92c819da70 secure :-1 s=READY pgs=40 cs=0 l=1 rev1=1 crypto rx=0x7f92c400d650 tx=0x7f92c40040b0 comp rx=0 tx=0).stop
2024-03-16T20:26:27.454 INFO:teuthology.orchestra.run.smithi023.stdout:/usr/bin/ceph: stderr
2024-03-16T20:26:26.899+0000 7f92d0123700 1 -- 172.21.15.23:0/2266384895 shutdown_connections
2024-03-16T20:26:27.454 INFO:teuthology.orchestra.run.smithi023.stdout:/usr/bin/ceph: stderr
2024-03-16T20:26:26.899+0000 7f92d0123700 1 --2- 172.21.15.23:0/2266384895 >> [v2:172.21.15.23:6800/2899821830,v1:172.21.15.23:6801/2899821830] conn(0x7f92b4038c60 0x7f92b403b120 unknown :-1 s=CLOSED pgs=8 cs=0 l=1 rev1=1 crypto rx=0 tx=0 comp rx=0 tx=0).stop
2024-03-16T20:26:27.454 INFO:teuthology.orchestra.run.smithi023.stdout:/usr/bin/ceph: stderr
2024-03-16T20:26:26.899+0000 7f92d0123700 1 --2- 172.21.15.23:0/2266384895 >> [v2:172.21.15.23:3300/0,v1:172.21.15.23:6789/0] conn(0x7f92c8106ed0 0x7f92c819da70 unknown :-1 s=CLOSED pgs=40 cs=0 l=1 rev1=1 crypto rx=0 tx=0 comp rx=0 tx=0).stop
2024-03-16T20:26:27.454 INFO:teuthology.orchestra.run.smithi023.stdout:/usr/bin/ceph: stderr
2024-03-16T20:26:26.899+0000 7f92d0123700 1 -- 172.21.15.23:0/2266384895 >> 172.21.15.23:0/2266384895 conn(0x7f92c8101730 msgr2=0x7f92c818fe10 unknown :-1 s=STATE_NONE l=0).mark_down
2024-03-16T20:26:27.454 INFO:teuthology.orchestra.run.smithi023.stdout:/usr/bin/ceph: stderr
2024-03-16T20:26:26.899+0000 7f92d0123700 1 -- 172.21.15.23:0/2266384895 shutdown_connections
2024-03-16T20:26:27.454 INFO:teuthology.orchestra.run.smithi023.stdout:/usr/bin/ceph: stderr
2024-03-16T20:26:26.899+0000 7f92d0123700 1 -- 172.21.15.23:0/2266384895 wait complete.
2024-03-16T20:26:27.455 INFO:teuthology.orchestra.run.smithi023.stdout:Generating ssh key...
2024-03-16T20:26:28.338 INFO:journalctl@ceph.mon.a.smithi023.stdout:Mar 16 20:26:27 smithi023 ceph-mon[31879]: from='client.14134 -' entity='client.admin' cmd=[{"prefix": "cephadm set-user", "user": "root", "target": ["mon-mgr", ""]}]: dispatch
2024-03-16T20:26:28.744 INFO:journalctl@ceph.mgr.x.smithi023.stdout:Mar 16 20:26:28 smithi023 ceph-3d249ea8-e3d3-11ee-95c9-87774f69a715-mgr-x[32122]: Generating public/private rsa key pair.
2024-03-16T20:26:28.744 INFO:journalctl@ceph.mgr.x.smithi023.stdout:Mar 16 20:26:28 smithi023 ceph-3d249ea8-e3d3-11ee-95c9-87774f69a715-mgr-x[32122]: Your identification has been saved in /tmp/tmphphtt2t3/key.
2024-03-16T20:26:28.745 INFO:journalctl@ceph.mgr.x.smithi023.stdout:Mar 16 20:26:28 smithi023 ceph-3d249ea8-e3d3-11ee-95c9-87774f69a715-mgr-x[32122]: Your public key has been saved in /tmp/tmphphtt2t3/key.pub.
2024-03-16T20:26:28.745 INFO:journalctl@ceph.mgr.x.smithi023.stdout:Mar 16 20:26:28 smithi023 ceph-3d249ea8-e3d3-11ee-95c9-87774f69a715-mgr-x[32122]: The key fingerprint is:
2024-03-16T20:26:28.745 INFO:journalctl@ceph.mgr.x.smithi023.stdout:Mar 16 20:26:28 smithi023 ceph-3d249ea8-e3d3-11ee-95c9-87774f69a715-mgr-x[32122]: SHA256:c3Ce4VkNGN4hoZlq2HL044FBJlYSmkmQVBQ/Jtyw6OE ceph-3d249ea8-e3d3-11ee-95c9-87774f69a715
2024-03-16T20:26:28.745 INFO:journalctl@ceph.mgr.x.smithi023.stdout:Mar 16 20:26:28 smithi023 ceph-3d249ea8-e3d3-11ee-95c9-87774f69a715-mgr-x[32122]: The key's randomart image is:
2024-03-16T20:26:28.745 INFO:journalctl@ceph.mgr.x.smithi023.stdout:Mar 16 20:26:28 smithi023 ceph-3d249ea8-e3d3-11ee-95c9-87774f69a715-mgr-x[32122]: +---[RSA 3072]----+
2024-03-16T20:26:28.745 INFO:journalctl@ceph.mgr.x.smithi023.stdout:Mar 16 20:26:28 smithi023 ceph-3d249ea8-e3d3-11ee-95c9-87774f69a715-mgr-x[32122]: |o++=*o+ ++o |
2024-03-16T20:26:28.745 INFO:journalctl@ceph.mgr.x.smithi023.stdout:Mar 16 20:26:28 smithi023 ceph-3d249ea8-e3d3-11ee-95c9-87774f69a715-mgr-x[32122]: |..o=== =.o + |
2024-03-16T20:26:28.745 INFO:journalctl@ceph.mgr.x.smithi023.stdout:Mar 16 20:26:28 smithi023 ceph-3d249ea8-e3d3-11ee-95c9-87774f69a715-mgr-x[32122]: | o++ =o = + o . |
2024-03-16T20:26:28.745 INFO:journalctl@ceph.mgr.x.smithi023.stdout:Mar 16 20:26:28 smithi023 ceph-3d249ea8-e3d3-11ee-95c9-87774f69a715-mgr-x[32122]: |o . o+.= = = |
2024-03-16T20:26:28.745 INFO:journalctl@ceph.mgr.x.smithi023.stdout:Mar 16 20:26:28 smithi023 ceph-3d249ea8-e3d3-11ee-95c9-87774f69a715-mgr-x[32122]: | E o * S * |
2024-03-16T20:26:28.745 INFO:journalctl@ceph.mgr.x.smithi023.stdout:Mar 16 20:26:28 smithi023 ceph-3d249ea8-e3d3-11ee-95c9-87774f69a715-mgr-x[32122]: | + . = |
2024-03-16T20:26:28.745 INFO:journalctl@ceph.mgr.x.smithi023.stdout:Mar 16 20:26:28 smithi023 ceph-3d249ea8-e3d3-11ee-95c9-87774f69a715-mgr-x[32122]: | . |
2024-03-16T20:26:28.745 INFO:journalctl@ceph.mgr.x.smithi023.stdout:Mar 16 20:26:28 smithi023 ceph-3d249ea8-e3d3-11ee-95c9-87774f69a715-mgr-x[32122]: | |
2024-03-16T20:26:28.746 INFO:journalctl@ceph.mgr.x.smithi023.stdout:Mar 16 20:26:28 smithi023 ceph-3d249ea8-e3d3-11ee-95c9-87774f69a715-mgr-x[32122]: | |
2024-03-16T20:26:28.746 INFO:journalctl@ceph.mgr.x.smithi023.stdout:Mar 16 20:26:28 smithi023 ceph-3d249ea8-e3d3-11ee-95c9-87774f69a715-mgr-x[32122]: +----[SHA256]-----+
2024-03-16T20:26:29.007 INFO:teuthology.orchestra.run.smithi023.stdout:/usr/bin/ceph: stderr
2024-03-16T20:26:27.846+0000 7f60260d4700 1 Processor -- start
2024-03-16T20:26:29.007 INFO:teuthology.orchestra.run.smithi023.stdout:/usr/bin/ceph: stderr
2024-03-16T20:26:27.846+0000 7f60260d4700 1 -- start start
2024-03-16T20:26:29.007 INFO:teuthology.orchestra.run.smithi023.stdout:/usr/bin/ceph: stderr
2024-03-16T20:26:27.846+0000 7f60260d4700 1 --2- >> [v2:172.21.15.23:3300/0,v1:172.21.15.23:6789/0] conn(0x7f6020106a40 0x7f6020106e60 unknown :-1 s=NONE pgs=0 cs=0 l=0 rev1=0 crypto rx=0 tx=0 comp rx=0 tx=0).connect
2024-03-16T20:26:29.007 INFO:teuthology.orchestra.run.smithi023.stdout:/usr/bin/ceph: stderr
2024-03-16T20:26:27.846+0000 7f60260d4700 1 -- --> [v2:172.21.15.23:3300/0,v1:172.21.15.23:6789/0] -- mon_getmap magic: 0 v1 -- 0x7f6020107430 con 0x7f6020106a40
2024-03-16T20:26:29.007 INFO:teuthology.orchestra.run.smithi023.stdout:/usr/bin/ceph: stderr
2024-03-16T20:26:27.846+0000 7f601f7fe700 1 --2- >> [v2:172.21.15.23:3300/0,v1:172.21.15.23:6789/0] conn(0x7f6020106a40 0x7f6020106e60 unknown :-1 s=BANNER_CONNECTING pgs=0 cs=0 l=0 rev1=0 crypto rx=0 tx=0 comp rx=0 tx=0)._handle_peer_banner_payload supported=3 required=0
2024-03-16T20:26:29.007 INFO:teuthology.orchestra.run.smithi023.stdout:/usr/bin/ceph: stderr
2024-03-16T20:26:27.846+0000 7f601f7fe700 1 --2- >> [v2:172.21.15.23:3300/0,v1:172.21.15.23:6789/0] conn(0x7f6020106a40 0x7f6020106e60 unknown :-1 s=HELLO_CONNECTING pgs=0 cs=0 l=0 rev1=1 crypto rx=0 tx=0 comp rx=0 tx=0).handle_hello peer v2:172.21.15.23:3300/0 says I am v2:172.21.15.23:60384/0 (socket says 172.21.15.23:60384)
2024-03-16T20:26:29.008 INFO:teuthology.orchestra.run.smithi023.stdout:/usr/bin/ceph: stderr
2024-03-16T20:26:27.846+0000 7f601f7fe700 1 -- 172.21.15.23:0/3905638308 learned_addr learned my addr 172.21.15.23:0/3905638308 (peer_addr_for_me v2:172.21.15.23:0/0)
2024-03-16T20:26:29.008 INFO:teuthology.orchestra.run.smithi023.stdout:/usr/bin/ceph: stderr
2024-03-16T20:26:27.846+0000 7f601f7fe700 1 -- 172.21.15.23:0/3905638308 --> [v2:172.21.15.23:3300/0,v1:172.21.15.23:6789/0] -- mon_subscribe({config=0+,monmap=0+}) v3 -- 0x7f6020107c40 con 0x7f6020106a40
2024-03-16T20:26:29.008 INFO:teuthology.orchestra.run.smithi023.stdout:/usr/bin/ceph: stderr
2024-03-16T20:26:27.846+0000 7f601f7fe700 1 --2- 172.21.15.23:0/3905638308 >> [v2:172.21.15.23:3300/0,v1:172.21.15.23:6789/0] conn(0x7f6020106a40 0x7f6020106e60 secure :-1 s=READY pgs=41 cs=0 l=1 rev1=1 crypto rx=0x7f60100098a0 tx=0x7f6010009bb0 comp rx=0 tx=0).ready entity=mon.0 client_cookie=5821228e6e4449b0 server_cookie=0 in_seq=0 out_seq=0
2024-03-16T20:26:29.008 INFO:teuthology.orchestra.run.smithi023.stdout:/usr/bin/ceph: stderr
2024-03-16T20:26:27.847+0000 7f601e7fc700 1 -- 172.21.15.23:0/3905638308 <== mon.0 v2:172.21.15.23:3300/0 1 ==== mon_map magic: 0 v1 ==== 205+0+0 (secure 0 0 0) 0x7f6010004160 con 0x7f6020106a40
2024-03-16T20:26:29.008 INFO:teuthology.orchestra.run.smithi023.stdout:/usr/bin/ceph: stderr
2024-03-16T20:26:27.847+0000 7f601e7fc700 1 -- 172.21.15.23:0/3905638308 <== mon.0 v2:172.21.15.23:3300/0 2 ==== config(27 keys) v1 ==== 1109+0+0 (secure 0 0 0) 0x7f60100042c0 con 0x7f6020106a40
2024-03-16T20:26:29.008 INFO:teuthology.orchestra.run.smithi023.stdout:/usr/bin/ceph: stderr
2024-03-16T20:26:27.847+0000 7f601e7fc700 1 -- 172.21.15.23:0/3905638308 <== mon.0 v2:172.21.15.23:3300/0 3 ==== mon_map magic: 0 v1 ==== 205+0+0 (secure 0 0 0) 0x7f6010011ac0 con 0x7f6020106a40
2024-03-16T20:26:29.008 INFO:teuthology.orchestra.run.smithi023.stdout:/usr/bin/ceph: stderr
2024-03-16T20:26:27.847+0000 7f60260d4700 1 -- 172.21.15.23:0/3905638308 >> [v2:172.21.15.23:3300/0,v1:172.21.15.23:6789/0] conn(0x7f6020106a40 msgr2=0x7f6020106e60 secure :-1 s=STATE_CONNECTION_ESTABLISHED l=1).mark_down
2024-03-16T20:26:29.008 INFO:teuthology.orchestra.run.smithi023.stdout:/usr/bin/ceph: stderr
2024-03-16T20:26:27.847+0000 7f60260d4700 1 --2- 172.21.15.23:0/3905638308 >> [v2:172.21.15.23:3300/0,v1:172.21.15.23:6789/0] conn(0x7f6020106a40 0x7f6020106e60 secure :-1 s=READY pgs=41 cs=0 l=1 rev1=1 crypto rx=0x7f60100098a0 tx=0x7f6010009bb0 comp rx=0 tx=0).stop
2024-03-16T20:26:29.008 INFO:teuthology.orchestra.run.smithi023.stdout:/usr/bin/ceph: stderr
2024-03-16T20:26:27.847+0000 7f60260d4700 1 -- 172.21.15.23:0/3905638308 shutdown_connections
2024-03-16T20:26:29.008 INFO:teuthology.orchestra.run.smithi023.stdout:/usr/bin/ceph: stderr
2024-03-16T20:26:27.847+0000 7f60260d4700 1 --2- 172.21.15.23:0/3905638308 >> [v2:172.21.15.23:3300/0,v1:172.21.15.23:6789/0] conn(0x7f6020106a40 0x7f6020106e60 unknown :-1 s=CLOSED pgs=41 cs=0 l=1 rev1=1 crypto rx=0 tx=0 comp rx=0 tx=0).stop
2024-03-16T20:26:29.008 INFO:teuthology.orchestra.run.smithi023.stdout:/usr/bin/ceph: stderr
2024-03-16T20:26:27.847+0000 7f60260d4700 1 -- 172.21.15.23:0/3905638308 >> 172.21.15.23:0/3905638308 conn(0x7f6020102020 msgr2=0x7f6020104440 unknown :-1 s=STATE_NONE l=0).mark_down
2024-03-16T20:26:29.008 INFO:teuthology.orchestra.run.smithi023.stdout:/usr/bin/ceph: stderr
2024-03-16T20:26:27.847+0000 7f60260d4700 1 -- 172.21.15.23:0/3905638308 shutdown_connections
2024-03-16T20:26:29.008 INFO:teuthology.orchestra.run.smithi023.stdout:/usr/bin/ceph: stderr
2024-03-16T20:26:27.847+0000 7f60260d4700 1 -- 172.21.15.23:0/3905638308 wait complete.
2024-03-16T20:26:29.008 INFO:teuthology.orchestra.run.smithi023.stdout:/usr/bin/ceph: stderr
2024-03-16T20:26:27.848+0000 7f60260d4700 1 Processor -- start
2024-03-16T20:26:29.009 INFO:teuthology.orchestra.run.smithi023.stdout:/usr/bin/ceph: stderr
2024-03-16T20:26:27.848+0000 7f60260d4700 1 -- start start
2024-03-16T20:26:29.009 INFO:teuthology.orchestra.run.smithi023.stdout:/usr/bin/ceph: stderr
2024-03-16T20:26:27.848+0000 7f60260d4700 1 --2- >> [v2:172.21.15.23:3300/0,v1:172.21.15.23:6789/0] conn(0x7f6020106a40 0x7f602019b950 unknown :-1 s=NONE pgs=0 cs=0 l=1 rev1=0 crypto rx=0 tx=0 comp rx=0 tx=0).connect
2024-03-16T20:26:29.009 INFO:teuthology.orchestra.run.smithi023.stdout:/usr/bin/ceph: stderr
2024-03-16T20:26:27.848+0000 7f60260d4700 1 -- --> [v2:172.21.15.23:3300/0,v1:172.21.15.23:6789/0] -- mon_getmap magic: 0 v1 -- 0x7f602019be90 con 0x7f6020106a40
2024-03-16T20:26:29.009 INFO:teuthology.orchestra.run.smithi023.stdout:/usr/bin/ceph: stderr
2024-03-16T20:26:27.848+0000 7f601f7fe700 1 --2- >> [v2:172.21.15.23:3300/0,v1:172.21.15.23:6789/0] conn(0x7f6020106a40 0x7f602019b950 unknown :-1 s=BANNER_CONNECTING pgs=0 cs=0 l=1 rev1=0 crypto rx=0 tx=0 comp rx=0 tx=0)._handle_peer_banner_payload supported=3 required=0
2024-03-16T20:26:29.009 INFO:teuthology.orchestra.run.smithi023.stdout:/usr/bin/ceph: stderr
2024-03-16T20:26:27.848+0000 7f601f7fe700 1 --2- >> [v2:172.21.15.23:3300/0,v1:172.21.15.23:6789/0] conn(0x7f6020106a40 0x7f602019b950 unknown :-1 s=HELLO_CONNECTING pgs=0 cs=0 l=1 rev1=1 crypto rx=0 tx=0 comp rx=0 tx=0).handle_hello peer v2:172.21.15.23:3300/0 says I am v2:172.21.15.23:60396/0 (socket says 172.21.15.23:60396)
2024-03-16T20:26:29.009 INFO:teuthology.orchestra.run.smithi023.stdout:/usr/bin/ceph: stderr
2024-03-16T20:26:27.848+0000 7f601f7fe700 1 -- 172.21.15.23:0/3874848989 learned_addr learned my addr 172.21.15.23:0/3874848989 (peer_addr_for_me v2:172.21.15.23:0/0)
2024-03-16T20:26:29.009 INFO:teuthology.orchestra.run.smithi023.stdout:/usr/bin/ceph: stderr
2024-03-16T20:26:27.849+0000 7f601f7fe700 1 -- 172.21.15.23:0/3874848989 --> [v2:172.21.15.23:3300/0,v1:172.21.15.23:6789/0] -- mon_subscribe({config=0+,monmap=0+}) v3 -- 0x7f6010009550 con 0x7f6020106a40
2024-03-16T20:26:29.009 INFO:teuthology.orchestra.run.smithi023.stdout:/usr/bin/ceph: stderr
2024-03-16T20:26:27.849+0000 7f601f7fe700 1 --2- 172.21.15.23:0/3874848989 >> [v2:172.21.15.23:3300/0,v1:172.21.15.23:6789/0] conn(0x7f6020106a40 0x7f602019b950 secure :-1 s=READY pgs=42 cs=0 l=1 rev1=1 crypto rx=0x7f6010009fb0 tx=0x7f6010011b20 comp rx=0 tx=0).ready entity=mon.0 client_cookie=0 server_cookie=0 in_seq=0 out_seq=0
2024-03-16T20:26:29.009 INFO:teuthology.orchestra.run.smithi023.stdout:/usr/bin/ceph: stderr
2024-03-16T20:26:27.849+0000 7f601cff9700 1 -- 172.21.15.23:0/3874848989 <== mon.0 v2:172.21.15.23:3300/0 1 ==== mon_map magic: 0 v1 ==== 205+0+0 (secure 0 0 0) 0x7f60100038b0 con 0x7f6020106a40
2024-03-16T20:26:29.009 INFO:teuthology.orchestra.run.smithi023.stdout:/usr/bin/ceph: stderr
2024-03-16T20:26:27.849+0000 7f601cff9700 1 -- 172.21.15.23:0/3874848989 <== mon.0 v2:172.21.15.23:3300/0 2 ==== config(27 keys) v1 ==== 1109+0+0 (secure 0 0 0) 0x7f6010003a10 con 0x7f6020106a40
2024-03-16T20:26:29.009 INFO:teuthology.orchestra.run.smithi023.stdout:/usr/bin/ceph: stderr
2024-03-16T20:26:27.849+0000 7f60260d4700 1 -- 172.21.15.23:0/3874848989 --> [v2:172.21.15.23:3300/0,v1:172.21.15.23:6789/0] -- mon_subscribe({mgrmap=0+}) v3 -- 0x7f602019c090 con 0x7f6020106a40
2024-03-16T20:26:29.009 INFO:teuthology.orchestra.run.smithi023.stdout:/usr/bin/ceph: stderr
2024-03-16T20:26:27.849+0000 7f601cff9700 1 -- 172.21.15.23:0/3874848989 <== mon.0 v2:172.21.15.23:3300/0 3 ==== mon_map magic: 0 v1 ==== 205+0+0 (secure 0 0 0) 0x7f60100195e0 con 0x7f6020106a40
2024-03-16T20:26:29.009 INFO:teuthology.orchestra.run.smithi023.stdout:/usr/bin/ceph: stderr
2024-03-16T20:26:27.849+0000 7f60260d4700 1 -- 172.21.15.23:0/3874848989 --> [v2:172.21.15.23:3300/0,v1:172.21.15.23:6789/0] -- mon_subscribe({osdmap=0}) v3 -- 0x7f602019c530 con 0x7f6020106a40
2024-03-16T20:26:29.009 INFO:teuthology.orchestra.run.smithi023.stdout:/usr/bin/ceph: stderr
2024-03-16T20:26:27.850+0000 7f601cff9700 1 -- 172.21.15.23:0/3874848989 <== mon.0 v2:172.21.15.23:3300/0 4 ==== mgrmap(e 8) v1 ==== 45769+0+0 (secure 0 0 0) 0x7f60100198c0 con 0x7f6020106a40
2024-03-16T20:26:29.010 INFO:teuthology.orchestra.run.smithi023.stdout:/usr/bin/ceph: stderr
2024-03-16T20:26:27.850+0000 7f601cff9700 1 --2- 172.21.15.23:0/3874848989 >> [v2:172.21.15.23:6800/2899821830,v1:172.21.15.23:6801/2899821830] conn(0x7f6008038c60 0x7f600803b120 unknown :-1 s=NONE pgs=0 cs=0 l=1 rev1=0 crypto rx=0 tx=0 comp rx=0 tx=0).connect
2024-03-16T20:26:29.010 INFO:teuthology.orchestra.run.smithi023.stdout:/usr/bin/ceph: stderr
2024-03-16T20:26:27.850+0000 7f601cff9700 1 -- 172.21.15.23:0/3874848989 <== mon.0 v2:172.21.15.23:3300/0 5 ==== osd_map(2..2 src has 1..2) v4 ==== 940+0+0 (secure 0 0 0) 0x7f601004ce40 con 0x7f6020106a40
2024-03-16T20:26:29.010 INFO:teuthology.orchestra.run.smithi023.stdout:/usr/bin/ceph: stderr
2024-03-16T20:26:27.850+0000 7f60260d4700 1 -- 172.21.15.23:0/3874848989 --> [v2:172.21.15.23:3300/0,v1:172.21.15.23:6789/0] -- mon_command({"prefix": "get_command_descriptions"} v 0) v1 -- 0x7f6020195ae0 con 0x7f6020106a40
2024-03-16T20:26:29.010 INFO:teuthology.orchestra.run.smithi023.stdout:/usr/bin/ceph: stderr
2024-03-16T20:26:27.850+0000 7f601effd700 1 --2- 172.21.15.23:0/3874848989 >> [v2:172.21.15.23:6800/2899821830,v1:172.21.15.23:6801/2899821830] conn(0x7f6008038c60 0x7f600803b120 unknown :-1 s=BANNER_CONNECTING pgs=0 cs=0 l=1 rev1=0 crypto rx=0 tx=0 comp rx=0 tx=0)._handle_peer_banner_payload supported=3 required=0
2024-03-16T20:26:29.010 INFO:teuthology.orchestra.run.smithi023.stdout:/usr/bin/ceph: stderr
2024-03-16T20:26:27.851+0000 7f601effd700 1 --2- 172.21.15.23:0/3874848989 >> [v2:172.21.15.23:6800/2899821830,v1:172.21.15.23:6801/2899821830] conn(0x7f6008038c60 0x7f600803b120 secure :-1 s=READY pgs=9 cs=0 l=1 rev1=1 crypto rx=0x7f6014006fd0 tx=0x7f6014006e40 comp rx=0 tx=0).ready entity=mgr.14120 client_cookie=0 server_cookie=0 in_seq=0 out_seq=0
2024-03-16T20:26:29.010 INFO:teuthology.orchestra.run.smithi023.stdout:/usr/bin/ceph: stderr
2024-03-16T20:26:27.855+0000 7f601cff9700 1 -- 172.21.15.23:0/3874848989 <== mon.0 v2:172.21.15.23:3300/0 6 ==== mon_command_ack([{"prefix": "get_command_descriptions"}]=0 v0) v1 ==== 72+0+184932 (secure 0 0 0) 0x7f6010019bc0 con 0x7f6020106a40
2024-03-16T20:26:29.010 INFO:teuthology.orchestra.run.smithi023.stdout:/usr/bin/ceph: stderr
2024-03-16T20:26:28.063+0000 7f60260d4700 1 -- 172.21.15.23:0/3874848989 --> [v2:172.21.15.23:6800/2899821830,v1:172.21.15.23:6801/2899821830] -- mgr_command(tid 0: {"prefix": "cephadm generate-key", "target": ["mon-mgr", ""]}) v1 -- 0x7f602002dad0 con 0x7f6008038c60
2024-03-16T20:26:29.010 INFO:teuthology.orchestra.run.smithi023.stdout:/usr/bin/ceph: stderr
2024-03-16T20:26:28.453+0000 7f601cff9700 1 -- 172.21.15.23:0/3874848989 <== mgr.14120 v2:172.21.15.23:6800/2899821830 1 ==== mgr_command_reply(tid 0: 0 ) v1 ==== 8+0+0 (secure 0 0 0) 0x7f602002dad0 con 0x7f6008038c60
2024-03-16T20:26:29.010 INFO:teuthology.orchestra.run.smithi023.stdout:/usr/bin/ceph: stderr
2024-03-16T20:26:28.455+0000 7f60260d4700 1 -- 172.21.15.23:0/3874848989 >> [v2:172.21.15.23:6800/2899821830,v1:172.21.15.23:6801/2899821830] conn(0x7f6008038c60 msgr2=0x7f600803b120 secure :-1 s=STATE_CONNECTION_ESTABLISHED l=1).mark_down
2024-03-16T20:26:29.010 INFO:teuthology.orchestra.run.smithi023.stdout:/usr/bin/ceph: stderr
2024-03-16T20:26:28.455+0000 7f60260d4700 1 --2- 172.21.15.23:0/3874848989 >> [v2:172.21.15.23:6800/2899821830,v1:172.21.15.23:6801/2899821830] conn(0x7f6008038c60 0x7f600803b120 secure :-1 s=READY pgs=9 cs=0 l=1 rev1=1 crypto rx=0x7f6014006fd0 tx=0x7f6014006e40 comp rx=0 tx=0).stop
2024-03-16T20:26:29.010 INFO:teuthology.orchestra.run.smithi023.stdout:/usr/bin/ceph: stderr
2024-03-16T20:26:28.455+0000 7f60260d4700 1 -- 172.21.15.23:0/3874848989 >> [v2:172.21.15.23:3300/0,v1:172.21.15.23:6789/0] conn(0x7f6020106a40 msgr2=0x7f602019b950 secure :-1 s=STATE_CONNECTION_ESTABLISHED l=1).mark_down
2024-03-16T20:26:29.010 INFO:teuthology.orchestra.run.smithi023.stdout:/usr/bin/ceph: stderr
2024-03-16T20:26:28.455+0000 7f60260d4700 1 --2- 172.21.15.23:0/3874848989 >> [v2:172.21.15.23:3300/0,v1:172.21.15.23:6789/0] conn(0x7f6020106a40 0x7f602019b950 secure :-1 s=READY pgs=42 cs=0 l=1 rev1=1 crypto rx=0x7f6010009fb0 tx=0x7f6010011b20 comp rx=0 tx=0).stop
2024-03-16T20:26:29.010 INFO:teuthology.orchestra.run.smithi023.stdout:/usr/bin/ceph: stderr
2024-03-16T20:26:28.455+0000 7f60260d4700 1 -- 172.21.15.23:0/3874848989 shutdown_connections
2024-03-16T20:26:29.011 INFO:teuthology.orchestra.run.smithi023.stdout:/usr/bin/ceph: stderr
2024-03-16T20:26:28.455+0000 7f60260d4700 1 --2- 172.21.15.23:0/3874848989 >> [v2:172.21.15.23:6800/2899821830,v1:172.21.15.23:6801/2899821830] conn(0x7f6008038c60 0x7f600803b120 unknown :-1 s=CLOSED pgs=9 cs=0 l=1 rev1=1 crypto rx=0 tx=0 comp rx=0 tx=0).stop
2024-03-16T20:26:29.011 INFO:teuthology.orchestra.run.smithi023.stdout:/usr/bin/ceph: stderr
2024-03-16T20:26:28.455+0000 7f60260d4700 1 --2- 172.21.15.23:0/3874848989 >> [v2:172.21.15.23:3300/0,v1:172.21.15.23:6789/0] conn(0x7f6020106a40 0x7f602019b950 unknown :-1 s=CLOSED pgs=42 cs=0 l=1 rev1=1 crypto rx=0 tx=0 comp rx=0 tx=0).stop
2024-03-16T20:26:29.011 INFO:teuthology.orchestra.run.smithi023.stdout:/usr/bin/ceph: stderr
2024-03-16T20:26:28.455+0000 7f60260d4700 1 -- 172.21.15.23:0/3874848989 >> 172.21.15.23:0/3874848989 conn(0x7f6020102020 msgr2=0x7f6020102ec0 unknown :-1 s=STATE_NONE l=0).mark_down
2024-03-16T20:26:29.011 INFO:teuthology.orchestra.run.smithi023.stdout:/usr/bin/ceph: stderr
2024-03-16T20:26:28.456+0000 7f60260d4700 1 -- 172.21.15.23:0/3874848989 shutdown_connections
2024-03-16T20:26:29.011 INFO:teuthology.orchestra.run.smithi023.stdout:/usr/bin/ceph: stderr
2024-03-16T20:26:28.456+0000 7f60260d4700 1 -- 172.21.15.23:0/3874848989 wait complete.
2024-03-16T20:26:29.327 INFO:journalctl@ceph.mon.a.smithi023.stdout:Mar 16 20:26:28 smithi023 ceph-mon[31879]: from='client.14136 -' entity='client.admin' cmd=[{"prefix": "cephadm generate-key", "target": ["mon-mgr", ""]}]: dispatch
2024-03-16T20:26:29.327 INFO:journalctl@ceph.mon.a.smithi023.stdout:Mar 16 20:26:28 smithi023 ceph-mon[31879]: Generating ssh key...
2024-03-16T20:26:29.327 INFO:journalctl@ceph.mon.a.smithi023.stdout:Mar 16 20:26:28 smithi023 ceph-mon[31879]: from='mgr.14120 172.21.15.23:0/723537002' entity='mgr.x'
2024-03-16T20:26:29.327 INFO:journalctl@ceph.mon.a.smithi023.stdout:Mar 16 20:26:28 smithi023 ceph-mon[31879]: from='mgr.14120 172.21.15.23:0/723537002' entity='mgr.x'
2024-03-16T20:26:30.216 INFO:teuthology.orchestra.run.smithi023.stdout:/usr/bin/ceph: stdout ssh-rsa AAAAB3NzaC1yc2EAAAADAQABAAABgQCX+Hf69nWj/1sBhxJ2gKNBvlsS+G66GSCLR3J1KnL4qsrymIGtwL5gca465kXtf3SlUesjVYQIAHbJipyUKCw81fMmZXpOP+kncbd5cecTDaKhUf9634NTvyRG/oy9jRApXvvEdmUxfryReFtZfzH2CwLEjuWBoYN3KLh6r7tgS/D5gwzgxcCcOFLN2dyLVGKphjVik9dwxSRKbRWYAoUbYLDsjFMk61jOZI957YiC7tvzS7/eH8aIA8dtF0Svlqjk6S1caoQesX7JWunhNvejtXTU3nKb1+Zd6lPSnSrDmzyP9uSpXrNG0bK1m4BJyV7RJwnrSgv8//Ewlgy7ZADVscSALSTNNrI/wgXUBN26SMz5RHxkwl4DsxfUFMXk4FBzoXXKlaXyLI+dcDUq26a0rAb3NVzo8Xz9C4RUKTmMHSfrpcuFaHjp2I2PqtBZmgtJdmFLAb+nOi6EikupdnszmykS/264mFR1/pg3OJU+2Ja3JrxFmOsfV700kOcJOpM= ceph-3d249ea8-e3d3-11ee-95c9-87774f69a715
2024-03-16T20:26:30.222 INFO:teuthology.orchestra.run.smithi023.stdout:/usr/bin/ceph: stderr
2024-03-16T20:26:29.424+0000 7f2bb861c700 1 Processor -- start
2024-03-16T20:26:30.222 INFO:teuthology.orchestra.run.smithi023.stdout:/usr/bin/ceph: stderr
2024-03-16T20:26:29.424+0000 7f2bb861c700 1 -- start start
2024-03-16T20:26:30.223 INFO:teuthology.orchestra.run.smithi023.stdout:/usr/bin/ceph: stderr
2024-03-16T20:26:29.424+0000 7f2bb861c700 1 --2- >> [v2:172.21.15.23:3300/0,v1:172.21.15.23:6789/0] conn(0x7f2bb0108670 0x7f2bb010aa60 unknown :-1 s=NONE pgs=0 cs=0 l=0 rev1=0 crypto rx=0 tx=0 comp rx=0 tx=0).connect
2024-03-16T20:26:30.223 INFO:teuthology.orchestra.run.smithi023.stdout:/usr/bin/ceph: stderr
2024-03-16T20:26:29.424+0000 7f2bb861c700 1 -- --> [v2:172.21.15.23:3300/0,v1:172.21.15.23:6789/0] -- mon_getmap magic: 0 v1 -- 0x7f2bb007bdb0 con 0x7f2bb0108670
2024-03-16T20:26:30.223 INFO:teuthology.orchestra.run.smithi023.stdout:/usr/bin/ceph: stderr
2024-03-16T20:26:29.425+0000 7f2bb63b8700 1 --2- >> [v2:172.21.15.23:3300/0,v1:172.21.15.23:6789/0] conn(0x7f2bb0108670 0x7f2bb010aa60 unknown :-1 s=BANNER_CONNECTING pgs=0 cs=0 l=0 rev1=0 crypto rx=0 tx=0 comp rx=0 tx=0)._handle_peer_banner_payload supported=3 required=0
2024-03-16T20:26:30.223 INFO:teuthology.orchestra.run.smithi023.stdout:/usr/bin/ceph: stderr
2024-03-16T20:26:29.425+0000 7f2bb63b8700 1 --2- >> [v2:172.21.15.23:3300/0,v1:172.21.15.23:6789/0] conn(0x7f2bb0108670 0x7f2bb010aa60 unknown :-1 s=HELLO_CONNECTING pgs=0 cs=0 l=0 rev1=1 crypto rx=0 tx=0 comp rx=0 tx=0).handle_hello peer v2:172.21.15.23:3300/0 says I am v2:172.21.15.23:60412/0 (socket says 172.21.15.23:60412)
2024-03-16T20:26:30.223 INFO:teuthology.orchestra.run.smithi023.stdout:/usr/bin/ceph: stderr
2024-03-16T20:26:29.425+0000 7f2bb63b8700 1 -- 172.21.15.23:0/4268004194 learned_addr learned my addr 172.21.15.23:0/4268004194 (peer_addr_for_me v2:172.21.15.23:0/0)
2024-03-16T20:26:30.223 INFO:teuthology.orchestra.run.smithi023.stdout:/usr/bin/ceph: stderr
2024-03-16T20:26:29.425+0000 7f2bb63b8700 1 -- 172.21.15.23:0/4268004194 --> [v2:172.21.15.23:3300/0,v1:172.21.15.23:6789/0] -- mon_subscribe({config=0+,monmap=0+}) v3 -- 0x7f2bb010afa0 con 0x7f2bb0108670
2024-03-16T20:26:30.223 INFO:teuthology.orchestra.run.smithi023.stdout:/usr/bin/ceph: stderr
2024-03-16T20:26:29.425+0000 7f2bb63b8700 1 --2- 172.21.15.23:0/4268004194 >> [v2:172.21.15.23:3300/0,v1:172.21.15.23:6789/0] conn(0x7f2bb0108670 0x7f2bb010aa60 secure :-1 s=READY pgs=43 cs=0 l=1 rev1=1 crypto rx=0x7f2bac0098a0 tx=0x7f2bac009bb0 comp rx=0 tx=0).ready entity=mon.0 client_cookie=75e835e7e8b9e07 server_cookie=0 in_seq=0 out_seq=0
2024-03-16T20:26:30.223 INFO:teuthology.orchestra.run.smithi023.stdout:/usr/bin/ceph: stderr
2024-03-16T20:26:29.425+0000 7f2bb53b6700 1 -- 172.21.15.23:0/4268004194 <== mon.0 v2:172.21.15.23:3300/0 1 ==== mon_map magic: 0 v1 ==== 205+0+0 (secure 0 0 0) 0x7f2bac004160 con 0x7f2bb0108670
2024-03-16T20:26:30.223 INFO:teuthology.orchestra.run.smithi023.stdout:/usr/bin/ceph: stderr
2024-03-16T20:26:29.425+0000 7f2bb53b6700 1 -- 172.21.15.23:0/4268004194 <== mon.0 v2:172.21.15.23:3300/0 2 ==== config(27 keys) v1 ==== 1109+0+0 (secure 0 0 0) 0x7f2bac0042c0 con 0x7f2bb0108670
2024-03-16T20:26:30.223 INFO:teuthology.orchestra.run.smithi023.stdout:/usr/bin/ceph: stderr
2024-03-16T20:26:29.425+0000 7f2bb53b6700 1 -- 172.21.15.23:0/4268004194 <== mon.0 v2:172.21.15.23:3300/0 3 ==== mon_map magic: 0 v1 ==== 205+0+0 (secure 0 0 0) 0x7f2bac011ac0 con 0x7f2bb0108670
2024-03-16T20:26:30.223 INFO:teuthology.orchestra.run.smithi023.stdout:/usr/bin/ceph: stderr
2024-03-16T20:26:29.426+0000 7f2bb861c700 1 -- 172.21.15.23:0/4268004194 >> [v2:172.21.15.23:3300/0,v1:172.21.15.23:6789/0] conn(0x7f2bb0108670 msgr2=0x7f2bb010aa60 secure :-1 s=STATE_CONNECTION_ESTABLISHED l=1).mark_down
2024-03-16T20:26:30.224 INFO:teuthology.orchestra.run.smithi023.stdout:/usr/bin/ceph: stderr
2024-03-16T20:26:29.426+0000 7f2bb861c700 1 --2- 172.21.15.23:0/4268004194 >> [v2:172.21.15.23:3300/0,v1:172.21.15.23:6789/0] conn(0x7f2bb0108670 0x7f2bb010aa60 secure :-1 s=READY pgs=43 cs=0 l=1 rev1=1 crypto rx=0x7f2bac0098a0 tx=0x7f2bac009bb0 comp rx=0 tx=0).stop
2024-03-16T20:26:30.224 INFO:teuthology.orchestra.run.smithi023.stdout:/usr/bin/ceph: stderr
2024-03-16T20:26:29.426+0000 7f2bb861c700 1 -- 172.21.15.23:0/4268004194 shutdown_connections
2024-03-16T20:26:30.224 INFO:teuthology.orchestra.run.smithi023.stdout:/usr/bin/ceph: stderr
2024-03-16T20:26:29.426+0000 7f2bb861c700 1 --2- 172.21.15.23:0/4268004194 >> [v2:172.21.15.23:3300/0,v1:172.21.15.23:6789/0] conn(0x7f2bb0108670 0x7f2bb010aa60 unknown :-1 s=CLOSED pgs=43 cs=0 l=1 rev1=1 crypto rx=0 tx=0 comp rx=0 tx=0).stop
2024-03-16T20:26:30.224 INFO:teuthology.orchestra.run.smithi023.stdout:/usr/bin/ceph: stderr
2024-03-16T20:26:29.426+0000 7f2bb861c700 1 -- 172.21.15.23:0/4268004194 >> 172.21.15.23:0/4268004194 conn(0x7f2bb0101fe0 msgr2=0x7f2bb0104460 unknown :-1 s=STATE_NONE l=0).mark_down
2024-03-16T20:26:30.224 INFO:teuthology.orchestra.run.smithi023.stdout:/usr/bin/ceph: stderr
2024-03-16T20:26:29.426+0000 7f2bb861c700 1 -- 172.21.15.23:0/4268004194 shutdown_connections
2024-03-16T20:26:30.224 INFO:teuthology.orchestra.run.smithi023.stdout:/usr/bin/ceph: stderr
2024-03-16T20:26:29.426+0000 7f2bb861c700 1 -- 172.21.15.23:0/4268004194 wait complete.
2024-03-16T20:26:30.224 INFO:teuthology.orchestra.run.smithi023.stdout:/usr/bin/ceph: stderr
2024-03-16T20:26:29.426+0000 7f2bb861c700 1 Processor -- start
2024-03-16T20:26:30.224 INFO:teuthology.orchestra.run.smithi023.stdout:/usr/bin/ceph: stderr
2024-03-16T20:26:29.427+0000 7f2bb861c700 1 -- start start
2024-03-16T20:26:30.224 INFO:teuthology.orchestra.run.smithi023.stdout:/usr/bin/ceph: stderr
2024-03-16T20:26:29.427+0000 7f2bb861c700 1 --2- >> [v2:172.21.15.23:3300/0,v1:172.21.15.23:6789/0] conn(0x7f2bb0108670 0x7f2bb0107ef0 unknown :-1 s=NONE pgs=0 cs=0 l=1 rev1=0 crypto rx=0 tx=0 comp rx=0 tx=0).connect
2024-03-16T20:26:30.224 INFO:teuthology.orchestra.run.smithi023.stdout:/usr/bin/ceph: stderr
2024-03-16T20:26:29.427+0000 7f2bb861c700 1 -- --> [v2:172.21.15.23:3300/0,v1:172.21.15.23:6789/0] -- mon_getmap magic: 0 v1 -- 0x7f2bb0108430 con 0x7f2bb0108670
2024-03-16T20:26:30.224 INFO:teuthology.orchestra.run.smithi023.stdout:/usr/bin/ceph: stderr
2024-03-16T20:26:29.427+0000 7f2bb63b8700 1 --2- >> [v2:172.21.15.23:3300/0,v1:172.21.15.23:6789/0] conn(0x7f2bb0108670 0x7f2bb0107ef0 unknown :-1 s=BANNER_CONNECTING pgs=0 cs=0 l=1 rev1=0 crypto rx=0 tx=0 comp rx=0 tx=0)._handle_peer_banner_payload supported=3 required=0
2024-03-16T20:26:30.224 INFO:teuthology.orchestra.run.smithi023.stdout:/usr/bin/ceph: stderr
2024-03-16T20:26:29.427+0000 7f2bb63b8700 1 --2- >> [v2:172.21.15.23:3300/0,v1:172.21.15.23:6789/0] conn(0x7f2bb0108670 0x7f2bb0107ef0 unknown :-1 s=HELLO_CONNECTING pgs=0 cs=0 l=1 rev1=1 crypto rx=0 tx=0 comp rx=0 tx=0).handle_hello peer v2:172.21.15.23:3300/0 says I am v2:172.21.15.23:60416/0 (socket says 172.21.15.23:60416)
2024-03-16T20:26:30.224 INFO:teuthology.orchestra.run.smithi023.stdout:/usr/bin/ceph: stderr
2024-03-16T20:26:29.427+0000 7f2bb63b8700 1 -- 172.21.15.23:0/1772671648 learned_addr learned my addr 172.21.15.23:0/1772671648 (peer_addr_for_me v2:172.21.15.23:0/0)
2024-03-16T20:26:30.225 INFO:teuthology.orchestra.run.smithi023.stdout:/usr/bin/ceph: stderr
2024-03-16T20:26:29.427+0000 7f2bb63b8700 1 -- 172.21.15.23:0/1772671648 --> [v2:172.21.15.23:3300/0,v1:172.21.15.23:6789/0] -- mon_subscribe({config=0+,monmap=0+}) v3 -- 0x7f2bac009550 con 0x7f2bb0108670
2024-03-16T20:26:30.225 INFO:teuthology.orchestra.run.smithi023.stdout:/usr/bin/ceph: stderr
2024-03-16T20:26:29.427+0000 7f2bb63b8700 1 --2- 172.21.15.23:0/1772671648 >> [v2:172.21.15.23:3300/0,v1:172.21.15.23:6789/0] conn(0x7f2bb0108670 0x7f2bb0107ef0 secure :-1 s=READY pgs=44 cs=0 l=1 rev1=1 crypto rx=0x7f2bac011a70 tx=0x7f2bac011b50 comp rx=0 tx=0).ready entity=mon.0 client_cookie=0 server_cookie=0 in_seq=0 out_seq=0
2024-03-16T20:26:30.225 INFO:teuthology.orchestra.run.smithi023.stdout:/usr/bin/ceph: stderr
2024-03-16T20:26:29.427+0000 7f2ba77fe700 1 -- 172.21.15.23:0/1772671648 <== mon.0 v2:172.21.15.23:3300/0 1 ==== mon_map magic: 0 v1 ==== 205+0+0 (secure 0 0 0) 0x7f2bac0039c0 con 0x7f2bb0108670
2024-03-16T20:26:30.225 INFO:teuthology.orchestra.run.smithi023.stdout:/usr/bin/ceph: stderr
2024-03-16T20:26:29.427+0000 7f2ba77fe700 1 -- 172.21.15.23:0/1772671648 <== mon.0 v2:172.21.15.23:3300/0 2 ==== config(27 keys) v1 ==== 1109+0+0 (secure 0 0 0) 0x7f2bac003b20 con 0x7f2bb0108670
2024-03-16T20:26:30.225 INFO:teuthology.orchestra.run.smithi023.stdout:/usr/bin/ceph: stderr
2024-03-16T20:26:29.427+0000 7f2ba77fe700 1 -- 172.21.15.23:0/1772671648 <== mon.0 v2:172.21.15.23:3300/0 3 ==== mon_map magic: 0 v1 ==== 205+0+0 (secure 0 0 0) 0x7f2bac024610 con 0x7f2bb0108670
2024-03-16T20:26:30.225 INFO:teuthology.orchestra.run.smithi023.stdout:/usr/bin/ceph: stderr
2024-03-16T20:26:29.427+0000 7f2bb861c700 1 -- 172.21.15.23:0/1772671648 --> [v2:172.21.15.23:3300/0,v1:172.21.15.23:6789/0] -- mon_subscribe({mgrmap=0+}) v3 -- 0x7f2bb0106620 con 0x7f2bb0108670
2024-03-16T20:26:30.225 INFO:teuthology.orchestra.run.smithi023.stdout:/usr/bin/ceph: stderr
2024-03-16T20:26:29.427+0000 7f2bb861c700 1 -- 172.21.15.23:0/1772671648 --> [v2:172.21.15.23:3300/0,v1:172.21.15.23:6789/0] -- mon_subscribe({osdmap=0}) v3 -- 0x7f2bb0106ac0 con 0x7f2bb0108670
2024-03-16T20:26:30.225 INFO:teuthology.orchestra.run.smithi023.stdout:/usr/bin/ceph: stderr
2024-03-16T20:26:29.428+0000 7f2ba77fe700 1 -- 172.21.15.23:0/1772671648 <== mon.0 v2:172.21.15.23:3300/0 4 ==== mgrmap(e 8) v1 ==== 45769+0+0 (secure 0 0 0) 0x7f2bac01a430 con 0x7f2bb0108670
2024-03-16T20:26:30.225 INFO:teuthology.orchestra.run.smithi023.stdout:/usr/bin/ceph: stderr
2024-03-16T20:26:29.429+0000 7f2bb861c700 1 -- 172.21.15.23:0/1772671648 --> [v2:172.21.15.23:3300/0,v1:172.21.15.23:6789/0] -- mon_command({"prefix": "get_command_descriptions"} v 0) v1 -- 0x7f2bb010bd50 con 0x7f2bb0108670
2024-03-16T20:26:30.225 INFO:teuthology.orchestra.run.smithi023.stdout:/usr/bin/ceph: stderr
2024-03-16T20:26:29.429+0000 7f2ba77fe700 1 --2- 172.21.15.23:0/1772671648 >> [v2:172.21.15.23:6800/2899821830,v1:172.21.15.23:6801/2899821830] conn(0x7f2b9c038d00 0x7f2b9c03b1c0 unknown :-1 s=NONE pgs=0 cs=0 l=1 rev1=0 crypto rx=0 tx=0 comp rx=0 tx=0).connect
2024-03-16T20:26:30.225 INFO:teuthology.orchestra.run.smithi023.stdout:/usr/bin/ceph: stderr
2024-03-16T20:26:29.429+0000 7f2ba77fe700 1 -- 172.21.15.23:0/1772671648 <== mon.0 v2:172.21.15.23:3300/0 5 ==== osd_map(2..2 src has 1..2) v4 ==== 940+0+0 (secure 0 0 0) 0x7f2bac04cc50 con 0x7f2bb0108670
2024-03-16T20:26:30.225 INFO:teuthology.orchestra.run.smithi023.stdout:/usr/bin/ceph: stderr
2024-03-16T20:26:29.429+0000 7f2bb5bb7700 1 --2- 172.21.15.23:0/1772671648 >> [v2:172.21.15.23:6800/2899821830,v1:172.21.15.23:6801/2899821830] conn(0x7f2b9c038d00 0x7f2b9c03b1c0 unknown :-1 s=BANNER_CONNECTING pgs=0 cs=0 l=1 rev1=0 crypto rx=0 tx=0 comp rx=0 tx=0)._handle_peer_banner_payload supported=3 required=0
2024-03-16T20:26:30.225 INFO:teuthology.orchestra.run.smithi023.stdout:/usr/bin/ceph: stderr
2024-03-16T20:26:29.429+0000 7f2bb5bb7700 1 --2- 172.21.15.23:0/1772671648 >> [v2:172.21.15.23:6800/2899821830,v1:172.21.15.23:6801/2899821830] conn(0x7f2b9c038d00 0x7f2b9c03b1c0 secure :-1 s=READY pgs=10 cs=0 l=1 rev1=1 crypto rx=0x7f2ba0006fd0 tx=0x7f2ba0006e40 comp rx=0 tx=0).ready entity=mgr.14120 client_cookie=0 server_cookie=0 in_seq=0 out_seq=0
2024-03-16T20:26:30.226 INFO:teuthology.orchestra.run.smithi023.stdout:/usr/bin/ceph: stderr
2024-03-16T20:26:29.434+0000 7f2ba77fe700 1 -- 172.21.15.23:0/1772671648 <== mon.0 v2:172.21.15.23:3300/0 6 ==== mon_command_ack([{"prefix": "get_command_descriptions"}]=0 v0) v1 ==== 72+0+184932 (secure 0 0 0) 0x7f2bac010380 con 0x7f2bb0108670
2024-03-16T20:26:30.226 INFO:teuthology.orchestra.run.smithi023.stdout:/usr/bin/ceph: stderr
2024-03-16T20:26:29.639+0000 7f2bb861c700 1 -- 172.21.15.23:0/1772671648 --> [v2:172.21.15.23:6800/2899821830,v1:172.21.15.23:6801/2899821830] -- mgr_command(tid 0: {"prefix": "cephadm get-pub-key", "target": ["mon-mgr", ""]}) v1 -- 0x7f2bb0107100 con 0x7f2b9c038d00
2024-03-16T20:26:30.226 INFO:teuthology.orchestra.run.smithi023.stdout:/usr/bin/ceph: stderr
2024-03-16T20:26:29.640+0000 7f2ba77fe700 1 -- 172.21.15.23:0/1772671648 <== mgr.14120 v2:172.21.15.23:6800/2899821830 1 ==== mgr_command_reply(tid 0: 0 ) v1 ==== 8+0+595 (secure 0 0 0) 0x7f2bb0107100 con 0x7f2b9c038d00
2024-03-16T20:26:30.226 INFO:teuthology.orchestra.run.smithi023.stdout:/usr/bin/ceph: stderr
2024-03-16T20:26:29.642+0000 7f2bb861c700 1 -- 172.21.15.23:0/1772671648 >> [v2:172.21.15.23:6800/2899821830,v1:172.21.15.23:6801/2899821830] conn(0x7f2b9c038d00 msgr2=0x7f2b9c03b1c0 secure :-1 s=STATE_CONNECTION_ESTABLISHED l=1).mark_down
2024-03-16T20:26:30.226 INFO:teuthology.orchestra.run.smithi023.stdout:/usr/bin/ceph: stderr
2024-03-16T20:26:29.642+0000 7f2bb861c700 1 --2- 172.21.15.23:0/1772671648 >> [v2:172.21.15.23:6800/2899821830,v1:172.21.15.23:6801/2899821830] conn(0x7f2b9c038d00 0x7f2b9c03b1c0 secure :-1 s=READY pgs=10 cs=0 l=1 rev1=1 crypto rx=0x7f2ba0006fd0 tx=0x7f2ba0006e40 comp rx=0 tx=0).stop
2024-03-16T20:26:30.226 INFO:teuthology.orchestra.run.smithi023.stdout:/usr/bin/ceph: stderr
2024-03-16T20:26:29.642+0000 7f2bb861c700 1 -- 172.21.15.23:0/1772671648 >> [v2:172.21.15.23:3300/0,v1:172.21.15.23:6789/0] conn(0x7f2bb0108670 msgr2=0x7f2bb0107ef0 secure :-1 s=STATE_CONNECTION_ESTABLISHED l=1).mark_down
2024-03-16T20:26:30.226 INFO:teuthology.orchestra.run.smithi023.stdout:/usr/bin/ceph: stderr
2024-03-16T20:26:29.642+0000 7f2bb861c700 1 --2- 172.21.15.23:0/1772671648 >> [v2:172.21.15.23:3300/0,v1:172.21.15.23:6789/0] conn(0x7f2bb0108670 0x7f2bb0107ef0 secure :-1 s=READY pgs=44 cs=0 l=1 rev1=1 crypto rx=0x7f2bac011a70 tx=0x7f2bac011b50 comp rx=0 tx=0).stop
2024-03-16T20:26:30.226 INFO:teuthology.orchestra.run.smithi023.stdout:/usr/bin/ceph: stderr
2024-03-16T20:26:29.642+0000 7f2bb861c700 1 -- 172.21.15.23:0/1772671648 shutdown_connections
2024-03-16T20:26:30.226 INFO:teuthology.orchestra.run.smithi023.stdout:/usr/bin/ceph: stderr
2024-03-16T20:26:29.642+0000 7f2bb861c700 1 --2- 172.21.15.23:0/1772671648 >> [v2:172.21.15.23:6800/2899821830,v1:172.21.15.23:6801/2899821830] conn(0x7f2b9c038d00 0x7f2b9c03b1c0 unknown :-1 s=CLOSED pgs=10 cs=0 l=1 rev1=1 crypto rx=0 tx=0 comp rx=0 tx=0).stop
2024-03-16T20:26:30.226 INFO:teuthology.orchestra.run.smithi023.stdout:/usr/bin/ceph: stderr
2024-03-16T20:26:29.642+0000 7f2bb861c700 1 --2- 172.21.15.23:0/1772671648 >> [v2:172.21.15.23:3300/0,v1:172.21.15.23:6789/0] conn(0x7f2bb0108670 0x7f2bb0107ef0 unknown :-1 s=CLOSED pgs=44 cs=0 l=1 rev1=1 crypto rx=0 tx=0 comp rx=0 tx=0).stop
2024-03-16T20:26:30.226 INFO:teuthology.orchestra.run.smithi023.stdout:/usr/bin/ceph: stderr
2024-03-16T20:26:29.642+0000 7f2bb861c700 1 -- 172.21.15.23:0/1772671648 >> 172.21.15.23:0/1772671648 conn(0x7f2bb0101fe0 msgr2=0x7f2bb0102c70 unknown :-1 s=STATE_NONE l=0).mark_down
2024-03-16T20:26:30.226 INFO:teuthology.orchestra.run.smithi023.stdout:/usr/bin/ceph: stderr
2024-03-16T20:26:29.642+0000 7f2bb861c700 1 -- 172.21.15.23:0/1772671648 shutdown_connections
2024-03-16T20:26:30.226 INFO:teuthology.orchestra.run.smithi023.stdout:/usr/bin/ceph: stderr
2024-03-16T20:26:29.642+0000 7f2bb861c700 1 -- 172.21.15.23:0/1772671648 wait complete.
2024-03-16T20:26:30.227 INFO:teuthology.orchestra.run.smithi023.stdout:Wrote public SSH key to /home/ubuntu/cephtest/ceph.pub
2024-03-16T20:26:30.227 INFO:teuthology.orchestra.run.smithi023.stdout:Adding key to root@localhost authorized_keys...
2024-03-16T20:26:30.227 INFO:teuthology.orchestra.run.smithi023.stdout:Adding host smithi023...
2024-03-16T20:26:30.591 INFO:journalctl@ceph.mon.a.smithi023.stdout:Mar 16 20:26:30 smithi023 ceph-mon[31879]: from='client.14138 -' entity='client.admin' cmd=[{"prefix": "cephadm get-pub-key", "target": ["mon-mgr", ""]}]: dispatch
2024-03-16T20:26:31.444 INFO:journalctl@ceph.mon.a.smithi023.stdout:Mar 16 20:26:31 smithi023 ceph-mon[31879]: from='client.14140 -' entity='client.admin' cmd=[{"prefix": "orch host add", "hostname": "smithi023", "addr": "172.21.15.23", "target": ["mon-mgr", ""]}]: dispatch
2024-03-16T20:26:32.838 INFO:journalctl@ceph.mon.a.smithi023.stdout:Mar 16 20:26:32 smithi023 ceph-mon[31879]: Deploying cephadm binary to smithi023
2024-03-16T20:26:35.813 INFO:teuthology.orchestra.run.smithi023.stdout:/usr/bin/ceph: stdout Added host 'smithi023' with addr '172.21.15.23'
2024-03-16T20:26:35.813 INFO:teuthology.orchestra.run.smithi023.stdout:/usr/bin/ceph: stderr
2024-03-16T20:26:30.626+0000 7f022f981700 1 Processor -- start
2024-03-16T20:26:35.813 INFO:teuthology.orchestra.run.smithi023.stdout:/usr/bin/ceph: stderr
2024-03-16T20:26:30.626+0000 7f022f981700 1 -- start start
2024-03-16T20:26:35.813 INFO:teuthology.orchestra.run.smithi023.stdout:/usr/bin/ceph: stderr
2024-03-16T20:26:30.626+0000 7f022f981700 1 --2- >> [v2:172.21.15.23:3300/0,v1:172.21.15.23:6789/0] conn(0x7f02281085a0 0x7f022810a990 unknown :-1 s=NONE pgs=0 cs=0 l=0 rev1=0 crypto rx=0 tx=0 comp rx=0 tx=0).connect
2024-03-16T20:26:35.813 INFO:teuthology.orchestra.run.smithi023.stdout:/usr/bin/ceph: stderr
2024-03-16T20:26:30.626+0000 7f022f981700 1 -- --> [v2:172.21.15.23:3300/0,v1:172.21.15.23:6789/0] -- mon_getmap magic: 0 v1 -- 0x7f022807bdf0 con 0x7f02281085a0
2024-03-16T20:26:35.813 INFO:teuthology.orchestra.run.smithi023.stdout:/usr/bin/ceph: stderr
2024-03-16T20:26:30.626+0000 7f022d71d700 1 --2- >> [v2:172.21.15.23:3300/0,v1:172.21.15.23:6789/0] conn(0x7f02281085a0 0x7f022810a990 unknown :-1 s=BANNER_CONNECTING pgs=0 cs=0 l=0 rev1=0 crypto rx=0 tx=0 comp rx=0 tx=0)._handle_peer_banner_payload supported=3 required=0
2024-03-16T20:26:35.813 INFO:teuthology.orchestra.run.smithi023.stdout:/usr/bin/ceph: stderr
2024-03-16T20:26:30.626+0000 7f022d71d700 1 --2- >> [v2:172.21.15.23:3300/0,v1:172.21.15.23:6789/0] conn(0x7f02281085a0 0x7f022810a990 unknown :-1 s=HELLO_CONNECTING pgs=0 cs=0 l=0 rev1=1 crypto rx=0 tx=0 comp rx=0 tx=0).handle_hello peer v2:172.21.15.23:3300/0 says I am v2:172.21.15.23:36200/0 (socket says 172.21.15.23:36200)
2024-03-16T20:26:35.813 INFO:teuthology.orchestra.run.smithi023.stdout:/usr/bin/ceph: stderr
2024-03-16T20:26:30.626+0000 7f022d71d700 1 -- 172.21.15.23:0/131764848 learned_addr learned my addr 172.21.15.23:0/131764848 (peer_addr_for_me v2:172.21.15.23:0/0)
2024-03-16T20:26:35.813 INFO:teuthology.orchestra.run.smithi023.stdout:/usr/bin/ceph: stderr
2024-03-16T20:26:30.626+0000 7f022d71d700 1 -- 172.21.15.23:0/131764848 --> [v2:172.21.15.23:3300/0,v1:172.21.15.23:6789/0] -- mon_subscribe({config=0+,monmap=0+}) v3 -- 0x7f022810aed0 con 0x7f02281085a0
2024-03-16T20:26:35.813 INFO:teuthology.orchestra.run.smithi023.stdout:/usr/bin/ceph: stderr
2024-03-16T20:26:30.627+0000 7f022d71d700 1 --2- 172.21.15.23:0/131764848 >> [v2:172.21.15.23:3300/0,v1:172.21.15.23:6789/0] conn(0x7f02281085a0 0x7f022810a990 secure :-1 s=READY pgs=45 cs=0 l=1 rev1=1 crypto rx=0x7f021c0098a0 tx=0x7f021c009bb0 comp rx=0 tx=0).ready entity=mon.0 client_cookie=812ed6c94f754127 server_cookie=0 in_seq=0 out_seq=0
2024-03-16T20:26:35.813 INFO:teuthology.orchestra.run.smithi023.stdout:/usr/bin/ceph: stderr
2024-03-16T20:26:30.627+0000 7f021bfff700 1 -- 172.21.15.23:0/131764848 <== mon.0 v2:172.21.15.23:3300/0 1 ==== mon_map magic: 0 v1 ==== 205+0+0 (secure 0 0 0) 0x7f021c004160 con 0x7f02281085a0
2024-03-16T20:26:35.814 INFO:teuthology.orchestra.run.smithi023.stdout:/usr/bin/ceph: stderr
2024-03-16T20:26:30.627+0000 7f021bfff700 1 -- 172.21.15.23:0/131764848 <== mon.0 v2:172.21.15.23:3300/0 2 ==== config(27 keys) v1 ==== 1109+0+0 (secure 0 0 0) 0x7f021c0042c0 con 0x7f02281085a0
2024-03-16T20:26:35.814 INFO:teuthology.orchestra.run.smithi023.stdout:/usr/bin/ceph: stderr
2024-03-16T20:26:30.627+0000 7f021bfff700 1 -- 172.21.15.23:0/131764848 <== mon.0 v2:172.21.15.23:3300/0 3 ==== mon_map magic: 0 v1 ==== 205+0+0 (secure 0 0 0) 0x7f021c011ac0 con 0x7f02281085a0
2024-03-16T20:26:35.814 INFO:teuthology.orchestra.run.smithi023.stdout:/usr/bin/ceph: stderr
2024-03-16T20:26:30.627+0000 7f022f981700 1 -- 172.21.15.23:0/131764848 >> [v2:172.21.15.23:3300/0,v1:172.21.15.23:6789/0] conn(0x7f02281085a0 msgr2=0x7f022810a990 secure :-1 s=STATE_CONNECTION_ESTABLISHED l=1).mark_down
2024-03-16T20:26:35.814 INFO:teuthology.orchestra.run.smithi023.stdout:/usr/bin/ceph: stderr
2024-03-16T20:26:30.627+0000 7f022f981700 1 --2- 172.21.15.23:0/131764848 >> [v2:172.21.15.23:3300/0,v1:172.21.15.23:6789/0] conn(0x7f02281085a0 0x7f022810a990 secure :-1 s=READY pgs=45 cs=0 l=1 rev1=1 crypto rx=0x7f021c0098a0 tx=0x7f021c009bb0 comp rx=0 tx=0).stop
2024-03-16T20:26:35.814 INFO:teuthology.orchestra.run.smithi023.stdout:/usr/bin/ceph: stderr
2024-03-16T20:26:30.627+0000 7f022f981700 1 -- 172.21.15.23:0/131764848 shutdown_connections
2024-03-16T20:26:35.814 INFO:teuthology.orchestra.run.smithi023.stdout:/usr/bin/ceph: stderr
2024-03-16T20:26:30.627+0000 7f022f981700 1 --2- 172.21.15.23:0/131764848 >> [v2:172.21.15.23:3300/0,v1:172.21.15.23:6789/0] conn(0x7f02281085a0 0x7f022810a990 unknown :-1 s=CLOSED pgs=45 cs=0 l=1 rev1=1 crypto rx=0 tx=0 comp rx=0 tx=0).stop
2024-03-16T20:26:35.814 INFO:teuthology.orchestra.run.smithi023.stdout:/usr/bin/ceph: stderr
2024-03-16T20:26:30.627+0000 7f022f981700 1 -- 172.21.15.23:0/131764848 >> 172.21.15.23:0/131764848 conn(0x7f0228101fd0 msgr2=0x7f02281043f0 unknown :-1 s=STATE_NONE l=0).mark_down
2024-03-16T20:26:35.814 INFO:teuthology.orchestra.run.smithi023.stdout:/usr/bin/ceph: stderr
