2024-03-16T20:26:44.759 INFO:teuthology.orchestra.run.smithi023.stdout:/usr/bin/ceph: stderr
2024-03-16T20:26:43.892+0000 7f9e7b940700 1 -- 172.21.15.23:0/4115847538 wait complete.
2024-03-16T20:26:44.759 INFO:teuthology.orchestra.run.smithi023.stdout:/usr/bin/ceph: stderr
2024-03-16T20:26:43.892+0000 7f9e7b940700 1 Processor -- start
2024-03-16T20:26:44.759 INFO:teuthology.orchestra.run.smithi023.stdout:/usr/bin/ceph: stderr
2024-03-16T20:26:43.892+0000 7f9e7b940700 1 -- start start
2024-03-16T20:26:44.759 INFO:teuthology.orchestra.run.smithi023.stdout:/usr/bin/ceph: stderr
2024-03-16T20:26:43.892+0000 7f9e7b940700 1 --2- >> [v2:172.21.15.23:3300/0,v1:172.21.15.23:6789/0] conn(0x7f9e74106a30 0x7f9e74199790 unknown :-1 s=NONE pgs=0 cs=0 l=1 rev1=0 crypto rx=0 tx=0 comp rx=0 tx=0).connect
2024-03-16T20:26:44.759 INFO:teuthology.orchestra.run.smithi023.stdout:/usr/bin/ceph: stderr
2024-03-16T20:26:43.892+0000 7f9e7b940700 1 -- --> [v2:172.21.15.23:3300/0,v1:172.21.15.23:6789/0] -- mon_getmap magic: 0 v1 -- 0x7f9e74199cd0 con 0x7f9e74106a30
2024-03-16T20:26:44.759 INFO:teuthology.orchestra.run.smithi023.stdout:/usr/bin/ceph: stderr
2024-03-16T20:26:43.892+0000 7f9e796dc700 1 --2- >> [v2:172.21.15.23:3300/0,v1:172.21.15.23:6789/0] conn(0x7f9e74106a30 0x7f9e74199790 unknown :-1 s=BANNER_CONNECTING pgs=0 cs=0 l=1 rev1=0 crypto rx=0 tx=0 comp rx=0 tx=0)._handle_peer_banner_payload supported=3 required=0
2024-03-16T20:26:44.759 INFO:teuthology.orchestra.run.smithi023.stdout:/usr/bin/ceph: stderr
2024-03-16T20:26:43.893+0000 7f9e796dc700 1 --2- >> [v2:172.21.15.23:3300/0,v1:172.21.15.23:6789/0] conn(0x7f9e74106a30 0x7f9e74199790 unknown :-1 s=HELLO_CONNECTING pgs=0 cs=0 l=1 rev1=1 crypto rx=0 tx=0 comp rx=0 tx=0).handle_hello peer v2:172.21.15.23:3300/0 says I am v2:172.21.15.23:34012/0 (socket says 172.21.15.23:34012)
2024-03-16T20:26:44.760 INFO:teuthology.orchestra.run.smithi023.stdout:/usr/bin/ceph: stderr
2024-03-16T20:26:43.893+0000 7f9e796dc700 1 -- 172.21.15.23:0/3651940941 learned_addr learned my addr 172.21.15.23:0/3651940941 (peer_addr_for_me v2:172.21.15.23:0/0)
2024-03-16T20:26:44.760 INFO:teuthology.orchestra.run.smithi023.stdout:/usr/bin/ceph: stderr
2024-03-16T20:26:43.893+0000 7f9e796dc700 1 -- 172.21.15.23:0/3651940941 --> [v2:172.21.15.23:3300/0,v1:172.21.15.23:6789/0] -- mon_subscribe({config=0+,monmap=0+}) v3 -- 0x7f9e6800b7f0 con 0x7f9e74106a30
2024-03-16T20:26:44.760 INFO:teuthology.orchestra.run.smithi023.stdout:/usr/bin/ceph: stderr
2024-03-16T20:26:43.893+0000 7f9e796dc700 1 --2- 172.21.15.23:0/3651940941 >> [v2:172.21.15.23:3300/0,v1:172.21.15.23:6789/0] conn(0x7f9e74106a30 0x7f9e74199790 secure :-1 s=READY pgs=60 cs=0 l=1 rev1=1 crypto rx=0x7f9e6800bfd0 tx=0x7f9e680047c0 comp rx=0 tx=0).ready entity=mon.0 client_cookie=0 server_cookie=0 in_seq=0 out_seq=0
2024-03-16T20:26:44.760 INFO:teuthology.orchestra.run.smithi023.stdout:/usr/bin/ceph: stderr
2024-03-16T20:26:43.893+0000 7f9e667fc700 1 -- 172.21.15.23:0/3651940941 <== mon.0 v2:172.21.15.23:3300/0 1 ==== mon_map magic: 0 v1 ==== 205+0+0 (secure 0 0 0) 0x7f9e6801e070 con 0x7f9e74106a30
2024-03-16T20:26:44.760 INFO:teuthology.orchestra.run.smithi023.stdout:/usr/bin/ceph: stderr
2024-03-16T20:26:43.893+0000 7f9e667fc700 1 -- 172.21.15.23:0/3651940941 <== mon.0 v2:172.21.15.23:3300/0 2 ==== config(27 keys) v1 ==== 1140+0+0 (secure 0 0 0) 0x7f9e68004260 con 0x7f9e74106a30
2024-03-16T20:26:44.760 INFO:teuthology.orchestra.run.smithi023.stdout:/usr/bin/ceph: stderr
2024-03-16T20:26:43.893+0000 7f9e7b940700 1 -- 172.21.15.23:0/3651940941 --> [v2:172.21.15.23:3300/0,v1:172.21.15.23:6789/0] -- mon_subscribe({mgrmap=0+}) v3 -- 0x7f9e74199ed0 con 0x7f9e74106a30
2024-03-16T20:26:44.760 INFO:teuthology.orchestra.run.smithi023.stdout:/usr/bin/ceph: stderr
2024-03-16T20:26:43.893+0000 7f9e667fc700 1 -- 172.21.15.23:0/3651940941 <== mon.0 v2:172.21.15.23:3300/0 3 ==== mon_map magic: 0 v1 ==== 205+0+0 (secure 0 0 0) 0x7f9e68022a20 con 0x7f9e74106a30
2024-03-16T20:26:44.760 INFO:teuthology.orchestra.run.smithi023.stdout:/usr/bin/ceph: stderr
2024-03-16T20:26:43.893+0000 7f9e7b940700 1 -- 172.21.15.23:0/3651940941 --> [v2:172.21.15.23:3300/0,v1:172.21.15.23:6789/0] -- mon_subscribe({osdmap=0}) v3 -- 0x7f9e7419a370 con 0x7f9e74106a30
2024-03-16T20:26:44.760 INFO:teuthology.orchestra.run.smithi023.stdout:/usr/bin/ceph: stderr
2024-03-16T20:26:43.894+0000 7f9e667fc700 1 -- 172.21.15.23:0/3651940941 <== mon.0 v2:172.21.15.23:3300/0 4 ==== mgrmap(e 9) v1 ==== 45782+0+0 (secure 0 0 0) 0x7f9e68010730 con 0x7f9e74106a30
2024-03-16T20:26:44.761 INFO:teuthology.orchestra.run.smithi023.stdout:/usr/bin/ceph: stderr
2024-03-16T20:26:43.894+0000 7f9e7b940700 1 -- 172.21.15.23:0/3651940941 --> [v2:172.21.15.23:3300/0,v1:172.21.15.23:6789/0] -- mon_command({"prefix": "get_command_descriptions"} v 0) v1 -- 0x7f9e741932c0 con 0x7f9e74106a30
2024-03-16T20:26:44.761 INFO:teuthology.orchestra.run.smithi023.stdout:/usr/bin/ceph: stderr
2024-03-16T20:26:43.894+0000 7f9e667fc700 1 --2- 172.21.15.23:0/3651940941 >> [v2:172.21.15.23:6800/2899821830,v1:172.21.15.23:6801/2899821830] conn(0x7f9e60038d10 0x7f9e6003b1d0 unknown :-1 s=NONE pgs=0 cs=0 l=1 rev1=0 crypto rx=0 tx=0 comp rx=0 tx=0).connect
2024-03-16T20:26:44.761 INFO:teuthology.orchestra.run.smithi023.stdout:/usr/bin/ceph: stderr
2024-03-16T20:26:43.894+0000 7f9e667fc700 1 -- 172.21.15.23:0/3651940941 <== mon.0 v2:172.21.15.23:3300/0 5 ==== osd_map(2..2 src has 1..2) v4 ==== 940+0+0 (secure 0 0 0) 0x7f9e6804f500 con 0x7f9e74106a30
2024-03-16T20:26:44.761 INFO:teuthology.orchestra.run.smithi023.stdout:/usr/bin/ceph: stderr
2024-03-16T20:26:43.894+0000 7f9e78edb700 1 -- 172.21.15.23:0/3651940941 >> [v2:172.21.15.23:6800/2899821830,v1:172.21.15.23:6801/2899821830] conn(0x7f9e60038d10 msgr2=0x7f9e6003b1d0 unknown :-1 s=STATE_CONNECTING_RE l=1).process reconnect failed to v2:172.21.15.23:6800/2899821830
2024-03-16T20:26:44.761 INFO:teuthology.orchestra.run.smithi023.stdout:/usr/bin/ceph: stderr
2024-03-16T20:26:43.894+0000 7f9e78edb700 1 --2- 172.21.15.23:0/3651940941 >> [v2:172.21.15.23:6800/2899821830,v1:172.21.15.23:6801/2899821830] conn(0x7f9e60038d10 0x7f9e6003b1d0 unknown :-1 s=START_CONNECT pgs=0 cs=0 l=1 rev1=0 crypto rx=0 tx=0 comp rx=0 tx=0)._fault waiting 0.200000
2024-03-16T20:26:44.761 INFO:teuthology.orchestra.run.smithi023.stdout:/usr/bin/ceph: stderr
2024-03-16T20:26:43.899+0000 7f9e667fc700 1 -- 172.21.15.23:0/3651940941 <== mon.0 v2:172.21.15.23:3300/0 6 ==== mon_command_ack([{"prefix": "get_command_descriptions"}]=0 v0) v1 ==== 72+0+184932 (secure 0 0 0) 0x7f9e68021590 con 0x7f9e74106a30
2024-03-16T20:26:44.761 INFO:teuthology.orchestra.run.smithi023.stdout:/usr/bin/ceph: stderr
2024-03-16T20:26:44.095+0000 7f9e78edb700 1 -- 172.21.15.23:0/3651940941 >> [v2:172.21.15.23:6800/2899821830,v1:172.21.15.23:6801/2899821830] conn(0x7f9e60038d10 msgr2=0x7f9e6003b1d0 unknown :-1 s=STATE_CONNECTING_RE l=1).process reconnect failed to v2:172.21.15.23:6800/2899821830
2024-03-16T20:26:44.761 INFO:teuthology.orchestra.run.smithi023.stdout:/usr/bin/ceph: stderr
2024-03-16T20:26:44.095+0000 7f9e78edb700 1 --2- 172.21.15.23:0/3651940941 >> [v2:172.21.15.23:6800/2899821830,v1:172.21.15.23:6801/2899821830] conn(0x7f9e60038d10 0x7f9e6003b1d0 unknown :-1 s=START_CONNECT pgs=0 cs=0 l=1 rev1=0 crypto rx=0 tx=0 comp rx=0 tx=0)._fault waiting 0.400000
2024-03-16T20:26:44.761 INFO:teuthology.orchestra.run.smithi023.stdout:/usr/bin/ceph: stderr
2024-03-16T20:26:44.160+0000 7f9e7b940700 1 -- 172.21.15.23:0/3651940941 --> [v2:172.21.15.23:3300/0,v1:172.21.15.23:6789/0] -- mon_command({"prefix": "mgr stat"} v 0) v1 -- 0x7f9e7402dab0 con 0x7f9e74106a30
2024-03-16T20:26:44.762 INFO:teuthology.orchestra.run.smithi023.stdout:/usr/bin/ceph: stderr
2024-03-16T20:26:44.160+0000 7f9e667fc700 1 -- 172.21.15.23:0/3651940941 <== mon.0 v2:172.21.15.23:3300/0 7 ==== mon_command_ack([{"prefix": "mgr stat"}]=0 v9) v1 ==== 56+0+88 (secure 0 0 0) 0x7f9e68027030 con 0x7f9e74106a30
2024-03-16T20:26:44.762 INFO:teuthology.orchestra.run.smithi023.stdout:/usr/bin/ceph: stderr
2024-03-16T20:26:44.162+0000 7f9e7b940700 1 -- 172.21.15.23:0/3651940941 >> [v2:172.21.15.23:6800/2899821830,v1:172.21.15.23:6801/2899821830] conn(0x7f9e60038d10 msgr2=0x7f9e6003b1d0 unknown :-1 s=STATE_CONNECTING l=1).mark_down
2024-03-16T20:26:44.762 INFO:teuthology.orchestra.run.smithi023.stdout:/usr/bin/ceph: stderr
2024-03-16T20:26:44.162+0000 7f9e7b940700 1 --2- 172.21.15.23:0/3651940941 >> [v2:172.21.15.23:6800/2899821830,v1:172.21.15.23:6801/2899821830] conn(0x7f9e60038d10 0x7f9e6003b1d0 unknown :-1 s=START_CONNECT pgs=0 cs=0 l=1 rev1=0 crypto rx=0 tx=0 comp rx=0 tx=0).stop
2024-03-16T20:26:44.762 INFO:teuthology.orchestra.run.smithi023.stdout:/usr/bin/ceph: stderr
2024-03-16T20:26:44.162+0000 7f9e7b940700 1 -- 172.21.15.23:0/3651940941 >> [v2:172.21.15.23:3300/0,v1:172.21.15.23:6789/0] conn(0x7f9e74106a30 msgr2=0x7f9e74199790 secure :-1 s=STATE_CONNECTION_ESTABLISHED l=1).mark_down
2024-03-16T20:26:44.762 INFO:teuthology.orchestra.run.smithi023.stdout:/usr/bin/ceph: stderr
2024-03-16T20:26:44.163+0000 7f9e7b940700 1 --2- 172.21.15.23:0/3651940941 >> [v2:172.21.15.23:3300/0,v1:172.21.15.23:6789/0] conn(0x7f9e74106a30 0x7f9e74199790 secure :-1 s=READY pgs=60 cs=0 l=1 rev1=1 crypto rx=0x7f9e6800bfd0 tx=0x7f9e680047c0 comp rx=0 tx=0).stop
2024-03-16T20:26:44.762 INFO:teuthology.orchestra.run.smithi023.stdout:/usr/bin/ceph: stderr
2024-03-16T20:26:44.163+0000 7f9e7b940700 1 -- 172.21.15.23:0/3651940941 shutdown_connections
2024-03-16T20:26:44.762 INFO:teuthology.orchestra.run.smithi023.stdout:/usr/bin/ceph: stderr
2024-03-16T20:26:44.163+0000 7f9e7b940700 1 --2- 172.21.15.23:0/3651940941 >> [v2:172.21.15.23:6800/2899821830,v1:172.21.15.23:6801/2899821830] conn(0x7f9e60038d10 0x7f9e6003b1d0 unknown :-1 s=CLOSED pgs=0 cs=0 l=1 rev1=0 crypto rx=0 tx=0 comp rx=0 tx=0).stop
2024-03-16T20:26:44.762 INFO:teuthology.orchestra.run.smithi023.stdout:/usr/bin/ceph: stderr
2024-03-16T20:26:44.163+0000 7f9e7b940700 1 --2- 172.21.15.23:0/3651940941 >> [v2:172.21.15.23:3300/0,v1:172.21.15.23:6789/0] conn(0x7f9e74106a30 0x7f9e74199790 unknown :-1 s=CLOSED pgs=60 cs=0 l=1 rev1=1 crypto rx=0 tx=0 comp rx=0 tx=0).stop
2024-03-16T20:26:44.762 INFO:teuthology.orchestra.run.smithi023.stdout:/usr/bin/ceph: stderr
2024-03-16T20:26:44.163+0000 7f9e7b940700 1 -- 172.21.15.23:0/3651940941 >> 172.21.15.23:0/3651940941 conn(0x7f9e74102010 msgr2=0x7f9e74190400 unknown :-1 s=STATE_NONE l=0).mark_down
2024-03-16T20:26:44.762 INFO:teuthology.orchestra.run.smithi023.stdout:/usr/bin/ceph: stderr
2024-03-16T20:26:44.163+0000 7f9e7b940700 1 -- 172.21.15.23:0/3651940941 shutdown_connections
2024-03-16T20:26:44.763 INFO:teuthology.orchestra.run.smithi023.stdout:/usr/bin/ceph: stderr
2024-03-16T20:26:44.163+0000 7f9e7b940700 1 -- 172.21.15.23:0/3651940941 wait complete.
2024-03-16T20:26:44.763 INFO:teuthology.orchestra.run.smithi023.stdout:Waiting for the mgr to restart...
2024-03-16T20:26:44.763 INFO:teuthology.orchestra.run.smithi023.stdout:Waiting for mgr epoch 9...
2024-03-16T20:26:45.022 INFO:journalctl@ceph.mon.a.smithi023.stdout:Mar 16 20:26:44 smithi023 ceph-mon[31879]: from='client.? 172.21.15.23:0/3651940941' entity='client.admin' cmd=[{"prefix": "mgr stat"}]: dispatch
2024-03-16T20:26:45.023 INFO:journalctl@ceph.mgr.x.smithi023.stdout:Mar 16 20:26:44 smithi023 ceph-3d249ea8-e3d3-11ee-95c9-87774f69a715-mgr-x[32122]:
2024-03-16T20:26:44.903+0000 7f3d9fe98200 -1 mgr[py] Module rgw has missing NOTIFY_TYPES member
2024-03-16T20:26:45.023 INFO:journalctl@ceph.mgr.x.smithi023.stdout:Mar 16 20:26:45 smithi023 ceph-3d249ea8-e3d3-11ee-95c9-87774f69a715-mgr-x[32122]:
2024-03-16T20:26:45.019+0000 7f3d9fe98200 -1 mgr[py] Module rbd_support has missing NOTIFY_TYPES member
2024-03-16T20:26:45.338 INFO:journalctl@ceph.mgr.x.smithi023.stdout:Mar 16 20:26:45 smithi023 ceph-3d249ea8-e3d3-11ee-95c9-87774f69a715-mgr-x[32122]:
2024-03-16T20:26:45.109+0000 7f3d9fe98200 -1 mgr[py] Module progress has missing NOTIFY_TYPES member
2024-03-16T20:26:45.338 INFO:journalctl@ceph.mgr.x.smithi023.stdout:Mar 16 20:26:45 smithi023 ceph-3d249ea8-e3d3-11ee-95c9-87774f69a715-mgr-x[32122]:
2024-03-16T20:26:45.208+0000 7f3d9fe98200 -1 mgr[py] Module pg_autoscaler has missing NOTIFY_TYPES member
2024-03-16T20:26:45.772 INFO:journalctl@ceph.mgr.x.smithi023.stdout:Mar 16 20:26:45 smithi023 ceph-3d249ea8-e3d3-11ee-95c9-87774f69a715-mgr-x[32122]:
2024-03-16T20:26:45.386+0000 7f3d9fe98200 -1 mgr[py] Module devicehealth has missing NOTIFY_TYPES member
2024-03-16T20:26:46.838 INFO:journalctl@ceph.mgr.x.smithi023.stdout:Mar 16 20:26:46 smithi023 ceph-3d249ea8-e3d3-11ee-95c9-87774f69a715-mgr-x[32122]:
2024-03-16T20:26:46.369+0000 7f3d9fe98200 -1 mgr[py] Module rook has missing NOTIFY_TYPES member
2024-03-16T20:26:46.838 INFO:journalctl@ceph.mgr.x.smithi023.stdout:Mar 16 20:26:46 smithi023 ceph-3d249ea8-e3d3-11ee-95c9-87774f69a715-mgr-x[32122]:
2024-03-16T20:26:46.502+0000 7f3d9fe98200 -1 mgr[py] Module diskprediction_local has missing NOTIFY_TYPES member
2024-03-16T20:26:47.135 INFO:journalctl@ceph.mgr.x.smithi023.stdout:Mar 16 20:26:46 smithi023 ceph-3d249ea8-e3d3-11ee-95c9-87774f69a715-mgr-x[32122]:
2024-03-16T20:26:46.840+0000 7f3d9fe98200 -1 mgr[py] Module selftest has missing NOTIFY_TYPES member
2024-03-16T20:26:47.135 INFO:journalctl@ceph.mgr.x.smithi023.stdout:Mar 16 20:26:46 smithi023 ceph-3d249ea8-e3d3-11ee-95c9-87774f69a715-mgr-x[32122]:
2024-03-16T20:26:46.932+0000 7f3d9fe98200 -1 mgr[py] Module telegraf has missing NOTIFY_TYPES member
2024-03-16T20:26:47.135 INFO:journalctl@ceph.mgr.x.smithi023.stdout:Mar 16 20:26:47 smithi023 ceph-3d249ea8-e3d3-11ee-95c9-87774f69a715-mgr-x[32122]:
2024-03-16T20:26:47.132+0000 7f3d9fe98200 -1 mgr[py] Module test_orchestrator has missing NOTIFY_TYPES member
2024-03-16T20:26:47.588 INFO:journalctl@ceph.mgr.x.smithi023.stdout:Mar 16 20:26:47 smithi023 ceph-3d249ea8-e3d3-11ee-95c9-87774f69a715-mgr-x[32122]:
2024-03-16T20:26:47.322+0000 7f3d9fe98200 -1 mgr[py] Module crash has missing NOTIFY_TYPES member
2024-03-16T20:26:47.877 INFO:journalctl@ceph.mgr.x.smithi023.stdout:Mar 16 20:26:47 smithi023 ceph-3d249ea8-e3d3-11ee-95c9-87774f69a715-mgr-x[32122]:
2024-03-16T20:26:47.613+0000 7f3d9fe98200 -1 mgr[py] Module orchestrator has missing NOTIFY_TYPES member
2024-03-16T20:26:47.877 INFO:journalctl@ceph.mgr.x.smithi023.stdout:Mar 16 20:26:47 smithi023 ceph-3d249ea8-e3d3-11ee-95c9-87774f69a715-mgr-x[32122]:
2024-03-16T20:26:47.874+0000 7f3d9fe98200 -1 mgr[py] Module osd_support has missing NOTIFY_TYPES member
2024-03-16T20:26:48.175 INFO:journalctl@ceph.mgr.x.smithi023.stdout:Mar 16 20:26:48 smithi023 ceph-3d249ea8-e3d3-11ee-95c9-87774f69a715-mgr-x[32122]:
2024-03-16T20:26:48.117+0000 7f3d9fe98200 -1 mgr[py] Module volumes has missing NOTIFY_TYPES member
2024-03-16T20:26:49.338 INFO:journalctl@ceph.mgr.x.smithi023.stdout:Mar 16 20:26:48 smithi023 ceph-3d249ea8-e3d3-11ee-95c9-87774f69a715-mgr-x[32122]:
2024-03-16T20:26:48.940+0000 7f3d9fe98200 -1 mgr[py] Module telemetry has missing NOTIFY_TYPES member
2024-03-16T20:26:49.838 INFO:journalctl@ceph.mgr.x.smithi023.stdout:Mar 16 20:26:49 smithi023 ceph-3d249ea8-e3d3-11ee-95c9-87774f69a715-mgr-x[32122]:
2024-03-16T20:26:49.520+0000 7f3d9fe98200 -1 mgr[py] Module prometheus has missing NOTIFY_TYPES member
2024-03-16T20:26:49.838 INFO:journalctl@ceph.mgr.x.smithi023.stdout:Mar 16 20:26:49 smithi023 ceph-3d249ea8-e3d3-11ee-95c9-87774f69a715-mgr-x[32122]:
2024-03-16T20:26:49.621+0000 7f3d9fe98200 -1 mgr[py] Module status has missing NOTIFY_TYPES member
2024-03-16T20:26:50.338 INFO:journalctl@ceph.mgr.x.smithi023.stdout:Mar 16 20:26:49 smithi023 ceph-3d249ea8-e3d3-11ee-95c9-87774f69a715-mgr-x[32122]:
2024-03-16T20:26:49.842+0000 7f3d9fe98200 -1 mgr[py] Module nfs has missing NOTIFY_TYPES member
2024-03-16T20:26:50.338 INFO:journalctl@ceph.mon.a.smithi023.stdout:Mar 16 20:26:49 smithi023 ceph-mon[31879]: Active manager daemon x restarted
2024-03-16T20:26:50.338 INFO:journalctl@ceph.mon.a.smithi023.stdout:Mar 16 20:26:49 smithi023 ceph-mon[31879]: Activating manager daemon x
2024-03-16T20:26:50.338 INFO:journalctl@ceph.mon.a.smithi023.stdout:Mar 16 20:26:49 smithi023 ceph-mon[31879]: osdmap e3: 0 total, 0 up, 0 in
2024-03-16T20:26:50.339 INFO:journalctl@ceph.mon.a.smithi023.stdout:Mar 16 20:26:49 smithi023 ceph-mon[31879]: mgrmap e10: x(active, starting, since 0.00557427s)
2024-03-16T20:26:50.339 INFO:journalctl@ceph.mon.a.smithi023.stdout:Mar 16 20:26:49 smithi023 ceph-mon[31879]: from='mgr.14152 172.21.15.23:0/627797300' entity='mgr.x' cmd=[{"prefix": "mon metadata", "id": "a"}]: dispatch
2024-03-16T20:26:50.339 INFO:journalctl@ceph.mon.a.smithi023.stdout:Mar 16 20:26:49 smithi023 ceph-mon[31879]: from='mgr.14152 172.21.15.23:0/627797300' entity='mgr.x' cmd=[{"prefix": "mgr metadata", "who": "x", "id": "x"}]: dispatch
2024-03-16T20:26:50.339 INFO:journalctl@ceph.mon.a.smithi023.stdout:Mar 16 20:26:49 smithi023 ceph-mon[31879]: from='mgr.14152 172.21.15.23:0/627797300' entity='mgr.x' cmd=[{"prefix": "mds metadata"}]: dispatch
2024-03-16T20:26:50.339 INFO:journalctl@ceph.mon.a.smithi023.stdout:Mar 16 20:26:49 smithi023 ceph-mon[31879]: from='mgr.14152 172.21.15.23:0/627797300' entity='mgr.x' cmd=[{"prefix": "osd metadata"}]: dispatch
2024-03-16T20:26:50.339 INFO:journalctl@ceph.mon.a.smithi023.stdout:Mar 16 20:26:49 smithi023 ceph-mon[31879]: from='mgr.14152 172.21.15.23:0/627797300' entity='mgr.x' cmd=[{"prefix": "mon metadata"}]: dispatch
2024-03-16T20:26:50.339 INFO:journalctl@ceph.mon.a.smithi023.stdout:Mar 16 20:26:49 smithi023 ceph-mon[31879]: Manager daemon x is now available
2024-03-16T20:26:50.339 INFO:journalctl@ceph.mon.a.smithi023.stdout:Mar 16 20:26:49 smithi023 ceph-mon[31879]: from='mgr.14152 172.21.15.23:0/627797300' entity='mgr.x' cmd=[{"prefix": "config dump", "format": "json"}]: dispatch
2024-03-16T20:26:50.339 INFO:journalctl@ceph.mon.a.smithi023.stdout:Mar 16 20:26:49 smithi023 ceph-mon[31879]: from='mgr.14152 172.21.15.23:0/627797300' entity='mgr.x' cmd=[{"prefix": "config dump", "format": "json"}]: dispatch
2024-03-16T20:26:51.088 INFO:journalctl@ceph.mon.a.smithi023.stdout:Mar 16 20:26:50 smithi023 ceph-mon[31879]: from='mgr.14152 172.21.15.23:0/627797300' entity='mgr.x' cmd=[{"prefix":"config rm","who":"mgr","name":"mgr/rbd_support/x/mirror_snapshot_schedule"}]: dispatch
2024-03-16T20:26:51.088 INFO:journalctl@ceph.mon.a.smithi023.stdout:Mar 16 20:26:50 smithi023 ceph-mon[31879]: from='mgr.14152 172.21.15.23:0/627797300' entity='mgr.x' cmd=[{"prefix":"config rm","who":"mgr","name":"mgr/rbd_support/x/trash_purge_schedule"}]: dispatch
2024-03-16T20:26:51.088 INFO:journalctl@ceph.mon.a.smithi023.stdout:Mar 16 20:26:50 smithi023 ceph-mon[31879]: mgrmap e11: x(active, since 1.00616s)
2024-03-16T20:26:51.463 INFO:teuthology.orchestra.run.smithi023.stdout:/usr/bin/ceph: stdout {
2024-03-16T20:26:51.463 INFO:teuthology.orchestra.run.smithi023.stdout:/usr/bin/ceph: stdout "mgrmap_epoch": 11,
2024-03-16T20:26:51.463 INFO:teuthology.orchestra.run.smithi023.stdout:/usr/bin/ceph: stdout "initialized": true
2024-03-16T20:26:51.463 INFO:teuthology.orchestra.run.smithi023.stdout:/usr/bin/ceph: stdout }
2024-03-16T20:26:51.463 INFO:teuthology.orchestra.run.smithi023.stdout:/usr/bin/ceph: stderr
2024-03-16T20:26:45.163+0000 7f95430da700 1 Processor -- start
2024-03-16T20:26:51.463 INFO:teuthology.orchestra.run.smithi023.stdout:/usr/bin/ceph: stderr
2024-03-16T20:26:45.164+0000 7f95430da700 1 -- start start
2024-03-16T20:26:51.463 INFO:teuthology.orchestra.run.smithi023.stdout:/usr/bin/ceph: stderr
2024-03-16T20:26:45.164+0000 7f95430da700 1 --2- >> [v2:172.21.15.23:3300/0,v1:172.21.15.23:6789/0] conn(0x7f953c1085a0 0x7f953c10a990 unknown :-1 s=NONE pgs=0 cs=0 l=0 rev1=0 crypto rx=0 tx=0 comp rx=0 tx=0).connect
2024-03-16T20:26:51.463 INFO:teuthology.orchestra.run.smithi023.stdout:/usr/bin/ceph: stderr
2024-03-16T20:26:45.164+0000 7f95430da700 1 -- --> [v2:172.21.15.23:3300/0,v1:172.21.15.23:6789/0] -- mon_getmap magic: 0 v1 -- 0x7f953c07bdf0 con 0x7f953c1085a0
2024-03-16T20:26:51.463 INFO:teuthology.orchestra.run.smithi023.stdout:/usr/bin/ceph: stderr
2024-03-16T20:26:45.164+0000 7f9540e76700 1 --2- >> [v2:172.21.15.23:3300/0,v1:172.21.15.23:6789/0] conn(0x7f953c1085a0 0x7f953c10a990 unknown :-1 s=BANNER_CONNECTING pgs=0 cs=0 l=0 rev1=0 crypto rx=0 tx=0 comp rx=0 tx=0)._handle_peer_banner_payload supported=3 required=0
2024-03-16T20:26:51.463 INFO:teuthology.orchestra.run.smithi023.stdout:/usr/bin/ceph: stderr
2024-03-16T20:26:45.164+0000 7f9540e76700 1 --2- >> [v2:172.21.15.23:3300/0,v1:172.21.15.23:6789/0] conn(0x7f953c1085a0 0x7f953c10a990 unknown :-1 s=HELLO_CONNECTING pgs=0 cs=0 l=0 rev1=1 crypto rx=0 tx=0 comp rx=0 tx=0).handle_hello peer v2:172.21.15.23:3300/0 says I am v2:172.21.15.23:34016/0 (socket says 172.21.15.23:34016)
2024-03-16T20:26:51.463 INFO:teuthology.orchestra.run.smithi023.stdout:/usr/bin/ceph: stderr
2024-03-16T20:26:45.164+0000 7f9540e76700 1 -- 172.21.15.23:0/4118149080 learned_addr learned my addr 172.21.15.23:0/4118149080 (peer_addr_for_me v2:172.21.15.23:0/0)
2024-03-16T20:26:51.464 INFO:teuthology.orchestra.run.smithi023.stdout:/usr/bin/ceph: stderr
2024-03-16T20:26:45.164+0000 7f9540e76700 1 -- 172.21.15.23:0/4118149080 --> [v2:172.21.15.23:3300/0,v1:172.21.15.23:6789/0] -- mon_subscribe({config=0+,monmap=0+}) v3 -- 0x7f953c10aed0 con 0x7f953c1085a0
2024-03-16T20:26:51.464 INFO:teuthology.orchestra.run.smithi023.stdout:/usr/bin/ceph: stderr
2024-03-16T20:26:45.164+0000 7f9540e76700 1 --2- 172.21.15.23:0/4118149080 >> [v2:172.21.15.23:3300/0,v1:172.21.15.23:6789/0] conn(0x7f953c1085a0 0x7f953c10a990 secure :-1 s=READY pgs=61 cs=0 l=1 rev1=1 crypto rx=0x7f95300098a0 tx=0x7f9530009bb0 comp rx=0 tx=0).ready entity=mon.0 client_cookie=827a27f939c64a5b server_cookie=0 in_seq=0 out_seq=0
2024-03-16T20:26:51.464 INFO:teuthology.orchestra.run.smithi023.stdout:/usr/bin/ceph: stderr
2024-03-16T20:26:45.164+0000 7f953b7fe700 1 -- 172.21.15.23:0/4118149080 <== mon.0 v2:172.21.15.23:3300/0 1 ==== mon_map magic: 0 v1 ==== 205+0+0 (secure 0 0 0) 0x7f9530004160 con 0x7f953c1085a0
2024-03-16T20:26:51.464 INFO:teuthology.orchestra.run.smithi023.stdout:/usr/bin/ceph: stderr
2024-03-16T20:26:45.165+0000 7f953b7fe700 1 -- 172.21.15.23:0/4118149080 <== mon.0 v2:172.21.15.23:3300/0 2 ==== config(27 keys) v1 ==== 1140+0+0 (secure 0 0 0) 0x7f95300042c0 con 0x7f953c1085a0
2024-03-16T20:26:51.464 INFO:teuthology.orchestra.run.smithi023.stdout:/usr/bin/ceph: stderr
2024-03-16T20:26:45.165+0000 7f953b7fe700 1 -- 172.21.15.23:0/4118149080 <== mon.0 v2:172.21.15.23:3300/0 3 ==== mon_map magic: 0 v1 ==== 205+0+0 (secure 0 0 0) 0x7f9530011a80 con 0x7f953c1085a0
2024-03-16T20:26:51.464 INFO:teuthology.orchestra.run.smithi023.stdout:/usr/bin/ceph: stderr
2024-03-16T20:26:45.165+0000 7f95430da700 1 -- 172.21.15.23:0/4118149080 >> [v2:172.21.15.23:3300/0,v1:172.21.15.23:6789/0] conn(0x7f953c1085a0 msgr2=0x7f953c10a990 secure :-1 s=STATE_CONNECTION_ESTABLISHED l=1).mark_down
2024-03-16T20:26:51.464 INFO:teuthology.orchestra.run.smithi023.stdout:/usr/bin/ceph: stderr
2024-03-16T20:26:45.165+0000 7f95430da700 1 --2- 172.21.15.23:0/4118149080 >> [v2:172.21.15.23:3300/0,v1:172.21.15.23:6789/0] conn(0x7f953c1085a0 0x7f953c10a990 secure :-1 s=READY pgs=61 cs=0 l=1 rev1=1 crypto rx=0x7f95300098a0 tx=0x7f9530009bb0 comp rx=0 tx=0).stop
2024-03-16T20:26:51.464 INFO:teuthology.orchestra.run.smithi023.stdout:/usr/bin/ceph: stderr
2024-03-16T20:26:45.165+0000 7f95430da700 1 -- 172.21.15.23:0/4118149080 shutdown_connections
2024-03-16T20:26:51.464 INFO:teuthology.orchestra.run.smithi023.stdout:/usr/bin/ceph: stderr
2024-03-16T20:26:45.165+0000 7f95430da700 1 --2- 172.21.15.23:0/4118149080 >> [v2:172.21.15.23:3300/0,v1:172.21.15.23:6789/0] conn(0x7f953c1085a0 0x7f953c10a990 unknown :-1 s=CLOSED pgs=61 cs=0 l=1 rev1=1 crypto rx=0 tx=0 comp rx=0 tx=0).stop
2024-03-16T20:26:51.464 INFO:teuthology.orchestra.run.smithi023.stdout:/usr/bin/ceph: stderr
2024-03-16T20:26:45.165+0000 7f95430da700 1 -- 172.21.15.23:0/4118149080 >> 172.21.15.23:0/4118149080 conn(0x7f953c101f70 msgr2=0x7f953c1043d0 unknown :-1 s=STATE_NONE l=0).mark_down
2024-03-16T20:26:51.464 INFO:teuthology.orchestra.run.smithi023.stdout:/usr/bin/ceph: stderr
2024-03-16T20:26:45.165+0000 7f95430da700 1 -- 172.21.15.23:0/4118149080 shutdown_connections
2024-03-16T20:26:51.464 INFO:teuthology.orchestra.run.smithi023.stdout:/usr/bin/ceph: stderr
2024-03-16T20:26:45.165+0000 7f95430da700 1 -- 172.21.15.23:0/4118149080 wait complete.
2024-03-16T20:26:51.464 INFO:teuthology.orchestra.run.smithi023.stdout:/usr/bin/ceph: stderr
2024-03-16T20:26:45.166+0000 7f95430da700 1 Processor -- start
2024-03-16T20:26:51.465 INFO:teuthology.orchestra.run.smithi023.stdout:/usr/bin/ceph: stderr
2024-03-16T20:26:45.166+0000 7f95430da700 1 -- start start
2024-03-16T20:26:51.465 INFO:teuthology.orchestra.run.smithi023.stdout:/usr/bin/ceph: stderr
2024-03-16T20:26:45.166+0000 7f95430da700 1 --2- >> [v2:172.21.15.23:3300/0,v1:172.21.15.23:6789/0] conn(0x7f953c1085a0 0x7f953c107e20 unknown :-1 s=NONE pgs=0 cs=0 l=1 rev1=0 crypto rx=0 tx=0 comp rx=0 tx=0).connect
2024-03-16T20:26:51.465 INFO:teuthology.orchestra.run.smithi023.stdout:/usr/bin/ceph: stderr
2024-03-16T20:26:45.166+0000 7f95430da700 1 -- --> [v2:172.21.15.23:3300/0,v1:172.21.15.23:6789/0] -- mon_getmap magic: 0 v1 -- 0x7f953c108360 con 0x7f953c1085a0
2024-03-16T20:26:51.465 INFO:teuthology.orchestra.run.smithi023.stdout:/usr/bin/ceph: stderr
2024-03-16T20:26:45.166+0000 7f9540e76700 1 --2- >> [v2:172.21.15.23:3300/0,v1:172.21.15.23:6789/0] conn(0x7f953c1085a0 0x7f953c107e20 unknown :-1 s=BANNER_CONNECTING pgs=0 cs=0 l=1 rev1=0 crypto rx=0 tx=0 comp rx=0 tx=0)._handle_peer_banner_payload supported=3 required=0
2024-03-16T20:26:51.465 INFO:teuthology.orchestra.run.smithi023.stdout:/usr/bin/ceph: stderr
2024-03-16T20:26:45.166+0000 7f9540e76700 1 --2- >> [v2:172.21.15.23:3300/0,v1:172.21.15.23:6789/0] conn(0x7f953c1085a0 0x7f953c107e20 unknown :-1 s=HELLO_CONNECTING pgs=0 cs=0 l=1 rev1=1 crypto rx=0 tx=0 comp rx=0 tx=0).handle_hello peer v2:172.21.15.23:3300/0 says I am v2:172.21.15.23:34024/0 (socket says 172.21.15.23:34024)
2024-03-16T20:26:51.465 INFO:teuthology.orchestra.run.smithi023.stdout:/usr/bin/ceph: stderr
2024-03-16T20:26:45.166+0000 7f9540e76700 1 -- 172.21.15.23:0/2424339660 learned_addr learned my addr 172.21.15.23:0/2424339660 (peer_addr_for_me v2:172.21.15.23:0/0)
2024-03-16T20:26:51.465 INFO:teuthology.orchestra.run.smithi023.stdout:/usr/bin/ceph: stderr
2024-03-16T20:26:45.166+0000 7f9540e76700 1 -- 172.21.15.23:0/2424339660 --> [v2:172.21.15.23:3300/0,v1:172.21.15.23:6789/0] -- mon_subscribe({config=0+,monmap=0+}) v3 -- 0x7f9530009550 con 0x7f953c1085a0
2024-03-16T20:26:51.465 INFO:teuthology.orchestra.run.smithi023.stdout:/usr/bin/ceph: stderr
2024-03-16T20:26:45.166+0000 7f9540e76700 1 --2- 172.21.15.23:0/2424339660 >> [v2:172.21.15.23:3300/0,v1:172.21.15.23:6789/0] conn(0x7f953c1085a0 0x7f953c107e20 secure :-1 s=READY pgs=62 cs=0 l=1 rev1=1 crypto rx=0x7f9530009130 tx=0x7f9530011b00 comp rx=0 tx=0).ready entity=mon.0 client_cookie=0 server_cookie=0 in_seq=0 out_seq=0
2024-03-16T20:26:51.465 INFO:teuthology.orchestra.run.smithi023.stdout:/usr/bin/ceph: stderr
2024-03-16T20:26:45.167+0000 7f9539ffb700 1 -- 172.21.15.23:0/2424339660 <== mon.0 v2:172.21.15.23:3300/0 1 ==== mon_map magic: 0 v1 ==== 205+0+0 (secure 0 0 0) 0x7f9530003aa0 con 0x7f953c1085a0
2024-03-16T20:26:51.465 INFO:teuthology.orchestra.run.smithi023.stdout:/usr/bin/ceph: stderr
2024-03-16T20:26:45.167+0000 7f9539ffb700 1 -- 172.21.15.23:0/2424339660 <== mon.0 v2:172.21.15.23:3300/0 2 ==== config(27 keys) v1 ==== 1140+0+0 (secure 0 0 0) 0x7f9530003c00 con 0x7f953c1085a0
2024-03-16T20:26:51.465 INFO:teuthology.orchestra.run.smithi023.stdout:/usr/bin/ceph: stderr
2024-03-16T20:26:45.167+0000 7f95430da700 1 -- 172.21.15.23:0/2424339660 --> [v2:172.21.15.23:3300/0,v1:172.21.15.23:6789/0] -- mon_subscribe({mgrmap=0+}) v3 -- 0x7f953c106550 con 0x7f953c1085a0
2024-03-16T20:26:51.465 INFO:teuthology.orchestra.run.smithi023.stdout:/usr/bin/ceph: stderr
2024-03-16T20:26:45.167+0000 7f9539ffb700 1 -- 172.21.15.23:0/2424339660 <== mon.0 v2:172.21.15.23:3300/0 3 ==== mon_map magic: 0 v1 ==== 205+0+0 (secure 0 0 0) 0x7f95300248a0 con 0x7f953c1085a0
2024-03-16T20:26:51.465 INFO:teuthology.orchestra.run.smithi023.stdout:/usr/bin/ceph: stderr
2024-03-16T20:26:45.167+0000 7f95430da700 1 -- 172.21.15.23:0/2424339660 --> [v2:172.21.15.23:3300/0,v1:172.21.15.23:6789/0] -- mon_subscribe({osdmap=0}) v3 -- 0x7f953c1069f0 con 0x7f953c1085a0
2024-03-16T20:26:51.465 INFO:teuthology.orchestra.run.smithi023.stdout:/usr/bin/ceph: stderr
2024-03-16T20:26:45.168+0000 7f9539ffb700 1 -- 172.21.15.23:0/2424339660 <== mon.0 v2:172.21.15.23:3300/0 4 ==== mgrmap(e 9) v1 ==== 45782+0+0 (secure 0 0 0) 0x7f9530024a40 con 0x7f953c1085a0
2024-03-16T20:26:51.465 INFO:teuthology.orchestra.run.smithi023.stdout:/usr/bin/ceph: stderr
2024-03-16T20:26:45.168+0000 7f9539ffb700 1 --2- 172.21.15.23:0/2424339660 >> [v2:172.21.15.23:6800/2899821830,v1:172.21.15.23:6801/2899821830] conn(0x7f952c038d00 0x7f952c03b1c0 unknown :-1 s=NONE pgs=0 cs=0 l=1 rev1=0 crypto rx=0 tx=0 comp rx=0 tx=0).connect
2024-03-16T20:26:51.466 INFO:teuthology.orchestra.run.smithi023.stdout:/usr/bin/ceph: stderr
2024-03-16T20:26:45.168+0000 7f9539ffb700 1 -- 172.21.15.23:0/2424339660 --> [v2:172.21.15.23:6800/2899821830,v1:172.21.15.23:6801/2899821830] -- command(tid 0: {"prefix": "get_command_descriptions"}) v1 -- 0x7f952c03b8d0 con 0x7f952c038d00
2024-03-16T20:26:51.466 INFO:teuthology.orchestra.run.smithi023.stdout:/usr/bin/ceph: stderr
2024-03-16T20:26:45.168+0000 7f9539ffb700 1 -- 172.21.15.23:0/2424339660 <== mon.0 v2:172.21.15.23:3300/0 5 ==== osd_map(2..2 src has 1..2) v4 ==== 940+0+0 (secure 0 0 0) 0x7f953004dea0 con 0x7f953c1085a0
2024-03-16T20:26:51.466 INFO:teuthology.orchestra.run.smithi023.stdout:/usr/bin/ceph: stderr
2024-03-16T20:26:45.168+0000 7f953bfff700 1 -- 172.21.15.23:0/2424339660 >> [v2:172.21.15.23:6800/2899821830,v1:172.21.15.23:6801/2899821830] conn(0x7f952c038d00 msgr2=0x7f952c03b1c0 unknown :-1 s=STATE_CONNECTING_RE l=1).process reconnect failed to v2:172.21.15.23:6800/2899821830
2024-03-16T20:26:51.466 INFO:teuthology.orchestra.run.smithi023.stdout:/usr/bin/ceph: stderr
2024-03-16T20:26:45.168+0000 7f953bfff700 1 --2- 172.21.15.23:0/2424339660 >> [v2:172.21.15.23:6800/2899821830,v1:172.21.15.23:6801/2899821830] conn(0x7f952c038d00 0x7f952c03b1c0 unknown :-1 s=START_CONNECT pgs=0 cs=0 l=1 rev1=0 crypto rx=0 tx=0 comp rx=0 tx=0)._fault waiting 0.200000
2024-03-16T20:26:51.466 INFO:teuthology.orchestra.run.smithi023.stdout:/usr/bin/ceph: stderr
2024-03-16T20:26:45.369+0000 7f953bfff700 1 -- 172.21.15.23:0/2424339660 >> [v2:172.21.15.23:6800/2899821830,v1:172.21.15.23:6801/2899821830] conn(0x7f952c038d00 msgr2=0x7f952c03b1c0 unknown :-1 s=STATE_CONNECTING_RE l=1).process reconnect failed to v2:172.21.15.23:6800/2899821830
2024-03-16T20:26:51.466 INFO:teuthology.orchestra.run.smithi023.stdout:/usr/bin/ceph: stderr
2024-03-16T20:26:45.369+0000 7f953bfff700 1 --2- 172.21.15.23:0/2424339660 >> [v2:172.21.15.23:6800/2899821830,v1:172.21.15.23:6801/2899821830] conn(0x7f952c038d00 0x7f952c03b1c0 unknown :-1 s=START_CONNECT pgs=0 cs=0 l=1 rev1=0 crypto rx=0 tx=0 comp rx=0 tx=0)._fault waiting 0.400000
2024-03-16T20:26:51.466 INFO:teuthology.orchestra.run.smithi023.stdout:/usr/bin/ceph: stderr
2024-03-16T20:26:45.770+0000 7f953bfff700 1 -- 172.21.15.23:0/2424339660 >> [v2:172.21.15.23:6800/2899821830,v1:172.21.15.23:6801/2899821830] conn(0x7f952c038d00 msgr2=0x7f952c03b1c0 unknown :-1 s=STATE_CONNECTING_RE l=1).process reconnect failed to v2:172.21.15.23:6800/2899821830
2024-03-16T20:26:51.466 INFO:teuthology.orchestra.run.smithi023.stdout:/usr/bin/ceph: stderr
2024-03-16T20:26:45.770+0000 7f953bfff700 1 --2- 172.21.15.23:0/2424339660 >> [v2:172.21.15.23:6800/2899821830,v1:172.21.15.23:6801/2899821830] conn(0x7f952c038d00 0x7f952c03b1c0 unknown :-1 s=START_CONNECT pgs=0 cs=0 l=1 rev1=0 crypto rx=0 tx=0 comp rx=0 tx=0)._fault waiting 0.800000
2024-03-16T20:26:51.466 INFO:teuthology.orchestra.run.smithi023.stdout:/usr/bin/ceph: stderr
2024-03-16T20:26:46.571+0000 7f953bfff700 1 -- 172.21.15.23:0/2424339660 >> [v2:172.21.15.23:6800/2899821830,v1:172.21.15.23:6801/2899821830] conn(0x7f952c038d00 msgr2=0x7f952c03b1c0 unknown :-1 s=STATE_CONNECTING_RE l=1).process reconnect failed to v2:172.21.15.23:6800/2899821830
2024-03-16T20:26:51.466 INFO:teuthology.orchestra.run.smithi023.stdout:/usr/bin/ceph: stderr
2024-03-16T20:26:46.571+0000 7f953bfff700 1 --2- 172.21.15.23:0/2424339660 >> [v2:172.21.15.23:6800/2899821830,v1:172.21.15.23:6801/2899821830] conn(0x7f952c038d00 0x7f952c03b1c0 unknown :-1 s=START_CONNECT pgs=0 cs=0 l=1 rev1=0 crypto rx=0 tx=0 comp rx=0 tx=0)._fault waiting 1.600000
2024-03-16T20:26:51.466 INFO:teuthology.orchestra.run.smithi023.stdout:/usr/bin/ceph: stderr
2024-03-16T20:26:48.172+0000 7f953bfff700 1 -- 172.21.15.23:0/2424339660 >> [v2:172.21.15.23:6800/2899821830,v1:172.21.15.23:6801/2899821830] conn(0x7f952c038d00 msgr2=0x7f952c03b1c0 unknown :-1 s=STATE_CONNECTING_RE l=1).process reconnect failed to v2:172.21.15.23:6800/2899821830
2024-03-16T20:26:51.466 INFO:teuthology.orchestra.run.smithi023.stdout:/usr/bin/ceph: stderr
2024-03-16T20:26:48.172+0000 7f953bfff700 1 --2- 172.21.15.23:0/2424339660 >> [v2:172.21.15.23:6800/2899821830,v1:172.21.15.23:6801/2899821830] conn(0x7f952c038d00 0x7f952c03b1c0 unknown :-1 s=START_CONNECT pgs=0 cs=0 l=1 rev1=0 crypto rx=0 tx=0 comp rx=0 tx=0)._fault waiting 3.200000
2024-03-16T20:26:51.467 INFO:teuthology.orchestra.run.smithi023.stdout:/usr/bin/ceph: stderr
2024-03-16T20:26:49.860+0000 7f9539ffb700 1 -- 172.21.15.23:0/2424339660 <== mon.0 v2:172.21.15.23:3300/0 6 ==== mgrmap(e 10) v1 ==== 45549+0+0 (secure 0 0 0) 0x7f953002d3f0 con 0x7f953c1085a0
2024-03-16T20:26:51.467 INFO:teuthology.orchestra.run.smithi023.stdout:/usr/bin/ceph: stderr
2024-03-16T20:26:49.860+0000 7f9539ffb700 1 -- 172.21.15.23:0/2424339660 >> [v2:172.21.15.23:6800/2899821830,v1:172.21.15.23:6801/2899821830] conn(0x7f952c038d00 msgr2=0x7f952c03b1c0 unknown :-1 s=STATE_CONNECTING l=1).mark_down
2024-03-16T20:26:51.467 INFO:teuthology.orchestra.run.smithi023.stdout:/usr/bin/ceph: stderr
2024-03-16T20:26:49.860+0000 7f9539ffb700 1 --2- 172.21.15.23:0/2424339660 >> [v2:172.21.15.23:6800/2899821830,v1:172.21.15.23:6801/2899821830] conn(0x7f952c038d00 0x7f952c03b1c0 unknown :-1 s=START_CONNECT pgs=0 cs=0 l=1 rev1=0 crypto rx=0 tx=0 comp rx=0 tx=0).stop
2024-03-16T20:26:51.467 INFO:teuthology.orchestra.run.smithi023.stdout:/usr/bin/ceph: stderr
2024-03-16T20:26:50.860+0000 7f9539ffb700 1 -- 172.21.15.23:0/2424339660 <== mon.0 v2:172.21.15.23:3300/0 7 ==== mgrmap(e 11) v1 ==== 45676+0+0 (secure 0 0 0) 0x7f9530018350 con 0x7f953c1085a0
2024-03-16T20:26:51.467 INFO:teuthology.orchestra.run.smithi023.stdout:/usr/bin/ceph: stderr
2024-03-16T20:26:50.860+0000 7f9539ffb700 1 --2- 172.21.15.23:0/2424339660 >> [v2:172.21.15.23:6800/3040096369,v1:172.21.15.23:6801/3040096369] conn(0x7f952c03c780 0x7f952c03eb70 unknown :-1 s=NONE pgs=0 cs=0 l=1 rev1=0 crypto rx=0 tx=0 comp rx=0 tx=0).connect
2024-03-16T20:26:51.467 INFO:teuthology.orchestra.run.smithi023.stdout:/usr/bin/ceph: stderr
2024-03-16T20:26:50.860+0000 7f9539ffb700 1 -- 172.21.15.23:0/2424339660 --> [v2:172.21.15.23:6800/3040096369,v1:172.21.15.23:6801/3040096369] -- command(tid 0: {"prefix": "get_command_descriptions"}) v1 -- 0x7f952c03b8d0 con 0x7f952c03c780
2024-03-16T20:26:51.467 INFO:teuthology.orchestra.run.smithi023.stdout:/usr/bin/ceph: stderr
2024-03-16T20:26:50.860+0000 7f953bfff700 1 --2- 172.21.15.23:0/2424339660 >> [v2:172.21.15.23:6800/3040096369,v1:172.21.15.23:6801/3040096369] conn(0x7f952c03c780 0x7f952c03eb70 unknown :-1 s=BANNER_CONNECTING pgs=0 cs=0 l=1 rev1=0 crypto rx=0 tx=0 comp rx=0 tx=0)._handle_peer_banner_payload supported=3 required=0
2024-03-16T20:26:51.467 INFO:teuthology.orchestra.run.smithi023.stdout:/usr/bin/ceph: stderr
2024-03-16T20:26:50.861+0000 7f953bfff700 1 --2- 172.21.15.23:0/2424339660 >> [v2:172.21.15.23:6800/3040096369,v1:172.21.15.23:6801/3040096369] conn(0x7f952c03c780 0x7f952c03eb70 secure :-1 s=READY pgs=1 cs=0 l=1 rev1=1 crypto rx=0x7f9528003a10 tx=0x7f95280092b0 comp rx=0 tx=0).ready entity=mgr.14152 client_cookie=0 server_cookie=0 in_seq=0 out_seq=0
2024-03-16T20:26:51.467 INFO:teuthology.orchestra.run.smithi023.stdout:/usr/bin/ceph: stderr
2024-03-16T20:26:50.862+0000 7f9539ffb700 1 -- 172.21.15.23:0/2424339660 <== mgr.14152 v2:172.21.15.23:6800/3040096369 1 ==== command_reply(tid 0: 0 ) v1 ==== 8+0+7774 (secure 0 0 0) 0x7f952c03b8d0 con 0x7f952c03c780
2024-03-16T20:26:51.467 INFO:teuthology.orchestra.run.smithi023.stdout:/usr/bin/ceph: stderr
2024-03-16T20:26:50.868+0000 7f95430da700 1 -- 172.21.15.23:0/2424339660 --> [v2:172.21.15.23:6800/3040096369,v1:172.21.15.23:6801/3040096369] -- command(tid 1: {"prefix": "mgr_status"}) v1 -- 0x7f953c0690f0 con 0x7f952c03c780
2024-03-16T20:26:51.467 INFO:teuthology.orchestra.run.smithi023.stdout:/usr/bin/ceph: stderr
2024-03-16T20:26:50.868+0000 7f9539ffb700 1 -- 172.21.15.23:0/2424339660 <== mgr.14152 v2:172.21.15.23:6800/3040096369 2 ==== command_reply(tid 1: 0 ) v1 ==== 8+0+52 (secure 0 0 0) 0x7f953c0690f0 con 0x7f952c03c780
2024-03-16T20:26:51.467 INFO:teuthology.orchestra.run.smithi023.stdout:/usr/bin/ceph: stderr
2024-03-16T20:26:50.869+0000 7f95430da700 1 -- 172.21.15.23:0/2424339660 >> [v2:172.21.15.23:6800/3040096369,v1:172.21.15.23:6801/3040096369] conn(0x7f952c03c780 msgr2=0x7f952c03eb70 secure :-1 s=STATE_CONNECTION_ESTABLISHED l=1).mark_down
2024-03-16T20:26:51.467 INFO:teuthology.orchestra.run.smithi023.stdout:/usr/bin/ceph: stderr
2024-03-16T20:26:50.869+0000 7f95430da700 1 --2- 172.21.15.23:0/2424339660 >> [v2:172.21.15.23:6800/3040096369,v1:172.21.15.23:6801/3040096369] conn(0x7f952c03c780 0x7f952c03eb70 secure :-1 s=READY pgs=1 cs=0 l=1 rev1=1 crypto rx=0x7f9528003a10 tx=0x7f95280092b0 comp rx=0 tx=0).stop
2024-03-16T20:26:51.467 INFO:teuthology.orchestra.run.smithi023.stdout:/usr/bin/ceph: stderr
2024-03-16T20:26:50.869+0000 7f95430da700 1 -- 172.21.15.23:0/2424339660 >> [v2:172.21.15.23:3300/0,v1:172.21.15.23:6789/0] conn(0x7f953c1085a0 msgr2=0x7f953c107e20 secure :-1 s=STATE_CONNECTION_ESTABLISHED l=1).mark_down
2024-03-16T20:26:51.467 INFO:teuthology.orchestra.run.smithi023.stdout:/usr/bin/ceph: stderr
2024-03-16T20:26:50.869+0000 7f95430da700 1 --2- 172.21.15.23:0/2424339660 >> [v2:172.21.15.23:3300/0,v1:172.21.15.23:6789/0] conn(0x7f953c1085a0 0x7f953c107e20 secure :-1 s=READY pgs=62 cs=0 l=1 rev1=1 crypto rx=0x7f9530009130 tx=0x7f9530011b00 comp rx=0 tx=0).stop
2024-03-16T20:26:51.468 INFO:teuthology.orchestra.run.smithi023.stdout:/usr/bin/ceph: stderr
2024-03-16T20:26:50.869+0000 7f95430da700 1 -- 172.21.15.23:0/2424339660 shutdown_connections
2024-03-16T20:26:51.468 INFO:teuthology.orchestra.run.smithi023.stdout:/usr/bin/ceph: stderr
2024-03-16T20:26:50.869+0000 7f95430da700 1 --2- 172.21.15.23:0/2424339660 >> [v2:172.21.15.23:6800/3040096369,v1:172.21.15.23:6801/3040096369] conn(0x7f952c03c780 0x7f952c03eb70 unknown :-1 s=CLOSED pgs=1 cs=0 l=1 rev1=1 crypto rx=0 tx=0 comp rx=0 tx=0).stop
2024-03-16T20:26:51.468 INFO:teuthology.orchestra.run.smithi023.stdout:/usr/bin/ceph: stderr
2024-03-16T20:26:50.869+0000 7f95430da700 1 --2- 172.21.15.23:0/2424339660 >> [v2:172.21.15.23:3300/0,v1:172.21.15.23:6789/0] conn(0x7f953c1085a0 0x7f953c107e20 unknown :-1 s=CLOSED pgs=62 cs=0 l=1 rev1=1 crypto rx=0 tx=0 comp rx=0 tx=0).stop
2024-03-16T20:26:51.468 INFO:teuthology.orchestra.run.smithi023.stdout:/usr/bin/ceph: stderr
2024-03-16T20:26:50.869+0000 7f95430da700 1 --2- 172.21.15.23:0/2424339660 >> [v2:172.21.15.23:6800/2899821830,v1:172.21.15.23:6801/2899821830] conn(0x7f952c038d00 0x7f952c03b1c0 unknown :-1 s=CLOSED pgs=0 cs=0 l=1 rev1=0 crypto rx=0 tx=0 comp rx=0 tx=0).stop
2024-03-16T20:26:51.468 INFO:teuthology.orchestra.run.smithi023.stdout:/usr/bin/ceph: stderr
2024-03-16T20:26:50.869+0000 7f95430da700 1 -- 172.21.15.23:0/2424339660 >> 172.21.15.23:0/2424339660 conn(0x7f953c101f70 msgr2=0x7f953c102a80 unknown :-1 s=STATE_NONE l=0).mark_down
2024-03-16T20:26:51.468 INFO:teuthology.orchestra.run.smithi023.stdout:/usr/bin/ceph: stderr
2024-03-16T20:26:50.869+0000 7f95430da700 1 -- 172.21.15.23:0/2424339660 shutdown_connections
2024-03-16T20:26:51.468 INFO:teuthology.orchestra.run.smithi023.stdout:/usr/bin/ceph: stderr
2024-03-16T20:26:50.869+0000 7f95430da700 1 -- 172.21.15.23:0/2424339660 wait complete.
2024-03-16T20:26:51.468 INFO:teuthology.orchestra.run.smithi023.stdout:mgr epoch 9 is available
2024-03-16T20:26:51.468 INFO:teuthology.orchestra.run.smithi023.stdout:Generating a dashboard self-signed certificate...
2024-03-16T20:26:52.174 INFO:journalctl@ceph.mon.a.smithi023.stdout:Mar 16 20:26:51 smithi023 ceph-mon[31879]: [16/Mar/2024:20:26:50] ENGINE Bus STARTING
2024-03-16T20:26:52.174 INFO:journalctl@ceph.mon.a.smithi023.stdout:Mar 16 20:26:51 smithi023 ceph-mon[31879]: [16/Mar/2024:20:26:50] ENGINE Serving on http://172.21.15.23:8765
2024-03-16T20:26:52.174 INFO:journalctl@ceph.mon.a.smithi023.stdout:Mar 16 20:26:51 smithi023 ceph-mon[31879]: [16/Mar/2024:20:26:50] ENGINE Serving on https://172.21.15.23:7150
2024-03-16T20:26:52.175 INFO:journalctl@ceph.mon.a.smithi023.stdout:Mar 16 20:26:51 smithi023 ceph-mon[31879]: [16/Mar/2024:20:26:50] ENGINE Bus STARTED
2024-03-16T20:26:52.175 INFO:journalctl@ceph.mon.a.smithi023.stdout:Mar 16 20:26:51 smithi023 ceph-mon[31879]: from='client.14156 -' entity='client.admin' cmd=[{"prefix": "get_command_descriptions"}]: dispatch
2024-03-16T20:26:52.175 INFO:journalctl@ceph.mon.a.smithi023.stdout:Mar 16 20:26:51 smithi023 ceph-mon[31879]: from='client.14156 -' entity='client.admin' cmd=[{"prefix": "mgr_status"}]: dispatch
2024-03-16T20:26:53.036 INFO:journalctl@ceph.mon.a.smithi023.stdout:Mar 16 20:26:52 smithi023 ceph-mon[31879]: mgrmap e12: x(active, since 2s)
2024-03-16T20:26:53.036 INFO:journalctl@ceph.mon.a.smithi023.stdout:Mar 16 20:26:52 smithi023 ceph-mon[31879]: from='mgr.14152 172.21.15.23:0/627797300' entity='mgr.x'
2024-03-16T20:26:53.036 INFO:journalctl@ceph.mon.a.smithi023.stdout:Mar 16 20:26:52 smithi023 ceph-mon[31879]: from='client.14164 -' entity='client.admin' cmd=[{"prefix": "dashboard create-self-signed-cert", "target": ["mon-mgr", ""]}]: dispatch
2024-03-16T20:26:53.036 INFO:journalctl@ceph.mon.a.smithi023.stdout:Mar 16 20:26:52 smithi023 ceph-mon[31879]: from='mgr.14152 172.21.15.23:0/627797300' entity='mgr.x'
2024-03-16T20:26:53.036 INFO:journalctl@ceph.mon.a.smithi023.stdout:Mar 16 20:26:52 smithi023 ceph-mon[31879]: from='mgr.14152 172.21.15.23:0/627797300' entity='mgr.x'
2024-03-16T20:26:53.043 INFO:teuthology.orchestra.run.smithi023.stdout:/usr/bin/ceph: stdout Self-signed certificate created
2024-03-16T20:26:53.044 INFO:teuthology.orchestra.run.smithi023.stdout:/usr/bin/ceph: stderr
2024-03-16T20:26:52.157+0000 7ff9ccf54700 1 Processor -- start
2024-03-16T20:26:53.044 INFO:teuthology.orchestra.run.smithi023.stdout:/usr/bin/ceph: stderr
2024-03-16T20:26:52.157+0000 7ff9ccf54700 1 -- start start
2024-03-16T20:26:53.044 INFO:teuthology.orchestra.run.smithi023.stdout:/usr/bin/ceph: stderr
2024-03-16T20:26:52.157+0000 7ff9ccf54700 1 --2- >> [v2:172.21.15.23:3300/0,v1:172.21.15.23:6789/0] conn(0x7ff9c8108560 0x7ff9c810a950 unknown :-1 s=NONE pgs=0 cs=0 l=0 rev1=0 crypto rx=0 tx=0 comp rx=0 tx=0).connect
2024-03-16T20:26:53.044 INFO:teuthology.orchestra.run.smithi023.stdout:/usr/bin/ceph: stderr
2024-03-16T20:26:52.157+0000 7ff9ccf54700 1 -- --> [v2:172.21.15.23:3300/0,v1:172.21.15.23:6789/0] -- mon_getmap magic: 0 v1 -- 0x7ff9c80758a0 con 0x7ff9c8108560
2024-03-16T20:26:53.044 INFO:teuthology.orchestra.run.smithi023.stdout:/usr/bin/ceph: stderr
2024-03-16T20:26:52.157+0000 7ff9c659c700 1 --2- >> [v2:172.21.15.23:3300/0,v1:172.21.15.23:6789/0] conn(0x7ff9c8108560 0x7ff9c810a950 unknown :-1 s=BANNER_CONNECTING pgs=0 cs=0 l=0 rev1=0 crypto rx=0 tx=0 comp rx=0 tx=0)._handle_peer_banner_payload supported=3 required=0
2024-03-16T20:26:53.044 INFO:teuthology.orchestra.run.smithi023.stdout:/usr/bin/ceph: stderr
2024-03-16T20:26:52.157+0000 7ff9c659c700 1 --2- >> [v2:172.21.15.23:3300/0,v1:172.21.15.23:6789/0] conn(0x7ff9c8108560 0x7ff9c810a950 unknown :-1 s=HELLO_CONNECTING pgs=0 cs=0 l=0 rev1=1 crypto rx=0 tx=0 comp rx=0 tx=0).handle_hello peer v2:172.21.15.23:3300/0 says I am v2:172.21.15.23:53000/0 (socket says 172.21.15.23:53000)
2024-03-16T20:26:53.044 INFO:teuthology.orchestra.run.smithi023.stdout:/usr/bin/ceph: stderr
2024-03-16T20:26:52.157+0000 7ff9c659c700 1 -- 172.21.15.23:0/3193224883 learned_addr learned my addr 172.21.15.23:0/3193224883 (peer_addr_for_me v2:172.21.15.23:0/0)
2024-03-16T20:26:53.044 INFO:teuthology.orchestra.run.smithi023.stdout:/usr/bin/ceph: stderr
2024-03-16T20:26:52.158+0000 7ff9c659c700 1 -- 172.21.15.23:0/3193224883 --> [v2:172.21.15.23:3300/0,v1:172.21.15.23:6789/0] -- mon_subscribe({config=0+,monmap=0+}) v3 -- 0x7ff9c810ae90 con 0x7ff9c8108560
2024-03-16T20:26:53.044 INFO:teuthology.orchestra.run.smithi023.stdout:/usr/bin/ceph: stderr
2024-03-16T20:26:52.158+0000 7ff9c659c700 1 --2- 172.21.15.23:0/3193224883 >> [v2:172.21.15.23:3300/0,v1:172.21.15.23:6789/0] conn(0x7ff9c8108560 0x7ff9c810a950 secure :-1 s=READY pgs=70 cs=0 l=1 rev1=1 crypto rx=0x7ff9b80098a0 tx=0x7ff9b8009bb0 comp rx=0 tx=0).ready entity=mon.0 client_cookie=5aeafa2505eea18d server_cookie=0 in_seq=0 out_seq=0
2024-03-16T20:26:53.044 INFO:teuthology.orchestra.run.smithi023.stdout:/usr/bin/ceph: stderr
2024-03-16T20:26:52.158+0000 7ff9c559a700 1 -- 172.21.15.23:0/3193224883 <== mon.0 v2:172.21.15.23:3300/0 1 ==== mon_map magic: 0 v1 ==== 205+0+0 (secure 0 0 0) 0x7ff9b8004160 con 0x7ff9c8108560
2024-03-16T20:26:53.044 INFO:teuthology.orchestra.run.smithi023.stdout:/usr/bin/ceph: stderr
2024-03-16T20:26:52.158+0000 7ff9c559a700 1 -- 172.21.15.23:0/3193224883 <== mon.0 v2:172.21.15.23:3300/0 2 ==== config(27 keys) v1 ==== 1140+0+0 (secure 0 0 0) 0x7ff9b80042c0 con 0x7ff9c8108560
2024-03-16T20:26:53.044 INFO:teuthology.orchestra.run.smithi023.stdout:/usr/bin/ceph: stderr
2024-03-16T20:26:52.158+0000 7ff9c559a700 1 -- 172.21.15.23:0/3193224883 <== mon.0 v2:172.21.15.23:3300/0 3 ==== mon_map magic: 0 v1 ==== 205+0+0 (secure 0 0 0) 0x7ff9b8011a80 con 0x7ff9c8108560
2024-03-16T20:26:53.045 INFO:teuthology.orchestra.run.smithi023.stdout:/usr/bin/ceph: stderr
2024-03-16T20:26:52.159+0000 7ff9ccf54700 1 -- 172.21.15.23:0/3193224883 >> [v2:172.21.15.23:3300/0,v1:172.21.15.23:6789/0] conn(0x7ff9c8108560 msgr2=0x7ff9c810a950 secure :-1 s=STATE_CONNECTION_ESTABLISHED l=1).mark_down
2024-03-16T20:26:53.045 INFO:teuthology.orchestra.run.smithi023.stdout:/usr/bin/ceph: stderr
2024-03-16T20:26:52.159+0000 7ff9ccf54700 1 --2- 172.21.15.23:0/3193224883 >> [v2:172.21.15.23:3300/0,v1:172.21.15.23:6789/0] conn(0x7ff9c8108560 0x7ff9c810a950 secure :-1 s=READY pgs=70 cs=0 l=1 rev1=1 crypto rx=0x7ff9b80098a0 tx=0x7ff9b8009bb0 comp rx=0 tx=0).stop
2024-03-16T20:26:53.045 INFO:teuthology.orchestra.run.smithi023.stdout:/usr/bin/ceph: stderr
2024-03-16T20:26:52.159+0000 7ff9ccf54700 1 -- 172.21.15.23:0/3193224883 shutdown_connections
2024-03-16T20:26:53.045 INFO:teuthology.orchestra.run.smithi023.stdout:/usr/bin/ceph: stderr
2024-03-16T20:26:52.159+0000 7ff9ccf54700 1 --2- 172.21.15.23:0/3193224883 >> [v2:172.21.15.23:3300/0,v1:172.21.15.23:6789/0] conn(0x7ff9c8108560 0x7ff9c810a950 unknown :-1 s=CLOSED pgs=70 cs=0 l=1 rev1=1 crypto rx=0 tx=0 comp rx=0 tx=0).stop
2024-03-16T20:26:53.045 INFO:teuthology.orchestra.run.smithi023.stdout:/usr/bin/ceph: stderr
2024-03-16T20:26:52.159+0000 7ff9ccf54700 1 -- 172.21.15.23:0/3193224883 >> 172.21.15.23:0/3193224883 conn(0x7ff9c8101fb0 msgr2=0x7ff9c81043d0 unknown :-1 s=STATE_NONE l=0).mark_down
2024-03-16T20:26:53.045 INFO:teuthology.orchestra.run.smithi023.stdout:/usr/bin/ceph: stderr
2024-03-16T20:26:52.159+0000 7ff9ccf54700 1 -- 172.21.15.23:0/3193224883 shutdown_connections
2024-03-16T20:26:53.045 INFO:teuthology.orchestra.run.smithi023.stdout:/usr/bin/ceph: stderr
2024-03-16T20:26:52.159+0000 7ff9ccf54700 1 -- 172.21.15.23:0/3193224883 wait complete.
2024-03-16T20:26:53.045 INFO:teuthology.orchestra.run.smithi023.stdout:/usr/bin/ceph: stderr
2024-03-16T20:26:52.160+0000 7ff9ccf54700 1 Processor -- start
2024-03-16T20:26:53.045 INFO:teuthology.orchestra.run.smithi023.stdout:/usr/bin/ceph: stderr
2024-03-16T20:26:52.160+0000 7ff9ccf54700 1 -- start start
2024-03-16T20:26:53.045 INFO:teuthology.orchestra.run.smithi023.stdout:/usr/bin/ceph: stderr
2024-03-16T20:26:52.160+0000 7ff9ccf54700 1 --2- >> [v2:172.21.15.23:3300/0,v1:172.21.15.23:6789/0] conn(0x7ff9c8108560 0x7ff9c8107de0 unknown :-1 s=NONE pgs=0 cs=0 l=1 rev1=0 crypto rx=0 tx=0 comp rx=0 tx=0).connect
2024-03-16T20:26:53.046 INFO:teuthology.orchestra.run.smithi023.stdout:/usr/bin/ceph: stderr
2024-03-16T20:26:52.160+0000 7ff9ccf54700 1 -- --> [v2:172.21.15.23:3300/0,v1:172.21.15.23:6789/0] -- mon_getmap magic: 0 v1 -- 0x7ff9c8108320 con 0x7ff9c8108560
2024-03-16T20:26:53.046 INFO:teuthology.orchestra.run.smithi023.stdout:/usr/bin/ceph: stderr
2024-03-16T20:26:52.160+0000 7ff9c659c700 1 --2- >> [v2:172.21.15.23:3300/0,v1:172.21.15.23:6789/0] conn(0x7ff9c8108560 0x7ff9c8107de0 unknown :-1 s=BANNER_CONNECTING pgs=0 cs=0 l=1 rev1=0 crypto rx=0 tx=0 comp rx=0 tx=0)._handle_peer_banner_payload supported=3 required=0
2024-03-16T20:26:53.046 INFO:teuthology.orchestra.run.smithi023.stdout:/usr/bin/ceph: stderr
