2024-03-16T20:46:46.720 INFO:teuthology.orchestra.run.smithi008.stdout:/usr/bin/ceph: stderr
2024-03-16T20:46:45.175+0000 7f2e35e00700 1 -- --> [v2:172.21.15.8:3300/0,v1:172.21.15.8:6789/0] -- mon_getmap magic: 0 v1 -- 0x7f2e3019bb50 con 0x7f2e30108390
2024-03-16T20:46:46.720 INFO:teuthology.orchestra.run.smithi008.stdout:/usr/bin/ceph: stderr
2024-03-16T20:46:45.175+0000 7f2e34a00700 1 --2- >> [v2:172.21.15.8:3300/0,v1:172.21.15.8:6789/0] conn(0x7f2e30108390 0x7f2e3019b610 unknown :-1 s=BANNER_CONNECTING pgs=0 cs=0 l=1 rev1=0 crypto rx=0 tx=0 comp rx=0 tx=0)._handle_peer_banner_payload supported=3 required=0
2024-03-16T20:46:46.720 INFO:teuthology.orchestra.run.smithi008.stdout:/usr/bin/ceph: stderr
2024-03-16T20:46:45.175+0000 7f2e34a00700 1 --2- >> [v2:172.21.15.8:3300/0,v1:172.21.15.8:6789/0] conn(0x7f2e30108390 0x7f2e3019b610 unknown :-1 s=HELLO_CONNECTING pgs=0 cs=0 l=1 rev1=1 crypto rx=0 tx=0 comp rx=0 tx=0).handle_hello peer v2:172.21.15.8:3300/0 says I am v2:172.21.15.8:53682/0 (socket says 172.21.15.8:53682)
2024-03-16T20:46:46.720 INFO:teuthology.orchestra.run.smithi008.stdout:/usr/bin/ceph: stderr
2024-03-16T20:46:45.175+0000 7f2e34a00700 1 -- 172.21.15.8:0/3036783051 learned_addr learned my addr 172.21.15.8:0/3036783051 (peer_addr_for_me v2:172.21.15.8:0/0)
2024-03-16T20:46:46.720 INFO:teuthology.orchestra.run.smithi008.stdout:/usr/bin/ceph: stderr
2024-03-16T20:46:45.175+0000 7f2e34a00700 1 -- 172.21.15.8:0/3036783051 --> [v2:172.21.15.8:3300/0,v1:172.21.15.8:6789/0] -- mon_subscribe({config=0+,monmap=0+}) v3 -- 0x7f2e24009550 con 0x7f2e30108390
2024-03-16T20:46:46.720 INFO:teuthology.orchestra.run.smithi008.stdout:/usr/bin/ceph: stderr
2024-03-16T20:46:45.176+0000 7f2e34a00700 1 --2- 172.21.15.8:0/3036783051 >> [v2:172.21.15.8:3300/0,v1:172.21.15.8:6789/0] conn(0x7f2e30108390 0x7f2e3019b610 secure :-1 s=READY pgs=48 cs=0 l=1 rev1=1 crypto rx=0x7f2e24009130 tx=0x7f2e24011bf0 comp rx=0 tx=0).ready entity=mon.0 client_cookie=0 server_cookie=0 in_seq=0 out_seq=0
2024-03-16T20:46:46.720 INFO:teuthology.orchestra.run.smithi008.stdout:/usr/bin/ceph: stderr
2024-03-16T20:46:45.176+0000 7f2e2d600700 1 -- 172.21.15.8:0/3036783051 <== mon.0 v2:172.21.15.8:3300/0 1 ==== mon_map magic: 0 v1 ==== 205+0+0 (secure 0 0 0) 0x7f2e24003aa0 con 0x7f2e30108390
2024-03-16T20:46:46.721 INFO:teuthology.orchestra.run.smithi008.stdout:/usr/bin/ceph: stderr
2024-03-16T20:46:45.176+0000 7f2e2d600700 1 -- 172.21.15.8:0/3036783051 <== mon.0 v2:172.21.15.8:3300/0 2 ==== config(28 keys) v1 ==== 1143+0+0 (secure 0 0 0) 0x7f2e24003c00 con 0x7f2e30108390
2024-03-16T20:46:46.721 INFO:teuthology.orchestra.run.smithi008.stdout:/usr/bin/ceph: stderr
2024-03-16T20:46:45.176+0000 7f2e35e00700 1 -- 172.21.15.8:0/3036783051 --> [v2:172.21.15.8:3300/0,v1:172.21.15.8:6789/0] -- mon_subscribe({mgrmap=0+}) v3 -- 0x7f2e3019bd50 con 0x7f2e30108390
2024-03-16T20:46:46.721 INFO:teuthology.orchestra.run.smithi008.stdout:/usr/bin/ceph: stderr
2024-03-16T20:46:45.176+0000 7f2e2d600700 1 -- 172.21.15.8:0/3036783051 <== mon.0 v2:172.21.15.8:3300/0 3 ==== mon_map magic: 0 v1 ==== 205+0+0 (secure 0 0 0) 0x7f2e240248b0 con 0x7f2e30108390
2024-03-16T20:46:46.721 INFO:teuthology.orchestra.run.smithi008.stdout:/usr/bin/ceph: stderr
2024-03-16T20:46:45.176+0000 7f2e35e00700 1 -- 172.21.15.8:0/3036783051 --> [v2:172.21.15.8:3300/0,v1:172.21.15.8:6789/0] -- mon_subscribe({osdmap=0}) v3 -- 0x7f2e3019c1f0 con 0x7f2e30108390
2024-03-16T20:46:46.721 INFO:teuthology.orchestra.run.smithi008.stdout:/usr/bin/ceph: stderr
2024-03-16T20:46:45.177+0000 7f2e2d600700 1 -- 172.21.15.8:0/3036783051 <== mon.0 v2:172.21.15.8:3300/0 4 ==== mgrmap(e 8) v1 ==== 45769+0+0 (secure 0 0 0) 0x7f2e2401ac30 con 0x7f2e30108390
2024-03-16T20:46:46.721 INFO:teuthology.orchestra.run.smithi008.stdout:/usr/bin/ceph: stderr
2024-03-16T20:46:45.177+0000 7f2e35e00700 1 -- 172.21.15.8:0/3036783051 --> [v2:172.21.15.8:3300/0,v1:172.21.15.8:6789/0] -- mon_command({"prefix": "get_command_descriptions"} v 0) v1 -- 0x7f2e3010ba60 con 0x7f2e30108390
2024-03-16T20:46:46.721 INFO:teuthology.orchestra.run.smithi008.stdout:/usr/bin/ceph: stderr
2024-03-16T20:46:45.178+0000 7f2e2d600700 1 --2- 172.21.15.8:0/3036783051 >> [v2:172.21.15.8:6800/1972090527,v1:172.21.15.8:6801/1972090527] conn(0x7f2e18038d00 0x7f2e1803b1c0 unknown :-1 s=NONE pgs=0 cs=0 l=1 rev1=0 crypto rx=0 tx=0 comp rx=0 tx=0).connect
2024-03-16T20:46:46.721 INFO:teuthology.orchestra.run.smithi008.stdout:/usr/bin/ceph: stderr
2024-03-16T20:46:45.178+0000 7f2e2d600700 1 -- 172.21.15.8:0/3036783051 <== mon.0 v2:172.21.15.8:3300/0 5 ==== osd_map(2..2 src has 1..2) v4 ==== 940+0+0 (secure 0 0 0) 0x7f2e2404cde0 con 0x7f2e30108390
2024-03-16T20:46:46.721 INFO:teuthology.orchestra.run.smithi008.stdout:/usr/bin/ceph: stderr
2024-03-16T20:46:45.178+0000 7f2e2fe00700 1 --2- 172.21.15.8:0/3036783051 >> [v2:172.21.15.8:6800/1972090527,v1:172.21.15.8:6801/1972090527] conn(0x7f2e18038d00 0x7f2e1803b1c0 unknown :-1 s=BANNER_CONNECTING pgs=0 cs=0 l=1 rev1=0 crypto rx=0 tx=0 comp rx=0 tx=0)._handle_peer_banner_payload supported=3 required=0
2024-03-16T20:46:46.721 INFO:teuthology.orchestra.run.smithi008.stdout:/usr/bin/ceph: stderr
2024-03-16T20:46:45.179+0000 7f2e2fe00700 1 --2- 172.21.15.8:0/3036783051 >> [v2:172.21.15.8:6800/1972090527,v1:172.21.15.8:6801/1972090527] conn(0x7f2e18038d00 0x7f2e1803b1c0 secure :-1 s=READY pgs=12 cs=0 l=1 rev1=1 crypto rx=0x7f2e1c006fd0 tx=0x7f2e1c006e40 comp rx=0 tx=0).ready entity=mgr.14120 client_cookie=0 server_cookie=0 in_seq=0 out_seq=0
2024-03-16T20:46:46.721 INFO:teuthology.orchestra.run.smithi008.stdout:/usr/bin/ceph: stderr
2024-03-16T20:46:45.184+0000 7f2e2d600700 1 -- 172.21.15.8:0/3036783051 <== mon.0 v2:172.21.15.8:3300/0 6 ==== mon_command_ack([{"prefix": "get_command_descriptions"}]=0 v0) v1 ==== 72+0+184932 (secure 0 0 0) 0x7f2e24024a10 con 0x7f2e30108390
2024-03-16T20:46:46.722 INFO:teuthology.orchestra.run.smithi008.stdout:/usr/bin/ceph: stderr
2024-03-16T20:46:45.436+0000 7f2e35e00700 1 -- 172.21.15.8:0/3036783051 --> [v2:172.21.15.8:6800/1972090527,v1:172.21.15.8:6801/1972090527] -- mgr_command(tid 0: {"prefix": "orch apply", "service_type": "mon", "unmanaged": true, "target": ["mon-mgr", ""]}) v1 -- 0x7f2e30102f40 con 0x7f2e18038d00
2024-03-16T20:46:46.722 INFO:teuthology.orchestra.run.smithi008.stdout:/usr/bin/ceph: stderr
2024-03-16T20:46:45.447+0000 7f2e2d600700 1 -- 172.21.15.8:0/3036783051 <== mgr.14120 v2:172.21.15.8:6800/1972090527 1 ==== mgr_command_reply(tid 0: 0 ) v1 ==== 8+0+24 (secure 0 0 0) 0x7f2e30102f40 con 0x7f2e18038d00
2024-03-16T20:46:46.722 INFO:teuthology.orchestra.run.smithi008.stdout:/usr/bin/ceph: stderr
2024-03-16T20:46:45.449+0000 7f2e35e00700 1 -- 172.21.15.8:0/3036783051 >> [v2:172.21.15.8:6800/1972090527,v1:172.21.15.8:6801/1972090527] conn(0x7f2e18038d00 msgr2=0x7f2e1803b1c0 secure :-1 s=STATE_CONNECTION_ESTABLISHED l=1).mark_down
2024-03-16T20:46:46.722 INFO:teuthology.orchestra.run.smithi008.stdout:/usr/bin/ceph: stderr
2024-03-16T20:46:45.449+0000 7f2e35e00700 1 --2- 172.21.15.8:0/3036783051 >> [v2:172.21.15.8:6800/1972090527,v1:172.21.15.8:6801/1972090527] conn(0x7f2e18038d00 0x7f2e1803b1c0 secure :-1 s=READY pgs=12 cs=0 l=1 rev1=1 crypto rx=0x7f2e1c006fd0 tx=0x7f2e1c006e40 comp rx=0 tx=0).stop
2024-03-16T20:46:46.722 INFO:teuthology.orchestra.run.smithi008.stdout:/usr/bin/ceph: stderr
2024-03-16T20:46:45.449+0000 7f2e35e00700 1 -- 172.21.15.8:0/3036783051 >> [v2:172.21.15.8:3300/0,v1:172.21.15.8:6789/0] conn(0x7f2e30108390 msgr2=0x7f2e3019b610 secure :-1 s=STATE_CONNECTION_ESTABLISHED l=1).mark_down
2024-03-16T20:46:46.722 INFO:teuthology.orchestra.run.smithi008.stdout:/usr/bin/ceph: stderr
2024-03-16T20:46:45.449+0000 7f2e35e00700 1 --2- 172.21.15.8:0/3036783051 >> [v2:172.21.15.8:3300/0,v1:172.21.15.8:6789/0] conn(0x7f2e30108390 0x7f2e3019b610 secure :-1 s=READY pgs=48 cs=0 l=1 rev1=1 crypto rx=0x7f2e24009130 tx=0x7f2e24011bf0 comp rx=0 tx=0).stop
2024-03-16T20:46:46.722 INFO:teuthology.orchestra.run.smithi008.stdout:/usr/bin/ceph: stderr
2024-03-16T20:46:45.450+0000 7f2e35e00700 1 -- 172.21.15.8:0/3036783051 shutdown_connections
2024-03-16T20:46:46.722 INFO:teuthology.orchestra.run.smithi008.stdout:/usr/bin/ceph: stderr
2024-03-16T20:46:45.450+0000 7f2e35e00700 1 --2- 172.21.15.8:0/3036783051 >> [v2:172.21.15.8:6800/1972090527,v1:172.21.15.8:6801/1972090527] conn(0x7f2e18038d00 0x7f2e1803b1c0 unknown :-1 s=CLOSED pgs=12 cs=0 l=1 rev1=1 crypto rx=0 tx=0 comp rx=0 tx=0).stop
2024-03-16T20:46:46.722 INFO:teuthology.orchestra.run.smithi008.stdout:/usr/bin/ceph: stderr
2024-03-16T20:46:45.450+0000 7f2e35e00700 1 --2- 172.21.15.8:0/3036783051 >> [v2:172.21.15.8:3300/0,v1:172.21.15.8:6789/0] conn(0x7f2e30108390 0x7f2e3019b610 unknown :-1 s=CLOSED pgs=48 cs=0 l=1 rev1=1 crypto rx=0 tx=0 comp rx=0 tx=0).stop
2024-03-16T20:46:46.722 INFO:teuthology.orchestra.run.smithi008.stdout:/usr/bin/ceph: stderr
2024-03-16T20:46:45.450+0000 7f2e35e00700 1 -- 172.21.15.8:0/3036783051 >> 172.21.15.8:0/3036783051 conn(0x7f2e30101d60 msgr2=0x7f2e30102830 unknown :-1 s=STATE_NONE l=0).mark_down
2024-03-16T20:46:46.722 INFO:teuthology.orchestra.run.smithi008.stdout:/usr/bin/ceph: stderr
2024-03-16T20:46:45.450+0000 7f2e35e00700 1 -- 172.21.15.8:0/3036783051 shutdown_connections
2024-03-16T20:46:46.722 INFO:teuthology.orchestra.run.smithi008.stdout:/usr/bin/ceph: stderr
2024-03-16T20:46:45.450+0000 7f2e35e00700 1 -- 172.21.15.8:0/3036783051 wait complete.
2024-03-16T20:46:46.723 INFO:teuthology.orchestra.run.smithi008.stdout:Deploying unmanaged mgr service...
2024-03-16T20:46:48.693 INFO:journalctl@ceph.mon.a.smithi008.stdout:Mar 16 20:46:48 smithi008 ceph-mon[31434]: from='mgr.14120 172.21.15.8:0/2879762992' entity='mgr.x'
2024-03-16T20:46:48.693 INFO:journalctl@ceph.mon.a.smithi008.stdout:Mar 16 20:46:48 smithi008 ceph-mon[31434]: from='mgr.14120 172.21.15.8:0/2879762992' entity='mgr.x'
2024-03-16T20:46:48.693 INFO:journalctl@ceph.mon.a.smithi008.stdout:Mar 16 20:46:48 smithi008 ceph-mon[31434]: from='mgr.14120 172.21.15.8:0/2879762992' entity='mgr.x'
2024-03-16T20:46:48.707 INFO:teuthology.orchestra.run.smithi008.stdout:/usr/bin/ceph: stdout Scheduled mgr update...
2024-03-16T20:46:48.708 INFO:teuthology.orchestra.run.smithi008.stdout:/usr/bin/ceph: stderr
2024-03-16T20:46:47.774+0000 7fc27ae00700 1 Processor -- start
2024-03-16T20:46:48.709 INFO:teuthology.orchestra.run.smithi008.stdout:/usr/bin/ceph: stderr
2024-03-16T20:46:47.775+0000 7fc27ae00700 1 -- start start
2024-03-16T20:46:48.709 INFO:teuthology.orchestra.run.smithi008.stdout:/usr/bin/ceph: stderr
2024-03-16T20:46:47.775+0000 7fc27ae00700 1 --2- >> [v2:172.21.15.8:3300/0,v1:172.21.15.8:6789/0] conn(0x7fc27407dd70 0x7fc27407c330 unknown :-1 s=NONE pgs=0 cs=0 l=0 rev1=0 crypto rx=0 tx=0 comp rx=0 tx=0).connect
2024-03-16T20:46:48.709 INFO:teuthology.orchestra.run.smithi008.stdout:/usr/bin/ceph: stderr
2024-03-16T20:46:47.775+0000 7fc27ae00700 1 -- --> [v2:172.21.15.8:3300/0,v1:172.21.15.8:6789/0] -- mon_getmap magic: 0 v1 -- 0x7fc27407e190 con 0x7fc27407dd70
2024-03-16T20:46:48.709 INFO:teuthology.orchestra.run.smithi008.stdout:/usr/bin/ceph: stderr
2024-03-16T20:46:47.776+0000 7fc273e00700 1 --2- >> [v2:172.21.15.8:3300/0,v1:172.21.15.8:6789/0] conn(0x7fc27407dd70 0x7fc27407c330 unknown :-1 s=BANNER_CONNECTING pgs=0 cs=0 l=0 rev1=0 crypto rx=0 tx=0 comp rx=0 tx=0)._handle_peer_banner_payload supported=3 required=0
2024-03-16T20:46:48.717 INFO:teuthology.orchestra.run.smithi008.stdout:/usr/bin/ceph: stderr
2024-03-16T20:46:47.776+0000 7fc273e00700 1 --2- >> [v2:172.21.15.8:3300/0,v1:172.21.15.8:6789/0] conn(0x7fc27407dd70 0x7fc27407c330 unknown :-1 s=HELLO_CONNECTING pgs=0 cs=0 l=0 rev1=1 crypto rx=0 tx=0 comp rx=0 tx=0).handle_hello peer v2:172.21.15.8:3300/0 says I am v2:172.21.15.8:53692/0 (socket says 172.21.15.8:53692)
2024-03-16T20:46:48.718 INFO:teuthology.orchestra.run.smithi008.stdout:/usr/bin/ceph: stderr
2024-03-16T20:46:47.776+0000 7fc273e00700 1 -- 172.21.15.8:0/3749406575 learned_addr learned my addr 172.21.15.8:0/3749406575 (peer_addr_for_me v2:172.21.15.8:0/0)
2024-03-16T20:46:48.718 INFO:teuthology.orchestra.run.smithi008.stdout:/usr/bin/ceph: stderr
2024-03-16T20:46:47.777+0000 7fc273e00700 1 -- 172.21.15.8:0/3749406575 --> [v2:172.21.15.8:3300/0,v1:172.21.15.8:6789/0] -- mon_subscribe({config=0+,monmap=0+}) v3 -- 0x7fc27407c870 con 0x7fc27407dd70
2024-03-16T20:46:48.718 INFO:teuthology.orchestra.run.smithi008.stdout:/usr/bin/ceph: stderr
2024-03-16T20:46:47.777+0000 7fc273e00700 1 --2- 172.21.15.8:0/3749406575 >> [v2:172.21.15.8:3300/0,v1:172.21.15.8:6789/0] conn(0x7fc27407dd70 0x7fc27407c330 secure :-1 s=READY pgs=49 cs=0 l=1 rev1=1 crypto rx=0x7fc2640098a0 tx=0x7fc264009bb0 comp rx=0 tx=0).ready entity=mon.0 client_cookie=671a82255e443fb2 server_cookie=0 in_seq=0 out_seq=0
2024-03-16T20:46:48.718 INFO:teuthology.orchestra.run.smithi008.stdout:/usr/bin/ceph: stderr
2024-03-16T20:46:47.777+0000 7fc272a00700 1 -- 172.21.15.8:0/3749406575 <== mon.0 v2:172.21.15.8:3300/0 1 ==== mon_map magic: 0 v1 ==== 205+0+0 (secure 0 0 0) 0x7fc264004160 con 0x7fc27407dd70
2024-03-16T20:46:48.718 INFO:teuthology.orchestra.run.smithi008.stdout:/usr/bin/ceph: stderr
2024-03-16T20:46:47.777+0000 7fc272a00700 1 -- 172.21.15.8:0/3749406575 <== mon.0 v2:172.21.15.8:3300/0 2 ==== config(28 keys) v1 ==== 1174+0+0 (secure 0 0 0) 0x7fc2640042c0 con 0x7fc27407dd70
2024-03-16T20:46:48.718 INFO:teuthology.orchestra.run.smithi008.stdout:/usr/bin/ceph: stderr
2024-03-16T20:46:47.777+0000 7fc272a00700 1 -- 172.21.15.8:0/3749406575 <== mon.0 v2:172.21.15.8:3300/0 3 ==== mon_map magic: 0 v1 ==== 205+0+0 (secure 0 0 0) 0x7fc264011b90 con 0x7fc27407dd70
2024-03-16T20:46:48.719 INFO:teuthology.orchestra.run.smithi008.stdout:/usr/bin/ceph: stderr
2024-03-16T20:46:47.778+0000 7fc27ae00700 1 -- 172.21.15.8:0/3749406575 >> [v2:172.21.15.8:3300/0,v1:172.21.15.8:6789/0] conn(0x7fc27407dd70 msgr2=0x7fc27407c330 secure :-1 s=STATE_CONNECTION_ESTABLISHED l=1).mark_down
2024-03-16T20:46:48.719 INFO:teuthology.orchestra.run.smithi008.stdout:/usr/bin/ceph: stderr
2024-03-16T20:46:47.778+0000 7fc27ae00700 1 --2- 172.21.15.8:0/3749406575 >> [v2:172.21.15.8:3300/0,v1:172.21.15.8:6789/0] conn(0x7fc27407dd70 0x7fc27407c330 secure :-1 s=READY pgs=49 cs=0 l=1 rev1=1 crypto rx=0x7fc2640098a0 tx=0x7fc264009bb0 comp rx=0 tx=0).stop
2024-03-16T20:46:48.719 INFO:teuthology.orchestra.run.smithi008.stdout:/usr/bin/ceph: stderr
2024-03-16T20:46:47.778+0000 7fc27ae00700 1 -- 172.21.15.8:0/3749406575 shutdown_connections
2024-03-16T20:46:48.719 INFO:teuthology.orchestra.run.smithi008.stdout:/usr/bin/ceph: stderr
2024-03-16T20:46:47.778+0000 7fc27ae00700 1 --2- 172.21.15.8:0/3749406575 >> [v2:172.21.15.8:3300/0,v1:172.21.15.8:6789/0] conn(0x7fc27407dd70 0x7fc27407c330 unknown :-1 s=CLOSED pgs=49 cs=0 l=1 rev1=1 crypto rx=0 tx=0 comp rx=0 tx=0).stop
2024-03-16T20:46:48.719 INFO:teuthology.orchestra.run.smithi008.stdout:/usr/bin/ceph: stderr
2024-03-16T20:46:47.778+0000 7fc27ae00700 1 -- 172.21.15.8:0/3749406575 >> 172.21.15.8:0/3749406575 conn(0x7fc274103140 msgr2=0x7fc274105560 unknown :-1 s=STATE_NONE l=0).mark_down
2024-03-16T20:46:48.720 INFO:teuthology.orchestra.run.smithi008.stdout:/usr/bin/ceph: stderr
2024-03-16T20:46:47.778+0000 7fc27ae00700 1 -- 172.21.15.8:0/3749406575 shutdown_connections
2024-03-16T20:46:48.720 INFO:teuthology.orchestra.run.smithi008.stdout:/usr/bin/ceph: stderr
2024-03-16T20:46:47.778+0000 7fc27ae00700 1 -- 172.21.15.8:0/3749406575 wait complete.
2024-03-16T20:46:48.720 INFO:teuthology.orchestra.run.smithi008.stdout:/usr/bin/ceph: stderr
2024-03-16T20:46:47.779+0000 7fc27ae00700 1 Processor -- start
2024-03-16T20:46:48.720 INFO:teuthology.orchestra.run.smithi008.stdout:/usr/bin/ceph: stderr
2024-03-16T20:46:47.780+0000 7fc27ae00700 1 -- start start
2024-03-16T20:46:48.720 INFO:teuthology.orchestra.run.smithi008.stdout:/usr/bin/ceph: stderr
2024-03-16T20:46:47.780+0000 7fc27ae00700 1 --2- >> [v2:172.21.15.8:3300/0,v1:172.21.15.8:6789/0] conn(0x7fc27407dd70 0x7fc27419da30 unknown :-1 s=NONE pgs=0 cs=0 l=1 rev1=0 crypto rx=0 tx=0 comp rx=0 tx=0).connect
2024-03-16T20:46:48.720 INFO:teuthology.orchestra.run.smithi008.stdout:/usr/bin/ceph: stderr
2024-03-16T20:46:47.780+0000 7fc27ae00700 1 -- --> [v2:172.21.15.8:3300/0,v1:172.21.15.8:6789/0] -- mon_getmap magic: 0 v1 -- 0x7fc27419df70 con 0x7fc27407dd70
2024-03-16T20:46:48.721 INFO:teuthology.orchestra.run.smithi008.stdout:/usr/bin/ceph: stderr
2024-03-16T20:46:47.780+0000 7fc273e00700 1 --2- >> [v2:172.21.15.8:3300/0,v1:172.21.15.8:6789/0] conn(0x7fc27407dd70 0x7fc27419da30 unknown :-1 s=BANNER_CONNECTING pgs=0 cs=0 l=1 rev1=0 crypto rx=0 tx=0 comp rx=0 tx=0)._handle_peer_banner_payload supported=3 required=0
2024-03-16T20:46:48.721 INFO:teuthology.orchestra.run.smithi008.stdout:/usr/bin/ceph: stderr
2024-03-16T20:46:47.780+0000 7fc273e00700 1 --2- >> [v2:172.21.15.8:3300/0,v1:172.21.15.8:6789/0] conn(0x7fc27407dd70 0x7fc27419da30 unknown :-1 s=HELLO_CONNECTING pgs=0 cs=0 l=1 rev1=1 crypto rx=0 tx=0 comp rx=0 tx=0).handle_hello peer v2:172.21.15.8:3300/0 says I am v2:172.21.15.8:53694/0 (socket says 172.21.15.8:53694)
2024-03-16T20:46:48.721 INFO:teuthology.orchestra.run.smithi008.stdout:/usr/bin/ceph: stderr
2024-03-16T20:46:47.780+0000 7fc273e00700 1 -- 172.21.15.8:0/361641828 learned_addr learned my addr 172.21.15.8:0/361641828 (peer_addr_for_me v2:172.21.15.8:0/0)
2024-03-16T20:46:48.721 INFO:teuthology.orchestra.run.smithi008.stdout:/usr/bin/ceph: stderr
2024-03-16T20:46:47.781+0000 7fc273e00700 1 -- 172.21.15.8:0/361641828 --> [v2:172.21.15.8:3300/0,v1:172.21.15.8:6789/0] -- mon_subscribe({config=0+,monmap=0+}) v3 -- 0x7fc264009550 con 0x7fc27407dd70
2024-03-16T20:46:48.721 INFO:teuthology.orchestra.run.smithi008.stdout:/usr/bin/ceph: stderr
2024-03-16T20:46:47.781+0000 7fc273e00700 1 --2- 172.21.15.8:0/361641828 >> [v2:172.21.15.8:3300/0,v1:172.21.15.8:6789/0] conn(0x7fc27407dd70 0x7fc27419da30 secure :-1 s=READY pgs=50 cs=0 l=1 rev1=1 crypto rx=0x7fc264011b40 tx=0x7fc264011c20 comp rx=0 tx=0).ready entity=mon.0 client_cookie=0 server_cookie=0 in_seq=0 out_seq=0
2024-03-16T20:46:48.722 INFO:teuthology.orchestra.run.smithi008.stdout:/usr/bin/ceph: stderr
2024-03-16T20:46:47.781+0000 7fc270c00700 1 -- 172.21.15.8:0/361641828 <== mon.0 v2:172.21.15.8:3300/0 1 ==== mon_map magic: 0 v1 ==== 205+0+0 (secure 0 0 0) 0x7fc264003aa0 con 0x7fc27407dd70
2024-03-16T20:46:48.722 INFO:teuthology.orchestra.run.smithi008.stdout:/usr/bin/ceph: stderr
2024-03-16T20:46:47.781+0000 7fc270c00700 1 -- 172.21.15.8:0/361641828 <== mon.0 v2:172.21.15.8:3300/0 2 ==== config(28 keys) v1 ==== 1174+0+0 (secure 0 0 0) 0x7fc264003c00 con 0x7fc27407dd70
2024-03-16T20:46:48.722 INFO:teuthology.orchestra.run.smithi008.stdout:/usr/bin/ceph: stderr
2024-03-16T20:46:47.781+0000 7fc270c00700 1 -- 172.21.15.8:0/361641828 <== mon.0 v2:172.21.15.8:3300/0 3 ==== mon_map magic: 0 v1 ==== 205+0+0 (secure 0 0 0) 0x7fc264024840 con 0x7fc27407dd70
2024-03-16T20:46:48.722 INFO:teuthology.orchestra.run.smithi008.stdout:/usr/bin/ceph: stderr
2024-03-16T20:46:47.781+0000 7fc27ae00700 1 -- 172.21.15.8:0/361641828 --> [v2:172.21.15.8:3300/0,v1:172.21.15.8:6789/0] -- mon_subscribe({mgrmap=0+}) v3 -- 0x7fc27419e170 con 0x7fc27407dd70
2024-03-16T20:46:48.722 INFO:teuthology.orchestra.run.smithi008.stdout:/usr/bin/ceph: stderr
2024-03-16T20:46:47.781+0000 7fc27ae00700 1 -- 172.21.15.8:0/361641828 --> [v2:172.21.15.8:3300/0,v1:172.21.15.8:6789/0] -- mon_subscribe({osdmap=0}) v3 -- 0x7fc27419e610 con 0x7fc27407dd70
2024-03-16T20:46:48.723 INFO:teuthology.orchestra.run.smithi008.stdout:/usr/bin/ceph: stderr
2024-03-16T20:46:47.783+0000 7fc27ae00700 1 -- 172.21.15.8:0/361641828 --> [v2:172.21.15.8:3300/0,v1:172.21.15.8:6789/0] -- mon_command({"prefix": "get_command_descriptions"} v 0) v1 -- 0x7fc27410de10 con 0x7fc27407dd70
2024-03-16T20:46:48.723 INFO:teuthology.orchestra.run.smithi008.stdout:/usr/bin/ceph: stderr
2024-03-16T20:46:47.783+0000 7fc270c00700 1 -- 172.21.15.8:0/361641828 <== mon.0 v2:172.21.15.8:3300/0 4 ==== mgrmap(e 8) v1 ==== 45769+0+0 (secure 0 0 0) 0x7fc26401abc0 con 0x7fc27407dd70
2024-03-16T20:46:48.723 INFO:teuthology.orchestra.run.smithi008.stdout:/usr/bin/ceph: stderr
2024-03-16T20:46:47.783+0000 7fc270c00700 1 --2- 172.21.15.8:0/361641828 >> [v2:172.21.15.8:6800/1972090527,v1:172.21.15.8:6801/1972090527] conn(0x7fc258038cb0 0x7fc25803b170 unknown :-1 s=NONE pgs=0 cs=0 l=1 rev1=0 crypto rx=0 tx=0 comp rx=0 tx=0).connect
2024-03-16T20:46:48.723 INFO:teuthology.orchestra.run.smithi008.stdout:/usr/bin/ceph: stderr
2024-03-16T20:46:47.783+0000 7fc270c00700 1 -- 172.21.15.8:0/361641828 <== mon.0 v2:172.21.15.8:3300/0 5 ==== osd_map(2..2 src has 1..2) v4 ==== 940+0+0 (secure 0 0 0) 0x7fc26404ce30 con 0x7fc27407dd70
2024-03-16T20:46:48.723 INFO:teuthology.orchestra.run.smithi008.stdout:/usr/bin/ceph: stderr
2024-03-16T20:46:47.784+0000 7fc273400700 1 --2- 172.21.15.8:0/361641828 >> [v2:172.21.15.8:6800/1972090527,v1:172.21.15.8:6801/1972090527] conn(0x7fc258038cb0 0x7fc25803b170 unknown :-1 s=BANNER_CONNECTING pgs=0 cs=0 l=1 rev1=0 crypto rx=0 tx=0 comp rx=0 tx=0)._handle_peer_banner_payload supported=3 required=0
2024-03-16T20:46:48.724 INFO:teuthology.orchestra.run.smithi008.stdout:/usr/bin/ceph: stderr
2024-03-16T20:46:47.785+0000 7fc273400700 1 --2- 172.21.15.8:0/361641828 >> [v2:172.21.15.8:6800/1972090527,v1:172.21.15.8:6801/1972090527] conn(0x7fc258038cb0 0x7fc25803b170 secure :-1 s=READY pgs=13 cs=0 l=1 rev1=1 crypto rx=0x7fc260006fd0 tx=0x7fc260006e40 comp rx=0 tx=0).ready entity=mgr.14120 client_cookie=0 server_cookie=0 in_seq=0 out_seq=0
2024-03-16T20:46:48.724 INFO:teuthology.orchestra.run.smithi008.stdout:/usr/bin/ceph: stderr
2024-03-16T20:46:47.789+0000 7fc270c00700 1 -- 172.21.15.8:0/361641828 <== mon.0 v2:172.21.15.8:3300/0 6 ==== mon_command_ack([{"prefix": "get_command_descriptions"}]=0 v0) v1 ==== 72+0+184932 (secure 0 0 0) 0x7fc264024ab0 con 0x7fc27407dd70
2024-03-16T20:46:48.724 INFO:teuthology.orchestra.run.smithi008.stdout:/usr/bin/ceph: stderr
2024-03-16T20:46:48.031+0000 7fc27ae00700 1 -- 172.21.15.8:0/361641828 --> [v2:172.21.15.8:6800/1972090527,v1:172.21.15.8:6801/1972090527] -- mgr_command(tid 0: {"prefix": "orch apply", "service_type": "mgr", "unmanaged": true, "target": ["mon-mgr", ""]}) v1 -- 0x7fc2741a0f50 con 0x7fc258038cb0
2024-03-16T20:46:48.724 INFO:teuthology.orchestra.run.smithi008.stdout:/usr/bin/ceph: stderr
2024-03-16T20:46:48.037+0000 7fc270c00700 1 -- 172.21.15.8:0/361641828 <== mgr.14120 v2:172.21.15.8:6800/1972090527 1 ==== mgr_command_reply(tid 0: 0 ) v1 ==== 8+0+24 (secure 0 0 0) 0x7fc2741a0f50 con 0x7fc258038cb0
2024-03-16T20:46:48.724 INFO:teuthology.orchestra.run.smithi008.stdout:/usr/bin/ceph: stderr
2024-03-16T20:46:48.040+0000 7fc27ae00700 1 -- 172.21.15.8:0/361641828 >> [v2:172.21.15.8:6800/1972090527,v1:172.21.15.8:6801/1972090527] conn(0x7fc258038cb0 msgr2=0x7fc25803b170 secure :-1 s=STATE_CONNECTION_ESTABLISHED l=1).mark_down
2024-03-16T20:46:48.725 INFO:teuthology.orchestra.run.smithi008.stdout:/usr/bin/ceph: stderr
2024-03-16T20:46:48.040+0000 7fc27ae00700 1 --2- 172.21.15.8:0/361641828 >> [v2:172.21.15.8:6800/1972090527,v1:172.21.15.8:6801/1972090527] conn(0x7fc258038cb0 0x7fc25803b170 secure :-1 s=READY pgs=13 cs=0 l=1 rev1=1 crypto rx=0x7fc260006fd0 tx=0x7fc260006e40 comp rx=0 tx=0).stop
2024-03-16T20:46:48.725 INFO:teuthology.orchestra.run.smithi008.stdout:/usr/bin/ceph: stderr
2024-03-16T20:46:48.040+0000 7fc27ae00700 1 -- 172.21.15.8:0/361641828 >> [v2:172.21.15.8:3300/0,v1:172.21.15.8:6789/0] conn(0x7fc27407dd70 msgr2=0x7fc27419da30 secure :-1 s=STATE_CONNECTION_ESTABLISHED l=1).mark_down
2024-03-16T20:46:48.725 INFO:teuthology.orchestra.run.smithi008.stdout:/usr/bin/ceph: stderr
2024-03-16T20:46:48.040+0000 7fc27ae00700 1 --2- 172.21.15.8:0/361641828 >> [v2:172.21.15.8:3300/0,v1:172.21.15.8:6789/0] conn(0x7fc27407dd70 0x7fc27419da30 secure :-1 s=READY pgs=50 cs=0 l=1 rev1=1 crypto rx=0x7fc264011b40 tx=0x7fc264011c20 comp rx=0 tx=0).stop
2024-03-16T20:46:48.725 INFO:teuthology.orchestra.run.smithi008.stdout:/usr/bin/ceph: stderr
2024-03-16T20:46:48.040+0000 7fc27ae00700 1 -- 172.21.15.8:0/361641828 shutdown_connections
2024-03-16T20:46:48.725 INFO:teuthology.orchestra.run.smithi008.stdout:/usr/bin/ceph: stderr
2024-03-16T20:46:48.040+0000 7fc27ae00700 1 --2- 172.21.15.8:0/361641828 >> [v2:172.21.15.8:6800/1972090527,v1:172.21.15.8:6801/1972090527] conn(0x7fc258038cb0 0x7fc25803b170 unknown :-1 s=CLOSED pgs=13 cs=0 l=1 rev1=1 crypto rx=0 tx=0 comp rx=0 tx=0).stop
2024-03-16T20:46:48.725 INFO:teuthology.orchestra.run.smithi008.stdout:/usr/bin/ceph: stderr
2024-03-16T20:46:48.040+0000 7fc27ae00700 1 --2- 172.21.15.8:0/361641828 >> [v2:172.21.15.8:3300/0,v1:172.21.15.8:6789/0] conn(0x7fc27407dd70 0x7fc27419da30 unknown :-1 s=CLOSED pgs=50 cs=0 l=1 rev1=1 crypto rx=0 tx=0 comp rx=0 tx=0).stop
2024-03-16T20:46:48.726 INFO:teuthology.orchestra.run.smithi008.stdout:/usr/bin/ceph: stderr
2024-03-16T20:46:48.040+0000 7fc27ae00700 1 -- 172.21.15.8:0/361641828 >> 172.21.15.8:0/361641828 conn(0x7fc274103140 msgr2=0x7fc274103cf0 unknown :-1 s=STATE_NONE l=0).mark_down
2024-03-16T20:46:48.726 INFO:teuthology.orchestra.run.smithi008.stdout:/usr/bin/ceph: stderr
2024-03-16T20:46:48.041+0000 7fc27ae00700 1 -- 172.21.15.8:0/361641828 shutdown_connections
2024-03-16T20:46:48.726 INFO:teuthology.orchestra.run.smithi008.stdout:/usr/bin/ceph: stderr
2024-03-16T20:46:48.041+0000 7fc27ae00700 1 -- 172.21.15.8:0/361641828 wait complete.
2024-03-16T20:46:49.575 INFO:journalctl@ceph.mon.a.smithi008.stdout:Mar 16 20:46:49 smithi008 ceph-mon[31434]: pgmap v3: 0 pgs: ; 0 B data, 0 B used, 0 B / 0 B avail
2024-03-16T20:46:49.575 INFO:journalctl@ceph.mon.a.smithi008.stdout:Mar 16 20:46:49 smithi008 ceph-mon[31434]: from='client.14144 -' entity='client.admin' cmd=[{"prefix": "orch apply", "service_type": "mgr", "unmanaged": true, "target": ["mon-mgr", ""]}]: dispatch
2024-03-16T20:46:49.575 INFO:journalctl@ceph.mon.a.smithi008.stdout:Mar 16 20:46:49 smithi008 ceph-mon[31434]: Saving service mgr spec with placement count:2
2024-03-16T20:46:50.743 INFO:journalctl@ceph.mon.a.smithi008.stdout:Mar 16 20:46:50 smithi008 ceph-mon[31434]: from='client.? 172.21.15.8:0/28379753' entity='client.admin'
2024-03-16T20:46:50.744 INFO:journalctl@ceph.mon.a.smithi008.stdout:Mar 16 20:46:50 smithi008 ceph-mon[31434]: from='mgr.14120 172.21.15.8:0/2879762992' entity='mgr.x'
2024-03-16T20:46:50.864 INFO:teuthology.orchestra.run.smithi008.stdout:/usr/bin/ceph: stderr
2024-03-16T20:46:49.289+0000 7f5572a00700 1 Processor -- start
2024-03-16T20:46:50.864 INFO:teuthology.orchestra.run.smithi008.stdout:/usr/bin/ceph: stderr
2024-03-16T20:46:49.290+0000 7f5572a00700 1 -- start start
2024-03-16T20:46:50.864 INFO:teuthology.orchestra.run.smithi008.stdout:/usr/bin/ceph: stderr
2024-03-16T20:46:49.290+0000 7f5572a00700 1 --2- >> [v2:172.21.15.8:3300/0,v1:172.21.15.8:6789/0] conn(0x7f556c107a40 0x7f556c107e60 unknown :-1 s=NONE pgs=0 cs=0 l=0 rev1=0 crypto rx=0 tx=0 comp rx=0 tx=0).connect
2024-03-16T20:46:50.864 INFO:teuthology.orchestra.run.smithi008.stdout:/usr/bin/ceph: stderr
2024-03-16T20:46:49.290+0000 7f5572a00700 1 -- --> [v2:172.21.15.8:3300/0,v1:172.21.15.8:6789/0] -- mon_getmap magic: 0 v1 -- 0x7f556c108430 con 0x7f556c107a40
2024-03-16T20:46:50.864 INFO:teuthology.orchestra.run.smithi008.stdout:/usr/bin/ceph: stderr
2024-03-16T20:46:49.290+0000 7f556be00700 1 --2- >> [v2:172.21.15.8:3300/0,v1:172.21.15.8:6789/0] conn(0x7f556c107a40 0x7f556c107e60 unknown :-1 s=BANNER_CONNECTING pgs=0 cs=0 l=0 rev1=0 crypto rx=0 tx=0 comp rx=0 tx=0)._handle_peer_banner_payload supported=3 required=0
2024-03-16T20:46:50.864 INFO:teuthology.orchestra.run.smithi008.stdout:/usr/bin/ceph: stderr
2024-03-16T20:46:49.291+0000 7f556be00700 1 --2- >> [v2:172.21.15.8:3300/0,v1:172.21.15.8:6789/0] conn(0x7f556c107a40 0x7f556c107e60 unknown :-1 s=HELLO_CONNECTING pgs=0 cs=0 l=0 rev1=1 crypto rx=0 tx=0 comp rx=0 tx=0).handle_hello peer v2:172.21.15.8:3300/0 says I am v2:172.21.15.8:53830/0 (socket says 172.21.15.8:53830)
2024-03-16T20:46:50.865 INFO:teuthology.orchestra.run.smithi008.stdout:/usr/bin/ceph: stderr
2024-03-16T20:46:49.291+0000 7f556be00700 1 -- 172.21.15.8:0/3433885171 learned_addr learned my addr 172.21.15.8:0/3433885171 (peer_addr_for_me v2:172.21.15.8:0/0)
2024-03-16T20:46:50.865 INFO:teuthology.orchestra.run.smithi008.stdout:/usr/bin/ceph: stderr
2024-03-16T20:46:49.291+0000 7f556be00700 1 -- 172.21.15.8:0/3433885171 --> [v2:172.21.15.8:3300/0,v1:172.21.15.8:6789/0] -- mon_subscribe({config=0+,monmap=0+}) v3 -- 0x7f556c108ba0 con 0x7f556c107a40
2024-03-16T20:46:50.865 INFO:teuthology.orchestra.run.smithi008.stdout:/usr/bin/ceph: stderr
2024-03-16T20:46:49.291+0000 7f556be00700 1 --2- 172.21.15.8:0/3433885171 >> [v2:172.21.15.8:3300/0,v1:172.21.15.8:6789/0] conn(0x7f556c107a40 0x7f556c107e60 secure :-1 s=READY pgs=51 cs=0 l=1 rev1=1 crypto rx=0x7f555c0098a0 tx=0x7f555c009bb0 comp rx=0 tx=0).ready entity=mon.0 client_cookie=471a525585bedcbf server_cookie=0 in_seq=0 out_seq=0
2024-03-16T20:46:50.865 INFO:teuthology.orchestra.run.smithi008.stdout:/usr/bin/ceph: stderr
2024-03-16T20:46:49.292+0000 7f556aa00700 1 -- 172.21.15.8:0/3433885171 <== mon.0 v2:172.21.15.8:3300/0 1 ==== mon_map magic: 0 v1 ==== 205+0+0 (secure 0 0 0) 0x7f555c004160 con 0x7f556c107a40
2024-03-16T20:46:50.865 INFO:teuthology.orchestra.run.smithi008.stdout:/usr/bin/ceph: stderr
2024-03-16T20:46:49.292+0000 7f556aa00700 1 -- 172.21.15.8:0/3433885171 <== mon.0 v2:172.21.15.8:3300/0 2 ==== config(28 keys) v1 ==== 1174+0+0 (secure 0 0 0) 0x7f555c0042c0 con 0x7f556c107a40
2024-03-16T20:46:50.865 INFO:teuthology.orchestra.run.smithi008.stdout:/usr/bin/ceph: stderr
2024-03-16T20:46:49.292+0000 7f556aa00700 1 -- 172.21.15.8:0/3433885171 <== mon.0 v2:172.21.15.8:3300/0 3 ==== mon_map magic: 0 v1 ==== 205+0+0 (secure 0 0 0) 0x7f555c011b90 con 0x7f556c107a40
2024-03-16T20:46:50.865 INFO:teuthology.orchestra.run.smithi008.stdout:/usr/bin/ceph: stderr
2024-03-16T20:46:49.292+0000 7f5572a00700 1 -- 172.21.15.8:0/3433885171 >> [v2:172.21.15.8:3300/0,v1:172.21.15.8:6789/0] conn(0x7f556c107a40 msgr2=0x7f556c107e60 secure :-1 s=STATE_CONNECTION_ESTABLISHED l=1).mark_down
2024-03-16T20:46:50.866 INFO:teuthology.orchestra.run.smithi008.stdout:/usr/bin/ceph: stderr
2024-03-16T20:46:49.292+0000 7f5572a00700 1 --2- 172.21.15.8:0/3433885171 >> [v2:172.21.15.8:3300/0,v1:172.21.15.8:6789/0] conn(0x7f556c107a40 0x7f556c107e60 secure :-1 s=READY pgs=51 cs=0 l=1 rev1=1 crypto rx=0x7f555c0098a0 tx=0x7f555c009bb0 comp rx=0 tx=0).stop
2024-03-16T20:46:50.866 INFO:teuthology.orchestra.run.smithi008.stdout:/usr/bin/ceph: stderr
2024-03-16T20:46:49.292+0000 7f5572a00700 1 -- 172.21.15.8:0/3433885171 shutdown_connections
2024-03-16T20:46:50.866 INFO:teuthology.orchestra.run.smithi008.stdout:/usr/bin/ceph: stderr
2024-03-16T20:46:49.292+0000 7f5572a00700 1 --2- 172.21.15.8:0/3433885171 >> [v2:172.21.15.8:3300/0,v1:172.21.15.8:6789/0] conn(0x7f556c107a40 0x7f556c107e60 unknown :-1 s=CLOSED pgs=51 cs=0 l=1 rev1=1 crypto rx=0 tx=0 comp rx=0 tx=0).stop
2024-03-16T20:46:50.866 INFO:teuthology.orchestra.run.smithi008.stdout:/usr/bin/ceph: stderr
2024-03-16T20:46:49.292+0000 7f5572a00700 1 -- 172.21.15.8:0/3433885171 >> 172.21.15.8:0/3433885171 conn(0x7f556c102fc0 msgr2=0x7f556c105420 unknown :-1 s=STATE_NONE l=0).mark_down
2024-03-16T20:46:50.866 INFO:teuthology.orchestra.run.smithi008.stdout:/usr/bin/ceph: stderr
2024-03-16T20:46:49.293+0000 7f5572a00700 1 -- 172.21.15.8:0/3433885171 shutdown_connections
2024-03-16T20:46:50.866 INFO:teuthology.orchestra.run.smithi008.stdout:/usr/bin/ceph: stderr
2024-03-16T20:46:49.293+0000 7f5572a00700 1 -- 172.21.15.8:0/3433885171 wait complete.
2024-03-16T20:46:50.867 INFO:teuthology.orchestra.run.smithi008.stdout:/usr/bin/ceph: stderr
2024-03-16T20:46:49.294+0000 7f5572a00700 1 Processor -- start
2024-03-16T20:46:50.867 INFO:teuthology.orchestra.run.smithi008.stdout:/usr/bin/ceph: stderr
2024-03-16T20:46:49.294+0000 7f5572a00700 1 -- start start
2024-03-16T20:46:50.867 INFO:teuthology.orchestra.run.smithi008.stdout:/usr/bin/ceph: stderr
2024-03-16T20:46:49.294+0000 7f5572a00700 1 --2- >> [v2:172.21.15.8:3300/0,v1:172.21.15.8:6789/0] conn(0x7f556c107a40 0x7f556c19b820 unknown :-1 s=NONE pgs=0 cs=0 l=1 rev1=0 crypto rx=0 tx=0 comp rx=0 tx=0).connect
2024-03-16T20:46:50.867 INFO:teuthology.orchestra.run.smithi008.stdout:/usr/bin/ceph: stderr
2024-03-16T20:46:49.294+0000 7f5572a00700 1 -- --> [v2:172.21.15.8:3300/0,v1:172.21.15.8:6789/0] -- mon_getmap magic: 0 v1 -- 0x7f556c19bd60 con 0x7f556c107a40
2024-03-16T20:46:50.869 INFO:teuthology.orchestra.run.smithi008.stdout:/usr/bin/ceph: stderr
2024-03-16T20:46:49.295+0000 7f556be00700 1 --2- >> [v2:172.21.15.8:3300/0,v1:172.21.15.8:6789/0] conn(0x7f556c107a40 0x7f556c19b820 unknown :-1 s=BANNER_CONNECTING pgs=0 cs=0 l=1 rev1=0 crypto rx=0 tx=0 comp rx=0 tx=0)._handle_peer_banner_payload supported=3 required=0
2024-03-16T20:46:50.869 INFO:teuthology.orchestra.run.smithi008.stdout:/usr/bin/ceph: stderr
2024-03-16T20:46:49.295+0000 7f556be00700 1 --2- >> [v2:172.21.15.8:3300/0,v1:172.21.15.8:6789/0] conn(0x7f556c107a40 0x7f556c19b820 unknown :-1 s=HELLO_CONNECTING pgs=0 cs=0 l=1 rev1=1 crypto rx=0 tx=0 comp rx=0 tx=0).handle_hello peer v2:172.21.15.8:3300/0 says I am v2:172.21.15.8:53834/0 (socket says 172.21.15.8:53834)
2024-03-16T20:46:50.869 INFO:teuthology.orchestra.run.smithi008.stdout:/usr/bin/ceph: stderr
2024-03-16T20:46:49.295+0000 7f556be00700 1 -- 172.21.15.8:0/28379753 learned_addr learned my addr 172.21.15.8:0/28379753 (peer_addr_for_me v2:172.21.15.8:0/0)
2024-03-16T20:46:50.870 INFO:teuthology.orchestra.run.smithi008.stdout:/usr/bin/ceph: stderr
2024-03-16T20:46:49.295+0000 7f556be00700 1 -- 172.21.15.8:0/28379753 --> [v2:172.21.15.8:3300/0,v1:172.21.15.8:6789/0] -- mon_subscribe({config=0+,monmap=0+}) v3 -- 0x7f555c009550 con 0x7f556c107a40
2024-03-16T20:46:50.870 INFO:teuthology.orchestra.run.smithi008.stdout:/usr/bin/ceph: stderr
2024-03-16T20:46:49.295+0000 7f556be00700 1 --2- 172.21.15.8:0/28379753 >> [v2:172.21.15.8:3300/0,v1:172.21.15.8:6789/0] conn(0x7f556c107a40 0x7f556c19b820 secure :-1 s=READY pgs=52 cs=0 l=1 rev1=1 crypto rx=0x7f555c000c00 tx=0x7f555c011bf0 comp rx=0 tx=0).ready entity=mon.0 client_cookie=0 server_cookie=0 in_seq=0 out_seq=0
2024-03-16T20:46:50.870 INFO:teuthology.orchestra.run.smithi008.stdout:/usr/bin/ceph: stderr
2024-03-16T20:46:49.295+0000 7f5568c00700 1 -- 172.21.15.8:0/28379753 <== mon.0 v2:172.21.15.8:3300/0 1 ==== mon_map magic: 0 v1 ==== 205+0+0 (secure 0 0 0) 0x7f555c003aa0 con 0x7f556c107a40
2024-03-16T20:46:50.870 INFO:teuthology.orchestra.run.smithi008.stdout:/usr/bin/ceph: stderr
2024-03-16T20:46:49.296+0000 7f5568c00700 1 -- 172.21.15.8:0/28379753 <== mon.0 v2:172.21.15.8:3300/0 2 ==== config(28 keys) v1 ==== 1174+0+0 (secure 0 0 0) 0x7f555c003c00 con 0x7f556c107a40
2024-03-16T20:46:50.870 INFO:teuthology.orchestra.run.smithi008.stdout:/usr/bin/ceph: stderr
2024-03-16T20:46:49.296+0000 7f5568c00700 1 -- 172.21.15.8:0/28379753 <== mon.0 v2:172.21.15.8:3300/0 3 ==== mon_map magic: 0 v1 ==== 205+0+0 (secure 0 0 0) 0x7f555c024890 con 0x7f556c107a40
2024-03-16T20:46:50.870 INFO:teuthology.orchestra.run.smithi008.stdout:/usr/bin/ceph: stderr
2024-03-16T20:46:49.296+0000 7f5572a00700 1 -- 172.21.15.8:0/28379753 --> [v2:172.21.15.8:3300/0,v1:172.21.15.8:6789/0] -- mon_subscribe({mgrmap=0+}) v3 -- 0x7f556c19bf60 con 0x7f556c107a40
2024-03-16T20:46:50.870 INFO:teuthology.orchestra.run.smithi008.stdout:/usr/bin/ceph: stderr
2024-03-16T20:46:49.296+0000 7f5572a00700 1 -- 172.21.15.8:0/28379753 --> [v2:172.21.15.8:3300/0,v1:172.21.15.8:6789/0] -- mon_subscribe({osdmap=0}) v3 -- 0x7f556c19c400 con 0x7f556c107a40
2024-03-16T20:46:50.871 INFO:teuthology.orchestra.run.smithi008.stdout:/usr/bin/ceph: stderr
2024-03-16T20:46:49.297+0000 7f5568c00700 1 -- 172.21.15.8:0/28379753 <== mon.0 v2:172.21.15.8:3300/0 4 ==== mgrmap(e 8) v1 ==== 45769+0+0 (secure 0 0 0) 0x7f555c01ac30 con 0x7f556c107a40
2024-03-16T20:46:50.871 INFO:teuthology.orchestra.run.smithi008.stdout:/usr/bin/ceph: stderr
2024-03-16T20:46:49.297+0000 7f5562000700 1 -- 172.21.15.8:0/28379753 --> [v2:172.21.15.8:3300/0,v1:172.21.15.8:6789/0] -- mon_command({"prefix": "get_command_descriptions"} v 0) v1 -- 0x7f5544005330 con 0x7f556c107a40
2024-03-16T20:46:50.871 INFO:teuthology.orchestra.run.smithi008.stdout:/usr/bin/ceph: stderr
2024-03-16T20:46:49.297+0000 7f5568c00700 1 --2- 172.21.15.8:0/28379753 >> [v2:172.21.15.8:6800/1972090527,v1:172.21.15.8:6801/1972090527] conn(0x7f5550038d60 0x7f555003b220 unknown :-1 s=NONE pgs=0 cs=0 l=1 rev1=0 crypto rx=0 tx=0 comp rx=0 tx=0).connect
2024-03-16T20:46:50.871 INFO:teuthology.orchestra.run.smithi008.stdout:/usr/bin/ceph: stderr
2024-03-16T20:46:49.298+0000 7f5568c00700 1 -- 172.21.15.8:0/28379753 <== mon.0 v2:172.21.15.8:3300/0 5 ==== osd_map(2..2 src has 1..2) v4 ==== 940+0+0 (secure 0 0 0) 0x7f555c04ce10 con 0x7f556c107a40
2024-03-16T20:46:50.871 INFO:teuthology.orchestra.run.smithi008.stdout:/usr/bin/ceph: stderr
2024-03-16T20:46:49.298+0000 7f556b400700 1 --2- 172.21.15.8:0/28379753 >> [v2:172.21.15.8:6800/1972090527,v1:172.21.15.8:6801/1972090527] conn(0x7f5550038d60 0x7f555003b220 unknown :-1 s=BANNER_CONNECTING pgs=0 cs=0 l=1 rev1=0 crypto rx=0 tx=0 comp rx=0 tx=0)._handle_peer_banner_payload supported=3 required=0
2024-03-16T20:46:50.871 INFO:teuthology.orchestra.run.smithi008.stdout:/usr/bin/ceph: stderr
2024-03-16T20:46:49.298+0000 7f556b400700 1 --2- 172.21.15.8:0/28379753 >> [v2:172.21.15.8:6800/1972090527,v1:172.21.15.8:6801/1972090527] conn(0x7f5550038d60 0x7f555003b220 secure :-1 s=READY pgs=14 cs=0 l=1 rev1=1 crypto rx=0x7f5558006fd0 tx=0x7f5558006e40 comp rx=0 tx=0).ready entity=mgr.14120 client_cookie=0 server_cookie=0 in_seq=0 out_seq=0
2024-03-16T20:46:50.872 INFO:teuthology.orchestra.run.smithi008.stdout:/usr/bin/ceph: stderr
2024-03-16T20:46:49.303+0000 7f5568c00700 1 -- 172.21.15.8:0/28379753 <== mon.0 v2:172.21.15.8:3300/0 6 ==== mon_command_ack([{"prefix": "get_command_descriptions"}]=0 v0) v1 ==== 72+0+184932 (secure 0 0 0) 0x7f555c0249f0 con 0x7f556c107a40
2024-03-16T20:46:50.872 INFO:teuthology.orchestra.run.smithi008.stdout:/usr/bin/ceph: stderr
2024-03-16T20:46:49.570+0000 7f5562000700 1 -- 172.21.15.8:0/28379753 --> [v2:172.21.15.8:3300/0,v1:172.21.15.8:6789/0] -- mon_command([{prefix=config set, name=mgr/cephadm/container_init}] v 0) v1 -- 0x7f55440055e0 con 0x7f556c107a40
2024-03-16T20:46:50.872 INFO:teuthology.orchestra.run.smithi008.stdout:/usr/bin/ceph: stderr
2024-03-16T20:46:49.575+0000 7f5568c00700 1 -- 172.21.15.8:0/28379753 <== mon.0 v2:172.21.15.8:3300/0 7 ==== mon_command_ack([{prefix=config set, name=mgr/cephadm/container_init}]=0 v7)=0 v7) v1 ==== 142+0+0 (secure 0 0 0) 0x7f555c02c350 con 0x7f556c107a40
2024-03-16T20:46:50.872 INFO:teuthology.orchestra.run.smithi008.stdout:/usr/bin/ceph: stderr
2024-03-16T20:46:49.578+0000 7f5562000700 1 -- 172.21.15.8:0/28379753 >> [v2:172.21.15.8:6800/1972090527,v1:172.21.15.8:6801/1972090527] conn(0x7f5550038d60 msgr2=0x7f555003b220 secure :-1 s=STATE_CONNECTION_ESTABLISHED l=1).mark_down
2024-03-16T20:46:50.872 INFO:teuthology.orchestra.run.smithi008.stdout:/usr/bin/ceph: stderr
2024-03-16T20:46:49.578+0000 7f5562000700 1 --2- 172.21.15.8:0/28379753 >> [v2:172.21.15.8:6800/1972090527,v1:172.21.15.8:6801/1972090527] conn(0x7f5550038d60 0x7f555003b220 secure :-1 s=READY pgs=14 cs=0 l=1 rev1=1 crypto rx=0x7f5558006fd0 tx=0x7f5558006e40 comp rx=0 tx=0).stop
2024-03-16T20:46:50.872 INFO:teuthology.orchestra.run.smithi008.stdout:/usr/bin/ceph: stderr
2024-03-16T20:46:49.578+0000 7f5562000700 1 -- 172.21.15.8:0/28379753 >> [v2:172.21.15.8:3300/0,v1:172.21.15.8:6789/0] conn(0x7f556c107a40 msgr2=0x7f556c19b820 secure :-1 s=STATE_CONNECTION_ESTABLISHED l=1).mark_down
2024-03-16T20:46:50.873 INFO:teuthology.orchestra.run.smithi008.stdout:/usr/bin/ceph: stderr
2024-03-16T20:46:49.578+0000 7f5562000700 1 --2- 172.21.15.8:0/28379753 >> [v2:172.21.15.8:3300/0,v1:172.21.15.8:6789/0] conn(0x7f556c107a40 0x7f556c19b820 secure :-1 s=READY pgs=52 cs=0 l=1 rev1=1 crypto rx=0x7f555c000c00 tx=0x7f555c011bf0 comp rx=0 tx=0).stop
2024-03-16T20:46:50.873 INFO:teuthology.orchestra.run.smithi008.stdout:/usr/bin/ceph: stderr
2024-03-16T20:46:49.578+0000 7f5562000700 1 -- 172.21.15.8:0/28379753 shutdown_connections
2024-03-16T20:46:50.873 INFO:teuthology.orchestra.run.smithi008.stdout:/usr/bin/ceph: stderr
2024-03-16T20:46:49.578+0000 7f5562000700 1 --2- 172.21.15.8:0/28379753 >> [v2:172.21.15.8:6800/1972090527,v1:172.21.15.8:6801/1972090527] conn(0x7f5550038d60 0x7f555003b220 unknown :-1 s=CLOSED pgs=14 cs=0 l=1 rev1=1 crypto rx=0 tx=0 comp rx=0 tx=0).stop
2024-03-16T20:46:50.873 INFO:teuthology.orchestra.run.smithi008.stdout:/usr/bin/ceph: stderr
2024-03-16T20:46:49.578+0000 7f5562000700 1 --2- 172.21.15.8:0/28379753 >> [v2:172.21.15.8:3300/0,v1:172.21.15.8:6789/0] conn(0x7f556c107a40 0x7f556c19b820 unknown :-1 s=CLOSED pgs=52 cs=0 l=1 rev1=1 crypto rx=0 tx=0 comp rx=0 tx=0).stop
2024-03-16T20:46:50.873 INFO:teuthology.orchestra.run.smithi008.stdout:/usr/bin/ceph: stderr
2024-03-16T20:46:49.578+0000 7f5562000700 1 -- 172.21.15.8:0/28379753 >> 172.21.15.8:0/28379753 conn(0x7f556c102fc0 msgr2=0x7f556c103b70 unknown :-1 s=STATE_NONE l=0).mark_down
2024-03-16T20:46:50.874 INFO:teuthology.orchestra.run.smithi008.stdout:/usr/bin/ceph: stderr
2024-03-16T20:46:49.579+0000 7f5562000700 1 -- 172.21.15.8:0/28379753 shutdown_connections
2024-03-16T20:46:50.874 INFO:teuthology.orchestra.run.smithi008.stdout:/usr/bin/ceph: stderr
2024-03-16T20:46:49.579+0000 7f5562000700 1 -- 172.21.15.8:0/28379753 wait complete.
2024-03-16T20:46:51.693 INFO:journalctl@ceph.mon.a.smithi008.stdout:Mar 16 20:46:51 smithi008 ceph-mon[31434]: pgmap v4: 0 pgs: ; 0 B data, 0 B used, 0 B / 0 B avail
2024-03-16T20:46:52.360 INFO:teuthology.orchestra.run.smithi008.stdout:/usr/bin/ceph: stderr
2024-03-16T20:46:51.435+0000 7ff229e00700 1 Processor -- start
2024-03-16T20:46:52.360 INFO:teuthology.orchestra.run.smithi008.stdout:/usr/bin/ceph: stderr
2024-03-16T20:46:51.435+0000 7ff229e00700 1 -- start start
2024-03-16T20:46:52.362 INFO:teuthology.orchestra.run.smithi008.stdout:/usr/bin/ceph: stderr
2024-03-16T20:46:51.436+0000 7ff229e00700 1 --2- >> [v2:172.21.15.8:3300/0,v1:172.21.15.8:6789/0] conn(0x7ff224108560 0x7ff22410a950 unknown :-1 s=NONE pgs=0 cs=0 l=0 rev1=0 crypto rx=0 tx=0 comp rx=0 tx=0).connect
2024-03-16T20:46:52.362 INFO:teuthology.orchestra.run.smithi008.stdout:/usr/bin/ceph: stderr
2024-03-16T20:46:51.436+0000 7ff229e00700 1 -- --> [v2:172.21.15.8:3300/0,v1:172.21.15.8:6789/0] -- mon_getmap magic: 0 v1 -- 0x7ff22407bde0 con 0x7ff224108560
2024-03-16T20:46:52.362 INFO:teuthology.orchestra.run.smithi008.stdout:/usr/bin/ceph: stderr
2024-03-16T20:46:51.436+0000 7ff222a00700 1 --2- >> [v2:172.21.15.8:3300/0,v1:172.21.15.8:6789/0] conn(0x7ff224108560 0x7ff22410a950 unknown :-1 s=BANNER_CONNECTING pgs=0 cs=0 l=0 rev1=0 crypto rx=0 tx=0 comp rx=0 tx=0)._handle_peer_banner_payload supported=3 required=0
2024-03-16T20:46:52.362 INFO:teuthology.orchestra.run.smithi008.stdout:/usr/bin/ceph: stderr
2024-03-16T20:46:51.436+0000 7ff222a00700 1 --2- >> [v2:172.21.15.8:3300/0,v1:172.21.15.8:6789/0] conn(0x7ff224108560 0x7ff22410a950 unknown :-1 s=HELLO_CONNECTING pgs=0 cs=0 l=0 rev1=1 crypto rx=0 tx=0 comp rx=0 tx=0).handle_hello peer v2:172.21.15.8:3300/0 says I am v2:172.21.15.8:53838/0 (socket says 172.21.15.8:53838)
2024-03-16T20:46:52.362 INFO:teuthology.orchestra.run.smithi008.stdout:/usr/bin/ceph: stderr
2024-03-16T20:46:51.436+0000 7ff222a00700 1 -- 172.21.15.8:0/1967300430 learned_addr learned my addr 172.21.15.8:0/1967300430 (peer_addr_for_me v2:172.21.15.8:0/0)
2024-03-16T20:46:52.362 INFO:teuthology.orchestra.run.smithi008.stdout:/usr/bin/ceph: stderr
2024-03-16T20:46:51.437+0000 7ff222a00700 1 -- 172.21.15.8:0/1967300430 --> [v2:172.21.15.8:3300/0,v1:172.21.15.8:6789/0] -- mon_subscribe({config=0+,monmap=0+}) v3 -- 0x7ff22407bf20 con 0x7ff224108560
2024-03-16T20:46:52.362 INFO:teuthology.orchestra.run.smithi008.stdout:/usr/bin/ceph: stderr
2024-03-16T20:46:51.437+0000 7ff222a00700 1 --2- 172.21.15.8:0/1967300430 >> [v2:172.21.15.8:3300/0,v1:172.21.15.8:6789/0] conn(0x7ff224108560 0x7ff22410a950 secure :-1 s=READY pgs=53 cs=0 l=1 rev1=1 crypto rx=0x7ff2140098a0 tx=0x7ff214009bb0 comp rx=0 tx=0).ready entity=mon.0 client_cookie=35d1b1c35c952784 server_cookie=0 in_seq=0 out_seq=0
2024-03-16T20:46:52.362 INFO:teuthology.orchestra.run.smithi008.stdout:/usr/bin/ceph: stderr
2024-03-16T20:46:51.438+0000 7ff221600700 1 -- 172.21.15.8:0/1967300430 <== mon.0 v2:172.21.15.8:3300/0 1 ==== mon_map magic: 0 v1 ==== 205+0+0 (secure 0 0 0) 0x7ff214004160 con 0x7ff224108560
2024-03-16T20:46:52.362 INFO:teuthology.orchestra.run.smithi008.stdout:/usr/bin/ceph: stderr
2024-03-16T20:46:51.438+0000 7ff221600700 1 -- 172.21.15.8:0/1967300430 <== mon.0 v2:172.21.15.8:3300/0 2 ==== config(28 keys) v1 ==== 1174+0+0 (secure 0 0 0) 0x7ff2140042c0 con 0x7ff224108560
2024-03-16T20:46:52.362 INFO:teuthology.orchestra.run.smithi008.stdout:/usr/bin/ceph: stderr
2024-03-16T20:46:51.438+0000 7ff221600700 1 -- 172.21.15.8:0/1967300430 <== mon.0 v2:172.21.15.8:3300/0 3 ==== mon_map magic: 0 v1 ==== 205+0+0 (secure 0 0 0) 0x7ff214011b90 con 0x7ff224108560
2024-03-16T20:46:52.362 INFO:teuthology.orchestra.run.smithi008.stdout:/usr/bin/ceph: stderr
2024-03-16T20:46:51.439+0000 7ff229e00700 1 -- 172.21.15.8:0/1967300430 >> [v2:172.21.15.8:3300/0,v1:172.21.15.8:6789/0] conn(0x7ff224108560 msgr2=0x7ff22410a950 secure :-1 s=STATE_CONNECTION_ESTABLISHED l=1).mark_down
2024-03-16T20:46:52.363 INFO:teuthology.orchestra.run.smithi008.stdout:/usr/bin/ceph: stderr
2024-03-16T20:46:51.439+0000 7ff229e00700 1 --2- 172.21.15.8:0/1967300430 >> [v2:172.21.15.8:3300/0,v1:172.21.15.8:6789/0] conn(0x7ff224108560 0x7ff22410a950 secure :-1 s=READY pgs=53 cs=0 l=1 rev1=1 crypto rx=0x7ff2140098a0 tx=0x7ff214009bb0 comp rx=0 tx=0).stop
2024-03-16T20:46:52.363 INFO:teuthology.orchestra.run.smithi008.stdout:/usr/bin/ceph: stderr
2024-03-16T20:46:51.439+0000 7ff229e00700 1 -- 172.21.15.8:0/1967300430 shutdown_connections
2024-03-16T20:46:52.363 INFO:teuthology.orchestra.run.smithi008.stdout:/usr/bin/ceph: stderr
2024-03-16T20:46:51.439+0000 7ff229e00700 1 --2- 172.21.15.8:0/1967300430 >> [v2:172.21.15.8:3300/0,v1:172.21.15.8:6789/0] conn(0x7ff224108560 0x7ff22410a950 unknown :-1 s=CLOSED pgs=53 cs=0 l=1 rev1=1 crypto rx=0 tx=0 comp rx=0 tx=0).stop
2024-03-16T20:46:52.367 INFO:teuthology.orchestra.run.smithi008.stdout:/usr/bin/ceph: stderr
2024-03-16T20:46:51.439+0000 7ff229e00700 1 -- 172.21.15.8:0/1967300430 >> 172.21.15.8:0/1967300430 conn(0x7ff224101f10 msgr2=0x7ff224104330 unknown :-1 s=STATE_NONE l=0).mark_down
2024-03-16T20:46:52.367 INFO:teuthology.orchestra.run.smithi008.stdout:/usr/bin/ceph: stderr
2024-03-16T20:46:51.439+0000 7ff229e00700 1 -- 172.21.15.8:0/1967300430 shutdown_connections
2024-03-16T20:46:52.367 INFO:teuthology.orchestra.run.smithi008.stdout:/usr/bin/ceph: stderr
2024-03-16T20:46:51.439+0000 7ff229e00700 1 -- 172.21.15.8:0/1967300430 wait complete.
2024-03-16T20:46:52.367 INFO:teuthology.orchestra.run.smithi008.stdout:/usr/bin/ceph: stderr
2024-03-16T20:46:51.440+0000 7ff229e00700 1 Processor -- start
2024-03-16T20:46:52.367 INFO:teuthology.orchestra.run.smithi008.stdout:/usr/bin/ceph: stderr
2024-03-16T20:46:51.441+0000 7ff229e00700 1 -- start start
2024-03-16T20:46:52.367 INFO:teuthology.orchestra.run.smithi008.stdout:/usr/bin/ceph: stderr
2024-03-16T20:46:51.441+0000 7ff229e00700 1 --2- >> [v2:172.21.15.8:3300/0,v1:172.21.15.8:6789/0] conn(0x7ff224108560 0x7ff22419da30 unknown :-1 s=NONE pgs=0 cs=0 l=1 rev1=0 crypto rx=0 tx=0 comp rx=0 tx=0).connect
2024-03-16T20:46:52.367 INFO:teuthology.orchestra.run.smithi008.stdout:/usr/bin/ceph: stderr
2024-03-16T20:46:51.441+0000 7ff229e00700 1 -- --> [v2:172.21.15.8:3300/0,v1:172.21.15.8:6789/0] -- mon_getmap magic: 0 v1 -- 0x7ff22419df70 con 0x7ff224108560
2024-03-16T20:46:52.367 INFO:teuthology.orchestra.run.smithi008.stdout:/usr/bin/ceph: stderr
2024-03-16T20:46:51.441+0000 7ff222a00700 1 --2- >> [v2:172.21.15.8:3300/0,v1:172.21.15.8:6789/0] conn(0x7ff224108560 0x7ff22419da30 unknown :-1 s=BANNER_CONNECTING pgs=0 cs=0 l=1 rev1=0 crypto rx=0 tx=0 comp rx=0 tx=0)._handle_peer_banner_payload supported=3 required=0
2024-03-16T20:46:52.367 INFO:teuthology.orchestra.run.smithi008.stdout:/usr/bin/ceph: stderr
2024-03-16T20:46:51.441+0000 7ff222a00700 1 --2- >> [v2:172.21.15.8:3300/0,v1:172.21.15.8:6789/0] conn(0x7ff224108560 0x7ff22419da30 unknown :-1 s=HELLO_CONNECTING pgs=0 cs=0 l=1 rev1=1 crypto rx=0 tx=0 comp rx=0 tx=0).handle_hello peer v2:172.21.15.8:3300/0 says I am v2:172.21.15.8:53852/0 (socket says 172.21.15.8:53852)
2024-03-16T20:46:52.367 INFO:teuthology.orchestra.run.smithi008.stdout:/usr/bin/ceph: stderr
2024-03-16T20:46:51.441+0000 7ff222a00700 1 -- 172.21.15.8:0/996710551 learned_addr learned my addr 172.21.15.8:0/996710551 (peer_addr_for_me v2:172.21.15.8:0/0)
2024-03-16T20:46:52.367 INFO:teuthology.orchestra.run.smithi008.stdout:/usr/bin/ceph: stderr
2024-03-16T20:46:51.442+0000 7ff222a00700 1 -- 172.21.15.8:0/996710551 --> [v2:172.21.15.8:3300/0,v1:172.21.15.8:6789/0] -- mon_subscribe({config=0+,monmap=0+}) v3 -- 0x7ff214009550 con 0x7ff224108560
2024-03-16T20:46:52.368 INFO:teuthology.orchestra.run.smithi008.stdout:/usr/bin/ceph: stderr
2024-03-16T20:46:51.442+0000 7ff222a00700 1 --2- 172.21.15.8:0/996710551 >> [v2:172.21.15.8:3300/0,v1:172.21.15.8:6789/0] conn(0x7ff224108560 0x7ff22419da30 secure :-1 s=READY pgs=54 cs=0 l=1 rev1=1 crypto rx=0x7ff214011b40 tx=0x7ff214011c20 comp rx=0 tx=0).ready entity=mon.0 client_cookie=0 server_cookie=0 in_seq=0 out_seq=0
2024-03-16T20:46:52.368 INFO:teuthology.orchestra.run.smithi008.stdout:/usr/bin/ceph: stderr
