2024-04-16T13:03:13.857+0000 7fb56f7fe700 1 --2- >> [v2:172.21.15.188:3300/0,v1:172.21.15.188:6789/0] conn(0x7fb570076b90 0x7fb570113920 unknown :-1 s=BANNER_CONNECTING pgs=0 cs=0 l=1 rev1=0 crypto rx=0 tx=0 comp rx=0 tx=0)._handle_peer_banner_payload supported=3 required=0
2024-04-16T13:03:14.481 INFO:teuthology.orchestra.run.smithi188.stdout:/usr/bin/ceph: stderr
2024-04-16T13:03:13.857+0000 7fb56f7fe700 1 --2- >> [v2:172.21.15.188:3300/0,v1:172.21.15.188:6789/0] conn(0x7fb570076b90 0x7fb570113920 unknown :-1 s=HELLO_CONNECTING pgs=0 cs=0 l=1 rev1=1 crypto rx=0 tx=0 comp rx=0 tx=0).handle_hello peer v2:172.21.15.188:3300/0 says I am v2:172.21.15.188:58626/0 (socket says 172.21.15.188:58626)
2024-04-16T13:03:14.481 INFO:teuthology.orchestra.run.smithi188.stdout:/usr/bin/ceph: stderr
2024-04-16T13:03:13.857+0000 7fb56f7fe700 1 -- 172.21.15.188:0/909511389 learned_addr learned my addr 172.21.15.188:0/909511389 (peer_addr_for_me v2:172.21.15.188:0/0)
2024-04-16T13:03:14.481 INFO:teuthology.orchestra.run.smithi188.stdout:/usr/bin/ceph: stderr
2024-04-16T13:03:13.858+0000 7fb56f7fe700 1 -- 172.21.15.188:0/909511389 --> [v2:172.21.15.188:3300/0,v1:172.21.15.188:6789/0] -- mon_subscribe({config=0+,monmap=0+}) v3 -- 0x7fb5600094f0 con 0x7fb570076b90
2024-04-16T13:03:14.481 INFO:teuthology.orchestra.run.smithi188.stdout:/usr/bin/ceph: stderr
2024-04-16T13:03:13.858+0000 7fb56f7fe700 1 --2- 172.21.15.188:0/909511389 >> [v2:172.21.15.188:3300/0,v1:172.21.15.188:6789/0] conn(0x7fb570076b90 0x7fb570113920 secure :-1 s=READY pgs=17 cs=0 l=1 rev1=1 crypto rx=0x7fb560003050 tx=0x7fb560009250 comp rx=0 tx=0).ready entity=mon.0 client_cookie=0 server_cookie=0 in_seq=0 out_seq=0
2024-04-16T13:03:14.482 INFO:teuthology.orchestra.run.smithi188.stdout:/usr/bin/ceph: stderr
2024-04-16T13:03:13.858+0000 7fb557fff700 1 -- 172.21.15.188:0/909511389 <== mon.0 v2:172.21.15.188:3300/0 1 ==== mon_map magic: 0 v1 ==== 229+0+0 (secure 0 0 0) 0x7fb560010760 con 0x7fb570076b90
2024-04-16T13:03:14.482 INFO:teuthology.orchestra.run.smithi188.stdout:/usr/bin/ceph: stderr
2024-04-16T13:03:13.858+0000 7fb575be2700 1 -- 172.21.15.188:0/909511389 --> [v2:172.21.15.188:3300/0,v1:172.21.15.188:6789/0] -- mon_subscribe({mgrmap=0+}) v3 -- 0x7fb5701140c0 con 0x7fb570076b90
2024-04-16T13:03:14.482 INFO:teuthology.orchestra.run.smithi188.stdout:/usr/bin/ceph: stderr
2024-04-16T13:03:13.858+0000 7fb557fff700 1 -- 172.21.15.188:0/909511389 <== mon.0 v2:172.21.15.188:3300/0 2 ==== config(27 keys) v1 ==== 1044+0+0 (secure 0 0 0) 0x7fb560010d50 con 0x7fb570076b90
2024-04-16T13:03:14.482 INFO:teuthology.orchestra.run.smithi188.stdout:/usr/bin/ceph: stderr
2024-04-16T13:03:13.858+0000 7fb557fff700 1 -- 172.21.15.188:0/909511389 <== mon.0 v2:172.21.15.188:3300/0 3 ==== mon_map magic: 0 v1 ==== 229+0+0 (secure 0 0 0) 0x7fb56001adb0 con 0x7fb570076b90
2024-04-16T13:03:14.482 INFO:teuthology.orchestra.run.smithi188.stdout:/usr/bin/ceph: stderr
2024-04-16T13:03:13.858+0000 7fb575be2700 1 -- 172.21.15.188:0/909511389 --> [v2:172.21.15.188:3300/0,v1:172.21.15.188:6789/0] -- mon_subscribe({osdmap=0}) v3 -- 0x7fb570114bd0 con 0x7fb570076b90
2024-04-16T13:03:14.482 INFO:teuthology.orchestra.run.smithi188.stdout:/usr/bin/ceph: stderr
2024-04-16T13:03:13.859+0000 7fb557fff700 1 -- 172.21.15.188:0/909511389 <== mon.0 v2:172.21.15.188:3300/0 4 ==== mgrmap(e 2) v1 ==== 43132+0+0 (secure 0 0 0) 0x7fb56002e440 con 0x7fb570076b90
2024-04-16T13:03:14.482 INFO:teuthology.orchestra.run.smithi188.stdout:/usr/bin/ceph: stderr
2024-04-16T13:03:13.859+0000 7fb575be2700 1 -- 172.21.15.188:0/909511389 --> [v2:172.21.15.188:3300/0,v1:172.21.15.188:6789/0] -- mon_command({"prefix": "get_command_descriptions"} v 0) v1 -- 0x7fb57005f5f0 con 0x7fb570076b90
2024-04-16T13:03:14.483 INFO:teuthology.orchestra.run.smithi188.stdout:/usr/bin/ceph: stderr
2024-04-16T13:03:13.859+0000 7fb557fff700 1 -- 172.21.15.188:0/909511389 <== mon.0 v2:172.21.15.188:3300/0 5 ==== osd_map(1..1 src has 1..1) v4 ==== 721+0+0 (secure 0 0 0) 0x7fb56004a010 con 0x7fb570076b90
2024-04-16T13:03:14.483 INFO:teuthology.orchestra.run.smithi188.stdout:/usr/bin/ceph: stderr
2024-04-16T13:03:13.861+0000 7fb557fff700 1 -- 172.21.15.188:0/909511389 <== mon.0 v2:172.21.15.188:3300/0 6 ==== mon_command_ack([{"prefix": "get_command_descriptions"}]=0 v0) v1 ==== 72+0+71547 (secure 0 0 0) 0x7fb560018940 con 0x7fb570076b90
2024-04-16T13:03:14.483 INFO:teuthology.orchestra.run.smithi188.stdout:/usr/bin/ceph: stderr
2024-04-16T13:03:13.930+0000 7fb575be2700 1 -- 172.21.15.188:0/909511389 --> [v2:172.21.15.188:3300/0,v1:172.21.15.188:6789/0] -- mon_command({"prefix": "status", "format": "json-pretty"} v 0) v1 -- 0x7fb57004bed0 con 0x7fb570076b90
2024-04-16T13:03:14.483 INFO:teuthology.orchestra.run.smithi188.stdout:/usr/bin/ceph: stderr
2024-04-16T13:03:13.930+0000 7fb557fff700 1 -- 172.21.15.188:0/909511389 <== mon.0 v2:172.21.15.188:3300/0 7 ==== mon_command_ack([{"prefix": "status", "format": "json-pretty"}]=0 v0) v1 ==== 79+0+1248 (secure 0 0 0) 0x7fb560018350 con 0x7fb570076b90
2024-04-16T13:03:14.483 INFO:teuthology.orchestra.run.smithi188.stdout:/usr/bin/ceph: stderr
2024-04-16T13:03:13.930+0000 7fb575be2700 1 -- 172.21.15.188:0/909511389 >> [v2:172.21.15.188:3300/0,v1:172.21.15.188:6789/0] conn(0x7fb570076b90 msgr2=0x7fb570113920 secure :-1 s=STATE_CONNECTION_ESTABLISHED l=1).mark_down
2024-04-16T13:03:14.484 INFO:teuthology.orchestra.run.smithi188.stdout:/usr/bin/ceph: stderr
2024-04-16T13:03:13.930+0000 7fb575be2700 1 --2- 172.21.15.188:0/909511389 >> [v2:172.21.15.188:3300/0,v1:172.21.15.188:6789/0] conn(0x7fb570076b90 0x7fb570113920 secure :-1 s=READY pgs=17 cs=0 l=1 rev1=1 crypto rx=0x7fb560003050 tx=0x7fb560009250 comp rx=0 tx=0).stop
2024-04-16T13:03:14.484 INFO:teuthology.orchestra.run.smithi188.stdout:/usr/bin/ceph: stderr
2024-04-16T13:03:13.931+0000 7fb575be2700 1 -- 172.21.15.188:0/909511389 shutdown_connections
2024-04-16T13:03:14.484 INFO:teuthology.orchestra.run.smithi188.stdout:/usr/bin/ceph: stderr
2024-04-16T13:03:13.931+0000 7fb575be2700 1 --2- 172.21.15.188:0/909511389 >> [v2:172.21.15.188:3300/0,v1:172.21.15.188:6789/0] conn(0x7fb570076b90 0x7fb570113920 unknown :-1 s=CLOSED pgs=17 cs=0 l=1 rev1=1 crypto rx=0 tx=0 comp rx=0 tx=0).stop
2024-04-16T13:03:14.484 INFO:teuthology.orchestra.run.smithi188.stdout:/usr/bin/ceph: stderr
2024-04-16T13:03:13.931+0000 7fb575be2700 1 -- 172.21.15.188:0/909511389 >> 172.21.15.188:0/909511389 conn(0x7fb5700fd0d0 msgr2=0x7fb5700fdc00 unknown :-1 s=STATE_NONE l=0).mark_down
2024-04-16T13:03:14.484 INFO:teuthology.orchestra.run.smithi188.stdout:/usr/bin/ceph: stderr
2024-04-16T13:03:13.931+0000 7fb575be2700 1 -- 172.21.15.188:0/909511389 shutdown_connections
2024-04-16T13:03:14.484 INFO:teuthology.orchestra.run.smithi188.stdout:/usr/bin/ceph: stderr
2024-04-16T13:03:13.931+0000 7fb575be2700 1 -- 172.21.15.188:0/909511389 wait complete.
2024-04-16T13:03:14.484 INFO:teuthology.orchestra.run.smithi188.stdout:mgr not available, waiting (3/15)...
2024-04-16T13:03:15.129 INFO:journalctl@ceph.mon.smithi188.smithi188.stdout:Apr 16 13:03:14 smithi188 ceph-mon[29462]: from='client.? 172.21.15.188:0/909511389' entity='client.admin' cmd=[{"prefix": "status", "format": "json-pretty"}]: dispatch
2024-04-16T13:03:15.129 INFO:journalctl@ceph.mon.smithi188.smithi188.stdout:Apr 16 13:03:14 smithi188 ceph-mon[29462]: mgrmap e3: smithi188.eboizt(active, since 1.0065s)
2024-04-16T13:03:16.879 INFO:journalctl@ceph.mon.smithi188.smithi188.stdout:Apr 16 13:03:16 smithi188 ceph-mon[29462]: mgrmap e4: smithi188.eboizt(active, since 2s)
2024-04-16T13:03:17.724 INFO:teuthology.orchestra.run.smithi188.stdout:/usr/bin/ceph: stdout
2024-04-16T13:03:17.724 INFO:teuthology.orchestra.run.smithi188.stdout:/usr/bin/ceph: stdout {
2024-04-16T13:03:17.724 INFO:teuthology.orchestra.run.smithi188.stdout:/usr/bin/ceph: stdout "fsid": "5fba4e82-fbf1-11ee-bc90-c7b262605968",
2024-04-16T13:03:17.724 INFO:teuthology.orchestra.run.smithi188.stdout:/usr/bin/ceph: stdout "health": {
2024-04-16T13:03:17.724 INFO:teuthology.orchestra.run.smithi188.stdout:/usr/bin/ceph: stdout "status": "HEALTH_OK",
2024-04-16T13:03:17.724 INFO:teuthology.orchestra.run.smithi188.stdout:/usr/bin/ceph: stdout "checks": {},
2024-04-16T13:03:17.725 INFO:teuthology.orchestra.run.smithi188.stdout:/usr/bin/ceph: stdout "mutes": []
2024-04-16T13:03:17.725 INFO:teuthology.orchestra.run.smithi188.stdout:/usr/bin/ceph: stdout },
2024-04-16T13:03:17.725 INFO:teuthology.orchestra.run.smithi188.stdout:/usr/bin/ceph: stdout "election_epoch": 5,
2024-04-16T13:03:17.725 INFO:teuthology.orchestra.run.smithi188.stdout:/usr/bin/ceph: stdout "quorum": [
2024-04-16T13:03:17.725 INFO:teuthology.orchestra.run.smithi188.stdout:/usr/bin/ceph: stdout 0
2024-04-16T13:03:17.725 INFO:teuthology.orchestra.run.smithi188.stdout:/usr/bin/ceph: stdout ],
2024-04-16T13:03:17.725 INFO:teuthology.orchestra.run.smithi188.stdout:/usr/bin/ceph: stdout "quorum_names": [
2024-04-16T13:03:17.725 INFO:teuthology.orchestra.run.smithi188.stdout:/usr/bin/ceph: stdout "smithi188"
2024-04-16T13:03:17.725 INFO:teuthology.orchestra.run.smithi188.stdout:/usr/bin/ceph: stdout ],
2024-04-16T13:03:17.725 INFO:teuthology.orchestra.run.smithi188.stdout:/usr/bin/ceph: stdout "quorum_age": 12,
2024-04-16T13:03:17.726 INFO:teuthology.orchestra.run.smithi188.stdout:/usr/bin/ceph: stdout "monmap": {
2024-04-16T13:03:17.726 INFO:teuthology.orchestra.run.smithi188.stdout:/usr/bin/ceph: stdout "epoch": 1,
2024-04-16T13:03:17.726 INFO:teuthology.orchestra.run.smithi188.stdout:/usr/bin/ceph: stdout "min_mon_release_name": "quincy",
2024-04-16T13:03:17.726 INFO:teuthology.orchestra.run.smithi188.stdout:/usr/bin/ceph: stdout "num_mons": 1
2024-04-16T13:03:17.726 INFO:teuthology.orchestra.run.smithi188.stdout:/usr/bin/ceph: stdout },
2024-04-16T13:03:17.726 INFO:teuthology.orchestra.run.smithi188.stdout:/usr/bin/ceph: stdout "osdmap": {
2024-04-16T13:03:17.726 INFO:teuthology.orchestra.run.smithi188.stdout:/usr/bin/ceph: stdout "epoch": 1,
2024-04-16T13:03:17.726 INFO:teuthology.orchestra.run.smithi188.stdout:/usr/bin/ceph: stdout "num_osds": 0,
2024-04-16T13:03:17.726 INFO:teuthology.orchestra.run.smithi188.stdout:/usr/bin/ceph: stdout "num_up_osds": 0,
2024-04-16T13:03:17.726 INFO:teuthology.orchestra.run.smithi188.stdout:/usr/bin/ceph: stdout "osd_up_since": 0,
2024-04-16T13:03:17.734 INFO:teuthology.orchestra.run.smithi188.stdout:/usr/bin/ceph: stdout "num_in_osds": 0,
2024-04-16T13:03:17.734 INFO:teuthology.orchestra.run.smithi188.stdout:/usr/bin/ceph: stdout "osd_in_since": 0,
2024-04-16T13:03:17.735 INFO:teuthology.orchestra.run.smithi188.stdout:/usr/bin/ceph: stdout "num_remapped_pgs": 0
2024-04-16T13:03:17.735 INFO:teuthology.orchestra.run.smithi188.stdout:/usr/bin/ceph: stdout },
2024-04-16T13:03:17.735 INFO:teuthology.orchestra.run.smithi188.stdout:/usr/bin/ceph: stdout "pgmap": {
2024-04-16T13:03:17.735 INFO:teuthology.orchestra.run.smithi188.stdout:/usr/bin/ceph: stdout "pgs_by_state": [],
2024-04-16T13:03:17.735 INFO:teuthology.orchestra.run.smithi188.stdout:/usr/bin/ceph: stdout "num_pgs": 0,
2024-04-16T13:03:17.735 INFO:teuthology.orchestra.run.smithi188.stdout:/usr/bin/ceph: stdout "num_pools": 0,
2024-04-16T13:03:17.735 INFO:teuthology.orchestra.run.smithi188.stdout:/usr/bin/ceph: stdout "num_objects": 0,
2024-04-16T13:03:17.736 INFO:teuthology.orchestra.run.smithi188.stdout:/usr/bin/ceph: stdout "data_bytes": 0,
2024-04-16T13:03:17.736 INFO:teuthology.orchestra.run.smithi188.stdout:/usr/bin/ceph: stdout "bytes_used": 0,
2024-04-16T13:03:17.736 INFO:teuthology.orchestra.run.smithi188.stdout:/usr/bin/ceph: stdout "bytes_avail": 0,
2024-04-16T13:03:17.736 INFO:teuthology.orchestra.run.smithi188.stdout:/usr/bin/ceph: stdout "bytes_total": 0
2024-04-16T13:03:17.736 INFO:teuthology.orchestra.run.smithi188.stdout:/usr/bin/ceph: stdout },
2024-04-16T13:03:17.736 INFO:teuthology.orchestra.run.smithi188.stdout:/usr/bin/ceph: stdout "fsmap": {
2024-04-16T13:03:17.736 INFO:teuthology.orchestra.run.smithi188.stdout:/usr/bin/ceph: stdout "epoch": 1,
2024-04-16T13:03:17.736 INFO:teuthology.orchestra.run.smithi188.stdout:/usr/bin/ceph: stdout "by_rank": [],
2024-04-16T13:03:17.736 INFO:teuthology.orchestra.run.smithi188.stdout:/usr/bin/ceph: stdout "up:standby": 0
2024-04-16T13:03:17.736 INFO:teuthology.orchestra.run.smithi188.stdout:/usr/bin/ceph: stdout },
2024-04-16T13:03:17.736 INFO:teuthology.orchestra.run.smithi188.stdout:/usr/bin/ceph: stdout "mgrmap": {
2024-04-16T13:03:17.736 INFO:teuthology.orchestra.run.smithi188.stdout:/usr/bin/ceph: stdout "available": true,
2024-04-16T13:03:17.737 INFO:teuthology.orchestra.run.smithi188.stdout:/usr/bin/ceph: stdout "num_standbys": 0,
2024-04-16T13:03:17.737 INFO:teuthology.orchestra.run.smithi188.stdout:/usr/bin/ceph: stdout "modules": [
2024-04-16T13:03:17.737 INFO:teuthology.orchestra.run.smithi188.stdout:/usr/bin/ceph: stdout "iostat",
2024-04-16T13:03:17.737 INFO:teuthology.orchestra.run.smithi188.stdout:/usr/bin/ceph: stdout "nfs",
2024-04-16T13:03:17.737 INFO:teuthology.orchestra.run.smithi188.stdout:/usr/bin/ceph: stdout "restful"
2024-04-16T13:03:17.737 INFO:teuthology.orchestra.run.smithi188.stdout:/usr/bin/ceph: stdout ],
2024-04-16T13:03:17.737 INFO:teuthology.orchestra.run.smithi188.stdout:/usr/bin/ceph: stdout "services": {}
2024-04-16T13:03:17.737 INFO:teuthology.orchestra.run.smithi188.stdout:/usr/bin/ceph: stdout },
2024-04-16T13:03:17.737 INFO:teuthology.orchestra.run.smithi188.stdout:/usr/bin/ceph: stdout "servicemap": {
2024-04-16T13:03:17.737 INFO:teuthology.orchestra.run.smithi188.stdout:/usr/bin/ceph: stdout "epoch": 1,
2024-04-16T13:03:17.737 INFO:teuthology.orchestra.run.smithi188.stdout:/usr/bin/ceph: stdout "modified": "2024-04-16T13:02:52.803820+0000",
2024-04-16T13:03:17.737 INFO:teuthology.orchestra.run.smithi188.stdout:/usr/bin/ceph: stdout "services": {}
2024-04-16T13:03:17.737 INFO:teuthology.orchestra.run.smithi188.stdout:/usr/bin/ceph: stdout },
2024-04-16T13:03:17.737 INFO:teuthology.orchestra.run.smithi188.stdout:/usr/bin/ceph: stdout "progress_events": {}
2024-04-16T13:03:17.737 INFO:teuthology.orchestra.run.smithi188.stdout:/usr/bin/ceph: stdout }
2024-04-16T13:03:17.738 INFO:teuthology.orchestra.run.smithi188.stdout:/usr/bin/ceph: stderr
2024-04-16T13:03:16.891+0000 7f20a3490700 1 Processor -- start
2024-04-16T13:03:17.738 INFO:teuthology.orchestra.run.smithi188.stdout:/usr/bin/ceph: stderr
2024-04-16T13:03:16.892+0000 7f20a3490700 1 -- start start
2024-04-16T13:03:17.738 INFO:teuthology.orchestra.run.smithi188.stdout:/usr/bin/ceph: stderr
2024-04-16T13:03:16.892+0000 7f20a3490700 1 --2- >> [v2:172.21.15.188:3300/0,v1:172.21.15.188:6789/0] conn(0x7f209c076b70 0x7f209c107a20 unknown :-1 s=NONE pgs=0 cs=0 l=0 rev1=0 crypto rx=0 tx=0 comp rx=0 tx=0).connect
2024-04-16T13:03:17.738 INFO:teuthology.orchestra.run.smithi188.stdout:/usr/bin/ceph: stderr
2024-04-16T13:03:16.892+0000 7f20a3490700 1 -- --> [v2:172.21.15.188:3300/0,v1:172.21.15.188:6789/0] -- mon_getmap magic: 0 v1 -- 0x7f209c076f80 con 0x7f209c076b70
2024-04-16T13:03:17.738 INFO:teuthology.orchestra.run.smithi188.stdout:/usr/bin/ceph: stderr
2024-04-16T13:03:16.892+0000 7f20a122c700 1 --2- >> [v2:172.21.15.188:3300/0,v1:172.21.15.188:6789/0] conn(0x7f209c076b70 0x7f209c107a20 unknown :-1 s=BANNER_CONNECTING pgs=0 cs=0 l=0 rev1=0 crypto rx=0 tx=0 comp rx=0 tx=0)._handle_peer_banner_payload supported=3 required=0
2024-04-16T13:03:17.738 INFO:teuthology.orchestra.run.smithi188.stdout:/usr/bin/ceph: stderr
2024-04-16T13:03:16.892+0000 7f20a122c700 1 --2- >> [v2:172.21.15.188:3300/0,v1:172.21.15.188:6789/0] conn(0x7f209c076b70 0x7f209c107a20 unknown :-1 s=HELLO_CONNECTING pgs=0 cs=0 l=0 rev1=1 crypto rx=0 tx=0 comp rx=0 tx=0).handle_hello peer v2:172.21.15.188:3300/0 says I am v2:172.21.15.188:38382/0 (socket says 172.21.15.188:38382)
2024-04-16T13:03:17.738 INFO:teuthology.orchestra.run.smithi188.stdout:/usr/bin/ceph: stderr
2024-04-16T13:03:16.892+0000 7f20a122c700 1 -- 172.21.15.188:0/1822001555 learned_addr learned my addr 172.21.15.188:0/1822001555 (peer_addr_for_me v2:172.21.15.188:0/0)
2024-04-16T13:03:17.738 INFO:teuthology.orchestra.run.smithi188.stdout:/usr/bin/ceph: stderr
2024-04-16T13:03:16.892+0000 7f20a122c700 1 -- 172.21.15.188:0/1822001555 --> [v2:172.21.15.188:3300/0,v1:172.21.15.188:6789/0] -- mon_subscribe({config=0+,monmap=0+}) v3 -- 0x7f209c103410 con 0x7f209c076b70
2024-04-16T13:03:17.738 INFO:teuthology.orchestra.run.smithi188.stdout:/usr/bin/ceph: stderr
2024-04-16T13:03:16.892+0000 7f20a122c700 1 --2- 172.21.15.188:0/1822001555 >> [v2:172.21.15.188:3300/0,v1:172.21.15.188:6789/0] conn(0x7f209c076b70 0x7f209c107a20 secure :-1 s=READY pgs=18 cs=0 l=1 rev1=1 crypto rx=0x7f20900098e0 tx=0x7f2090009250 comp rx=0 tx=0).ready entity=mon.0 client_cookie=2f432d3b8991397a server_cookie=0 in_seq=0 out_seq=0
2024-04-16T13:03:17.738 INFO:teuthology.orchestra.run.smithi188.stdout:/usr/bin/ceph: stderr
2024-04-16T13:03:16.893+0000 7f208ffff700 1 -- 172.21.15.188:0/1822001555 <== mon.0 v2:172.21.15.188:3300/0 1 ==== mon_map magic: 0 v1 ==== 229+0+0 (secure 0 0 0) 0x7f209000b860 con 0x7f209c076b70
2024-04-16T13:03:17.738 INFO:teuthology.orchestra.run.smithi188.stdout:/usr/bin/ceph: stderr
2024-04-16T13:03:16.893+0000 7f208ffff700 1 -- 172.21.15.188:0/1822001555 <== mon.0 v2:172.21.15.188:3300/0 2 ==== config(27 keys) v1 ==== 1044+0+0 (secure 0 0 0) 0x7f209000be50 con 0x7f209c076b70
2024-04-16T13:03:17.738 INFO:teuthology.orchestra.run.smithi188.stdout:/usr/bin/ceph: stderr
2024-04-16T13:03:16.893+0000 7f208ffff700 1 -- 172.21.15.188:0/1822001555 <== mon.0 v2:172.21.15.188:3300/0 3 ==== mon_map magic: 0 v1 ==== 229+0+0 (secure 0 0 0) 0x7f2090010380 con 0x7f209c076b70
2024-04-16T13:03:17.739 INFO:teuthology.orchestra.run.smithi188.stdout:/usr/bin/ceph: stderr
2024-04-16T13:03:16.893+0000 7f20a3490700 1 -- 172.21.15.188:0/1822001555 >> [v2:172.21.15.188:3300/0,v1:172.21.15.188:6789/0] conn(0x7f209c076b70 msgr2=0x7f209c107a20 secure :-1 s=STATE_CONNECTION_ESTABLISHED l=1).mark_down
2024-04-16T13:03:17.739 INFO:teuthology.orchestra.run.smithi188.stdout:/usr/bin/ceph: stderr
2024-04-16T13:03:16.893+0000 7f20a3490700 1 --2- 172.21.15.188:0/1822001555 >> [v2:172.21.15.188:3300/0,v1:172.21.15.188:6789/0] conn(0x7f209c076b70 0x7f209c107a20 secure :-1 s=READY pgs=18 cs=0 l=1 rev1=1 crypto rx=0x7f20900098e0 tx=0x7f2090009250 comp rx=0 tx=0).stop
2024-04-16T13:03:17.739 INFO:teuthology.orchestra.run.smithi188.stdout:/usr/bin/ceph: stderr
2024-04-16T13:03:16.893+0000 7f20a3490700 1 -- 172.21.15.188:0/1822001555 shutdown_connections
2024-04-16T13:03:17.739 INFO:teuthology.orchestra.run.smithi188.stdout:/usr/bin/ceph: stderr
2024-04-16T13:03:16.893+0000 7f20a3490700 1 --2- 172.21.15.188:0/1822001555 >> [v2:172.21.15.188:3300/0,v1:172.21.15.188:6789/0] conn(0x7f209c076b70 0x7f209c107a20 unknown :-1 s=CLOSED pgs=18 cs=0 l=1 rev1=1 crypto rx=0 tx=0 comp rx=0 tx=0).stop
2024-04-16T13:03:17.739 INFO:teuthology.orchestra.run.smithi188.stdout:/usr/bin/ceph: stderr
2024-04-16T13:03:16.893+0000 7f20a3490700 1 -- 172.21.15.188:0/1822001555 >> 172.21.15.188:0/1822001555 conn(0x7f209c0fd0d0 msgr2=0x7f209c0ff4e0 unknown :-1 s=STATE_NONE l=0).mark_down
2024-04-16T13:03:17.739 INFO:teuthology.orchestra.run.smithi188.stdout:/usr/bin/ceph: stderr
2024-04-16T13:03:16.893+0000 7f20a3490700 1 -- 172.21.15.188:0/1822001555 shutdown_connections
2024-04-16T13:03:17.739 INFO:teuthology.orchestra.run.smithi188.stdout:/usr/bin/ceph: stderr
2024-04-16T13:03:16.893+0000 7f20a3490700 1 -- 172.21.15.188:0/1822001555 wait complete.
2024-04-16T13:03:17.739 INFO:teuthology.orchestra.run.smithi188.stdout:/usr/bin/ceph: stderr
2024-04-16T13:03:16.894+0000 7f20a3490700 1 Processor -- start
2024-04-16T13:03:17.739 INFO:teuthology.orchestra.run.smithi188.stdout:/usr/bin/ceph: stderr
2024-04-16T13:03:16.894+0000 7f20a3490700 1 -- start start
2024-04-16T13:03:17.739 INFO:teuthology.orchestra.run.smithi188.stdout:/usr/bin/ceph: stderr
2024-04-16T13:03:16.894+0000 7f20a3490700 1 --2- >> [v2:172.21.15.188:3300/0,v1:172.21.15.188:6789/0] conn(0x7f209c076b70 0x7f209c113910 unknown :-1 s=NONE pgs=0 cs=0 l=1 rev1=0 crypto rx=0 tx=0 comp rx=0 tx=0).connect
2024-04-16T13:03:17.739 INFO:teuthology.orchestra.run.smithi188.stdout:/usr/bin/ceph: stderr
2024-04-16T13:03:16.894+0000 7f20a3490700 1 -- --> [v2:172.21.15.188:3300/0,v1:172.21.15.188:6789/0] -- mon_getmap magic: 0 v1 -- 0x7f209c113e50 con 0x7f209c076b70
2024-04-16T13:03:17.739 INFO:teuthology.orchestra.run.smithi188.stdout:/usr/bin/ceph: stderr
2024-04-16T13:03:16.894+0000 7f20a122c700 1 --2- >> [v2:172.21.15.188:3300/0,v1:172.21.15.188:6789/0] conn(0x7f209c076b70 0x7f209c113910 unknown :-1 s=BANNER_CONNECTING pgs=0 cs=0 l=1 rev1=0 crypto rx=0 tx=0 comp rx=0 tx=0)._handle_peer_banner_payload supported=3 required=0
2024-04-16T13:03:17.740 INFO:teuthology.orchestra.run.smithi188.stdout:/usr/bin/ceph: stderr
2024-04-16T13:03:16.894+0000 7f20a122c700 1 --2- >> [v2:172.21.15.188:3300/0,v1:172.21.15.188:6789/0] conn(0x7f209c076b70 0x7f209c113910 unknown :-1 s=HELLO_CONNECTING pgs=0 cs=0 l=1 rev1=1 crypto rx=0 tx=0 comp rx=0 tx=0).handle_hello peer v2:172.21.15.188:3300/0 says I am v2:172.21.15.188:38394/0 (socket says 172.21.15.188:38394)
2024-04-16T13:03:17.740 INFO:teuthology.orchestra.run.smithi188.stdout:/usr/bin/ceph: stderr
2024-04-16T13:03:16.894+0000 7f20a122c700 1 -- 172.21.15.188:0/965451386 learned_addr learned my addr 172.21.15.188:0/965451386 (peer_addr_for_me v2:172.21.15.188:0/0)
2024-04-16T13:03:17.740 INFO:teuthology.orchestra.run.smithi188.stdout:/usr/bin/ceph: stderr
2024-04-16T13:03:16.894+0000 7f20a122c700 1 -- 172.21.15.188:0/965451386 --> [v2:172.21.15.188:3300/0,v1:172.21.15.188:6789/0] -- mon_subscribe({config=0+,monmap=0+}) v3 -- 0x7f20900094f0 con 0x7f209c076b70
2024-04-16T13:03:17.740 INFO:teuthology.orchestra.run.smithi188.stdout:/usr/bin/ceph: stderr
2024-04-16T13:03:16.895+0000 7f20a122c700 1 --2- 172.21.15.188:0/965451386 >> [v2:172.21.15.188:3300/0,v1:172.21.15.188:6789/0] conn(0x7f209c076b70 0x7f209c113910 secure :-1 s=READY pgs=19 cs=0 l=1 rev1=1 crypto rx=0x7f2090003050 tx=0x7f2090009250 comp rx=0 tx=0).ready entity=mon.0 client_cookie=0 server_cookie=0 in_seq=0 out_seq=0
2024-04-16T13:03:17.740 INFO:teuthology.orchestra.run.smithi188.stdout:/usr/bin/ceph: stderr
2024-04-16T13:03:16.895+0000 7f208dffb700 1 -- 172.21.15.188:0/965451386 <== mon.0 v2:172.21.15.188:3300/0 1 ==== mon_map magic: 0 v1 ==== 229+0+0 (secure 0 0 0) 0x7f2090010760 con 0x7f209c076b70
2024-04-16T13:03:17.740 INFO:teuthology.orchestra.run.smithi188.stdout:/usr/bin/ceph: stderr
2024-04-16T13:03:16.895+0000 7f20a3490700 1 -- 172.21.15.188:0/965451386 --> [v2:172.21.15.188:3300/0,v1:172.21.15.188:6789/0] -- mon_subscribe({mgrmap=0+}) v3 -- 0x7f209c1140b0 con 0x7f209c076b70
2024-04-16T13:03:17.740 INFO:teuthology.orchestra.run.smithi188.stdout:/usr/bin/ceph: stderr
2024-04-16T13:03:16.895+0000 7f208dffb700 1 -- 172.21.15.188:0/965451386 <== mon.0 v2:172.21.15.188:3300/0 2 ==== config(27 keys) v1 ==== 1044+0+0 (secure 0 0 0) 0x7f2090010d50 con 0x7f209c076b70
2024-04-16T13:03:17.740 INFO:teuthology.orchestra.run.smithi188.stdout:/usr/bin/ceph: stderr
2024-04-16T13:03:16.895+0000 7f208dffb700 1 -- 172.21.15.188:0/965451386 <== mon.0 v2:172.21.15.188:3300/0 3 ==== mon_map magic: 0 v1 ==== 229+0+0 (secure 0 0 0) 0x7f209001adb0 con 0x7f209c076b70
2024-04-16T13:03:17.740 INFO:teuthology.orchestra.run.smithi188.stdout:/usr/bin/ceph: stderr
2024-04-16T13:03:16.895+0000 7f20a3490700 1 -- 172.21.15.188:0/965451386 --> [v2:172.21.15.188:3300/0,v1:172.21.15.188:6789/0] -- mon_subscribe({osdmap=0}) v3 -- 0x7f209c114bc0 con 0x7f209c076b70
2024-04-16T13:03:17.740 INFO:teuthology.orchestra.run.smithi188.stdout:/usr/bin/ceph: stderr
2024-04-16T13:03:16.896+0000 7f208dffb700 1 -- 172.21.15.188:0/965451386 <== mon.0 v2:172.21.15.188:3300/0 4 ==== mgrmap(e 4) v1 ==== 43365+0+0 (secure 0 0 0) 0x7f209002e440 con 0x7f209c076b70
2024-04-16T13:03:17.740 INFO:teuthology.orchestra.run.smithi188.stdout:/usr/bin/ceph: stderr
2024-04-16T13:03:16.896+0000 7f208dffb700 1 --2- 172.21.15.188:0/965451386 >> [v2:172.21.15.188:6800/3846385141,v1:172.21.15.188:6801/3846385141] conn(0x7f2088036740 0x7f2088038bf0 unknown :-1 s=NONE pgs=0 cs=0 l=1 rev1=0 crypto rx=0 tx=0 comp rx=0 tx=0).connect
2024-04-16T13:03:17.740 INFO:teuthology.orchestra.run.smithi188.stdout:/usr/bin/ceph: stderr
2024-04-16T13:03:16.896+0000 7f208dffb700 1 -- 172.21.15.188:0/965451386 <== mon.0 v2:172.21.15.188:3300/0 5 ==== osd_map(1..1 src has 1..1) v4 ==== 721+0+0 (secure 0 0 0) 0x7f209004b450 con 0x7f209c076b70
2024-04-16T13:03:17.740 INFO:teuthology.orchestra.run.smithi188.stdout:/usr/bin/ceph: stderr
2024-04-16T13:03:16.896+0000 7f20a3490700 1 -- 172.21.15.188:0/965451386 --> [v2:172.21.15.188:3300/0,v1:172.21.15.188:6789/0] -- mon_command({"prefix": "get_command_descriptions"} v 0) v1 -- 0x7f209c05f5f0 con 0x7f209c076b70
2024-04-16T13:03:17.740 INFO:teuthology.orchestra.run.smithi188.stdout:/usr/bin/ceph: stderr
2024-04-16T13:03:16.896+0000 7f20a0a2b700 1 --2- 172.21.15.188:0/965451386 >> [v2:172.21.15.188:6800/3846385141,v1:172.21.15.188:6801/3846385141] conn(0x7f2088036740 0x7f2088038bf0 unknown :-1 s=BANNER_CONNECTING pgs=0 cs=0 l=1 rev1=0 crypto rx=0 tx=0 comp rx=0 tx=0)._handle_peer_banner_payload supported=3 required=0
2024-04-16T13:03:17.741 INFO:teuthology.orchestra.run.smithi188.stdout:/usr/bin/ceph: stderr
2024-04-16T13:03:16.897+0000 7f20a0a2b700 1 --2- 172.21.15.188:0/965451386 >> [v2:172.21.15.188:6800/3846385141,v1:172.21.15.188:6801/3846385141] conn(0x7f2088036740 0x7f2088038bf0 secure :-1 s=READY pgs=6 cs=0 l=1 rev1=1 crypto rx=0x7f2098009990 tx=0x7f2098006e40 comp rx=0 tx=0).ready entity=mgr.14100 client_cookie=0 server_cookie=0 in_seq=0 out_seq=0
2024-04-16T13:03:17.741 INFO:teuthology.orchestra.run.smithi188.stdout:/usr/bin/ceph: stderr
2024-04-16T13:03:16.901+0000 7f208dffb700 1 -- 172.21.15.188:0/965451386 <== mon.0 v2:172.21.15.188:3300/0 6 ==== mon_command_ack([{"prefix": "get_command_descriptions"}]=0 v0) v1 ==== 72+0+176702 (secure 0 0 0) 0x7f2090018940 con 0x7f209c076b70
2024-04-16T13:03:17.741 INFO:teuthology.orchestra.run.smithi188.stdout:/usr/bin/ceph: stderr
2024-04-16T13:03:17.166+0000 7f20a3490700 1 -- 172.21.15.188:0/965451386 --> [v2:172.21.15.188:3300/0,v1:172.21.15.188:6789/0] -- mon_command({"prefix": "status", "format": "json-pretty"} v 0) v1 -- 0x7f209c04bed0 con 0x7f209c076b70
2024-04-16T13:03:17.741 INFO:teuthology.orchestra.run.smithi188.stdout:/usr/bin/ceph: stderr
2024-04-16T13:03:17.166+0000 7f208dffb700 1 -- 172.21.15.188:0/965451386 <== mon.0 v2:172.21.15.188:3300/0 7 ==== mon_command_ack([{"prefix": "status", "format": "json-pretty"}]=0 v0) v1 ==== 79+0+1248 (secure 0 0 0) 0x7f2090049030 con 0x7f209c076b70
2024-04-16T13:03:17.741 INFO:teuthology.orchestra.run.smithi188.stdout:/usr/bin/ceph: stderr
2024-04-16T13:03:17.168+0000 7f20a3490700 1 -- 172.21.15.188:0/965451386 >> [v2:172.21.15.188:6800/3846385141,v1:172.21.15.188:6801/3846385141] conn(0x7f2088036740 msgr2=0x7f2088038bf0 secure :-1 s=STATE_CONNECTION_ESTABLISHED l=1).mark_down
2024-04-16T13:03:17.741 INFO:teuthology.orchestra.run.smithi188.stdout:/usr/bin/ceph: stderr
2024-04-16T13:03:17.168+0000 7f20a3490700 1 --2- 172.21.15.188:0/965451386 >> [v2:172.21.15.188:6800/3846385141,v1:172.21.15.188:6801/3846385141] conn(0x7f2088036740 0x7f2088038bf0 secure :-1 s=READY pgs=6 cs=0 l=1 rev1=1 crypto rx=0x7f2098009990 tx=0x7f2098006e40 comp rx=0 tx=0).stop
2024-04-16T13:03:17.741 INFO:teuthology.orchestra.run.smithi188.stdout:/usr/bin/ceph: stderr
2024-04-16T13:03:17.168+0000 7f20a3490700 1 -- 172.21.15.188:0/965451386 >> [v2:172.21.15.188:3300/0,v1:172.21.15.188:6789/0] conn(0x7f209c076b70 msgr2=0x7f209c113910 secure :-1 s=STATE_CONNECTION_ESTABLISHED l=1).mark_down
2024-04-16T13:03:17.741 INFO:teuthology.orchestra.run.smithi188.stdout:/usr/bin/ceph: stderr
2024-04-16T13:03:17.168+0000 7f20a3490700 1 --2- 172.21.15.188:0/965451386 >> [v2:172.21.15.188:3300/0,v1:172.21.15.188:6789/0] conn(0x7f209c076b70 0x7f209c113910 secure :-1 s=READY pgs=19 cs=0 l=1 rev1=1 crypto rx=0x7f2090003050 tx=0x7f2090009250 comp rx=0 tx=0).stop
2024-04-16T13:03:17.741 INFO:teuthology.orchestra.run.smithi188.stdout:/usr/bin/ceph: stderr
2024-04-16T13:03:17.168+0000 7f20a3490700 1 -- 172.21.15.188:0/965451386 shutdown_connections
2024-04-16T13:03:17.741 INFO:teuthology.orchestra.run.smithi188.stdout:/usr/bin/ceph: stderr
2024-04-16T13:03:17.168+0000 7f20a3490700 1 --2- 172.21.15.188:0/965451386 >> [v2:172.21.15.188:6800/3846385141,v1:172.21.15.188:6801/3846385141] conn(0x7f2088036740 0x7f2088038bf0 unknown :-1 s=CLOSED pgs=6 cs=0 l=1 rev1=1 crypto rx=0 tx=0 comp rx=0 tx=0).stop
2024-04-16T13:03:17.741 INFO:teuthology.orchestra.run.smithi188.stdout:/usr/bin/ceph: stderr
2024-04-16T13:03:17.168+0000 7f20a3490700 1 --2- 172.21.15.188:0/965451386 >> [v2:172.21.15.188:3300/0,v1:172.21.15.188:6789/0] conn(0x7f209c076b70 0x7f209c113910 unknown :-1 s=CLOSED pgs=19 cs=0 l=1 rev1=1 crypto rx=0 tx=0 comp rx=0 tx=0).stop
2024-04-16T13:03:17.741 INFO:teuthology.orchestra.run.smithi188.stdout:/usr/bin/ceph: stderr
2024-04-16T13:03:17.168+0000 7f20a3490700 1 -- 172.21.15.188:0/965451386 >> 172.21.15.188:0/965451386 conn(0x7f209c0fd0d0 msgr2=0x7f209c0fdc00 unknown :-1 s=STATE_NONE l=0).mark_down
2024-04-16T13:03:17.741 INFO:teuthology.orchestra.run.smithi188.stdout:/usr/bin/ceph: stderr
2024-04-16T13:03:17.169+0000 7f20a3490700 1 -- 172.21.15.188:0/965451386 shutdown_connections
2024-04-16T13:03:17.741 INFO:teuthology.orchestra.run.smithi188.stdout:/usr/bin/ceph: stderr
2024-04-16T13:03:17.169+0000 7f20a3490700 1 -- 172.21.15.188:0/965451386 wait complete.
2024-04-16T13:03:17.742 INFO:teuthology.orchestra.run.smithi188.stdout:mgr is available
2024-04-16T13:03:17.850 INFO:journalctl@ceph.mon.smithi188.smithi188.stdout:Apr 16 13:03:17 smithi188 ceph-mon[29462]: from='client.? 172.21.15.188:0/965451386' entity='client.admin' cmd=[{"prefix": "status", "format": "json-pretty"}]: dispatch
2024-04-16T13:03:18.852 INFO:teuthology.orchestra.run.smithi188.stdout:/usr/bin/ceph: stdout
2024-04-16T13:03:18.852 INFO:teuthology.orchestra.run.smithi188.stdout:/usr/bin/ceph: stdout [global]
2024-04-16T13:03:18.852 INFO:teuthology.orchestra.run.smithi188.stdout:/usr/bin/ceph: stdout fsid = 5fba4e82-fbf1-11ee-bc90-c7b262605968
2024-04-16T13:03:18.852 INFO:teuthology.orchestra.run.smithi188.stdout:/usr/bin/ceph: stdout mon_osd_allow_pg_remap = true
2024-04-16T13:03:18.852 INFO:teuthology.orchestra.run.smithi188.stdout:/usr/bin/ceph: stdout mon_osd_allow_primary_affinity = true
2024-04-16T13:03:18.852 INFO:teuthology.orchestra.run.smithi188.stdout:/usr/bin/ceph: stdout mon_warn_on_no_sortbitwise = false
2024-04-16T13:03:18.852 INFO:teuthology.orchestra.run.smithi188.stdout:/usr/bin/ceph: stdout osd_crush_chooseleaf_type = 0
2024-04-16T13:03:18.852 INFO:teuthology.orchestra.run.smithi188.stdout:/usr/bin/ceph: stdout
2024-04-16T13:03:18.852 INFO:teuthology.orchestra.run.smithi188.stdout:/usr/bin/ceph: stdout [mds]
2024-04-16T13:03:18.852 INFO:teuthology.orchestra.run.smithi188.stdout:/usr/bin/ceph: stdout mds_debug_zombie_log_segments = True
2024-04-16T13:03:18.853 INFO:teuthology.orchestra.run.smithi188.stdout:/usr/bin/ceph: stdout
2024-04-16T13:03:18.853 INFO:teuthology.orchestra.run.smithi188.stdout:/usr/bin/ceph: stdout [mgr]
2024-04-16T13:03:18.853 INFO:teuthology.orchestra.run.smithi188.stdout:/usr/bin/ceph: stdout mgr/telemetry/nag = false
2024-04-16T13:03:18.853 INFO:teuthology.orchestra.run.smithi188.stdout:/usr/bin/ceph: stdout
2024-04-16T13:03:18.853 INFO:teuthology.orchestra.run.smithi188.stdout:/usr/bin/ceph: stdout [osd]
2024-04-16T13:03:18.853 INFO:teuthology.orchestra.run.smithi188.stdout:/usr/bin/ceph: stdout mon_osd_backfillfull_ratio = 0.85
2024-04-16T13:03:18.853 INFO:teuthology.orchestra.run.smithi188.stdout:/usr/bin/ceph: stdout mon_osd_full_ratio = 0.9
2024-04-16T13:03:18.853 INFO:teuthology.orchestra.run.smithi188.stdout:/usr/bin/ceph: stdout mon_osd_nearfull_ratio = 0.8
2024-04-16T13:03:18.853 INFO:teuthology.orchestra.run.smithi188.stdout:/usr/bin/ceph: stdout osd_map_max_advance = 10
2024-04-16T13:03:18.853 INFO:teuthology.orchestra.run.smithi188.stdout:/usr/bin/ceph: stdout osd_sloppy_crc = true
2024-04-16T13:03:18.853 INFO:teuthology.orchestra.run.smithi188.stdout:/usr/bin/ceph: stderr
2024-04-16T13:03:18.123+0000 7fa4e3a34700 1 Processor -- start
2024-04-16T13:03:18.853 INFO:teuthology.orchestra.run.smithi188.stdout:/usr/bin/ceph: stderr
2024-04-16T13:03:18.123+0000 7fa4e3a34700 1 -- start start
2024-04-16T13:03:18.853 INFO:teuthology.orchestra.run.smithi188.stdout:/usr/bin/ceph: stderr
2024-04-16T13:03:18.123+0000 7fa4e3a34700 1 --2- >> [v2:172.21.15.188:3300/0,v1:172.21.15.188:6789/0] conn(0x7fa4dc078ce0 0x7fa4dc077290 unknown :-1 s=NONE pgs=0 cs=0 l=0 rev1=0 crypto rx=0 tx=0 comp rx=0 tx=0).connect
2024-04-16T13:03:18.853 INFO:teuthology.orchestra.run.smithi188.stdout:/usr/bin/ceph: stderr
2024-04-16T13:03:18.123+0000 7fa4e3a34700 1 -- --> [v2:172.21.15.188:3300/0,v1:172.21.15.188:6789/0] -- mon_getmap magic: 0 v1 -- 0x7fa4dc0790f0 con 0x7fa4dc078ce0
2024-04-16T13:03:18.854 INFO:teuthology.orchestra.run.smithi188.stdout:/usr/bin/ceph: stderr
2024-04-16T13:03:18.123+0000 7fa4e17d0700 1 --2- >> [v2:172.21.15.188:3300/0,v1:172.21.15.188:6789/0] conn(0x7fa4dc078ce0 0x7fa4dc077290 unknown :-1 s=BANNER_CONNECTING pgs=0 cs=0 l=0 rev1=0 crypto rx=0 tx=0 comp rx=0 tx=0)._handle_peer_banner_payload supported=3 required=0
2024-04-16T13:03:18.854 INFO:teuthology.orchestra.run.smithi188.stdout:/usr/bin/ceph: stderr
2024-04-16T13:03:18.123+0000 7fa4e17d0700 1 --2- >> [v2:172.21.15.188:3300/0,v1:172.21.15.188:6789/0] conn(0x7fa4dc078ce0 0x7fa4dc077290 unknown :-1 s=HELLO_CONNECTING pgs=0 cs=0 l=0 rev1=1 crypto rx=0 tx=0 comp rx=0 tx=0).handle_hello peer v2:172.21.15.188:3300/0 says I am v2:172.21.15.188:38408/0 (socket says 172.21.15.188:38408)
2024-04-16T13:03:18.854 INFO:teuthology.orchestra.run.smithi188.stdout:/usr/bin/ceph: stderr
2024-04-16T13:03:18.123+0000 7fa4e17d0700 1 -- 172.21.15.188:0/3538305014 learned_addr learned my addr 172.21.15.188:0/3538305014 (peer_addr_for_me v2:172.21.15.188:0/0)
2024-04-16T13:03:18.854 INFO:teuthology.orchestra.run.smithi188.stdout:/usr/bin/ceph: stderr
2024-04-16T13:03:18.123+0000 7fa4e17d0700 1 -- 172.21.15.188:0/3538305014 --> [v2:172.21.15.188:3300/0,v1:172.21.15.188:6789/0] -- mon_subscribe({config=0+,monmap=0+}) v3 -- 0x7fa4dc0777d0 con 0x7fa4dc078ce0
2024-04-16T13:03:18.854 INFO:teuthology.orchestra.run.smithi188.stdout:/usr/bin/ceph: stderr
2024-04-16T13:03:18.124+0000 7fa4e17d0700 1 --2- 172.21.15.188:0/3538305014 >> [v2:172.21.15.188:3300/0,v1:172.21.15.188:6789/0] conn(0x7fa4dc078ce0 0x7fa4dc077290 secure :-1 s=READY pgs=20 cs=0 l=1 rev1=1 crypto rx=0x7fa4d80098e0 tx=0x7fa4d8009250 comp rx=0 tx=0).ready entity=mon.0 client_cookie=52dfbf8773b10f46 server_cookie=0 in_seq=0 out_seq=0
2024-04-16T13:03:18.854 INFO:teuthology.orchestra.run.smithi188.stdout:/usr/bin/ceph: stderr
2024-04-16T13:03:18.124+0000 7fa4d3fff700 1 -- 172.21.15.188:0/3538305014 <== mon.0 v2:172.21.15.188:3300/0 1 ==== mon_map magic: 0 v1 ==== 229+0+0 (secure 0 0 0) 0x7fa4d800b860 con 0x7fa4dc078ce0
2024-04-16T13:03:18.854 INFO:teuthology.orchestra.run.smithi188.stdout:/usr/bin/ceph: stderr
2024-04-16T13:03:18.124+0000 7fa4d3fff700 1 -- 172.21.15.188:0/3538305014 <== mon.0 v2:172.21.15.188:3300/0 2 ==== config(27 keys) v1 ==== 1044+0+0 (secure 0 0 0) 0x7fa4d800be50 con 0x7fa4dc078ce0
2024-04-16T13:03:18.854 INFO:teuthology.orchestra.run.smithi188.stdout:/usr/bin/ceph: stderr
2024-04-16T13:03:18.124+0000 7fa4d3fff700 1 -- 172.21.15.188:0/3538305014 <== mon.0 v2:172.21.15.188:3300/0 3 ==== mon_map magic: 0 v1 ==== 229+0+0 (secure 0 0 0) 0x7fa4d8010380 con 0x7fa4dc078ce0
2024-04-16T13:03:18.854 INFO:teuthology.orchestra.run.smithi188.stdout:/usr/bin/ceph: stderr
2024-04-16T13:03:18.124+0000 7fa4e3a34700 1 -- 172.21.15.188:0/3538305014 >> [v2:172.21.15.188:3300/0,v1:172.21.15.188:6789/0] conn(0x7fa4dc078ce0 msgr2=0x7fa4dc077290 secure :-1 s=STATE_CONNECTION_ESTABLISHED l=1).mark_down
2024-04-16T13:03:18.854 INFO:teuthology.orchestra.run.smithi188.stdout:/usr/bin/ceph: stderr
2024-04-16T13:03:18.124+0000 7fa4e3a34700 1 --2- 172.21.15.188:0/3538305014 >> [v2:172.21.15.188:3300/0,v1:172.21.15.188:6789/0] conn(0x7fa4dc078ce0 0x7fa4dc077290 secure :-1 s=READY pgs=20 cs=0 l=1 rev1=1 crypto rx=0x7fa4d80098e0 tx=0x7fa4d8009250 comp rx=0 tx=0).stop
2024-04-16T13:03:18.854 INFO:teuthology.orchestra.run.smithi188.stdout:/usr/bin/ceph: stderr
2024-04-16T13:03:18.124+0000 7fa4e3a34700 1 -- 172.21.15.188:0/3538305014 shutdown_connections
2024-04-16T13:03:18.854 INFO:teuthology.orchestra.run.smithi188.stdout:/usr/bin/ceph: stderr
2024-04-16T13:03:18.124+0000 7fa4e3a34700 1 --2- 172.21.15.188:0/3538305014 >> [v2:172.21.15.188:3300/0,v1:172.21.15.188:6789/0] conn(0x7fa4dc078ce0 0x7fa4dc077290 unknown :-1 s=CLOSED pgs=20 cs=0 l=1 rev1=1 crypto rx=0 tx=0 comp rx=0 tx=0).stop
2024-04-16T13:03:18.854 INFO:teuthology.orchestra.run.smithi188.stdout:/usr/bin/ceph: stderr
2024-04-16T13:03:18.124+0000 7fa4e3a34700 1 -- 172.21.15.188:0/3538305014 >> 172.21.15.188:0/3538305014 conn(0x7fa4dc0fe100 msgr2=0x7fa4dc100510 unknown :-1 s=STATE_NONE l=0).mark_down
2024-04-16T13:03:18.855 INFO:teuthology.orchestra.run.smithi188.stdout:/usr/bin/ceph: stderr
2024-04-16T13:03:18.124+0000 7fa4e3a34700 1 -- 172.21.15.188:0/3538305014 shutdown_connections
2024-04-16T13:03:18.855 INFO:teuthology.orchestra.run.smithi188.stdout:/usr/bin/ceph: stderr
2024-04-16T13:03:18.124+0000 7fa4e3a34700 1 -- 172.21.15.188:0/3538305014 wait complete.
2024-04-16T13:03:18.855 INFO:teuthology.orchestra.run.smithi188.stdout:/usr/bin/ceph: stderr
2024-04-16T13:03:18.125+0000 7fa4e3a34700 1 Processor -- start
2024-04-16T13:03:18.855 INFO:teuthology.orchestra.run.smithi188.stdout:/usr/bin/ceph: stderr
2024-04-16T13:03:18.125+0000 7fa4e3a34700 1 -- start start
2024-04-16T13:03:18.855 INFO:teuthology.orchestra.run.smithi188.stdout:/usr/bin/ceph: stderr
2024-04-16T13:03:18.125+0000 7fa4e3a34700 1 --2- >> [v2:172.21.15.188:3300/0,v1:172.21.15.188:6789/0] conn(0x7fa4dc078ce0 0x7fa4dc1139d0 unknown :-1 s=NONE pgs=0 cs=0 l=1 rev1=0 crypto rx=0 tx=0 comp rx=0 tx=0).connect
2024-04-16T13:03:18.855 INFO:teuthology.orchestra.run.smithi188.stdout:/usr/bin/ceph: stderr
2024-04-16T13:03:18.125+0000 7fa4e3a34700 1 -- --> [v2:172.21.15.188:3300/0,v1:172.21.15.188:6789/0] -- mon_getmap magic: 0 v1 -- 0x7fa4dc113f10 con 0x7fa4dc078ce0
2024-04-16T13:03:18.855 INFO:teuthology.orchestra.run.smithi188.stdout:/usr/bin/ceph: stderr
2024-04-16T13:03:18.125+0000 7fa4e17d0700 1 --2- >> [v2:172.21.15.188:3300/0,v1:172.21.15.188:6789/0] conn(0x7fa4dc078ce0 0x7fa4dc1139d0 unknown :-1 s=BANNER_CONNECTING pgs=0 cs=0 l=1 rev1=0 crypto rx=0 tx=0 comp rx=0 tx=0)._handle_peer_banner_payload supported=3 required=0
2024-04-16T13:03:18.855 INFO:teuthology.orchestra.run.smithi188.stdout:/usr/bin/ceph: stderr
2024-04-16T13:03:18.125+0000 7fa4e17d0700 1 --2- >> [v2:172.21.15.188:3300/0,v1:172.21.15.188:6789/0] conn(0x7fa4dc078ce0 0x7fa4dc1139d0 unknown :-1 s=HELLO_CONNECTING pgs=0 cs=0 l=1 rev1=1 crypto rx=0 tx=0 comp rx=0 tx=0).handle_hello peer v2:172.21.15.188:3300/0 says I am v2:172.21.15.188:38412/0 (socket says 172.21.15.188:38412)
2024-04-16T13:03:18.855 INFO:teuthology.orchestra.run.smithi188.stdout:/usr/bin/ceph: stderr
2024-04-16T13:03:18.125+0000 7fa4e17d0700 1 -- 172.21.15.188:0/1704439996 learned_addr learned my addr 172.21.15.188:0/1704439996 (peer_addr_for_me v2:172.21.15.188:0/0)
2024-04-16T13:03:18.855 INFO:teuthology.orchestra.run.smithi188.stdout:/usr/bin/ceph: stderr
2024-04-16T13:03:18.126+0000 7fa4e17d0700 1 -- 172.21.15.188:0/1704439996 --> [v2:172.21.15.188:3300/0,v1:172.21.15.188:6789/0] -- mon_subscribe({config=0+,monmap=0+}) v3 -- 0x7fa4d80094f0 con 0x7fa4dc078ce0
2024-04-16T13:03:18.855 INFO:teuthology.orchestra.run.smithi188.stdout:/usr/bin/ceph: stderr
2024-04-16T13:03:18.126+0000 7fa4e17d0700 1 --2- 172.21.15.188:0/1704439996 >> [v2:172.21.15.188:3300/0,v1:172.21.15.188:6789/0] conn(0x7fa4dc078ce0 0x7fa4dc1139d0 secure :-1 s=READY pgs=21 cs=0 l=1 rev1=1 crypto rx=0x7fa4d8006fd0 tx=0x7fa4d8009250 comp rx=0 tx=0).ready entity=mon.0 client_cookie=0 server_cookie=0 in_seq=0 out_seq=0
2024-04-16T13:03:18.855 INFO:teuthology.orchestra.run.smithi188.stdout:/usr/bin/ceph: stderr
2024-04-16T13:03:18.126+0000 7fa4d1ffb700 1 -- 172.21.15.188:0/1704439996 <== mon.0 v2:172.21.15.188:3300/0 1 ==== mon_map magic: 0 v1 ==== 229+0+0 (secure 0 0 0) 0x7fa4d80107c0 con 0x7fa4dc078ce0
2024-04-16T13:03:18.855 INFO:teuthology.orchestra.run.smithi188.stdout:/usr/bin/ceph: stderr
2024-04-16T13:03:18.126+0000 7fa4d1ffb700 1 -- 172.21.15.188:0/1704439996 <== mon.0 v2:172.21.15.188:3300/0 2 ==== config(27 keys) v1 ==== 1044+0+0 (secure 0 0 0) 0x7fa4d8010db0 con 0x7fa4dc078ce0
2024-04-16T13:03:18.855 INFO:teuthology.orchestra.run.smithi188.stdout:/usr/bin/ceph: stderr
2024-04-16T13:03:18.126+0000 7fa4e3a34700 1 -- 172.21.15.188:0/1704439996 --> [v2:172.21.15.188:3300/0,v1:172.21.15.188:6789/0] -- mon_subscribe({mgrmap=0+}) v3 -- 0x7fa4dc114110 con 0x7fa4dc078ce0
2024-04-16T13:03:18.855 INFO:teuthology.orchestra.run.smithi188.stdout:/usr/bin/ceph: stderr
2024-04-16T13:03:18.126+0000 7fa4d1ffb700 1 -- 172.21.15.188:0/1704439996 <== mon.0 v2:172.21.15.188:3300/0 3 ==== mon_map magic: 0 v1 ==== 229+0+0 (secure 0 0 0) 0x7fa4d801ada0 con 0x7fa4dc078ce0
2024-04-16T13:03:18.856 INFO:teuthology.orchestra.run.smithi188.stdout:/usr/bin/ceph: stderr
2024-04-16T13:03:18.126+0000 7fa4e3a34700 1 -- 172.21.15.188:0/1704439996 --> [v2:172.21.15.188:3300/0,v1:172.21.15.188:6789/0] -- mon_subscribe({osdmap=0}) v3 -- 0x7fa4dc114c80 con 0x7fa4dc078ce0
2024-04-16T13:03:18.856 INFO:teuthology.orchestra.run.smithi188.stdout:/usr/bin/ceph: stderr
2024-04-16T13:03:18.127+0000 7fa4d1ffb700 1 -- 172.21.15.188:0/1704439996 <== mon.0 v2:172.21.15.188:3300/0 4 ==== mgrmap(e 4) v1 ==== 43365+0+0 (secure 0 0 0) 0x7fa4d8019450 con 0x7fa4dc078ce0
2024-04-16T13:03:18.856 INFO:teuthology.orchestra.run.smithi188.stdout:/usr/bin/ceph: stderr
2024-04-16T13:03:18.127+0000 7fa4d1ffb700 1 --2- 172.21.15.188:0/1704439996 >> [v2:172.21.15.188:6800/3846385141,v1:172.21.15.188:6801/3846385141] conn(0x7fa4c8036740 0x7fa4c8038bf0 unknown :-1 s=NONE pgs=0 cs=0 l=1 rev1=0 crypto rx=0 tx=0 comp rx=0 tx=0).connect
2024-04-16T13:03:18.856 INFO:teuthology.orchestra.run.smithi188.stdout:/usr/bin/ceph: stderr
2024-04-16T13:03:18.127+0000 7fa4e3a34700 1 -- 172.21.15.188:0/1704439996 --> [v2:172.21.15.188:3300/0,v1:172.21.15.188:6789/0] -- mon_command({"prefix": "get_command_descriptions"} v 0) v1 -- 0x7fa4dc05f5f0 con 0x7fa4dc078ce0
2024-04-16T13:03:18.856 INFO:teuthology.orchestra.run.smithi188.stdout:/usr/bin/ceph: stderr
2024-04-16T13:03:18.127+0000 7fa4d1ffb700 1 -- 172.21.15.188:0/1704439996 <== mon.0 v2:172.21.15.188:3300/0 5 ==== osd_map(1..1 src has 1..1) v4 ==== 721+0+0 (secure 0 0 0) 0x7fa4d8049cc0 con 0x7fa4dc078ce0
2024-04-16T13:03:18.856 INFO:teuthology.orchestra.run.smithi188.stdout:/usr/bin/ceph: stderr
2024-04-16T13:03:18.127+0000 7fa4e0fcf700 1 --2- 172.21.15.188:0/1704439996 >> [v2:172.21.15.188:6800/3846385141,v1:172.21.15.188:6801/3846385141] conn(0x7fa4c8036740 0x7fa4c8038bf0 unknown :-1 s=BANNER_CONNECTING pgs=0 cs=0 l=1 rev1=0 crypto rx=0 tx=0 comp rx=0 tx=0)._handle_peer_banner_payload supported=3 required=0
2024-04-16T13:03:18.856 INFO:teuthology.orchestra.run.smithi188.stdout:/usr/bin/ceph: stderr
2024-04-16T13:03:18.128+0000 7fa4e0fcf700 1 --2- 172.21.15.188:0/1704439996 >> [v2:172.21.15.188:6800/3846385141,v1:172.21.15.188:6801/3846385141] conn(0x7fa4c8036740 0x7fa4c8038bf0 secure :-1 s=READY pgs=7 cs=0 l=1 rev1=1 crypto rx=0x7fa4cc009990 tx=0x7fa4cc006e40 comp rx=0 tx=0).ready entity=mgr.14100 client_cookie=0 server_cookie=0 in_seq=0 out_seq=0
2024-04-16T13:03:18.856 INFO:teuthology.orchestra.run.smithi188.stdout:/usr/bin/ceph: stderr
2024-04-16T13:03:18.132+0000 7fa4d1ffb700 1 -- 172.21.15.188:0/1704439996 <== mon.0 v2:172.21.15.188:3300/0 6 ==== mon_command_ack([{"prefix": "get_command_descriptions"}]=0 v0) v1 ==== 72+0+176702 (secure 0 0 0) 0x7fa4d8020020 con 0x7fa4dc078ce0
2024-04-16T13:03:18.856 INFO:teuthology.orchestra.run.smithi188.stdout:/usr/bin/ceph: stderr
2024-04-16T13:03:18.315+0000 7fa4e3a34700 1 -- 172.21.15.188:0/1704439996 --> [v2:172.21.15.188:3300/0,v1:172.21.15.188:6789/0] -- mon_command({"prefix": "config assimilate-conf"} v 0) v1 -- 0x7fa4dc04bed0 con 0x7fa4dc078ce0
2024-04-16T13:03:18.856 INFO:teuthology.orchestra.run.smithi188.stdout:/usr/bin/ceph: stderr
2024-04-16T13:03:18.315+0000 7fa4d1ffb700 1 -- 172.21.15.188:0/1704439996 <== mon.0 v2:172.21.15.188:3300/0 7 ==== mon_command_ack([{"prefix": "config assimilate-conf"}]=0 v3) v1 ==== 70+0+418 (secure 0 0 0) 0x7fa4d8022310 con 0x7fa4dc078ce0
2024-04-16T13:03:18.856 INFO:teuthology.orchestra.run.smithi188.stdout:/usr/bin/ceph: stderr
2024-04-16T13:03:18.317+0000 7fa4e3a34700 1 -- 172.21.15.188:0/1704439996 >> [v2:172.21.15.188:6800/3846385141,v1:172.21.15.188:6801/3846385141] conn(0x7fa4c8036740 msgr2=0x7fa4c8038bf0 secure :-1 s=STATE_CONNECTION_ESTABLISHED l=1).mark_down
2024-04-16T13:03:18.856 INFO:teuthology.orchestra.run.smithi188.stdout:/usr/bin/ceph: stderr
2024-04-16T13:03:18.318+0000 7fa4e3a34700 1 --2- 172.21.15.188:0/1704439996 >> [v2:172.21.15.188:6800/3846385141,v1:172.21.15.188:6801/3846385141] conn(0x7fa4c8036740 0x7fa4c8038bf0 secure :-1 s=READY pgs=7 cs=0 l=1 rev1=1 crypto rx=0x7fa4cc009990 tx=0x7fa4cc006e40 comp rx=0 tx=0).stop
2024-04-16T13:03:18.856 INFO:teuthology.orchestra.run.smithi188.stdout:/usr/bin/ceph: stderr
2024-04-16T13:03:18.318+0000 7fa4e3a34700 1 -- 172.21.15.188:0/1704439996 >> [v2:172.21.15.188:3300/0,v1:172.21.15.188:6789/0] conn(0x7fa4dc078ce0 msgr2=0x7fa4dc1139d0 secure :-1 s=STATE_CONNECTION_ESTABLISHED l=1).mark_down
2024-04-16T13:03:18.857 INFO:teuthology.orchestra.run.smithi188.stdout:/usr/bin/ceph: stderr
2024-04-16T13:03:18.318+0000 7fa4e3a34700 1 --2- 172.21.15.188:0/1704439996 >> [v2:172.21.15.188:3300/0,v1:172.21.15.188:6789/0] conn(0x7fa4dc078ce0 0x7fa4dc1139d0 secure :-1 s=READY pgs=21 cs=0 l=1 rev1=1 crypto rx=0x7fa4d8006fd0 tx=0x7fa4d8009250 comp rx=0 tx=0).stop
2024-04-16T13:03:18.857 INFO:teuthology.orchestra.run.smithi188.stdout:/usr/bin/ceph: stderr
2024-04-16T13:03:18.318+0000 7fa4e3a34700 1 -- 172.21.15.188:0/1704439996 shutdown_connections
2024-04-16T13:03:18.857 INFO:teuthology.orchestra.run.smithi188.stdout:/usr/bin/ceph: stderr
2024-04-16T13:03:18.318+0000 7fa4e3a34700 1 --2- 172.21.15.188:0/1704439996 >> [v2:172.21.15.188:6800/3846385141,v1:172.21.15.188:6801/3846385141] conn(0x7fa4c8036740 0x7fa4c8038bf0 unknown :-1 s=CLOSED pgs=7 cs=0 l=1 rev1=1 crypto rx=0 tx=0 comp rx=0 tx=0).stop
2024-04-16T13:03:18.857 INFO:teuthology.orchestra.run.smithi188.stdout:/usr/bin/ceph: stderr
2024-04-16T13:03:18.318+0000 7fa4e3a34700 1 --2- 172.21.15.188:0/1704439996 >> [v2:172.21.15.188:3300/0,v1:172.21.15.188:6789/0] conn(0x7fa4dc078ce0 0x7fa4dc1139d0 unknown :-1 s=CLOSED pgs=21 cs=0 l=1 rev1=1 crypto rx=0 tx=0 comp rx=0 tx=0).stop
2024-04-16T13:03:18.857 INFO:teuthology.orchestra.run.smithi188.stdout:/usr/bin/ceph: stderr
2024-04-16T13:03:18.318+0000 7fa4e3a34700 1 -- 172.21.15.188:0/1704439996 >> 172.21.15.188:0/1704439996 conn(0x7fa4dc0fe100 msgr2=0x7fa4dc0fec80 unknown :-1 s=STATE_NONE l=0).mark_down
2024-04-16T13:03:18.857 INFO:teuthology.orchestra.run.smithi188.stdout:/usr/bin/ceph: stderr
2024-04-16T13:03:18.318+0000 7fa4e3a34700 1 -- 172.21.15.188:0/1704439996 shutdown_connections
2024-04-16T13:03:18.857 INFO:teuthology.orchestra.run.smithi188.stdout:/usr/bin/ceph: stderr
2024-04-16T13:03:18.318+0000 7fa4e3a34700 1 -- 172.21.15.188:0/1704439996 wait complete.
2024-04-16T13:03:18.858 INFO:teuthology.orchestra.run.smithi188.stdout:Enabling cephadm module...
2024-04-16T13:03:18.878 INFO:journalctl@ceph.mon.smithi188.smithi188.stdout:Apr 16 13:03:18 smithi188 ceph-mon[29462]: from='client.? 172.21.15.188:0/1704439996' entity='client.admin' cmd=[{"prefix": "config assimilate-conf"}]: dispatch
2024-04-16T13:03:20.005 INFO:journalctl@ceph.mon.smithi188.smithi188.stdout:Apr 16 13:03:19 smithi188 ceph-mon[29462]: from='client.? 172.21.15.188:0/1847802251' entity='client.admin' cmd=[{"prefix": "mgr module enable", "module": "cephadm"}]: dispatch
2024-04-16T13:03:20.322 INFO:teuthology.orchestra.run.smithi188.stdout:/usr/bin/ceph: stderr
2024-04-16T13:03:19.223+0000 7fd186837700 1 Processor -- start
2024-04-16T13:03:20.322 INFO:teuthology.orchestra.run.smithi188.stdout:/usr/bin/ceph: stderr
2024-04-16T13:03:19.223+0000 7fd186837700 1 -- start start
2024-04-16T13:03:20.322 INFO:teuthology.orchestra.run.smithi188.stdout:/usr/bin/ceph: stderr
2024-04-16T13:03:19.223+0000 7fd186837700 1 --2- >> [v2:172.21.15.188:3300/0,v1:172.21.15.188:6789/0] conn(0x7fd180076c60 0x7fd1801055d0 unknown :-1 s=NONE pgs=0 cs=0 l=0 rev1=0 crypto rx=0 tx=0 comp rx=0 tx=0).connect
2024-04-16T13:03:20.322 INFO:teuthology.orchestra.run.smithi188.stdout:/usr/bin/ceph: stderr
2024-04-16T13:03:19.223+0000 7fd186837700 1 -- --> [v2:172.21.15.188:3300/0,v1:172.21.15.188:6789/0] -- mon_getmap magic: 0 v1 -- 0x7fd180105b10 con 0x7fd180076c60
2024-04-16T13:03:20.322 INFO:teuthology.orchestra.run.smithi188.stdout:/usr/bin/ceph: stderr
2024-04-16T13:03:19.224+0000 7fd17ffff700 1 --2- >> [v2:172.21.15.188:3300/0,v1:172.21.15.188:6789/0] conn(0x7fd180076c60 0x7fd1801055d0 unknown :-1 s=BANNER_CONNECTING pgs=0 cs=0 l=0 rev1=0 crypto rx=0 tx=0 comp rx=0 tx=0)._handle_peer_banner_payload supported=3 required=0
2024-04-16T13:03:20.322 INFO:teuthology.orchestra.run.smithi188.stdout:/usr/bin/ceph: stderr
