2024-04-16T13:04:20.911 INFO:teuthology.orchestra.run.smithi073.stdout:/usr/bin/ceph: stderr
2024-04-16T13:04:19.283+0000 7fb968f4b700 1 -- 172.21.15.73:0/4223101012 shutdown_connections
2024-04-16T13:04:20.912 INFO:teuthology.orchestra.run.smithi073.stdout:/usr/bin/ceph: stderr
2024-04-16T13:04:19.283+0000 7fb968f4b700 1 -- 172.21.15.73:0/4223101012 wait complete.
2024-04-16T13:04:20.912 INFO:teuthology.orchestra.run.smithi073.stdout:/usr/bin/ceph: stderr
2024-04-16T13:04:19.283+0000 7fb968f4b700 1 Processor -- start
2024-04-16T13:04:20.912 INFO:teuthology.orchestra.run.smithi073.stdout:/usr/bin/ceph: stderr
2024-04-16T13:04:19.284+0000 7fb968f4b700 1 -- start start
2024-04-16T13:04:20.912 INFO:teuthology.orchestra.run.smithi073.stdout:/usr/bin/ceph: stderr
2024-04-16T13:04:19.284+0000 7fb968f4b700 1 --2- >> [v2:172.21.15.73:3300/0,v1:172.21.15.73:6789/0] conn(0x7fb964078bd0 0x7fb9641139a0 unknown :-1 s=NONE pgs=0 cs=0 l=1 rev1=0 crypto rx=0 tx=0 comp rx=0 tx=0).connect
2024-04-16T13:04:20.912 INFO:teuthology.orchestra.run.smithi073.stdout:/usr/bin/ceph: stderr
2024-04-16T13:04:19.284+0000 7fb968f4b700 1 -- --> [v2:172.21.15.73:3300/0,v1:172.21.15.73:6789/0] -- mon_getmap magic: 0 v1 -- 0x7fb964113ee0 con 0x7fb964078bd0
2024-04-16T13:04:20.912 INFO:teuthology.orchestra.run.smithi073.stdout:/usr/bin/ceph: stderr
2024-04-16T13:04:19.284+0000 7fb96259c700 1 --2- >> [v2:172.21.15.73:3300/0,v1:172.21.15.73:6789/0] conn(0x7fb964078bd0 0x7fb9641139a0 unknown :-1 s=BANNER_CONNECTING pgs=0 cs=0 l=1 rev1=0 crypto rx=0 tx=0 comp rx=0 tx=0)._handle_peer_banner_payload supported=3 required=0
2024-04-16T13:04:20.912 INFO:teuthology.orchestra.run.smithi073.stdout:/usr/bin/ceph: stderr
2024-04-16T13:04:19.284+0000 7fb96259c700 1 --2- >> [v2:172.21.15.73:3300/0,v1:172.21.15.73:6789/0] conn(0x7fb964078bd0 0x7fb9641139a0 unknown :-1 s=HELLO_CONNECTING pgs=0 cs=0 l=1 rev1=1 crypto rx=0 tx=0 comp rx=0 tx=0).handle_hello peer v2:172.21.15.73:3300/0 says I am v2:172.21.15.73:51412/0 (socket says 172.21.15.73:51412)
2024-04-16T13:04:20.912 INFO:teuthology.orchestra.run.smithi073.stdout:/usr/bin/ceph: stderr
2024-04-16T13:04:19.284+0000 7fb96259c700 1 -- 172.21.15.73:0/3366427402 learned_addr learned my addr 172.21.15.73:0/3366427402 (peer_addr_for_me v2:172.21.15.73:0/0)
2024-04-16T13:04:20.912 INFO:teuthology.orchestra.run.smithi073.stdout:/usr/bin/ceph: stderr
2024-04-16T13:04:19.284+0000 7fb96259c700 1 -- 172.21.15.73:0/3366427402 --> [v2:172.21.15.73:3300/0,v1:172.21.15.73:6789/0] -- mon_subscribe({config=0+,monmap=0+}) v3 -- 0x7fb9540094f0 con 0x7fb964078bd0
2024-04-16T13:04:20.912 INFO:teuthology.orchestra.run.smithi073.stdout:/usr/bin/ceph: stderr
2024-04-16T13:04:19.284+0000 7fb96259c700 1 --2- 172.21.15.73:0/3366427402 >> [v2:172.21.15.73:3300/0,v1:172.21.15.73:6789/0] conn(0x7fb964078bd0 0x7fb9641139a0 secure :-1 s=READY pgs=81 cs=0 l=1 rev1=1 crypto rx=0x7fb954011cf0 tx=0x7fb954009250 comp rx=0 tx=0).ready entity=mon.0 client_cookie=0 server_cookie=0 in_seq=0 out_seq=0
2024-04-16T13:04:20.912 INFO:teuthology.orchestra.run.smithi073.stdout:/usr/bin/ceph: stderr
2024-04-16T13:04:19.284+0000 7fb95affd700 1 -- 172.21.15.73:0/3366427402 <== mon.0 v2:172.21.15.73:3300/0 1 ==== mon_map magic: 0 v1 ==== 229+0+0 (secure 0 0 0) 0x7fb954010800 con 0x7fb964078bd0
2024-04-16T13:04:20.912 INFO:teuthology.orchestra.run.smithi073.stdout:/usr/bin/ceph: stderr
2024-04-16T13:04:19.284+0000 7fb968f4b700 1 -- 172.21.15.73:0/3366427402 --> [v2:172.21.15.73:3300/0,v1:172.21.15.73:6789/0] -- mon_subscribe({mgrmap=0+}) v3 -- 0x7fb9641140e0 con 0x7fb964078bd0
2024-04-16T13:04:20.912 INFO:teuthology.orchestra.run.smithi073.stdout:/usr/bin/ceph: stderr
2024-04-16T13:04:19.284+0000 7fb95affd700 1 -- 172.21.15.73:0/3366427402 <== mon.0 v2:172.21.15.73:3300/0 2 ==== config(27 keys) v1 ==== 1109+0+0 (secure 0 0 0) 0x7fb954010e30 con 0x7fb964078bd0
2024-04-16T13:04:20.912 INFO:teuthology.orchestra.run.smithi073.stdout:/usr/bin/ceph: stderr
2024-04-16T13:04:19.284+0000 7fb95affd700 1 -- 172.21.15.73:0/3366427402 <== mon.0 v2:172.21.15.73:3300/0 3 ==== mon_map magic: 0 v1 ==== 229+0+0 (secure 0 0 0) 0x7fb95401ae80 con 0x7fb964078bd0
2024-04-16T13:04:20.912 INFO:teuthology.orchestra.run.smithi073.stdout:/usr/bin/ceph: stderr
2024-04-16T13:04:19.285+0000 7fb968f4b700 1 -- 172.21.15.73:0/3366427402 --> [v2:172.21.15.73:3300/0,v1:172.21.15.73:6789/0] -- mon_subscribe({osdmap=0}) v3 -- 0x7fb964114c50 con 0x7fb964078bd0
2024-04-16T13:04:20.912 INFO:teuthology.orchestra.run.smithi073.stdout:/usr/bin/ceph: stderr
2024-04-16T13:04:19.286+0000 7fb95affd700 1 -- 172.21.15.73:0/3366427402 <== mon.0 v2:172.21.15.73:3300/0 4 ==== mgrmap(e 12) v1 ==== 43389+0+0 (secure 0 0 0) 0x7fb954010960 con 0x7fb964078bd0
2024-04-16T13:04:20.913 INFO:teuthology.orchestra.run.smithi073.stdout:/usr/bin/ceph: stderr
2024-04-16T13:04:19.286+0000 7fb968f4b700 1 -- 172.21.15.73:0/3366427402 --> [v2:172.21.15.73:3300/0,v1:172.21.15.73:6789/0] -- mon_command({"prefix": "get_command_descriptions"} v 0) v1 -- 0x7fb96405f5f0 con 0x7fb964078bd0
2024-04-16T13:04:20.913 INFO:teuthology.orchestra.run.smithi073.stdout:/usr/bin/ceph: stderr
2024-04-16T13:04:19.286+0000 7fb95affd700 1 --2- 172.21.15.73:0/3366427402 >> [v2:172.21.15.73:6800/2787794966,v1:172.21.15.73:6801/2787794966] conn(0x7fb9500367e0 0x7fb950038c90 unknown :-1 s=NONE pgs=0 cs=0 l=1 rev1=0 crypto rx=0 tx=0 comp rx=0 tx=0).connect
2024-04-16T13:04:20.913 INFO:teuthology.orchestra.run.smithi073.stdout:/usr/bin/ceph: stderr
2024-04-16T13:04:19.286+0000 7fb95affd700 1 -- 172.21.15.73:0/3366427402 <== mon.0 v2:172.21.15.73:3300/0 5 ==== osd_map(3..3 src has 1..3) v4 ==== 1151+0+0 (secure 0 0 0) 0x7fb95404a320 con 0x7fb964078bd0
2024-04-16T13:04:20.913 INFO:teuthology.orchestra.run.smithi073.stdout:/usr/bin/ceph: stderr
2024-04-16T13:04:19.286+0000 7fb961d9b700 1 --2- 172.21.15.73:0/3366427402 >> [v2:172.21.15.73:6800/2787794966,v1:172.21.15.73:6801/2787794966] conn(0x7fb9500367e0 0x7fb950038c90 unknown :-1 s=BANNER_CONNECTING pgs=0 cs=0 l=1 rev1=0 crypto rx=0 tx=0 comp rx=0 tx=0)._handle_peer_banner_payload supported=3 required=0
2024-04-16T13:04:20.913 INFO:teuthology.orchestra.run.smithi073.stdout:/usr/bin/ceph: stderr
2024-04-16T13:04:19.286+0000 7fb961d9b700 1 --2- 172.21.15.73:0/3366427402 >> [v2:172.21.15.73:6800/2787794966,v1:172.21.15.73:6801/2787794966] conn(0x7fb9500367e0 0x7fb950038c90 secure :-1 s=READY pgs=8 cs=0 l=1 rev1=1 crypto rx=0x7fb94c009990 tx=0x7fb94c006e40 comp rx=0 tx=0).ready entity=mgr.14160 client_cookie=0 server_cookie=0 in_seq=0 out_seq=0
2024-04-16T13:04:20.913 INFO:teuthology.orchestra.run.smithi073.stdout:/usr/bin/ceph: stderr
2024-04-16T13:04:19.291+0000 7fb95affd700 1 -- 172.21.15.73:0/3366427402 <== mon.0 v2:172.21.15.73:3300/0 6 ==== mon_command_ack([{"prefix": "get_command_descriptions"}]=0 v0) v1 ==== 72+0+176702 (secure 0 0 0) 0x7fb95402b760 con 0x7fb964078bd0
2024-04-16T13:04:20.913 INFO:teuthology.orchestra.run.smithi073.stdout:/usr/bin/ceph: stderr
2024-04-16T13:04:19.514+0000 7fb968f4b700 1 -- 172.21.15.73:0/3366427402 --> [v2:172.21.15.73:6800/2787794966,v1:172.21.15.73:6801/2787794966] -- mgr_command(tid 0: {"prefix": "dashboard ac-user-create", "username": "admin", "rolename": "administrator", "force_password": true, "pwd_update_required": true, "target": ["mon-mgr", ""]}) v1 -- 0x7fb96405f410 con 0x7fb9500367e0
2024-04-16T13:04:20.913 INFO:teuthology.orchestra.run.smithi073.stdout:/usr/bin/ceph: stderr
2024-04-16T13:04:19.739+0000 7fb95affd700 1 -- 172.21.15.73:0/3366427402 <== mgr.14160 v2:172.21.15.73:6800/2787794966 1 ==== mgr_command_reply(tid 0: 0 ) v1 ==== 8+0+252 (secure 0 0 0) 0x7fb96405f410 con 0x7fb9500367e0
2024-04-16T13:04:20.913 INFO:teuthology.orchestra.run.smithi073.stdout:/usr/bin/ceph: stderr
2024-04-16T13:04:19.741+0000 7fb968f4b700 1 -- 172.21.15.73:0/3366427402 >> [v2:172.21.15.73:6800/2787794966,v1:172.21.15.73:6801/2787794966] conn(0x7fb9500367e0 msgr2=0x7fb950038c90 secure :-1 s=STATE_CONNECTION_ESTABLISHED l=1).mark_down
2024-04-16T13:04:20.913 INFO:teuthology.orchestra.run.smithi073.stdout:/usr/bin/ceph: stderr
2024-04-16T13:04:19.741+0000 7fb968f4b700 1 --2- 172.21.15.73:0/3366427402 >> [v2:172.21.15.73:6800/2787794966,v1:172.21.15.73:6801/2787794966] conn(0x7fb9500367e0 0x7fb950038c90 secure :-1 s=READY pgs=8 cs=0 l=1 rev1=1 crypto rx=0x7fb94c009990 tx=0x7fb94c006e40 comp rx=0 tx=0).stop
2024-04-16T13:04:20.913 INFO:teuthology.orchestra.run.smithi073.stdout:/usr/bin/ceph: stderr
2024-04-16T13:04:19.741+0000 7fb968f4b700 1 -- 172.21.15.73:0/3366427402 >> [v2:172.21.15.73:3300/0,v1:172.21.15.73:6789/0] conn(0x7fb964078bd0 msgr2=0x7fb9641139a0 secure :-1 s=STATE_CONNECTION_ESTABLISHED l=1).mark_down
2024-04-16T13:04:20.913 INFO:teuthology.orchestra.run.smithi073.stdout:/usr/bin/ceph: stderr
2024-04-16T13:04:19.741+0000 7fb968f4b700 1 --2- 172.21.15.73:0/3366427402 >> [v2:172.21.15.73:3300/0,v1:172.21.15.73:6789/0] conn(0x7fb964078bd0 0x7fb9641139a0 secure :-1 s=READY pgs=81 cs=0 l=1 rev1=1 crypto rx=0x7fb954011cf0 tx=0x7fb954009250 comp rx=0 tx=0).stop
2024-04-16T13:04:20.913 INFO:teuthology.orchestra.run.smithi073.stdout:/usr/bin/ceph: stderr
2024-04-16T13:04:19.741+0000 7fb968f4b700 1 -- 172.21.15.73:0/3366427402 shutdown_connections
2024-04-16T13:04:20.913 INFO:teuthology.orchestra.run.smithi073.stdout:/usr/bin/ceph: stderr
2024-04-16T13:04:19.741+0000 7fb968f4b700 1 --2- 172.21.15.73:0/3366427402 >> [v2:172.21.15.73:6800/2787794966,v1:172.21.15.73:6801/2787794966] conn(0x7fb9500367e0 0x7fb950038c90 unknown :-1 s=CLOSED pgs=8 cs=0 l=1 rev1=1 crypto rx=0 tx=0 comp rx=0 tx=0).stop
2024-04-16T13:04:20.913 INFO:teuthology.orchestra.run.smithi073.stdout:/usr/bin/ceph: stderr
2024-04-16T13:04:19.741+0000 7fb968f4b700 1 --2- 172.21.15.73:0/3366427402 >> [v2:172.21.15.73:3300/0,v1:172.21.15.73:6789/0] conn(0x7fb964078bd0 0x7fb9641139a0 unknown :-1 s=CLOSED pgs=81 cs=0 l=1 rev1=1 crypto rx=0 tx=0 comp rx=0 tx=0).stop
2024-04-16T13:04:20.913 INFO:teuthology.orchestra.run.smithi073.stdout:/usr/bin/ceph: stderr
2024-04-16T13:04:19.741+0000 7fb968f4b700 1 -- 172.21.15.73:0/3366427402 >> 172.21.15.73:0/3366427402 conn(0x7fb9640fe200 msgr2=0x7fb9640fed80 unknown :-1 s=STATE_NONE l=0).mark_down
2024-04-16T13:04:20.914 INFO:teuthology.orchestra.run.smithi073.stdout:/usr/bin/ceph: stderr
2024-04-16T13:04:19.741+0000 7fb968f4b700 1 -- 172.21.15.73:0/3366427402 shutdown_connections
2024-04-16T13:04:20.914 INFO:teuthology.orchestra.run.smithi073.stdout:/usr/bin/ceph: stderr
2024-04-16T13:04:19.741+0000 7fb968f4b700 1 -- 172.21.15.73:0/3366427402 wait complete.
2024-04-16T13:04:20.914 INFO:teuthology.orchestra.run.smithi073.stdout:Fetching dashboard port number...
2024-04-16T13:04:21.819 INFO:journalctl@ceph.mon.smithi073.smithi073.stdout:Apr 16 13:04:21 smithi073 ceph-mon[29253]: from='client.? 172.21.15.73:0/4035983624' entity='client.admin' cmd=[{"prefix": "config get", "who": "mgr", "key": "mgr/dashboard/ssl_server_port"}]: dispatch
2024-04-16T13:04:22.095 INFO:teuthology.orchestra.run.smithi073.stdout:/usr/bin/ceph: stdout 8443
2024-04-16T13:04:22.095 INFO:teuthology.orchestra.run.smithi073.stdout:/usr/bin/ceph: stderr
2024-04-16T13:04:21.322+0000 7f60351b7700 1 Processor -- start
2024-04-16T13:04:22.095 INFO:teuthology.orchestra.run.smithi073.stdout:/usr/bin/ceph: stderr
2024-04-16T13:04:21.322+0000 7f60351b7700 1 -- start start
2024-04-16T13:04:22.095 INFO:teuthology.orchestra.run.smithi073.stdout:/usr/bin/ceph: stderr
2024-04-16T13:04:21.322+0000 7f60351b7700 1 --2- >> [v2:172.21.15.73:3300/0,v1:172.21.15.73:6789/0] conn(0x7f6030076c30 0x7f60301054f0 unknown :-1 s=NONE pgs=0 cs=0 l=0 rev1=0 crypto rx=0 tx=0 comp rx=0 tx=0).connect
2024-04-16T13:04:22.095 INFO:teuthology.orchestra.run.smithi073.stdout:/usr/bin/ceph: stderr
2024-04-16T13:04:21.322+0000 7f60351b7700 1 -- --> [v2:172.21.15.73:3300/0,v1:172.21.15.73:6789/0] -- mon_getmap magic: 0 v1 -- 0x7f6030105a30 con 0x7f6030076c30
2024-04-16T13:04:22.095 INFO:teuthology.orchestra.run.smithi073.stdout:/usr/bin/ceph: stderr
2024-04-16T13:04:21.322+0000 7f602ed9d700 1 --2- >> [v2:172.21.15.73:3300/0,v1:172.21.15.73:6789/0] conn(0x7f6030076c30 0x7f60301054f0 unknown :-1 s=BANNER_CONNECTING pgs=0 cs=0 l=0 rev1=0 crypto rx=0 tx=0 comp rx=0 tx=0)._handle_peer_banner_payload supported=3 required=0
2024-04-16T13:04:22.096 INFO:teuthology.orchestra.run.smithi073.stdout:/usr/bin/ceph: stderr
2024-04-16T13:04:21.322+0000 7f602ed9d700 1 --2- >> [v2:172.21.15.73:3300/0,v1:172.21.15.73:6789/0] conn(0x7f6030076c30 0x7f60301054f0 unknown :-1 s=HELLO_CONNECTING pgs=0 cs=0 l=0 rev1=1 crypto rx=0 tx=0 comp rx=0 tx=0).handle_hello peer v2:172.21.15.73:3300/0 says I am v2:172.21.15.73:51420/0 (socket says 172.21.15.73:51420)
2024-04-16T13:04:22.096 INFO:teuthology.orchestra.run.smithi073.stdout:/usr/bin/ceph: stderr
2024-04-16T13:04:21.322+0000 7f602ed9d700 1 -- 172.21.15.73:0/1905355631 learned_addr learned my addr 172.21.15.73:0/1905355631 (peer_addr_for_me v2:172.21.15.73:0/0)
2024-04-16T13:04:22.096 INFO:teuthology.orchestra.run.smithi073.stdout:/usr/bin/ceph: stderr
2024-04-16T13:04:21.323+0000 7f602ed9d700 1 -- 172.21.15.73:0/1905355631 --> [v2:172.21.15.73:3300/0,v1:172.21.15.73:6789/0] -- mon_subscribe({config=0+,monmap=0+}) v3 -- 0x7f6030105b70 con 0x7f6030076c30
2024-04-16T13:04:22.096 INFO:teuthology.orchestra.run.smithi073.stdout:/usr/bin/ceph: stderr
2024-04-16T13:04:21.323+0000 7f602ed9d700 1 --2- 172.21.15.73:0/1905355631 >> [v2:172.21.15.73:3300/0,v1:172.21.15.73:6789/0] conn(0x7f6030076c30 0x7f60301054f0 secure :-1 s=READY pgs=82 cs=0 l=1 rev1=1 crypto rx=0x7f60200098e0 tx=0x7f6020009250 comp rx=0 tx=0).ready entity=mon.0 client_cookie=46401e539e0ecd4b server_cookie=0 in_seq=0 out_seq=0
2024-04-16T13:04:22.096 INFO:teuthology.orchestra.run.smithi073.stdout:/usr/bin/ceph: stderr
2024-04-16T13:04:21.323+0000 7f602e59c700 1 -- 172.21.15.73:0/1905355631 <== mon.0 v2:172.21.15.73:3300/0 1 ==== mon_map magic: 0 v1 ==== 229+0+0 (secure 0 0 0) 0x7f602000b860 con 0x7f6030076c30
2024-04-16T13:04:22.096 INFO:teuthology.orchestra.run.smithi073.stdout:/usr/bin/ceph: stderr
2024-04-16T13:04:21.323+0000 7f602e59c700 1 -- 172.21.15.73:0/1905355631 <== mon.0 v2:172.21.15.73:3300/0 2 ==== config(27 keys) v1 ==== 1109+0+0 (secure 0 0 0) 0x7f602000be90 con 0x7f6030076c30
2024-04-16T13:04:22.096 INFO:teuthology.orchestra.run.smithi073.stdout:/usr/bin/ceph: stderr
2024-04-16T13:04:21.323+0000 7f602e59c700 1 -- 172.21.15.73:0/1905355631 <== mon.0 v2:172.21.15.73:3300/0 3 ==== mon_map magic: 0 v1 ==== 229+0+0 (secure 0 0 0) 0x7f60200103c0 con 0x7f6030076c30
2024-04-16T13:04:22.096 INFO:teuthology.orchestra.run.smithi073.stdout:/usr/bin/ceph: stderr
2024-04-16T13:04:21.323+0000 7f60351b7700 1 -- 172.21.15.73:0/1905355631 >> [v2:172.21.15.73:3300/0,v1:172.21.15.73:6789/0] conn(0x7f6030076c30 msgr2=0x7f60301054f0 secure :-1 s=STATE_CONNECTION_ESTABLISHED l=1).mark_down
2024-04-16T13:04:22.096 INFO:teuthology.orchestra.run.smithi073.stdout:/usr/bin/ceph: stderr
2024-04-16T13:04:21.323+0000 7f60351b7700 1 --2- 172.21.15.73:0/1905355631 >> [v2:172.21.15.73:3300/0,v1:172.21.15.73:6789/0] conn(0x7f6030076c30 0x7f60301054f0 secure :-1 s=READY pgs=82 cs=0 l=1 rev1=1 crypto rx=0x7f60200098e0 tx=0x7f6020009250 comp rx=0 tx=0).stop
2024-04-16T13:04:22.096 INFO:teuthology.orchestra.run.smithi073.stdout:/usr/bin/ceph: stderr
2024-04-16T13:04:21.323+0000 7f60351b7700 1 -- 172.21.15.73:0/1905355631 shutdown_connections
2024-04-16T13:04:22.096 INFO:teuthology.orchestra.run.smithi073.stdout:/usr/bin/ceph: stderr
2024-04-16T13:04:21.323+0000 7f60351b7700 1 --2- 172.21.15.73:0/1905355631 >> [v2:172.21.15.73:3300/0,v1:172.21.15.73:6789/0] conn(0x7f6030076c30 0x7f60301054f0 unknown :-1 s=CLOSED pgs=82 cs=0 l=1 rev1=1 crypto rx=0 tx=0 comp rx=0 tx=0).stop
2024-04-16T13:04:22.096 INFO:teuthology.orchestra.run.smithi073.stdout:/usr/bin/ceph: stderr
2024-04-16T13:04:21.323+0000 7f60351b7700 1 -- 172.21.15.73:0/1905355631 >> 172.21.15.73:0/1905355631 conn(0x7f60300fcfe0 msgr2=0x7f60300ff3f0 unknown :-1 s=STATE_NONE l=0).mark_down
2024-04-16T13:04:22.096 INFO:teuthology.orchestra.run.smithi073.stdout:/usr/bin/ceph: stderr
2024-04-16T13:04:21.324+0000 7f60351b7700 1 -- 172.21.15.73:0/1905355631 shutdown_connections
2024-04-16T13:04:22.096 INFO:teuthology.orchestra.run.smithi073.stdout:/usr/bin/ceph: stderr
2024-04-16T13:04:21.324+0000 7f60351b7700 1 -- 172.21.15.73:0/1905355631 wait complete.
2024-04-16T13:04:22.096 INFO:teuthology.orchestra.run.smithi073.stdout:/usr/bin/ceph: stderr
2024-04-16T13:04:21.324+0000 7f60351b7700 1 Processor -- start
2024-04-16T13:04:22.097 INFO:teuthology.orchestra.run.smithi073.stdout:/usr/bin/ceph: stderr
2024-04-16T13:04:21.324+0000 7f60351b7700 1 -- start start
2024-04-16T13:04:22.097 INFO:teuthology.orchestra.run.smithi073.stdout:/usr/bin/ceph: stderr
2024-04-16T13:04:21.324+0000 7f60351b7700 1 --2- >> [v2:172.21.15.73:3300/0,v1:172.21.15.73:6789/0] conn(0x7f6030076c30 0x7f6030111770 unknown :-1 s=NONE pgs=0 cs=0 l=1 rev1=0 crypto rx=0 tx=0 comp rx=0 tx=0).connect
2024-04-16T13:04:22.097 INFO:teuthology.orchestra.run.smithi073.stdout:/usr/bin/ceph: stderr
2024-04-16T13:04:21.325+0000 7f60351b7700 1 -- --> [v2:172.21.15.73:3300/0,v1:172.21.15.73:6789/0] -- mon_getmap magic: 0 v1 -- 0x7f6030111cb0 con 0x7f6030076c30
2024-04-16T13:04:22.097 INFO:teuthology.orchestra.run.smithi073.stdout:/usr/bin/ceph: stderr
2024-04-16T13:04:21.325+0000 7f602ed9d700 1 --2- >> [v2:172.21.15.73:3300/0,v1:172.21.15.73:6789/0] conn(0x7f6030076c30 0x7f6030111770 unknown :-1 s=BANNER_CONNECTING pgs=0 cs=0 l=1 rev1=0 crypto rx=0 tx=0 comp rx=0 tx=0)._handle_peer_banner_payload supported=3 required=0
2024-04-16T13:04:22.097 INFO:teuthology.orchestra.run.smithi073.stdout:/usr/bin/ceph: stderr
2024-04-16T13:04:21.325+0000 7f602ed9d700 1 --2- >> [v2:172.21.15.73:3300/0,v1:172.21.15.73:6789/0] conn(0x7f6030076c30 0x7f6030111770 unknown :-1 s=HELLO_CONNECTING pgs=0 cs=0 l=1 rev1=1 crypto rx=0 tx=0 comp rx=0 tx=0).handle_hello peer v2:172.21.15.73:3300/0 says I am v2:172.21.15.73:51434/0 (socket says 172.21.15.73:51434)
2024-04-16T13:04:22.097 INFO:teuthology.orchestra.run.smithi073.stdout:/usr/bin/ceph: stderr
2024-04-16T13:04:21.325+0000 7f602ed9d700 1 -- 172.21.15.73:0/4035983624 learned_addr learned my addr 172.21.15.73:0/4035983624 (peer_addr_for_me v2:172.21.15.73:0/0)
2024-04-16T13:04:22.097 INFO:teuthology.orchestra.run.smithi073.stdout:/usr/bin/ceph: stderr
2024-04-16T13:04:21.325+0000 7f602ed9d700 1 -- 172.21.15.73:0/4035983624 --> [v2:172.21.15.73:3300/0,v1:172.21.15.73:6789/0] -- mon_subscribe({config=0+,monmap=0+}) v3 -- 0x7f60200094f0 con 0x7f6030076c30
2024-04-16T13:04:22.097 INFO:teuthology.orchestra.run.smithi073.stdout:/usr/bin/ceph: stderr
2024-04-16T13:04:21.325+0000 7f602ed9d700 1 --2- 172.21.15.73:0/4035983624 >> [v2:172.21.15.73:3300/0,v1:172.21.15.73:6789/0] conn(0x7f6030076c30 0x7f6030111770 secure :-1 s=READY pgs=83 cs=0 l=1 rev1=1 crypto rx=0x7f60200094c0 tx=0x7f6020009250 comp rx=0 tx=0).ready entity=mon.0 client_cookie=0 server_cookie=0 in_seq=0 out_seq=0
2024-04-16T13:04:22.097 INFO:teuthology.orchestra.run.smithi073.stdout:/usr/bin/ceph: stderr
2024-04-16T13:04:21.325+0000 7f6027fff700 1 -- 172.21.15.73:0/4035983624 <== mon.0 v2:172.21.15.73:3300/0 1 ==== mon_map magic: 0 v1 ==== 229+0+0 (secure 0 0 0) 0x7f6020010890 con 0x7f6030076c30
2024-04-16T13:04:22.097 INFO:teuthology.orchestra.run.smithi073.stdout:/usr/bin/ceph: stderr
2024-04-16T13:04:21.325+0000 7f6027fff700 1 -- 172.21.15.73:0/4035983624 <== mon.0 v2:172.21.15.73:3300/0 2 ==== config(27 keys) v1 ==== 1109+0+0 (secure 0 0 0) 0x7f6020010ec0 con 0x7f6030076c30
2024-04-16T13:04:22.097 INFO:teuthology.orchestra.run.smithi073.stdout:/usr/bin/ceph: stderr
2024-04-16T13:04:21.325+0000 7f60351b7700 1 -- 172.21.15.73:0/4035983624 --> [v2:172.21.15.73:3300/0,v1:172.21.15.73:6789/0] -- mon_subscribe({mgrmap=0+}) v3 -- 0x7f6030111eb0 con 0x7f6030076c30
2024-04-16T13:04:22.097 INFO:teuthology.orchestra.run.smithi073.stdout:/usr/bin/ceph: stderr
2024-04-16T13:04:21.325+0000 7f6027fff700 1 -- 172.21.15.73:0/4035983624 <== mon.0 v2:172.21.15.73:3300/0 3 ==== mon_map magic: 0 v1 ==== 229+0+0 (secure 0 0 0) 0x7f60200243f0 con 0x7f6030076c30
2024-04-16T13:04:22.097 INFO:teuthology.orchestra.run.smithi073.stdout:/usr/bin/ceph: stderr
2024-04-16T13:04:21.325+0000 7f60351b7700 1 -- 172.21.15.73:0/4035983624 --> [v2:172.21.15.73:3300/0,v1:172.21.15.73:6789/0] -- mon_subscribe({osdmap=0}) v3 -- 0x7f6030112a20 con 0x7f6030076c30
2024-04-16T13:04:22.097 INFO:teuthology.orchestra.run.smithi073.stdout:/usr/bin/ceph: stderr
2024-04-16T13:04:21.326+0000 7f6027fff700 1 -- 172.21.15.73:0/4035983624 <== mon.0 v2:172.21.15.73:3300/0 4 ==== mgrmap(e 12) v1 ==== 43389+0+0 (secure 0 0 0) 0x7f602002d3f0 con 0x7f6030076c30
2024-04-16T13:04:22.097 INFO:teuthology.orchestra.run.smithi073.stdout:/usr/bin/ceph: stderr
2024-04-16T13:04:21.326+0000 7f60351b7700 1 -- 172.21.15.73:0/4035983624 --> [v2:172.21.15.73:3300/0,v1:172.21.15.73:6789/0] -- mon_command({"prefix": "get_command_descriptions"} v 0) v1 -- 0x7f603005f5f0 con 0x7f6030076c30
2024-04-16T13:04:22.098 INFO:teuthology.orchestra.run.smithi073.stdout:/usr/bin/ceph: stderr
2024-04-16T13:04:21.326+0000 7f6027fff700 1 --2- 172.21.15.73:0/4035983624 >> [v2:172.21.15.73:6800/2787794966,v1:172.21.15.73:6801/2787794966] conn(0x7f601c036830 0x7f601c038ce0 unknown :-1 s=NONE pgs=0 cs=0 l=1 rev1=0 crypto rx=0 tx=0 comp rx=0 tx=0).connect
2024-04-16T13:04:22.098 INFO:teuthology.orchestra.run.smithi073.stdout:/usr/bin/ceph: stderr
2024-04-16T13:04:21.326+0000 7f6027fff700 1 -- 172.21.15.73:0/4035983624 <== mon.0 v2:172.21.15.73:3300/0 5 ==== osd_map(3..3 src has 1..3) v4 ==== 1151+0+0 (secure 0 0 0) 0x7f602004a350 con 0x7f6030076c30
2024-04-16T13:04:22.098 INFO:teuthology.orchestra.run.smithi073.stdout:/usr/bin/ceph: stderr
2024-04-16T13:04:21.326+0000 7f602659c700 1 --2- 172.21.15.73:0/4035983624 >> [v2:172.21.15.73:6800/2787794966,v1:172.21.15.73:6801/2787794966] conn(0x7f601c036830 0x7f601c038ce0 unknown :-1 s=BANNER_CONNECTING pgs=0 cs=0 l=1 rev1=0 crypto rx=0 tx=0 comp rx=0 tx=0)._handle_peer_banner_payload supported=3 required=0
2024-04-16T13:04:22.098 INFO:teuthology.orchestra.run.smithi073.stdout:/usr/bin/ceph: stderr
2024-04-16T13:04:21.327+0000 7f602659c700 1 --2- 172.21.15.73:0/4035983624 >> [v2:172.21.15.73:6800/2787794966,v1:172.21.15.73:6801/2787794966] conn(0x7f601c036830 0x7f601c038ce0 secure :-1 s=READY pgs=9 cs=0 l=1 rev1=1 crypto rx=0x7f6018009990 tx=0x7f6018006e40 comp rx=0 tx=0).ready entity=mgr.14160 client_cookie=0 server_cookie=0 in_seq=0 out_seq=0
2024-04-16T13:04:22.098 INFO:teuthology.orchestra.run.smithi073.stdout:/usr/bin/ceph: stderr
2024-04-16T13:04:21.331+0000 7f6027fff700 1 -- 172.21.15.73:0/4035983624 <== mon.0 v2:172.21.15.73:3300/0 6 ==== mon_command_ack([{"prefix": "get_command_descriptions"}]=0 v0) v1 ==== 72+0+176702 (secure 0 0 0) 0x7f602002b8e0 con 0x7f6030076c30
2024-04-16T13:04:22.098 INFO:teuthology.orchestra.run.smithi073.stdout:/usr/bin/ceph: stderr
2024-04-16T13:04:21.517+0000 7f60351b7700 1 -- 172.21.15.73:0/4035983624 --> [v2:172.21.15.73:3300/0,v1:172.21.15.73:6789/0] -- mon_command({"prefix": "config get", "who": "mgr", "key": "mgr/dashboard/ssl_server_port"} v 0) v1 -- 0x7f603004bed0 con 0x7f6030076c30
2024-04-16T13:04:22.098 INFO:teuthology.orchestra.run.smithi073.stdout:/usr/bin/ceph: stderr
2024-04-16T13:04:21.518+0000 7f6027fff700 1 -- 172.21.15.73:0/4035983624 <== mon.0 v2:172.21.15.73:3300/0 7 ==== mon_command_ack([{"prefix": "config get", "who": "mgr", "key": "mgr/dashboard/ssl_server_port"}]=0 v8) v1 ==== 112+0+5 (secure 0 0 0) 0x7f602002b2f0 con 0x7f6030076c30
2024-04-16T13:04:22.098 INFO:teuthology.orchestra.run.smithi073.stdout:/usr/bin/ceph: stderr
2024-04-16T13:04:21.520+0000 7f60351b7700 1 -- 172.21.15.73:0/4035983624 >> [v2:172.21.15.73:6800/2787794966,v1:172.21.15.73:6801/2787794966] conn(0x7f601c036830 msgr2=0x7f601c038ce0 secure :-1 s=STATE_CONNECTION_ESTABLISHED l=1).mark_down
2024-04-16T13:04:22.098 INFO:teuthology.orchestra.run.smithi073.stdout:/usr/bin/ceph: stderr
2024-04-16T13:04:21.520+0000 7f60351b7700 1 --2- 172.21.15.73:0/4035983624 >> [v2:172.21.15.73:6800/2787794966,v1:172.21.15.73:6801/2787794966] conn(0x7f601c036830 0x7f601c038ce0 secure :-1 s=READY pgs=9 cs=0 l=1 rev1=1 crypto rx=0x7f6018009990 tx=0x7f6018006e40 comp rx=0 tx=0).stop
2024-04-16T13:04:22.098 INFO:teuthology.orchestra.run.smithi073.stdout:/usr/bin/ceph: stderr
2024-04-16T13:04:21.520+0000 7f60351b7700 1 -- 172.21.15.73:0/4035983624 >> [v2:172.21.15.73:3300/0,v1:172.21.15.73:6789/0] conn(0x7f6030076c30 msgr2=0x7f6030111770 secure :-1 s=STATE_CONNECTION_ESTABLISHED l=1).mark_down
2024-04-16T13:04:22.098 INFO:teuthology.orchestra.run.smithi073.stdout:/usr/bin/ceph: stderr
2024-04-16T13:04:21.520+0000 7f60351b7700 1 --2- 172.21.15.73:0/4035983624 >> [v2:172.21.15.73:3300/0,v1:172.21.15.73:6789/0] conn(0x7f6030076c30 0x7f6030111770 secure :-1 s=READY pgs=83 cs=0 l=1 rev1=1 crypto rx=0x7f60200094c0 tx=0x7f6020009250 comp rx=0 tx=0).stop
2024-04-16T13:04:22.098 INFO:teuthology.orchestra.run.smithi073.stdout:/usr/bin/ceph: stderr
2024-04-16T13:04:21.520+0000 7f60351b7700 1 -- 172.21.15.73:0/4035983624 shutdown_connections
2024-04-16T13:04:22.098 INFO:teuthology.orchestra.run.smithi073.stdout:/usr/bin/ceph: stderr
2024-04-16T13:04:21.520+0000 7f60351b7700 1 --2- 172.21.15.73:0/4035983624 >> [v2:172.21.15.73:6800/2787794966,v1:172.21.15.73:6801/2787794966] conn(0x7f601c036830 0x7f601c038ce0 unknown :-1 s=CLOSED pgs=9 cs=0 l=1 rev1=1 crypto rx=0 tx=0 comp rx=0 tx=0).stop
2024-04-16T13:04:22.098 INFO:teuthology.orchestra.run.smithi073.stdout:/usr/bin/ceph: stderr
2024-04-16T13:04:21.520+0000 7f60351b7700 1 --2- 172.21.15.73:0/4035983624 >> [v2:172.21.15.73:3300/0,v1:172.21.15.73:6789/0] conn(0x7f6030076c30 0x7f6030111770 unknown :-1 s=CLOSED pgs=83 cs=0 l=1 rev1=1 crypto rx=0 tx=0 comp rx=0 tx=0).stop
2024-04-16T13:04:22.099 INFO:teuthology.orchestra.run.smithi073.stdout:/usr/bin/ceph: stderr
2024-04-16T13:04:21.520+0000 7f60351b7700 1 -- 172.21.15.73:0/4035983624 >> 172.21.15.73:0/4035983624 conn(0x7f60300fcfe0 msgr2=0x7f60300fdba0 unknown :-1 s=STATE_NONE l=0).mark_down
2024-04-16T13:04:22.099 INFO:teuthology.orchestra.run.smithi073.stdout:/usr/bin/ceph: stderr
2024-04-16T13:04:21.520+0000 7f60351b7700 1 -- 172.21.15.73:0/4035983624 shutdown_connections
2024-04-16T13:04:22.099 INFO:teuthology.orchestra.run.smithi073.stdout:/usr/bin/ceph: stderr
2024-04-16T13:04:21.520+0000 7f60351b7700 1 -- 172.21.15.73:0/4035983624 wait complete.
2024-04-16T13:04:22.102 INFO:teuthology.orchestra.run.smithi073.stdout:Non-zero exit code 1 from systemctl is-enabled firewalld.service
2024-04-16T13:04:22.102 INFO:teuthology.orchestra.run.smithi073.stdout:systemctl: stdout disabled
2024-04-16T13:04:22.110 INFO:teuthology.orchestra.run.smithi073.stdout:Non-zero exit code 3 from systemctl is-active firewalld.service
2024-04-16T13:04:22.110 INFO:teuthology.orchestra.run.smithi073.stdout:systemctl: stdout inactive
2024-04-16T13:04:22.110 INFO:teuthology.orchestra.run.smithi073.stdout:firewalld.service is not enabled
2024-04-16T13:04:22.110 INFO:teuthology.orchestra.run.smithi073.stdout:Not possible to open ports <[8443]>. firewalld.service is not available
2024-04-16T13:04:22.112 INFO:teuthology.orchestra.run.smithi073.stdout:Ceph Dashboard is now available at:
2024-04-16T13:04:22.112 INFO:teuthology.orchestra.run.smithi073.stdout:
2024-04-16T13:04:22.112 INFO:teuthology.orchestra.run.smithi073.stdout: URL: https://smithi073.front.sepia.ceph.com:8443/
2024-04-16T13:04:22.112 INFO:teuthology.orchestra.run.smithi073.stdout: User: admin
2024-04-16T13:04:22.112 INFO:teuthology.orchestra.run.smithi073.stdout: Password: d5rw6w4g9x
2024-04-16T13:04:22.112 INFO:teuthology.orchestra.run.smithi073.stdout:
2024-04-16T13:04:22.113 INFO:teuthology.orchestra.run.smithi073.stdout:Saving cluster configuration to /var/lib/ceph/925ac27c-fbf1-11ee-bc90-c7b262605968/config directory
2024-04-16T13:04:22.113 INFO:teuthology.orchestra.run.smithi073.stdout:Enabling autotune for osd_memory_target
2024-04-16T13:04:23.388 INFO:teuthology.orchestra.run.smithi073.stdout:/usr/bin/ceph: stderr
2024-04-16T13:04:22.565+0000 7f0e96f22700 1 Processor -- start
2024-04-16T13:04:23.388 INFO:teuthology.orchestra.run.smithi073.stdout:/usr/bin/ceph: stderr
2024-04-16T13:04:22.565+0000 7f0e96f22700 1 -- start start
2024-04-16T13:04:23.388 INFO:teuthology.orchestra.run.smithi073.stdout:/usr/bin/ceph: stderr
2024-04-16T13:04:22.565+0000 7f0e96f22700 1 --2- >> [v2:172.21.15.73:3300/0,v1:172.21.15.73:6789/0] conn(0x7f0e90102980 0x7f0e90102d90 unknown :-1 s=NONE pgs=0 cs=0 l=0 rev1=0 crypto rx=0 tx=0 comp rx=0 tx=0).connect
2024-04-16T13:04:23.388 INFO:teuthology.orchestra.run.smithi073.stdout:/usr/bin/ceph: stderr
2024-04-16T13:04:22.565+0000 7f0e96f22700 1 -- --> [v2:172.21.15.73:3300/0,v1:172.21.15.73:6789/0] -- mon_getmap magic: 0 v1 -- 0x7f0e901032d0 con 0x7f0e90102980
2024-04-16T13:04:23.388 INFO:teuthology.orchestra.run.smithi073.stdout:/usr/bin/ceph: stderr
2024-04-16T13:04:22.566+0000 7f0e94cbe700 1 --2- >> [v2:172.21.15.73:3300/0,v1:172.21.15.73:6789/0] conn(0x7f0e90102980 0x7f0e90102d90 unknown :-1 s=BANNER_CONNECTING pgs=0 cs=0 l=0 rev1=0 crypto rx=0 tx=0 comp rx=0 tx=0)._handle_peer_banner_payload supported=3 required=0
2024-04-16T13:04:23.388 INFO:teuthology.orchestra.run.smithi073.stdout:/usr/bin/ceph: stderr
2024-04-16T13:04:22.566+0000 7f0e94cbe700 1 --2- >> [v2:172.21.15.73:3300/0,v1:172.21.15.73:6789/0] conn(0x7f0e90102980 0x7f0e90102d90 unknown :-1 s=HELLO_CONNECTING pgs=0 cs=0 l=0 rev1=1 crypto rx=0 tx=0 comp rx=0 tx=0).handle_hello peer v2:172.21.15.73:3300/0 says I am v2:172.21.15.73:51438/0 (socket says 172.21.15.73:51438)
2024-04-16T13:04:23.388 INFO:teuthology.orchestra.run.smithi073.stdout:/usr/bin/ceph: stderr
2024-04-16T13:04:22.566+0000 7f0e94cbe700 1 -- 172.21.15.73:0/1243383303 learned_addr learned my addr 172.21.15.73:0/1243383303 (peer_addr_for_me v2:172.21.15.73:0/0)
2024-04-16T13:04:23.388 INFO:teuthology.orchestra.run.smithi073.stdout:/usr/bin/ceph: stderr
2024-04-16T13:04:22.566+0000 7f0e94cbe700 1 -- 172.21.15.73:0/1243383303 --> [v2:172.21.15.73:3300/0,v1:172.21.15.73:6789/0] -- mon_subscribe({config=0+,monmap=0+}) v3 -- 0x7f0e90103410 con 0x7f0e90102980
2024-04-16T13:04:23.388 INFO:teuthology.orchestra.run.smithi073.stdout:/usr/bin/ceph: stderr
2024-04-16T13:04:22.566+0000 7f0e94cbe700 1 --2- 172.21.15.73:0/1243383303 >> [v2:172.21.15.73:3300/0,v1:172.21.15.73:6789/0] conn(0x7f0e90102980 0x7f0e90102d90 secure :-1 s=READY pgs=84 cs=0 l=1 rev1=1 crypto rx=0x7f0e800098e0 tx=0x7f0e80009250 comp rx=0 tx=0).ready entity=mon.0 client_cookie=4568b4d324cd8bc9 server_cookie=0 in_seq=0 out_seq=0
2024-04-16T13:04:23.388 INFO:teuthology.orchestra.run.smithi073.stdout:/usr/bin/ceph: stderr
2024-04-16T13:04:22.566+0000 7f0e877fe700 1 -- 172.21.15.73:0/1243383303 <== mon.0 v2:172.21.15.73:3300/0 1 ==== mon_map magic: 0 v1 ==== 229+0+0 (secure 0 0 0) 0x7f0e8000b860 con 0x7f0e90102980
2024-04-16T13:04:23.388 INFO:teuthology.orchestra.run.smithi073.stdout:/usr/bin/ceph: stderr
2024-04-16T13:04:22.566+0000 7f0e877fe700 1 -- 172.21.15.73:0/1243383303 <== mon.0 v2:172.21.15.73:3300/0 2 ==== config(27 keys) v1 ==== 1109+0+0 (secure 0 0 0) 0x7f0e8000be90 con 0x7f0e90102980
2024-04-16T13:04:23.389 INFO:teuthology.orchestra.run.smithi073.stdout:/usr/bin/ceph: stderr
2024-04-16T13:04:22.566+0000 7f0e877fe700 1 -- 172.21.15.73:0/1243383303 <== mon.0 v2:172.21.15.73:3300/0 3 ==== mon_map magic: 0 v1 ==== 229+0+0 (secure 0 0 0) 0x7f0e800103c0 con 0x7f0e90102980
2024-04-16T13:04:23.389 INFO:teuthology.orchestra.run.smithi073.stdout:/usr/bin/ceph: stderr
2024-04-16T13:04:22.567+0000 7f0e96f22700 1 -- 172.21.15.73:0/1243383303 >> [v2:172.21.15.73:3300/0,v1:172.21.15.73:6789/0] conn(0x7f0e90102980 msgr2=0x7f0e90102d90 secure :-1 s=STATE_CONNECTION_ESTABLISHED l=1).mark_down
2024-04-16T13:04:23.389 INFO:teuthology.orchestra.run.smithi073.stdout:/usr/bin/ceph: stderr
2024-04-16T13:04:22.567+0000 7f0e96f22700 1 --2- 172.21.15.73:0/1243383303 >> [v2:172.21.15.73:3300/0,v1:172.21.15.73:6789/0] conn(0x7f0e90102980 0x7f0e90102d90 secure :-1 s=READY pgs=84 cs=0 l=1 rev1=1 crypto rx=0x7f0e800098e0 tx=0x7f0e80009250 comp rx=0 tx=0).stop
2024-04-16T13:04:23.389 INFO:teuthology.orchestra.run.smithi073.stdout:/usr/bin/ceph: stderr
2024-04-16T13:04:22.567+0000 7f0e96f22700 1 -- 172.21.15.73:0/1243383303 shutdown_connections
2024-04-16T13:04:23.389 INFO:teuthology.orchestra.run.smithi073.stdout:/usr/bin/ceph: stderr
2024-04-16T13:04:22.567+0000 7f0e96f22700 1 --2- 172.21.15.73:0/1243383303 >> [v2:172.21.15.73:3300/0,v1:172.21.15.73:6789/0] conn(0x7f0e90102980 0x7f0e90102d90 unknown :-1 s=CLOSED pgs=84 cs=0 l=1 rev1=1 crypto rx=0 tx=0 comp rx=0 tx=0).stop
2024-04-16T13:04:23.389 INFO:teuthology.orchestra.run.smithi073.stdout:/usr/bin/ceph: stderr
2024-04-16T13:04:22.567+0000 7f0e96f22700 1 -- 172.21.15.73:0/1243383303 >> 172.21.15.73:0/1243383303 conn(0x7f0e900fe180 msgr2=0x7f0e90100590 unknown :-1 s=STATE_NONE l=0).mark_down
2024-04-16T13:04:23.389 INFO:teuthology.orchestra.run.smithi073.stdout:/usr/bin/ceph: stderr
2024-04-16T13:04:22.567+0000 7f0e96f22700 1 -- 172.21.15.73:0/1243383303 shutdown_connections
2024-04-16T13:04:23.389 INFO:teuthology.orchestra.run.smithi073.stdout:/usr/bin/ceph: stderr
2024-04-16T13:04:22.567+0000 7f0e96f22700 1 -- 172.21.15.73:0/1243383303 wait complete.
2024-04-16T13:04:23.389 INFO:teuthology.orchestra.run.smithi073.stdout:/usr/bin/ceph: stderr
2024-04-16T13:04:22.567+0000 7f0e96f22700 1 Processor -- start
2024-04-16T13:04:23.389 INFO:teuthology.orchestra.run.smithi073.stdout:/usr/bin/ceph: stderr
2024-04-16T13:04:22.567+0000 7f0e96f22700 1 -- start start
2024-04-16T13:04:23.389 INFO:teuthology.orchestra.run.smithi073.stdout:/usr/bin/ceph: stderr
2024-04-16T13:04:22.568+0000 7f0e96f22700 1 --2- >> [v2:172.21.15.73:3300/0,v1:172.21.15.73:6789/0] conn(0x7f0e90102980 0x7f0e90111740 unknown :-1 s=NONE pgs=0 cs=0 l=1 rev1=0 crypto rx=0 tx=0 comp rx=0 tx=0).connect
2024-04-16T13:04:23.389 INFO:teuthology.orchestra.run.smithi073.stdout:/usr/bin/ceph: stderr
2024-04-16T13:04:22.568+0000 7f0e96f22700 1 -- --> [v2:172.21.15.73:3300/0,v1:172.21.15.73:6789/0] -- mon_getmap magic: 0 v1 -- 0x7f0e90111c80 con 0x7f0e90102980
2024-04-16T13:04:23.389 INFO:teuthology.orchestra.run.smithi073.stdout:/usr/bin/ceph: stderr
2024-04-16T13:04:22.568+0000 7f0e94cbe700 1 --2- >> [v2:172.21.15.73:3300/0,v1:172.21.15.73:6789/0] conn(0x7f0e90102980 0x7f0e90111740 unknown :-1 s=BANNER_CONNECTING pgs=0 cs=0 l=1 rev1=0 crypto rx=0 tx=0 comp rx=0 tx=0)._handle_peer_banner_payload supported=3 required=0
2024-04-16T13:04:23.389 INFO:teuthology.orchestra.run.smithi073.stdout:/usr/bin/ceph: stderr
2024-04-16T13:04:22.568+0000 7f0e94cbe700 1 --2- >> [v2:172.21.15.73:3300/0,v1:172.21.15.73:6789/0] conn(0x7f0e90102980 0x7f0e90111740 unknown :-1 s=HELLO_CONNECTING pgs=0 cs=0 l=1 rev1=1 crypto rx=0 tx=0 comp rx=0 tx=0).handle_hello peer v2:172.21.15.73:3300/0 says I am v2:172.21.15.73:51452/0 (socket says 172.21.15.73:51452)
2024-04-16T13:04:23.390 INFO:teuthology.orchestra.run.smithi073.stdout:/usr/bin/ceph: stderr
2024-04-16T13:04:22.568+0000 7f0e94cbe700 1 -- 172.21.15.73:0/3788223402 learned_addr learned my addr 172.21.15.73:0/3788223402 (peer_addr_for_me v2:172.21.15.73:0/0)
2024-04-16T13:04:23.390 INFO:teuthology.orchestra.run.smithi073.stdout:/usr/bin/ceph: stderr
2024-04-16T13:04:22.568+0000 7f0e94cbe700 1 -- 172.21.15.73:0/3788223402 --> [v2:172.21.15.73:3300/0,v1:172.21.15.73:6789/0] -- mon_subscribe({config=0+,monmap=0+}) v3 -- 0x7f0e800094f0 con 0x7f0e90102980
2024-04-16T13:04:23.390 INFO:teuthology.orchestra.run.smithi073.stdout:/usr/bin/ceph: stderr
2024-04-16T13:04:22.568+0000 7f0e94cbe700 1 --2- 172.21.15.73:0/3788223402 >> [v2:172.21.15.73:3300/0,v1:172.21.15.73:6789/0] conn(0x7f0e90102980 0x7f0e90111740 secure :-1 s=READY pgs=85 cs=0 l=1 rev1=1 crypto rx=0x7f0e80011680 tx=0x7f0e80009250 comp rx=0 tx=0).ready entity=mon.0 client_cookie=0 server_cookie=0 in_seq=0 out_seq=0
2024-04-16T13:04:23.390 INFO:teuthology.orchestra.run.smithi073.stdout:/usr/bin/ceph: stderr
2024-04-16T13:04:22.568+0000 7f0e857fa700 1 -- 172.21.15.73:0/3788223402 <== mon.0 v2:172.21.15.73:3300/0 1 ==== mon_map magic: 0 v1 ==== 229+0+0 (secure 0 0 0) 0x7f0e80010890 con 0x7f0e90102980
2024-04-16T13:04:23.390 INFO:teuthology.orchestra.run.smithi073.stdout:/usr/bin/ceph: stderr
2024-04-16T13:04:22.568+0000 7f0e857fa700 1 -- 172.21.15.73:0/3788223402 <== mon.0 v2:172.21.15.73:3300/0 2 ==== config(27 keys) v1 ==== 1109+0+0 (secure 0 0 0) 0x7f0e80010ec0 con 0x7f0e90102980
2024-04-16T13:04:23.390 INFO:teuthology.orchestra.run.smithi073.stdout:/usr/bin/ceph: stderr
2024-04-16T13:04:22.568+0000 7f0e96f22700 1 -- 172.21.15.73:0/3788223402 --> [v2:172.21.15.73:3300/0,v1:172.21.15.73:6789/0] -- mon_subscribe({mgrmap=0+}) v3 -- 0x7f0e90111e80 con 0x7f0e90102980
2024-04-16T13:04:23.390 INFO:teuthology.orchestra.run.smithi073.stdout:/usr/bin/ceph: stderr
2024-04-16T13:04:22.569+0000 7f0e857fa700 1 -- 172.21.15.73:0/3788223402 <== mon.0 v2:172.21.15.73:3300/0 3 ==== mon_map magic: 0 v1 ==== 229+0+0 (secure 0 0 0) 0x7f0e800243f0 con 0x7f0e90102980
2024-04-16T13:04:23.390 INFO:teuthology.orchestra.run.smithi073.stdout:/usr/bin/ceph: stderr
2024-04-16T13:04:22.569+0000 7f0e96f22700 1 -- 172.21.15.73:0/3788223402 --> [v2:172.21.15.73:3300/0,v1:172.21.15.73:6789/0] -- mon_subscribe({osdmap=0}) v3 -- 0x7f0e901129f0 con 0x7f0e90102980
2024-04-16T13:04:23.390 INFO:teuthology.orchestra.run.smithi073.stdout:/usr/bin/ceph: stderr
2024-04-16T13:04:22.569+0000 7f0e96f22700 1 -- 172.21.15.73:0/3788223402 --> [v2:172.21.15.73:3300/0,v1:172.21.15.73:6789/0] -- mon_command({"prefix": "get_command_descriptions"} v 0) v1 -- 0x7f0e9005f5f0 con 0x7f0e90102980
2024-04-16T13:04:23.390 INFO:teuthology.orchestra.run.smithi073.stdout:/usr/bin/ceph: stderr
2024-04-16T13:04:22.570+0000 7f0e857fa700 1 -- 172.21.15.73:0/3788223402 <== mon.0 v2:172.21.15.73:3300/0 4 ==== mgrmap(e 12) v1 ==== 43389+0+0 (secure 0 0 0) 0x7f0e8001a8c0 con 0x7f0e90102980
2024-04-16T13:04:23.390 INFO:teuthology.orchestra.run.smithi073.stdout:/usr/bin/ceph: stderr
2024-04-16T13:04:22.570+0000 7f0e857fa700 1 --2- 172.21.15.73:0/3788223402 >> [v2:172.21.15.73:6800/2787794966,v1:172.21.15.73:6801/2787794966] conn(0x7f0e78036830 0x7f0e78038ce0 unknown :-1 s=NONE pgs=0 cs=0 l=1 rev1=0 crypto rx=0 tx=0 comp rx=0 tx=0).connect
2024-04-16T13:04:23.390 INFO:teuthology.orchestra.run.smithi073.stdout:/usr/bin/ceph: stderr
2024-04-16T13:04:22.570+0000 7f0e857fa700 1 -- 172.21.15.73:0/3788223402 <== mon.0 v2:172.21.15.73:3300/0 5 ==== osd_map(3..3 src has 1..3) v4 ==== 1151+0+0 (secure 0 0 0) 0x7f0e8004a340 con 0x7f0e90102980
2024-04-16T13:04:23.390 INFO:teuthology.orchestra.run.smithi073.stdout:/usr/bin/ceph: stderr
2024-04-16T13:04:22.570+0000 7f0e87fff700 1 --2- 172.21.15.73:0/3788223402 >> [v2:172.21.15.73:6800/2787794966,v1:172.21.15.73:6801/2787794966] conn(0x7f0e78036830 0x7f0e78038ce0 unknown :-1 s=BANNER_CONNECTING pgs=0 cs=0 l=1 rev1=0 crypto rx=0 tx=0 comp rx=0 tx=0)._handle_peer_banner_payload supported=3 required=0
2024-04-16T13:04:23.391 INFO:teuthology.orchestra.run.smithi073.stdout:/usr/bin/ceph: stderr
2024-04-16T13:04:22.571+0000 7f0e87fff700 1 --2- 172.21.15.73:0/3788223402 >> [v2:172.21.15.73:6800/2787794966,v1:172.21.15.73:6801/2787794966] conn(0x7f0e78036830 0x7f0e78038ce0 secure :-1 s=READY pgs=10 cs=0 l=1 rev1=1 crypto rx=0x7f0e8c009990 tx=0x7f0e8c006e40 comp rx=0 tx=0).ready entity=mgr.14160 client_cookie=0 server_cookie=0 in_seq=0 out_seq=0
2024-04-16T13:04:23.391 INFO:teuthology.orchestra.run.smithi073.stdout:/usr/bin/ceph: stderr
2024-04-16T13:04:22.571+0000 7f0e857fa700 1 -- 172.21.15.73:0/3788223402 <== mon.0 v2:172.21.15.73:3300/0 6 ==== mgrmap(e 13) v1 ==== 43432+0+0 (secure 0 0 0) 0x7f0e8001a430 con 0x7f0e90102980
2024-04-16T13:04:23.391 INFO:teuthology.orchestra.run.smithi073.stdout:/usr/bin/ceph: stderr
2024-04-16T13:04:22.577+0000 7f0e857fa700 1 -- 172.21.15.73:0/3788223402 <== mon.0 v2:172.21.15.73:3300/0 7 ==== mon_command_ack([{"prefix": "get_command_descriptions"}]=0 v0) v1 ==== 72+0+176702 (secure 0 0 0) 0x7f0e8002b6b0 con 0x7f0e90102980
2024-04-16T13:04:23.391 INFO:teuthology.orchestra.run.smithi073.stdout:/usr/bin/ceph: stderr
2024-04-16T13:04:22.763+0000 7f0e96f22700 1 -- 172.21.15.73:0/3788223402 --> [v2:172.21.15.73:3300/0,v1:172.21.15.73:6789/0] -- mon_command([{prefix=config set, name=osd_memory_target_autotune}] v 0) v1 -- 0x7f0e90104860 con 0x7f0e90102980
2024-04-16T13:04:23.391 INFO:teuthology.orchestra.run.smithi073.stdout:/usr/bin/ceph: stderr
2024-04-16T13:04:22.764+0000 7f0e857fa700 1 -- 172.21.15.73:0/3788223402 <== mon.0 v2:172.21.15.73:3300/0 8 ==== mon_command_ack([{prefix=config set, name=osd_memory_target_autotune}]=0 v8)=0 v8) v1 ==== 127+0+0 (secure 0 0 0) 0x7f0e90104860 con 0x7f0e90102980
2024-04-16T13:04:23.391 INFO:teuthology.orchestra.run.smithi073.stdout:/usr/bin/ceph: stderr
2024-04-16T13:04:22.766+0000 7f0e96f22700 1 -- 172.21.15.73:0/3788223402 >> [v2:172.21.15.73:6800/2787794966,v1:172.21.15.73:6801/2787794966] conn(0x7f0e78036830 msgr2=0x7f0e78038ce0 secure :-1 s=STATE_CONNECTION_ESTABLISHED l=1).mark_down
2024-04-16T13:04:23.391 INFO:teuthology.orchestra.run.smithi073.stdout:/usr/bin/ceph: stderr
2024-04-16T13:04:22.766+0000 7f0e96f22700 1 --2- 172.21.15.73:0/3788223402 >> [v2:172.21.15.73:6800/2787794966,v1:172.21.15.73:6801/2787794966] conn(0x7f0e78036830 0x7f0e78038ce0 secure :-1 s=READY pgs=10 cs=0 l=1 rev1=1 crypto rx=0x7f0e8c009990 tx=0x7f0e8c006e40 comp rx=0 tx=0).stop
2024-04-16T13:04:23.391 INFO:teuthology.orchestra.run.smithi073.stdout:/usr/bin/ceph: stderr
2024-04-16T13:04:22.766+0000 7f0e96f22700 1 -- 172.21.15.73:0/3788223402 >> [v2:172.21.15.73:3300/0,v1:172.21.15.73:6789/0] conn(0x7f0e90102980 msgr2=0x7f0e90111740 secure :-1 s=STATE_CONNECTION_ESTABLISHED l=1).mark_down
2024-04-16T13:04:23.391 INFO:teuthology.orchestra.run.smithi073.stdout:/usr/bin/ceph: stderr
2024-04-16T13:04:22.766+0000 7f0e96f22700 1 --2- 172.21.15.73:0/3788223402 >> [v2:172.21.15.73:3300/0,v1:172.21.15.73:6789/0] conn(0x7f0e90102980 0x7f0e90111740 secure :-1 s=READY pgs=85 cs=0 l=1 rev1=1 crypto rx=0x7f0e80011680 tx=0x7f0e80009250 comp rx=0 tx=0).stop
2024-04-16T13:04:23.391 INFO:teuthology.orchestra.run.smithi073.stdout:/usr/bin/ceph: stderr
2024-04-16T13:04:22.766+0000 7f0e96f22700 1 -- 172.21.15.73:0/3788223402 shutdown_connections
2024-04-16T13:04:23.391 INFO:teuthology.orchestra.run.smithi073.stdout:/usr/bin/ceph: stderr
2024-04-16T13:04:22.766+0000 7f0e96f22700 1 --2- 172.21.15.73:0/3788223402 >> [v2:172.21.15.73:6800/2787794966,v1:172.21.15.73:6801/2787794966] conn(0x7f0e78036830 0x7f0e78038ce0 unknown :-1 s=CLOSED pgs=10 cs=0 l=1 rev1=1 crypto rx=0 tx=0 comp rx=0 tx=0).stop
2024-04-16T13:04:23.391 INFO:teuthology.orchestra.run.smithi073.stdout:/usr/bin/ceph: stderr
2024-04-16T13:04:22.766+0000 7f0e96f22700 1 --2- 172.21.15.73:0/3788223402 >> [v2:172.21.15.73:3300/0,v1:172.21.15.73:6789/0] conn(0x7f0e90102980 0x7f0e90111740 unknown :-1 s=CLOSED pgs=85 cs=0 l=1 rev1=1 crypto rx=0 tx=0 comp rx=0 tx=0).stop
2024-04-16T13:04:23.391 INFO:teuthology.orchestra.run.smithi073.stdout:/usr/bin/ceph: stderr
2024-04-16T13:04:22.766+0000 7f0e96f22700 1 -- 172.21.15.73:0/3788223402 >> 172.21.15.73:0/3788223402 conn(0x7f0e900fe180 msgr2=0x7f0e900feca0 unknown :-1 s=STATE_NONE l=0).mark_down
2024-04-16T13:04:23.391 INFO:teuthology.orchestra.run.smithi073.stdout:/usr/bin/ceph: stderr
2024-04-16T13:04:22.766+0000 7f0e96f22700 1 -- 172.21.15.73:0/3788223402 shutdown_connections
2024-04-16T13:04:23.391 INFO:teuthology.orchestra.run.smithi073.stdout:/usr/bin/ceph: stderr
2024-04-16T13:04:22.766+0000 7f0e96f22700 1 -- 172.21.15.73:0/3788223402 wait complete.
2024-04-16T13:04:23.631 INFO:journalctl@ceph.mon.smithi073.smithi073.stdout:Apr 16 13:04:23 smithi073 ceph-mon[29253]: mgrmap e13: smithi073.vhnkiv(active, since 6s)
2024-04-16T13:04:24.618 INFO:teuthology.orchestra.run.smithi073.stdout:/usr/bin/ceph: stderr
2024-04-16T13:04:23.753+0000 7f2f224db700 1 Processor -- start
2024-04-16T13:04:24.619 INFO:teuthology.orchestra.run.smithi073.stdout:/usr/bin/ceph: stderr
2024-04-16T13:04:23.753+0000 7f2f224db700 1 -- start start
2024-04-16T13:04:24.619 INFO:teuthology.orchestra.run.smithi073.stdout:/usr/bin/ceph: stderr
2024-04-16T13:04:23.753+0000 7f2f224db700 1 --2- >> [v2:172.21.15.73:3300/0,v1:172.21.15.73:6789/0] conn(0x7f2f1c076c10 0x7f2f1c107910 unknown :-1 s=NONE pgs=0 cs=0 l=0 rev1=0 crypto rx=0 tx=0 comp rx=0 tx=0).connect
2024-04-16T13:04:24.619 INFO:teuthology.orchestra.run.smithi073.stdout:/usr/bin/ceph: stderr
2024-04-16T13:04:23.753+0000 7f2f224db700 1 -- --> [v2:172.21.15.73:3300/0,v1:172.21.15.73:6789/0] -- mon_getmap magic: 0 v1 -- 0x7f2f1c103300 con 0x7f2f1c076c10
2024-04-16T13:04:24.619 INFO:teuthology.orchestra.run.smithi073.stdout:/usr/bin/ceph: stderr
2024-04-16T13:04:23.754+0000 7f2f1bfff700 1 --2- >> [v2:172.21.15.73:3300/0,v1:172.21.15.73:6789/0] conn(0x7f2f1c076c10 0x7f2f1c107910 unknown :-1 s=BANNER_CONNECTING pgs=0 cs=0 l=0 rev1=0 crypto rx=0 tx=0 comp rx=0 tx=0)._handle_peer_banner_payload supported=3 required=0
2024-04-16T13:04:24.619 INFO:teuthology.orchestra.run.smithi073.stdout:/usr/bin/ceph: stderr
2024-04-16T13:04:23.754+0000 7f2f1bfff700 1 --2- >> [v2:172.21.15.73:3300/0,v1:172.21.15.73:6789/0] conn(0x7f2f1c076c10 0x7f2f1c107910 unknown :-1 s=HELLO_CONNECTING pgs=0 cs=0 l=0 rev1=1 crypto rx=0 tx=0 comp rx=0 tx=0).handle_hello peer v2:172.21.15.73:3300/0 says I am v2:172.21.15.73:51460/0 (socket says 172.21.15.73:51460)
2024-04-16T13:04:24.619 INFO:teuthology.orchestra.run.smithi073.stdout:/usr/bin/ceph: stderr
2024-04-16T13:04:23.754+0000 7f2f1bfff700 1 -- 172.21.15.73:0/2328172105 learned_addr learned my addr 172.21.15.73:0/2328172105 (peer_addr_for_me v2:172.21.15.73:0/0)
2024-04-16T13:04:24.619 INFO:teuthology.orchestra.run.smithi073.stdout:/usr/bin/ceph: stderr
2024-04-16T13:04:23.754+0000 7f2f1bfff700 1 -- 172.21.15.73:0/2328172105 --> [v2:172.21.15.73:3300/0,v1:172.21.15.73:6789/0] -- mon_subscribe({config=0+,monmap=0+}) v3 -- 0x7f2f1c107e50 con 0x7f2f1c076c10
2024-04-16T13:04:24.619 INFO:teuthology.orchestra.run.smithi073.stdout:/usr/bin/ceph: stderr
2024-04-16T13:04:23.754+0000 7f2f1bfff700 1 --2- 172.21.15.73:0/2328172105 >> [v2:172.21.15.73:3300/0,v1:172.21.15.73:6789/0] conn(0x7f2f1c076c10 0x7f2f1c107910 secure :-1 s=READY pgs=86 cs=0 l=1 rev1=1 crypto rx=0x7f2f0c0098e0 tx=0x7f2f0c009250 comp rx=0 tx=0).ready entity=mon.0 client_cookie=9f711180f2a68161 server_cookie=0 in_seq=0 out_seq=0
2024-04-16T13:04:24.619 INFO:teuthology.orchestra.run.smithi073.stdout:/usr/bin/ceph: stderr
2024-04-16T13:04:23.754+0000 7f2f1b7fe700 1 -- 172.21.15.73:0/2328172105 <== mon.0 v2:172.21.15.73:3300/0 1 ==== mon_map magic: 0 v1 ==== 229+0+0 (secure 0 0 0) 0x7f2f0c00b860 con 0x7f2f1c076c10
2024-04-16T13:04:24.619 INFO:teuthology.orchestra.run.smithi073.stdout:/usr/bin/ceph: stderr
2024-04-16T13:04:23.754+0000 7f2f1b7fe700 1 -- 172.21.15.73:0/2328172105 <== mon.0 v2:172.21.15.73:3300/0 2 ==== config(27 keys) v1 ==== 1109+0+0 (secure 0 0 0) 0x7f2f0c00be90 con 0x7f2f1c076c10
2024-04-16T13:04:24.619 INFO:teuthology.orchestra.run.smithi073.stdout:/usr/bin/ceph: stderr
2024-04-16T13:04:23.754+0000 7f2f1b7fe700 1 -- 172.21.15.73:0/2328172105 <== mon.0 v2:172.21.15.73:3300/0 3 ==== mon_map magic: 0 v1 ==== 229+0+0 (secure 0 0 0) 0x7f2f0c0103c0 con 0x7f2f1c076c10
2024-04-16T13:04:24.619 INFO:teuthology.orchestra.run.smithi073.stdout:/usr/bin/ceph: stderr
2024-04-16T13:04:23.755+0000 7f2f224db700 1 -- 172.21.15.73:0/2328172105 >> [v2:172.21.15.73:3300/0,v1:172.21.15.73:6789/0] conn(0x7f2f1c076c10 msgr2=0x7f2f1c107910 secure :-1 s=STATE_CONNECTION_ESTABLISHED l=1).mark_down
2024-04-16T13:04:24.619 INFO:teuthology.orchestra.run.smithi073.stdout:/usr/bin/ceph: stderr
2024-04-16T13:04:23.755+0000 7f2f224db700 1 --2- 172.21.15.73:0/2328172105 >> [v2:172.21.15.73:3300/0,v1:172.21.15.73:6789/0] conn(0x7f2f1c076c10 0x7f2f1c107910 secure :-1 s=READY pgs=86 cs=0 l=1 rev1=1 crypto rx=0x7f2f0c0098e0 tx=0x7f2f0c009250 comp rx=0 tx=0).stop
2024-04-16T13:04:24.620 INFO:teuthology.orchestra.run.smithi073.stdout:/usr/bin/ceph: stderr
2024-04-16T13:04:23.755+0000 7f2f224db700 1 -- 172.21.15.73:0/2328172105 shutdown_connections
2024-04-16T13:04:24.620 INFO:teuthology.orchestra.run.smithi073.stdout:/usr/bin/ceph: stderr
2024-04-16T13:04:23.755+0000 7f2f224db700 1 --2- 172.21.15.73:0/2328172105 >> [v2:172.21.15.73:3300/0,v1:172.21.15.73:6789/0] conn(0x7f2f1c076c10 0x7f2f1c107910 unknown :-1 s=CLOSED pgs=86 cs=0 l=1 rev1=1 crypto rx=0 tx=0 comp rx=0 tx=0).stop
2024-04-16T13:04:24.620 INFO:teuthology.orchestra.run.smithi073.stdout:/usr/bin/ceph: stderr
2024-04-16T13:04:23.755+0000 7f2f224db700 1 -- 172.21.15.73:0/2328172105 >> 172.21.15.73:0/2328172105 conn(0x7f2f1c0fcfe0 msgr2=0x7f2f1c0ff3f0 unknown :-1 s=STATE_NONE l=0).mark_down
2024-04-16T13:04:24.620 INFO:teuthology.orchestra.run.smithi073.stdout:/usr/bin/ceph: stderr
2024-04-16T13:04:23.755+0000 7f2f224db700 1 -- 172.21.15.73:0/2328172105 shutdown_connections
2024-04-16T13:04:24.620 INFO:teuthology.orchestra.run.smithi073.stdout:/usr/bin/ceph: stderr
2024-04-16T13:04:23.755+0000 7f2f224db700 1 -- 172.21.15.73:0/2328172105 wait complete.
2024-04-16T13:04:24.620 INFO:teuthology.orchestra.run.smithi073.stdout:/usr/bin/ceph: stderr
2024-04-16T13:04:23.755+0000 7f2f224db700 1 Processor -- start
2024-04-16T13:04:24.620 INFO:teuthology.orchestra.run.smithi073.stdout:/usr/bin/ceph: stderr
2024-04-16T13:04:23.755+0000 7f2f224db700 1 -- start start
2024-04-16T13:04:24.620 INFO:teuthology.orchestra.run.smithi073.stdout:/usr/bin/ceph: stderr
