2024-04-16T13:04:01.712+0000 7f5e60c7d700 1 --2- 172.21.15.73:0/33317543 >> [v2:172.21.15.73:6800/1476253195,v1:172.21.15.73:6801/1476253195] conn(0x7f5e44036750 0x7f5e44038c00 secure :-1 s=READY pgs=16 cs=0 l=1 rev1=1 crypto rx=0x7f5e50009990 tx=0x7f5e50006e40 comp rx=0 tx=0).stop
2024-04-16T13:04:03.168 INFO:teuthology.orchestra.run.smithi073.stdout:/usr/bin/ceph: stderr
2024-04-16T13:04:01.712+0000 7f5e60c7d700 1 -- 172.21.15.73:0/33317543 >> [v2:172.21.15.73:3300/0,v1:172.21.15.73:6789/0] conn(0x7f5e5c0713d0 msgr2=0x7f5e5c117e80 secure :-1 s=STATE_CONNECTION_ESTABLISHED l=1).mark_down
2024-04-16T13:04:03.168 INFO:teuthology.orchestra.run.smithi073.stdout:/usr/bin/ceph: stderr
2024-04-16T13:04:01.712+0000 7f5e60c7d700 1 --2- 172.21.15.73:0/33317543 >> [v2:172.21.15.73:3300/0,v1:172.21.15.73:6789/0] conn(0x7f5e5c0713d0 0x7f5e5c117e80 secure :-1 s=READY pgs=54 cs=0 l=1 rev1=1 crypto rx=0x7f5e4c0119d0 tx=0x7f5e4c011f90 comp rx=0 tx=0).stop
2024-04-16T13:04:03.168 INFO:teuthology.orchestra.run.smithi073.stdout:/usr/bin/ceph: stderr
2024-04-16T13:04:01.712+0000 7f5e60c7d700 1 -- 172.21.15.73:0/33317543 shutdown_connections
2024-04-16T13:04:03.168 INFO:teuthology.orchestra.run.smithi073.stdout:/usr/bin/ceph: stderr
2024-04-16T13:04:01.712+0000 7f5e60c7d700 1 --2- 172.21.15.73:0/33317543 >> [v2:172.21.15.73:6800/1476253195,v1:172.21.15.73:6801/1476253195] conn(0x7f5e44036750 0x7f5e44038c00 unknown :-1 s=CLOSED pgs=16 cs=0 l=1 rev1=1 crypto rx=0 tx=0 comp rx=0 tx=0).stop
2024-04-16T13:04:03.168 INFO:teuthology.orchestra.run.smithi073.stdout:/usr/bin/ceph: stderr
2024-04-16T13:04:01.712+0000 7f5e60c7d700 1 --2- 172.21.15.73:0/33317543 >> [v2:172.21.15.73:3300/0,v1:172.21.15.73:6789/0] conn(0x7f5e5c0713d0 0x7f5e5c117e80 unknown :-1 s=CLOSED pgs=54 cs=0 l=1 rev1=1 crypto rx=0 tx=0 comp rx=0 tx=0).stop
2024-04-16T13:04:03.168 INFO:teuthology.orchestra.run.smithi073.stdout:/usr/bin/ceph: stderr
2024-04-16T13:04:01.712+0000 7f5e60c7d700 1 -- 172.21.15.73:0/33317543 >> 172.21.15.73:0/33317543 conn(0x7f5e5c0fcfa0 msgr2=0x7f5e5c103d00 unknown :-1 s=STATE_NONE l=0).mark_down
2024-04-16T13:04:03.169 INFO:teuthology.orchestra.run.smithi073.stdout:/usr/bin/ceph: stderr
2024-04-16T13:04:01.712+0000 7f5e60c7d700 1 -- 172.21.15.73:0/33317543 shutdown_connections
2024-04-16T13:04:03.169 INFO:teuthology.orchestra.run.smithi073.stdout:/usr/bin/ceph: stderr
2024-04-16T13:04:01.712+0000 7f5e60c7d700 1 -- 172.21.15.73:0/33317543 wait complete.
2024-04-16T13:04:03.169 INFO:teuthology.orchestra.run.smithi073.stdout:Deploying node-exporter service with default placement...
2024-04-16T13:04:04.393 INFO:teuthology.orchestra.run.smithi073.stdout:/usr/bin/ceph: stdout Scheduled node-exporter update...
2024-04-16T13:04:04.393 INFO:teuthology.orchestra.run.smithi073.stdout:/usr/bin/ceph: stderr
2024-04-16T13:04:03.619+0000 7f75d5af5700 1 Processor -- start
2024-04-16T13:04:04.393 INFO:teuthology.orchestra.run.smithi073.stdout:/usr/bin/ceph: stderr
2024-04-16T13:04:03.619+0000 7f75d5af5700 1 -- start start
2024-04-16T13:04:04.393 INFO:teuthology.orchestra.run.smithi073.stdout:/usr/bin/ceph: stderr
2024-04-16T13:04:03.619+0000 7f75d5af5700 1 --2- >> [v2:172.21.15.73:3300/0,v1:172.21.15.73:6789/0] conn(0x7f75d0101e50 0x7f75d0102260 unknown :-1 s=NONE pgs=0 cs=0 l=0 rev1=0 crypto rx=0 tx=0 comp rx=0 tx=0).connect
2024-04-16T13:04:04.393 INFO:teuthology.orchestra.run.smithi073.stdout:/usr/bin/ceph: stderr
2024-04-16T13:04:03.619+0000 7f75d5af5700 1 -- --> [v2:172.21.15.73:3300/0,v1:172.21.15.73:6789/0] -- mon_getmap magic: 0 v1 -- 0x7f75d01027a0 con 0x7f75d0101e50
2024-04-16T13:04:04.393 INFO:teuthology.orchestra.run.smithi073.stdout:/usr/bin/ceph: stderr
2024-04-16T13:04:03.619+0000 7f75cf7fe700 1 --2- >> [v2:172.21.15.73:3300/0,v1:172.21.15.73:6789/0] conn(0x7f75d0101e50 0x7f75d0102260 unknown :-1 s=BANNER_CONNECTING pgs=0 cs=0 l=0 rev1=0 crypto rx=0 tx=0 comp rx=0 tx=0)._handle_peer_banner_payload supported=3 required=0
2024-04-16T13:04:04.393 INFO:teuthology.orchestra.run.smithi073.stdout:/usr/bin/ceph: stderr
2024-04-16T13:04:03.619+0000 7f75cf7fe700 1 --2- >> [v2:172.21.15.73:3300/0,v1:172.21.15.73:6789/0] conn(0x7f75d0101e50 0x7f75d0102260 unknown :-1 s=HELLO_CONNECTING pgs=0 cs=0 l=0 rev1=1 crypto rx=0 tx=0 comp rx=0 tx=0).handle_hello peer v2:172.21.15.73:3300/0 says I am v2:172.21.15.73:39984/0 (socket says 172.21.15.73:39984)
2024-04-16T13:04:04.393 INFO:teuthology.orchestra.run.smithi073.stdout:/usr/bin/ceph: stderr
2024-04-16T13:04:03.619+0000 7f75cf7fe700 1 -- 172.21.15.73:0/419892782 learned_addr learned my addr 172.21.15.73:0/419892782 (peer_addr_for_me v2:172.21.15.73:0/0)
2024-04-16T13:04:04.394 INFO:teuthology.orchestra.run.smithi073.stdout:/usr/bin/ceph: stderr
2024-04-16T13:04:03.619+0000 7f75cf7fe700 1 -- 172.21.15.73:0/419892782 --> [v2:172.21.15.73:3300/0,v1:172.21.15.73:6789/0] -- mon_subscribe({config=0+,monmap=0+}) v3 -- 0x7f75d01028e0 con 0x7f75d0101e50
2024-04-16T13:04:04.394 INFO:teuthology.orchestra.run.smithi073.stdout:/usr/bin/ceph: stderr
2024-04-16T13:04:03.620+0000 7f75cf7fe700 1 --2- 172.21.15.73:0/419892782 >> [v2:172.21.15.73:3300/0,v1:172.21.15.73:6789/0] conn(0x7f75d0101e50 0x7f75d0102260 secure :-1 s=READY pgs=55 cs=0 l=1 rev1=1 crypto rx=0x7f75c00098e0 tx=0x7f75c0009250 comp rx=0 tx=0).ready entity=mon.0 client_cookie=c5ddb391a4fd7d0 server_cookie=0 in_seq=0 out_seq=0
2024-04-16T13:04:04.394 INFO:teuthology.orchestra.run.smithi073.stdout:/usr/bin/ceph: stderr
2024-04-16T13:04:03.620+0000 7f75ce7fc700 1 -- 172.21.15.73:0/419892782 <== mon.0 v2:172.21.15.73:3300/0 1 ==== mon_map magic: 0 v1 ==== 229+0+0 (secure 0 0 0) 0x7f75c000b860 con 0x7f75d0101e50
2024-04-16T13:04:04.394 INFO:teuthology.orchestra.run.smithi073.stdout:/usr/bin/ceph: stderr
2024-04-16T13:04:03.620+0000 7f75ce7fc700 1 -- 172.21.15.73:0/419892782 <== mon.0 v2:172.21.15.73:3300/0 2 ==== config(27 keys) v1 ==== 1109+0+0 (secure 0 0 0) 0x7f75c000be90 con 0x7f75d0101e50
2024-04-16T13:04:04.394 INFO:teuthology.orchestra.run.smithi073.stdout:/usr/bin/ceph: stderr
2024-04-16T13:04:03.620+0000 7f75ce7fc700 1 -- 172.21.15.73:0/419892782 <== mon.0 v2:172.21.15.73:3300/0 3 ==== mon_map magic: 0 v1 ==== 229+0+0 (secure 0 0 0) 0x7f75c00103c0 con 0x7f75d0101e50
2024-04-16T13:04:04.394 INFO:teuthology.orchestra.run.smithi073.stdout:/usr/bin/ceph: stderr
2024-04-16T13:04:03.620+0000 7f75d5af5700 1 -- 172.21.15.73:0/419892782 >> [v2:172.21.15.73:3300/0,v1:172.21.15.73:6789/0] conn(0x7f75d0101e50 msgr2=0x7f75d0102260 secure :-1 s=STATE_CONNECTION_ESTABLISHED l=1).mark_down
2024-04-16T13:04:04.394 INFO:teuthology.orchestra.run.smithi073.stdout:/usr/bin/ceph: stderr
2024-04-16T13:04:03.620+0000 7f75d5af5700 1 --2- 172.21.15.73:0/419892782 >> [v2:172.21.15.73:3300/0,v1:172.21.15.73:6789/0] conn(0x7f75d0101e50 0x7f75d0102260 secure :-1 s=READY pgs=55 cs=0 l=1 rev1=1 crypto rx=0x7f75c00098e0 tx=0x7f75c0009250 comp rx=0 tx=0).stop
2024-04-16T13:04:04.394 INFO:teuthology.orchestra.run.smithi073.stdout:/usr/bin/ceph: stderr
2024-04-16T13:04:03.620+0000 7f75d5af5700 1 -- 172.21.15.73:0/419892782 shutdown_connections
2024-04-16T13:04:04.394 INFO:teuthology.orchestra.run.smithi073.stdout:/usr/bin/ceph: stderr
2024-04-16T13:04:03.620+0000 7f75d5af5700 1 --2- 172.21.15.73:0/419892782 >> [v2:172.21.15.73:3300/0,v1:172.21.15.73:6789/0] conn(0x7f75d0101e50 0x7f75d0102260 unknown :-1 s=CLOSED pgs=55 cs=0 l=1 rev1=1 crypto rx=0 tx=0 comp rx=0 tx=0).stop
2024-04-16T13:04:04.394 INFO:teuthology.orchestra.run.smithi073.stdout:/usr/bin/ceph: stderr
2024-04-16T13:04:03.620+0000 7f75d5af5700 1 -- 172.21.15.73:0/419892782 >> 172.21.15.73:0/419892782 conn(0x7f75d00fc820 msgr2=0x7f75d00fec30 unknown :-1 s=STATE_NONE l=0).mark_down
2024-04-16T13:04:04.394 INFO:teuthology.orchestra.run.smithi073.stdout:/usr/bin/ceph: stderr
2024-04-16T13:04:03.620+0000 7f75d5af5700 1 -- 172.21.15.73:0/419892782 shutdown_connections
2024-04-16T13:04:04.394 INFO:teuthology.orchestra.run.smithi073.stdout:/usr/bin/ceph: stderr
2024-04-16T13:04:03.620+0000 7f75d5af5700 1 -- 172.21.15.73:0/419892782 wait complete.
2024-04-16T13:04:04.394 INFO:teuthology.orchestra.run.smithi073.stdout:/usr/bin/ceph: stderr
2024-04-16T13:04:03.621+0000 7f75d5af5700 1 Processor -- start
2024-04-16T13:04:04.394 INFO:teuthology.orchestra.run.smithi073.stdout:/usr/bin/ceph: stderr
2024-04-16T13:04:03.621+0000 7f75d5af5700 1 -- start start
2024-04-16T13:04:04.395 INFO:teuthology.orchestra.run.smithi073.stdout:/usr/bin/ceph: stderr
2024-04-16T13:04:03.621+0000 7f75d5af5700 1 --2- >> [v2:172.21.15.73:3300/0,v1:172.21.15.73:6789/0] conn(0x7f75d0101e50 0x7f75d01117b0 unknown :-1 s=NONE pgs=0 cs=0 l=1 rev1=0 crypto rx=0 tx=0 comp rx=0 tx=0).connect
2024-04-16T13:04:04.395 INFO:teuthology.orchestra.run.smithi073.stdout:/usr/bin/ceph: stderr
2024-04-16T13:04:03.621+0000 7f75d5af5700 1 -- --> [v2:172.21.15.73:3300/0,v1:172.21.15.73:6789/0] -- mon_getmap magic: 0 v1 -- 0x7f75d0111cf0 con 0x7f75d0101e50
2024-04-16T13:04:04.395 INFO:teuthology.orchestra.run.smithi073.stdout:/usr/bin/ceph: stderr
2024-04-16T13:04:03.621+0000 7f75cf7fe700 1 --2- >> [v2:172.21.15.73:3300/0,v1:172.21.15.73:6789/0] conn(0x7f75d0101e50 0x7f75d01117b0 unknown :-1 s=BANNER_CONNECTING pgs=0 cs=0 l=1 rev1=0 crypto rx=0 tx=0 comp rx=0 tx=0)._handle_peer_banner_payload supported=3 required=0
2024-04-16T13:04:04.395 INFO:teuthology.orchestra.run.smithi073.stdout:/usr/bin/ceph: stderr
2024-04-16T13:04:03.621+0000 7f75cf7fe700 1 --2- >> [v2:172.21.15.73:3300/0,v1:172.21.15.73:6789/0] conn(0x7f75d0101e50 0x7f75d01117b0 unknown :-1 s=HELLO_CONNECTING pgs=0 cs=0 l=1 rev1=1 crypto rx=0 tx=0 comp rx=0 tx=0).handle_hello peer v2:172.21.15.73:3300/0 says I am v2:172.21.15.73:39992/0 (socket says 172.21.15.73:39992)
2024-04-16T13:04:04.395 INFO:teuthology.orchestra.run.smithi073.stdout:/usr/bin/ceph: stderr
2024-04-16T13:04:03.621+0000 7f75cf7fe700 1 -- 172.21.15.73:0/589324554 learned_addr learned my addr 172.21.15.73:0/589324554 (peer_addr_for_me v2:172.21.15.73:0/0)
2024-04-16T13:04:04.395 INFO:teuthology.orchestra.run.smithi073.stdout:/usr/bin/ceph: stderr
2024-04-16T13:04:03.622+0000 7f75cf7fe700 1 -- 172.21.15.73:0/589324554 --> [v2:172.21.15.73:3300/0,v1:172.21.15.73:6789/0] -- mon_subscribe({config=0+,monmap=0+}) v3 -- 0x7f75c00094f0 con 0x7f75d0101e50
2024-04-16T13:04:04.395 INFO:teuthology.orchestra.run.smithi073.stdout:/usr/bin/ceph: stderr
2024-04-16T13:04:03.622+0000 7f75cf7fe700 1 --2- 172.21.15.73:0/589324554 >> [v2:172.21.15.73:3300/0,v1:172.21.15.73:6789/0] conn(0x7f75d0101e50 0x7f75d01117b0 secure :-1 s=READY pgs=56 cs=0 l=1 rev1=1 crypto rx=0x7f75c00090b0 tx=0x7f75c0009250 comp rx=0 tx=0).ready entity=mon.0 client_cookie=0 server_cookie=0 in_seq=0 out_seq=0
2024-04-16T13:04:04.395 INFO:teuthology.orchestra.run.smithi073.stdout:/usr/bin/ceph: stderr
2024-04-16T13:04:03.622+0000 7f75b7fff700 1 -- 172.21.15.73:0/589324554 <== mon.0 v2:172.21.15.73:3300/0 1 ==== mon_map magic: 0 v1 ==== 229+0+0 (secure 0 0 0) 0x7f75c0010840 con 0x7f75d0101e50
2024-04-16T13:04:04.395 INFO:teuthology.orchestra.run.smithi073.stdout:/usr/bin/ceph: stderr
2024-04-16T13:04:03.622+0000 7f75b7fff700 1 -- 172.21.15.73:0/589324554 <== mon.0 v2:172.21.15.73:3300/0 2 ==== config(27 keys) v1 ==== 1109+0+0 (secure 0 0 0) 0x7f75c0010e70 con 0x7f75d0101e50
2024-04-16T13:04:04.395 INFO:teuthology.orchestra.run.smithi073.stdout:/usr/bin/ceph: stderr
2024-04-16T13:04:03.622+0000 7f75d5af5700 1 -- 172.21.15.73:0/589324554 --> [v2:172.21.15.73:3300/0,v1:172.21.15.73:6789/0] -- mon_subscribe({mgrmap=0+}) v3 -- 0x7f75d0111ef0 con 0x7f75d0101e50
2024-04-16T13:04:04.395 INFO:teuthology.orchestra.run.smithi073.stdout:/usr/bin/ceph: stderr
2024-04-16T13:04:03.622+0000 7f75b7fff700 1 -- 172.21.15.73:0/589324554 <== mon.0 v2:172.21.15.73:3300/0 3 ==== mon_map magic: 0 v1 ==== 229+0+0 (secure 0 0 0) 0x7f75c0024e90 con 0x7f75d0101e50
2024-04-16T13:04:04.395 INFO:teuthology.orchestra.run.smithi073.stdout:/usr/bin/ceph: stderr
2024-04-16T13:04:03.622+0000 7f75d5af5700 1 -- 172.21.15.73:0/589324554 --> [v2:172.21.15.73:3300/0,v1:172.21.15.73:6789/0] -- mon_subscribe({osdmap=0}) v3 -- 0x7f75d0112a60 con 0x7f75d0101e50
2024-04-16T13:04:04.395 INFO:teuthology.orchestra.run.smithi073.stdout:/usr/bin/ceph: stderr
2024-04-16T13:04:03.623+0000 7f75b7fff700 1 -- 172.21.15.73:0/589324554 <== mon.0 v2:172.21.15.73:3300/0 4 ==== mgrmap(e 8) v1 ==== 43376+0+0 (secure 0 0 0) 0x7f75c001a510 con 0x7f75d0101e50
2024-04-16T13:04:04.395 INFO:teuthology.orchestra.run.smithi073.stdout:/usr/bin/ceph: stderr
2024-04-16T13:04:03.623+0000 7f75d5af5700 1 -- 172.21.15.73:0/589324554 --> [v2:172.21.15.73:3300/0,v1:172.21.15.73:6789/0] -- mon_command({"prefix": "get_command_descriptions"} v 0) v1 -- 0x7f75d005f5f0 con 0x7f75d0101e50
2024-04-16T13:04:04.395 INFO:teuthology.orchestra.run.smithi073.stdout:/usr/bin/ceph: stderr
2024-04-16T13:04:03.623+0000 7f75b7fff700 1 --2- 172.21.15.73:0/589324554 >> [v2:172.21.15.73:6800/1476253195,v1:172.21.15.73:6801/1476253195] conn(0x7f75b8036740 0x7f75b8038bf0 unknown :-1 s=NONE pgs=0 cs=0 l=1 rev1=0 crypto rx=0 tx=0 comp rx=0 tx=0).connect
2024-04-16T13:04:04.396 INFO:teuthology.orchestra.run.smithi073.stdout:/usr/bin/ceph: stderr
2024-04-16T13:04:03.623+0000 7f75b7fff700 1 -- 172.21.15.73:0/589324554 <== mon.0 v2:172.21.15.73:3300/0 5 ==== osd_map(2..2 src has 1..2) v4 ==== 936+0+0 (secure 0 0 0) 0x7f75c004a9f0 con 0x7f75d0101e50
2024-04-16T13:04:04.396 INFO:teuthology.orchestra.run.smithi073.stdout:/usr/bin/ceph: stderr
2024-04-16T13:04:03.623+0000 7f75ceffd700 1 --2- 172.21.15.73:0/589324554 >> [v2:172.21.15.73:6800/1476253195,v1:172.21.15.73:6801/1476253195] conn(0x7f75b8036740 0x7f75b8038bf0 unknown :-1 s=BANNER_CONNECTING pgs=0 cs=0 l=1 rev1=0 crypto rx=0 tx=0 comp rx=0 tx=0)._handle_peer_banner_payload supported=3 required=0
2024-04-16T13:04:04.396 INFO:teuthology.orchestra.run.smithi073.stdout:/usr/bin/ceph: stderr
2024-04-16T13:04:03.623+0000 7f75ceffd700 1 --2- 172.21.15.73:0/589324554 >> [v2:172.21.15.73:6800/1476253195,v1:172.21.15.73:6801/1476253195] conn(0x7f75b8036740 0x7f75b8038bf0 secure :-1 s=READY pgs=17 cs=0 l=1 rev1=1 crypto rx=0x7f75c4009990 tx=0x7f75c4006e40 comp rx=0 tx=0).ready entity=mgr.14118 client_cookie=0 server_cookie=0 in_seq=0 out_seq=0
2024-04-16T13:04:04.396 INFO:teuthology.orchestra.run.smithi073.stdout:/usr/bin/ceph: stderr
2024-04-16T13:04:03.628+0000 7f75b7fff700 1 -- 172.21.15.73:0/589324554 <== mon.0 v2:172.21.15.73:3300/0 6 ==== mon_command_ack([{"prefix": "get_command_descriptions"}]=0 v0) v1 ==== 72+0+176702 (secure 0 0 0) 0x7f75c0018940 con 0x7f75d0101e50
2024-04-16T13:04:04.396 INFO:teuthology.orchestra.run.smithi073.stdout:/usr/bin/ceph: stderr
2024-04-16T13:04:03.820+0000 7f75d5af5700 1 -- 172.21.15.73:0/589324554 --> [v2:172.21.15.73:6800/1476253195,v1:172.21.15.73:6801/1476253195] -- mgr_command(tid 0: {"prefix": "orch apply", "service_type": "node-exporter", "target": ["mon-mgr", ""]}) v1 -- 0x7f75d01135e0 con 0x7f75b8036740
2024-04-16T13:04:04.396 INFO:teuthology.orchestra.run.smithi073.stdout:/usr/bin/ceph: stderr
2024-04-16T13:04:03.824+0000 7f75b7fff700 1 -- 172.21.15.73:0/589324554 <== mgr.14118 v2:172.21.15.73:6800/1476253195 1 ==== mgr_command_reply(tid 0: 0 ) v1 ==== 8+0+34 (secure 0 0 0) 0x7f75d01135e0 con 0x7f75b8036740
2024-04-16T13:04:04.396 INFO:teuthology.orchestra.run.smithi073.stdout:/usr/bin/ceph: stderr
2024-04-16T13:04:03.826+0000 7f75d5af5700 1 -- 172.21.15.73:0/589324554 >> [v2:172.21.15.73:6800/1476253195,v1:172.21.15.73:6801/1476253195] conn(0x7f75b8036740 msgr2=0x7f75b8038bf0 secure :-1 s=STATE_CONNECTION_ESTABLISHED l=1).mark_down
2024-04-16T13:04:04.396 INFO:teuthology.orchestra.run.smithi073.stdout:/usr/bin/ceph: stderr
2024-04-16T13:04:03.826+0000 7f75d5af5700 1 --2- 172.21.15.73:0/589324554 >> [v2:172.21.15.73:6800/1476253195,v1:172.21.15.73:6801/1476253195] conn(0x7f75b8036740 0x7f75b8038bf0 secure :-1 s=READY pgs=17 cs=0 l=1 rev1=1 crypto rx=0x7f75c4009990 tx=0x7f75c4006e40 comp rx=0 tx=0).stop
2024-04-16T13:04:04.396 INFO:teuthology.orchestra.run.smithi073.stdout:/usr/bin/ceph: stderr
2024-04-16T13:04:03.826+0000 7f75d5af5700 1 -- 172.21.15.73:0/589324554 >> [v2:172.21.15.73:3300/0,v1:172.21.15.73:6789/0] conn(0x7f75d0101e50 msgr2=0x7f75d01117b0 secure :-1 s=STATE_CONNECTION_ESTABLISHED l=1).mark_down
2024-04-16T13:04:04.396 INFO:teuthology.orchestra.run.smithi073.stdout:/usr/bin/ceph: stderr
2024-04-16T13:04:03.827+0000 7f75d5af5700 1 --2- 172.21.15.73:0/589324554 >> [v2:172.21.15.73:3300/0,v1:172.21.15.73:6789/0] conn(0x7f75d0101e50 0x7f75d01117b0 secure :-1 s=READY pgs=56 cs=0 l=1 rev1=1 crypto rx=0x7f75c00090b0 tx=0x7f75c0009250 comp rx=0 tx=0).stop
2024-04-16T13:04:04.396 INFO:teuthology.orchestra.run.smithi073.stdout:/usr/bin/ceph: stderr
2024-04-16T13:04:03.827+0000 7f75d5af5700 1 -- 172.21.15.73:0/589324554 shutdown_connections
2024-04-16T13:04:04.396 INFO:teuthology.orchestra.run.smithi073.stdout:/usr/bin/ceph: stderr
2024-04-16T13:04:03.827+0000 7f75d5af5700 1 --2- 172.21.15.73:0/589324554 >> [v2:172.21.15.73:6800/1476253195,v1:172.21.15.73:6801/1476253195] conn(0x7f75b8036740 0x7f75b8038bf0 unknown :-1 s=CLOSED pgs=17 cs=0 l=1 rev1=1 crypto rx=0 tx=0 comp rx=0 tx=0).stop
2024-04-16T13:04:04.396 INFO:teuthology.orchestra.run.smithi073.stdout:/usr/bin/ceph: stderr
2024-04-16T13:04:03.827+0000 7f75d5af5700 1 --2- 172.21.15.73:0/589324554 >> [v2:172.21.15.73:3300/0,v1:172.21.15.73:6789/0] conn(0x7f75d0101e50 0x7f75d01117b0 unknown :-1 s=CLOSED pgs=56 cs=0 l=1 rev1=1 crypto rx=0 tx=0 comp rx=0 tx=0).stop
2024-04-16T13:04:04.396 INFO:teuthology.orchestra.run.smithi073.stdout:/usr/bin/ceph: stderr
2024-04-16T13:04:03.827+0000 7f75d5af5700 1 -- 172.21.15.73:0/589324554 >> 172.21.15.73:0/589324554 conn(0x7f75d00fc820 msgr2=0x7f75d00fd670 unknown :-1 s=STATE_NONE l=0).mark_down
2024-04-16T13:04:04.396 INFO:teuthology.orchestra.run.smithi073.stdout:/usr/bin/ceph: stderr
2024-04-16T13:04:03.827+0000 7f75d5af5700 1 -- 172.21.15.73:0/589324554 shutdown_connections
2024-04-16T13:04:04.397 INFO:teuthology.orchestra.run.smithi073.stdout:/usr/bin/ceph: stderr
2024-04-16T13:04:03.827+0000 7f75d5af5700 1 -- 172.21.15.73:0/589324554 wait complete.
2024-04-16T13:04:04.397 INFO:teuthology.orchestra.run.smithi073.stdout:Deploying alertmanager service with default placement...
2024-04-16T13:04:05.068 INFO:journalctl@ceph.mon.smithi073.smithi073.stdout:Apr 16 13:04:04 smithi073 ceph-mon[29253]: from='client.14150 -' entity='client.admin' cmd=[{"prefix": "orch apply", "service_type": "node-exporter", "target": ["mon-mgr", ""]}]: dispatch
2024-04-16T13:04:05.069 INFO:journalctl@ceph.mon.smithi073.smithi073.stdout:Apr 16 13:04:04 smithi073 ceph-mon[29253]: Saving service node-exporter spec with placement *
2024-04-16T13:04:05.069 INFO:journalctl@ceph.mon.smithi073.smithi073.stdout:Apr 16 13:04:04 smithi073 ceph-mon[29253]: from='mgr.14118 172.21.15.73:0/2497542884' entity='mgr.smithi073.vhnkiv'
2024-04-16T13:04:05.665 INFO:teuthology.orchestra.run.smithi073.stdout:/usr/bin/ceph: stdout Scheduled alertmanager update...
2024-04-16T13:04:05.665 INFO:teuthology.orchestra.run.smithi073.stdout:/usr/bin/ceph: stderr
2024-04-16T13:04:04.865+0000 7feb13327700 1 Processor -- start
2024-04-16T13:04:05.665 INFO:teuthology.orchestra.run.smithi073.stdout:/usr/bin/ceph: stderr
2024-04-16T13:04:04.865+0000 7feb13327700 1 -- start start
2024-04-16T13:04:05.665 INFO:teuthology.orchestra.run.smithi073.stdout:/usr/bin/ceph: stderr
2024-04-16T13:04:04.865+0000 7feb13327700 1 --2- >> [v2:172.21.15.73:3300/0,v1:172.21.15.73:6789/0] conn(0x7feb0c101e80 0x7feb0c102290 unknown :-1 s=NONE pgs=0 cs=0 l=0 rev1=0 crypto rx=0 tx=0 comp rx=0 tx=0).connect
2024-04-16T13:04:05.666 INFO:teuthology.orchestra.run.smithi073.stdout:/usr/bin/ceph: stderr
2024-04-16T13:04:04.865+0000 7feb13327700 1 -- --> [v2:172.21.15.73:3300/0,v1:172.21.15.73:6789/0] -- mon_getmap magic: 0 v1 -- 0x7feb0c1027d0 con 0x7feb0c101e80
2024-04-16T13:04:05.666 INFO:teuthology.orchestra.run.smithi073.stdout:/usr/bin/ceph: stderr
2024-04-16T13:04:04.865+0000 7feb110c3700 1 --2- >> [v2:172.21.15.73:3300/0,v1:172.21.15.73:6789/0] conn(0x7feb0c101e80 0x7feb0c102290 unknown :-1 s=BANNER_CONNECTING pgs=0 cs=0 l=0 rev1=0 crypto rx=0 tx=0 comp rx=0 tx=0)._handle_peer_banner_payload supported=3 required=0
2024-04-16T13:04:05.666 INFO:teuthology.orchestra.run.smithi073.stdout:/usr/bin/ceph: stderr
2024-04-16T13:04:04.865+0000 7feb110c3700 1 --2- >> [v2:172.21.15.73:3300/0,v1:172.21.15.73:6789/0] conn(0x7feb0c101e80 0x7feb0c102290 unknown :-1 s=HELLO_CONNECTING pgs=0 cs=0 l=0 rev1=1 crypto rx=0 tx=0 comp rx=0 tx=0).handle_hello peer v2:172.21.15.73:3300/0 says I am v2:172.21.15.73:40008/0 (socket says 172.21.15.73:40008)
2024-04-16T13:04:05.666 INFO:teuthology.orchestra.run.smithi073.stdout:/usr/bin/ceph: stderr
2024-04-16T13:04:04.865+0000 7feb110c3700 1 -- 172.21.15.73:0/2038721508 learned_addr learned my addr 172.21.15.73:0/2038721508 (peer_addr_for_me v2:172.21.15.73:0/0)
2024-04-16T13:04:05.666 INFO:teuthology.orchestra.run.smithi073.stdout:/usr/bin/ceph: stderr
2024-04-16T13:04:04.865+0000 7feb110c3700 1 -- 172.21.15.73:0/2038721508 --> [v2:172.21.15.73:3300/0,v1:172.21.15.73:6789/0] -- mon_subscribe({config=0+,monmap=0+}) v3 -- 0x7feb0c102910 con 0x7feb0c101e80
2024-04-16T13:04:05.666 INFO:teuthology.orchestra.run.smithi073.stdout:/usr/bin/ceph: stderr
2024-04-16T13:04:04.866+0000 7feb110c3700 1 --2- 172.21.15.73:0/2038721508 >> [v2:172.21.15.73:3300/0,v1:172.21.15.73:6789/0] conn(0x7feb0c101e80 0x7feb0c102290 secure :-1 s=READY pgs=57 cs=0 l=1 rev1=1 crypto rx=0x7feb080098e0 tx=0x7feb08009250 comp rx=0 tx=0).ready entity=mon.0 client_cookie=6c87b6a7d1b47c22 server_cookie=0 in_seq=0 out_seq=0
2024-04-16T13:04:05.666 INFO:teuthology.orchestra.run.smithi073.stdout:/usr/bin/ceph: stderr
2024-04-16T13:04:04.866+0000 7feb03fff700 1 -- 172.21.15.73:0/2038721508 <== mon.0 v2:172.21.15.73:3300/0 1 ==== mon_map magic: 0 v1 ==== 229+0+0 (secure 0 0 0) 0x7feb0800b860 con 0x7feb0c101e80
2024-04-16T13:04:05.666 INFO:teuthology.orchestra.run.smithi073.stdout:/usr/bin/ceph: stderr
2024-04-16T13:04:04.866+0000 7feb03fff700 1 -- 172.21.15.73:0/2038721508 <== mon.0 v2:172.21.15.73:3300/0 2 ==== config(27 keys) v1 ==== 1109+0+0 (secure 0 0 0) 0x7feb0800be90 con 0x7feb0c101e80
2024-04-16T13:04:05.666 INFO:teuthology.orchestra.run.smithi073.stdout:/usr/bin/ceph: stderr
2024-04-16T13:04:04.866+0000 7feb03fff700 1 -- 172.21.15.73:0/2038721508 <== mon.0 v2:172.21.15.73:3300/0 3 ==== mon_map magic: 0 v1 ==== 229+0+0 (secure 0 0 0) 0x7feb080103c0 con 0x7feb0c101e80
2024-04-16T13:04:05.666 INFO:teuthology.orchestra.run.smithi073.stdout:/usr/bin/ceph: stderr
2024-04-16T13:04:04.866+0000 7feb13327700 1 -- 172.21.15.73:0/2038721508 >> [v2:172.21.15.73:3300/0,v1:172.21.15.73:6789/0] conn(0x7feb0c101e80 msgr2=0x7feb0c102290 secure :-1 s=STATE_CONNECTION_ESTABLISHED l=1).mark_down
2024-04-16T13:04:05.666 INFO:teuthology.orchestra.run.smithi073.stdout:/usr/bin/ceph: stderr
2024-04-16T13:04:04.866+0000 7feb13327700 1 --2- 172.21.15.73:0/2038721508 >> [v2:172.21.15.73:3300/0,v1:172.21.15.73:6789/0] conn(0x7feb0c101e80 0x7feb0c102290 secure :-1 s=READY pgs=57 cs=0 l=1 rev1=1 crypto rx=0x7feb080098e0 tx=0x7feb08009250 comp rx=0 tx=0).stop
2024-04-16T13:04:05.666 INFO:teuthology.orchestra.run.smithi073.stdout:/usr/bin/ceph: stderr
2024-04-16T13:04:04.866+0000 7feb13327700 1 -- 172.21.15.73:0/2038721508 shutdown_connections
2024-04-16T13:04:05.666 INFO:teuthology.orchestra.run.smithi073.stdout:/usr/bin/ceph: stderr
2024-04-16T13:04:04.866+0000 7feb13327700 1 --2- 172.21.15.73:0/2038721508 >> [v2:172.21.15.73:3300/0,v1:172.21.15.73:6789/0] conn(0x7feb0c101e80 0x7feb0c102290 unknown :-1 s=CLOSED pgs=57 cs=0 l=1 rev1=1 crypto rx=0 tx=0 comp rx=0 tx=0).stop
2024-04-16T13:04:05.667 INFO:teuthology.orchestra.run.smithi073.stdout:/usr/bin/ceph: stderr
2024-04-16T13:04:04.866+0000 7feb13327700 1 -- 172.21.15.73:0/2038721508 >> 172.21.15.73:0/2038721508 conn(0x7feb0c0fc7b0 msgr2=0x7feb0c0febc0 unknown :-1 s=STATE_NONE l=0).mark_down
2024-04-16T13:04:05.667 INFO:teuthology.orchestra.run.smithi073.stdout:/usr/bin/ceph: stderr
2024-04-16T13:04:04.866+0000 7feb13327700 1 -- 172.21.15.73:0/2038721508 shutdown_connections
2024-04-16T13:04:05.667 INFO:teuthology.orchestra.run.smithi073.stdout:/usr/bin/ceph: stderr
2024-04-16T13:04:04.866+0000 7feb13327700 1 -- 172.21.15.73:0/2038721508 wait complete.
2024-04-16T13:04:05.667 INFO:teuthology.orchestra.run.smithi073.stdout:/usr/bin/ceph: stderr
2024-04-16T13:04:04.867+0000 7feb13327700 1 Processor -- start
2024-04-16T13:04:05.667 INFO:teuthology.orchestra.run.smithi073.stdout:/usr/bin/ceph: stderr
2024-04-16T13:04:04.867+0000 7feb13327700 1 -- start start
2024-04-16T13:04:05.667 INFO:teuthology.orchestra.run.smithi073.stdout:/usr/bin/ceph: stderr
2024-04-16T13:04:04.867+0000 7feb13327700 1 --2- >> [v2:172.21.15.73:3300/0,v1:172.21.15.73:6789/0] conn(0x7feb0c101e80 0x7feb0c110660 unknown :-1 s=NONE pgs=0 cs=0 l=1 rev1=0 crypto rx=0 tx=0 comp rx=0 tx=0).connect
2024-04-16T13:04:05.667 INFO:teuthology.orchestra.run.smithi073.stdout:/usr/bin/ceph: stderr
2024-04-16T13:04:04.867+0000 7feb13327700 1 -- --> [v2:172.21.15.73:3300/0,v1:172.21.15.73:6789/0] -- mon_getmap magic: 0 v1 -- 0x7feb0c110ba0 con 0x7feb0c101e80
2024-04-16T13:04:05.667 INFO:teuthology.orchestra.run.smithi073.stdout:/usr/bin/ceph: stderr
2024-04-16T13:04:04.867+0000 7feb110c3700 1 --2- >> [v2:172.21.15.73:3300/0,v1:172.21.15.73:6789/0] conn(0x7feb0c101e80 0x7feb0c110660 unknown :-1 s=BANNER_CONNECTING pgs=0 cs=0 l=1 rev1=0 crypto rx=0 tx=0 comp rx=0 tx=0)._handle_peer_banner_payload supported=3 required=0
2024-04-16T13:04:05.667 INFO:teuthology.orchestra.run.smithi073.stdout:/usr/bin/ceph: stderr
2024-04-16T13:04:04.867+0000 7feb110c3700 1 --2- >> [v2:172.21.15.73:3300/0,v1:172.21.15.73:6789/0] conn(0x7feb0c101e80 0x7feb0c110660 unknown :-1 s=HELLO_CONNECTING pgs=0 cs=0 l=1 rev1=1 crypto rx=0 tx=0 comp rx=0 tx=0).handle_hello peer v2:172.21.15.73:3300/0 says I am v2:172.21.15.73:40012/0 (socket says 172.21.15.73:40012)
2024-04-16T13:04:05.667 INFO:teuthology.orchestra.run.smithi073.stdout:/usr/bin/ceph: stderr
2024-04-16T13:04:04.867+0000 7feb110c3700 1 -- 172.21.15.73:0/2973517704 learned_addr learned my addr 172.21.15.73:0/2973517704 (peer_addr_for_me v2:172.21.15.73:0/0)
2024-04-16T13:04:05.667 INFO:teuthology.orchestra.run.smithi073.stdout:/usr/bin/ceph: stderr
2024-04-16T13:04:04.867+0000 7feb110c3700 1 -- 172.21.15.73:0/2973517704 --> [v2:172.21.15.73:3300/0,v1:172.21.15.73:6789/0] -- mon_subscribe({config=0+,monmap=0+}) v3 -- 0x7feb080094f0 con 0x7feb0c101e80
2024-04-16T13:04:05.667 INFO:teuthology.orchestra.run.smithi073.stdout:/usr/bin/ceph: stderr
2024-04-16T13:04:04.868+0000 7feb110c3700 1 --2- 172.21.15.73:0/2973517704 >> [v2:172.21.15.73:3300/0,v1:172.21.15.73:6789/0] conn(0x7feb0c101e80 0x7feb0c110660 secure :-1 s=READY pgs=58 cs=0 l=1 rev1=1 crypto rx=0x7feb08011680 tx=0x7feb08009250 comp rx=0 tx=0).ready entity=mon.0 client_cookie=0 server_cookie=0 in_seq=0 out_seq=0
2024-04-16T13:04:05.667 INFO:teuthology.orchestra.run.smithi073.stdout:/usr/bin/ceph: stderr
2024-04-16T13:04:04.868+0000 7feb01ffb700 1 -- 172.21.15.73:0/2973517704 <== mon.0 v2:172.21.15.73:3300/0 1 ==== mon_map magic: 0 v1 ==== 229+0+0 (secure 0 0 0) 0x7feb08010890 con 0x7feb0c101e80
2024-04-16T13:04:05.667 INFO:teuthology.orchestra.run.smithi073.stdout:/usr/bin/ceph: stderr
2024-04-16T13:04:04.868+0000 7feb01ffb700 1 -- 172.21.15.73:0/2973517704 <== mon.0 v2:172.21.15.73:3300/0 2 ==== config(27 keys) v1 ==== 1109+0+0 (secure 0 0 0) 0x7feb08010ec0 con 0x7feb0c101e80
2024-04-16T13:04:05.667 INFO:teuthology.orchestra.run.smithi073.stdout:/usr/bin/ceph: stderr
2024-04-16T13:04:04.868+0000 7feb01ffb700 1 -- 172.21.15.73:0/2973517704 <== mon.0 v2:172.21.15.73:3300/0 3 ==== mon_map magic: 0 v1 ==== 229+0+0 (secure 0 0 0) 0x7feb080243f0 con 0x7feb0c101e80
2024-04-16T13:04:05.668 INFO:teuthology.orchestra.run.smithi073.stdout:/usr/bin/ceph: stderr
2024-04-16T13:04:04.868+0000 7feb13327700 1 -- 172.21.15.73:0/2973517704 --> [v2:172.21.15.73:3300/0,v1:172.21.15.73:6789/0] -- mon_subscribe({mgrmap=0+}) v3 -- 0x7feb0c110da0 con 0x7feb0c101e80
2024-04-16T13:04:05.668 INFO:teuthology.orchestra.run.smithi073.stdout:/usr/bin/ceph: stderr
2024-04-16T13:04:04.868+0000 7feb13327700 1 -- 172.21.15.73:0/2973517704 --> [v2:172.21.15.73:3300/0,v1:172.21.15.73:6789/0] -- mon_subscribe({osdmap=0}) v3 -- 0x7feb0c111910 con 0x7feb0c101e80
2024-04-16T13:04:05.668 INFO:teuthology.orchestra.run.smithi073.stdout:/usr/bin/ceph: stderr
2024-04-16T13:04:04.869+0000 7feb01ffb700 1 -- 172.21.15.73:0/2973517704 <== mon.0 v2:172.21.15.73:3300/0 4 ==== mgrmap(e 8) v1 ==== 43376+0+0 (secure 0 0 0) 0x7feb0801a8c0 con 0x7feb0c101e80
2024-04-16T13:04:05.668 INFO:teuthology.orchestra.run.smithi073.stdout:/usr/bin/ceph: stderr
2024-04-16T13:04:04.869+0000 7feb13327700 1 -- 172.21.15.73:0/2973517704 --> [v2:172.21.15.73:3300/0,v1:172.21.15.73:6789/0] -- mon_command({"prefix": "get_command_descriptions"} v 0) v1 -- 0x7feb0c111230 con 0x7feb0c101e80
2024-04-16T13:04:05.668 INFO:teuthology.orchestra.run.smithi073.stdout:/usr/bin/ceph: stderr
2024-04-16T13:04:04.869+0000 7feb01ffb700 1 --2- 172.21.15.73:0/2973517704 >> [v2:172.21.15.73:6800/1476253195,v1:172.21.15.73:6801/1476253195] conn(0x7feaf80367e0 0x7feaf8038c90 unknown :-1 s=NONE pgs=0 cs=0 l=1 rev1=0 crypto rx=0 tx=0 comp rx=0 tx=0).connect
2024-04-16T13:04:05.668 INFO:teuthology.orchestra.run.smithi073.stdout:/usr/bin/ceph: stderr
2024-04-16T13:04:04.869+0000 7feb01ffb700 1 -- 172.21.15.73:0/2973517704 <== mon.0 v2:172.21.15.73:3300/0 5 ==== osd_map(2..2 src has 1..2) v4 ==== 936+0+0 (secure 0 0 0) 0x7feb0804a1f0 con 0x7feb0c101e80
2024-04-16T13:04:05.668 INFO:teuthology.orchestra.run.smithi073.stdout:/usr/bin/ceph: stderr
2024-04-16T13:04:04.869+0000 7feb108c2700 1 --2- 172.21.15.73:0/2973517704 >> [v2:172.21.15.73:6800/1476253195,v1:172.21.15.73:6801/1476253195] conn(0x7feaf80367e0 0x7feaf8038c90 unknown :-1 s=BANNER_CONNECTING pgs=0 cs=0 l=1 rev1=0 crypto rx=0 tx=0 comp rx=0 tx=0)._handle_peer_banner_payload supported=3 required=0
2024-04-16T13:04:05.668 INFO:teuthology.orchestra.run.smithi073.stdout:/usr/bin/ceph: stderr
2024-04-16T13:04:04.869+0000 7feb108c2700 1 --2- 172.21.15.73:0/2973517704 >> [v2:172.21.15.73:6800/1476253195,v1:172.21.15.73:6801/1476253195] conn(0x7feaf80367e0 0x7feaf8038c90 secure :-1 s=READY pgs=18 cs=0 l=1 rev1=1 crypto rx=0x7feafc009990 tx=0x7feafc006e40 comp rx=0 tx=0).ready entity=mgr.14118 client_cookie=0 server_cookie=0 in_seq=0 out_seq=0
2024-04-16T13:04:05.668 INFO:teuthology.orchestra.run.smithi073.stdout:/usr/bin/ceph: stderr
2024-04-16T13:04:04.874+0000 7feb01ffb700 1 -- 172.21.15.73:0/2973517704 <== mon.0 v2:172.21.15.73:3300/0 6 ==== mon_command_ack([{"prefix": "get_command_descriptions"}]=0 v0) v1 ==== 72+0+176702 (secure 0 0 0) 0x7feb0802b8e0 con 0x7feb0c101e80
2024-04-16T13:04:05.668 INFO:teuthology.orchestra.run.smithi073.stdout:/usr/bin/ceph: stderr
2024-04-16T13:04:05.067+0000 7feb13327700 1 -- 172.21.15.73:0/2973517704 --> [v2:172.21.15.73:6800/1476253195,v1:172.21.15.73:6801/1476253195] -- mgr_command(tid 0: {"prefix": "orch apply", "service_type": "alertmanager", "target": ["mon-mgr", ""]}) v1 -- 0x7feb0c0fda10 con 0x7feaf80367e0
2024-04-16T13:04:05.668 INFO:teuthology.orchestra.run.smithi073.stdout:/usr/bin/ceph: stderr
2024-04-16T13:04:05.074+0000 7feb01ffb700 1 -- 172.21.15.73:0/2973517704 <== mgr.14118 v2:172.21.15.73:6800/1476253195 1 ==== mgr_command_reply(tid 0: 0 ) v1 ==== 8+0+33 (secure 0 0 0) 0x7feb0c0fda10 con 0x7feaf80367e0
2024-04-16T13:04:05.668 INFO:teuthology.orchestra.run.smithi073.stdout:/usr/bin/ceph: stderr
2024-04-16T13:04:05.076+0000 7feb13327700 1 -- 172.21.15.73:0/2973517704 >> [v2:172.21.15.73:6800/1476253195,v1:172.21.15.73:6801/1476253195] conn(0x7feaf80367e0 msgr2=0x7feaf8038c90 secure :-1 s=STATE_CONNECTION_ESTABLISHED l=1).mark_down
2024-04-16T13:04:05.668 INFO:teuthology.orchestra.run.smithi073.stdout:/usr/bin/ceph: stderr
2024-04-16T13:04:05.076+0000 7feb13327700 1 --2- 172.21.15.73:0/2973517704 >> [v2:172.21.15.73:6800/1476253195,v1:172.21.15.73:6801/1476253195] conn(0x7feaf80367e0 0x7feaf8038c90 secure :-1 s=READY pgs=18 cs=0 l=1 rev1=1 crypto rx=0x7feafc009990 tx=0x7feafc006e40 comp rx=0 tx=0).stop
2024-04-16T13:04:05.669 INFO:teuthology.orchestra.run.smithi073.stdout:/usr/bin/ceph: stderr
2024-04-16T13:04:05.076+0000 7feb13327700 1 -- 172.21.15.73:0/2973517704 >> [v2:172.21.15.73:3300/0,v1:172.21.15.73:6789/0] conn(0x7feb0c101e80 msgr2=0x7feb0c110660 secure :-1 s=STATE_CONNECTION_ESTABLISHED l=1).mark_down
2024-04-16T13:04:05.669 INFO:teuthology.orchestra.run.smithi073.stdout:/usr/bin/ceph: stderr
2024-04-16T13:04:05.076+0000 7feb13327700 1 --2- 172.21.15.73:0/2973517704 >> [v2:172.21.15.73:3300/0,v1:172.21.15.73:6789/0] conn(0x7feb0c101e80 0x7feb0c110660 secure :-1 s=READY pgs=58 cs=0 l=1 rev1=1 crypto rx=0x7feb08011680 tx=0x7feb08009250 comp rx=0 tx=0).stop
2024-04-16T13:04:05.669 INFO:teuthology.orchestra.run.smithi073.stdout:/usr/bin/ceph: stderr
2024-04-16T13:04:05.076+0000 7feb13327700 1 -- 172.21.15.73:0/2973517704 shutdown_connections
2024-04-16T13:04:05.669 INFO:teuthology.orchestra.run.smithi073.stdout:/usr/bin/ceph: stderr
2024-04-16T13:04:05.076+0000 7feb13327700 1 --2- 172.21.15.73:0/2973517704 >> [v2:172.21.15.73:6800/1476253195,v1:172.21.15.73:6801/1476253195] conn(0x7feaf80367e0 0x7feaf8038c90 unknown :-1 s=CLOSED pgs=18 cs=0 l=1 rev1=1 crypto rx=0 tx=0 comp rx=0 tx=0).stop
2024-04-16T13:04:05.669 INFO:teuthology.orchestra.run.smithi073.stdout:/usr/bin/ceph: stderr
2024-04-16T13:04:05.076+0000 7feb13327700 1 --2- 172.21.15.73:0/2973517704 >> [v2:172.21.15.73:3300/0,v1:172.21.15.73:6789/0] conn(0x7feb0c101e80 0x7feb0c110660 unknown :-1 s=CLOSED pgs=58 cs=0 l=1 rev1=1 crypto rx=0 tx=0 comp rx=0 tx=0).stop
2024-04-16T13:04:05.669 INFO:teuthology.orchestra.run.smithi073.stdout:/usr/bin/ceph: stderr
2024-04-16T13:04:05.076+0000 7feb13327700 1 -- 172.21.15.73:0/2973517704 >> 172.21.15.73:0/2973517704 conn(0x7feb0c0fc7b0 msgr2=0x7feb0c0fd300 unknown :-1 s=STATE_NONE l=0).mark_down
2024-04-16T13:04:05.669 INFO:teuthology.orchestra.run.smithi073.stdout:/usr/bin/ceph: stderr
2024-04-16T13:04:05.076+0000 7feb13327700 1 -- 172.21.15.73:0/2973517704 shutdown_connections
2024-04-16T13:04:05.669 INFO:teuthology.orchestra.run.smithi073.stdout:/usr/bin/ceph: stderr
2024-04-16T13:04:05.076+0000 7feb13327700 1 -- 172.21.15.73:0/2973517704 wait complete.
2024-04-16T13:04:06.262 INFO:journalctl@ceph.mon.smithi073.smithi073.stdout:Apr 16 13:04:06 smithi073 ceph-mon[29253]: from='client.14152 -' entity='client.admin' cmd=[{"prefix": "orch apply", "service_type": "alertmanager", "target": ["mon-mgr", ""]}]: dispatch
2024-04-16T13:04:06.262 INFO:journalctl@ceph.mon.smithi073.smithi073.stdout:Apr 16 13:04:06 smithi073 ceph-mon[29253]: Saving service alertmanager spec with placement count:1
2024-04-16T13:04:06.262 INFO:journalctl@ceph.mon.smithi073.smithi073.stdout:Apr 16 13:04:06 smithi073 ceph-mon[29253]: from='mgr.14118 172.21.15.73:0/2497542884' entity='mgr.smithi073.vhnkiv'
2024-04-16T13:04:06.262 INFO:journalctl@ceph.mon.smithi073.smithi073.stdout:Apr 16 13:04:06 smithi073 ceph-mon[29253]: pgmap v3: 0 pgs: ; 0 B data, 0 B used, 0 B / 0 B avail
2024-04-16T13:04:06.877 INFO:teuthology.orchestra.run.smithi073.stdout:/usr/bin/ceph: stderr
2024-04-16T13:04:06.066+0000 7f8b27750700 1 Processor -- start
2024-04-16T13:04:06.877 INFO:teuthology.orchestra.run.smithi073.stdout:/usr/bin/ceph: stderr
2024-04-16T13:04:06.066+0000 7f8b27750700 1 -- start start
2024-04-16T13:04:06.877 INFO:teuthology.orchestra.run.smithi073.stdout:/usr/bin/ceph: stderr
2024-04-16T13:04:06.067+0000 7f8b27750700 1 --2- >> [v2:172.21.15.73:3300/0,v1:172.21.15.73:6789/0] conn(0x7f8b200713b0 0x7f8b20107990 unknown :-1 s=NONE pgs=0 cs=0 l=0 rev1=0 crypto rx=0 tx=0 comp rx=0 tx=0).connect
2024-04-16T13:04:06.877 INFO:teuthology.orchestra.run.smithi073.stdout:/usr/bin/ceph: stderr
2024-04-16T13:04:06.067+0000 7f8b27750700 1 -- --> [v2:172.21.15.73:3300/0,v1:172.21.15.73:6789/0] -- mon_getmap magic: 0 v1 -- 0x7f8b200717c0 con 0x7f8b200713b0
2024-04-16T13:04:06.877 INFO:teuthology.orchestra.run.smithi073.stdout:/usr/bin/ceph: stderr
2024-04-16T13:04:06.067+0000 7f8b254ec700 1 --2- >> [v2:172.21.15.73:3300/0,v1:172.21.15.73:6789/0] conn(0x7f8b200713b0 0x7f8b20107990 unknown :-1 s=BANNER_CONNECTING pgs=0 cs=0 l=0 rev1=0 crypto rx=0 tx=0 comp rx=0 tx=0)._handle_peer_banner_payload supported=3 required=0
2024-04-16T13:04:06.878 INFO:teuthology.orchestra.run.smithi073.stdout:/usr/bin/ceph: stderr
2024-04-16T13:04:06.067+0000 7f8b254ec700 1 --2- >> [v2:172.21.15.73:3300/0,v1:172.21.15.73:6789/0] conn(0x7f8b200713b0 0x7f8b20107990 unknown :-1 s=HELLO_CONNECTING pgs=0 cs=0 l=0 rev1=1 crypto rx=0 tx=0 comp rx=0 tx=0).handle_hello peer v2:172.21.15.73:3300/0 says I am v2:172.21.15.73:40024/0 (socket says 172.21.15.73:40024)
2024-04-16T13:04:06.878 INFO:teuthology.orchestra.run.smithi073.stdout:/usr/bin/ceph: stderr
2024-04-16T13:04:06.067+0000 7f8b254ec700 1 -- 172.21.15.73:0/4042975764 learned_addr learned my addr 172.21.15.73:0/4042975764 (peer_addr_for_me v2:172.21.15.73:0/0)
2024-04-16T13:04:06.878 INFO:teuthology.orchestra.run.smithi073.stdout:/usr/bin/ceph: stderr
2024-04-16T13:04:06.067+0000 7f8b254ec700 1 -- 172.21.15.73:0/4042975764 --> [v2:172.21.15.73:3300/0,v1:172.21.15.73:6789/0] -- mon_subscribe({config=0+,monmap=0+}) v3 -- 0x7f8b20103380 con 0x7f8b200713b0
2024-04-16T13:04:06.878 INFO:teuthology.orchestra.run.smithi073.stdout:/usr/bin/ceph: stderr
2024-04-16T13:04:06.067+0000 7f8b254ec700 1 --2- 172.21.15.73:0/4042975764 >> [v2:172.21.15.73:3300/0,v1:172.21.15.73:6789/0] conn(0x7f8b200713b0 0x7f8b20107990 secure :-1 s=READY pgs=59 cs=0 l=1 rev1=1 crypto rx=0x7f8b140098e0 tx=0x7f8b14009250 comp rx=0 tx=0).ready entity=mon.0 client_cookie=fecbc443ec589a4 server_cookie=0 in_seq=0 out_seq=0
2024-04-16T13:04:06.878 INFO:teuthology.orchestra.run.smithi073.stdout:/usr/bin/ceph: stderr
2024-04-16T13:04:06.067+0000 7f8b13fff700 1 -- 172.21.15.73:0/4042975764 <== mon.0 v2:172.21.15.73:3300/0 1 ==== mon_map magic: 0 v1 ==== 229+0+0 (secure 0 0 0) 0x7f8b1400b860 con 0x7f8b200713b0
2024-04-16T13:04:06.878 INFO:teuthology.orchestra.run.smithi073.stdout:/usr/bin/ceph: stderr
2024-04-16T13:04:06.067+0000 7f8b13fff700 1 -- 172.21.15.73:0/4042975764 <== mon.0 v2:172.21.15.73:3300/0 2 ==== config(27 keys) v1 ==== 1109+0+0 (secure 0 0 0) 0x7f8b1400be90 con 0x7f8b200713b0
2024-04-16T13:04:06.878 INFO:teuthology.orchestra.run.smithi073.stdout:/usr/bin/ceph: stderr
2024-04-16T13:04:06.067+0000 7f8b13fff700 1 -- 172.21.15.73:0/4042975764 <== mon.0 v2:172.21.15.73:3300/0 3 ==== mon_map magic: 0 v1 ==== 229+0+0 (secure 0 0 0) 0x7f8b140103c0 con 0x7f8b200713b0
2024-04-16T13:04:06.878 INFO:teuthology.orchestra.run.smithi073.stdout:/usr/bin/ceph: stderr
2024-04-16T13:04:06.068+0000 7f8b27750700 1 -- 172.21.15.73:0/4042975764 >> [v2:172.21.15.73:3300/0,v1:172.21.15.73:6789/0] conn(0x7f8b200713b0 msgr2=0x7f8b20107990 secure :-1 s=STATE_CONNECTION_ESTABLISHED l=1).mark_down
2024-04-16T13:04:06.878 INFO:teuthology.orchestra.run.smithi073.stdout:/usr/bin/ceph: stderr
2024-04-16T13:04:06.068+0000 7f8b27750700 1 --2- 172.21.15.73:0/4042975764 >> [v2:172.21.15.73:3300/0,v1:172.21.15.73:6789/0] conn(0x7f8b200713b0 0x7f8b20107990 secure :-1 s=READY pgs=59 cs=0 l=1 rev1=1 crypto rx=0x7f8b140098e0 tx=0x7f8b14009250 comp rx=0 tx=0).stop
2024-04-16T13:04:06.878 INFO:teuthology.orchestra.run.smithi073.stdout:/usr/bin/ceph: stderr
2024-04-16T13:04:06.068+0000 7f8b27750700 1 -- 172.21.15.73:0/4042975764 shutdown_connections
2024-04-16T13:04:06.878 INFO:teuthology.orchestra.run.smithi073.stdout:/usr/bin/ceph: stderr
2024-04-16T13:04:06.068+0000 7f8b27750700 1 --2- 172.21.15.73:0/4042975764 >> [v2:172.21.15.73:3300/0,v1:172.21.15.73:6789/0] conn(0x7f8b200713b0 0x7f8b20107990 unknown :-1 s=CLOSED pgs=59 cs=0 l=1 rev1=1 crypto rx=0 tx=0 comp rx=0 tx=0).stop
2024-04-16T13:04:06.878 INFO:teuthology.orchestra.run.smithi073.stdout:/usr/bin/ceph: stderr
2024-04-16T13:04:06.068+0000 7f8b27750700 1 -- 172.21.15.73:0/4042975764 >> 172.21.15.73:0/4042975764 conn(0x7f8b200fcfa0 msgr2=0x7f8b200ff3f0 unknown :-1 s=STATE_NONE l=0).mark_down
2024-04-16T13:04:06.878 INFO:teuthology.orchestra.run.smithi073.stdout:/usr/bin/ceph: stderr
2024-04-16T13:04:06.068+0000 7f8b27750700 1 -- 172.21.15.73:0/4042975764 shutdown_connections
2024-04-16T13:04:06.878 INFO:teuthology.orchestra.run.smithi073.stdout:/usr/bin/ceph: stderr
2024-04-16T13:04:06.068+0000 7f8b27750700 1 -- 172.21.15.73:0/4042975764 wait complete.
2024-04-16T13:04:06.879 INFO:teuthology.orchestra.run.smithi073.stdout:/usr/bin/ceph: stderr
2024-04-16T13:04:06.069+0000 7f8b27750700 1 Processor -- start
2024-04-16T13:04:06.879 INFO:teuthology.orchestra.run.smithi073.stdout:/usr/bin/ceph: stderr
2024-04-16T13:04:06.069+0000 7f8b27750700 1 -- start start
2024-04-16T13:04:06.879 INFO:teuthology.orchestra.run.smithi073.stdout:/usr/bin/ceph: stderr
2024-04-16T13:04:06.069+0000 7f8b27750700 1 --2- >> [v2:172.21.15.73:3300/0,v1:172.21.15.73:6789/0] conn(0x7f8b200713b0 0x7f8b20113950 unknown :-1 s=NONE pgs=0 cs=0 l=1 rev1=0 crypto rx=0 tx=0 comp rx=0 tx=0).connect
2024-04-16T13:04:06.879 INFO:teuthology.orchestra.run.smithi073.stdout:/usr/bin/ceph: stderr
2024-04-16T13:04:06.069+0000 7f8b27750700 1 -- --> [v2:172.21.15.73:3300/0,v1:172.21.15.73:6789/0] -- mon_getmap magic: 0 v1 -- 0x7f8b20113e90 con 0x7f8b200713b0
2024-04-16T13:04:06.879 INFO:teuthology.orchestra.run.smithi073.stdout:/usr/bin/ceph: stderr
2024-04-16T13:04:06.069+0000 7f8b254ec700 1 --2- >> [v2:172.21.15.73:3300/0,v1:172.21.15.73:6789/0] conn(0x7f8b200713b0 0x7f8b20113950 unknown :-1 s=BANNER_CONNECTING pgs=0 cs=0 l=1 rev1=0 crypto rx=0 tx=0 comp rx=0 tx=0)._handle_peer_banner_payload supported=3 required=0
2024-04-16T13:04:06.879 INFO:teuthology.orchestra.run.smithi073.stdout:/usr/bin/ceph: stderr
2024-04-16T13:04:06.069+0000 7f8b254ec700 1 --2- >> [v2:172.21.15.73:3300/0,v1:172.21.15.73:6789/0] conn(0x7f8b200713b0 0x7f8b20113950 unknown :-1 s=HELLO_CONNECTING pgs=0 cs=0 l=1 rev1=1 crypto rx=0 tx=0 comp rx=0 tx=0).handle_hello peer v2:172.21.15.73:3300/0 says I am v2:172.21.15.73:40038/0 (socket says 172.21.15.73:40038)
2024-04-16T13:04:06.879 INFO:teuthology.orchestra.run.smithi073.stdout:/usr/bin/ceph: stderr
2024-04-16T13:04:06.069+0000 7f8b254ec700 1 -- 172.21.15.73:0/3161680214 learned_addr learned my addr 172.21.15.73:0/3161680214 (peer_addr_for_me v2:172.21.15.73:0/0)
2024-04-16T13:04:06.879 INFO:teuthology.orchestra.run.smithi073.stdout:/usr/bin/ceph: stderr
2024-04-16T13:04:06.069+0000 7f8b254ec700 1 -- 172.21.15.73:0/3161680214 --> [v2:172.21.15.73:3300/0,v1:172.21.15.73:6789/0] -- mon_subscribe({config=0+,monmap=0+}) v3 -- 0x7f8b140094f0 con 0x7f8b200713b0
2024-04-16T13:04:06.879 INFO:teuthology.orchestra.run.smithi073.stdout:/usr/bin/ceph: stderr
2024-04-16T13:04:06.069+0000 7f8b254ec700 1 --2- 172.21.15.73:0/3161680214 >> [v2:172.21.15.73:3300/0,v1:172.21.15.73:6789/0] conn(0x7f8b200713b0 0x7f8b20113950 secure :-1 s=READY pgs=60 cs=0 l=1 rev1=1 crypto rx=0x7f8b140094c0 tx=0x7f8b14009250 comp rx=0 tx=0).ready entity=mon.0 client_cookie=0 server_cookie=0 in_seq=0 out_seq=0
2024-04-16T13:04:06.879 INFO:teuthology.orchestra.run.smithi073.stdout:/usr/bin/ceph: stderr
2024-04-16T13:04:06.069+0000 7f8b11ffb700 1 -- 172.21.15.73:0/3161680214 <== mon.0 v2:172.21.15.73:3300/0 1 ==== mon_map magic: 0 v1 ==== 229+0+0 (secure 0 0 0) 0x7f8b14010890 con 0x7f8b200713b0
2024-04-16T13:04:06.879 INFO:teuthology.orchestra.run.smithi073.stdout:/usr/bin/ceph: stderr
2024-04-16T13:04:06.069+0000 7f8b11ffb700 1 -- 172.21.15.73:0/3161680214 <== mon.0 v2:172.21.15.73:3300/0 2 ==== config(27 keys) v1 ==== 1109+0+0 (secure 0 0 0) 0x7f8b14010ec0 con 0x7f8b200713b0
2024-04-16T13:04:06.879 INFO:teuthology.orchestra.run.smithi073.stdout:/usr/bin/ceph: stderr
2024-04-16T13:04:06.069+0000 7f8b27750700 1 -- 172.21.15.73:0/3161680214 --> [v2:172.21.15.73:3300/0,v1:172.21.15.73:6789/0] -- mon_subscribe({mgrmap=0+}) v3 -- 0x7f8b201140f0 con 0x7f8b200713b0
2024-04-16T13:04:06.879 INFO:teuthology.orchestra.run.smithi073.stdout:/usr/bin/ceph: stderr
2024-04-16T13:04:06.069+0000 7f8b11ffb700 1 -- 172.21.15.73:0/3161680214 <== mon.0 v2:172.21.15.73:3300/0 3 ==== mon_map magic: 0 v1 ==== 229+0+0 (secure 0 0 0) 0x7f8b1401aea0 con 0x7f8b200713b0
2024-04-16T13:04:06.879 INFO:teuthology.orchestra.run.smithi073.stdout:/usr/bin/ceph: stderr
2024-04-16T13:04:06.070+0000 7f8b27750700 1 -- 172.21.15.73:0/3161680214 --> [v2:172.21.15.73:3300/0,v1:172.21.15.73:6789/0] -- mon_subscribe({osdmap=0}) v3 -- 0x7f8b20114c00 con 0x7f8b200713b0
2024-04-16T13:04:06.879 INFO:teuthology.orchestra.run.smithi073.stdout:/usr/bin/ceph: stderr
2024-04-16T13:04:06.071+0000 7f8b11ffb700 1 -- 172.21.15.73:0/3161680214 <== mon.0 v2:172.21.15.73:3300/0 4 ==== mgrmap(e 8) v1 ==== 43376+0+0 (secure 0 0 0) 0x7f8b1402d3f0 con 0x7f8b200713b0
2024-04-16T13:04:06.879 INFO:teuthology.orchestra.run.smithi073.stdout:/usr/bin/ceph: stderr
2024-04-16T13:04:06.071+0000 7f8b27750700 1 -- 172.21.15.73:0/3161680214 --> [v2:172.21.15.73:3300/0,v1:172.21.15.73:6789/0] -- mon_command({"prefix": "get_command_descriptions"} v 0) v1 -- 0x7f8b2005f5f0 con 0x7f8b200713b0
2024-04-16T13:04:06.880 INFO:teuthology.orchestra.run.smithi073.stdout:/usr/bin/ceph: stderr
2024-04-16T13:04:06.071+0000 7f8b11ffb700 1 --2- 172.21.15.73:0/3161680214 >> [v2:172.21.15.73:6800/1476253195,v1:172.21.15.73:6801/1476253195] conn(0x7f8b0c0367e0 0x7f8b0c038c90 unknown :-1 s=NONE pgs=0 cs=0 l=1 rev1=0 crypto rx=0 tx=0 comp rx=0 tx=0).connect
2024-04-16T13:04:06.880 INFO:teuthology.orchestra.run.smithi073.stdout:/usr/bin/ceph: stderr
2024-04-16T13:04:06.071+0000 7f8b11ffb700 1 -- 172.21.15.73:0/3161680214 <== mon.0 v2:172.21.15.73:3300/0 5 ==== osd_map(2..2 src has 1..2) v4 ==== 936+0+0 (secure 0 0 0) 0x7f8b1404a310 con 0x7f8b200713b0
2024-04-16T13:04:06.880 INFO:teuthology.orchestra.run.smithi073.stdout:/usr/bin/ceph: stderr
2024-04-16T13:04:06.071+0000 7f8b24ceb700 1 --2- 172.21.15.73:0/3161680214 >> [v2:172.21.15.73:6800/1476253195,v1:172.21.15.73:6801/1476253195] conn(0x7f8b0c0367e0 0x7f8b0c038c90 unknown :-1 s=BANNER_CONNECTING pgs=0 cs=0 l=1 rev1=0 crypto rx=0 tx=0 comp rx=0 tx=0)._handle_peer_banner_payload supported=3 required=0
2024-04-16T13:04:06.880 INFO:teuthology.orchestra.run.smithi073.stdout:/usr/bin/ceph: stderr
2024-04-16T13:04:06.071+0000 7f8b24ceb700 1 --2- 172.21.15.73:0/3161680214 >> [v2:172.21.15.73:6800/1476253195,v1:172.21.15.73:6801/1476253195] conn(0x7f8b0c0367e0 0x7f8b0c038c90 secure :-1 s=READY pgs=19 cs=0 l=1 rev1=1 crypto rx=0x7f8b1c009990 tx=0x7f8b1c006e40 comp rx=0 tx=0).ready entity=mgr.14118 client_cookie=0 server_cookie=0 in_seq=0 out_seq=0
2024-04-16T13:04:06.880 INFO:teuthology.orchestra.run.smithi073.stdout:/usr/bin/ceph: stderr
2024-04-16T13:04:06.076+0000 7f8b11ffb700 1 -- 172.21.15.73:0/3161680214 <== mon.0 v2:172.21.15.73:3300/0 6 ==== mon_command_ack([{"prefix": "get_command_descriptions"}]=0 v0) v1 ==== 72+0+176702 (secure 0 0 0) 0x7f8b14018b00 con 0x7f8b200713b0
2024-04-16T13:04:06.880 INFO:teuthology.orchestra.run.smithi073.stdout:/usr/bin/ceph: stderr
2024-04-16T13:04:06.260+0000 7f8b27750700 1 -- 172.21.15.73:0/3161680214 --> [v2:172.21.15.73:3300/0,v1:172.21.15.73:6789/0] -- mon_command([{prefix=config set, name=mgr/cephadm/container_init}] v 0) v1 -- 0x7f8b2004bed0 con 0x7f8b200713b0
2024-04-16T13:04:06.880 INFO:teuthology.orchestra.run.smithi073.stdout:/usr/bin/ceph: stderr
2024-04-16T13:04:06.266+0000 7f8b11ffb700 1 -- 172.21.15.73:0/3161680214 <== mon.0 v2:172.21.15.73:3300/0 7 ==== mon_command_ack([{prefix=config set, name=mgr/cephadm/container_init}]=0 v7)=0 v7) v1 ==== 142+0+0 (secure 0 0 0) 0x7f8b14018b00 con 0x7f8b200713b0
2024-04-16T13:04:06.880 INFO:teuthology.orchestra.run.smithi073.stdout:/usr/bin/ceph: stderr
2024-04-16T13:04:06.268+0000 7f8b27750700 1 -- 172.21.15.73:0/3161680214 >> [v2:172.21.15.73:6800/1476253195,v1:172.21.15.73:6801/1476253195] conn(0x7f8b0c0367e0 msgr2=0x7f8b0c038c90 secure :-1 s=STATE_CONNECTION_ESTABLISHED l=1).mark_down
2024-04-16T13:04:06.880 INFO:teuthology.orchestra.run.smithi073.stdout:/usr/bin/ceph: stderr
2024-04-16T13:04:06.268+0000 7f8b27750700 1 --2- 172.21.15.73:0/3161680214 >> [v2:172.21.15.73:6800/1476253195,v1:172.21.15.73:6801/1476253195] conn(0x7f8b0c0367e0 0x7f8b0c038c90 secure :-1 s=READY pgs=19 cs=0 l=1 rev1=1 crypto rx=0x7f8b1c009990 tx=0x7f8b1c006e40 comp rx=0 tx=0).stop
2024-04-16T13:04:06.880 INFO:teuthology.orchestra.run.smithi073.stdout:/usr/bin/ceph: stderr
2024-04-16T13:04:06.268+0000 7f8b27750700 1 -- 172.21.15.73:0/3161680214 >> [v2:172.21.15.73:3300/0,v1:172.21.15.73:6789/0] conn(0x7f8b200713b0 msgr2=0x7f8b20113950 secure :-1 s=STATE_CONNECTION_ESTABLISHED l=1).mark_down
2024-04-16T13:04:06.880 INFO:teuthology.orchestra.run.smithi073.stdout:/usr/bin/ceph: stderr
2024-04-16T13:04:06.268+0000 7f8b27750700 1 --2- 172.21.15.73:0/3161680214 >> [v2:172.21.15.73:3300/0,v1:172.21.15.73:6789/0] conn(0x7f8b200713b0 0x7f8b20113950 secure :-1 s=READY pgs=60 cs=0 l=1 rev1=1 crypto rx=0x7f8b140094c0 tx=0x7f8b14009250 comp rx=0 tx=0).stop
2024-04-16T13:04:06.880 INFO:teuthology.orchestra.run.smithi073.stdout:/usr/bin/ceph: stderr
2024-04-16T13:04:06.268+0000 7f8b27750700 1 -- 172.21.15.73:0/3161680214 shutdown_connections
2024-04-16T13:04:06.880 INFO:teuthology.orchestra.run.smithi073.stdout:/usr/bin/ceph: stderr
2024-04-16T13:04:06.268+0000 7f8b27750700 1 --2- 172.21.15.73:0/3161680214 >> [v2:172.21.15.73:6800/1476253195,v1:172.21.15.73:6801/1476253195] conn(0x7f8b0c0367e0 0x7f8b0c038c90 unknown :-1 s=CLOSED pgs=19 cs=0 l=1 rev1=1 crypto rx=0 tx=0 comp rx=0 tx=0).stop
2024-04-16T13:04:06.880 INFO:teuthology.orchestra.run.smithi073.stdout:/usr/bin/ceph: stderr
