2024-04-16T13:03:39.768+0000 7f117bfff700 1 --2- >> [v2:172.21.15.73:3300/0,v1:172.21.15.73:6789/0] conn(0x7f117c100cd0 0x7f117c111940 unknown :-1 s=HELLO_CONNECTING pgs=0 cs=0 l=1 rev1=1 crypto rx=0 tx=0 comp rx=0 tx=0).handle_hello peer v2:172.21.15.73:3300/0 says I am v2:172.21.15.73:55550/0 (socket says 172.21.15.73:55550)
2024-04-16T13:03:40.602 INFO:teuthology.orchestra.run.smithi073.stdout:/usr/bin/ceph: stderr
2024-04-16T13:03:39.768+0000 7f117bfff700 1 -- 172.21.15.73:0/2941092157 learned_addr learned my addr 172.21.15.73:0/2941092157 (peer_addr_for_me v2:172.21.15.73:0/0)
2024-04-16T13:03:40.602 INFO:teuthology.orchestra.run.smithi073.stdout:/usr/bin/ceph: stderr
2024-04-16T13:03:39.768+0000 7f117bfff700 1 -- 172.21.15.73:0/2941092157 --> [v2:172.21.15.73:3300/0,v1:172.21.15.73:6789/0] -- mon_subscribe({config=0+,monmap=0+}) v3 -- 0x7f116c0094f0 con 0x7f117c100cd0
2024-04-16T13:03:40.603 INFO:teuthology.orchestra.run.smithi073.stdout:/usr/bin/ceph: stderr
2024-04-16T13:03:39.768+0000 7f117bfff700 1 --2- 172.21.15.73:0/2941092157 >> [v2:172.21.15.73:3300/0,v1:172.21.15.73:6789/0] conn(0x7f117c100cd0 0x7f117c111940 secure :-1 s=READY pgs=25 cs=0 l=1 rev1=1 crypto rx=0x7f116c000c00 tx=0x7f116c009250 comp rx=0 tx=0).ready entity=mon.0 client_cookie=0 server_cookie=0 in_seq=0 out_seq=0
2024-04-16T13:03:40.603 INFO:teuthology.orchestra.run.smithi073.stdout:/usr/bin/ceph: stderr
2024-04-16T13:03:39.768+0000 7f11797fa700 1 -- 172.21.15.73:0/2941092157 <== mon.0 v2:172.21.15.73:3300/0 1 ==== mon_map magic: 0 v1 ==== 229+0+0 (secure 0 0 0) 0x7f116c0107c0 con 0x7f117c100cd0
2024-04-16T13:03:40.603 INFO:teuthology.orchestra.run.smithi073.stdout:/usr/bin/ceph: stderr
2024-04-16T13:03:39.768+0000 7f11797fa700 1 -- 172.21.15.73:0/2941092157 <== mon.0 v2:172.21.15.73:3300/0 2 ==== config(27 keys) v1 ==== 1044+0+0 (secure 0 0 0) 0x7f116c010db0 con 0x7f117c100cd0
2024-04-16T13:03:40.603 INFO:teuthology.orchestra.run.smithi073.stdout:/usr/bin/ceph: stderr
2024-04-16T13:03:39.768+0000 7f118261d700 1 -- 172.21.15.73:0/2941092157 --> [v2:172.21.15.73:3300/0,v1:172.21.15.73:6789/0] -- mon_subscribe({mgrmap=0+}) v3 -- 0x7f117c112080 con 0x7f117c100cd0
2024-04-16T13:03:40.603 INFO:teuthology.orchestra.run.smithi073.stdout:/usr/bin/ceph: stderr
2024-04-16T13:03:39.769+0000 7f118261d700 1 -- 172.21.15.73:0/2941092157 --> [v2:172.21.15.73:3300/0,v1:172.21.15.73:6789/0] -- mon_subscribe({osdmap=0}) v3 -- 0x7f117c112bf0 con 0x7f117c100cd0
2024-04-16T13:03:40.603 INFO:teuthology.orchestra.run.smithi073.stdout:/usr/bin/ceph: stderr
2024-04-16T13:03:39.769+0000 7f11797fa700 1 -- 172.21.15.73:0/2941092157 <== mon.0 v2:172.21.15.73:3300/0 3 ==== mon_map magic: 0 v1 ==== 229+0+0 (secure 0 0 0) 0x7f116c01ad00 con 0x7f117c100cd0
2024-04-16T13:03:40.603 INFO:teuthology.orchestra.run.smithi073.stdout:/usr/bin/ceph: stderr
2024-04-16T13:03:39.769+0000 7f11797fa700 1 -- 172.21.15.73:0/2941092157 <== mon.0 v2:172.21.15.73:3300/0 4 ==== mgrmap(e 5) v1 ==== 43376+0+0 (secure 0 0 0) 0x7f116c0193c0 con 0x7f117c100cd0
2024-04-16T13:03:40.603 INFO:teuthology.orchestra.run.smithi073.stdout:/usr/bin/ceph: stderr
2024-04-16T13:03:39.769+0000 7f118261d700 1 -- 172.21.15.73:0/2941092157 --> [v2:172.21.15.73:3300/0,v1:172.21.15.73:6789/0] -- mon_command({"prefix": "get_command_descriptions"} v 0) v1 -- 0x7f115c0052e0 con 0x7f117c100cd0
2024-04-16T13:03:40.603 INFO:teuthology.orchestra.run.smithi073.stdout:/usr/bin/ceph: stderr
2024-04-16T13:03:39.770+0000 7f11797fa700 1 --2- 172.21.15.73:0/2941092157 >> [v2:172.21.15.73:6800/1545760181,v1:172.21.15.73:6801/1545760181] conn(0x7f11680367e0 0x7f1168038c90 unknown :-1 s=NONE pgs=0 cs=0 l=1 rev1=0 crypto rx=0 tx=0 comp rx=0 tx=0).connect
2024-04-16T13:03:40.603 INFO:teuthology.orchestra.run.smithi073.stdout:/usr/bin/ceph: stderr
2024-04-16T13:03:39.770+0000 7f11797fa700 1 -- 172.21.15.73:0/2941092157 <== mon.0 v2:172.21.15.73:3300/0 5 ==== osd_map(1..1 src has 1..1) v4 ==== 721+0+0 (secure 0 0 0) 0x7f116c04a5e0 con 0x7f117c100cd0
2024-04-16T13:03:40.603 INFO:teuthology.orchestra.run.smithi073.stdout:/usr/bin/ceph: stderr
2024-04-16T13:03:39.770+0000 7f1173fff700 1 -- 172.21.15.73:0/2941092157 >> [v2:172.21.15.73:6800/1545760181,v1:172.21.15.73:6801/1545760181] conn(0x7f11680367e0 msgr2=0x7f1168038c90 unknown :-1 s=STATE_CONNECTING_RE l=1).process reconnect failed to v2:172.21.15.73:6800/1545760181
2024-04-16T13:03:40.603 INFO:teuthology.orchestra.run.smithi073.stdout:/usr/bin/ceph: stderr
2024-04-16T13:03:39.770+0000 7f1173fff700 1 --2- 172.21.15.73:0/2941092157 >> [v2:172.21.15.73:6800/1545760181,v1:172.21.15.73:6801/1545760181] conn(0x7f11680367e0 0x7f1168038c90 unknown :-1 s=START_CONNECT pgs=0 cs=0 l=1 rev1=0 crypto rx=0 tx=0 comp rx=0 tx=0)._fault waiting 0.200000
2024-04-16T13:03:40.603 INFO:teuthology.orchestra.run.smithi073.stdout:/usr/bin/ceph: stderr
2024-04-16T13:03:39.774+0000 7f11797fa700 1 -- 172.21.15.73:0/2941092157 <== mon.0 v2:172.21.15.73:3300/0 6 ==== mon_command_ack([{"prefix": "get_command_descriptions"}]=0 v0) v1 ==== 72+0+176702 (secure 0 0 0) 0x7f116c022930 con 0x7f117c100cd0
2024-04-16T13:03:40.604 INFO:teuthology.orchestra.run.smithi073.stdout:/usr/bin/ceph: stderr
2024-04-16T13:03:39.971+0000 7f1173fff700 1 -- 172.21.15.73:0/2941092157 >> [v2:172.21.15.73:6800/1545760181,v1:172.21.15.73:6801/1545760181] conn(0x7f11680367e0 msgr2=0x7f1168038c90 unknown :-1 s=STATE_CONNECTING_RE l=1).process reconnect failed to v2:172.21.15.73:6800/1545760181
2024-04-16T13:03:40.604 INFO:teuthology.orchestra.run.smithi073.stdout:/usr/bin/ceph: stderr
2024-04-16T13:03:39.971+0000 7f1173fff700 1 --2- 172.21.15.73:0/2941092157 >> [v2:172.21.15.73:6800/1545760181,v1:172.21.15.73:6801/1545760181] conn(0x7f11680367e0 0x7f1168038c90 unknown :-1 s=START_CONNECT pgs=0 cs=0 l=1 rev1=0 crypto rx=0 tx=0 comp rx=0 tx=0)._fault waiting 0.400000
2024-04-16T13:03:40.604 INFO:teuthology.orchestra.run.smithi073.stdout:/usr/bin/ceph: stderr
2024-04-16T13:03:40.024+0000 7f118261d700 1 -- 172.21.15.73:0/2941092157 --> [v2:172.21.15.73:3300/0,v1:172.21.15.73:6789/0] -- mon_command({"prefix": "mgr stat"} v 0) v1 -- 0x7f115c005da0 con 0x7f117c100cd0
2024-04-16T13:03:40.604 INFO:teuthology.orchestra.run.smithi073.stdout:/usr/bin/ceph: stderr
2024-04-16T13:03:40.025+0000 7f11797fa700 1 -- 172.21.15.73:0/2941092157 <== mon.0 v2:172.21.15.73:3300/0 7 ==== mon_command_ack([{"prefix": "mgr stat"}]=0 v5) v1 ==== 56+0+103 (secure 0 0 0) 0x7f116c022340 con 0x7f117c100cd0
2024-04-16T13:03:40.604 INFO:teuthology.orchestra.run.smithi073.stdout:/usr/bin/ceph: stderr
2024-04-16T13:03:40.027+0000 7f118261d700 1 -- 172.21.15.73:0/2941092157 >> [v2:172.21.15.73:6800/1545760181,v1:172.21.15.73:6801/1545760181] conn(0x7f11680367e0 msgr2=0x7f1168038c90 unknown :-1 s=STATE_CONNECTING l=1).mark_down
2024-04-16T13:03:40.604 INFO:teuthology.orchestra.run.smithi073.stdout:/usr/bin/ceph: stderr
2024-04-16T13:03:40.027+0000 7f118261d700 1 --2- 172.21.15.73:0/2941092157 >> [v2:172.21.15.73:6800/1545760181,v1:172.21.15.73:6801/1545760181] conn(0x7f11680367e0 0x7f1168038c90 unknown :-1 s=START_CONNECT pgs=0 cs=0 l=1 rev1=0 crypto rx=0 tx=0 comp rx=0 tx=0).stop
2024-04-16T13:03:40.604 INFO:teuthology.orchestra.run.smithi073.stdout:/usr/bin/ceph: stderr
2024-04-16T13:03:40.027+0000 7f118261d700 1 -- 172.21.15.73:0/2941092157 >> [v2:172.21.15.73:3300/0,v1:172.21.15.73:6789/0] conn(0x7f117c100cd0 msgr2=0x7f117c111940 secure :-1 s=STATE_CONNECTION_ESTABLISHED l=1).mark_down
2024-04-16T13:03:40.604 INFO:teuthology.orchestra.run.smithi073.stdout:/usr/bin/ceph: stderr
2024-04-16T13:03:40.027+0000 7f118261d700 1 --2- 172.21.15.73:0/2941092157 >> [v2:172.21.15.73:3300/0,v1:172.21.15.73:6789/0] conn(0x7f117c100cd0 0x7f117c111940 secure :-1 s=READY pgs=25 cs=0 l=1 rev1=1 crypto rx=0x7f116c000c00 tx=0x7f116c009250 comp rx=0 tx=0).stop
2024-04-16T13:03:40.604 INFO:teuthology.orchestra.run.smithi073.stdout:/usr/bin/ceph: stderr
2024-04-16T13:03:40.027+0000 7f118261d700 1 -- 172.21.15.73:0/2941092157 shutdown_connections
2024-04-16T13:03:40.604 INFO:teuthology.orchestra.run.smithi073.stdout:/usr/bin/ceph: stderr
2024-04-16T13:03:40.027+0000 7f118261d700 1 --2- 172.21.15.73:0/2941092157 >> [v2:172.21.15.73:6800/1545760181,v1:172.21.15.73:6801/1545760181] conn(0x7f11680367e0 0x7f1168038c90 unknown :-1 s=CLOSED pgs=0 cs=0 l=1 rev1=0 crypto rx=0 tx=0 comp rx=0 tx=0).stop
2024-04-16T13:03:40.604 INFO:teuthology.orchestra.run.smithi073.stdout:/usr/bin/ceph: stderr
2024-04-16T13:03:40.027+0000 7f118261d700 1 --2- 172.21.15.73:0/2941092157 >> [v2:172.21.15.73:3300/0,v1:172.21.15.73:6789/0] conn(0x7f117c100cd0 0x7f117c111940 unknown :-1 s=CLOSED pgs=25 cs=0 l=1 rev1=1 crypto rx=0 tx=0 comp rx=0 tx=0).stop
2024-04-16T13:03:40.604 INFO:teuthology.orchestra.run.smithi073.stdout:/usr/bin/ceph: stderr
2024-04-16T13:03:40.027+0000 7f118261d700 1 -- 172.21.15.73:0/2941092157 >> 172.21.15.73:0/2941092157 conn(0x7f117c0fc7f0 msgr2=0x7f117c0fd2f0 unknown :-1 s=STATE_NONE l=0).mark_down
2024-04-16T13:03:40.605 INFO:teuthology.orchestra.run.smithi073.stdout:/usr/bin/ceph: stderr
2024-04-16T13:03:40.027+0000 7f118261d700 1 -- 172.21.15.73:0/2941092157 shutdown_connections
2024-04-16T13:03:40.605 INFO:teuthology.orchestra.run.smithi073.stdout:/usr/bin/ceph: stderr
2024-04-16T13:03:40.027+0000 7f118261d700 1 -- 172.21.15.73:0/2941092157 wait complete.
2024-04-16T13:03:40.605 INFO:teuthology.orchestra.run.smithi073.stdout:Waiting for the mgr to restart...
2024-04-16T13:03:40.605 INFO:teuthology.orchestra.run.smithi073.stdout:Waiting for mgr epoch 5...
2024-04-16T13:03:40.856 INFO:journalctl@ceph.mon.smithi073.smithi073.stdout:Apr 16 13:03:40 smithi073 ceph-mon[29253]: from='client.? 172.21.15.73:0/2941092157' entity='client.admin' cmd=[{"prefix": "mgr stat"}]: dispatch
2024-04-16T13:03:45.381 INFO:journalctl@ceph.mon.smithi073.smithi073.stdout:Apr 16 13:03:45 smithi073 ceph-mon[29253]: Active manager daemon smithi073.vhnkiv restarted
2024-04-16T13:03:45.381 INFO:journalctl@ceph.mon.smithi073.smithi073.stdout:Apr 16 13:03:45 smithi073 ceph-mon[29253]: Activating manager daemon smithi073.vhnkiv
2024-04-16T13:03:45.382 INFO:journalctl@ceph.mon.smithi073.smithi073.stdout:Apr 16 13:03:45 smithi073 ceph-mon[29253]: osdmap e2: 0 total, 0 up, 0 in
2024-04-16T13:03:45.382 INFO:journalctl@ceph.mon.smithi073.smithi073.stdout:Apr 16 13:03:45 smithi073 ceph-mon[29253]: mgrmap e6: smithi073.vhnkiv(active, starting, since 0.00320007s)
2024-04-16T13:03:45.382 INFO:journalctl@ceph.mon.smithi073.smithi073.stdout:Apr 16 13:03:45 smithi073 ceph-mon[29253]: from='mgr.14118 172.21.15.73:0/2497542884' entity='mgr.smithi073.vhnkiv' cmd=[{"prefix": "mon metadata", "id": "smithi073"}]: dispatch
2024-04-16T13:03:45.382 INFO:journalctl@ceph.mon.smithi073.smithi073.stdout:Apr 16 13:03:45 smithi073 ceph-mon[29253]: from='mgr.14118 172.21.15.73:0/2497542884' entity='mgr.smithi073.vhnkiv' cmd=[{"prefix": "mgr metadata", "who": "smithi073.vhnkiv", "id": "smithi073.vhnkiv"}]: dispatch
2024-04-16T13:03:45.382 INFO:journalctl@ceph.mon.smithi073.smithi073.stdout:Apr 16 13:03:45 smithi073 ceph-mon[29253]: from='mgr.14118 172.21.15.73:0/2497542884' entity='mgr.smithi073.vhnkiv' cmd=[{"prefix": "mds metadata"}]: dispatch
2024-04-16T13:03:45.382 INFO:journalctl@ceph.mon.smithi073.smithi073.stdout:Apr 16 13:03:45 smithi073 ceph-mon[29253]: from='mgr.14118 172.21.15.73:0/2497542884' entity='mgr.smithi073.vhnkiv' cmd=[{"prefix": "osd metadata"}]: dispatch
2024-04-16T13:03:45.382 INFO:journalctl@ceph.mon.smithi073.smithi073.stdout:Apr 16 13:03:45 smithi073 ceph-mon[29253]: from='mgr.14118 172.21.15.73:0/2497542884' entity='mgr.smithi073.vhnkiv' cmd=[{"prefix": "mon metadata"}]: dispatch
2024-04-16T13:03:45.382 INFO:journalctl@ceph.mon.smithi073.smithi073.stdout:Apr 16 13:03:45 smithi073 ceph-mon[29253]: Manager daemon smithi073.vhnkiv is now available
2024-04-16T13:03:45.382 INFO:journalctl@ceph.mon.smithi073.smithi073.stdout:Apr 16 13:03:45 smithi073 ceph-mon[29253]: from='mgr.14118 172.21.15.73:0/2497542884' entity='mgr.smithi073.vhnkiv'
2024-04-16T13:03:45.382 INFO:journalctl@ceph.mon.smithi073.smithi073.stdout:Apr 16 13:03:45 smithi073 ceph-mon[29253]: from='mgr.14118 172.21.15.73:0/2497542884' entity='mgr.smithi073.vhnkiv'
2024-04-16T13:03:45.382 INFO:journalctl@ceph.mon.smithi073.smithi073.stdout:Apr 16 13:03:45 smithi073 ceph-mon[29253]: from='mgr.14118 172.21.15.73:0/2497542884' entity='mgr.smithi073.vhnkiv' cmd=[{"prefix": "config dump", "format": "json"}]: dispatch
2024-04-16T13:03:45.382 INFO:journalctl@ceph.mon.smithi073.smithi073.stdout:Apr 16 13:03:45 smithi073 ceph-mon[29253]: from='mgr.14118 172.21.15.73:0/2497542884' entity='mgr.smithi073.vhnkiv' cmd=[{"prefix": "config dump", "format": "json"}]: dispatch
2024-04-16T13:03:45.383 INFO:journalctl@ceph.mon.smithi073.smithi073.stdout:Apr 16 13:03:45 smithi073 ceph-mon[29253]: from='mgr.14118 172.21.15.73:0/2497542884' entity='mgr.smithi073.vhnkiv' cmd=[{"prefix": "config dump", "format": "json"}]: dispatch
2024-04-16T13:03:45.383 INFO:journalctl@ceph.mon.smithi073.smithi073.stdout:Apr 16 13:03:45 smithi073 ceph-mon[29253]: from='mgr.14118 172.21.15.73:0/2497542884' entity='mgr.smithi073.vhnkiv' cmd=[{"prefix":"config rm","who":"mgr","name":"mgr/rbd_support/smithi073.vhnkiv/mirror_snapshot_schedule"}]: dispatch
2024-04-16T13:03:45.383 INFO:journalctl@ceph.mon.smithi073.smithi073.stdout:Apr 16 13:03:45 smithi073 ceph-mon[29253]: from='mgr.14118 172.21.15.73:0/2497542884' entity='mgr.smithi073.vhnkiv' cmd=[{"prefix":"config rm","who":"mgr","name":"mgr/rbd_support/smithi073.vhnkiv/trash_purge_schedule"}]: dispatch
2024-04-16T13:03:46.523 INFO:journalctl@ceph.mon.smithi073.smithi073.stdout:Apr 16 13:03:46 smithi073 ceph-mon[29253]: Found migration_current of "None". Setting to last migration.
2024-04-16T13:03:46.523 INFO:journalctl@ceph.mon.smithi073.smithi073.stdout:Apr 16 13:03:46 smithi073 ceph-mon[29253]: mgrmap e7: smithi073.vhnkiv(active, since 1.00513s)
2024-04-16T13:03:46.784 INFO:teuthology.orchestra.run.smithi073.stdout:/usr/bin/ceph: stdout {
2024-04-16T13:03:46.784 INFO:teuthology.orchestra.run.smithi073.stdout:/usr/bin/ceph: stdout "mgrmap_epoch": 7,
2024-04-16T13:03:46.784 INFO:teuthology.orchestra.run.smithi073.stdout:/usr/bin/ceph: stdout "initialized": true
2024-04-16T13:03:46.784 INFO:teuthology.orchestra.run.smithi073.stdout:/usr/bin/ceph: stdout }
2024-04-16T13:03:46.784 INFO:teuthology.orchestra.run.smithi073.stdout:/usr/bin/ceph: stderr
2024-04-16T13:03:41.074+0000 7fa0ddd24700 1 Processor -- start
2024-04-16T13:03:46.784 INFO:teuthology.orchestra.run.smithi073.stdout:/usr/bin/ceph: stderr
2024-04-16T13:03:41.074+0000 7fa0ddd24700 1 -- start start
2024-04-16T13:03:46.784 INFO:teuthology.orchestra.run.smithi073.stdout:/usr/bin/ceph: stderr
2024-04-16T13:03:41.074+0000 7fa0ddd24700 1 --2- >> [v2:172.21.15.73:3300/0,v1:172.21.15.73:6789/0] conn(0x7fa0d8102a40 0x7fa0d8102e50 unknown :-1 s=NONE pgs=0 cs=0 l=0 rev1=0 crypto rx=0 tx=0 comp rx=0 tx=0).connect
2024-04-16T13:03:46.784 INFO:teuthology.orchestra.run.smithi073.stdout:/usr/bin/ceph: stderr
2024-04-16T13:03:41.074+0000 7fa0ddd24700 1 -- --> [v2:172.21.15.73:3300/0,v1:172.21.15.73:6789/0] -- mon_getmap magic: 0 v1 -- 0x7fa0d8103390 con 0x7fa0d8102a40
2024-04-16T13:03:46.785 INFO:teuthology.orchestra.run.smithi073.stdout:/usr/bin/ceph: stderr
2024-04-16T13:03:41.074+0000 7fa0d77fe700 1 --2- >> [v2:172.21.15.73:3300/0,v1:172.21.15.73:6789/0] conn(0x7fa0d8102a40 0x7fa0d8102e50 unknown :-1 s=BANNER_CONNECTING pgs=0 cs=0 l=0 rev1=0 crypto rx=0 tx=0 comp rx=0 tx=0)._handle_peer_banner_payload supported=3 required=0
2024-04-16T13:03:46.785 INFO:teuthology.orchestra.run.smithi073.stdout:/usr/bin/ceph: stderr
2024-04-16T13:03:41.074+0000 7fa0d77fe700 1 --2- >> [v2:172.21.15.73:3300/0,v1:172.21.15.73:6789/0] conn(0x7fa0d8102a40 0x7fa0d8102e50 unknown :-1 s=HELLO_CONNECTING pgs=0 cs=0 l=0 rev1=1 crypto rx=0 tx=0 comp rx=0 tx=0).handle_hello peer v2:172.21.15.73:3300/0 says I am v2:172.21.15.73:55552/0 (socket says 172.21.15.73:55552)
2024-04-16T13:03:46.785 INFO:teuthology.orchestra.run.smithi073.stdout:/usr/bin/ceph: stderr
2024-04-16T13:03:41.074+0000 7fa0d77fe700 1 -- 172.21.15.73:0/3950647753 learned_addr learned my addr 172.21.15.73:0/3950647753 (peer_addr_for_me v2:172.21.15.73:0/0)
2024-04-16T13:03:46.785 INFO:teuthology.orchestra.run.smithi073.stdout:/usr/bin/ceph: stderr
2024-04-16T13:03:41.075+0000 7fa0d77fe700 1 -- 172.21.15.73:0/3950647753 --> [v2:172.21.15.73:3300/0,v1:172.21.15.73:6789/0] -- mon_subscribe({config=0+,monmap=0+}) v3 -- 0x7fa0d81034d0 con 0x7fa0d8102a40
2024-04-16T13:03:46.785 INFO:teuthology.orchestra.run.smithi073.stdout:/usr/bin/ceph: stderr
2024-04-16T13:03:41.075+0000 7fa0d77fe700 1 --2- 172.21.15.73:0/3950647753 >> [v2:172.21.15.73:3300/0,v1:172.21.15.73:6789/0] conn(0x7fa0d8102a40 0x7fa0d8102e50 secure :-1 s=READY pgs=26 cs=0 l=1 rev1=1 crypto rx=0x7fa0c80098e0 tx=0x7fa0c8009250 comp rx=0 tx=0).ready entity=mon.0 client_cookie=1714cdf351677c37 server_cookie=0 in_seq=0 out_seq=0
2024-04-16T13:03:46.785 INFO:teuthology.orchestra.run.smithi073.stdout:/usr/bin/ceph: stderr
2024-04-16T13:03:41.075+0000 7fa0d67fc700 1 -- 172.21.15.73:0/3950647753 <== mon.0 v2:172.21.15.73:3300/0 1 ==== mon_map magic: 0 v1 ==== 229+0+0 (secure 0 0 0) 0x7fa0c800b8f0 con 0x7fa0d8102a40
2024-04-16T13:03:46.785 INFO:teuthology.orchestra.run.smithi073.stdout:/usr/bin/ceph: stderr
2024-04-16T13:03:41.075+0000 7fa0d67fc700 1 -- 172.21.15.73:0/3950647753 <== mon.0 v2:172.21.15.73:3300/0 2 ==== config(27 keys) v1 ==== 1044+0+0 (secure 0 0 0) 0x7fa0c8011420 con 0x7fa0d8102a40
2024-04-16T13:03:46.785 INFO:teuthology.orchestra.run.smithi073.stdout:/usr/bin/ceph: stderr
2024-04-16T13:03:41.075+0000 7fa0d67fc700 1 -- 172.21.15.73:0/3950647753 <== mon.0 v2:172.21.15.73:3300/0 3 ==== mon_map magic: 0 v1 ==== 229+0+0 (secure 0 0 0) 0x7fa0c8010540 con 0x7fa0d8102a40
2024-04-16T13:03:46.785 INFO:teuthology.orchestra.run.smithi073.stdout:/usr/bin/ceph: stderr
2024-04-16T13:03:41.076+0000 7fa0ddd24700 1 -- 172.21.15.73:0/3950647753 >> [v2:172.21.15.73:3300/0,v1:172.21.15.73:6789/0] conn(0x7fa0d8102a40 msgr2=0x7fa0d8102e50 secure :-1 s=STATE_CONNECTION_ESTABLISHED l=1).mark_down
2024-04-16T13:03:46.785 INFO:teuthology.orchestra.run.smithi073.stdout:/usr/bin/ceph: stderr
2024-04-16T13:03:41.076+0000 7fa0ddd24700 1 --2- 172.21.15.73:0/3950647753 >> [v2:172.21.15.73:3300/0,v1:172.21.15.73:6789/0] conn(0x7fa0d8102a40 0x7fa0d8102e50 secure :-1 s=READY pgs=26 cs=0 l=1 rev1=1 crypto rx=0x7fa0c80098e0 tx=0x7fa0c8009250 comp rx=0 tx=0).stop
2024-04-16T13:03:46.785 INFO:teuthology.orchestra.run.smithi073.stdout:/usr/bin/ceph: stderr
2024-04-16T13:03:41.076+0000 7fa0ddd24700 1 -- 172.21.15.73:0/3950647753 shutdown_connections
2024-04-16T13:03:46.785 INFO:teuthology.orchestra.run.smithi073.stdout:/usr/bin/ceph: stderr
2024-04-16T13:03:41.076+0000 7fa0ddd24700 1 --2- 172.21.15.73:0/3950647753 >> [v2:172.21.15.73:3300/0,v1:172.21.15.73:6789/0] conn(0x7fa0d8102a40 0x7fa0d8102e50 unknown :-1 s=CLOSED pgs=26 cs=0 l=1 rev1=1 crypto rx=0 tx=0 comp rx=0 tx=0).stop
2024-04-16T13:03:46.785 INFO:teuthology.orchestra.run.smithi073.stdout:/usr/bin/ceph: stderr
2024-04-16T13:03:41.076+0000 7fa0ddd24700 1 -- 172.21.15.73:0/3950647753 >> 172.21.15.73:0/3950647753 conn(0x7fa0d80fe200 msgr2=0x7fa0d8100610 unknown :-1 s=STATE_NONE l=0).mark_down
2024-04-16T13:03:46.785 INFO:teuthology.orchestra.run.smithi073.stdout:/usr/bin/ceph: stderr
2024-04-16T13:03:41.076+0000 7fa0ddd24700 1 -- 172.21.15.73:0/3950647753 shutdown_connections
2024-04-16T13:03:46.786 INFO:teuthology.orchestra.run.smithi073.stdout:/usr/bin/ceph: stderr
2024-04-16T13:03:41.076+0000 7fa0ddd24700 1 -- 172.21.15.73:0/3950647753 wait complete.
2024-04-16T13:03:46.786 INFO:teuthology.orchestra.run.smithi073.stdout:/usr/bin/ceph: stderr
2024-04-16T13:03:41.076+0000 7fa0ddd24700 1 Processor -- start
2024-04-16T13:03:46.786 INFO:teuthology.orchestra.run.smithi073.stdout:/usr/bin/ceph: stderr
2024-04-16T13:03:41.077+0000 7fa0ddd24700 1 -- start start
2024-04-16T13:03:46.786 INFO:teuthology.orchestra.run.smithi073.stdout:/usr/bin/ceph: stderr
2024-04-16T13:03:41.077+0000 7fa0ddd24700 1 --2- >> [v2:172.21.15.73:3300/0,v1:172.21.15.73:6789/0] conn(0x7fa0d8102a40 0x7fa0d81117b0 unknown :-1 s=NONE pgs=0 cs=0 l=1 rev1=0 crypto rx=0 tx=0 comp rx=0 tx=0).connect
2024-04-16T13:03:46.786 INFO:teuthology.orchestra.run.smithi073.stdout:/usr/bin/ceph: stderr
2024-04-16T13:03:41.077+0000 7fa0ddd24700 1 -- --> [v2:172.21.15.73:3300/0,v1:172.21.15.73:6789/0] -- mon_getmap magic: 0 v1 -- 0x7fa0d8111cf0 con 0x7fa0d8102a40
2024-04-16T13:03:46.786 INFO:teuthology.orchestra.run.smithi073.stdout:/usr/bin/ceph: stderr
2024-04-16T13:03:41.077+0000 7fa0d77fe700 1 --2- >> [v2:172.21.15.73:3300/0,v1:172.21.15.73:6789/0] conn(0x7fa0d8102a40 0x7fa0d81117b0 unknown :-1 s=BANNER_CONNECTING pgs=0 cs=0 l=1 rev1=0 crypto rx=0 tx=0 comp rx=0 tx=0)._handle_peer_banner_payload supported=3 required=0
2024-04-16T13:03:46.786 INFO:teuthology.orchestra.run.smithi073.stdout:/usr/bin/ceph: stderr
2024-04-16T13:03:41.077+0000 7fa0d77fe700 1 --2- >> [v2:172.21.15.73:3300/0,v1:172.21.15.73:6789/0] conn(0x7fa0d8102a40 0x7fa0d81117b0 unknown :-1 s=HELLO_CONNECTING pgs=0 cs=0 l=1 rev1=1 crypto rx=0 tx=0 comp rx=0 tx=0).handle_hello peer v2:172.21.15.73:3300/0 says I am v2:172.21.15.73:55566/0 (socket says 172.21.15.73:55566)
2024-04-16T13:03:46.786 INFO:teuthology.orchestra.run.smithi073.stdout:/usr/bin/ceph: stderr
2024-04-16T13:03:41.077+0000 7fa0d77fe700 1 -- 172.21.15.73:0/3760280620 learned_addr learned my addr 172.21.15.73:0/3760280620 (peer_addr_for_me v2:172.21.15.73:0/0)
2024-04-16T13:03:46.786 INFO:teuthology.orchestra.run.smithi073.stdout:/usr/bin/ceph: stderr
2024-04-16T13:03:41.077+0000 7fa0d77fe700 1 -- 172.21.15.73:0/3760280620 --> [v2:172.21.15.73:3300/0,v1:172.21.15.73:6789/0] -- mon_subscribe({config=0+,monmap=0+}) v3 -- 0x7fa0c80094f0 con 0x7fa0d8102a40
2024-04-16T13:03:46.786 INFO:teuthology.orchestra.run.smithi073.stdout:/usr/bin/ceph: stderr
2024-04-16T13:03:41.077+0000 7fa0d77fe700 1 --2- 172.21.15.73:0/3760280620 >> [v2:172.21.15.73:3300/0,v1:172.21.15.73:6789/0] conn(0x7fa0d8102a40 0x7fa0d81117b0 secure :-1 s=READY pgs=27 cs=0 l=1 rev1=1 crypto rx=0x7fa0c8011ef0 tx=0x7fa0c8009250 comp rx=0 tx=0).ready entity=mon.0 client_cookie=0 server_cookie=0 in_seq=0 out_seq=0
2024-04-16T13:03:46.786 INFO:teuthology.orchestra.run.smithi073.stdout:/usr/bin/ceph: stderr
2024-04-16T13:03:41.077+0000 7fa0cffff700 1 -- 172.21.15.73:0/3760280620 <== mon.0 v2:172.21.15.73:3300/0 1 ==== mon_map magic: 0 v1 ==== 229+0+0 (secure 0 0 0) 0x7fa0c8010910 con 0x7fa0d8102a40
2024-04-16T13:03:46.786 INFO:teuthology.orchestra.run.smithi073.stdout:/usr/bin/ceph: stderr
2024-04-16T13:03:41.077+0000 7fa0cffff700 1 -- 172.21.15.73:0/3760280620 <== mon.0 v2:172.21.15.73:3300/0 2 ==== config(27 keys) v1 ==== 1044+0+0 (secure 0 0 0) 0x7fa0c8010f00 con 0x7fa0d8102a40
2024-04-16T13:03:46.786 INFO:teuthology.orchestra.run.smithi073.stdout:/usr/bin/ceph: stderr
2024-04-16T13:03:41.078+0000 7fa0ddd24700 1 -- 172.21.15.73:0/3760280620 --> [v2:172.21.15.73:3300/0,v1:172.21.15.73:6789/0] -- mon_subscribe({mgrmap=0+}) v3 -- 0x7fa0d8111ef0 con 0x7fa0d8102a40
2024-04-16T13:03:46.787 INFO:teuthology.orchestra.run.smithi073.stdout:/usr/bin/ceph: stderr
2024-04-16T13:03:41.078+0000 7fa0cffff700 1 -- 172.21.15.73:0/3760280620 <== mon.0 v2:172.21.15.73:3300/0 3 ==== mon_map magic: 0 v1 ==== 229+0+0 (secure 0 0 0) 0x7fa0c801ae50 con 0x7fa0d8102a40
2024-04-16T13:03:46.787 INFO:teuthology.orchestra.run.smithi073.stdout:/usr/bin/ceph: stderr
2024-04-16T13:03:41.078+0000 7fa0ddd24700 1 -- 172.21.15.73:0/3760280620 --> [v2:172.21.15.73:3300/0,v1:172.21.15.73:6789/0] -- mon_subscribe({osdmap=0}) v3 -- 0x7fa0d8112a60 con 0x7fa0d8102a40
2024-04-16T13:03:46.787 INFO:teuthology.orchestra.run.smithi073.stdout:/usr/bin/ceph: stderr
2024-04-16T13:03:41.078+0000 7fa0cffff700 1 -- 172.21.15.73:0/3760280620 <== mon.0 v2:172.21.15.73:3300/0 4 ==== mgrmap(e 5) v1 ==== 43376+0+0 (secure 0 0 0) 0x7fa0c802d3f0 con 0x7fa0d8102a40
2024-04-16T13:03:46.787 INFO:teuthology.orchestra.run.smithi073.stdout:/usr/bin/ceph: stderr
2024-04-16T13:03:41.079+0000 7fa0cffff700 1 --2- 172.21.15.73:0/3760280620 >> [v2:172.21.15.73:6800/1545760181,v1:172.21.15.73:6801/1545760181] conn(0x7fa0c4036740 0x7fa0c4038bf0 unknown :-1 s=NONE pgs=0 cs=0 l=1 rev1=0 crypto rx=0 tx=0 comp rx=0 tx=0).connect
2024-04-16T13:03:46.787 INFO:teuthology.orchestra.run.smithi073.stdout:/usr/bin/ceph: stderr
2024-04-16T13:03:41.079+0000 7fa0cffff700 1 -- 172.21.15.73:0/3760280620 --> [v2:172.21.15.73:6800/1545760181,v1:172.21.15.73:6801/1545760181] -- command(tid 0: {"prefix": "get_command_descriptions"}) v1 -- 0x7fa0c4039300 con 0x7fa0c4036740
2024-04-16T13:03:46.787 INFO:teuthology.orchestra.run.smithi073.stdout:/usr/bin/ceph: stderr
2024-04-16T13:03:41.079+0000 7fa0cffff700 1 -- 172.21.15.73:0/3760280620 <== mon.0 v2:172.21.15.73:3300/0 5 ==== osd_map(1..1 src has 1..1) v4 ==== 721+0+0 (secure 0 0 0) 0x7fa0c801a430 con 0x7fa0d8102a40
2024-04-16T13:03:46.787 INFO:teuthology.orchestra.run.smithi073.stdout:/usr/bin/ceph: stderr
2024-04-16T13:03:41.079+0000 7fa0d6ffd700 1 -- 172.21.15.73:0/3760280620 >> [v2:172.21.15.73:6800/1545760181,v1:172.21.15.73:6801/1545760181] conn(0x7fa0c4036740 msgr2=0x7fa0c4038bf0 unknown :-1 s=STATE_CONNECTING_RE l=1).process reconnect failed to v2:172.21.15.73:6800/1545760181
2024-04-16T13:03:46.787 INFO:teuthology.orchestra.run.smithi073.stdout:/usr/bin/ceph: stderr
2024-04-16T13:03:41.079+0000 7fa0d6ffd700 1 --2- 172.21.15.73:0/3760280620 >> [v2:172.21.15.73:6800/1545760181,v1:172.21.15.73:6801/1545760181] conn(0x7fa0c4036740 0x7fa0c4038bf0 unknown :-1 s=START_CONNECT pgs=0 cs=0 l=1 rev1=0 crypto rx=0 tx=0 comp rx=0 tx=0)._fault waiting 0.200000
2024-04-16T13:03:46.787 INFO:teuthology.orchestra.run.smithi073.stdout:/usr/bin/ceph: stderr
2024-04-16T13:03:41.280+0000 7fa0d6ffd700 1 -- 172.21.15.73:0/3760280620 >> [v2:172.21.15.73:6800/1545760181,v1:172.21.15.73:6801/1545760181] conn(0x7fa0c4036740 msgr2=0x7fa0c4038bf0 unknown :-1 s=STATE_CONNECTING_RE l=1).process reconnect failed to v2:172.21.15.73:6800/1545760181
2024-04-16T13:03:46.787 INFO:teuthology.orchestra.run.smithi073.stdout:/usr/bin/ceph: stderr
2024-04-16T13:03:41.280+0000 7fa0d6ffd700 1 --2- 172.21.15.73:0/3760280620 >> [v2:172.21.15.73:6800/1545760181,v1:172.21.15.73:6801/1545760181] conn(0x7fa0c4036740 0x7fa0c4038bf0 unknown :-1 s=START_CONNECT pgs=0 cs=0 l=1 rev1=0 crypto rx=0 tx=0 comp rx=0 tx=0)._fault waiting 0.400000
2024-04-16T13:03:46.787 INFO:teuthology.orchestra.run.smithi073.stdout:/usr/bin/ceph: stderr
2024-04-16T13:03:41.681+0000 7fa0d6ffd700 1 -- 172.21.15.73:0/3760280620 >> [v2:172.21.15.73:6800/1545760181,v1:172.21.15.73:6801/1545760181] conn(0x7fa0c4036740 msgr2=0x7fa0c4038bf0 unknown :-1 s=STATE_CONNECTING_RE l=1).process reconnect failed to v2:172.21.15.73:6800/1545760181
2024-04-16T13:03:46.787 INFO:teuthology.orchestra.run.smithi073.stdout:/usr/bin/ceph: stderr
2024-04-16T13:03:41.681+0000 7fa0d6ffd700 1 --2- 172.21.15.73:0/3760280620 >> [v2:172.21.15.73:6800/1545760181,v1:172.21.15.73:6801/1545760181] conn(0x7fa0c4036740 0x7fa0c4038bf0 unknown :-1 s=START_CONNECT pgs=0 cs=0 l=1 rev1=0 crypto rx=0 tx=0 comp rx=0 tx=0)._fault waiting 0.800000
2024-04-16T13:03:46.787 INFO:teuthology.orchestra.run.smithi073.stdout:/usr/bin/ceph: stderr
2024-04-16T13:03:42.482+0000 7fa0d6ffd700 1 -- 172.21.15.73:0/3760280620 >> [v2:172.21.15.73:6800/1545760181,v1:172.21.15.73:6801/1545760181] conn(0x7fa0c4036740 msgr2=0x7fa0c4038bf0 unknown :-1 s=STATE_CONNECTING_RE l=1).process reconnect failed to v2:172.21.15.73:6800/1545760181
2024-04-16T13:03:46.788 INFO:teuthology.orchestra.run.smithi073.stdout:/usr/bin/ceph: stderr
2024-04-16T13:03:42.482+0000 7fa0d6ffd700 1 --2- 172.21.15.73:0/3760280620 >> [v2:172.21.15.73:6800/1545760181,v1:172.21.15.73:6801/1545760181] conn(0x7fa0c4036740 0x7fa0c4038bf0 unknown :-1 s=START_CONNECT pgs=0 cs=0 l=1 rev1=0 crypto rx=0 tx=0 comp rx=0 tx=0)._fault waiting 1.600000
2024-04-16T13:03:46.788 INFO:teuthology.orchestra.run.smithi073.stdout:/usr/bin/ceph: stderr
2024-04-16T13:03:44.083+0000 7fa0d6ffd700 1 -- 172.21.15.73:0/3760280620 >> [v2:172.21.15.73:6800/1545760181,v1:172.21.15.73:6801/1545760181] conn(0x7fa0c4036740 msgr2=0x7fa0c4038bf0 unknown :-1 s=STATE_CONNECTING_RE l=1).process reconnect failed to v2:172.21.15.73:6800/1545760181
2024-04-16T13:03:46.788 INFO:teuthology.orchestra.run.smithi073.stdout:/usr/bin/ceph: stderr
2024-04-16T13:03:44.083+0000 7fa0d6ffd700 1 --2- 172.21.15.73:0/3760280620 >> [v2:172.21.15.73:6800/1545760181,v1:172.21.15.73:6801/1545760181] conn(0x7fa0c4036740 0x7fa0c4038bf0 unknown :-1 s=START_CONNECT pgs=0 cs=0 l=1 rev1=0 crypto rx=0 tx=0 comp rx=0 tx=0)._fault waiting 3.200000
2024-04-16T13:03:46.788 INFO:teuthology.orchestra.run.smithi073.stdout:/usr/bin/ceph: stderr
2024-04-16T13:03:45.195+0000 7fa0cffff700 1 -- 172.21.15.73:0/3760280620 <== mon.0 v2:172.21.15.73:3300/0 6 ==== mgrmap(e 6) v1 ==== 43143+0+0 (secure 0 0 0) 0x7fa0c802d6f0 con 0x7fa0d8102a40
2024-04-16T13:03:46.788 INFO:teuthology.orchestra.run.smithi073.stdout:/usr/bin/ceph: stderr
2024-04-16T13:03:45.195+0000 7fa0cffff700 1 -- 172.21.15.73:0/3760280620 >> [v2:172.21.15.73:6800/1545760181,v1:172.21.15.73:6801/1545760181] conn(0x7fa0c4036740 msgr2=0x7fa0c4038bf0 unknown :-1 s=STATE_CONNECTING l=1).mark_down
2024-04-16T13:03:46.788 INFO:teuthology.orchestra.run.smithi073.stdout:/usr/bin/ceph: stderr
2024-04-16T13:03:45.195+0000 7fa0cffff700 1 --2- 172.21.15.73:0/3760280620 >> [v2:172.21.15.73:6800/1545760181,v1:172.21.15.73:6801/1545760181] conn(0x7fa0c4036740 0x7fa0c4038bf0 unknown :-1 s=START_CONNECT pgs=0 cs=0 l=1 rev1=0 crypto rx=0 tx=0 comp rx=0 tx=0).stop
2024-04-16T13:03:46.788 INFO:teuthology.orchestra.run.smithi073.stdout:/usr/bin/ceph: stderr
2024-04-16T13:03:46.196+0000 7fa0cffff700 1 -- 172.21.15.73:0/3760280620 <== mon.0 v2:172.21.15.73:3300/0 7 ==== mgrmap(e 7) v1 ==== 43270+0+0 (secure 0 0 0) 0x7fa0c804a8d0 con 0x7fa0d8102a40
2024-04-16T13:03:46.788 INFO:teuthology.orchestra.run.smithi073.stdout:/usr/bin/ceph: stderr
2024-04-16T13:03:46.196+0000 7fa0cffff700 1 --2- 172.21.15.73:0/3760280620 >> [v2:172.21.15.73:6800/1476253195,v1:172.21.15.73:6801/1476253195] conn(0x7fa0c4039fc0 0x7fa0c403c3a0 unknown :-1 s=NONE pgs=0 cs=0 l=1 rev1=0 crypto rx=0 tx=0 comp rx=0 tx=0).connect
2024-04-16T13:03:46.788 INFO:teuthology.orchestra.run.smithi073.stdout:/usr/bin/ceph: stderr
2024-04-16T13:03:46.196+0000 7fa0cffff700 1 -- 172.21.15.73:0/3760280620 --> [v2:172.21.15.73:6800/1476253195,v1:172.21.15.73:6801/1476253195] -- command(tid 0: {"prefix": "get_command_descriptions"}) v1 -- 0x7fa0c4039300 con 0x7fa0c4039fc0
2024-04-16T13:03:46.788 INFO:teuthology.orchestra.run.smithi073.stdout:/usr/bin/ceph: stderr
2024-04-16T13:03:46.196+0000 7fa0d6ffd700 1 --2- 172.21.15.73:0/3760280620 >> [v2:172.21.15.73:6800/1476253195,v1:172.21.15.73:6801/1476253195] conn(0x7fa0c4039fc0 0x7fa0c403c3a0 unknown :-1 s=BANNER_CONNECTING pgs=0 cs=0 l=1 rev1=0 crypto rx=0 tx=0 comp rx=0 tx=0)._handle_peer_banner_payload supported=3 required=0
2024-04-16T13:03:46.788 INFO:teuthology.orchestra.run.smithi073.stdout:/usr/bin/ceph: stderr
2024-04-16T13:03:46.197+0000 7fa0d6ffd700 1 --2- 172.21.15.73:0/3760280620 >> [v2:172.21.15.73:6800/1476253195,v1:172.21.15.73:6801/1476253195] conn(0x7fa0c4039fc0 0x7fa0c403c3a0 secure :-1 s=READY pgs=1 cs=0 l=1 rev1=1 crypto rx=0x7fa0c00039d0 tx=0x7fa0c0009350 comp rx=0 tx=0).ready entity=mgr.14118 client_cookie=0 server_cookie=0 in_seq=0 out_seq=0
2024-04-16T13:03:46.788 INFO:teuthology.orchestra.run.smithi073.stdout:/usr/bin/ceph: stderr
2024-04-16T13:03:46.197+0000 7fa0cffff700 1 -- 172.21.15.73:0/3760280620 <== mgr.14118 v2:172.21.15.73:6800/1476253195 1 ==== command_reply(tid 0: 0 ) v1 ==== 8+0+6549 (secure 0 0 0) 0x7fa0c4039300 con 0x7fa0c4039fc0
2024-04-16T13:03:46.788 INFO:teuthology.orchestra.run.smithi073.stdout:/usr/bin/ceph: stderr
2024-04-16T13:03:46.203+0000 7fa0ddd24700 1 -- 172.21.15.73:0/3760280620 --> [v2:172.21.15.73:6800/1476253195,v1:172.21.15.73:6801/1476253195] -- command(tid 1: {"prefix": "mgr_status"}) v1 -- 0x7fa0d8112380 con 0x7fa0c4039fc0
2024-04-16T13:03:46.788 INFO:teuthology.orchestra.run.smithi073.stdout:/usr/bin/ceph: stderr
2024-04-16T13:03:46.203+0000 7fa0cffff700 1 -- 172.21.15.73:0/3760280620 <== mgr.14118 v2:172.21.15.73:6800/1476253195 2 ==== command_reply(tid 1: 0 ) v1 ==== 8+0+51 (secure 0 0 0) 0x7fa0d8112380 con 0x7fa0c4039fc0
2024-04-16T13:03:46.788 INFO:teuthology.orchestra.run.smithi073.stdout:/usr/bin/ceph: stderr
2024-04-16T13:03:46.204+0000 7fa0ddd24700 1 -- 172.21.15.73:0/3760280620 >> [v2:172.21.15.73:6800/1476253195,v1:172.21.15.73:6801/1476253195] conn(0x7fa0c4039fc0 msgr2=0x7fa0c403c3a0 secure :-1 s=STATE_CONNECTION_ESTABLISHED l=1).mark_down
2024-04-16T13:03:46.789 INFO:teuthology.orchestra.run.smithi073.stdout:/usr/bin/ceph: stderr
2024-04-16T13:03:46.204+0000 7fa0ddd24700 1 --2- 172.21.15.73:0/3760280620 >> [v2:172.21.15.73:6800/1476253195,v1:172.21.15.73:6801/1476253195] conn(0x7fa0c4039fc0 0x7fa0c403c3a0 secure :-1 s=READY pgs=1 cs=0 l=1 rev1=1 crypto rx=0x7fa0c00039d0 tx=0x7fa0c0009350 comp rx=0 tx=0).stop
2024-04-16T13:03:46.789 INFO:teuthology.orchestra.run.smithi073.stdout:/usr/bin/ceph: stderr
2024-04-16T13:03:46.204+0000 7fa0ddd24700 1 -- 172.21.15.73:0/3760280620 >> [v2:172.21.15.73:3300/0,v1:172.21.15.73:6789/0] conn(0x7fa0d8102a40 msgr2=0x7fa0d81117b0 secure :-1 s=STATE_CONNECTION_ESTABLISHED l=1).mark_down
2024-04-16T13:03:46.789 INFO:teuthology.orchestra.run.smithi073.stdout:/usr/bin/ceph: stderr
2024-04-16T13:03:46.204+0000 7fa0ddd24700 1 --2- 172.21.15.73:0/3760280620 >> [v2:172.21.15.73:3300/0,v1:172.21.15.73:6789/0] conn(0x7fa0d8102a40 0x7fa0d81117b0 secure :-1 s=READY pgs=27 cs=0 l=1 rev1=1 crypto rx=0x7fa0c8011ef0 tx=0x7fa0c8009250 comp rx=0 tx=0).stop
2024-04-16T13:03:46.789 INFO:teuthology.orchestra.run.smithi073.stdout:/usr/bin/ceph: stderr
2024-04-16T13:03:46.204+0000 7fa0ddd24700 1 -- 172.21.15.73:0/3760280620 shutdown_connections
2024-04-16T13:03:46.789 INFO:teuthology.orchestra.run.smithi073.stdout:/usr/bin/ceph: stderr
2024-04-16T13:03:46.204+0000 7fa0ddd24700 1 --2- 172.21.15.73:0/3760280620 >> [v2:172.21.15.73:6800/1476253195,v1:172.21.15.73:6801/1476253195] conn(0x7fa0c4039fc0 0x7fa0c403c3a0 unknown :-1 s=CLOSED pgs=1 cs=0 l=1 rev1=1 crypto rx=0 tx=0 comp rx=0 tx=0).stop
2024-04-16T13:03:46.789 INFO:teuthology.orchestra.run.smithi073.stdout:/usr/bin/ceph: stderr
2024-04-16T13:03:46.204+0000 7fa0ddd24700 1 --2- 172.21.15.73:0/3760280620 >> [v2:172.21.15.73:3300/0,v1:172.21.15.73:6789/0] conn(0x7fa0d8102a40 0x7fa0d81117b0 unknown :-1 s=CLOSED pgs=27 cs=0 l=1 rev1=1 crypto rx=0 tx=0 comp rx=0 tx=0).stop
2024-04-16T13:03:46.789 INFO:teuthology.orchestra.run.smithi073.stdout:/usr/bin/ceph: stderr
2024-04-16T13:03:46.204+0000 7fa0ddd24700 1 --2- 172.21.15.73:0/3760280620 >> [v2:172.21.15.73:6800/1545760181,v1:172.21.15.73:6801/1545760181] conn(0x7fa0c4036740 0x7fa0c4038bf0 unknown :-1 s=CLOSED pgs=0 cs=0 l=1 rev1=0 crypto rx=0 tx=0 comp rx=0 tx=0).stop
2024-04-16T13:03:46.789 INFO:teuthology.orchestra.run.smithi073.stdout:/usr/bin/ceph: stderr
2024-04-16T13:03:46.204+0000 7fa0ddd24700 1 -- 172.21.15.73:0/3760280620 >> 172.21.15.73:0/3760280620 conn(0x7fa0d80fe200 msgr2=0x7fa0d80fedf0 unknown :-1 s=STATE_NONE l=0).mark_down
2024-04-16T13:03:46.789 INFO:teuthology.orchestra.run.smithi073.stdout:/usr/bin/ceph: stderr
2024-04-16T13:03:46.204+0000 7fa0ddd24700 1 -- 172.21.15.73:0/3760280620 shutdown_connections
2024-04-16T13:03:46.789 INFO:teuthology.orchestra.run.smithi073.stdout:/usr/bin/ceph: stderr
2024-04-16T13:03:46.204+0000 7fa0ddd24700 1 -- 172.21.15.73:0/3760280620 wait complete.
2024-04-16T13:03:46.789 INFO:teuthology.orchestra.run.smithi073.stdout:mgr epoch 5 is available
2024-04-16T13:03:46.789 INFO:teuthology.orchestra.run.smithi073.stdout:Setting orchestrator backend to cephadm...
2024-04-16T13:03:47.721 INFO:journalctl@ceph.mon.smithi073.smithi073.stdout:Apr 16 13:03:47 smithi073 ceph-mon[29253]: from='client.14122 -' entity='client.admin' cmd=[{"prefix": "get_command_descriptions"}]: dispatch
2024-04-16T13:03:47.722 INFO:journalctl@ceph.mon.smithi073.smithi073.stdout:Apr 16 13:03:47 smithi073 ceph-mon[29253]: from='client.14122 -' entity='client.admin' cmd=[{"prefix": "mgr_status"}]: dispatch
2024-04-16T13:03:47.722 INFO:journalctl@ceph.mon.smithi073.smithi073.stdout:Apr 16 13:03:47 smithi073 ceph-mon[29253]: [16/Apr/2024:13:03:46] ENGINE Bus STARTING
2024-04-16T13:03:47.722 INFO:journalctl@ceph.mon.smithi073.smithi073.stdout:Apr 16 13:03:47 smithi073 ceph-mon[29253]: [16/Apr/2024:13:03:46] ENGINE Serving on https://172.21.15.73:7150
2024-04-16T13:03:47.722 INFO:journalctl@ceph.mon.smithi073.smithi073.stdout:Apr 16 13:03:47 smithi073 ceph-mon[29253]: [16/Apr/2024:13:03:46] ENGINE Bus STARTED
2024-04-16T13:03:47.722 INFO:journalctl@ceph.mon.smithi073.smithi073.stdout:Apr 16 13:03:47 smithi073 ceph-mon[29253]: from='mgr.14118 172.21.15.73:0/2497542884' entity='mgr.smithi073.vhnkiv'
2024-04-16T13:03:47.722 INFO:journalctl@ceph.mon.smithi073.smithi073.stdout:Apr 16 13:03:47 smithi073 ceph-mon[29253]: from='mgr.14118 172.21.15.73:0/2497542884' entity='mgr.smithi073.vhnkiv' cmd=[{"prefix": "config dump", "format": "json"}]: dispatch
2024-04-16T13:03:47.722 INFO:journalctl@ceph.mon.smithi073.smithi073.stdout:Apr 16 13:03:47 smithi073 ceph-mon[29253]: from='mgr.14118 172.21.15.73:0/2497542884' entity='mgr.smithi073.vhnkiv'
2024-04-16T13:03:47.722 INFO:journalctl@ceph.mon.smithi073.smithi073.stdout:Apr 16 13:03:47 smithi073 ceph-mon[29253]: from='mgr.14118 172.21.15.73:0/2497542884' entity='mgr.smithi073.vhnkiv' cmd=[{"prefix": "config dump", "format": "json"}]: dispatch
2024-04-16T13:03:48.013 INFO:teuthology.orchestra.run.smithi073.stdout:/usr/bin/ceph: stderr
2024-04-16T13:03:47.190+0000 7f9d2cb4b700 1 Processor -- start
2024-04-16T13:03:48.013 INFO:teuthology.orchestra.run.smithi073.stdout:/usr/bin/ceph: stderr
2024-04-16T13:03:47.190+0000 7f9d2cb4b700 1 -- start start
2024-04-16T13:03:48.013 INFO:teuthology.orchestra.run.smithi073.stdout:/usr/bin/ceph: stderr
2024-04-16T13:03:47.191+0000 7f9d2cb4b700 1 --2- >> [v2:172.21.15.73:3300/0,v1:172.21.15.73:6789/0] conn(0x7f9d28102910 0x7f9d28102d20 unknown :-1 s=NONE pgs=0 cs=0 l=0 rev1=0 crypto rx=0 tx=0 comp rx=0 tx=0).connect
2024-04-16T13:03:48.013 INFO:teuthology.orchestra.run.smithi073.stdout:/usr/bin/ceph: stderr
2024-04-16T13:03:47.191+0000 7f9d2cb4b700 1 -- --> [v2:172.21.15.73:3300/0,v1:172.21.15.73:6789/0] -- mon_getmap magic: 0 v1 -- 0x7f9d28103260 con 0x7f9d28102910
2024-04-16T13:03:48.013 INFO:teuthology.orchestra.run.smithi073.stdout:/usr/bin/ceph: stderr
2024-04-16T13:03:47.191+0000 7f9d2659c700 1 --2- >> [v2:172.21.15.73:3300/0,v1:172.21.15.73:6789/0] conn(0x7f9d28102910 0x7f9d28102d20 unknown :-1 s=BANNER_CONNECTING pgs=0 cs=0 l=0 rev1=0 crypto rx=0 tx=0 comp rx=0 tx=0)._handle_peer_banner_payload supported=3 required=0
2024-04-16T13:03:48.013 INFO:teuthology.orchestra.run.smithi073.stdout:/usr/bin/ceph: stderr
2024-04-16T13:03:47.191+0000 7f9d2659c700 1 --2- >> [v2:172.21.15.73:3300/0,v1:172.21.15.73:6789/0] conn(0x7f9d28102910 0x7f9d28102d20 unknown :-1 s=HELLO_CONNECTING pgs=0 cs=0 l=0 rev1=1 crypto rx=0 tx=0 comp rx=0 tx=0).handle_hello peer v2:172.21.15.73:3300/0 says I am v2:172.21.15.73:55630/0 (socket says 172.21.15.73:55630)
2024-04-16T13:03:48.013 INFO:teuthology.orchestra.run.smithi073.stdout:/usr/bin/ceph: stderr
2024-04-16T13:03:47.191+0000 7f9d2659c700 1 -- 172.21.15.73:0/1207852502 learned_addr learned my addr 172.21.15.73:0/1207852502 (peer_addr_for_me v2:172.21.15.73:0/0)
2024-04-16T13:03:48.013 INFO:teuthology.orchestra.run.smithi073.stdout:/usr/bin/ceph: stderr
2024-04-16T13:03:47.191+0000 7f9d2659c700 1 -- 172.21.15.73:0/1207852502 --> [v2:172.21.15.73:3300/0,v1:172.21.15.73:6789/0] -- mon_subscribe({config=0+,monmap=0+}) v3 -- 0x7f9d281033a0 con 0x7f9d28102910
2024-04-16T13:03:48.013 INFO:teuthology.orchestra.run.smithi073.stdout:/usr/bin/ceph: stderr
2024-04-16T13:03:47.191+0000 7f9d2659c700 1 --2- 172.21.15.73:0/1207852502 >> [v2:172.21.15.73:3300/0,v1:172.21.15.73:6789/0] conn(0x7f9d28102910 0x7f9d28102d20 secure :-1 s=READY pgs=35 cs=0 l=1 rev1=1 crypto rx=0x7f9d180098e0 tx=0x7f9d18009250 comp rx=0 tx=0).ready entity=mon.0 client_cookie=63ff188d714f3038 server_cookie=0 in_seq=0 out_seq=0
2024-04-16T13:03:48.014 INFO:teuthology.orchestra.run.smithi073.stdout:/usr/bin/ceph: stderr
2024-04-16T13:03:47.191+0000 7f9d25d9b700 1 -- 172.21.15.73:0/1207852502 <== mon.0 v2:172.21.15.73:3300/0 1 ==== mon_map magic: 0 v1 ==== 229+0+0 (secure 0 0 0) 0x7f9d1800b860 con 0x7f9d28102910
2024-04-16T13:03:48.014 INFO:teuthology.orchestra.run.smithi073.stdout:/usr/bin/ceph: stderr
2024-04-16T13:03:47.191+0000 7f9d25d9b700 1 -- 172.21.15.73:0/1207852502 <== mon.0 v2:172.21.15.73:3300/0 2 ==== config(27 keys) v1 ==== 1044+0+0 (secure 0 0 0) 0x7f9d1800be50 con 0x7f9d28102910
2024-04-16T13:03:48.014 INFO:teuthology.orchestra.run.smithi073.stdout:/usr/bin/ceph: stderr
2024-04-16T13:03:47.191+0000 7f9d25d9b700 1 -- 172.21.15.73:0/1207852502 <== mon.0 v2:172.21.15.73:3300/0 3 ==== mon_map magic: 0 v1 ==== 229+0+0 (secure 0 0 0) 0x7f9d18010380 con 0x7f9d28102910
2024-04-16T13:03:48.014 INFO:teuthology.orchestra.run.smithi073.stdout:/usr/bin/ceph: stderr
2024-04-16T13:03:47.192+0000 7f9d2cb4b700 1 -- 172.21.15.73:0/1207852502 >> [v2:172.21.15.73:3300/0,v1:172.21.15.73:6789/0] conn(0x7f9d28102910 msgr2=0x7f9d28102d20 secure :-1 s=STATE_CONNECTION_ESTABLISHED l=1).mark_down
2024-04-16T13:03:48.014 INFO:teuthology.orchestra.run.smithi073.stdout:/usr/bin/ceph: stderr
2024-04-16T13:03:47.192+0000 7f9d2cb4b700 1 --2- 172.21.15.73:0/1207852502 >> [v2:172.21.15.73:3300/0,v1:172.21.15.73:6789/0] conn(0x7f9d28102910 0x7f9d28102d20 secure :-1 s=READY pgs=35 cs=0 l=1 rev1=1 crypto rx=0x7f9d180098e0 tx=0x7f9d18009250 comp rx=0 tx=0).stop
2024-04-16T13:03:48.014 INFO:teuthology.orchestra.run.smithi073.stdout:/usr/bin/ceph: stderr
2024-04-16T13:03:47.192+0000 7f9d2cb4b700 1 -- 172.21.15.73:0/1207852502 shutdown_connections
2024-04-16T13:03:48.014 INFO:teuthology.orchestra.run.smithi073.stdout:/usr/bin/ceph: stderr
2024-04-16T13:03:47.192+0000 7f9d2cb4b700 1 --2- 172.21.15.73:0/1207852502 >> [v2:172.21.15.73:3300/0,v1:172.21.15.73:6789/0] conn(0x7f9d28102910 0x7f9d28102d20 unknown :-1 s=CLOSED pgs=35 cs=0 l=1 rev1=1 crypto rx=0 tx=0 comp rx=0 tx=0).stop
2024-04-16T13:03:48.014 INFO:teuthology.orchestra.run.smithi073.stdout:/usr/bin/ceph: stderr
2024-04-16T13:03:47.192+0000 7f9d2cb4b700 1 -- 172.21.15.73:0/1207852502 >> 172.21.15.73:0/1207852502 conn(0x7f9d280fe0b0 msgr2=0x7f9d281004c0 unknown :-1 s=STATE_NONE l=0).mark_down
2024-04-16T13:03:48.014 INFO:teuthology.orchestra.run.smithi073.stdout:/usr/bin/ceph: stderr
2024-04-16T13:03:47.192+0000 7f9d2cb4b700 1 -- 172.21.15.73:0/1207852502 shutdown_connections
2024-04-16T13:03:48.014 INFO:teuthology.orchestra.run.smithi073.stdout:/usr/bin/ceph: stderr
2024-04-16T13:03:47.192+0000 7f9d2cb4b700 1 -- 172.21.15.73:0/1207852502 wait complete.
2024-04-16T13:03:48.014 INFO:teuthology.orchestra.run.smithi073.stdout:/usr/bin/ceph: stderr
2024-04-16T13:03:47.192+0000 7f9d2cb4b700 1 Processor -- start
2024-04-16T13:03:48.014 INFO:teuthology.orchestra.run.smithi073.stdout:/usr/bin/ceph: stderr
2024-04-16T13:03:47.193+0000 7f9d2cb4b700 1 -- start start
2024-04-16T13:03:48.014 INFO:teuthology.orchestra.run.smithi073.stdout:/usr/bin/ceph: stderr
2024-04-16T13:03:47.193+0000 7f9d2cb4b700 1 --2- >> [v2:172.21.15.73:3300/0,v1:172.21.15.73:6789/0] conn(0x7f9d28102910 0x7f9d28111730 unknown :-1 s=NONE pgs=0 cs=0 l=1 rev1=0 crypto rx=0 tx=0 comp rx=0 tx=0).connect
2024-04-16T13:03:48.015 INFO:teuthology.orchestra.run.smithi073.stdout:/usr/bin/ceph: stderr
2024-04-16T13:03:47.193+0000 7f9d2cb4b700 1 -- --> [v2:172.21.15.73:3300/0,v1:172.21.15.73:6789/0] -- mon_getmap magic: 0 v1 -- 0x7f9d28111c70 con 0x7f9d28102910
2024-04-16T13:03:48.015 INFO:teuthology.orchestra.run.smithi073.stdout:/usr/bin/ceph: stderr
2024-04-16T13:03:47.193+0000 7f9d2659c700 1 --2- >> [v2:172.21.15.73:3300/0,v1:172.21.15.73:6789/0] conn(0x7f9d28102910 0x7f9d28111730 unknown :-1 s=BANNER_CONNECTING pgs=0 cs=0 l=1 rev1=0 crypto rx=0 tx=0 comp rx=0 tx=0)._handle_peer_banner_payload supported=3 required=0
2024-04-16T13:03:48.015 INFO:teuthology.orchestra.run.smithi073.stdout:/usr/bin/ceph: stderr
2024-04-16T13:03:47.193+0000 7f9d2659c700 1 --2- >> [v2:172.21.15.73:3300/0,v1:172.21.15.73:6789/0] conn(0x7f9d28102910 0x7f9d28111730 unknown :-1 s=HELLO_CONNECTING pgs=0 cs=0 l=1 rev1=1 crypto rx=0 tx=0 comp rx=0 tx=0).handle_hello peer v2:172.21.15.73:3300/0 says I am v2:172.21.15.73:55638/0 (socket says 172.21.15.73:55638)
2024-04-16T13:03:48.015 INFO:teuthology.orchestra.run.smithi073.stdout:/usr/bin/ceph: stderr
2024-04-16T13:03:47.193+0000 7f9d2659c700 1 -- 172.21.15.73:0/3588383012 learned_addr learned my addr 172.21.15.73:0/3588383012 (peer_addr_for_me v2:172.21.15.73:0/0)
2024-04-16T13:03:48.015 INFO:teuthology.orchestra.run.smithi073.stdout:/usr/bin/ceph: stderr
2024-04-16T13:03:47.193+0000 7f9d2659c700 1 -- 172.21.15.73:0/3588383012 --> [v2:172.21.15.73:3300/0,v1:172.21.15.73:6789/0] -- mon_subscribe({config=0+,monmap=0+}) v3 -- 0x7f9d180094f0 con 0x7f9d28102910
2024-04-16T13:03:48.015 INFO:teuthology.orchestra.run.smithi073.stdout:/usr/bin/ceph: stderr
2024-04-16T13:03:47.193+0000 7f9d2659c700 1 --2- 172.21.15.73:0/3588383012 >> [v2:172.21.15.73:3300/0,v1:172.21.15.73:6789/0] conn(0x7f9d28102910 0x7f9d28111730 secure :-1 s=READY pgs=36 cs=0 l=1 rev1=1 crypto rx=0x7f9d18000c00 tx=0x7f9d18009250 comp rx=0 tx=0).ready entity=mon.0 client_cookie=0 server_cookie=0 in_seq=0 out_seq=0
2024-04-16T13:03:48.015 INFO:teuthology.orchestra.run.smithi073.stdout:/usr/bin/ceph: stderr
2024-04-16T13:03:47.193+0000 7f9d1effd700 1 -- 172.21.15.73:0/3588383012 <== mon.0 v2:172.21.15.73:3300/0 1 ==== mon_map magic: 0 v1 ==== 229+0+0 (secure 0 0 0) 0x7f9d180107c0 con 0x7f9d28102910
2024-04-16T13:03:48.015 INFO:teuthology.orchestra.run.smithi073.stdout:/usr/bin/ceph: stderr
2024-04-16T13:03:47.193+0000 7f9d1effd700 1 -- 172.21.15.73:0/3588383012 <== mon.0 v2:172.21.15.73:3300/0 2 ==== config(27 keys) v1 ==== 1044+0+0 (secure 0 0 0) 0x7f9d18010db0 con 0x7f9d28102910
2024-04-16T13:03:48.015 INFO:teuthology.orchestra.run.smithi073.stdout:/usr/bin/ceph: stderr
2024-04-16T13:03:47.193+0000 7f9d1effd700 1 -- 172.21.15.73:0/3588383012 <== mon.0 v2:172.21.15.73:3300/0 3 ==== mon_map magic: 0 v1 ==== 229+0+0 (secure 0 0 0) 0x7f9d1801ad00 con 0x7f9d28102910
2024-04-16T13:03:48.015 INFO:teuthology.orchestra.run.smithi073.stdout:/usr/bin/ceph: stderr
2024-04-16T13:03:47.193+0000 7f9d2cb4b700 1 -- 172.21.15.73:0/3588383012 --> [v2:172.21.15.73:3300/0,v1:172.21.15.73:6789/0] -- mon_subscribe({mgrmap=0+}) v3 -- 0x7f9d28111e70 con 0x7f9d28102910
2024-04-16T13:03:48.015 INFO:teuthology.orchestra.run.smithi073.stdout:/usr/bin/ceph: stderr
2024-04-16T13:03:47.193+0000 7f9d2cb4b700 1 -- 172.21.15.73:0/3588383012 --> [v2:172.21.15.73:3300/0,v1:172.21.15.73:6789/0] -- mon_subscribe({osdmap=0}) v3 -- 0x7f9d281129e0 con 0x7f9d28102910
2024-04-16T13:03:48.015 INFO:teuthology.orchestra.run.smithi073.stdout:/usr/bin/ceph: stderr
2024-04-16T13:03:47.194+0000 7f9d1effd700 1 -- 172.21.15.73:0/3588383012 <== mon.0 v2:172.21.15.73:3300/0 4 ==== mgrmap(e 7) v1 ==== 43270+0+0 (secure 0 0 0) 0x7f9d180193c0 con 0x7f9d28102910
2024-04-16T13:03:48.015 INFO:teuthology.orchestra.run.smithi073.stdout:/usr/bin/ceph: stderr
2024-04-16T13:03:47.194+0000 7f9d2cb4b700 1 -- 172.21.15.73:0/3588383012 --> [v2:172.21.15.73:3300/0,v1:172.21.15.73:6789/0] -- mon_command({"prefix": "get_command_descriptions"} v 0) v1 -- 0x7f9d2805f5f0 con 0x7f9d28102910
2024-04-16T13:03:48.015 INFO:teuthology.orchestra.run.smithi073.stdout:/usr/bin/ceph: stderr
2024-04-16T13:03:47.194+0000 7f9d1effd700 1 --2- 172.21.15.73:0/3588383012 >> [v2:172.21.15.73:6800/1476253195,v1:172.21.15.73:6801/1476253195] conn(0x7f9d140366b0 0x7f9d14038b60 unknown :-1 s=NONE pgs=0 cs=0 l=1 rev1=0 crypto rx=0 tx=0 comp rx=0 tx=0).connect
2024-04-16T13:03:48.015 INFO:teuthology.orchestra.run.smithi073.stdout:/usr/bin/ceph: stderr
2024-04-16T13:03:47.194+0000 7f9d1effd700 1 -- 172.21.15.73:0/3588383012 <== mon.0 v2:172.21.15.73:3300/0 5 ==== osd_map(2..2 src has 1..2) v4 ==== 936+0+0 (secure 0 0 0) 0x7f9d1804a5e0 con 0x7f9d28102910
2024-04-16T13:03:48.016 INFO:teuthology.orchestra.run.smithi073.stdout:/usr/bin/ceph: stderr
2024-04-16T13:03:47.195+0000 7f9d1ffff700 1 --2- 172.21.15.73:0/3588383012 >> [v2:172.21.15.73:6800/1476253195,v1:172.21.15.73:6801/1476253195] conn(0x7f9d140366b0 0x7f9d14038b60 unknown :-1 s=BANNER_CONNECTING pgs=0 cs=0 l=1 rev1=0 crypto rx=0 tx=0 comp rx=0 tx=0)._handle_peer_banner_payload supported=3 required=0
2024-04-16T13:03:48.016 INFO:teuthology.orchestra.run.smithi073.stdout:/usr/bin/ceph: stderr
2024-04-16T13:03:47.195+0000 7f9d1ffff700 1 --2- 172.21.15.73:0/3588383012 >> [v2:172.21.15.73:6800/1476253195,v1:172.21.15.73:6801/1476253195] conn(0x7f9d140366b0 0x7f9d14038b60 secure :-1 s=READY pgs=7 cs=0 l=1 rev1=1 crypto rx=0x7f9d10009990 tx=0x7f9d10006e40 comp rx=0 tx=0).ready entity=mgr.14118 client_cookie=0 server_cookie=0 in_seq=0 out_seq=0
2024-04-16T13:03:48.016 INFO:teuthology.orchestra.run.smithi073.stdout:/usr/bin/ceph: stderr
2024-04-16T13:03:47.199+0000 7f9d1effd700 1 -- 172.21.15.73:0/3588383012 <== mon.0 v2:172.21.15.73:3300/0 6 ==== mon_command_ack([{"prefix": "get_command_descriptions"}]=0 v0) v1 ==== 72+0+176702 (secure 0 0 0) 0x7f9d18018b00 con 0x7f9d28102910
2024-04-16T13:03:48.016 INFO:teuthology.orchestra.run.smithi073.stdout:/usr/bin/ceph: stderr
